2024-04-16T01:22:27.797+0000 7f492623d700 1 -- 172.21.15.169:0/430453000 >> [v2:172.21.15.169:3300/0,v1:172.21.15.169:6789/0] conn(0x7f4920071c60 msgr2=0x7f49200fda20 secure :-1 s=STATE_CONNECTION_ESTABLISHED l=1).mark_down
2024-04-16T01:22:27.800 INFO:teuthology.orchestra.run.smithi169.stderr:/usr/bin/ceph:
2024-04-16T01:22:27.797+0000 7f492623d700 1 --2- 172.21.15.169:0/430453000 >> [v2:172.21.15.169:3300/0,v1:172.21.15.169:6789/0] conn(0x7f4920071c60 0x7f49200fda20 secure :-1 s=READY pgs=63 cs=0 l=1 rev1=1 rx=0x7f4910009730 tx=0x7f49100090f0).stop
2024-04-16T01:22:27.800 INFO:teuthology.orchestra.run.smithi169.stderr:/usr/bin/ceph:
2024-04-16T01:22:27.797+0000 7f492623d700 1 -- 172.21.15.169:0/430453000 shutdown_connections
2024-04-16T01:22:27.800 INFO:teuthology.orchestra.run.smithi169.stderr:/usr/bin/ceph:
2024-04-16T01:22:27.797+0000 7f492623d700 1 --2- 172.21.15.169:0/430453000 >> [v2:172.21.15.169:3300/0,v1:172.21.15.169:6789/0] conn(0x7f4920071c60 0x7f49200fda20 unknown :-1 s=CLOSED pgs=63 cs=0 l=1 rev1=1 rx=0 tx=0).stop
2024-04-16T01:22:27.800 INFO:teuthology.orchestra.run.smithi169.stderr:/usr/bin/ceph:
2024-04-16T01:22:27.797+0000 7f492623d700 1 -- 172.21.15.169:0/430453000 >> 172.21.15.169:0/430453000 conn(0x7f49200f76f0 msgr2=0x7f49200f9b10 unknown :-1 s=STATE_NONE l=0).mark_down
2024-04-16T01:22:27.800 INFO:teuthology.orchestra.run.smithi169.stderr:/usr/bin/ceph:
2024-04-16T01:22:27.797+0000 7f492623d700 1 -- 172.21.15.169:0/430453000 shutdown_connections
2024-04-16T01:22:27.800 INFO:teuthology.orchestra.run.smithi169.stderr:/usr/bin/ceph:
2024-04-16T01:22:27.797+0000 7f492623d700 1 -- 172.21.15.169:0/430453000 wait complete.
2024-04-16T01:22:27.802 INFO:teuthology.orchestra.run.smithi169.stderr:/usr/bin/ceph:
2024-04-16T01:22:27.798+0000 7f492623d700 1 Processor -- start
2024-04-16T01:22:27.802 INFO:teuthology.orchestra.run.smithi169.stderr:/usr/bin/ceph:
2024-04-16T01:22:27.798+0000 7f492623d700 1 -- start start
2024-04-16T01:22:27.802 INFO:teuthology.orchestra.run.smithi169.stderr:/usr/bin/ceph:
2024-04-16T01:22:27.799+0000 7f492623d700 1 --2- >> [v2:172.21.15.169:3300/0,v1:172.21.15.169:6789/0] conn(0x7f4920071c60 0x7f4920112400 unknown :-1 s=NONE pgs=0 cs=0 l=1 rev1=0 rx=0 tx=0).connect
2024-04-16T01:22:27.802 INFO:teuthology.orchestra.run.smithi169.stderr:/usr/bin/ceph:
2024-04-16T01:22:27.799+0000 7f492623d700 1 -- --> [v2:172.21.15.169:3300/0,v1:172.21.15.169:6789/0] -- mon_getmap magic: 0 v1 -- 0x7f49201128f0 con 0x7f4920071c60
2024-04-16T01:22:27.802 INFO:teuthology.orchestra.run.smithi169.stderr:/usr/bin/ceph:
2024-04-16T01:22:27.799+0000 7f491f7fe700 1 --2- >> [v2:172.21.15.169:3300/0,v1:172.21.15.169:6789/0] conn(0x7f4920071c60 0x7f4920112400 unknown :-1 s=BANNER_CONNECTING pgs=0 cs=0 l=1 rev1=0 rx=0 tx=0)._handle_peer_banner_payload supported=1 required=0
2024-04-16T01:22:27.802 INFO:teuthology.orchestra.run.smithi169.stderr:/usr/bin/ceph:
2024-04-16T01:22:27.799+0000 7f491f7fe700 1 --2- >> [v2:172.21.15.169:3300/0,v1:172.21.15.169:6789/0] conn(0x7f4920071c60 0x7f4920112400 unknown :-1 s=HELLO_CONNECTING pgs=0 cs=0 l=1 rev1=1 rx=0 tx=0).handle_hello peer v2:172.21.15.169:3300/0 says I am v2:172.21.15.169:40042/0 (socket says 172.21.15.169:40042)
2024-04-16T01:22:27.802 INFO:teuthology.orchestra.run.smithi169.stderr:/usr/bin/ceph:
2024-04-16T01:22:27.799+0000 7f491f7fe700 1 -- 172.21.15.169:0/2622478489 learned_addr learned my addr 172.21.15.169:0/2622478489 (peer_addr_for_me v2:172.21.15.169:0/0)
2024-04-16T01:22:27.802 INFO:teuthology.orchestra.run.smithi169.stderr:/usr/bin/ceph:
2024-04-16T01:22:27.800+0000 7f491f7fe700 1 -- 172.21.15.169:0/2622478489 --> [v2:172.21.15.169:3300/0,v1:172.21.15.169:6789/0] -- mon_subscribe({config=0+,monmap=0+}) v3 -- 0x7f4910009370 con 0x7f4920071c60
2024-04-16T01:22:27.802 INFO:teuthology.orchestra.run.smithi169.stderr:/usr/bin/ceph:
2024-04-16T01:22:27.800+0000 7f491f7fe700 1 --2- 172.21.15.169:0/2622478489 >> [v2:172.21.15.169:3300/0,v1:172.21.15.169:6789/0] conn(0x7f4920071c60 0x7f4920112400 secure :-1 s=READY pgs=64 cs=0 l=1 rev1=1 rx=0x7f49100118b0 tx=0x7f49100090f0).ready entity=mon.0 client_cookie=0 server_cookie=0 in_seq=0 out_seq=0
2024-04-16T01:22:27.802 INFO:teuthology.orchestra.run.smithi169.stderr:/usr/bin/ceph:
2024-04-16T01:22:27.801+0000 7f491cff9700 1 -- 172.21.15.169:0/2622478489 <== mon.0 v2:172.21.15.169:3300/0 1 ==== mon_map magic: 0 v1 ==== 229+0+0 (secure 0 0 0) 0x7f491000bad0 con 0x7f4920071c60
2024-04-16T01:22:27.802 INFO:teuthology.orchestra.run.smithi169.stderr:/usr/bin/ceph:
2024-04-16T01:22:27.801+0000 7f491cff9700 1 -- 172.21.15.169:0/2622478489 <== mon.0 v2:172.21.15.169:3300/0 2 ==== config(25 keys) v1 ==== 1046+0+0 (secure 0 0 0) 0x7f4910011ad0 con 0x7f4920071c60
2024-04-16T01:22:27.802 INFO:teuthology.orchestra.run.smithi169.stderr:/usr/bin/ceph:
2024-04-16T01:22:27.801+0000 7f491cff9700 1 -- 172.21.15.169:0/2622478489 <== mon.0 v2:172.21.15.169:3300/0 3 ==== mon_map magic: 0 v1 ==== 229+0+0 (secure 0 0 0) 0x7f491002ba60 con 0x7f4920071c60
2024-04-16T01:22:27.803 INFO:teuthology.orchestra.run.smithi169.stderr:/usr/bin/ceph:
2024-04-16T01:22:27.801+0000 7f492623d700 1 -- 172.21.15.169:0/2622478489 --> [v2:172.21.15.169:3300/0,v1:172.21.15.169:6789/0] -- mon_subscribe({mgrmap=0+}) v3 -- 0x7f4920112af0 con 0x7f4920071c60
2024-04-16T01:22:27.803 INFO:teuthology.orchestra.run.smithi169.stderr:/usr/bin/ceph:
2024-04-16T01:22:27.801+0000 7f492623d700 1 -- 172.21.15.169:0/2622478489 --> [v2:172.21.15.169:3300/0,v1:172.21.15.169:6789/0] -- mon_subscribe({osdmap=0}) v3 -- 0x7f4920112f00 con 0x7f4920071c60
2024-04-16T01:22:27.803 INFO:teuthology.orchestra.run.smithi169.stderr:/usr/bin/ceph:
2024-04-16T01:22:27.802+0000 7f492623d700 1 -- 172.21.15.169:0/2622478489 --> [v2:172.21.15.169:3300/0,v1:172.21.15.169:6789/0] -- mon_command({"prefix": "get_command_descriptions"} v 0) v1 -- 0x7f4920046ce0 con 0x7f4920071c60
2024-04-16T01:22:27.805 INFO:teuthology.orchestra.run.smithi169.stderr:/usr/bin/ceph:
2024-04-16T01:22:27.804+0000 7f491cff9700 1 -- 172.21.15.169:0/2622478489 <== mon.0 v2:172.21.15.169:3300/0 4 ==== mgrmap(e 9) v1 ==== 38645+0+0 (secure 0 0 0) 0x7f491002bbc0 con 0x7f4920071c60
2024-04-16T01:22:27.805 INFO:teuthology.orchestra.run.smithi169.stderr:/usr/bin/ceph:
2024-04-16T01:22:27.804+0000 7f491cff9700 1 --2- 172.21.15.169:0/2622478489 >> [v2:172.21.15.169:6800/1397209297,v1:172.21.15.169:6801/1397209297] conn(0x7f49080326f0 0x7f4908034bb0 unknown :-1 s=NONE pgs=0 cs=0 l=1 rev1=0 rx=0 tx=0).connect
2024-04-16T01:22:27.805 INFO:teuthology.orchestra.run.smithi169.stderr:/usr/bin/ceph:
2024-04-16T01:22:27.804+0000 7f491cff9700 1 -- 172.21.15.169:0/2622478489 <== mon.0 v2:172.21.15.169:3300/0 5 ==== osd_map(2..2 src has 1..2) v4 ==== 893+0+0 (secure 0 0 0) 0x7f49100559d0 con 0x7f4920071c60
2024-04-16T01:22:27.806 INFO:teuthology.orchestra.run.smithi169.stderr:/usr/bin/ceph:
2024-04-16T01:22:27.804+0000 7f491effd700 1 -- 172.21.15.169:0/2622478489 >> [v2:172.21.15.169:6800/1397209297,v1:172.21.15.169:6801/1397209297] conn(0x7f49080326f0 msgr2=0x7f4908034bb0 unknown :-1 s=STATE_CONNECTING_RE l=1).process reconnect failed to v2:172.21.15.169:6800/1397209297
2024-04-16T01:22:27.806 INFO:teuthology.orchestra.run.smithi169.stderr:/usr/bin/ceph:
2024-04-16T01:22:27.804+0000 7f491effd700 1 --2- 172.21.15.169:0/2622478489 >> [v2:172.21.15.169:6800/1397209297,v1:172.21.15.169:6801/1397209297] conn(0x7f49080326f0 0x7f4908034bb0 unknown :-1 s=START_CONNECT pgs=0 cs=0 l=1 rev1=0 rx=0 tx=0)._fault waiting 0.200000
2024-04-16T01:22:27.813 INFO:teuthology.orchestra.run.smithi169.stderr:/usr/bin/ceph:
2024-04-16T01:22:27.812+0000 7f491cff9700 1 -- 172.21.15.169:0/2622478489 <== mon.0 v2:172.21.15.169:3300/0 6 ==== mon_command_ack([{"prefix": "get_command_descriptions"}]=0 v0) v1 ==== 72+0+163658 (secure 0 0 0) 0x7f4910029510 con 0x7f4920071c60
2024-04-16T01:22:27.835 INFO:journalctl@ceph.mon.smithi169.smithi169.stdout:Apr 16 01:22:27 smithi169 ceph-89ce07de-fb8f-11ee-bc8f-c7b262605968-mon-smithi169[39684]: audit
2024-04-16T01:22:26.467851+0000 mon.smithi169 (mon.0) 68 : audit [INF] from='client.? 172.21.15.169:0/1968051907' entity='client.admin' cmd='[{"prefix": "mgr module enable", "module": "dashboard"}]': finished
2024-04-16T01:22:27.836 INFO:journalctl@ceph.mon.smithi169.smithi169.stdout:Apr 16 01:22:27 smithi169 ceph-89ce07de-fb8f-11ee-bc8f-c7b262605968-mon-smithi169[39684]: cluster
2024-04-16T01:22:26.467913+0000 mon.smithi169 (mon.0) 69 : cluster [DBG] mgrmap e9: smithi169.inokak(active, since 26s)
2024-04-16T01:22:28.006 INFO:teuthology.orchestra.run.smithi169.stderr:/usr/bin/ceph:
2024-04-16T01:22:28.005+0000 7f491effd700 1 -- 172.21.15.169:0/2622478489 >> [v2:172.21.15.169:6800/1397209297,v1:172.21.15.169:6801/1397209297] conn(0x7f49080326f0 msgr2=0x7f4908034bb0 unknown :-1 s=STATE_CONNECTING_RE l=1).process reconnect failed to v2:172.21.15.169:6800/1397209297
2024-04-16T01:22:28.006 INFO:teuthology.orchestra.run.smithi169.stderr:/usr/bin/ceph:
2024-04-16T01:22:28.005+0000 7f491effd700 1 --2- 172.21.15.169:0/2622478489 >> [v2:172.21.15.169:6800/1397209297,v1:172.21.15.169:6801/1397209297] conn(0x7f49080326f0 0x7f4908034bb0 unknown :-1 s=START_CONNECT pgs=0 cs=0 l=1 rev1=0 rx=0 tx=0)._fault waiting 0.400000
2024-04-16T01:22:28.049 INFO:teuthology.orchestra.run.smithi169.stderr:/usr/bin/ceph:
2024-04-16T01:22:28.048+0000 7f492623d700 1 -- 172.21.15.169:0/2622478489 --> [v2:172.21.15.169:3300/0,v1:172.21.15.169:6789/0] -- mon_command({"prefix": "mgr stat"} v 0) v1 -- 0x7f4920114010 con 0x7f4920071c60
2024-04-16T01:22:28.049 INFO:teuthology.orchestra.run.smithi169.stderr:/usr/bin/ceph:
2024-04-16T01:22:28.048+0000 7f491cff9700 1 -- 172.21.15.169:0/2622478489 <== mon.0 v2:172.21.15.169:3300/0 7 ==== mon_command_ack([{"prefix": "mgr stat"}]=0 v9) v1 ==== 56+0+103 (secure 0 0 0) 0x7f491002f070 con 0x7f4920071c60
2024-04-16T01:22:28.049 INFO:teuthology.orchestra.run.smithi169.stderr:/usr/bin/ceph: {
2024-04-16T01:22:28.050 INFO:teuthology.orchestra.run.smithi169.stderr:/usr/bin/ceph: "epoch": 9,
2024-04-16T01:22:28.050 INFO:teuthology.orchestra.run.smithi169.stderr:/usr/bin/ceph: "available": true,
2024-04-16T01:22:28.050 INFO:teuthology.orchestra.run.smithi169.stderr:/usr/bin/ceph: "active_name": "smithi169.inokak",
2024-04-16T01:22:28.050 INFO:teuthology.orchestra.run.smithi169.stderr:/usr/bin/ceph: "num_standby": 0
2024-04-16T01:22:28.050 INFO:teuthology.orchestra.run.smithi169.stderr:/usr/bin/ceph: }
2024-04-16T01:22:28.052 INFO:teuthology.orchestra.run.smithi169.stderr:/usr/bin/ceph:
2024-04-16T01:22:28.050+0000 7f492623d700 1 -- 172.21.15.169:0/2622478489 >> [v2:172.21.15.169:6800/1397209297,v1:172.21.15.169:6801/1397209297] conn(0x7f49080326f0 msgr2=0x7f4908034bb0 unknown :-1 s=STATE_CONNECTING l=1).mark_down
2024-04-16T01:22:28.052 INFO:teuthology.orchestra.run.smithi169.stderr:/usr/bin/ceph:
2024-04-16T01:22:28.050+0000 7f492623d700 1 --2- 172.21.15.169:0/2622478489 >> [v2:172.21.15.169:6800/1397209297,v1:172.21.15.169:6801/1397209297] conn(0x7f49080326f0 0x7f4908034bb0 unknown :-1 s=START_CONNECT pgs=0 cs=0 l=1 rev1=0 rx=0 tx=0).stop
2024-04-16T01:22:28.052 INFO:teuthology.orchestra.run.smithi169.stderr:/usr/bin/ceph:
2024-04-16T01:22:28.050+0000 7f492623d700 1 -- 172.21.15.169:0/2622478489 >> [v2:172.21.15.169:3300/0,v1:172.21.15.169:6789/0] conn(0x7f4920071c60 msgr2=0x7f4920112400 secure :-1 s=STATE_CONNECTION_ESTABLISHED l=1).mark_down
2024-04-16T01:22:28.052 INFO:teuthology.orchestra.run.smithi169.stderr:/usr/bin/ceph:
2024-04-16T01:22:28.050+0000 7f492623d700 1 --2- 172.21.15.169:0/2622478489 >> [v2:172.21.15.169:3300/0,v1:172.21.15.169:6789/0] conn(0x7f4920071c60 0x7f4920112400 secure :-1 s=READY pgs=64 cs=0 l=1 rev1=1 rx=0x7f49100118b0 tx=0x7f49100090f0).stop
2024-04-16T01:22:28.052 INFO:teuthology.orchestra.run.smithi169.stderr:/usr/bin/ceph:
2024-04-16T01:22:28.050+0000 7f492623d700 1 -- 172.21.15.169:0/2622478489 shutdown_connections
2024-04-16T01:22:28.052 INFO:teuthology.orchestra.run.smithi169.stderr:/usr/bin/ceph:
2024-04-16T01:22:28.050+0000 7f492623d700 1 --2- 172.21.15.169:0/2622478489 >> [v2:172.21.15.169:6800/1397209297,v1:172.21.15.169:6801/1397209297] conn(0x7f49080326f0 0x7f4908034bb0 unknown :-1 s=CLOSED pgs=0 cs=0 l=1 rev1=0 rx=0 tx=0).stop
2024-04-16T01:22:28.052 INFO:teuthology.orchestra.run.smithi169.stderr:/usr/bin/ceph:
2024-04-16T01:22:28.050+0000 7f492623d700 1 --2- 172.21.15.169:0/2622478489 >> [v2:172.21.15.169:3300/0,v1:172.21.15.169:6789/0] conn(0x7f4920071c60 0x7f4920112400 unknown :-1 s=CLOSED pgs=64 cs=0 l=1 rev1=1 rx=0 tx=0).stop
2024-04-16T01:22:28.052 INFO:teuthology.orchestra.run.smithi169.stderr:/usr/bin/ceph:
2024-04-16T01:22:28.050+0000 7f492623d700 1 -- 172.21.15.169:0/2622478489 >> 172.21.15.169:0/2622478489 conn(0x7f49200f76f0 msgr2=0x7f49200f9140 unknown :-1 s=STATE_NONE l=0).mark_down
2024-04-16T01:22:28.052 INFO:teuthology.orchestra.run.smithi169.stderr:/usr/bin/ceph:
2024-04-16T01:22:28.051+0000 7f492623d700 1 -- 172.21.15.169:0/2622478489 shutdown_connections
2024-04-16T01:22:28.052 INFO:teuthology.orchestra.run.smithi169.stderr:/usr/bin/ceph:
2024-04-16T01:22:28.051+0000 7f492623d700 1 -- 172.21.15.169:0/2622478489 wait complete.
2024-04-16T01:22:28.741 INFO:teuthology.orchestra.run.smithi169.stderr:Waiting for the mgr to restart...
2024-04-16T01:22:28.741 INFO:teuthology.orchestra.run.smithi169.stderr:Waiting for mgr epoch 9...
2024-04-16T01:22:28.744 INFO:journalctl@ceph.mon.smithi169.smithi169.stdout:Apr 16 01:22:28 smithi169 ceph-89ce07de-fb8f-11ee-bc8f-c7b262605968-mon-smithi169[39684]: audit
2024-04-16T01:22:28.048355+0000 mon.smithi169 (mon.0) 70 : audit [DBG] from='client.? 172.21.15.169:0/2622478489' entity='client.admin' cmd=[{"prefix": "mgr stat"}]: dispatch
2024-04-16T01:22:29.376 INFO:teuthology.orchestra.run.smithi169.stderr:/usr/bin/ceph:
2024-04-16T01:22:29.373+0000 7f60045d4700 1 Processor -- start
2024-04-16T01:22:29.376 INFO:teuthology.orchestra.run.smithi169.stderr:/usr/bin/ceph:
2024-04-16T01:22:29.373+0000 7f60045d4700 1 -- start start
2024-04-16T01:22:29.376 INFO:teuthology.orchestra.run.smithi169.stderr:/usr/bin/ceph:
2024-04-16T01:22:29.373+0000 7f60045d4700 1 --2- >> [v2:172.21.15.169:3300/0,v1:172.21.15.169:6789/0] conn(0x7f5ffc071bc0 0x7f5ffc0ffcd0 unknown :-1 s=NONE pgs=0 cs=0 l=0 rev1=0 rx=0 tx=0).connect
2024-04-16T01:22:29.376 INFO:teuthology.orchestra.run.smithi169.stderr:/usr/bin/ceph:
2024-04-16T01:22:29.373+0000 7f60045d4700 1 -- --> [v2:172.21.15.169:3300/0,v1:172.21.15.169:6789/0] -- mon_getmap magic: 0 v1 -- 0x7f5ffc1001c0 con 0x7f5ffc071bc0
2024-04-16T01:22:29.376 INFO:teuthology.orchestra.run.smithi169.stderr:/usr/bin/ceph:
2024-04-16T01:22:29.374+0000 7f6002370700 1 --2- >> [v2:172.21.15.169:3300/0,v1:172.21.15.169:6789/0] conn(0x7f5ffc071bc0 0x7f5ffc0ffcd0 unknown :-1 s=BANNER_CONNECTING pgs=0 cs=0 l=0 rev1=0 rx=0 tx=0)._handle_peer_banner_payload supported=1 required=0
2024-04-16T01:22:29.377 INFO:teuthology.orchestra.run.smithi169.stderr:/usr/bin/ceph:
2024-04-16T01:22:29.374+0000 7f6002370700 1 --2- >> [v2:172.21.15.169:3300/0,v1:172.21.15.169:6789/0] conn(0x7f5ffc071bc0 0x7f5ffc0ffcd0 unknown :-1 s=HELLO_CONNECTING pgs=0 cs=0 l=0 rev1=1 rx=0 tx=0).handle_hello peer v2:172.21.15.169:3300/0 says I am v2:172.21.15.169:40320/0 (socket says 172.21.15.169:40320)
2024-04-16T01:22:29.377 INFO:teuthology.orchestra.run.smithi169.stderr:/usr/bin/ceph:
2024-04-16T01:22:29.374+0000 7f6002370700 1 -- 172.21.15.169:0/2965869438 learned_addr learned my addr 172.21.15.169:0/2965869438 (peer_addr_for_me v2:172.21.15.169:0/0)
2024-04-16T01:22:29.377 INFO:teuthology.orchestra.run.smithi169.stderr:/usr/bin/ceph:
2024-04-16T01:22:29.374+0000 7f6002370700 1 -- 172.21.15.169:0/2965869438 --> [v2:172.21.15.169:3300/0,v1:172.21.15.169:6789/0] -- mon_subscribe({config=0+,monmap=0+}) v3 -- 0x7f5ffc100300 con 0x7f5ffc071bc0
2024-04-16T01:22:29.377 INFO:teuthology.orchestra.run.smithi169.stderr:/usr/bin/ceph:
2024-04-16T01:22:29.374+0000 7f6002370700 1 --2- 172.21.15.169:0/2965869438 >> [v2:172.21.15.169:3300/0,v1:172.21.15.169:6789/0] conn(0x7f5ffc071bc0 0x7f5ffc0ffcd0 secure :-1 s=READY pgs=65 cs=0 l=1 rev1=1 rx=0x7f5ff8009730 tx=0x7f5ff80090f0).ready entity=mon.0 client_cookie=2256feeb71989773 server_cookie=0 in_seq=0 out_seq=0
2024-04-16T01:22:29.377 INFO:teuthology.orchestra.run.smithi169.stderr:/usr/bin/ceph:
2024-04-16T01:22:29.374+0000 7f600136e700 1 -- 172.21.15.169:0/2965869438 <== mon.0 v2:172.21.15.169:3300/0 1 ==== mon_map magic: 0 v1 ==== 229+0+0 (secure 0 0 0) 0x7f5ff800b6e0 con 0x7f5ffc071bc0
2024-04-16T01:22:29.377 INFO:teuthology.orchestra.run.smithi169.stderr:/usr/bin/ceph:
2024-04-16T01:22:29.374+0000 7f600136e700 1 -- 172.21.15.169:0/2965869438 <== mon.0 v2:172.21.15.169:3300/0 2 ==== config(25 keys) v1 ==== 1046+0+0 (secure 0 0 0) 0x7f5ff800bcd0 con 0x7f5ffc071bc0
2024-04-16T01:22:29.377 INFO:teuthology.orchestra.run.smithi169.stderr:/usr/bin/ceph:
2024-04-16T01:22:29.374+0000 7f600136e700 1 -- 172.21.15.169:0/2965869438 <== mon.0 v2:172.21.15.169:3300/0 3 ==== mon_map magic: 0 v1 ==== 229+0+0 (secure 0 0 0) 0x7f5ff8011cb0 con 0x7f5ffc071bc0
2024-04-16T01:22:29.377 INFO:teuthology.orchestra.run.smithi169.stderr:/usr/bin/ceph:
2024-04-16T01:22:29.375+0000 7f60045d4700 1 -- 172.21.15.169:0/2965869438 >> [v2:172.21.15.169:3300/0,v1:172.21.15.169:6789/0] conn(0x7f5ffc071bc0 msgr2=0x7f5ffc0ffcd0 secure :-1 s=STATE_CONNECTION_ESTABLISHED l=1).mark_down
2024-04-16T01:22:29.377 INFO:teuthology.orchestra.run.smithi169.stderr:/usr/bin/ceph:
2024-04-16T01:22:29.375+0000 7f60045d4700 1 --2- 172.21.15.169:0/2965869438 >> [v2:172.21.15.169:3300/0,v1:172.21.15.169:6789/0] conn(0x7f5ffc071bc0 0x7f5ffc0ffcd0 secure :-1 s=READY pgs=65 cs=0 l=1 rev1=1 rx=0x7f5ff8009730 tx=0x7f5ff80090f0).stop
2024-04-16T01:22:29.377 INFO:teuthology.orchestra.run.smithi169.stderr:/usr/bin/ceph:
2024-04-16T01:22:29.375+0000 7f60045d4700 1 -- 172.21.15.169:0/2965869438 shutdown_connections
2024-04-16T01:22:29.377 INFO:teuthology.orchestra.run.smithi169.stderr:/usr/bin/ceph:
2024-04-16T01:22:29.375+0000 7f60045d4700 1 --2- 172.21.15.169:0/2965869438 >> [v2:172.21.15.169:3300/0,v1:172.21.15.169:6789/0] conn(0x7f5ffc071bc0 0x7f5ffc0ffcd0 unknown :-1 s=CLOSED pgs=65 cs=0 l=1 rev1=1 rx=0 tx=0).stop
2024-04-16T01:22:29.377 INFO:teuthology.orchestra.run.smithi169.stderr:/usr/bin/ceph:
2024-04-16T01:22:29.375+0000 7f60045d4700 1 -- 172.21.15.169:0/2965869438 >> 172.21.15.169:0/2965869438 conn(0x7f5ffc0f76f0 msgr2=0x7f5ffc0f9b10 unknown :-1 s=STATE_NONE l=0).mark_down
2024-04-16T01:22:29.377 INFO:teuthology.orchestra.run.smithi169.stderr:/usr/bin/ceph:
2024-04-16T01:22:29.375+0000 7f60045d4700 1 -- 172.21.15.169:0/2965869438 shutdown_connections
2024-04-16T01:22:29.377 INFO:teuthology.orchestra.run.smithi169.stderr:/usr/bin/ceph:
2024-04-16T01:22:29.375+0000 7f60045d4700 1 -- 172.21.15.169:0/2965869438 wait complete.
2024-04-16T01:22:29.380 INFO:teuthology.orchestra.run.smithi169.stderr:/usr/bin/ceph:
2024-04-16T01:22:29.376+0000 7f60045d4700 1 Processor -- start
2024-04-16T01:22:29.380 INFO:teuthology.orchestra.run.smithi169.stderr:/usr/bin/ceph:
2024-04-16T01:22:29.376+0000 7f60045d4700 1 -- start start
2024-04-16T01:22:29.380 INFO:teuthology.orchestra.run.smithi169.stderr:/usr/bin/ceph:
2024-04-16T01:22:29.376+0000 7f60045d4700 1 --2- >> [v2:172.21.15.169:3300/0,v1:172.21.15.169:6789/0] conn(0x7f5ffc071bc0 0x7f5ffc10be60 unknown :-1 s=NONE pgs=0 cs=0 l=1 rev1=0 rx=0 tx=0).connect
2024-04-16T01:22:29.380 INFO:teuthology.orchestra.run.smithi169.stderr:/usr/bin/ceph:
2024-04-16T01:22:29.376+0000 7f60045d4700 1 -- --> [v2:172.21.15.169:3300/0,v1:172.21.15.169:6789/0] -- mon_getmap magic: 0 v1 -- 0x7f5ffc10c350 con 0x7f5ffc071bc0
2024-04-16T01:22:29.380 INFO:teuthology.orchestra.run.smithi169.stderr:/usr/bin/ceph:
2024-04-16T01:22:29.376+0000 7f6002370700 1 --2- >> [v2:172.21.15.169:3300/0,v1:172.21.15.169:6789/0] conn(0x7f5ffc071bc0 0x7f5ffc10be60 unknown :-1 s=BANNER_CONNECTING pgs=0 cs=0 l=1 rev1=0 rx=0 tx=0)._handle_peer_banner_payload supported=1 required=0
2024-04-16T01:22:29.380 INFO:teuthology.orchestra.run.smithi169.stderr:/usr/bin/ceph:
2024-04-16T01:22:29.376+0000 7f6002370700 1 --2- >> [v2:172.21.15.169:3300/0,v1:172.21.15.169:6789/0] conn(0x7f5ffc071bc0 0x7f5ffc10be60 unknown :-1 s=HELLO_CONNECTING pgs=0 cs=0 l=1 rev1=1 rx=0 tx=0).handle_hello peer v2:172.21.15.169:3300/0 says I am v2:172.21.15.169:40332/0 (socket says 172.21.15.169:40332)
2024-04-16T01:22:29.380 INFO:teuthology.orchestra.run.smithi169.stderr:/usr/bin/ceph:
2024-04-16T01:22:29.376+0000 7f6002370700 1 -- 172.21.15.169:0/426719976 learned_addr learned my addr 172.21.15.169:0/426719976 (peer_addr_for_me v2:172.21.15.169:0/0)
2024-04-16T01:22:29.380 INFO:teuthology.orchestra.run.smithi169.stderr:/usr/bin/ceph:
2024-04-16T01:22:29.376+0000 7f6002370700 1 -- 172.21.15.169:0/426719976 --> [v2:172.21.15.169:3300/0,v1:172.21.15.169:6789/0] -- mon_subscribe({config=0+,monmap=0+}) v3 -- 0x7f5ff8009370 con 0x7f5ffc071bc0
2024-04-16T01:22:29.380 INFO:teuthology.orchestra.run.smithi169.stderr:/usr/bin/ceph:
2024-04-16T01:22:29.377+0000 7f6002370700 1 --2- 172.21.15.169:0/426719976 >> [v2:172.21.15.169:3300/0,v1:172.21.15.169:6789/0] conn(0x7f5ffc071bc0 0x7f5ffc10be60 secure :-1 s=READY pgs=66 cs=0 l=1 rev1=1 rx=0x7f5ff80118b0 tx=0x7f5ff80090f0).ready entity=mon.0 client_cookie=0 server_cookie=0 in_seq=0 out_seq=0
2024-04-16T01:22:29.380 INFO:teuthology.orchestra.run.smithi169.stderr:/usr/bin/ceph:
2024-04-16T01:22:29.377+0000 7f5ff37fe700 1 -- 172.21.15.169:0/426719976 <== mon.0 v2:172.21.15.169:3300/0 1 ==== mon_map magic: 0 v1 ==== 229+0+0 (secure 0 0 0) 0x7f5ff800be40 con 0x7f5ffc071bc0
2024-04-16T01:22:29.380 INFO:teuthology.orchestra.run.smithi169.stderr:/usr/bin/ceph:
2024-04-16T01:22:29.377+0000 7f60045d4700 1 -- 172.21.15.169:0/426719976 --> [v2:172.21.15.169:3300/0,v1:172.21.15.169:6789/0] -- mon_subscribe({mgrmap=0+}) v3 -- 0x7f5ffc10c550 con 0x7f5ffc071bc0
2024-04-16T01:22:29.380 INFO:teuthology.orchestra.run.smithi169.stderr:/usr/bin/ceph:
2024-04-16T01:22:29.377+0000 7f5ff37fe700 1 -- 172.21.15.169:0/426719976 <== mon.0 v2:172.21.15.169:3300/0 2 ==== config(25 keys) v1 ==== 1046+0+0 (secure 0 0 0) 0x7f5ff801aad0 con 0x7f5ffc071bc0
2024-04-16T01:22:29.381 INFO:teuthology.orchestra.run.smithi169.stderr:/usr/bin/ceph:
2024-04-16T01:22:29.377+0000 7f5ff37fe700 1 -- 172.21.15.169:0/426719976 <== mon.0 v2:172.21.15.169:3300/0 3 ==== mon_map magic: 0 v1 ==== 229+0+0 (secure 0 0 0) 0x7f5ff8023a80 con 0x7f5ffc071bc0
2024-04-16T01:22:29.381 INFO:teuthology.orchestra.run.smithi169.stderr:/usr/bin/ceph:
2024-04-16T01:22:29.377+0000 7f60045d4700 1 -- 172.21.15.169:0/426719976 --> [v2:172.21.15.169:3300/0,v1:172.21.15.169:6789/0] -- mon_subscribe({osdmap=0}) v3 -- 0x7f5ffc10c960 con 0x7f5ffc071bc0
2024-04-16T01:22:29.381 INFO:teuthology.orchestra.run.smithi169.stderr:/usr/bin/ceph:
2024-04-16T01:22:29.378+0000 7f5ff37fe700 1 -- 172.21.15.169:0/426719976 <== mon.0 v2:172.21.15.169:3300/0 4 ==== mgrmap(e 9) v1 ==== 38645+0+0 (secure 0 0 0) 0x7f5ff8023cc0 con 0x7f5ffc071bc0
2024-04-16T01:22:29.381 INFO:teuthology.orchestra.run.smithi169.stderr:/usr/bin/ceph:
2024-04-16T01:22:29.378+0000 7f5ff37fe700 1 --2- 172.21.15.169:0/426719976 >> [v2:172.21.15.169:6800/1397209297,v1:172.21.15.169:6801/1397209297] conn(0x7f5fe8032660 0x7f5fe8034b20 unknown :-1 s=NONE pgs=0 cs=0 l=1 rev1=0 rx=0 tx=0).connect
2024-04-16T01:22:29.381 INFO:teuthology.orchestra.run.smithi169.stderr:/usr/bin/ceph:
2024-04-16T01:22:29.378+0000 7f5ff37fe700 1 -- 172.21.15.169:0/426719976 --> [v2:172.21.15.169:6800/1397209297,v1:172.21.15.169:6801/1397209297] -- command(tid 0: {"prefix": "get_command_descriptions"}) v1 -- 0x7f5fe80351e0 con 0x7f5fe8032660
2024-04-16T01:22:29.381 INFO:teuthology.orchestra.run.smithi169.stderr:/usr/bin/ceph:
2024-04-16T01:22:29.378+0000 7f5ff37fe700 1 -- 172.21.15.169:0/426719976 <== mon.0 v2:172.21.15.169:3300/0 5 ==== osd_map(2..2 src has 1..2) v4 ==== 893+0+0 (secure 0 0 0) 0x7f5ff8044bc0 con 0x7f5ffc071bc0
2024-04-16T01:22:29.381 INFO:teuthology.orchestra.run.smithi169.stderr:/usr/bin/ceph:
2024-04-16T01:22:29.378+0000 7f6001b6f700 1 -- 172.21.15.169:0/426719976 >> [v2:172.21.15.169:6800/1397209297,v1:172.21.15.169:6801/1397209297] conn(0x7f5fe8032660 msgr2=0x7f5fe8034b20 unknown :-1 s=STATE_CONNECTING_RE l=1).process reconnect failed to v2:172.21.15.169:6800/1397209297
2024-04-16T01:22:29.381 INFO:teuthology.orchestra.run.smithi169.stderr:/usr/bin/ceph:
2024-04-16T01:22:29.378+0000 7f6001b6f700 1 --2- 172.21.15.169:0/426719976 >> [v2:172.21.15.169:6800/1397209297,v1:172.21.15.169:6801/1397209297] conn(0x7f5fe8032660 0x7f5fe8034b20 unknown :-1 s=START_CONNECT pgs=0 cs=0 l=1 rev1=0 rx=0 tx=0)._fault waiting 0.200000
2024-04-16T01:22:29.580 INFO:teuthology.orchestra.run.smithi169.stderr:/usr/bin/ceph:
2024-04-16T01:22:29.579+0000 7f6001b6f700 1 -- 172.21.15.169:0/426719976 >> [v2:172.21.15.169:6800/1397209297,v1:172.21.15.169:6801/1397209297] conn(0x7f5fe8032660 msgr2=0x7f5fe8034b20 unknown :-1 s=STATE_CONNECTING_RE l=1).process reconnect failed to v2:172.21.15.169:6800/1397209297
2024-04-16T01:22:29.580 INFO:teuthology.orchestra.run.smithi169.stderr:/usr/bin/ceph:
2024-04-16T01:22:29.579+0000 7f6001b6f700 1 --2- 172.21.15.169:0/426719976 >> [v2:172.21.15.169:6800/1397209297,v1:172.21.15.169:6801/1397209297] conn(0x7f5fe8032660 0x7f5fe8034b20 unknown :-1 s=START_CONNECT pgs=0 cs=0 l=1 rev1=0 rx=0 tx=0)._fault waiting 0.400000
2024-04-16T01:22:29.981 INFO:teuthology.orchestra.run.smithi169.stderr:/usr/bin/ceph:
2024-04-16T01:22:29.980+0000 7f6001b6f700 1 -- 172.21.15.169:0/426719976 >> [v2:172.21.15.169:6800/1397209297,v1:172.21.15.169:6801/1397209297] conn(0x7f5fe8032660 msgr2=0x7f5fe8034b20 unknown :-1 s=STATE_CONNECTING_RE l=1).process reconnect failed to v2:172.21.15.169:6800/1397209297
2024-04-16T01:22:29.981 INFO:teuthology.orchestra.run.smithi169.stderr:/usr/bin/ceph:
2024-04-16T01:22:29.980+0000 7f6001b6f700 1 --2- 172.21.15.169:0/426719976 >> [v2:172.21.15.169:6800/1397209297,v1:172.21.15.169:6801/1397209297] conn(0x7f5fe8032660 0x7f5fe8034b20 unknown :-1 s=START_CONNECT pgs=0 cs=0 l=1 rev1=0 rx=0 tx=0)._fault waiting 0.800000
2024-04-16T01:22:30.782 INFO:teuthology.orchestra.run.smithi169.stderr:/usr/bin/ceph:
2024-04-16T01:22:30.780+0000 7f6001b6f700 1 -- 172.21.15.169:0/426719976 >> [v2:172.21.15.169:6800/1397209297,v1:172.21.15.169:6801/1397209297] conn(0x7f5fe8032660 msgr2=0x7f5fe8034b20 unknown :-1 s=STATE_CONNECTING_RE l=1).process reconnect failed to v2:172.21.15.169:6800/1397209297
2024-04-16T01:22:30.782 INFO:teuthology.orchestra.run.smithi169.stderr:/usr/bin/ceph:
2024-04-16T01:22:30.780+0000 7f6001b6f700 1 --2- 172.21.15.169:0/426719976 >> [v2:172.21.15.169:6800/1397209297,v1:172.21.15.169:6801/1397209297] conn(0x7f5fe8032660 0x7f5fe8034b20 unknown :-1 s=START_CONNECT pgs=0 cs=0 l=1 rev1=0 rx=0 tx=0)._fault waiting 1.600000
2024-04-16T01:22:31.881 INFO:teuthology.orchestra.run.smithi169.stderr:/usr/bin/ceph:
2024-04-16T01:22:31.878+0000 7f5ff37fe700 1 -- 172.21.15.169:0/426719976 <== mon.0 v2:172.21.15.169:3300/0 6 ==== mgrmap(e 10) v1 ==== 38469+0+0 (secure 0 0 0) 0x7f5ff802c3f0 con 0x7f5ffc071bc0
2024-04-16T01:22:31.881 INFO:teuthology.orchestra.run.smithi169.stderr:/usr/bin/ceph:
2024-04-16T01:22:31.879+0000 7f5ff37fe700 1 -- 172.21.15.169:0/426719976 >> [v2:172.21.15.169:6800/1397209297,v1:172.21.15.169:6801/1397209297] conn(0x7f5fe8032660 msgr2=0x7f5fe8034b20 unknown :-1 s=STATE_CONNECTING l=1).mark_down
2024-04-16T01:22:31.881 INFO:teuthology.orchestra.run.smithi169.stderr:/usr/bin/ceph:
2024-04-16T01:22:31.879+0000 7f5ff37fe700 1 --2- 172.21.15.169:0/426719976 >> [v2:172.21.15.169:6800/1397209297,v1:172.21.15.169:6801/1397209297] conn(0x7f5fe8032660 0x7f5fe8034b20 unknown :-1 s=START_CONNECT pgs=0 cs=0 l=1 rev1=0 rx=0 tx=0).stop
2024-04-16T01:22:32.335 INFO:journalctl@ceph.mon.smithi169.smithi169.stdout:Apr 16 01:22:31 smithi169 ceph-89ce07de-fb8f-11ee-bc8f-c7b262605968-mon-smithi169[39684]: cluster
2024-04-16T01:22:31.873821+0000 mon.smithi169 (mon.0) 71 : cluster [INF] Active manager daemon smithi169.inokak restarted
2024-04-16T01:22:32.335 INFO:journalctl@ceph.mon.smithi169.smithi169.stdout:Apr 16 01:22:31 smithi169 ceph-89ce07de-fb8f-11ee-bc8f-c7b262605968-mon-smithi169[39684]: cluster
2024-04-16T01:22:31.874036+0000 mon.smithi169 (mon.0) 72 : cluster [INF] Activating manager daemon smithi169.inokak
2024-04-16T01:22:32.335 INFO:journalctl@ceph.mon.smithi169.smithi169.stdout:Apr 16 01:22:31 smithi169 ceph-89ce07de-fb8f-11ee-bc8f-c7b262605968-mon-smithi169[39684]: cluster
2024-04-16T01:22:31.881150+0000 mon.smithi169 (mon.0) 73 : cluster [DBG] osdmap e3: 0 total, 0 up, 0 in
2024-04-16T01:22:32.335 INFO:journalctl@ceph.mon.smithi169.smithi169.stdout:Apr 16 01:22:31 smithi169 ceph-89ce07de-fb8f-11ee-bc8f-c7b262605968-mon-smithi169[39684]: cluster
2024-04-16T01:22:31.881256+0000 mon.smithi169 (mon.0) 74 : cluster [DBG] mgrmap e10: smithi169.inokak(active, starting, since 0.00730741s)
2024-04-16T01:22:32.335 INFO:journalctl@ceph.mon.smithi169.smithi169.stdout:Apr 16 01:22:31 smithi169 ceph-89ce07de-fb8f-11ee-bc8f-c7b262605968-mon-smithi169[39684]: audit
2024-04-16T01:22:31.882142+0000 mon.smithi169 (mon.0) 75 : audit [DBG] from='mgr.14156 172.21.15.169:0/1736748893' entity='mgr.smithi169.inokak' cmd=[{"prefix": "mon metadata", "id": "smithi169"}]: dispatch
2024-04-16T01:22:32.335 INFO:journalctl@ceph.mon.smithi169.smithi169.stdout:Apr 16 01:22:31 smithi169 ceph-89ce07de-fb8f-11ee-bc8f-c7b262605968-mon-smithi169[39684]: audit
2024-04-16T01:22:31.882769+0000 mon.smithi169 (mon.0) 76 : audit [DBG] from='mgr.14156 172.21.15.169:0/1736748893' entity='mgr.smithi169.inokak' cmd=[{"prefix": "mgr metadata", "who": "smithi169.inokak", "id": "smithi169.inokak"}]: dispatch
2024-04-16T01:22:32.335 INFO:journalctl@ceph.mon.smithi169.smithi169.stdout:Apr 16 01:22:31 smithi169 ceph-89ce07de-fb8f-11ee-bc8f-c7b262605968-mon-smithi169[39684]: audit
2024-04-16T01:22:31.883643+0000 mon.smithi169 (mon.0) 77 : audit [DBG] from='mgr.14156 172.21.15.169:0/1736748893' entity='mgr.smithi169.inokak' cmd=[{"prefix": "mds metadata"}]: dispatch
2024-04-16T01:22:32.336 INFO:journalctl@ceph.mon.smithi169.smithi169.stdout:Apr 16 01:22:31 smithi169 ceph-89ce07de-fb8f-11ee-bc8f-c7b262605968-mon-smithi169[39684]: audit
2024-04-16T01:22:31.883785+0000 mon.smithi169 (mon.0) 78 : audit [DBG] from='mgr.14156 172.21.15.169:0/1736748893' entity='mgr.smithi169.inokak' cmd=[{"prefix": "osd metadata"}]: dispatch
2024-04-16T01:22:32.336 INFO:journalctl@ceph.mon.smithi169.smithi169.stdout:Apr 16 01:22:31 smithi169 ceph-89ce07de-fb8f-11ee-bc8f-c7b262605968-mon-smithi169[39684]: audit
2024-04-16T01:22:31.883904+0000 mon.smithi169 (mon.0) 79 : audit [DBG] from='mgr.14156 172.21.15.169:0/1736748893' entity='mgr.smithi169.inokak' cmd=[{"prefix": "mon metadata"}]: dispatch
2024-04-16T01:22:32.336 INFO:journalctl@ceph.mon.smithi169.smithi169.stdout:Apr 16 01:22:31 smithi169 ceph-89ce07de-fb8f-11ee-bc8f-c7b262605968-mon-smithi169[39684]: cluster
2024-04-16T01:22:31.885882+0000 mon.smithi169 (mon.0) 80 : cluster [INF] Manager daemon smithi169.inokak is now available
2024-04-16T01:22:32.878 INFO:teuthology.orchestra.run.smithi169.stderr:/usr/bin/ceph:
2024-04-16T01:22:32.876+0000 7f5ff37fe700 1 -- 172.21.15.169:0/426719976 <== mon.0 v2:172.21.15.169:3300/0 7 ==== mgrmap(e 11) v1 ==== 38539+0+0 (secure 0 0 0) 0x7f5ff801ad20 con 0x7f5ffc071bc0
2024-04-16T01:22:32.878 INFO:teuthology.orchestra.run.smithi169.stderr:/usr/bin/ceph:
2024-04-16T01:22:32.876+0000 7f5ff37fe700 1 --2- 172.21.15.169:0/426719976 >> [v2:172.21.15.169:6800/239252117,v1:172.21.15.169:6801/239252117] conn(0x7f5fe8035fe0 0x7f5fe80383d0 unknown :-1 s=NONE pgs=0 cs=0 l=1 rev1=0 rx=0 tx=0).connect
2024-04-16T01:22:32.879 INFO:teuthology.orchestra.run.smithi169.stderr:/usr/bin/ceph:
2024-04-16T01:22:32.876+0000 7f5ff37fe700 1 -- 172.21.15.169:0/426719976 --> [v2:172.21.15.169:6800/239252117,v1:172.21.15.169:6801/239252117] -- command(tid 0: {"prefix": "get_command_descriptions"}) v1 -- 0x7f5fe80351e0 con 0x7f5fe8035fe0
2024-04-16T01:22:32.879 INFO:teuthology.orchestra.run.smithi169.stderr:/usr/bin/ceph:
2024-04-16T01:22:32.876+0000 7f6001b6f700 1 --2- 172.21.15.169:0/426719976 >> [v2:172.21.15.169:6800/239252117,v1:172.21.15.169:6801/239252117] conn(0x7f5fe8035fe0 0x7f5fe80383d0 unknown :-1 s=BANNER_CONNECTING pgs=0 cs=0 l=1 rev1=0 rx=0 tx=0)._handle_peer_banner_payload supported=1 required=0
2024-04-16T01:22:32.879 INFO:teuthology.orchestra.run.smithi169.stderr:/usr/bin/ceph:
2024-04-16T01:22:32.877+0000 7f6001b6f700 1 --2- 172.21.15.169:0/426719976 >> [v2:172.21.15.169:6800/239252117,v1:172.21.15.169:6801/239252117] conn(0x7f5fe8035fe0 0x7f5fe80383d0 secure :-1 s=READY pgs=2 cs=0 l=1 rev1=1 rx=0x7f5fec003850 tx=0x7f5fec006e60).ready entity=mgr.14156 client_cookie=0 server_cookie=0 in_seq=0 out_seq=0
2024-04-16T01:22:32.879 INFO:teuthology.orchestra.run.smithi169.stderr:/usr/bin/ceph:
2024-04-16T01:22:32.877+0000 7f5ff37fe700 1 -- 172.21.15.169:0/426719976 <== mgr.14156 v2:172.21.15.169:6800/239252117 1 ==== command_reply(tid 0: 0 ) v1 ==== 8+0+6438 (secure 0 0 0) 0x7f5fe80351e0 con 0x7f5fe8035fe0
2024-04-16T01:22:32.886 INFO:teuthology.orchestra.run.smithi169.stderr:/usr/bin/ceph:
2024-04-16T01:22:32.883+0000 7f60045d4700 1 -- 172.21.15.169:0/426719976 --> [v2:172.21.15.169:6800/239252117,v1:172.21.15.169:6801/239252117] -- command(tid 1: {"prefix": "mgr_status"}) v1 -- 0x7f5ffc05a310 con 0x7f5fe8035fe0
2024-04-16T01:22:32.886 INFO:teuthology.orchestra.run.smithi169.stderr:/usr/bin/ceph:
2024-04-16T01:22:32.883+0000 7f5ff37fe700 1 -- 172.21.15.169:0/426719976 <== mgr.14156 v2:172.21.15.169:6800/239252117 2 ==== command_reply(tid 1: 0 ) v1 ==== 8+0+52 (secure 0 0 0) 0x7f5ffc05a310 con 0x7f5fe8035fe0
2024-04-16T01:22:32.886 INFO:teuthology.orchestra.run.smithi169.stderr:/usr/bin/ceph: {
2024-04-16T01:22:32.886 INFO:teuthology.orchestra.run.smithi169.stderr:/usr/bin/ceph: "mgrmap_epoch": 11,
2024-04-16T01:22:32.886 INFO:teuthology.orchestra.run.smithi169.stderr:/usr/bin/ceph: "initialized": true
2024-04-16T01:22:32.886 INFO:teuthology.orchestra.run.smithi169.stderr:/usr/bin/ceph: }
2024-04-16T01:22:32.887 INFO:teuthology.orchestra.run.smithi169.stderr:/usr/bin/ceph:
2024-04-16T01:22:32.883+0000 7f60045d4700 1 -- 172.21.15.169:0/426719976 >> [v2:172.21.15.169:6800/239252117,v1:172.21.15.169:6801/239252117] conn(0x7f5fe8035fe0 msgr2=0x7f5fe80383d0 secure :-1 s=STATE_CONNECTION_ESTABLISHED l=1).mark_down
2024-04-16T01:22:32.887 INFO:teuthology.orchestra.run.smithi169.stderr:/usr/bin/ceph:
2024-04-16T01:22:32.883+0000 7f60045d4700 1 --2- 172.21.15.169:0/426719976 >> [v2:172.21.15.169:6800/239252117,v1:172.21.15.169:6801/239252117] conn(0x7f5fe8035fe0 0x7f5fe80383d0 secure :-1 s=READY pgs=2 cs=0 l=1 rev1=1 rx=0x7f5fec003850 tx=0x7f5fec006e60).stop
2024-04-16T01:22:32.887 INFO:teuthology.orchestra.run.smithi169.stderr:/usr/bin/ceph:
2024-04-16T01:22:32.883+0000 7f60045d4700 1 -- 172.21.15.169:0/426719976 >> [v2:172.21.15.169:3300/0,v1:172.21.15.169:6789/0] conn(0x7f5ffc071bc0 msgr2=0x7f5ffc10be60 secure :-1 s=STATE_CONNECTION_ESTABLISHED l=1).mark_down
2024-04-16T01:22:32.887 INFO:teuthology.orchestra.run.smithi169.stderr:/usr/bin/ceph:
2024-04-16T01:22:32.883+0000 7f60045d4700 1 --2- 172.21.15.169:0/426719976 >> [v2:172.21.15.169:3300/0,v1:172.21.15.169:6789/0] conn(0x7f5ffc071bc0 0x7f5ffc10be60 secure :-1 s=READY pgs=66 cs=0 l=1 rev1=1 rx=0x7f5ff80118b0 tx=0x7f5ff80090f0).stop
2024-04-16T01:22:32.887 INFO:teuthology.orchestra.run.smithi169.stderr:/usr/bin/ceph:
2024-04-16T01:22:32.884+0000 7f60045d4700 1 -- 172.21.15.169:0/426719976 shutdown_connections
2024-04-16T01:22:32.887 INFO:teuthology.orchestra.run.smithi169.stderr:/usr/bin/ceph:
2024-04-16T01:22:32.884+0000 7f60045d4700 1 --2- 172.21.15.169:0/426719976 >> [v2:172.21.15.169:6800/239252117,v1:172.21.15.169:6801/239252117] conn(0x7f5fe8035fe0 0x7f5fe80383d0 unknown :-1 s=CLOSED pgs=2 cs=0 l=1 rev1=1 rx=0 tx=0).stop
2024-04-16T01:22:32.887 INFO:teuthology.orchestra.run.smithi169.stderr:/usr/bin/ceph:
2024-04-16T01:22:32.884+0000 7f60045d4700 1 --2- 172.21.15.169:0/426719976 >> [v2:172.21.15.169:3300/0,v1:172.21.15.169:6789/0] conn(0x7f5ffc071bc0 0x7f5ffc10be60 unknown :-1 s=CLOSED pgs=66 cs=0 l=1 rev1=1 rx=0 tx=0).stop
2024-04-16T01:22:32.887 INFO:teuthology.orchestra.run.smithi169.stderr:/usr/bin/ceph:
2024-04-16T01:22:32.884+0000 7f60045d4700 1 --2- 172.21.15.169:0/426719976 >> [v2:172.21.15.169:6800/1397209297,v1:172.21.15.169:6801/1397209297] conn(0x7f5fe8032660 0x7f5fe8034b20 unknown :-1 s=CLOSED pgs=0 cs=0 l=1 rev1=0 rx=0 tx=0).stop
2024-04-16T01:22:32.887 INFO:teuthology.orchestra.run.smithi169.stderr:/usr/bin/ceph:
2024-04-16T01:22:32.884+0000 7f60045d4700 1 -- 172.21.15.169:0/426719976 >> 172.21.15.169:0/426719976 conn(0x7f5ffc0f76f0 msgr2=0x7f5ffc0f91b0 unknown :-1 s=STATE_NONE l=0).mark_down
2024-04-16T01:22:32.887 INFO:teuthology.orchestra.run.smithi169.stderr:/usr/bin/ceph:
2024-04-16T01:22:32.884+0000 7f60045d4700 1 -- 172.21.15.169:0/426719976 shutdown_connections
2024-04-16T01:22:32.887 INFO:teuthology.orchestra.run.smithi169.stderr:/usr/bin/ceph:
2024-04-16T01:22:32.884+0000 7f60045d4700 1 -- 172.21.15.169:0/426719976 wait complete.
2024-04-16T01:22:33.085 INFO:journalctl@ceph.mon.smithi169.smithi169.stdout:Apr 16 01:22:32 smithi169 ceph-89ce07de-fb8f-11ee-bc8f-c7b262605968-mon-smithi169[39684]: audit
2024-04-16T01:22:31.981325+0000 mon.smithi169 (mon.0) 81 : audit [DBG] from='mgr.14156 172.21.15.169:0/1736748893' entity='mgr.smithi169.inokak' cmd=[{"prefix": "config dump", "format": "json"}]: dispatch
2024-04-16T01:22:33.086 INFO:journalctl@ceph.mon.smithi169.smithi169.stdout:Apr 16 01:22:32 smithi169 ceph-89ce07de-fb8f-11ee-bc8f-c7b262605968-mon-smithi169[39684]: audit
2024-04-16T01:22:31.982751+0000 mon.smithi169 (mon.0) 82 : audit [DBG] from='mgr.14156 172.21.15.169:0/1736748893' entity='mgr.smithi169.inokak' cmd=[{"prefix": "config dump", "format": "json"}]: dispatch
2024-04-16T01:22:33.086 INFO:journalctl@ceph.mon.smithi169.smithi169.stdout:Apr 16 01:22:32 smithi169 ceph-89ce07de-fb8f-11ee-bc8f-c7b262605968-mon-smithi169[39684]: audit
2024-04-16T01:22:32.007737+0000 mon.smithi169 (mon.0) 83 : audit [INF] from='mgr.14156 172.21.15.169:0/1736748893' entity='mgr.smithi169.inokak' cmd=[{"prefix":"config rm","who":"mgr","name":"mgr/rbd_support/smithi169.inokak/mirror_snapshot_schedule"}]: dispatch
2024-04-16T01:22:33.086 INFO:journalctl@ceph.mon.smithi169.smithi169.stdout:Apr 16 01:22:32 smithi169 ceph-89ce07de-fb8f-11ee-bc8f-c7b262605968-mon-smithi169[39684]: audit
2024-04-16T01:22:32.009956+0000 mon.smithi169 (mon.0) 84 : audit [INF] from='mgr.14156 172.21.15.169:0/1736748893' entity='mgr.smithi169.inokak' cmd=[{"prefix":"config rm","who":"mgr","name":"mgr/rbd_support/smithi169.inokak/trash_purge_schedule"}]: dispatch
2024-04-16T01:22:33.086 INFO:journalctl@ceph.mon.smithi169.smithi169.stdout:Apr 16 01:22:32 smithi169 ceph-89ce07de-fb8f-11ee-bc8f-c7b262605968-mon-smithi169[39684]: cluster
2024-04-16T01:22:32.878869+0000 mon.smithi169 (mon.0) 85 : cluster [DBG] mgrmap e11: smithi169.inokak(active, since 1.00492s)
2024-04-16T01:22:33.909 INFO:teuthology.orchestra.run.smithi169.stderr:mgr epoch 9 is available
2024-04-16T01:22:33.909 INFO:teuthology.orchestra.run.smithi169.stderr:Generating a dashboard self-signed certificate...
2024-04-16T01:22:34.190 INFO:journalctl@ceph.mon.smithi169.smithi169.stdout:Apr 16 01:22:33 smithi169 ceph-89ce07de-fb8f-11ee-bc8f-c7b262605968-mon-smithi169[39684]: audit
2024-04-16T01:22:32.878368+0000 mgr.smithi169.inokak (mgr.14156) 1 : audit [DBG] from='client.14160 -' entity='client.admin' cmd=[{"prefix": "get_command_descriptions"}]: dispatch
2024-04-16T01:22:34.190 INFO:journalctl@ceph.mon.smithi169.smithi169.stdout:Apr 16 01:22:33 smithi169 ceph-89ce07de-fb8f-11ee-bc8f-c7b262605968-mon-smithi169[39684]: audit
2024-04-16T01:22:32.884483+0000 mgr.smithi169.inokak (mgr.14156) 2 : audit [DBG] from='client.14160 -' entity='client.admin' cmd=[{"prefix": "mgr_status"}]: dispatch
2024-04-16T01:22:34.468 INFO:teuthology.orchestra.run.smithi169.stderr:/usr/bin/ceph:
2024-04-16T01:22:34.432+0000 7fc80a5e5700 1 Processor -- start
2024-04-16T01:22:34.468 INFO:teuthology.orchestra.run.smithi169.stderr:/usr/bin/ceph:
2024-04-16T01:22:34.432+0000 7fc80a5e5700 1 -- start start
2024-04-16T01:22:34.468 INFO:teuthology.orchestra.run.smithi169.stderr:/usr/bin/ceph:
2024-04-16T01:22:34.432+0000 7fc80a5e5700 1 --2- >> [v2:172.21.15.169:3300/0,v1:172.21.15.169:6789/0] conn(0x7fc8040fcff0 0x7fc8040fd410 unknown :-1 s=NONE pgs=0 cs=0 l=0 rev1=0 rx=0 tx=0).connect
2024-04-16T01:22:34.468 INFO:teuthology.orchestra.run.smithi169.stderr:/usr/bin/ceph:
2024-04-16T01:22:34.432+0000 7fc80a5e5700 1 -- --> [v2:172.21.15.169:3300/0,v1:172.21.15.169:6789/0] -- mon_getmap magic: 0 v1 -- 0x7fc8040fd900 con 0x7fc8040fcff0
2024-04-16T01:22:34.468 INFO:teuthology.orchestra.run.smithi169.stderr:/usr/bin/ceph:
2024-04-16T01:22:34.432+0000 7fc803fff700 1 --2- >> [v2:172.21.15.169:3300/0,v1:172.21.15.169:6789/0] conn(0x7fc8040fcff0 0x7fc8040fd410 unknown :-1 s=BANNER_CONNECTING pgs=0 cs=0 l=0 rev1=0 rx=0 tx=0)._handle_peer_banner_payload supported=1 required=0
2024-04-16T01:22:34.468 INFO:teuthology.orchestra.run.smithi169.stderr:/usr/bin/ceph:
2024-04-16T01:22:34.432+0000 7fc803fff700 1 --2- >> [v2:172.21.15.169:3300/0,v1:172.21.15.169:6789/0] conn(0x7fc8040fcff0 0x7fc8040fd410 unknown :-1 s=HELLO_CONNECTING pgs=0 cs=0 l=0 rev1=1 rx=0 tx=0).handle_hello peer v2:172.21.15.169:3300/0 says I am v2:172.21.15.169:40406/0 (socket says 172.21.15.169:40406)
2024-04-16T01:22:34.468 INFO:teuthology.orchestra.run.smithi169.stderr:/usr/bin/ceph:
2024-04-16T01:22:34.432+0000 7fc803fff700 1 -- 172.21.15.169:0/3914689881 learned_addr learned my addr 172.21.15.169:0/3914689881 (peer_addr_for_me v2:172.21.15.169:0/0)
2024-04-16T01:22:34.468 INFO:teuthology.orchestra.run.smithi169.stderr:/usr/bin/ceph:
2024-04-16T01:22:34.432+0000 7fc803fff700 1 -- 172.21.15.169:0/3914689881 --> [v2:172.21.15.169:3300/0,v1:172.21.15.169:6789/0] -- mon_subscribe({config=0+,monmap=0+}) v3 -- 0x7fc8040fda40 con 0x7fc8040fcff0
2024-04-16T01:22:34.468 INFO:teuthology.orchestra.run.smithi169.stderr:/usr/bin/ceph:
2024-04-16T01:22:34.432+0000 7fc803fff700 1 --2- 172.21.15.169:0/3914689881 >> [v2:172.21.15.169:3300/0,v1:172.21.15.169:6789/0] conn(0x7fc8040fcff0 0x7fc8040fd410 secure :-1 s=READY pgs=72 cs=0 l=1 rev1=1 rx=0x7fc7f4009730 tx=0x7fc7f40090f0).ready entity=mon.0 client_cookie=2b66a8e094186236 server_cookie=0 in_seq=0 out_seq=0
2024-04-16T01:22:34.468 INFO:teuthology.orchestra.run.smithi169.stderr:/usr/bin/ceph:
2024-04-16T01:22:34.432+0000 7fc802ffd700 1 -- 172.21.15.169:0/3914689881 <== mon.0 v2:172.21.15.169:3300/0 1 ==== mon_map magic: 0 v1 ==== 229+0+0 (secure 0 0 0) 0x7fc7f400b6e0 con 0x7fc8040fcff0
2024-04-16T01:22:34.468 INFO:teuthology.orchestra.run.smithi169.stderr:/usr/bin/ceph:
2024-04-16T01:22:34.433+0000 7fc802ffd700 1 -- 172.21.15.169:0/3914689881 <== mon.0 v2:172.21.15.169:3300/0 2 ==== config(25 keys) v1 ==== 1046+0+0 (secure 0 0 0) 0x7fc7f400bcd0 con 0x7fc8040fcff0
2024-04-16T01:22:34.468 INFO:teuthology.orchestra.run.smithi169.stderr:/usr/bin/ceph:
2024-04-16T01:22:34.433+0000 7fc802ffd700 1 -- 172.21.15.169:0/3914689881 <== mon.0 v2:172.21.15.169:3300/0 3 ==== mon_map magic: 0 v1 ==== 229+0+0 (secure 0 0 0) 0x7fc7f4011cb0 con 0x7fc8040fcff0
2024-04-16T01:22:34.468 INFO:teuthology.orchestra.run.smithi169.stderr:/usr/bin/ceph:
2024-04-16T01:22:34.433+0000 7fc80a5e5700 1 -- 172.21.15.169:0/3914689881 >> [v2:172.21.15.169:3300/0,v1:172.21.15.169:6789/0] conn(0x7fc8040fcff0 msgr2=0x7fc8040fd410 secure :-1 s=STATE_CONNECTION_ESTABLISHED l=1).mark_down
2024-04-16T01:22:34.469 INFO:teuthology.orchestra.run.smithi169.stderr:/usr/bin/ceph:
2024-04-16T01:22:34.433+0000 7fc80a5e5700 1 --2- 172.21.15.169:0/3914689881 >> [v2:172.21.15.169:3300/0,v1:172.21.15.169:6789/0] conn(0x7fc8040fcff0 0x7fc8040fd410 secure :-1 s=READY pgs=72 cs=0 l=1 rev1=1 rx=0x7fc7f4009730 tx=0x7fc7f40090f0).stop
2024-04-16T01:22:34.469 INFO:teuthology.orchestra.run.smithi169.stderr:/usr/bin/ceph:
2024-04-16T01:22:34.433+0000 7fc80a5e5700 1 -- 172.21.15.169:0/3914689881 shutdown_connections
2024-04-16T01:22:34.469 INFO:teuthology.orchestra.run.smithi169.stderr:/usr/bin/ceph:
2024-04-16T01:22:34.433+0000 7fc80a5e5700 1 --2- 172.21.15.169:0/3914689881 >> [v2:172.21.15.169:3300/0,v1:172.21.15.169:6789/0] conn(0x7fc8040fcff0 0x7fc8040fd410 unknown :-1 s=CLOSED pgs=72 cs=0 l=1 rev1=1 rx=0 tx=0).stop
2024-04-16T01:22:34.469 INFO:teuthology.orchestra.run.smithi169.stderr:/usr/bin/ceph:
2024-04-16T01:22:34.433+0000 7fc80a5e5700 1 -- 172.21.15.169:0/3914689881 >> 172.21.15.169:0/3914689881 conn(0x7fc8040f8810 msgr2=0x7fc8040fac30 unknown :-1 s=STATE_NONE l=0).mark_down
2024-04-16T01:22:34.469 INFO:teuthology.orchestra.run.smithi169.stderr:/usr/bin/ceph:
2024-04-16T01:22:34.433+0000 7fc80a5e5700 1 -- 172.21.15.169:0/3914689881 shutdown_connections
2024-04-16T01:22:34.469 INFO:teuthology.orchestra.run.smithi169.stderr:/usr/bin/ceph:
2024-04-16T01:22:34.433+0000 7fc80a5e5700 1 -- 172.21.15.169:0/3914689881 wait complete.
2024-04-16T01:22:34.469 INFO:teuthology.orchestra.run.smithi169.stderr:/usr/bin/ceph:
2024-04-16T01:22:34.434+0000 7fc80a5e5700 1 Processor -- start
2024-04-16T01:22:34.469 INFO:teuthology.orchestra.run.smithi169.stderr:/usr/bin/ceph:
2024-04-16T01:22:34.434+0000 7fc80a5e5700 1 -- start start
2024-04-16T01:22:34.469 INFO:teuthology.orchestra.run.smithi169.stderr:/usr/bin/ceph:
2024-04-16T01:22:34.434+0000 7fc80a5e5700 1 --2- >> [v2:172.21.15.169:3300/0,v1:172.21.15.169:6789/0] conn(0x7fc8040fcff0 0x7fc80410beb0 unknown :-1 s=NONE pgs=0 cs=0 l=1 rev1=0 rx=0 tx=0).connect
2024-04-16T01:22:34.469 INFO:teuthology.orchestra.run.smithi169.stderr:/usr/bin/ceph:
2024-04-16T01:22:34.434+0000 7fc80a5e5700 1 -- --> [v2:172.21.15.169:3300/0,v1:172.21.15.169:6789/0] -- mon_getmap magic: 0 v1 -- 0x7fc80410c3a0 con 0x7fc8040fcff0
2024-04-16T01:22:34.469 INFO:teuthology.orchestra.run.smithi169.stderr:/usr/bin/ceph:
2024-04-16T01:22:34.434+0000 7fc803fff700 1 --2- >> [v2:172.21.15.169:3300/0,v1:172.21.15.169:6789/0] conn(0x7fc8040fcff0 0x7fc80410beb0 unknown :-1 s=BANNER_CONNECTING pgs=0 cs=0 l=1 rev1=0 rx=0 tx=0)._handle_peer_banner_payload supported=1 required=0
2024-04-16T01:22:34.469 INFO:teuthology.orchestra.run.smithi169.stderr:/usr/bin/ceph:
2024-04-16T01:22:34.434+0000 7fc803fff700 1 --2- >> [v2:172.21.15.169:3300/0,v1:172.21.15.169:6789/0] conn(0x7fc8040fcff0 0x7fc80410beb0 unknown :-1 s=HELLO_CONNECTING pgs=0 cs=0 l=1 rev1=1 rx=0 tx=0).handle_hello peer v2:172.21.15.169:3300/0 says I am v2:172.21.15.169:40420/0 (socket says 172.21.15.169:40420)
2024-04-16T01:22:34.469 INFO:teuthology.orchestra.run.smithi169.stderr:/usr/bin/ceph:
2024-04-16T01:22:34.434+0000 7fc803fff700 1 -- 172.21.15.169:0/1057767674 learned_addr learned my addr 172.21.15.169:0/1057767674 (peer_addr_for_me v2:172.21.15.169:0/0)
2024-04-16T01:22:34.469 INFO:teuthology.orchestra.run.smithi169.stderr:/usr/bin/ceph:
2024-04-16T01:22:34.434+0000 7fc803fff700 1 -- 172.21.15.169:0/1057767674 --> [v2:172.21.15.169:3300/0,v1:172.21.15.169:6789/0] -- mon_subscribe({config=0+,monmap=0+}) v3 -- 0x7fc7f4009370 con 0x7fc8040fcff0
2024-04-16T01:22:34.469 INFO:teuthology.orchestra.run.smithi169.stderr:/usr/bin/ceph:
2024-04-16T01:22:34.434+0000 7fc803fff700 1 --2- 172.21.15.169:0/1057767674 >> [v2:172.21.15.169:3300/0,v1:172.21.15.169:6789/0] conn(0x7fc8040fcff0 0x7fc80410beb0 secure :-1 s=READY pgs=73 cs=0 l=1 rev1=1 rx=0x7fc7f40118b0 tx=0x7fc7f40090f0).ready entity=mon.0 client_cookie=0 server_cookie=0 in_seq=0 out_seq=0
2024-04-16T01:22:34.470 INFO:teuthology.orchestra.run.smithi169.stderr:/usr/bin/ceph:
2024-04-16T01:22:34.435+0000 7fc8017fa700 1 -- 172.21.15.169:0/1057767674 <== mon.0 v2:172.21.15.169:3300/0 1 ==== mon_map magic: 0 v1 ==== 229+0+0 (secure 0 0 0) 0x7fc7f400be40 con 0x7fc8040fcff0
2024-04-16T01:22:34.470 INFO:teuthology.orchestra.run.smithi169.stderr:/usr/bin/ceph:
2024-04-16T01:22:34.435+0000 7fc8017fa700 1 -- 172.21.15.169:0/1057767674 <== mon.0 v2:172.21.15.169:3300/0 2 ==== config(25 keys) v1 ==== 1046+0+0 (secure 0 0 0) 0x7fc7f400bad0 con 0x7fc8040fcff0
2024-04-16T01:22:34.470 INFO:teuthology.orchestra.run.smithi169.stderr:/usr/bin/ceph:
2024-04-16T01:22:34.435+0000 7fc80a5e5700 1 -- 172.21.15.169:0/1057767674 --> [v2:172.21.15.169:3300/0,v1:172.21.15.169:6789/0] -- mon_subscribe({mgrmap=0+}) v3 -- 0x7fc80410c5a0 con 0x7fc8040fcff0
2024-04-16T01:22:34.470 INFO:teuthology.orchestra.run.smithi169.stderr:/usr/bin/ceph:
2024-04-16T01:22:34.435+0000 7fc8017fa700 1 -- 172.21.15.169:0/1057767674 <== mon.0 v2:172.21.15.169:3300/0 3 ==== mon_map magic: 0 v1 ==== 229+0+0 (secure 0 0 0) 0x7fc7f401aaa0 con 0x7fc8040fcff0
2024-04-16T01:22:34.470 INFO:teuthology.orchestra.run.smithi169.stderr:/usr/bin/ceph:
2024-04-16T01:22:34.435+0000 7fc80a5e5700 1 -- 172.21.15.169:0/1057767674 --> [v2:172.21.15.169:3300/0,v1:172.21.15.169:6789/0] -- mon_subscribe({osdmap=0}) v3 -- 0x7fc80410c9b0 con 0x7fc8040fcff0
2024-04-16T01:22:34.470 INFO:teuthology.orchestra.run.smithi169.stderr:/usr/bin/ceph:
2024-04-16T01:22:34.435+0000 7fc8017fa700 1 -- 172.21.15.169:0/1057767674 <== mon.0 v2:172.21.15.169:3300/0 4 ==== mgrmap(e 12) v1 ==== 38645+0+0 (secure 0 0 0) 0x7fc7f4023410 con 0x7fc8040fcff0
2024-04-16T01:22:34.470 INFO:teuthology.orchestra.run.smithi169.stderr:/usr/bin/ceph:
2024-04-16T01:22:34.435+0000 7fc80a5e5700 1 -- 172.21.15.169:0/1057767674 --> [v2:172.21.15.169:3300/0,v1:172.21.15.169:6789/0] -- mon_command({"prefix": "get_command_descriptions"} v 0) v1 -- 0x7fc804046ce0 con 0x7fc8040fcff0
2024-04-16T01:22:34.470 INFO:teuthology.orchestra.run.smithi169.stderr:/usr/bin/ceph:
