2024-04-16T01:21:54.309+0000 7efc1b7fe700 1 --2- >> [v2:172.21.15.169:3300/0,v1:172.21.15.169:6789/0] conn(0x7efc1c0fbed0 0x7efc1c10ea70 unknown :-1 s=BANNER_CONNECTING pgs=0 cs=0 l=1 rev1=0 rx=0 tx=0)._handle_peer_banner_payload supported=1 required=0
2024-04-16T01:21:54.314 INFO:teuthology.orchestra.run.smithi169.stderr:/usr/bin/ceph:
2024-04-16T01:21:54.309+0000 7efc1b7fe700 1 --2- >> [v2:172.21.15.169:3300/0,v1:172.21.15.169:6789/0] conn(0x7efc1c0fbed0 0x7efc1c10ea70 unknown :-1 s=HELLO_CONNECTING pgs=0 cs=0 l=1 rev1=1 rx=0 tx=0).handle_hello peer v2:172.21.15.169:3300/0 says I am v2:172.21.15.169:36518/0 (socket says 172.21.15.169:36518)
2024-04-16T01:21:54.314 INFO:teuthology.orchestra.run.smithi169.stderr:/usr/bin/ceph:
2024-04-16T01:21:54.309+0000 7efc1b7fe700 1 -- 172.21.15.169:0/3280040323 learned_addr learned my addr 172.21.15.169:0/3280040323 (peer_addr_for_me v2:172.21.15.169:0/0)
2024-04-16T01:21:54.314 INFO:teuthology.orchestra.run.smithi169.stderr:/usr/bin/ceph:
2024-04-16T01:21:54.309+0000 7efc1b7fe700 1 -- 172.21.15.169:0/3280040323 --> [v2:172.21.15.169:3300/0,v1:172.21.15.169:6789/0] -- mon_subscribe({config=0+,monmap=0+}) v3 -- 0x7efc0c009370 con 0x7efc1c0fbed0
2024-04-16T01:21:54.314 INFO:teuthology.orchestra.run.smithi169.stderr:/usr/bin/ceph:
2024-04-16T01:21:54.309+0000 7efc1b7fe700 1 --2- 172.21.15.169:0/3280040323 >> [v2:172.21.15.169:3300/0,v1:172.21.15.169:6789/0] conn(0x7efc1c0fbed0 0x7efc1c10ea70 secure :-1 s=READY pgs=19 cs=0 l=1 rev1=1 rx=0x7efc0c0115c0 tx=0x7efc0c0090f0).ready entity=mon.0 client_cookie=0 server_cookie=0 in_seq=0 out_seq=0
2024-04-16T01:21:54.314 INFO:teuthology.orchestra.run.smithi169.stderr:/usr/bin/ceph:
2024-04-16T01:21:54.310+0000 7efc18ff9700 1 -- 172.21.15.169:0/3280040323 <== mon.0 v2:172.21.15.169:3300/0 1 ==== mon_map magic: 0 v1 ==== 229+0+0 (secure 0 0 0) 0x7efc0c01a610 con 0x7efc1c0fbed0
2024-04-16T01:21:54.314 INFO:teuthology.orchestra.run.smithi169.stderr:/usr/bin/ceph:
2024-04-16T01:21:54.310+0000 7efc18ff9700 1 -- 172.21.15.169:0/3280040323 <== mon.0 v2:172.21.15.169:3300/0 2 ==== config(25 keys) v1 ==== 982+0+0 (secure 0 0 0) 0x7efc0c01abc0 con 0x7efc1c0fbed0
2024-04-16T01:21:54.314 INFO:teuthology.orchestra.run.smithi169.stderr:/usr/bin/ceph:
2024-04-16T01:21:54.310+0000 7efc221a1700 1 -- 172.21.15.169:0/3280040323 --> [v2:172.21.15.169:3300/0,v1:172.21.15.169:6789/0] -- mon_subscribe({mgrmap=0+}) v3 -- 0x7efc1c071ee0 con 0x7efc1c0fbed0
2024-04-16T01:21:54.314 INFO:teuthology.orchestra.run.smithi169.stderr:/usr/bin/ceph:
2024-04-16T01:21:54.310+0000 7efc18ff9700 1 -- 172.21.15.169:0/3280040323 <== mon.0 v2:172.21.15.169:3300/0 3 ==== mon_map magic: 0 v1 ==== 229+0+0 (secure 0 0 0) 0x7efc0c022a40 con 0x7efc1c0fbed0
2024-04-16T01:21:54.315 INFO:teuthology.orchestra.run.smithi169.stderr:/usr/bin/ceph:
2024-04-16T01:21:54.310+0000 7efc221a1700 1 -- 172.21.15.169:0/3280040323 --> [v2:172.21.15.169:3300/0,v1:172.21.15.169:6789/0] -- mon_subscribe({osdmap=0}) v3 -- 0x7efc1c10f120 con 0x7efc1c0fbed0
2024-04-16T01:21:54.315 INFO:teuthology.orchestra.run.smithi169.stderr:/usr/bin/ceph:
2024-04-16T01:21:54.310+0000 7efc18ff9700 1 -- 172.21.15.169:0/3280040323 <== mon.0 v2:172.21.15.169:3300/0 4 ==== mgrmap(e 4) v1 ==== 38621+0+0 (secure 0 0 0) 0x7efc0c022cb0 con 0x7efc1c0fbed0
2024-04-16T01:21:54.315 INFO:teuthology.orchestra.run.smithi169.stderr:/usr/bin/ceph:
2024-04-16T01:21:54.311+0000 7efc18ff9700 1 --2- 172.21.15.169:0/3280040323 >> [v2:172.21.15.169:6800/2790387253,v1:172.21.15.169:6801/2790387253] conn(0x7efc040325e0 0x7efc04034aa0 unknown :-1 s=NONE pgs=0 cs=0 l=1 rev1=0 rx=0 tx=0).connect
2024-04-16T01:21:54.316 INFO:teuthology.orchestra.run.smithi169.stderr:/usr/bin/ceph:
2024-04-16T01:21:54.311+0000 7efc18ff9700 1 -- 172.21.15.169:0/3280040323 <== mon.0 v2:172.21.15.169:3300/0 5 ==== osd_map(1..1 src has 1..1) v4 ==== 721+0+0 (secure 0 0 0) 0x7efc0c044650 con 0x7efc1c0fbed0
2024-04-16T01:21:54.316 INFO:teuthology.orchestra.run.smithi169.stderr:/usr/bin/ceph:
2024-04-16T01:21:54.311+0000 7efc1affd700 1 --2- 172.21.15.169:0/3280040323 >> [v2:172.21.15.169:6800/2790387253,v1:172.21.15.169:6801/2790387253] conn(0x7efc040325e0 0x7efc04034aa0 unknown :-1 s=BANNER_CONNECTING pgs=0 cs=0 l=1 rev1=0 rx=0 tx=0)._handle_peer_banner_payload supported=1 required=0
2024-04-16T01:21:54.316 INFO:teuthology.orchestra.run.smithi169.stderr:/usr/bin/ceph:
2024-04-16T01:21:54.311+0000 7efc221a1700 1 -- 172.21.15.169:0/3280040323 --> [v2:172.21.15.169:3300/0,v1:172.21.15.169:6789/0] -- mon_command({"prefix": "get_command_descriptions"} v 0) v1 -- 0x7efc1c046ce0 con 0x7efc1c0fbed0
2024-04-16T01:21:54.316 INFO:teuthology.orchestra.run.smithi169.stderr:/usr/bin/ceph:
2024-04-16T01:21:54.311+0000 7efc1affd700 1 --2- 172.21.15.169:0/3280040323 >> [v2:172.21.15.169:6800/2790387253,v1:172.21.15.169:6801/2790387253] conn(0x7efc040325e0 0x7efc04034aa0 secure :-1 s=READY pgs=7 cs=0 l=1 rev1=1 rx=0x7efc10009780 tx=0x7efc10006cc0).ready entity=mgr.14100 client_cookie=0 server_cookie=0 in_seq=0 out_seq=0
2024-04-16T01:21:54.317 INFO:teuthology.orchestra.run.smithi169.stderr:/usr/bin/ceph:
2024-04-16T01:21:54.316+0000 7efc18ff9700 1 -- 172.21.15.169:0/3280040323 <== mon.0 v2:172.21.15.169:3300/0 6 ==== mon_command_ack([{"prefix": "get_command_descriptions"}]=0 v0) v1 ==== 72+0+163658 (secure 0 0 0) 0x7efc0c01e070 con 0x7efc1c0fbed0
2024-04-16T01:21:54.519 INFO:teuthology.orchestra.run.smithi169.stderr:/usr/bin/ceph:
2024-04-16T01:21:54.517+0000 7efc221a1700 1 -- 172.21.15.169:0/3280040323 --> [v2:172.21.15.169:3300/0,v1:172.21.15.169:6789/0] -- mon_command({"prefix": "mgr module enable", "module": "cephadm"} v 0) v1 -- 0x7efc1c104c80 con 0x7efc1c0fbed0
2024-04-16T01:21:54.572 INFO:teuthology.orchestra.run.smithi169.stderr:/usr/bin/ceph:
2024-04-16T01:21:54.569+0000 7efc18ff9700 1 -- 172.21.15.169:0/3280040323 <== mon.0 v2:172.21.15.169:3300/0 7 ==== mgrmap(e 5) v1 ==== 38632+0+0 (secure 0 0 0) 0x7efc0c0198b0 con 0x7efc1c0fbed0
2024-04-16T01:21:54.572 INFO:teuthology.orchestra.run.smithi169.stderr:/usr/bin/ceph:
2024-04-16T01:21:54.571+0000 7efc18ff9700 1 -- 172.21.15.169:0/3280040323 <== mon.0 v2:172.21.15.169:3300/0 8 ==== mon_command_ack([{"prefix": "mgr module enable", "module": "cephadm"}]=0 v5) v1 ==== 86+0+0 (secure 0 0 0) 0x7efc0c0216e0 con 0x7efc1c0fbed0
2024-04-16T01:21:54.575 INFO:teuthology.orchestra.run.smithi169.stderr:/usr/bin/ceph:
2024-04-16T01:21:54.572+0000 7efc221a1700 1 -- 172.21.15.169:0/3280040323 >> [v2:172.21.15.169:6800/2790387253,v1:172.21.15.169:6801/2790387253] conn(0x7efc040325e0 msgr2=0x7efc04034aa0 secure :-1 s=STATE_CONNECTION_ESTABLISHED l=1).mark_down
2024-04-16T01:21:54.575 INFO:teuthology.orchestra.run.smithi169.stderr:/usr/bin/ceph:
2024-04-16T01:21:54.573+0000 7efc221a1700 1 --2- 172.21.15.169:0/3280040323 >> [v2:172.21.15.169:6800/2790387253,v1:172.21.15.169:6801/2790387253] conn(0x7efc040325e0 0x7efc04034aa0 secure :-1 s=READY pgs=7 cs=0 l=1 rev1=1 rx=0x7efc10009780 tx=0x7efc10006cc0).stop
2024-04-16T01:21:54.576 INFO:teuthology.orchestra.run.smithi169.stderr:/usr/bin/ceph:
2024-04-16T01:21:54.573+0000 7efc221a1700 1 -- 172.21.15.169:0/3280040323 >> [v2:172.21.15.169:3300/0,v1:172.21.15.169:6789/0] conn(0x7efc1c0fbed0 msgr2=0x7efc1c10ea70 secure :-1 s=STATE_CONNECTION_ESTABLISHED l=1).mark_down
2024-04-16T01:21:54.576 INFO:teuthology.orchestra.run.smithi169.stderr:/usr/bin/ceph:
2024-04-16T01:21:54.573+0000 7efc221a1700 1 --2- 172.21.15.169:0/3280040323 >> [v2:172.21.15.169:3300/0,v1:172.21.15.169:6789/0] conn(0x7efc1c0fbed0 0x7efc1c10ea70 secure :-1 s=READY pgs=19 cs=0 l=1 rev1=1 rx=0x7efc0c0115c0 tx=0x7efc0c0090f0).stop
2024-04-16T01:21:54.576 INFO:teuthology.orchestra.run.smithi169.stderr:/usr/bin/ceph:
2024-04-16T01:21:54.573+0000 7efc221a1700 1 -- 172.21.15.169:0/3280040323 shutdown_connections
2024-04-16T01:21:54.576 INFO:teuthology.orchestra.run.smithi169.stderr:/usr/bin/ceph:
2024-04-16T01:21:54.573+0000 7efc221a1700 1 --2- 172.21.15.169:0/3280040323 >> [v2:172.21.15.169:6800/2790387253,v1:172.21.15.169:6801/2790387253] conn(0x7efc040325e0 0x7efc04034aa0 unknown :-1 s=CLOSED pgs=7 cs=0 l=1 rev1=1 rx=0 tx=0).stop
2024-04-16T01:21:54.576 INFO:teuthology.orchestra.run.smithi169.stderr:/usr/bin/ceph:
2024-04-16T01:21:54.573+0000 7efc221a1700 1 --2- 172.21.15.169:0/3280040323 >> [v2:172.21.15.169:3300/0,v1:172.21.15.169:6789/0] conn(0x7efc1c0fbed0 0x7efc1c10ea70 unknown :-1 s=CLOSED pgs=19 cs=0 l=1 rev1=1 rx=0 tx=0).stop
2024-04-16T01:21:54.576 INFO:teuthology.orchestra.run.smithi169.stderr:/usr/bin/ceph:
2024-04-16T01:21:54.573+0000 7efc221a1700 1 -- 172.21.15.169:0/3280040323 >> 172.21.15.169:0/3280040323 conn(0x7efc1c0f76f0 msgr2=0x7efc1c0f9130 unknown :-1 s=STATE_NONE l=0).mark_down
2024-04-16T01:21:54.576 INFO:teuthology.orchestra.run.smithi169.stderr:/usr/bin/ceph:
2024-04-16T01:21:54.573+0000 7efc221a1700 1 -- 172.21.15.169:0/3280040323 shutdown_connections
2024-04-16T01:21:54.576 INFO:teuthology.orchestra.run.smithi169.stderr:/usr/bin/ceph:
2024-04-16T01:21:54.573+0000 7efc221a1700 1 -- 172.21.15.169:0/3280040323 wait complete.
2024-04-16T01:21:54.835 INFO:journalctl@ceph.mon.smithi169.smithi169.stdout:Apr 16 01:21:54 smithi169 ceph-89ce07de-fb8f-11ee-bc8f-c7b262605968-mon-smithi169[39684]: audit
2024-04-16T01:21:54.519002+0000 mon.smithi169 (mon.0) 26 : audit [INF] from='client.? 172.21.15.169:0/3280040323' entity='client.admin' cmd=[{"prefix": "mgr module enable", "module": "cephadm"}]: dispatch
2024-04-16T01:21:55.601 INFO:journalctl@ceph.mon.smithi169.smithi169.stdout:Apr 16 01:21:55 smithi169 ceph-89ce07de-fb8f-11ee-bc8f-c7b262605968-mon-smithi169[39684]: audit
2024-04-16T01:21:54.572026+0000 mon.smithi169 (mon.0) 27 : audit [INF] from='client.? 172.21.15.169:0/3280040323' entity='client.admin' cmd='[{"prefix": "mgr module enable", "module": "cephadm"}]': finished
2024-04-16T01:21:55.601 INFO:journalctl@ceph.mon.smithi169.smithi169.stdout:Apr 16 01:21:55 smithi169 ceph-89ce07de-fb8f-11ee-bc8f-c7b262605968-mon-smithi169[39684]: cluster
2024-04-16T01:21:54.572100+0000 mon.smithi169 (mon.0) 28 : cluster [DBG] mgrmap e5: smithi169.inokak(active, since 5s)
2024-04-16T01:21:55.996 INFO:teuthology.orchestra.run.smithi169.stderr:/usr/bin/ceph:
2024-04-16T01:21:55.992+0000 7fb5ee353700 1 Processor -- start
2024-04-16T01:21:55.996 INFO:teuthology.orchestra.run.smithi169.stderr:/usr/bin/ceph:
2024-04-16T01:21:55.992+0000 7fb5ee353700 1 -- start start
2024-04-16T01:21:55.996 INFO:teuthology.orchestra.run.smithi169.stderr:/usr/bin/ceph:
2024-04-16T01:21:55.992+0000 7fb5ee353700 1 --2- >> [v2:172.21.15.169:3300/0,v1:172.21.15.169:6789/0] conn(0x7fb5e8071c00 0x7fb5e80ffc90 unknown :-1 s=NONE pgs=0 cs=0 l=0 rev1=0 rx=0 tx=0).connect
2024-04-16T01:21:55.996 INFO:teuthology.orchestra.run.smithi169.stderr:/usr/bin/ceph:
2024-04-16T01:21:55.992+0000 7fb5ee353700 1 -- --> [v2:172.21.15.169:3300/0,v1:172.21.15.169:6789/0] -- mon_getmap magic: 0 v1 -- 0x7fb5e8100180 con 0x7fb5e8071c00
2024-04-16T01:21:55.996 INFO:teuthology.orchestra.run.smithi169.stderr:/usr/bin/ceph:
2024-04-16T01:21:55.992+0000 7fb5e7fff700 1 --2- >> [v2:172.21.15.169:3300/0,v1:172.21.15.169:6789/0] conn(0x7fb5e8071c00 0x7fb5e80ffc90 unknown :-1 s=BANNER_CONNECTING pgs=0 cs=0 l=0 rev1=0 rx=0 tx=0)._handle_peer_banner_payload supported=1 required=0
2024-04-16T01:21:55.996 INFO:teuthology.orchestra.run.smithi169.stderr:/usr/bin/ceph:
2024-04-16T01:21:55.992+0000 7fb5e7fff700 1 --2- >> [v2:172.21.15.169:3300/0,v1:172.21.15.169:6789/0] conn(0x7fb5e8071c00 0x7fb5e80ffc90 unknown :-1 s=HELLO_CONNECTING pgs=0 cs=0 l=0 rev1=1 rx=0 tx=0).handle_hello peer v2:172.21.15.169:3300/0 says I am v2:172.21.15.169:36548/0 (socket says 172.21.15.169:36548)
2024-04-16T01:21:55.997 INFO:teuthology.orchestra.run.smithi169.stderr:/usr/bin/ceph:
2024-04-16T01:21:55.992+0000 7fb5e7fff700 1 -- 172.21.15.169:0/3862819397 learned_addr learned my addr 172.21.15.169:0/3862819397 (peer_addr_for_me v2:172.21.15.169:0/0)
2024-04-16T01:21:55.997 INFO:teuthology.orchestra.run.smithi169.stderr:/usr/bin/ceph:
2024-04-16T01:21:55.993+0000 7fb5e7fff700 1 -- 172.21.15.169:0/3862819397 --> [v2:172.21.15.169:3300/0,v1:172.21.15.169:6789/0] -- mon_subscribe({config=0+,monmap=0+}) v3 -- 0x7fb5e81002c0 con 0x7fb5e8071c00
2024-04-16T01:21:55.997 INFO:teuthology.orchestra.run.smithi169.stderr:/usr/bin/ceph:
2024-04-16T01:21:55.993+0000 7fb5e7fff700 1 --2- 172.21.15.169:0/3862819397 >> [v2:172.21.15.169:3300/0,v1:172.21.15.169:6789/0] conn(0x7fb5e8071c00 0x7fb5e80ffc90 secure :-1 s=READY pgs=22 cs=0 l=1 rev1=1 rx=0x7fb5d8009730 tx=0x7fb5d80090f0).ready entity=mon.0 client_cookie=ecd42c5d080c2ef2 server_cookie=0 in_seq=0 out_seq=0
2024-04-16T01:21:55.997 INFO:teuthology.orchestra.run.smithi169.stderr:/usr/bin/ceph:
2024-04-16T01:21:55.993+0000 7fb5e6ffd700 1 -- 172.21.15.169:0/3862819397 <== mon.0 v2:172.21.15.169:3300/0 1 ==== mon_map magic: 0 v1 ==== 229+0+0 (secure 0 0 0) 0x7fb5d800b6e0 con 0x7fb5e8071c00
2024-04-16T01:21:55.997 INFO:teuthology.orchestra.run.smithi169.stderr:/usr/bin/ceph:
2024-04-16T01:21:55.993+0000 7fb5e6ffd700 1 -- 172.21.15.169:0/3862819397 <== mon.0 v2:172.21.15.169:3300/0 2 ==== config(25 keys) v1 ==== 982+0+0 (secure 0 0 0) 0x7fb5d800bc90 con 0x7fb5e8071c00
2024-04-16T01:21:55.997 INFO:teuthology.orchestra.run.smithi169.stderr:/usr/bin/ceph:
2024-04-16T01:21:55.993+0000 7fb5e6ffd700 1 -- 172.21.15.169:0/3862819397 <== mon.0 v2:172.21.15.169:3300/0 3 ==== mon_map magic: 0 v1 ==== 229+0+0 (secure 0 0 0) 0x7fb5d8011c70 con 0x7fb5e8071c00
2024-04-16T01:21:55.997 INFO:teuthology.orchestra.run.smithi169.stderr:/usr/bin/ceph:
2024-04-16T01:21:55.993+0000 7fb5ee353700 1 -- 172.21.15.169:0/3862819397 >> [v2:172.21.15.169:3300/0,v1:172.21.15.169:6789/0] conn(0x7fb5e8071c00 msgr2=0x7fb5e80ffc90 secure :-1 s=STATE_CONNECTION_ESTABLISHED l=1).mark_down
2024-04-16T01:21:55.997 INFO:teuthology.orchestra.run.smithi169.stderr:/usr/bin/ceph:
2024-04-16T01:21:55.993+0000 7fb5ee353700 1 --2- 172.21.15.169:0/3862819397 >> [v2:172.21.15.169:3300/0,v1:172.21.15.169:6789/0] conn(0x7fb5e8071c00 0x7fb5e80ffc90 secure :-1 s=READY pgs=22 cs=0 l=1 rev1=1 rx=0x7fb5d8009730 tx=0x7fb5d80090f0).stop
2024-04-16T01:21:55.997 INFO:teuthology.orchestra.run.smithi169.stderr:/usr/bin/ceph:
2024-04-16T01:21:55.993+0000 7fb5ee353700 1 -- 172.21.15.169:0/3862819397 shutdown_connections
2024-04-16T01:21:55.997 INFO:teuthology.orchestra.run.smithi169.stderr:/usr/bin/ceph:
2024-04-16T01:21:55.993+0000 7fb5ee353700 1 --2- 172.21.15.169:0/3862819397 >> [v2:172.21.15.169:3300/0,v1:172.21.15.169:6789/0] conn(0x7fb5e8071c00 0x7fb5e80ffc90 unknown :-1 s=CLOSED pgs=22 cs=0 l=1 rev1=1 rx=0 tx=0).stop
2024-04-16T01:21:55.997 INFO:teuthology.orchestra.run.smithi169.stderr:/usr/bin/ceph:
2024-04-16T01:21:55.994+0000 7fb5ee353700 1 -- 172.21.15.169:0/3862819397 >> 172.21.15.169:0/3862819397 conn(0x7fb5e80f76f0 msgr2=0x7fb5e80f9b10 unknown :-1 s=STATE_NONE l=0).mark_down
2024-04-16T01:21:55.997 INFO:teuthology.orchestra.run.smithi169.stderr:/usr/bin/ceph:
2024-04-16T01:21:55.994+0000 7fb5ee353700 1 -- 172.21.15.169:0/3862819397 shutdown_connections
2024-04-16T01:21:55.997 INFO:teuthology.orchestra.run.smithi169.stderr:/usr/bin/ceph:
2024-04-16T01:21:55.994+0000 7fb5ee353700 1 -- 172.21.15.169:0/3862819397 wait complete.
2024-04-16T01:21:55.997 INFO:teuthology.orchestra.run.smithi169.stderr:/usr/bin/ceph:
2024-04-16T01:21:55.994+0000 7fb5ee353700 1 Processor -- start
2024-04-16T01:21:55.998 INFO:teuthology.orchestra.run.smithi169.stderr:/usr/bin/ceph:
2024-04-16T01:21:55.994+0000 7fb5ee353700 1 -- start start
2024-04-16T01:21:56.000 INFO:teuthology.orchestra.run.smithi169.stderr:/usr/bin/ceph:
2024-04-16T01:21:55.994+0000 7fb5ee353700 1 --2- >> [v2:172.21.15.169:3300/0,v1:172.21.15.169:6789/0] conn(0x7fb5e8071c00 0x7fb5e810be50 unknown :-1 s=NONE pgs=0 cs=0 l=1 rev1=0 rx=0 tx=0).connect
2024-04-16T01:21:56.000 INFO:teuthology.orchestra.run.smithi169.stderr:/usr/bin/ceph:
2024-04-16T01:21:55.994+0000 7fb5ee353700 1 -- --> [v2:172.21.15.169:3300/0,v1:172.21.15.169:6789/0] -- mon_getmap magic: 0 v1 -- 0x7fb5e810c340 con 0x7fb5e8071c00
2024-04-16T01:21:56.000 INFO:teuthology.orchestra.run.smithi169.stderr:/usr/bin/ceph:
2024-04-16T01:21:55.995+0000 7fb5e7fff700 1 --2- >> [v2:172.21.15.169:3300/0,v1:172.21.15.169:6789/0] conn(0x7fb5e8071c00 0x7fb5e810be50 unknown :-1 s=BANNER_CONNECTING pgs=0 cs=0 l=1 rev1=0 rx=0 tx=0)._handle_peer_banner_payload supported=1 required=0
2024-04-16T01:21:56.000 INFO:teuthology.orchestra.run.smithi169.stderr:/usr/bin/ceph:
2024-04-16T01:21:55.995+0000 7fb5e7fff700 1 --2- >> [v2:172.21.15.169:3300/0,v1:172.21.15.169:6789/0] conn(0x7fb5e8071c00 0x7fb5e810be50 unknown :-1 s=HELLO_CONNECTING pgs=0 cs=0 l=1 rev1=1 rx=0 tx=0).handle_hello peer v2:172.21.15.169:3300/0 says I am v2:172.21.15.169:36562/0 (socket says 172.21.15.169:36562)
2024-04-16T01:21:56.000 INFO:teuthology.orchestra.run.smithi169.stderr:/usr/bin/ceph:
2024-04-16T01:21:55.995+0000 7fb5e7fff700 1 -- 172.21.15.169:0/2065286161 learned_addr learned my addr 172.21.15.169:0/2065286161 (peer_addr_for_me v2:172.21.15.169:0/0)
2024-04-16T01:21:56.000 INFO:teuthology.orchestra.run.smithi169.stderr:/usr/bin/ceph:
2024-04-16T01:21:55.995+0000 7fb5e7fff700 1 -- 172.21.15.169:0/2065286161 --> [v2:172.21.15.169:3300/0,v1:172.21.15.169:6789/0] -- mon_subscribe({config=0+,monmap=0+}) v3 -- 0x7fb5d8009370 con 0x7fb5e8071c00
2024-04-16T01:21:56.000 INFO:teuthology.orchestra.run.smithi169.stderr:/usr/bin/ceph:
2024-04-16T01:21:55.995+0000 7fb5e7fff700 1 --2- 172.21.15.169:0/2065286161 >> [v2:172.21.15.169:3300/0,v1:172.21.15.169:6789/0] conn(0x7fb5e8071c00 0x7fb5e810be50 secure :-1 s=READY pgs=23 cs=0 l=1 rev1=1 rx=0x7fb5d8011870 tx=0x7fb5d80090f0).ready entity=mon.0 client_cookie=0 server_cookie=0 in_seq=0 out_seq=0
2024-04-16T01:21:56.000 INFO:teuthology.orchestra.run.smithi169.stderr:/usr/bin/ceph:
2024-04-16T01:21:55.995+0000 7fb5e57fa700 1 -- 172.21.15.169:0/2065286161 <== mon.0 v2:172.21.15.169:3300/0 1 ==== mon_map magic: 0 v1 ==== 229+0+0 (secure 0 0 0) 0x7fb5d8011400 con 0x7fb5e8071c00
2024-04-16T01:21:56.000 INFO:teuthology.orchestra.run.smithi169.stderr:/usr/bin/ceph:
2024-04-16T01:21:55.995+0000 7fb5e57fa700 1 -- 172.21.15.169:0/2065286161 <== mon.0 v2:172.21.15.169:3300/0 2 ==== config(25 keys) v1 ==== 982+0+0 (secure 0 0 0) 0x7fb5d8011a90 con 0x7fb5e8071c00
2024-04-16T01:21:56.000 INFO:teuthology.orchestra.run.smithi169.stderr:/usr/bin/ceph:
2024-04-16T01:21:55.995+0000 7fb5ee353700 1 -- 172.21.15.169:0/2065286161 --> [v2:172.21.15.169:3300/0,v1:172.21.15.169:6789/0] -- mon_subscribe({mgrmap=0+}) v3 -- 0x7fb5e810c540 con 0x7fb5e8071c00
2024-04-16T01:21:56.000 INFO:teuthology.orchestra.run.smithi169.stderr:/usr/bin/ceph:
2024-04-16T01:21:55.995+0000 7fb5e57fa700 1 -- 172.21.15.169:0/2065286161 <== mon.0 v2:172.21.15.169:3300/0 3 ==== mon_map magic: 0 v1 ==== 229+0+0 (secure 0 0 0) 0x7fb5d801a9f0 con 0x7fb5e8071c00
2024-04-16T01:21:56.000 INFO:teuthology.orchestra.run.smithi169.stderr:/usr/bin/ceph:
2024-04-16T01:21:55.995+0000 7fb5ee353700 1 -- 172.21.15.169:0/2065286161 --> [v2:172.21.15.169:3300/0,v1:172.21.15.169:6789/0] -- mon_subscribe({osdmap=0}) v3 -- 0x7fb5e810c950 con 0x7fb5e8071c00
2024-04-16T01:21:56.001 INFO:teuthology.orchestra.run.smithi169.stderr:/usr/bin/ceph:
2024-04-16T01:21:55.996+0000 7fb5e57fa700 1 -- 172.21.15.169:0/2065286161 <== mon.0 v2:172.21.15.169:3300/0 4 ==== mgrmap(e 5) v1 ==== 38632+0+0 (secure 0 0 0) 0x7fb5d801ab50 con 0x7fb5e8071c00
2024-04-16T01:21:56.001 INFO:teuthology.orchestra.run.smithi169.stderr:/usr/bin/ceph:
2024-04-16T01:21:55.996+0000 7fb5ee353700 1 -- 172.21.15.169:0/2065286161 --> [v2:172.21.15.169:3300/0,v1:172.21.15.169:6789/0] -- mon_command({"prefix": "get_command_descriptions"} v 0) v1 -- 0x7fb5e8046ce0 con 0x7fb5e8071c00
2024-04-16T01:21:56.001 INFO:teuthology.orchestra.run.smithi169.stderr:/usr/bin/ceph:
2024-04-16T01:21:55.996+0000 7fb5e57fa700 1 --2- 172.21.15.169:0/2065286161 >> [v2:172.21.15.169:6800/2790387253,v1:172.21.15.169:6801/2790387253] conn(0x7fb5d0032630 0x7fb5d0034af0 unknown :-1 s=NONE pgs=0 cs=0 l=1 rev1=0 rx=0 tx=0).connect
2024-04-16T01:21:56.001 INFO:teuthology.orchestra.run.smithi169.stderr:/usr/bin/ceph:
2024-04-16T01:21:55.996+0000 7fb5e57fa700 1 -- 172.21.15.169:0/2065286161 <== mon.0 v2:172.21.15.169:3300/0 5 ==== osd_map(1..1 src has 1..1) v4 ==== 721+0+0 (secure 0 0 0) 0x7fb5d8044790 con 0x7fb5e8071c00
2024-04-16T01:21:56.001 INFO:teuthology.orchestra.run.smithi169.stderr:/usr/bin/ceph:
2024-04-16T01:21:55.996+0000 7fb5e77fe700 1 -- 172.21.15.169:0/2065286161 >> [v2:172.21.15.169:6800/2790387253,v1:172.21.15.169:6801/2790387253] conn(0x7fb5d0032630 msgr2=0x7fb5d0034af0 unknown :-1 s=STATE_CONNECTING_RE l=1).process reconnect failed to v2:172.21.15.169:6800/2790387253
2024-04-16T01:21:56.001 INFO:teuthology.orchestra.run.smithi169.stderr:/usr/bin/ceph:
2024-04-16T01:21:55.996+0000 7fb5e77fe700 1 --2- 172.21.15.169:0/2065286161 >> [v2:172.21.15.169:6800/2790387253,v1:172.21.15.169:6801/2790387253] conn(0x7fb5d0032630 0x7fb5d0034af0 unknown :-1 s=START_CONNECT pgs=0 cs=0 l=1 rev1=0 rx=0 tx=0)._fault waiting 0.200000
2024-04-16T01:21:56.003 INFO:teuthology.orchestra.run.smithi169.stderr:/usr/bin/ceph:
2024-04-16T01:21:56.001+0000 7fb5e57fa700 1 -- 172.21.15.169:0/2065286161 <== mon.0 v2:172.21.15.169:3300/0 6 ==== mon_command_ack([{"prefix": "get_command_descriptions"}]=0 v0) v1 ==== 72+0+163658 (secure 0 0 0) 0x7fb5d8018970 con 0x7fb5e8071c00
2024-04-16T01:21:56.199 INFO:teuthology.orchestra.run.smithi169.stderr:/usr/bin/ceph:
2024-04-16T01:21:56.197+0000 7fb5e77fe700 1 -- 172.21.15.169:0/2065286161 >> [v2:172.21.15.169:6800/2790387253,v1:172.21.15.169:6801/2790387253] conn(0x7fb5d0032630 msgr2=0x7fb5d0034af0 unknown :-1 s=STATE_CONNECTING_RE l=1).process reconnect failed to v2:172.21.15.169:6800/2790387253
2024-04-16T01:21:56.199 INFO:teuthology.orchestra.run.smithi169.stderr:/usr/bin/ceph:
2024-04-16T01:21:56.197+0000 7fb5e77fe700 1 --2- 172.21.15.169:0/2065286161 >> [v2:172.21.15.169:6800/2790387253,v1:172.21.15.169:6801/2790387253] conn(0x7fb5d0032630 0x7fb5d0034af0 unknown :-1 s=START_CONNECT pgs=0 cs=0 l=1 rev1=0 rx=0 tx=0)._fault waiting 0.400000
2024-04-16T01:21:56.218 INFO:teuthology.orchestra.run.smithi169.stderr:/usr/bin/ceph:
2024-04-16T01:21:56.216+0000 7fb5ee353700 1 -- 172.21.15.169:0/2065286161 --> [v2:172.21.15.169:3300/0,v1:172.21.15.169:6789/0] -- mon_command({"prefix": "mgr stat"} v 0) v1 -- 0x7fb5e810d980 con 0x7fb5e8071c00
2024-04-16T01:21:56.218 INFO:teuthology.orchestra.run.smithi169.stderr:/usr/bin/ceph:
2024-04-16T01:21:56.216+0000 7fb5e57fa700 1 -- 172.21.15.169:0/2065286161 <== mon.0 v2:172.21.15.169:3300/0 7 ==== mon_command_ack([{"prefix": "mgr stat"}]=0 v5) v1 ==== 56+0+103 (secure 0 0 0) 0x7fb5d801e020 con 0x7fb5e8071c00
2024-04-16T01:21:56.219 INFO:teuthology.orchestra.run.smithi169.stderr:/usr/bin/ceph: {
2024-04-16T01:21:56.219 INFO:teuthology.orchestra.run.smithi169.stderr:/usr/bin/ceph: "epoch": 5,
2024-04-16T01:21:56.219 INFO:teuthology.orchestra.run.smithi169.stderr:/usr/bin/ceph: "available": true,
2024-04-16T01:21:56.219 INFO:teuthology.orchestra.run.smithi169.stderr:/usr/bin/ceph: "active_name": "smithi169.inokak",
2024-04-16T01:21:56.219 INFO:teuthology.orchestra.run.smithi169.stderr:/usr/bin/ceph: "num_standby": 0
2024-04-16T01:21:56.219 INFO:teuthology.orchestra.run.smithi169.stderr:/usr/bin/ceph: }
2024-04-16T01:21:56.220 INFO:teuthology.orchestra.run.smithi169.stderr:/usr/bin/ceph:
2024-04-16T01:21:56.218+0000 7fb5ee353700 1 -- 172.21.15.169:0/2065286161 >> [v2:172.21.15.169:6800/2790387253,v1:172.21.15.169:6801/2790387253] conn(0x7fb5d0032630 msgr2=0x7fb5d0034af0 unknown :-1 s=STATE_CONNECTING l=1).mark_down
2024-04-16T01:21:56.221 INFO:teuthology.orchestra.run.smithi169.stderr:/usr/bin/ceph:
2024-04-16T01:21:56.218+0000 7fb5ee353700 1 --2- 172.21.15.169:0/2065286161 >> [v2:172.21.15.169:6800/2790387253,v1:172.21.15.169:6801/2790387253] conn(0x7fb5d0032630 0x7fb5d0034af0 unknown :-1 s=START_CONNECT pgs=0 cs=0 l=1 rev1=0 rx=0 tx=0).stop
2024-04-16T01:21:56.221 INFO:teuthology.orchestra.run.smithi169.stderr:/usr/bin/ceph:
2024-04-16T01:21:56.218+0000 7fb5ee353700 1 -- 172.21.15.169:0/2065286161 >> [v2:172.21.15.169:3300/0,v1:172.21.15.169:6789/0] conn(0x7fb5e8071c00 msgr2=0x7fb5e810be50 secure :-1 s=STATE_CONNECTION_ESTABLISHED l=1).mark_down
2024-04-16T01:21:56.221 INFO:teuthology.orchestra.run.smithi169.stderr:/usr/bin/ceph:
2024-04-16T01:21:56.218+0000 7fb5ee353700 1 --2- 172.21.15.169:0/2065286161 >> [v2:172.21.15.169:3300/0,v1:172.21.15.169:6789/0] conn(0x7fb5e8071c00 0x7fb5e810be50 secure :-1 s=READY pgs=23 cs=0 l=1 rev1=1 rx=0x7fb5d8011870 tx=0x7fb5d80090f0).stop
2024-04-16T01:21:56.221 INFO:teuthology.orchestra.run.smithi169.stderr:/usr/bin/ceph:
2024-04-16T01:21:56.218+0000 7fb5ee353700 1 -- 172.21.15.169:0/2065286161 shutdown_connections
2024-04-16T01:21:56.221 INFO:teuthology.orchestra.run.smithi169.stderr:/usr/bin/ceph:
2024-04-16T01:21:56.218+0000 7fb5ee353700 1 --2- 172.21.15.169:0/2065286161 >> [v2:172.21.15.169:6800/2790387253,v1:172.21.15.169:6801/2790387253] conn(0x7fb5d0032630 0x7fb5d0034af0 unknown :-1 s=CLOSED pgs=0 cs=0 l=1 rev1=0 rx=0 tx=0).stop
2024-04-16T01:21:56.221 INFO:teuthology.orchestra.run.smithi169.stderr:/usr/bin/ceph:
2024-04-16T01:21:56.218+0000 7fb5ee353700 1 --2- 172.21.15.169:0/2065286161 >> [v2:172.21.15.169:3300/0,v1:172.21.15.169:6789/0] conn(0x7fb5e8071c00 0x7fb5e810be50 unknown :-1 s=CLOSED pgs=23 cs=0 l=1 rev1=1 rx=0 tx=0).stop
2024-04-16T01:21:56.221 INFO:teuthology.orchestra.run.smithi169.stderr:/usr/bin/ceph:
2024-04-16T01:21:56.218+0000 7fb5ee353700 1 -- 172.21.15.169:0/2065286161 >> 172.21.15.169:0/2065286161 conn(0x7fb5e80f76f0 msgr2=0x7fb5e80f91b0 unknown :-1 s=STATE_NONE l=0).mark_down
2024-04-16T01:21:56.221 INFO:teuthology.orchestra.run.smithi169.stderr:/usr/bin/ceph:
2024-04-16T01:21:56.218+0000 7fb5ee353700 1 -- 172.21.15.169:0/2065286161 shutdown_connections
2024-04-16T01:21:56.221 INFO:teuthology.orchestra.run.smithi169.stderr:/usr/bin/ceph:
2024-04-16T01:21:56.218+0000 7fb5ee353700 1 -- 172.21.15.169:0/2065286161 wait complete.
2024-04-16T01:21:56.835 INFO:journalctl@ceph.mon.smithi169.smithi169.stdout:Apr 16 01:21:56 smithi169 ceph-89ce07de-fb8f-11ee-bc8f-c7b262605968-mon-smithi169[39684]: audit
2024-04-16T01:21:56.217497+0000 mon.smithi169 (mon.0) 29 : audit [DBG] from='client.? 172.21.15.169:0/2065286161' entity='client.admin' cmd=[{"prefix": "mgr stat"}]: dispatch
2024-04-16T01:21:56.899 INFO:teuthology.orchestra.run.smithi169.stderr:Waiting for the mgr to restart...
2024-04-16T01:21:56.899 INFO:teuthology.orchestra.run.smithi169.stderr:Waiting for mgr epoch 5...
2024-04-16T01:21:57.428 INFO:teuthology.orchestra.run.smithi169.stderr:/usr/bin/ceph:
2024-04-16T01:21:57.425+0000 7fb39f80e700 1 Processor -- start
2024-04-16T01:21:57.429 INFO:teuthology.orchestra.run.smithi169.stderr:/usr/bin/ceph:
2024-04-16T01:21:57.425+0000 7fb39f80e700 1 -- start start
2024-04-16T01:21:57.429 INFO:teuthology.orchestra.run.smithi169.stderr:/usr/bin/ceph:
2024-04-16T01:21:57.426+0000 7fb39f80e700 1 --2- >> [v2:172.21.15.169:3300/0,v1:172.21.15.169:6789/0] conn(0x7fb3980fbed0 0x7fb3980fc2f0 unknown :-1 s=NONE pgs=0 cs=0 l=0 rev1=0 rx=0 tx=0).connect
2024-04-16T01:21:57.429 INFO:teuthology.orchestra.run.smithi169.stderr:/usr/bin/ceph:
2024-04-16T01:21:57.426+0000 7fb39f80e700 1 -- --> [v2:172.21.15.169:3300/0,v1:172.21.15.169:6789/0] -- mon_getmap magic: 0 v1 -- 0x7fb3980fc7e0 con 0x7fb3980fbed0
2024-04-16T01:21:57.429 INFO:teuthology.orchestra.run.smithi169.stderr:/usr/bin/ceph:
2024-04-16T01:21:57.426+0000 7fb39d5aa700 1 --2- >> [v2:172.21.15.169:3300/0,v1:172.21.15.169:6789/0] conn(0x7fb3980fbed0 0x7fb3980fc2f0 unknown :-1 s=BANNER_CONNECTING pgs=0 cs=0 l=0 rev1=0 rx=0 tx=0)._handle_peer_banner_payload supported=1 required=0
2024-04-16T01:21:57.429 INFO:teuthology.orchestra.run.smithi169.stderr:/usr/bin/ceph:
2024-04-16T01:21:57.426+0000 7fb39d5aa700 1 --2- >> [v2:172.21.15.169:3300/0,v1:172.21.15.169:6789/0] conn(0x7fb3980fbed0 0x7fb3980fc2f0 unknown :-1 s=HELLO_CONNECTING pgs=0 cs=0 l=0 rev1=1 rx=0 tx=0).handle_hello peer v2:172.21.15.169:3300/0 says I am v2:172.21.15.169:36570/0 (socket says 172.21.15.169:36570)
2024-04-16T01:21:57.429 INFO:teuthology.orchestra.run.smithi169.stderr:/usr/bin/ceph:
2024-04-16T01:21:57.426+0000 7fb39d5aa700 1 -- 172.21.15.169:0/4144302462 learned_addr learned my addr 172.21.15.169:0/4144302462 (peer_addr_for_me v2:172.21.15.169:0/0)
2024-04-16T01:21:57.429 INFO:teuthology.orchestra.run.smithi169.stderr:/usr/bin/ceph:
2024-04-16T01:21:57.426+0000 7fb39d5aa700 1 -- 172.21.15.169:0/4144302462 --> [v2:172.21.15.169:3300/0,v1:172.21.15.169:6789/0] -- mon_subscribe({config=0+,monmap=0+}) v3 -- 0x7fb3980fc920 con 0x7fb3980fbed0
2024-04-16T01:21:57.429 INFO:teuthology.orchestra.run.smithi169.stderr:/usr/bin/ceph:
2024-04-16T01:21:57.426+0000 7fb39d5aa700 1 --2- 172.21.15.169:0/4144302462 >> [v2:172.21.15.169:3300/0,v1:172.21.15.169:6789/0] conn(0x7fb3980fbed0 0x7fb3980fc2f0 secure :-1 s=READY pgs=24 cs=0 l=1 rev1=1 rx=0x7fb388009e50 tx=0x7fb388009840).ready entity=mon.0 client_cookie=93ba5e5012249633 server_cookie=0 in_seq=0 out_seq=0
2024-04-16T01:21:57.429 INFO:teuthology.orchestra.run.smithi169.stderr:/usr/bin/ceph:
2024-04-16T01:21:57.426+0000 7fb397fff700 1 -- 172.21.15.169:0/4144302462 <== mon.0 v2:172.21.15.169:3300/0 1 ==== mon_map magic: 0 v1 ==== 229+0+0 (secure 0 0 0) 0x7fb38800ba20 con 0x7fb3980fbed0
2024-04-16T01:21:57.429 INFO:teuthology.orchestra.run.smithi169.stderr:/usr/bin/ceph:
2024-04-16T01:21:57.427+0000 7fb397fff700 1 -- 172.21.15.169:0/4144302462 <== mon.0 v2:172.21.15.169:3300/0 2 ==== config(25 keys) v1 ==== 982+0+0 (secure 0 0 0) 0x7fb388013420 con 0x7fb3980fbed0
2024-04-16T01:21:57.429 INFO:teuthology.orchestra.run.smithi169.stderr:/usr/bin/ceph:
2024-04-16T01:21:57.427+0000 7fb397fff700 1 -- 172.21.15.169:0/4144302462 <== mon.0 v2:172.21.15.169:3300/0 3 ==== mon_map magic: 0 v1 ==== 229+0+0 (secure 0 0 0) 0x7fb3880075e0 con 0x7fb3980fbed0
2024-04-16T01:21:57.431 INFO:teuthology.orchestra.run.smithi169.stderr:/usr/bin/ceph:
2024-04-16T01:21:57.427+0000 7fb39f80e700 1 -- 172.21.15.169:0/4144302462 >> [v2:172.21.15.169:3300/0,v1:172.21.15.169:6789/0] conn(0x7fb3980fbed0 msgr2=0x7fb3980fc2f0 secure :-1 s=STATE_CONNECTION_ESTABLISHED l=1).mark_down
2024-04-16T01:21:57.431 INFO:teuthology.orchestra.run.smithi169.stderr:/usr/bin/ceph:
2024-04-16T01:21:57.427+0000 7fb39f80e700 1 --2- 172.21.15.169:0/4144302462 >> [v2:172.21.15.169:3300/0,v1:172.21.15.169:6789/0] conn(0x7fb3980fbed0 0x7fb3980fc2f0 secure :-1 s=READY pgs=24 cs=0 l=1 rev1=1 rx=0x7fb388009e50 tx=0x7fb388009840).stop
2024-04-16T01:21:57.431 INFO:teuthology.orchestra.run.smithi169.stderr:/usr/bin/ceph:
2024-04-16T01:21:57.427+0000 7fb39f80e700 1 -- 172.21.15.169:0/4144302462 shutdown_connections
2024-04-16T01:21:57.431 INFO:teuthology.orchestra.run.smithi169.stderr:/usr/bin/ceph:
2024-04-16T01:21:57.427+0000 7fb39f80e700 1 --2- 172.21.15.169:0/4144302462 >> [v2:172.21.15.169:3300/0,v1:172.21.15.169:6789/0] conn(0x7fb3980fbed0 0x7fb3980fc2f0 unknown :-1 s=CLOSED pgs=24 cs=0 l=1 rev1=1 rx=0 tx=0).stop
2024-04-16T01:21:57.431 INFO:teuthology.orchestra.run.smithi169.stderr:/usr/bin/ceph:
2024-04-16T01:21:57.427+0000 7fb39f80e700 1 -- 172.21.15.169:0/4144302462 >> 172.21.15.169:0/4144302462 conn(0x7fb3980f76f0 msgr2=0x7fb3980f9b10 unknown :-1 s=STATE_NONE l=0).mark_down
2024-04-16T01:21:57.431 INFO:teuthology.orchestra.run.smithi169.stderr:/usr/bin/ceph:
2024-04-16T01:21:57.427+0000 7fb39f80e700 1 -- 172.21.15.169:0/4144302462 shutdown_connections
2024-04-16T01:21:57.432 INFO:teuthology.orchestra.run.smithi169.stderr:/usr/bin/ceph:
2024-04-16T01:21:57.427+0000 7fb39f80e700 1 -- 172.21.15.169:0/4144302462 wait complete.
2024-04-16T01:21:57.432 INFO:teuthology.orchestra.run.smithi169.stderr:/usr/bin/ceph:
2024-04-16T01:21:57.428+0000 7fb39f80e700 1 Processor -- start
2024-04-16T01:21:57.432 INFO:teuthology.orchestra.run.smithi169.stderr:/usr/bin/ceph:
2024-04-16T01:21:57.428+0000 7fb39f80e700 1 -- start start
2024-04-16T01:21:57.432 INFO:teuthology.orchestra.run.smithi169.stderr:/usr/bin/ceph:
2024-04-16T01:21:57.428+0000 7fb39f80e700 1 --2- >> [v2:172.21.15.169:3300/0,v1:172.21.15.169:6789/0] conn(0x7fb3980fbed0 0x7fb39810dfb0 unknown :-1 s=NONE pgs=0 cs=0 l=1 rev1=0 rx=0 tx=0).connect
2024-04-16T01:21:57.432 INFO:teuthology.orchestra.run.smithi169.stderr:/usr/bin/ceph:
2024-04-16T01:21:57.428+0000 7fb39f80e700 1 -- --> [v2:172.21.15.169:3300/0,v1:172.21.15.169:6789/0] -- mon_getmap magic: 0 v1 -- 0x7fb39810e4a0 con 0x7fb3980fbed0
2024-04-16T01:21:57.432 INFO:teuthology.orchestra.run.smithi169.stderr:/usr/bin/ceph:
2024-04-16T01:21:57.428+0000 7fb39d5aa700 1 --2- >> [v2:172.21.15.169:3300/0,v1:172.21.15.169:6789/0] conn(0x7fb3980fbed0 0x7fb39810dfb0 unknown :-1 s=BANNER_CONNECTING pgs=0 cs=0 l=1 rev1=0 rx=0 tx=0)._handle_peer_banner_payload supported=1 required=0
2024-04-16T01:21:57.434 INFO:teuthology.orchestra.run.smithi169.stderr:/usr/bin/ceph:
2024-04-16T01:21:57.428+0000 7fb39d5aa700 1 --2- >> [v2:172.21.15.169:3300/0,v1:172.21.15.169:6789/0] conn(0x7fb3980fbed0 0x7fb39810dfb0 unknown :-1 s=HELLO_CONNECTING pgs=0 cs=0 l=1 rev1=1 rx=0 tx=0).handle_hello peer v2:172.21.15.169:3300/0 says I am v2:172.21.15.169:36584/0 (socket says 172.21.15.169:36584)
2024-04-16T01:21:57.434 INFO:teuthology.orchestra.run.smithi169.stderr:/usr/bin/ceph:
2024-04-16T01:21:57.428+0000 7fb39d5aa700 1 -- 172.21.15.169:0/1683503048 learned_addr learned my addr 172.21.15.169:0/1683503048 (peer_addr_for_me v2:172.21.15.169:0/0)
2024-04-16T01:21:57.434 INFO:teuthology.orchestra.run.smithi169.stderr:/usr/bin/ceph:
2024-04-16T01:21:57.429+0000 7fb39d5aa700 1 -- 172.21.15.169:0/1683503048 --> [v2:172.21.15.169:3300/0,v1:172.21.15.169:6789/0] -- mon_subscribe({config=0+,monmap=0+}) v3 -- 0x7fb388009ae0 con 0x7fb3980fbed0
2024-04-16T01:21:57.434 INFO:teuthology.orchestra.run.smithi169.stderr:/usr/bin/ceph:
2024-04-16T01:21:57.429+0000 7fb39d5aa700 1 --2- 172.21.15.169:0/1683503048 >> [v2:172.21.15.169:3300/0,v1:172.21.15.169:6789/0] conn(0x7fb3980fbed0 0x7fb39810dfb0 secure :-1 s=READY pgs=25 cs=0 l=1 rev1=1 rx=0x7fb38800bc30 tx=0x7fb388009840).ready entity=mon.0 client_cookie=0 server_cookie=0 in_seq=0 out_seq=0
2024-04-16T01:21:57.434 INFO:teuthology.orchestra.run.smithi169.stderr:/usr/bin/ceph:
2024-04-16T01:21:57.429+0000 7fb3967fc700 1 -- 172.21.15.169:0/1683503048 <== mon.0 v2:172.21.15.169:3300/0 1 ==== mon_map magic: 0 v1 ==== 229+0+0 (secure 0 0 0) 0x7fb388007400 con 0x7fb3980fbed0
2024-04-16T01:21:57.434 INFO:teuthology.orchestra.run.smithi169.stderr:/usr/bin/ceph:
2024-04-16T01:21:57.429+0000 7fb39f80e700 1 -- 172.21.15.169:0/1683503048 --> [v2:172.21.15.169:3300/0,v1:172.21.15.169:6789/0] -- mon_subscribe({mgrmap=0+}) v3 -- 0x7fb39810e6a0 con 0x7fb3980fbed0
2024-04-16T01:21:57.434 INFO:teuthology.orchestra.run.smithi169.stderr:/usr/bin/ceph:
2024-04-16T01:21:57.429+0000 7fb3967fc700 1 -- 172.21.15.169:0/1683503048 <== mon.0 v2:172.21.15.169:3300/0 2 ==== config(25 keys) v1 ==== 982+0+0 (secure 0 0 0) 0x7fb3880092e0 con 0x7fb3980fbed0
2024-04-16T01:21:57.434 INFO:teuthology.orchestra.run.smithi169.stderr:/usr/bin/ceph:
2024-04-16T01:21:57.429+0000 7fb3967fc700 1 -- 172.21.15.169:0/1683503048 <== mon.0 v2:172.21.15.169:3300/0 3 ==== mon_map magic: 0 v1 ==== 229+0+0 (secure 0 0 0) 0x7fb38801ca20 con 0x7fb3980fbed0
2024-04-16T01:21:57.435 INFO:teuthology.orchestra.run.smithi169.stderr:/usr/bin/ceph:
2024-04-16T01:21:57.429+0000 7fb39f80e700 1 -- 172.21.15.169:0/1683503048 --> [v2:172.21.15.169:3300/0,v1:172.21.15.169:6789/0] -- mon_subscribe({osdmap=0}) v3 -- 0x7fb39810eab0 con 0x7fb3980fbed0
2024-04-16T01:21:57.435 INFO:teuthology.orchestra.run.smithi169.stderr:/usr/bin/ceph:
2024-04-16T01:21:57.430+0000 7fb3967fc700 1 -- 172.21.15.169:0/1683503048 <== mon.0 v2:172.21.15.169:3300/0 4 ==== mgrmap(e 5) v1 ==== 38632+0+0 (secure 0 0 0) 0x7fb388003040 con 0x7fb3980fbed0
2024-04-16T01:21:57.435 INFO:teuthology.orchestra.run.smithi169.stderr:/usr/bin/ceph:
2024-04-16T01:21:57.430+0000 7fb3967fc700 1 --2- 172.21.15.169:0/1683503048 >> [v2:172.21.15.169:6800/2790387253,v1:172.21.15.169:6801/2790387253] conn(0x7fb3800325e0 0x7fb380034aa0 unknown :-1 s=NONE pgs=0 cs=0 l=1 rev1=0 rx=0 tx=0).connect
2024-04-16T01:21:57.435 INFO:teuthology.orchestra.run.smithi169.stderr:/usr/bin/ceph:
2024-04-16T01:21:57.430+0000 7fb3967fc700 1 -- 172.21.15.169:0/1683503048 --> [v2:172.21.15.169:6800/2790387253,v1:172.21.15.169:6801/2790387253] -- command(tid 0: {"prefix": "get_command_descriptions"}) v1 -- 0x7fb380035160 con 0x7fb3800325e0
2024-04-16T01:21:57.435 INFO:teuthology.orchestra.run.smithi169.stderr:/usr/bin/ceph:
2024-04-16T01:21:57.430+0000 7fb3967fc700 1 -- 172.21.15.169:0/1683503048 <== mon.0 v2:172.21.15.169:3300/0 5 ==== osd_map(1..1 src has 1..1) v4 ==== 721+0+0 (secure 0 0 0) 0x7fb388044930 con 0x7fb3980fbed0
2024-04-16T01:21:57.435 INFO:teuthology.orchestra.run.smithi169.stderr:/usr/bin/ceph:
2024-04-16T01:21:57.430+0000 7fb39cda9700 1 -- 172.21.15.169:0/1683503048 >> [v2:172.21.15.169:6800/2790387253,v1:172.21.15.169:6801/2790387253] conn(0x7fb3800325e0 msgr2=0x7fb380034aa0 unknown :-1 s=STATE_CONNECTING_RE l=1).process reconnect failed to v2:172.21.15.169:6800/2790387253
2024-04-16T01:21:57.435 INFO:teuthology.orchestra.run.smithi169.stderr:/usr/bin/ceph:
2024-04-16T01:21:57.430+0000 7fb39cda9700 1 --2- 172.21.15.169:0/1683503048 >> [v2:172.21.15.169:6800/2790387253,v1:172.21.15.169:6801/2790387253] conn(0x7fb3800325e0 0x7fb380034aa0 unknown :-1 s=START_CONNECT pgs=0 cs=0 l=1 rev1=0 rx=0 tx=0)._fault waiting 0.200000
2024-04-16T01:21:57.633 INFO:teuthology.orchestra.run.smithi169.stderr:/usr/bin/ceph:
2024-04-16T01:21:57.631+0000 7fb39cda9700 1 -- 172.21.15.169:0/1683503048 >> [v2:172.21.15.169:6800/2790387253,v1:172.21.15.169:6801/2790387253] conn(0x7fb3800325e0 msgr2=0x7fb380034aa0 unknown :-1 s=STATE_CONNECTING_RE l=1).process reconnect failed to v2:172.21.15.169:6800/2790387253
2024-04-16T01:21:57.633 INFO:teuthology.orchestra.run.smithi169.stderr:/usr/bin/ceph:
2024-04-16T01:21:57.631+0000 7fb39cda9700 1 --2- 172.21.15.169:0/1683503048 >> [v2:172.21.15.169:6800/2790387253,v1:172.21.15.169:6801/2790387253] conn(0x7fb3800325e0 0x7fb380034aa0 unknown :-1 s=START_CONNECT pgs=0 cs=0 l=1 rev1=0 rx=0 tx=0)._fault waiting 0.400000
2024-04-16T01:21:58.034 INFO:teuthology.orchestra.run.smithi169.stderr:/usr/bin/ceph:
2024-04-16T01:21:58.032+0000 7fb39cda9700 1 -- 172.21.15.169:0/1683503048 >> [v2:172.21.15.169:6800/2790387253,v1:172.21.15.169:6801/2790387253] conn(0x7fb3800325e0 msgr2=0x7fb380034aa0 unknown :-1 s=STATE_CONNECTING_RE l=1).process reconnect failed to v2:172.21.15.169:6800/2790387253
2024-04-16T01:21:58.034 INFO:teuthology.orchestra.run.smithi169.stderr:/usr/bin/ceph:
2024-04-16T01:21:58.032+0000 7fb39cda9700 1 --2- 172.21.15.169:0/1683503048 >> [v2:172.21.15.169:6800/2790387253,v1:172.21.15.169:6801/2790387253] conn(0x7fb3800325e0 0x7fb380034aa0 unknown :-1 s=START_CONNECT pgs=0 cs=0 l=1 rev1=0 rx=0 tx=0)._fault waiting 0.800000
2024-04-16T01:21:58.835 INFO:teuthology.orchestra.run.smithi169.stderr:/usr/bin/ceph:
2024-04-16T01:21:58.833+0000 7fb39cda9700 1 -- 172.21.15.169:0/1683503048 >> [v2:172.21.15.169:6800/2790387253,v1:172.21.15.169:6801/2790387253] conn(0x7fb3800325e0 msgr2=0x7fb380034aa0 unknown :-1 s=STATE_CONNECTING_RE l=1).process reconnect failed to v2:172.21.15.169:6800/2790387253
2024-04-16T01:21:58.835 INFO:teuthology.orchestra.run.smithi169.stderr:/usr/bin/ceph:
2024-04-16T01:21:58.833+0000 7fb39cda9700 1 --2- 172.21.15.169:0/1683503048 >> [v2:172.21.15.169:6800/2790387253,v1:172.21.15.169:6801/2790387253] conn(0x7fb3800325e0 0x7fb380034aa0 unknown :-1 s=START_CONNECT pgs=0 cs=0 l=1 rev1=0 rx=0 tx=0)._fault waiting 1.600000
2024-04-16T01:21:59.954 INFO:teuthology.orchestra.run.smithi169.stderr:/usr/bin/ceph:
2024-04-16T01:21:59.951+0000 7fb3967fc700 1 -- 172.21.15.169:0/1683503048 <== mon.0 v2:172.21.15.169:3300/0 6 ==== mgrmap(e 6) v1 ==== 38456+0+0 (secure 0 0 0) 0x7fb388011c70 con 0x7fb3980fbed0
2024-04-16T01:21:59.955 INFO:teuthology.orchestra.run.smithi169.stderr:/usr/bin/ceph:
2024-04-16T01:21:59.952+0000 7fb3967fc700 1 -- 172.21.15.169:0/1683503048 >> [v2:172.21.15.169:6800/2790387253,v1:172.21.15.169:6801/2790387253] conn(0x7fb3800325e0 msgr2=0x7fb380034aa0 unknown :-1 s=STATE_CONNECTING l=1).mark_down
2024-04-16T01:21:59.955 INFO:teuthology.orchestra.run.smithi169.stderr:/usr/bin/ceph:
2024-04-16T01:21:59.952+0000 7fb3967fc700 1 --2- 172.21.15.169:0/1683503048 >> [v2:172.21.15.169:6800/2790387253,v1:172.21.15.169:6801/2790387253] conn(0x7fb3800325e0 0x7fb380034aa0 unknown :-1 s=START_CONNECT pgs=0 cs=0 l=1 rev1=0 rx=0 tx=0).stop
2024-04-16T01:22:00.335 INFO:journalctl@ceph.mon.smithi169.smithi169.stdout:Apr 16 01:22:00 smithi169 ceph-89ce07de-fb8f-11ee-bc8f-c7b262605968-mon-smithi169[39684]: cluster
2024-04-16T01:21:59.950829+0000 mon.smithi169 (mon.0) 30 : cluster [INF] Active manager daemon smithi169.inokak restarted
2024-04-16T01:22:00.335 INFO:journalctl@ceph.mon.smithi169.smithi169.stdout:Apr 16 01:22:00 smithi169 ceph-89ce07de-fb8f-11ee-bc8f-c7b262605968-mon-smithi169[39684]: cluster
2024-04-16T01:21:59.951039+0000 mon.smithi169 (mon.0) 31 : cluster [INF] Activating manager daemon smithi169.inokak
2024-04-16T01:22:00.335 INFO:journalctl@ceph.mon.smithi169.smithi169.stdout:Apr 16 01:22:00 smithi169 ceph-89ce07de-fb8f-11ee-bc8f-c7b262605968-mon-smithi169[39684]: cluster
2024-04-16T01:21:59.954037+0000 mon.smithi169 (mon.0) 32 : cluster [DBG] osdmap e2: 0 total, 0 up, 0 in
2024-04-16T01:22:00.335 INFO:journalctl@ceph.mon.smithi169.smithi169.stdout:Apr 16 01:22:00 smithi169 ceph-89ce07de-fb8f-11ee-bc8f-c7b262605968-mon-smithi169[39684]: cluster
2024-04-16T01:21:59.954144+0000 mon.smithi169 (mon.0) 33 : cluster [DBG] mgrmap e6: smithi169.inokak(active, starting, since 0.00318169s)
2024-04-16T01:22:00.335 INFO:journalctl@ceph.mon.smithi169.smithi169.stdout:Apr 16 01:22:00 smithi169 ceph-89ce07de-fb8f-11ee-bc8f-c7b262605968-mon-smithi169[39684]: audit
2024-04-16T01:21:59.954839+0000 mon.smithi169 (mon.0) 34 : audit [DBG] from='mgr.14116 172.21.15.169:0/1873787972' entity='mgr.smithi169.inokak' cmd=[{"prefix": "mon metadata", "id": "smithi169"}]: dispatch
2024-04-16T01:22:00.335 INFO:journalctl@ceph.mon.smithi169.smithi169.stdout:Apr 16 01:22:00 smithi169 ceph-89ce07de-fb8f-11ee-bc8f-c7b262605968-mon-smithi169[39684]: audit
2024-04-16T01:21:59.955440+0000 mon.smithi169 (mon.0) 35 : audit [DBG] from='mgr.14116 172.21.15.169:0/1873787972' entity='mgr.smithi169.inokak' cmd=[{"prefix": "mgr metadata", "who": "smithi169.inokak", "id": "smithi169.inokak"}]: dispatch
2024-04-16T01:22:00.335 INFO:journalctl@ceph.mon.smithi169.smithi169.stdout:Apr 16 01:22:00 smithi169 ceph-89ce07de-fb8f-11ee-bc8f-c7b262605968-mon-smithi169[39684]: audit
2024-04-16T01:21:59.956092+0000 mon.smithi169 (mon.0) 36 : audit [DBG] from='mgr.14116 172.21.15.169:0/1873787972' entity='mgr.smithi169.inokak' cmd=[{"prefix": "mds metadata"}]: dispatch
2024-04-16T01:22:00.335 INFO:journalctl@ceph.mon.smithi169.smithi169.stdout:Apr 16 01:22:00 smithi169 ceph-89ce07de-fb8f-11ee-bc8f-c7b262605968-mon-smithi169[39684]: audit
2024-04-16T01:21:59.956238+0000 mon.smithi169 (mon.0) 37 : audit [DBG] from='mgr.14116 172.21.15.169:0/1873787972' entity='mgr.smithi169.inokak' cmd=[{"prefix": "osd metadata"}]: dispatch
2024-04-16T01:22:00.335 INFO:journalctl@ceph.mon.smithi169.smithi169.stdout:Apr 16 01:22:00 smithi169 ceph-89ce07de-fb8f-11ee-bc8f-c7b262605968-mon-smithi169[39684]: audit
2024-04-16T01:21:59.956356+0000 mon.smithi169 (mon.0) 38 : audit [DBG] from='mgr.14116 172.21.15.169:0/1873787972' entity='mgr.smithi169.inokak' cmd=[{"prefix": "mon metadata"}]: dispatch
2024-04-16T01:22:00.335 INFO:journalctl@ceph.mon.smithi169.smithi169.stdout:Apr 16 01:22:00 smithi169 ceph-89ce07de-fb8f-11ee-bc8f-c7b262605968-mon-smithi169[39684]: cluster
2024-04-16T01:21:59.970524+0000 mon.smithi169 (mon.0) 39 : cluster [INF] Manager daemon smithi169.inokak is now available
2024-04-16T01:22:00.336 INFO:journalctl@ceph.mon.smithi169.smithi169.stdout:Apr 16 01:22:00 smithi169 ceph-89ce07de-fb8f-11ee-bc8f-c7b262605968-mon-smithi169[39684]: audit
2024-04-16T01:21:59.982351+0000 mon.smithi169 (mon.0) 40 : audit [INF] from='mgr.14116 172.21.15.169:0/1873787972' entity='mgr.smithi169.inokak'
2024-04-16T01:22:00.955 INFO:teuthology.orchestra.run.smithi169.stderr:/usr/bin/ceph:
2024-04-16T01:22:00.953+0000 7fb3967fc700 1 -- 172.21.15.169:0/1683503048 <== mon.0 v2:172.21.15.169:3300/0 7 ==== mgrmap(e 7) v1 ==== 38526+0+0 (secure 0 0 0) 0x7fb38801bc10 con 0x7fb3980fbed0
2024-04-16T01:22:00.955 INFO:teuthology.orchestra.run.smithi169.stderr:/usr/bin/ceph:
2024-04-16T01:22:00.953+0000 7fb3967fc700 1 --2- 172.21.15.169:0/1683503048 >> [v2:172.21.15.169:6800/1397209297,v1:172.21.15.169:6801/1397209297] conn(0x7fb380035ff0 0x7fb3800383e0 unknown :-1 s=NONE pgs=0 cs=0 l=1 rev1=0 rx=0 tx=0).connect
2024-04-16T01:22:00.956 INFO:teuthology.orchestra.run.smithi169.stderr:/usr/bin/ceph:
2024-04-16T01:22:00.953+0000 7fb3967fc700 1 -- 172.21.15.169:0/1683503048 --> [v2:172.21.15.169:6800/1397209297,v1:172.21.15.169:6801/1397209297] -- command(tid 0: {"prefix": "get_command_descriptions"}) v1 -- 0x7fb380035160 con 0x7fb380035ff0
2024-04-16T01:22:00.956 INFO:teuthology.orchestra.run.smithi169.stderr:/usr/bin/ceph:
2024-04-16T01:22:00.953+0000 7fb39cda9700 1 --2- 172.21.15.169:0/1683503048 >> [v2:172.21.15.169:6800/1397209297,v1:172.21.15.169:6801/1397209297] conn(0x7fb380035ff0 0x7fb3800383e0 unknown :-1 s=BANNER_CONNECTING pgs=0 cs=0 l=1 rev1=0 rx=0 tx=0)._handle_peer_banner_payload supported=1 required=0
2024-04-16T01:22:00.956 INFO:teuthology.orchestra.run.smithi169.stderr:/usr/bin/ceph:
2024-04-16T01:22:00.954+0000 7fb39cda9700 1 --2- 172.21.15.169:0/1683503048 >> [v2:172.21.15.169:6800/1397209297,v1:172.21.15.169:6801/1397209297] conn(0x7fb380035ff0 0x7fb3800383e0 secure :-1 s=READY pgs=1 cs=0 l=1 rev1=1 rx=0x7fb38c003850 tx=0x7fb38c006e20).ready entity=mgr.14116 client_cookie=0 server_cookie=0 in_seq=0 out_seq=0
2024-04-16T01:22:00.956 INFO:teuthology.orchestra.run.smithi169.stderr:/usr/bin/ceph:
2024-04-16T01:22:00.955+0000 7fb3967fc700 1 -- 172.21.15.169:0/1683503048 <== mgr.14116 v2:172.21.15.169:6800/1397209297 1 ==== command_reply(tid 0: 0 ) v1 ==== 8+0+6438 (secure 0 0 0) 0x7fb380035160 con 0x7fb380035ff0
2024-04-16T01:22:00.963 INFO:teuthology.orchestra.run.smithi169.stderr:/usr/bin/ceph:
2024-04-16T01:22:00.961+0000 7fb37ffff700 1 -- 172.21.15.169:0/1683503048 --> [v2:172.21.15.169:6800/1397209297,v1:172.21.15.169:6801/1397209297] -- command(tid 1: {"prefix": "mgr_status"}) v1 -- 0x7fb378000df0 con 0x7fb380035ff0
2024-04-16T01:22:00.963 INFO:teuthology.orchestra.run.smithi169.stderr:/usr/bin/ceph:
2024-04-16T01:22:00.962+0000 7fb3967fc700 1 -- 172.21.15.169:0/1683503048 <== mgr.14116 v2:172.21.15.169:6800/1397209297 2 ==== command_reply(tid 1: 0 ) v1 ==== 8+0+51 (secure 0 0 0) 0x7fb378000df0 con 0x7fb380035ff0
2024-04-16T01:22:00.964 INFO:teuthology.orchestra.run.smithi169.stderr:/usr/bin/ceph: {
2024-04-16T01:22:00.965 INFO:teuthology.orchestra.run.smithi169.stderr:/usr/bin/ceph: "mgrmap_epoch": 7,
2024-04-16T01:22:00.965 INFO:teuthology.orchestra.run.smithi169.stderr:/usr/bin/ceph: "initialized": true
2024-04-16T01:22:00.965 INFO:teuthology.orchestra.run.smithi169.stderr:/usr/bin/ceph: }
2024-04-16T01:22:00.965 INFO:teuthology.orchestra.run.smithi169.stderr:/usr/bin/ceph:
2024-04-16T01:22:00.962+0000 7fb37ffff700 1 -- 172.21.15.169:0/1683503048 >> [v2:172.21.15.169:6800/1397209297,v1:172.21.15.169:6801/1397209297] conn(0x7fb380035ff0 msgr2=0x7fb3800383e0 secure :-1 s=STATE_CONNECTION_ESTABLISHED l=1).mark_down
2024-04-16T01:22:00.965 INFO:teuthology.orchestra.run.smithi169.stderr:/usr/bin/ceph:
2024-04-16T01:22:00.962+0000 7fb37ffff700 1 --2- 172.21.15.169:0/1683503048 >> [v2:172.21.15.169:6800/1397209297,v1:172.21.15.169:6801/1397209297] conn(0x7fb380035ff0 0x7fb3800383e0 secure :-1 s=READY pgs=1 cs=0 l=1 rev1=1 rx=0x7fb38c003850 tx=0x7fb38c006e20).stop
2024-04-16T01:22:00.965 INFO:teuthology.orchestra.run.smithi169.stderr:/usr/bin/ceph:
2024-04-16T01:22:00.962+0000 7fb37ffff700 1 -- 172.21.15.169:0/1683503048 >> [v2:172.21.15.169:3300/0,v1:172.21.15.169:6789/0] conn(0x7fb3980fbed0 msgr2=0x7fb39810dfb0 secure :-1 s=STATE_CONNECTION_ESTABLISHED l=1).mark_down
2024-04-16T01:22:00.965 INFO:teuthology.orchestra.run.smithi169.stderr:/usr/bin/ceph:
2024-04-16T01:22:00.962+0000 7fb37ffff700 1 --2- 172.21.15.169:0/1683503048 >> [v2:172.21.15.169:3300/0,v1:172.21.15.169:6789/0] conn(0x7fb3980fbed0 0x7fb39810dfb0 secure :-1 s=READY pgs=25 cs=0 l=1 rev1=1 rx=0x7fb38800bc30 tx=0x7fb388009840).stop
2024-04-16T01:22:00.965 INFO:teuthology.orchestra.run.smithi169.stderr:/usr/bin/ceph:
2024-04-16T01:22:00.962+0000 7fb37ffff700 1 -- 172.21.15.169:0/1683503048 shutdown_connections
2024-04-16T01:22:00.966 INFO:teuthology.orchestra.run.smithi169.stderr:/usr/bin/ceph:
2024-04-16T01:22:00.962+0000 7fb37ffff700 1 --2- 172.21.15.169:0/1683503048 >> [v2:172.21.15.169:3300/0,v1:172.21.15.169:6789/0] conn(0x7fb3980fbed0 0x7fb39810dfb0 unknown :-1 s=CLOSED pgs=25 cs=0 l=1 rev1=1 rx=0 tx=0).stop
2024-04-16T01:22:00.966 INFO:teuthology.orchestra.run.smithi169.stderr:/usr/bin/ceph:
2024-04-16T01:22:00.962+0000 7fb37ffff700 1 --2- 172.21.15.169:0/1683503048 >> [v2:172.21.15.169:6800/1397209297,v1:172.21.15.169:6801/1397209297] conn(0x7fb380035ff0 0x7fb3800383e0 unknown :-1 s=CLOSED pgs=1 cs=0 l=1 rev1=1 rx=0 tx=0).stop
2024-04-16T01:22:00.966 INFO:teuthology.orchestra.run.smithi169.stderr:/usr/bin/ceph:
