2024-04-16T01:21:49.838 INFO:journalctl@ceph.mon.smithi169.smithi169.stdout:Apr 16 01:21:49 smithi169 ceph-89ce07de-fb8f-11ee-bc8f-c7b262605968-mon-smithi169[39684]: cluster
2024-04-16T01:21:49.500855+0000 mon.smithi169 (mon.0) 9 : cluster [INF] Activating manager daemon smithi169.inokak
2024-04-16T01:21:49.838 INFO:journalctl@ceph.mon.smithi169.smithi169.stdout:Apr 16 01:21:49 smithi169 ceph-89ce07de-fb8f-11ee-bc8f-c7b262605968-mon-smithi169[39684]: cluster
2024-04-16T01:21:49.503503+0000 mon.smithi169 (mon.0) 10 : cluster [DBG] mgrmap e2: smithi169.inokak(active, starting, since 0.00273979s)
2024-04-16T01:21:49.838 INFO:journalctl@ceph.mon.smithi169.smithi169.stdout:Apr 16 01:21:49 smithi169 ceph-89ce07de-fb8f-11ee-bc8f-c7b262605968-mon-smithi169[39684]: audit
2024-04-16T01:21:49.504476+0000 mon.smithi169 (mon.0) 11 : audit [DBG] from='mgr.14100 172.21.15.169:0/3433440117' entity='mgr.smithi169.inokak' cmd=[{"prefix": "mds metadata"}]: dispatch
2024-04-16T01:21:49.838 INFO:journalctl@ceph.mon.smithi169.smithi169.stdout:Apr 16 01:21:49 smithi169 ceph-89ce07de-fb8f-11ee-bc8f-c7b262605968-mon-smithi169[39684]: audit
2024-04-16T01:21:49.504597+0000 mon.smithi169 (mon.0) 12 : audit [DBG] from='mgr.14100 172.21.15.169:0/3433440117' entity='mgr.smithi169.inokak' cmd=[{"prefix": "osd metadata"}]: dispatch
2024-04-16T01:21:49.838 INFO:journalctl@ceph.mon.smithi169.smithi169.stdout:Apr 16 01:21:49 smithi169 ceph-89ce07de-fb8f-11ee-bc8f-c7b262605968-mon-smithi169[39684]: audit
2024-04-16T01:21:49.504702+0000 mon.smithi169 (mon.0) 13 : audit [DBG] from='mgr.14100 172.21.15.169:0/3433440117' entity='mgr.smithi169.inokak' cmd=[{"prefix": "mon metadata"}]: dispatch
2024-04-16T01:21:49.839 INFO:journalctl@ceph.mon.smithi169.smithi169.stdout:Apr 16 01:21:49 smithi169 ceph-89ce07de-fb8f-11ee-bc8f-c7b262605968-mon-smithi169[39684]: audit
2024-04-16T01:21:49.504810+0000 mon.smithi169 (mon.0) 14 : audit [DBG] from='mgr.14100 172.21.15.169:0/3433440117' entity='mgr.smithi169.inokak' cmd=[{"prefix": "mon metadata", "id": "smithi169"}]: dispatch
2024-04-16T01:21:49.839 INFO:journalctl@ceph.mon.smithi169.smithi169.stdout:Apr 16 01:21:49 smithi169 ceph-89ce07de-fb8f-11ee-bc8f-c7b262605968-mon-smithi169[39684]: audit
2024-04-16T01:21:49.505139+0000 mon.smithi169 (mon.0) 15 : audit [DBG] from='mgr.14100 172.21.15.169:0/3433440117' entity='mgr.smithi169.inokak' cmd=[{"prefix": "mgr metadata", "who": "smithi169.inokak", "id": "smithi169.inokak"}]: dispatch
2024-04-16T01:21:49.839 INFO:journalctl@ceph.mon.smithi169.smithi169.stdout:Apr 16 01:21:49 smithi169 ceph-89ce07de-fb8f-11ee-bc8f-c7b262605968-mon-smithi169[39684]: cluster
2024-04-16T01:21:49.518550+0000 mon.smithi169 (mon.0) 16 : cluster [INF] Manager daemon smithi169.inokak is now available
2024-04-16T01:21:49.839 INFO:journalctl@ceph.mon.smithi169.smithi169.stdout:Apr 16 01:21:49 smithi169 ceph-89ce07de-fb8f-11ee-bc8f-c7b262605968-mon-smithi169[39684]: audit
2024-04-16T01:21:49.527376+0000 mon.smithi169 (mon.0) 17 : audit [INF] from='mgr.14100 172.21.15.169:0/3433440117' entity='mgr.smithi169.inokak'
2024-04-16T01:21:49.839 INFO:journalctl@ceph.mon.smithi169.smithi169.stdout:Apr 16 01:21:49 smithi169 ceph-89ce07de-fb8f-11ee-bc8f-c7b262605968-mon-smithi169[39684]: audit
2024-04-16T01:21:49.532553+0000 mon.smithi169 (mon.0) 18 : audit [INF] from='mgr.14100 172.21.15.169:0/3433440117' entity='mgr.smithi169.inokak' cmd=[{"prefix":"config rm","who":"mgr","name":"mgr/rbd_support/smithi169.inokak/mirror_snapshot_schedule"}]: dispatch
2024-04-16T01:21:49.839 INFO:journalctl@ceph.mon.smithi169.smithi169.stdout:Apr 16 01:21:49 smithi169 ceph-89ce07de-fb8f-11ee-bc8f-c7b262605968-mon-smithi169[39684]: audit
2024-04-16T01:21:49.535089+0000 mon.smithi169 (mon.0) 19 : audit [INF] from='mgr.14100 172.21.15.169:0/3433440117' entity='mgr.smithi169.inokak' cmd=[{"prefix":"config rm","who":"mgr","name":"mgr/rbd_support/smithi169.inokak/trash_purge_schedule"}]: dispatch
2024-04-16T01:21:49.839 INFO:journalctl@ceph.mon.smithi169.smithi169.stdout:Apr 16 01:21:49 smithi169 ceph-89ce07de-fb8f-11ee-bc8f-c7b262605968-mon-smithi169[39684]: audit
2024-04-16T01:21:49.537984+0000 mon.smithi169 (mon.0) 20 : audit [INF] from='mgr.14100 172.21.15.169:0/3433440117' entity='mgr.smithi169.inokak'
2024-04-16T01:21:49.839 INFO:journalctl@ceph.mon.smithi169.smithi169.stdout:Apr 16 01:21:49 smithi169 ceph-89ce07de-fb8f-11ee-bc8f-c7b262605968-mon-smithi169[39684]: audit
2024-04-16T01:21:49.540215+0000 mon.smithi169 (mon.0) 21 : audit [INF] from='mgr.14100 172.21.15.169:0/3433440117' entity='mgr.smithi169.inokak'
2024-04-16T01:21:51.459 INFO:teuthology.orchestra.run.smithi169.stderr:/usr/bin/ceph:
2024-04-16T01:21:51.456+0000 7f5c64138700 1 Processor -- start
2024-04-16T01:21:51.460 INFO:teuthology.orchestra.run.smithi169.stderr:/usr/bin/ceph:
2024-04-16T01:21:51.456+0000 7f5c64138700 1 -- start start
2024-04-16T01:21:51.460 INFO:teuthology.orchestra.run.smithi169.stderr:/usr/bin/ceph:
2024-04-16T01:21:51.456+0000 7f5c64138700 1 --2- >> [v2:172.21.15.169:3300/0,v1:172.21.15.169:6789/0] conn(0x7f5c5c0fbed0 0x7f5c5c0fc2f0 unknown :-1 s=NONE pgs=0 cs=0 l=0 rev1=0 rx=0 tx=0).connect
2024-04-16T01:21:51.460 INFO:teuthology.orchestra.run.smithi169.stderr:/usr/bin/ceph:
2024-04-16T01:21:51.456+0000 7f5c64138700 1 -- --> [v2:172.21.15.169:3300/0,v1:172.21.15.169:6789/0] -- mon_getmap magic: 0 v1 -- 0x7f5c5c0fc7e0 con 0x7f5c5c0fbed0
2024-04-16T01:21:51.460 INFO:teuthology.orchestra.run.smithi169.stderr:/usr/bin/ceph:
2024-04-16T01:21:51.456+0000 7f5c61ed4700 1 --2- >> [v2:172.21.15.169:3300/0,v1:172.21.15.169:6789/0] conn(0x7f5c5c0fbed0 0x7f5c5c0fc2f0 unknown :-1 s=BANNER_CONNECTING pgs=0 cs=0 l=0 rev1=0 rx=0 tx=0)._handle_peer_banner_payload supported=1 required=0
2024-04-16T01:21:51.460 INFO:teuthology.orchestra.run.smithi169.stderr:/usr/bin/ceph:
2024-04-16T01:21:51.456+0000 7f5c61ed4700 1 --2- >> [v2:172.21.15.169:3300/0,v1:172.21.15.169:6789/0] conn(0x7f5c5c0fbed0 0x7f5c5c0fc2f0 unknown :-1 s=HELLO_CONNECTING pgs=0 cs=0 l=0 rev1=1 rx=0 tx=0).handle_hello peer v2:172.21.15.169:3300/0 says I am v2:172.21.15.169:36478/0 (socket says 172.21.15.169:36478)
2024-04-16T01:21:51.460 INFO:teuthology.orchestra.run.smithi169.stderr:/usr/bin/ceph:
2024-04-16T01:21:51.456+0000 7f5c61ed4700 1 -- 172.21.15.169:0/4168890567 learned_addr learned my addr 172.21.15.169:0/4168890567 (peer_addr_for_me v2:172.21.15.169:0/0)
2024-04-16T01:21:51.460 INFO:teuthology.orchestra.run.smithi169.stderr:/usr/bin/ceph:
2024-04-16T01:21:51.456+0000 7f5c61ed4700 1 -- 172.21.15.169:0/4168890567 --> [v2:172.21.15.169:3300/0,v1:172.21.15.169:6789/0] -- mon_subscribe({config=0+,monmap=0+}) v3 -- 0x7f5c5c0fc920 con 0x7f5c5c0fbed0
2024-04-16T01:21:51.460 INFO:teuthology.orchestra.run.smithi169.stderr:/usr/bin/ceph:
2024-04-16T01:21:51.457+0000 7f5c61ed4700 1 --2- 172.21.15.169:0/4168890567 >> [v2:172.21.15.169:3300/0,v1:172.21.15.169:6789/0] conn(0x7f5c5c0fbed0 0x7f5c5c0fc2f0 secure :-1 s=READY pgs=14 cs=0 l=1 rev1=1 rx=0x7f5c50009730 tx=0x7f5c500090f0).ready entity=mon.0 client_cookie=de19401c9f1ed3b1 server_cookie=0 in_seq=0 out_seq=0
2024-04-16T01:21:51.460 INFO:teuthology.orchestra.run.smithi169.stderr:/usr/bin/ceph:
2024-04-16T01:21:51.457+0000 7f5c60ed2700 1 -- 172.21.15.169:0/4168890567 <== mon.0 v2:172.21.15.169:3300/0 1 ==== mon_map magic: 0 v1 ==== 229+0+0 (secure 0 0 0) 0x7f5c5000b6e0 con 0x7f5c5c0fbed0
2024-04-16T01:21:51.460 INFO:teuthology.orchestra.run.smithi169.stderr:/usr/bin/ceph:
2024-04-16T01:21:51.457+0000 7f5c60ed2700 1 -- 172.21.15.169:0/4168890567 <== mon.0 v2:172.21.15.169:3300/0 2 ==== config(25 keys) v1 ==== 982+0+0 (secure 0 0 0) 0x7f5c5000bc90 con 0x7f5c5c0fbed0
2024-04-16T01:21:51.460 INFO:teuthology.orchestra.run.smithi169.stderr:/usr/bin/ceph:
2024-04-16T01:21:51.457+0000 7f5c60ed2700 1 -- 172.21.15.169:0/4168890567 <== mon.0 v2:172.21.15.169:3300/0 3 ==== mon_map magic: 0 v1 ==== 229+0+0 (secure 0 0 0) 0x7f5c50011c70 con 0x7f5c5c0fbed0
2024-04-16T01:21:51.460 INFO:teuthology.orchestra.run.smithi169.stderr:/usr/bin/ceph:
2024-04-16T01:21:51.457+0000 7f5c64138700 1 -- 172.21.15.169:0/4168890567 >> [v2:172.21.15.169:3300/0,v1:172.21.15.169:6789/0] conn(0x7f5c5c0fbed0 msgr2=0x7f5c5c0fc2f0 secure :-1 s=STATE_CONNECTION_ESTABLISHED l=1).mark_down
2024-04-16T01:21:51.461 INFO:teuthology.orchestra.run.smithi169.stderr:/usr/bin/ceph:
2024-04-16T01:21:51.457+0000 7f5c64138700 1 --2- 172.21.15.169:0/4168890567 >> [v2:172.21.15.169:3300/0,v1:172.21.15.169:6789/0] conn(0x7f5c5c0fbed0 0x7f5c5c0fc2f0 secure :-1 s=READY pgs=14 cs=0 l=1 rev1=1 rx=0x7f5c50009730 tx=0x7f5c500090f0).stop
2024-04-16T01:21:51.461 INFO:teuthology.orchestra.run.smithi169.stderr:/usr/bin/ceph:
2024-04-16T01:21:51.458+0000 7f5c64138700 1 -- 172.21.15.169:0/4168890567 shutdown_connections
2024-04-16T01:21:51.461 INFO:teuthology.orchestra.run.smithi169.stderr:/usr/bin/ceph:
2024-04-16T01:21:51.458+0000 7f5c64138700 1 --2- 172.21.15.169:0/4168890567 >> [v2:172.21.15.169:3300/0,v1:172.21.15.169:6789/0] conn(0x7f5c5c0fbed0 0x7f5c5c0fc2f0 unknown :-1 s=CLOSED pgs=14 cs=0 l=1 rev1=1 rx=0 tx=0).stop
2024-04-16T01:21:51.461 INFO:teuthology.orchestra.run.smithi169.stderr:/usr/bin/ceph:
2024-04-16T01:21:51.458+0000 7f5c64138700 1 -- 172.21.15.169:0/4168890567 >> 172.21.15.169:0/4168890567 conn(0x7f5c5c0f76f0 msgr2=0x7f5c5c0f9b10 unknown :-1 s=STATE_NONE l=0).mark_down
2024-04-16T01:21:51.461 INFO:teuthology.orchestra.run.smithi169.stderr:/usr/bin/ceph:
2024-04-16T01:21:51.458+0000 7f5c64138700 1 -- 172.21.15.169:0/4168890567 shutdown_connections
2024-04-16T01:21:51.461 INFO:teuthology.orchestra.run.smithi169.stderr:/usr/bin/ceph:
2024-04-16T01:21:51.458+0000 7f5c64138700 1 -- 172.21.15.169:0/4168890567 wait complete.
2024-04-16T01:21:51.464 INFO:teuthology.orchestra.run.smithi169.stderr:/usr/bin/ceph:
2024-04-16T01:21:51.458+0000 7f5c64138700 1 Processor -- start
2024-04-16T01:21:51.464 INFO:teuthology.orchestra.run.smithi169.stderr:/usr/bin/ceph:
2024-04-16T01:21:51.458+0000 7f5c64138700 1 -- start start
2024-04-16T01:21:51.464 INFO:teuthology.orchestra.run.smithi169.stderr:/usr/bin/ceph:
2024-04-16T01:21:51.458+0000 7f5c64138700 1 --2- >> [v2:172.21.15.169:3300/0,v1:172.21.15.169:6789/0] conn(0x7f5c5c0fbed0 0x7f5c5c102160 unknown :-1 s=NONE pgs=0 cs=0 l=1 rev1=0 rx=0 tx=0).connect
2024-04-16T01:21:51.464 INFO:teuthology.orchestra.run.smithi169.stderr:/usr/bin/ceph:
2024-04-16T01:21:51.458+0000 7f5c64138700 1 -- --> [v2:172.21.15.169:3300/0,v1:172.21.15.169:6789/0] -- mon_getmap magic: 0 v1 -- 0x7f5c5c1005e0 con 0x7f5c5c0fbed0
2024-04-16T01:21:51.464 INFO:teuthology.orchestra.run.smithi169.stderr:/usr/bin/ceph:
2024-04-16T01:21:51.459+0000 7f5c61ed4700 1 --2- >> [v2:172.21.15.169:3300/0,v1:172.21.15.169:6789/0] conn(0x7f5c5c0fbed0 0x7f5c5c102160 unknown :-1 s=BANNER_CONNECTING pgs=0 cs=0 l=1 rev1=0 rx=0 tx=0)._handle_peer_banner_payload supported=1 required=0
2024-04-16T01:21:51.464 INFO:teuthology.orchestra.run.smithi169.stderr:/usr/bin/ceph:
2024-04-16T01:21:51.459+0000 7f5c61ed4700 1 --2- >> [v2:172.21.15.169:3300/0,v1:172.21.15.169:6789/0] conn(0x7f5c5c0fbed0 0x7f5c5c102160 unknown :-1 s=HELLO_CONNECTING pgs=0 cs=0 l=1 rev1=1 rx=0 tx=0).handle_hello peer v2:172.21.15.169:3300/0 says I am v2:172.21.15.169:36484/0 (socket says 172.21.15.169:36484)
2024-04-16T01:21:51.465 INFO:teuthology.orchestra.run.smithi169.stderr:/usr/bin/ceph:
2024-04-16T01:21:51.459+0000 7f5c61ed4700 1 -- 172.21.15.169:0/3880618475 learned_addr learned my addr 172.21.15.169:0/3880618475 (peer_addr_for_me v2:172.21.15.169:0/0)
2024-04-16T01:21:51.465 INFO:teuthology.orchestra.run.smithi169.stderr:/usr/bin/ceph:
2024-04-16T01:21:51.459+0000 7f5c61ed4700 1 -- 172.21.15.169:0/3880618475 --> [v2:172.21.15.169:3300/0,v1:172.21.15.169:6789/0] -- mon_subscribe({config=0+,monmap=0+}) v3 -- 0x7f5c50009370 con 0x7f5c5c0fbed0
2024-04-16T01:21:51.465 INFO:teuthology.orchestra.run.smithi169.stderr:/usr/bin/ceph:
2024-04-16T01:21:51.459+0000 7f5c61ed4700 1 --2- 172.21.15.169:0/3880618475 >> [v2:172.21.15.169:3300/0,v1:172.21.15.169:6789/0] conn(0x7f5c5c0fbed0 0x7f5c5c102160 secure :-1 s=READY pgs=15 cs=0 l=1 rev1=1 rx=0x7f5c50011870 tx=0x7f5c500090f0).ready entity=mon.0 client_cookie=0 server_cookie=0 in_seq=0 out_seq=0
2024-04-16T01:21:51.465 INFO:teuthology.orchestra.run.smithi169.stderr:/usr/bin/ceph:
2024-04-16T01:21:51.459+0000 7f5c4effd700 1 -- 172.21.15.169:0/3880618475 <== mon.0 v2:172.21.15.169:3300/0 1 ==== mon_map magic: 0 v1 ==== 229+0+0 (secure 0 0 0) 0x7f5c5001a610 con 0x7f5c5c0fbed0
2024-04-16T01:21:51.465 INFO:teuthology.orchestra.run.smithi169.stderr:/usr/bin/ceph:
2024-04-16T01:21:51.459+0000 7f5c4effd700 1 -- 172.21.15.169:0/3880618475 <== mon.0 v2:172.21.15.169:3300/0 2 ==== config(25 keys) v1 ==== 982+0+0 (secure 0 0 0) 0x7f5c5001abc0 con 0x7f5c5c0fbed0
2024-04-16T01:21:51.465 INFO:teuthology.orchestra.run.smithi169.stderr:/usr/bin/ceph:
2024-04-16T01:21:51.459+0000 7f5c4effd700 1 -- 172.21.15.169:0/3880618475 <== mon.0 v2:172.21.15.169:3300/0 3 ==== mon_map magic: 0 v1 ==== 229+0+0 (secure 0 0 0) 0x7f5c50022a30 con 0x7f5c5c0fbed0
2024-04-16T01:21:51.465 INFO:teuthology.orchestra.run.smithi169.stderr:/usr/bin/ceph:
2024-04-16T01:21:51.459+0000 7f5c64138700 1 -- 172.21.15.169:0/3880618475 --> [v2:172.21.15.169:3300/0,v1:172.21.15.169:6789/0] -- mon_subscribe({mgrmap=0+}) v3 -- 0x7f5c5c100780 con 0x7f5c5c0fbed0
2024-04-16T01:21:51.466 INFO:teuthology.orchestra.run.smithi169.stderr:/usr/bin/ceph:
2024-04-16T01:21:51.459+0000 7f5c64138700 1 -- 172.21.15.169:0/3880618475 --> [v2:172.21.15.169:3300/0,v1:172.21.15.169:6789/0] -- mon_subscribe({osdmap=0}) v3 -- 0x7f5c5c100b90 con 0x7f5c5c0fbed0
2024-04-16T01:21:51.466 INFO:teuthology.orchestra.run.smithi169.stderr:/usr/bin/ceph:
2024-04-16T01:21:51.460+0000 7f5c4effd700 1 -- 172.21.15.169:0/3880618475 <== mon.0 v2:172.21.15.169:3300/0 4 ==== mgrmap(e 3) v1 ==== 38515+0+0 (secure 0 0 0) 0x7f5c50022ca0 con 0x7f5c5c0fbed0
2024-04-16T01:21:51.466 INFO:teuthology.orchestra.run.smithi169.stderr:/usr/bin/ceph:
2024-04-16T01:21:51.460+0000 7f5c4effd700 1 --2- 172.21.15.169:0/3880618475 >> [v2:172.21.15.169:6800/2790387253,v1:172.21.15.169:6801/2790387253] conn(0x7f5c480324e0 0x7f5c480349a0 unknown :-1 s=NONE pgs=0 cs=0 l=1 rev1=0 rx=0 tx=0).connect
2024-04-16T01:21:51.466 INFO:teuthology.orchestra.run.smithi169.stderr:/usr/bin/ceph:
2024-04-16T01:21:51.460+0000 7f5c4effd700 1 -- 172.21.15.169:0/3880618475 <== mon.0 v2:172.21.15.169:3300/0 5 ==== osd_map(1..1 src has 1..1) v4 ==== 721+0+0 (secure 0 0 0) 0x7f5c500445a0 con 0x7f5c5c0fbed0
2024-04-16T01:21:51.466 INFO:teuthology.orchestra.run.smithi169.stderr:/usr/bin/ceph:
2024-04-16T01:21:51.460+0000 7f5c616d3700 1 --2- 172.21.15.169:0/3880618475 >> [v2:172.21.15.169:6800/2790387253,v1:172.21.15.169:6801/2790387253] conn(0x7f5c480324e0 0x7f5c480349a0 unknown :-1 s=BANNER_CONNECTING pgs=0 cs=0 l=1 rev1=0 rx=0 tx=0)._handle_peer_banner_payload supported=1 required=0
2024-04-16T01:21:51.466 INFO:teuthology.orchestra.run.smithi169.stderr:/usr/bin/ceph:
2024-04-16T01:21:51.460+0000 7f5c64138700 1 -- 172.21.15.169:0/3880618475 --> [v2:172.21.15.169:3300/0,v1:172.21.15.169:6789/0] -- mon_command({"prefix": "get_command_descriptions"} v 0) v1 -- 0x7f5c5c05a310 con 0x7f5c5c0fbed0
2024-04-16T01:21:51.466 INFO:teuthology.orchestra.run.smithi169.stderr:/usr/bin/ceph:
2024-04-16T01:21:51.461+0000 7f5c616d3700 1 --2- 172.21.15.169:0/3880618475 >> [v2:172.21.15.169:6800/2790387253,v1:172.21.15.169:6801/2790387253] conn(0x7f5c480324e0 0x7f5c480349a0 secure :-1 s=READY pgs=5 cs=0 l=1 rev1=1 rx=0x7f5c58009780 tx=0x7f5c58006cc0).ready entity=mgr.14100 client_cookie=0 server_cookie=0 in_seq=0 out_seq=0
2024-04-16T01:21:51.467 INFO:teuthology.orchestra.run.smithi169.stderr:/usr/bin/ceph:
2024-04-16T01:21:51.465+0000 7f5c4effd700 1 -- 172.21.15.169:0/3880618475 <== mon.0 v2:172.21.15.169:3300/0 6 ==== mon_command_ack([{"prefix": "get_command_descriptions"}]=0 v0) v1 ==== 72+0+163658 (secure 0 0 0) 0x7f5c5001e020 con 0x7f5c5c0fbed0
2024-04-16T01:21:51.695 INFO:teuthology.orchestra.run.smithi169.stderr:/usr/bin/ceph:
2024-04-16T01:21:51.690+0000 7f5c64138700 1 -- 172.21.15.169:0/3880618475 --> [v2:172.21.15.169:3300/0,v1:172.21.15.169:6789/0] -- mon_command({"prefix": "status", "format": "json-pretty"} v 0) v1 -- 0x7f5c5c0fdc20 con 0x7f5c5c0fbed0
2024-04-16T01:21:51.695 INFO:teuthology.orchestra.run.smithi169.stderr:/usr/bin/ceph:
2024-04-16T01:21:51.690+0000 7f5c4effd700 1 -- 172.21.15.169:0/3880618475 <== mon.0 v2:172.21.15.169:3300/0 7 ==== mon_command_ack([{"prefix": "status", "format": "json-pretty"}]=0 v0) v1 ==== 79+0+1249 (secure 0 0 0) 0x7f5c50018d60 con 0x7f5c5c0fbed0
2024-04-16T01:21:51.695 INFO:teuthology.orchestra.run.smithi169.stderr:/usr/bin/ceph:
2024-04-16T01:21:51.695 INFO:teuthology.orchestra.run.smithi169.stderr:/usr/bin/ceph: {
2024-04-16T01:21:51.695 INFO:teuthology.orchestra.run.smithi169.stderr:/usr/bin/ceph: "fsid": "89ce07de-fb8f-11ee-bc8f-c7b262605968",
2024-04-16T01:21:51.695 INFO:teuthology.orchestra.run.smithi169.stderr:/usr/bin/ceph: "health": {
2024-04-16T01:21:51.695 INFO:teuthology.orchestra.run.smithi169.stderr:/usr/bin/ceph: "status": "HEALTH_OK",
2024-04-16T01:21:51.696 INFO:teuthology.orchestra.run.smithi169.stderr:/usr/bin/ceph: "checks": {},
2024-04-16T01:21:51.696 INFO:teuthology.orchestra.run.smithi169.stderr:/usr/bin/ceph: "mutes": []
2024-04-16T01:21:51.696 INFO:teuthology.orchestra.run.smithi169.stderr:/usr/bin/ceph: },
2024-04-16T01:21:51.696 INFO:teuthology.orchestra.run.smithi169.stderr:/usr/bin/ceph: "election_epoch": 5,
2024-04-16T01:21:51.696 INFO:teuthology.orchestra.run.smithi169.stderr:/usr/bin/ceph: "quorum": [
2024-04-16T01:21:51.696 INFO:teuthology.orchestra.run.smithi169.stderr:/usr/bin/ceph: 0
2024-04-16T01:21:51.696 INFO:teuthology.orchestra.run.smithi169.stderr:/usr/bin/ceph: ],
2024-04-16T01:21:51.696 INFO:teuthology.orchestra.run.smithi169.stderr:/usr/bin/ceph: "quorum_names": [
2024-04-16T01:21:51.696 INFO:teuthology.orchestra.run.smithi169.stderr:/usr/bin/ceph: "smithi169"
2024-04-16T01:21:51.696 INFO:teuthology.orchestra.run.smithi169.stderr:/usr/bin/ceph: ],
2024-04-16T01:21:51.696 INFO:teuthology.orchestra.run.smithi169.stderr:/usr/bin/ceph: "quorum_age": 12,
2024-04-16T01:21:51.696 INFO:teuthology.orchestra.run.smithi169.stderr:/usr/bin/ceph: "monmap": {
2024-04-16T01:21:51.696 INFO:teuthology.orchestra.run.smithi169.stderr:/usr/bin/ceph: "epoch": 1,
2024-04-16T01:21:51.696 INFO:teuthology.orchestra.run.smithi169.stderr:/usr/bin/ceph: "min_mon_release_name": "pacific",
2024-04-16T01:21:51.696 INFO:teuthology.orchestra.run.smithi169.stderr:/usr/bin/ceph: "num_mons": 1
2024-04-16T01:21:51.697 INFO:teuthology.orchestra.run.smithi169.stderr:/usr/bin/ceph: },
2024-04-16T01:21:51.697 INFO:teuthology.orchestra.run.smithi169.stderr:/usr/bin/ceph: "osdmap": {
2024-04-16T01:21:51.697 INFO:teuthology.orchestra.run.smithi169.stderr:/usr/bin/ceph: "epoch": 1,
2024-04-16T01:21:51.697 INFO:teuthology.orchestra.run.smithi169.stderr:/usr/bin/ceph: "num_osds": 0,
2024-04-16T01:21:51.702 INFO:teuthology.orchestra.run.smithi169.stderr:/usr/bin/ceph: "num_up_osds": 0,
2024-04-16T01:21:51.702 INFO:teuthology.orchestra.run.smithi169.stderr:/usr/bin/ceph: "osd_up_since": 0,
2024-04-16T01:21:51.702 INFO:teuthology.orchestra.run.smithi169.stderr:/usr/bin/ceph: "num_in_osds": 0,
2024-04-16T01:21:51.702 INFO:teuthology.orchestra.run.smithi169.stderr:/usr/bin/ceph: "osd_in_since": 0,
2024-04-16T01:21:51.703 INFO:teuthology.orchestra.run.smithi169.stderr:/usr/bin/ceph: "num_remapped_pgs": 0
2024-04-16T01:21:51.703 INFO:teuthology.orchestra.run.smithi169.stderr:/usr/bin/ceph: },
2024-04-16T01:21:51.703 INFO:teuthology.orchestra.run.smithi169.stderr:/usr/bin/ceph: "pgmap": {
2024-04-16T01:21:51.703 INFO:teuthology.orchestra.run.smithi169.stderr:/usr/bin/ceph: "pgs_by_state": [],
2024-04-16T01:21:51.703 INFO:teuthology.orchestra.run.smithi169.stderr:/usr/bin/ceph: "num_pgs": 0,
2024-04-16T01:21:51.703 INFO:teuthology.orchestra.run.smithi169.stderr:/usr/bin/ceph: "num_pools": 0,
2024-04-16T01:21:51.703 INFO:teuthology.orchestra.run.smithi169.stderr:/usr/bin/ceph: "num_objects": 0,
2024-04-16T01:21:51.703 INFO:teuthology.orchestra.run.smithi169.stderr:/usr/bin/ceph: "data_bytes": 0,
2024-04-16T01:21:51.703 INFO:teuthology.orchestra.run.smithi169.stderr:/usr/bin/ceph: "bytes_used": 0,
2024-04-16T01:21:51.703 INFO:teuthology.orchestra.run.smithi169.stderr:/usr/bin/ceph: "bytes_avail": 0,
2024-04-16T01:21:51.704 INFO:teuthology.orchestra.run.smithi169.stderr:/usr/bin/ceph: "bytes_total": 0
2024-04-16T01:21:51.704 INFO:teuthology.orchestra.run.smithi169.stderr:/usr/bin/ceph: },
2024-04-16T01:21:51.704 INFO:teuthology.orchestra.run.smithi169.stderr:/usr/bin/ceph: "fsmap": {
2024-04-16T01:21:51.704 INFO:teuthology.orchestra.run.smithi169.stderr:/usr/bin/ceph: "epoch": 1,
2024-04-16T01:21:51.704 INFO:teuthology.orchestra.run.smithi169.stderr:/usr/bin/ceph: "by_rank": [],
2024-04-16T01:21:51.704 INFO:teuthology.orchestra.run.smithi169.stderr:/usr/bin/ceph: "up:standby": 0
2024-04-16T01:21:51.704 INFO:teuthology.orchestra.run.smithi169.stderr:/usr/bin/ceph: },
2024-04-16T01:21:51.704 INFO:teuthology.orchestra.run.smithi169.stderr:/usr/bin/ceph: "mgrmap": {
2024-04-16T01:21:51.704 INFO:teuthology.orchestra.run.smithi169.stderr:/usr/bin/ceph: "available": true,
2024-04-16T01:21:51.704 INFO:teuthology.orchestra.run.smithi169.stderr:/usr/bin/ceph: "num_standbys": 0,
2024-04-16T01:21:51.704 INFO:teuthology.orchestra.run.smithi169.stderr:/usr/bin/ceph: "modules": [
2024-04-16T01:21:51.704 INFO:teuthology.orchestra.run.smithi169.stderr:/usr/bin/ceph: "iostat",
2024-04-16T01:21:51.705 INFO:teuthology.orchestra.run.smithi169.stderr:/usr/bin/ceph: "nfs",
2024-04-16T01:21:51.705 INFO:teuthology.orchestra.run.smithi169.stderr:/usr/bin/ceph: "restful"
2024-04-16T01:21:51.705 INFO:teuthology.orchestra.run.smithi169.stderr:/usr/bin/ceph: ],
2024-04-16T01:21:51.705 INFO:teuthology.orchestra.run.smithi169.stderr:/usr/bin/ceph: "services": {}
2024-04-16T01:21:51.705 INFO:teuthology.orchestra.run.smithi169.stderr:/usr/bin/ceph: },
2024-04-16T01:21:51.705 INFO:teuthology.orchestra.run.smithi169.stderr:/usr/bin/ceph: "servicemap": {
2024-04-16T01:21:51.705 INFO:teuthology.orchestra.run.smithi169.stderr:/usr/bin/ceph: "epoch": 1,
2024-04-16T01:21:51.705 INFO:teuthology.orchestra.run.smithi169.stderr:/usr/bin/ceph: "modified": "2024-04-16T01:21:28.121236+0000",
2024-04-16T01:21:51.705 INFO:teuthology.orchestra.run.smithi169.stderr:/usr/bin/ceph: "services": {}
2024-04-16T01:21:51.705 INFO:teuthology.orchestra.run.smithi169.stderr:/usr/bin/ceph: },
2024-04-16T01:21:51.706 INFO:teuthology.orchestra.run.smithi169.stderr:/usr/bin/ceph: "progress_events": {}
2024-04-16T01:21:51.706 INFO:teuthology.orchestra.run.smithi169.stderr:/usr/bin/ceph: }
2024-04-16T01:21:51.706 INFO:teuthology.orchestra.run.smithi169.stderr:/usr/bin/ceph:
2024-04-16T01:21:51.692+0000 7f5c64138700 1 -- 172.21.15.169:0/3880618475 >> [v2:172.21.15.169:6800/2790387253,v1:172.21.15.169:6801/2790387253] conn(0x7f5c480324e0 msgr2=0x7f5c480349a0 secure :-1 s=STATE_CONNECTION_ESTABLISHED l=1).mark_down
2024-04-16T01:21:51.706 INFO:teuthology.orchestra.run.smithi169.stderr:/usr/bin/ceph:
2024-04-16T01:21:51.692+0000 7f5c64138700 1 --2- 172.21.15.169:0/3880618475 >> [v2:172.21.15.169:6800/2790387253,v1:172.21.15.169:6801/2790387253] conn(0x7f5c480324e0 0x7f5c480349a0 secure :-1 s=READY pgs=5 cs=0 l=1 rev1=1 rx=0x7f5c58009780 tx=0x7f5c58006cc0).stop
2024-04-16T01:21:51.706 INFO:teuthology.orchestra.run.smithi169.stderr:/usr/bin/ceph:
2024-04-16T01:21:51.692+0000 7f5c64138700 1 -- 172.21.15.169:0/3880618475 >> [v2:172.21.15.169:3300/0,v1:172.21.15.169:6789/0] conn(0x7f5c5c0fbed0 msgr2=0x7f5c5c102160 secure :-1 s=STATE_CONNECTION_ESTABLISHED l=1).mark_down
2024-04-16T01:21:51.706 INFO:teuthology.orchestra.run.smithi169.stderr:/usr/bin/ceph:
2024-04-16T01:21:51.692+0000 7f5c64138700 1 --2- 172.21.15.169:0/3880618475 >> [v2:172.21.15.169:3300/0,v1:172.21.15.169:6789/0] conn(0x7f5c5c0fbed0 0x7f5c5c102160 secure :-1 s=READY pgs=15 cs=0 l=1 rev1=1 rx=0x7f5c50011870 tx=0x7f5c500090f0).stop
2024-04-16T01:21:51.706 INFO:teuthology.orchestra.run.smithi169.stderr:/usr/bin/ceph:
2024-04-16T01:21:51.692+0000 7f5c64138700 1 -- 172.21.15.169:0/3880618475 shutdown_connections
2024-04-16T01:21:51.706 INFO:teuthology.orchestra.run.smithi169.stderr:/usr/bin/ceph:
2024-04-16T01:21:51.692+0000 7f5c64138700 1 --2- 172.21.15.169:0/3880618475 >> [v2:172.21.15.169:6800/2790387253,v1:172.21.15.169:6801/2790387253] conn(0x7f5c480324e0 0x7f5c480349a0 unknown :-1 s=CLOSED pgs=5 cs=0 l=1 rev1=1 rx=0 tx=0).stop
2024-04-16T01:21:51.706 INFO:teuthology.orchestra.run.smithi169.stderr:/usr/bin/ceph:
2024-04-16T01:21:51.692+0000 7f5c64138700 1 --2- 172.21.15.169:0/3880618475 >> [v2:172.21.15.169:3300/0,v1:172.21.15.169:6789/0] conn(0x7f5c5c0fbed0 0x7f5c5c102160 unknown :-1 s=CLOSED pgs=15 cs=0 l=1 rev1=1 rx=0 tx=0).stop
2024-04-16T01:21:51.706 INFO:teuthology.orchestra.run.smithi169.stderr:/usr/bin/ceph:
2024-04-16T01:21:51.692+0000 7f5c64138700 1 -- 172.21.15.169:0/3880618475 >> 172.21.15.169:0/3880618475 conn(0x7f5c5c0f76f0 msgr2=0x7f5c5c0718d0 unknown :-1 s=STATE_NONE l=0).mark_down
2024-04-16T01:21:51.706 INFO:teuthology.orchestra.run.smithi169.stderr:/usr/bin/ceph:
2024-04-16T01:21:51.692+0000 7f5c64138700 1 -- 172.21.15.169:0/3880618475 shutdown_connections
2024-04-16T01:21:51.706 INFO:teuthology.orchestra.run.smithi169.stderr:/usr/bin/ceph:
2024-04-16T01:21:51.692+0000 7f5c64138700 1 -- 172.21.15.169:0/3880618475 wait complete.
2024-04-16T01:21:51.835 INFO:journalctl@ceph.mon.smithi169.smithi169.stdout:Apr 16 01:21:51 smithi169 ceph-89ce07de-fb8f-11ee-bc8f-c7b262605968-mon-smithi169[39684]: cluster
2024-04-16T01:21:50.506551+0000 mon.smithi169 (mon.0) 22 : cluster [DBG] mgrmap e3: smithi169.inokak(active, since 1.00579s)
2024-04-16T01:21:52.270 INFO:teuthology.orchestra.run.smithi169.stderr:mgr is available
2024-04-16T01:21:52.528 INFO:journalctl@ceph.mon.smithi169.smithi169.stdout:Apr 16 01:21:52 smithi169 ceph-89ce07de-fb8f-11ee-bc8f-c7b262605968-mon-smithi169[39684]: audit
2024-04-16T01:21:51.691729+0000 mon.smithi169 (mon.0) 23 : audit [DBG] from='client.? 172.21.15.169:0/3880618475' entity='client.admin' cmd=[{"prefix": "status", "format": "json-pretty"}]: dispatch
2024-04-16T01:21:53.129 INFO:teuthology.orchestra.run.smithi169.stderr:/usr/bin/ceph:
2024-04-16T01:21:52.820+0000 7f95fdb3f700 1 Processor -- start
2024-04-16T01:21:53.129 INFO:teuthology.orchestra.run.smithi169.stderr:/usr/bin/ceph:
2024-04-16T01:21:52.820+0000 7f95fdb3f700 1 -- start start
2024-04-16T01:21:53.129 INFO:teuthology.orchestra.run.smithi169.stderr:/usr/bin/ceph:
2024-04-16T01:21:52.820+0000 7f95fdb3f700 1 --2- >> [v2:172.21.15.169:3300/0,v1:172.21.15.169:6789/0] conn(0x7f95f8071be0 0x7f95f80ffcb0 unknown :-1 s=NONE pgs=0 cs=0 l=0 rev1=0 rx=0 tx=0).connect
2024-04-16T01:21:53.129 INFO:teuthology.orchestra.run.smithi169.stderr:/usr/bin/ceph:
2024-04-16T01:21:52.820+0000 7f95fdb3f700 1 -- --> [v2:172.21.15.169:3300/0,v1:172.21.15.169:6789/0] -- mon_getmap magic: 0 v1 -- 0x7f95f81001a0 con 0x7f95f8071be0
2024-04-16T01:21:53.129 INFO:teuthology.orchestra.run.smithi169.stderr:/usr/bin/ceph:
2024-04-16T01:21:52.820+0000 7f95f77fe700 1 --2- >> [v2:172.21.15.169:3300/0,v1:172.21.15.169:6789/0] conn(0x7f95f8071be0 0x7f95f80ffcb0 unknown :-1 s=BANNER_CONNECTING pgs=0 cs=0 l=0 rev1=0 rx=0 tx=0)._handle_peer_banner_payload supported=1 required=0
2024-04-16T01:21:53.130 INFO:teuthology.orchestra.run.smithi169.stderr:/usr/bin/ceph:
2024-04-16T01:21:52.820+0000 7f95f77fe700 1 --2- >> [v2:172.21.15.169:3300/0,v1:172.21.15.169:6789/0] conn(0x7f95f8071be0 0x7f95f80ffcb0 unknown :-1 s=HELLO_CONNECTING pgs=0 cs=0 l=0 rev1=1 rx=0 tx=0).handle_hello peer v2:172.21.15.169:3300/0 says I am v2:172.21.15.169:36492/0 (socket says 172.21.15.169:36492)
2024-04-16T01:21:53.130 INFO:teuthology.orchestra.run.smithi169.stderr:/usr/bin/ceph:
2024-04-16T01:21:52.820+0000 7f95f77fe700 1 -- 172.21.15.169:0/3300982881 learned_addr learned my addr 172.21.15.169:0/3300982881 (peer_addr_for_me v2:172.21.15.169:0/0)
2024-04-16T01:21:53.130 INFO:teuthology.orchestra.run.smithi169.stderr:/usr/bin/ceph:
2024-04-16T01:21:52.820+0000 7f95f77fe700 1 -- 172.21.15.169:0/3300982881 --> [v2:172.21.15.169:3300/0,v1:172.21.15.169:6789/0] -- mon_subscribe({config=0+,monmap=0+}) v3 -- 0x7f95f81002e0 con 0x7f95f8071be0
2024-04-16T01:21:53.130 INFO:teuthology.orchestra.run.smithi169.stderr:/usr/bin/ceph:
2024-04-16T01:21:52.820+0000 7f95f77fe700 1 --2- 172.21.15.169:0/3300982881 >> [v2:172.21.15.169:3300/0,v1:172.21.15.169:6789/0] conn(0x7f95f8071be0 0x7f95f80ffcb0 secure :-1 s=READY pgs=16 cs=0 l=1 rev1=1 rx=0x7f95e8009730 tx=0x7f95e80090f0).ready entity=mon.0 client_cookie=d5e43f1e204a048f server_cookie=0 in_seq=0 out_seq=0
2024-04-16T01:21:53.130 INFO:teuthology.orchestra.run.smithi169.stderr:/usr/bin/ceph:
2024-04-16T01:21:52.821+0000 7f95f67fc700 1 -- 172.21.15.169:0/3300982881 <== mon.0 v2:172.21.15.169:3300/0 1 ==== mon_map magic: 0 v1 ==== 229+0+0 (secure 0 0 0) 0x7f95e800b6e0 con 0x7f95f8071be0
2024-04-16T01:21:53.130 INFO:teuthology.orchestra.run.smithi169.stderr:/usr/bin/ceph:
2024-04-16T01:21:52.821+0000 7f95f67fc700 1 -- 172.21.15.169:0/3300982881 <== mon.0 v2:172.21.15.169:3300/0 2 ==== config(25 keys) v1 ==== 982+0+0 (secure 0 0 0) 0x7f95e800bc90 con 0x7f95f8071be0
2024-04-16T01:21:53.130 INFO:teuthology.orchestra.run.smithi169.stderr:/usr/bin/ceph:
2024-04-16T01:21:52.821+0000 7f95f67fc700 1 -- 172.21.15.169:0/3300982881 <== mon.0 v2:172.21.15.169:3300/0 3 ==== mon_map magic: 0 v1 ==== 229+0+0 (secure 0 0 0) 0x7f95e8011c70 con 0x7f95f8071be0
2024-04-16T01:21:53.130 INFO:teuthology.orchestra.run.smithi169.stderr:/usr/bin/ceph:
2024-04-16T01:21:52.821+0000 7f95fdb3f700 1 -- 172.21.15.169:0/3300982881 >> [v2:172.21.15.169:3300/0,v1:172.21.15.169:6789/0] conn(0x7f95f8071be0 msgr2=0x7f95f80ffcb0 secure :-1 s=STATE_CONNECTION_ESTABLISHED l=1).mark_down
2024-04-16T01:21:53.130 INFO:teuthology.orchestra.run.smithi169.stderr:/usr/bin/ceph:
2024-04-16T01:21:52.821+0000 7f95fdb3f700 1 --2- 172.21.15.169:0/3300982881 >> [v2:172.21.15.169:3300/0,v1:172.21.15.169:6789/0] conn(0x7f95f8071be0 0x7f95f80ffcb0 secure :-1 s=READY pgs=16 cs=0 l=1 rev1=1 rx=0x7f95e8009730 tx=0x7f95e80090f0).stop
2024-04-16T01:21:53.130 INFO:teuthology.orchestra.run.smithi169.stderr:/usr/bin/ceph:
2024-04-16T01:21:52.821+0000 7f95fdb3f700 1 -- 172.21.15.169:0/3300982881 shutdown_connections
2024-04-16T01:21:53.130 INFO:teuthology.orchestra.run.smithi169.stderr:/usr/bin/ceph:
2024-04-16T01:21:52.821+0000 7f95fdb3f700 1 --2- 172.21.15.169:0/3300982881 >> [v2:172.21.15.169:3300/0,v1:172.21.15.169:6789/0] conn(0x7f95f8071be0 0x7f95f80ffcb0 unknown :-1 s=CLOSED pgs=16 cs=0 l=1 rev1=1 rx=0 tx=0).stop
2024-04-16T01:21:53.130 INFO:teuthology.orchestra.run.smithi169.stderr:/usr/bin/ceph:
2024-04-16T01:21:52.821+0000 7f95fdb3f700 1 -- 172.21.15.169:0/3300982881 >> 172.21.15.169:0/3300982881 conn(0x7f95f80f76f0 msgr2=0x7f95f80f9b10 unknown :-1 s=STATE_NONE l=0).mark_down
2024-04-16T01:21:53.130 INFO:teuthology.orchestra.run.smithi169.stderr:/usr/bin/ceph:
2024-04-16T01:21:52.821+0000 7f95fdb3f700 1 -- 172.21.15.169:0/3300982881 shutdown_connections
2024-04-16T01:21:53.131 INFO:teuthology.orchestra.run.smithi169.stderr:/usr/bin/ceph:
2024-04-16T01:21:52.821+0000 7f95fdb3f700 1 -- 172.21.15.169:0/3300982881 wait complete.
2024-04-16T01:21:53.131 INFO:teuthology.orchestra.run.smithi169.stderr:/usr/bin/ceph:
2024-04-16T01:21:52.822+0000 7f95fdb3f700 1 Processor -- start
2024-04-16T01:21:53.131 INFO:teuthology.orchestra.run.smithi169.stderr:/usr/bin/ceph:
2024-04-16T01:21:52.822+0000 7f95fdb3f700 1 -- start start
2024-04-16T01:21:53.131 INFO:teuthology.orchestra.run.smithi169.stderr:/usr/bin/ceph:
2024-04-16T01:21:52.822+0000 7f95fdb3f700 1 --2- >> [v2:172.21.15.169:3300/0,v1:172.21.15.169:6789/0] conn(0x7f95f8071be0 0x7f95f810be20 unknown :-1 s=NONE pgs=0 cs=0 l=1 rev1=0 rx=0 tx=0).connect
2024-04-16T01:21:53.131 INFO:teuthology.orchestra.run.smithi169.stderr:/usr/bin/ceph:
2024-04-16T01:21:52.822+0000 7f95fdb3f700 1 -- --> [v2:172.21.15.169:3300/0,v1:172.21.15.169:6789/0] -- mon_getmap magic: 0 v1 -- 0x7f95f810c310 con 0x7f95f8071be0
2024-04-16T01:21:53.131 INFO:teuthology.orchestra.run.smithi169.stderr:/usr/bin/ceph:
2024-04-16T01:21:52.822+0000 7f95f77fe700 1 --2- >> [v2:172.21.15.169:3300/0,v1:172.21.15.169:6789/0] conn(0x7f95f8071be0 0x7f95f810be20 unknown :-1 s=BANNER_CONNECTING pgs=0 cs=0 l=1 rev1=0 rx=0 tx=0)._handle_peer_banner_payload supported=1 required=0
2024-04-16T01:21:53.131 INFO:teuthology.orchestra.run.smithi169.stderr:/usr/bin/ceph:
2024-04-16T01:21:52.822+0000 7f95f77fe700 1 --2- >> [v2:172.21.15.169:3300/0,v1:172.21.15.169:6789/0] conn(0x7f95f8071be0 0x7f95f810be20 unknown :-1 s=HELLO_CONNECTING pgs=0 cs=0 l=1 rev1=1 rx=0 tx=0).handle_hello peer v2:172.21.15.169:3300/0 says I am v2:172.21.15.169:36506/0 (socket says 172.21.15.169:36506)
2024-04-16T01:21:53.131 INFO:teuthology.orchestra.run.smithi169.stderr:/usr/bin/ceph:
2024-04-16T01:21:52.822+0000 7f95f77fe700 1 -- 172.21.15.169:0/2343931298 learned_addr learned my addr 172.21.15.169:0/2343931298 (peer_addr_for_me v2:172.21.15.169:0/0)
2024-04-16T01:21:53.131 INFO:teuthology.orchestra.run.smithi169.stderr:/usr/bin/ceph:
2024-04-16T01:21:52.822+0000 7f95f77fe700 1 -- 172.21.15.169:0/2343931298 --> [v2:172.21.15.169:3300/0,v1:172.21.15.169:6789/0] -- mon_subscribe({config=0+,monmap=0+}) v3 -- 0x7f95e8009370 con 0x7f95f8071be0
2024-04-16T01:21:53.131 INFO:teuthology.orchestra.run.smithi169.stderr:/usr/bin/ceph:
2024-04-16T01:21:52.823+0000 7f95f77fe700 1 --2- 172.21.15.169:0/2343931298 >> [v2:172.21.15.169:3300/0,v1:172.21.15.169:6789/0] conn(0x7f95f8071be0 0x7f95f810be20 secure :-1 s=READY pgs=17 cs=0 l=1 rev1=1 rx=0x7f95e8000c00 tx=0x7f95e80090f0).ready entity=mon.0 client_cookie=0 server_cookie=0 in_seq=0 out_seq=0
2024-04-16T01:21:53.131 INFO:teuthology.orchestra.run.smithi169.stderr:/usr/bin/ceph:
2024-04-16T01:21:52.823+0000 7f95f4ff9700 1 -- 172.21.15.169:0/2343931298 <== mon.0 v2:172.21.15.169:3300/0 1 ==== mon_map magic: 0 v1 ==== 229+0+0 (secure 0 0 0) 0x7f95e801a610 con 0x7f95f8071be0
2024-04-16T01:21:53.131 INFO:teuthology.orchestra.run.smithi169.stderr:/usr/bin/ceph:
2024-04-16T01:21:52.823+0000 7f95f4ff9700 1 -- 172.21.15.169:0/2343931298 <== mon.0 v2:172.21.15.169:3300/0 2 ==== config(25 keys) v1 ==== 982+0+0 (secure 0 0 0) 0x7f95e801abc0 con 0x7f95f8071be0
2024-04-16T01:21:53.131 INFO:teuthology.orchestra.run.smithi169.stderr:/usr/bin/ceph:
2024-04-16T01:21:52.823+0000 7f95f4ff9700 1 -- 172.21.15.169:0/2343931298 <== mon.0 v2:172.21.15.169:3300/0 3 ==== mon_map magic: 0 v1 ==== 229+0+0 (secure 0 0 0) 0x7f95e8022a20 con 0x7f95f8071be0
2024-04-16T01:21:53.131 INFO:teuthology.orchestra.run.smithi169.stderr:/usr/bin/ceph:
2024-04-16T01:21:52.823+0000 7f95fdb3f700 1 -- 172.21.15.169:0/2343931298 --> [v2:172.21.15.169:3300/0,v1:172.21.15.169:6789/0] -- mon_subscribe({mgrmap=0+}) v3 -- 0x7f95f810c510 con 0x7f95f8071be0
2024-04-16T01:21:53.132 INFO:teuthology.orchestra.run.smithi169.stderr:/usr/bin/ceph:
2024-04-16T01:21:52.823+0000 7f95fdb3f700 1 -- 172.21.15.169:0/2343931298 --> [v2:172.21.15.169:3300/0,v1:172.21.15.169:6789/0] -- mon_subscribe({osdmap=0}) v3 -- 0x7f95f810c920 con 0x7f95f8071be0
2024-04-16T01:21:53.132 INFO:teuthology.orchestra.run.smithi169.stderr:/usr/bin/ceph:
2024-04-16T01:21:52.823+0000 7f95f4ff9700 1 -- 172.21.15.169:0/2343931298 <== mon.0 v2:172.21.15.169:3300/0 4 ==== mgrmap(e 4) v1 ==== 38621+0+0 (secure 0 0 0) 0x7f95e8022c90 con 0x7f95f8071be0
2024-04-16T01:21:53.132 INFO:teuthology.orchestra.run.smithi169.stderr:/usr/bin/ceph:
2024-04-16T01:21:52.824+0000 7f95f4ff9700 1 --2- 172.21.15.169:0/2343931298 >> [v2:172.21.15.169:6800/2790387253,v1:172.21.15.169:6801/2790387253] conn(0x7f95e0032610 0x7f95e0034ad0 unknown :-1 s=NONE pgs=0 cs=0 l=1 rev1=0 rx=0 tx=0).connect
2024-04-16T01:21:53.132 INFO:teuthology.orchestra.run.smithi169.stderr:/usr/bin/ceph:
2024-04-16T01:21:52.824+0000 7f95f4ff9700 1 -- 172.21.15.169:0/2343931298 <== mon.0 v2:172.21.15.169:3300/0 5 ==== osd_map(1..1 src has 1..1) v4 ==== 721+0+0 (secure 0 0 0) 0x7f95e80446e0 con 0x7f95f8071be0
2024-04-16T01:21:53.132 INFO:teuthology.orchestra.run.smithi169.stderr:/usr/bin/ceph:
2024-04-16T01:21:52.824+0000 7f95f6ffd700 1 --2- 172.21.15.169:0/2343931298 >> [v2:172.21.15.169:6800/2790387253,v1:172.21.15.169:6801/2790387253] conn(0x7f95e0032610 0x7f95e0034ad0 unknown :-1 s=BANNER_CONNECTING pgs=0 cs=0 l=1 rev1=0 rx=0 tx=0)._handle_peer_banner_payload supported=1 required=0
2024-04-16T01:21:53.132 INFO:teuthology.orchestra.run.smithi169.stderr:/usr/bin/ceph:
2024-04-16T01:21:52.824+0000 7f95fdb3f700 1 -- 172.21.15.169:0/2343931298 --> [v2:172.21.15.169:3300/0,v1:172.21.15.169:6789/0] -- mon_command({"prefix": "get_command_descriptions"} v 0) v1 -- 0x7f95f8046ce0 con 0x7f95f8071be0
2024-04-16T01:21:53.132 INFO:teuthology.orchestra.run.smithi169.stderr:/usr/bin/ceph:
2024-04-16T01:21:52.824+0000 7f95f6ffd700 1 --2- 172.21.15.169:0/2343931298 >> [v2:172.21.15.169:6800/2790387253,v1:172.21.15.169:6801/2790387253] conn(0x7f95e0032610 0x7f95e0034ad0 secure :-1 s=READY pgs=6 cs=0 l=1 rev1=1 rx=0x7f95ec009780 tx=0x7f95ec006cc0).ready entity=mgr.14100 client_cookie=0 server_cookie=0 in_seq=0 out_seq=0
2024-04-16T01:21:53.132 INFO:teuthology.orchestra.run.smithi169.stderr:/usr/bin/ceph:
2024-04-16T01:21:52.829+0000 7f95f4ff9700 1 -- 172.21.15.169:0/2343931298 <== mon.0 v2:172.21.15.169:3300/0 6 ==== mon_command_ack([{"prefix": "get_command_descriptions"}]=0 v0) v1 ==== 72+0+163658 (secure 0 0 0) 0x7f95e801e020 con 0x7f95f8071be0
2024-04-16T01:21:53.132 INFO:teuthology.orchestra.run.smithi169.stderr:/usr/bin/ceph:
2024-04-16T01:21:52.992+0000 7f95fdb3f700 1 -- 172.21.15.169:0/2343931298 --> [v2:172.21.15.169:3300/0,v1:172.21.15.169:6789/0] -- mon_command({"prefix": "config assimilate-conf"} v 0) v1 -- 0x7f95f8100fa0 con 0x7f95f8071be0
2024-04-16T01:21:53.132 INFO:teuthology.orchestra.run.smithi169.stderr:/usr/bin/ceph:
2024-04-16T01:21:52.993+0000 7f95f4ff9700 1 -- 172.21.15.169:0/2343931298 <== mon.0 v2:172.21.15.169:3300/0 7 ==== mon_command_ack([{"prefix": "config assimilate-conf"}]=0 v3) v1 ==== 70+0+398 (secure 0 0 0) 0x7f95e8018b40 con 0x7f95f8071be0
2024-04-16T01:21:53.133 INFO:teuthology.orchestra.run.smithi169.stderr:/usr/bin/ceph:
2024-04-16T01:21:52.995+0000 7f95fdb3f700 1 -- 172.21.15.169:0/2343931298 >> [v2:172.21.15.169:6800/2790387253,v1:172.21.15.169:6801/2790387253] conn(0x7f95e0032610 msgr2=0x7f95e0034ad0 secure :-1 s=STATE_CONNECTION_ESTABLISHED l=1).mark_down
2024-04-16T01:21:53.133 INFO:teuthology.orchestra.run.smithi169.stderr:/usr/bin/ceph:
2024-04-16T01:21:52.995+0000 7f95fdb3f700 1 --2- 172.21.15.169:0/2343931298 >> [v2:172.21.15.169:6800/2790387253,v1:172.21.15.169:6801/2790387253] conn(0x7f95e0032610 0x7f95e0034ad0 secure :-1 s=READY pgs=6 cs=0 l=1 rev1=1 rx=0x7f95ec009780 tx=0x7f95ec006cc0).stop
2024-04-16T01:21:53.133 INFO:teuthology.orchestra.run.smithi169.stderr:/usr/bin/ceph:
2024-04-16T01:21:52.995+0000 7f95fdb3f700 1 -- 172.21.15.169:0/2343931298 >> [v2:172.21.15.169:3300/0,v1:172.21.15.169:6789/0] conn(0x7f95f8071be0 msgr2=0x7f95f810be20 secure :-1 s=STATE_CONNECTION_ESTABLISHED l=1).mark_down
2024-04-16T01:21:53.133 INFO:teuthology.orchestra.run.smithi169.stderr:/usr/bin/ceph:
2024-04-16T01:21:52.995+0000 7f95fdb3f700 1 --2- 172.21.15.169:0/2343931298 >> [v2:172.21.15.169:3300/0,v1:172.21.15.169:6789/0] conn(0x7f95f8071be0 0x7f95f810be20 secure :-1 s=READY pgs=17 cs=0 l=1 rev1=1 rx=0x7f95e8000c00 tx=0x7f95e80090f0).stop
2024-04-16T01:21:53.133 INFO:teuthology.orchestra.run.smithi169.stderr:/usr/bin/ceph:
2024-04-16T01:21:52.995+0000 7f95fdb3f700 1 -- 172.21.15.169:0/2343931298 shutdown_connections
2024-04-16T01:21:53.133 INFO:teuthology.orchestra.run.smithi169.stderr:/usr/bin/ceph:
2024-04-16T01:21:52.995+0000 7f95fdb3f700 1 --2- 172.21.15.169:0/2343931298 >> [v2:172.21.15.169:6800/2790387253,v1:172.21.15.169:6801/2790387253] conn(0x7f95e0032610 0x7f95e0034ad0 unknown :-1 s=CLOSED pgs=6 cs=0 l=1 rev1=1 rx=0 tx=0).stop
2024-04-16T01:21:53.133 INFO:teuthology.orchestra.run.smithi169.stderr:/usr/bin/ceph:
2024-04-16T01:21:52.995+0000 7f95fdb3f700 1 --2- 172.21.15.169:0/2343931298 >> [v2:172.21.15.169:3300/0,v1:172.21.15.169:6789/0] conn(0x7f95f8071be0 0x7f95f810be20 unknown :-1 s=CLOSED pgs=17 cs=0 l=1 rev1=1 rx=0 tx=0).stop
2024-04-16T01:21:53.133 INFO:teuthology.orchestra.run.smithi169.stderr:/usr/bin/ceph:
2024-04-16T01:21:52.995+0000 7f95fdb3f700 1 -- 172.21.15.169:0/2343931298 >> 172.21.15.169:0/2343931298 conn(0x7f95f80f76f0 msgr2=0x7f95f80f91b0 unknown :-1 s=STATE_NONE l=0).mark_down
2024-04-16T01:21:53.133 INFO:teuthology.orchestra.run.smithi169.stderr:/usr/bin/ceph:
2024-04-16T01:21:52.995+0000 7f95fdb3f700 1 -- 172.21.15.169:0/2343931298 shutdown_connections
2024-04-16T01:21:53.133 INFO:teuthology.orchestra.run.smithi169.stderr:/usr/bin/ceph:
2024-04-16T01:21:52.995+0000 7f95fdb3f700 1 -- 172.21.15.169:0/2343931298 wait complete.
2024-04-16T01:21:53.133 INFO:teuthology.orchestra.run.smithi169.stderr:/usr/bin/ceph:
2024-04-16T01:21:53.133 INFO:teuthology.orchestra.run.smithi169.stderr:/usr/bin/ceph: [global]
2024-04-16T01:21:53.133 INFO:teuthology.orchestra.run.smithi169.stderr:/usr/bin/ceph: fsid = 89ce07de-fb8f-11ee-bc8f-c7b262605968
2024-04-16T01:21:53.133 INFO:teuthology.orchestra.run.smithi169.stderr:/usr/bin/ceph: log_to_journald = false
2024-04-16T01:21:53.134 INFO:teuthology.orchestra.run.smithi169.stderr:/usr/bin/ceph: mon_osd_allow_pg_remap = true
2024-04-16T01:21:53.134 INFO:teuthology.orchestra.run.smithi169.stderr:/usr/bin/ceph: mon_osd_allow_primary_affinity = true
2024-04-16T01:21:53.134 INFO:teuthology.orchestra.run.smithi169.stderr:/usr/bin/ceph: mon_warn_on_no_sortbitwise = false
2024-04-16T01:21:53.134 INFO:teuthology.orchestra.run.smithi169.stderr:/usr/bin/ceph: osd_crush_chooseleaf_type = 0
2024-04-16T01:21:53.134 INFO:teuthology.orchestra.run.smithi169.stderr:/usr/bin/ceph:
2024-04-16T01:21:53.134 INFO:teuthology.orchestra.run.smithi169.stderr:/usr/bin/ceph: [mgr]
2024-04-16T01:21:53.134 INFO:teuthology.orchestra.run.smithi169.stderr:/usr/bin/ceph: mgr/telemetry/nag = false
2024-04-16T01:21:53.134 INFO:teuthology.orchestra.run.smithi169.stderr:/usr/bin/ceph:
2024-04-16T01:21:53.134 INFO:teuthology.orchestra.run.smithi169.stderr:/usr/bin/ceph: [osd]
2024-04-16T01:21:53.134 INFO:teuthology.orchestra.run.smithi169.stderr:/usr/bin/ceph: mon_osd_backfillfull_ratio = 0.85
2024-04-16T01:21:53.134 INFO:teuthology.orchestra.run.smithi169.stderr:/usr/bin/ceph: mon_osd_full_ratio = 0.9
2024-04-16T01:21:53.134 INFO:teuthology.orchestra.run.smithi169.stderr:/usr/bin/ceph: mon_osd_nearfull_ratio = 0.8
2024-04-16T01:21:53.134 INFO:teuthology.orchestra.run.smithi169.stderr:/usr/bin/ceph: osd_map_max_advance = 10
2024-04-16T01:21:53.134 INFO:teuthology.orchestra.run.smithi169.stderr:/usr/bin/ceph: osd_sloppy_crc = true
2024-04-16T01:21:53.803 INFO:teuthology.orchestra.run.smithi169.stderr:Enabling cephadm module...
2024-04-16T01:21:53.805 INFO:journalctl@ceph.mon.smithi169.smithi169.stdout:Apr 16 01:21:53 smithi169 ceph-89ce07de-fb8f-11ee-bc8f-c7b262605968-mon-smithi169[39684]: cluster
2024-04-16T01:21:52.506586+0000 mon.smithi169 (mon.0) 24 : cluster [DBG] mgrmap e4: smithi169.inokak(active, since 3s)
2024-04-16T01:21:53.805 INFO:journalctl@ceph.mon.smithi169.smithi169.stdout:Apr 16 01:21:53 smithi169 ceph-89ce07de-fb8f-11ee-bc8f-c7b262605968-mon-smithi169[39684]: audit
2024-04-16T01:21:52.993808+0000 mon.smithi169 (mon.0) 25 : audit [INF] from='client.? 172.21.15.169:0/2343931298' entity='client.admin' cmd=[{"prefix": "config assimilate-conf"}]: dispatch
2024-04-16T01:21:54.312 INFO:teuthology.orchestra.run.smithi169.stderr:/usr/bin/ceph:
2024-04-16T01:21:54.306+0000 7efc221a1700 1 Processor -- start
2024-04-16T01:21:54.312 INFO:teuthology.orchestra.run.smithi169.stderr:/usr/bin/ceph:
2024-04-16T01:21:54.306+0000 7efc221a1700 1 -- start start
2024-04-16T01:21:54.312 INFO:teuthology.orchestra.run.smithi169.stderr:/usr/bin/ceph:
2024-04-16T01:21:54.307+0000 7efc221a1700 1 --2- >> [v2:172.21.15.169:3300/0,v1:172.21.15.169:6789/0] conn(0x7efc1c0fbed0 0x7efc1c0fc2f0 unknown :-1 s=NONE pgs=0 cs=0 l=0 rev1=0 rx=0 tx=0).connect
2024-04-16T01:21:54.312 INFO:teuthology.orchestra.run.smithi169.stderr:/usr/bin/ceph:
2024-04-16T01:21:54.307+0000 7efc221a1700 1 -- --> [v2:172.21.15.169:3300/0,v1:172.21.15.169:6789/0] -- mon_getmap magic: 0 v1 -- 0x7efc1c0fc7e0 con 0x7efc1c0fbed0
2024-04-16T01:21:54.312 INFO:teuthology.orchestra.run.smithi169.stderr:/usr/bin/ceph:
2024-04-16T01:21:54.307+0000 7efc1b7fe700 1 --2- >> [v2:172.21.15.169:3300/0,v1:172.21.15.169:6789/0] conn(0x7efc1c0fbed0 0x7efc1c0fc2f0 unknown :-1 s=BANNER_CONNECTING pgs=0 cs=0 l=0 rev1=0 rx=0 tx=0)._handle_peer_banner_payload supported=1 required=0
2024-04-16T01:21:54.312 INFO:teuthology.orchestra.run.smithi169.stderr:/usr/bin/ceph:
2024-04-16T01:21:54.307+0000 7efc1b7fe700 1 --2- >> [v2:172.21.15.169:3300/0,v1:172.21.15.169:6789/0] conn(0x7efc1c0fbed0 0x7efc1c0fc2f0 unknown :-1 s=HELLO_CONNECTING pgs=0 cs=0 l=0 rev1=1 rx=0 tx=0).handle_hello peer v2:172.21.15.169:3300/0 says I am v2:172.21.15.169:36508/0 (socket says 172.21.15.169:36508)
2024-04-16T01:21:54.313 INFO:teuthology.orchestra.run.smithi169.stderr:/usr/bin/ceph:
2024-04-16T01:21:54.307+0000 7efc1b7fe700 1 -- 172.21.15.169:0/3447425311 learned_addr learned my addr 172.21.15.169:0/3447425311 (peer_addr_for_me v2:172.21.15.169:0/0)
2024-04-16T01:21:54.313 INFO:teuthology.orchestra.run.smithi169.stderr:/usr/bin/ceph:
2024-04-16T01:21:54.307+0000 7efc1b7fe700 1 -- 172.21.15.169:0/3447425311 --> [v2:172.21.15.169:3300/0,v1:172.21.15.169:6789/0] -- mon_subscribe({config=0+,monmap=0+}) v3 -- 0x7efc1c0fc920 con 0x7efc1c0fbed0
2024-04-16T01:21:54.313 INFO:teuthology.orchestra.run.smithi169.stderr:/usr/bin/ceph:
2024-04-16T01:21:54.307+0000 7efc1b7fe700 1 --2- 172.21.15.169:0/3447425311 >> [v2:172.21.15.169:3300/0,v1:172.21.15.169:6789/0] conn(0x7efc1c0fbed0 0x7efc1c0fc2f0 secure :-1 s=READY pgs=18 cs=0 l=1 rev1=1 rx=0x7efc0c009730 tx=0x7efc0c0090f0).ready entity=mon.0 client_cookie=94f6b2684c9d700d server_cookie=0 in_seq=0 out_seq=0
2024-04-16T01:21:54.313 INFO:teuthology.orchestra.run.smithi169.stderr:/usr/bin/ceph:
2024-04-16T01:21:54.307+0000 7efc1a7fc700 1 -- 172.21.15.169:0/3447425311 <== mon.0 v2:172.21.15.169:3300/0 1 ==== mon_map magic: 0 v1 ==== 229+0+0 (secure 0 0 0) 0x7efc0c00b6e0 con 0x7efc1c0fbed0
2024-04-16T01:21:54.313 INFO:teuthology.orchestra.run.smithi169.stderr:/usr/bin/ceph:
2024-04-16T01:21:54.307+0000 7efc1a7fc700 1 -- 172.21.15.169:0/3447425311 <== mon.0 v2:172.21.15.169:3300/0 2 ==== config(25 keys) v1 ==== 982+0+0 (secure 0 0 0) 0x7efc0c00bc90 con 0x7efc1c0fbed0
2024-04-16T01:21:54.313 INFO:teuthology.orchestra.run.smithi169.stderr:/usr/bin/ceph:
2024-04-16T01:21:54.307+0000 7efc1a7fc700 1 -- 172.21.15.169:0/3447425311 <== mon.0 v2:172.21.15.169:3300/0 3 ==== mon_map magic: 0 v1 ==== 229+0+0 (secure 0 0 0) 0x7efc0c011c70 con 0x7efc1c0fbed0
2024-04-16T01:21:54.313 INFO:teuthology.orchestra.run.smithi169.stderr:/usr/bin/ceph:
2024-04-16T01:21:54.308+0000 7efc221a1700 1 -- 172.21.15.169:0/3447425311 >> [v2:172.21.15.169:3300/0,v1:172.21.15.169:6789/0] conn(0x7efc1c0fbed0 msgr2=0x7efc1c0fc2f0 secure :-1 s=STATE_CONNECTION_ESTABLISHED l=1).mark_down
2024-04-16T01:21:54.313 INFO:teuthology.orchestra.run.smithi169.stderr:/usr/bin/ceph:
2024-04-16T01:21:54.308+0000 7efc221a1700 1 --2- 172.21.15.169:0/3447425311 >> [v2:172.21.15.169:3300/0,v1:172.21.15.169:6789/0] conn(0x7efc1c0fbed0 0x7efc1c0fc2f0 secure :-1 s=READY pgs=18 cs=0 l=1 rev1=1 rx=0x7efc0c009730 tx=0x7efc0c0090f0).stop
2024-04-16T01:21:54.313 INFO:teuthology.orchestra.run.smithi169.stderr:/usr/bin/ceph:
2024-04-16T01:21:54.308+0000 7efc221a1700 1 -- 172.21.15.169:0/3447425311 shutdown_connections
2024-04-16T01:21:54.313 INFO:teuthology.orchestra.run.smithi169.stderr:/usr/bin/ceph:
2024-04-16T01:21:54.308+0000 7efc221a1700 1 --2- 172.21.15.169:0/3447425311 >> [v2:172.21.15.169:3300/0,v1:172.21.15.169:6789/0] conn(0x7efc1c0fbed0 0x7efc1c0fc2f0 unknown :-1 s=CLOSED pgs=18 cs=0 l=1 rev1=1 rx=0 tx=0).stop
2024-04-16T01:21:54.313 INFO:teuthology.orchestra.run.smithi169.stderr:/usr/bin/ceph:
2024-04-16T01:21:54.308+0000 7efc221a1700 1 -- 172.21.15.169:0/3447425311 >> 172.21.15.169:0/3447425311 conn(0x7efc1c0f76f0 msgr2=0x7efc1c0f9b10 unknown :-1 s=STATE_NONE l=0).mark_down
2024-04-16T01:21:54.313 INFO:teuthology.orchestra.run.smithi169.stderr:/usr/bin/ceph:
2024-04-16T01:21:54.308+0000 7efc221a1700 1 -- 172.21.15.169:0/3447425311 shutdown_connections
2024-04-16T01:21:54.313 INFO:teuthology.orchestra.run.smithi169.stderr:/usr/bin/ceph:
2024-04-16T01:21:54.308+0000 7efc221a1700 1 -- 172.21.15.169:0/3447425311 wait complete.
2024-04-16T01:21:54.313 INFO:teuthology.orchestra.run.smithi169.stderr:/usr/bin/ceph:
2024-04-16T01:21:54.309+0000 7efc221a1700 1 Processor -- start
2024-04-16T01:21:54.314 INFO:teuthology.orchestra.run.smithi169.stderr:/usr/bin/ceph:
2024-04-16T01:21:54.309+0000 7efc221a1700 1 -- start start
2024-04-16T01:21:54.314 INFO:teuthology.orchestra.run.smithi169.stderr:/usr/bin/ceph:
2024-04-16T01:21:54.309+0000 7efc221a1700 1 --2- >> [v2:172.21.15.169:3300/0,v1:172.21.15.169:6789/0] conn(0x7efc1c0fbed0 0x7efc1c10ea70 unknown :-1 s=NONE pgs=0 cs=0 l=1 rev1=0 rx=0 tx=0).connect
2024-04-16T01:21:54.314 INFO:teuthology.orchestra.run.smithi169.stderr:/usr/bin/ceph:
2024-04-16T01:21:54.309+0000 7efc221a1700 1 -- --> [v2:172.21.15.169:3300/0,v1:172.21.15.169:6789/0] -- mon_getmap magic: 0 v1 -- 0x7efc1c071ce0 con 0x7efc1c0fbed0
2024-04-16T01:21:54.314 INFO:teuthology.orchestra.run.smithi169.stderr:/usr/bin/ceph:
