2024-04-16T01:50:36.577+0000 7f9516ffd700 1 --2- >> [v2:172.21.15.46:3300/0,v1:172.21.15.46:6789/0] conn(0x7f95180fd590 0x7f951810df40 unknown :-1 s=HELLO_CONNECTING pgs=0 cs=0 l=1 rev1=1 rx=0 tx=0).handle_hello peer v2:172.21.15.46:3300/0 says I am v2:172.21.15.46:50680/0 (socket says 172.21.15.46:50680)
2024-04-16T01:50:36.577 INFO:teuthology.orchestra.run.smithi046.stderr:/usr/bin/ceph:
2024-04-16T01:50:36.577+0000 7f9516ffd700 1 -- 172.21.15.46:0/408006141 learned_addr learned my addr 172.21.15.46:0/408006141 (peer_addr_for_me v2:172.21.15.46:0/0)
2024-04-16T01:50:36.577 INFO:teuthology.orchestra.run.smithi046.stderr:/usr/bin/ceph:
2024-04-16T01:50:36.577+0000 7f9516ffd700 1 -- 172.21.15.46:0/408006141 --> [v2:172.21.15.46:3300/0,v1:172.21.15.46:6789/0] -- mon_subscribe({config=0+,monmap=0+}) v3 -- 0x7f9508009370 con 0x7f95180fd590
2024-04-16T01:50:36.577 INFO:teuthology.orchestra.run.smithi046.stderr:/usr/bin/ceph:
2024-04-16T01:50:36.577+0000 7f9516ffd700 1 --2- 172.21.15.46:0/408006141 >> [v2:172.21.15.46:3300/0,v1:172.21.15.46:6789/0] conn(0x7f95180fd590 0x7f951810df40 secure :-1 s=READY pgs=56 cs=0 l=1 rev1=1 rx=0x7f9508006b00 tx=0x7f95080090f0).ready entity=mon.0 client_cookie=0 server_cookie=0 in_seq=0 out_seq=0
2024-04-16T01:50:36.577 INFO:teuthology.orchestra.run.smithi046.stderr:/usr/bin/ceph:
2024-04-16T01:50:36.577+0000 7f94fffff700 1 -- 172.21.15.46:0/408006141 <== mon.0 v2:172.21.15.46:3300/0 1 ==== mon_map magic: 0 v1 ==== 229+0+0 (secure 0 0 0) 0x7f950801a640 con 0x7f95180fd590
2024-04-16T01:50:36.577 INFO:teuthology.orchestra.run.smithi046.stderr:/usr/bin/ceph:
2024-04-16T01:50:36.577+0000 7f94fffff700 1 -- 172.21.15.46:0/408006141 <== mon.0 v2:172.21.15.46:3300/0 2 ==== config(25 keys) v1 ==== 1046+0+0 (secure 0 0 0) 0x7f950801ac30 con 0x7f95180fd590
2024-04-16T01:50:36.577 INFO:teuthology.orchestra.run.smithi046.stderr:/usr/bin/ceph:
2024-04-16T01:50:36.577+0000 7f951d53e700 1 -- 172.21.15.46:0/408006141 --> [v2:172.21.15.46:3300/0,v1:172.21.15.46:6789/0] -- mon_subscribe({mgrmap=0+}) v3 -- 0x7f951810e630 con 0x7f95180fd590
2024-04-16T01:50:36.577 INFO:teuthology.orchestra.run.smithi046.stderr:/usr/bin/ceph:
2024-04-16T01:50:36.577+0000 7f94fffff700 1 -- 172.21.15.46:0/408006141 <== mon.0 v2:172.21.15.46:3300/0 3 ==== mon_map magic: 0 v1 ==== 229+0+0 (secure 0 0 0) 0x7f9508023cb0 con 0x7f95180fd590
2024-04-16T01:50:36.577 INFO:teuthology.orchestra.run.smithi046.stderr:/usr/bin/ceph:
2024-04-16T01:50:36.577+0000 7f951d53e700 1 -- 172.21.15.46:0/408006141 --> [v2:172.21.15.46:3300/0,v1:172.21.15.46:6789/0] -- mon_subscribe({osdmap=0}) v3 -- 0x7f951810ea40 con 0x7f95180fd590
2024-04-16T01:50:36.577 INFO:teuthology.orchestra.run.smithi046.stderr:/usr/bin/ceph:
2024-04-16T01:50:36.578+0000 7f951d53e700 1 -- 172.21.15.46:0/408006141 --> [v2:172.21.15.46:3300/0,v1:172.21.15.46:6789/0] -- mon_command({"prefix": "get_command_descriptions"} v 0) v1 -- 0x7f9518046ce0 con 0x7f95180fd590
2024-04-16T01:50:36.577 INFO:teuthology.orchestra.run.smithi046.stderr:/usr/bin/ceph:
2024-04-16T01:50:36.579+0000 7f94fffff700 1 -- 172.21.15.46:0/408006141 <== mon.0 v2:172.21.15.46:3300/0 4 ==== mgrmap(e 8) v1 ==== 38632+0+0 (secure 0 0 0) 0x7f9508023510 con 0x7f95180fd590
2024-04-16T01:50:36.577 INFO:teuthology.orchestra.run.smithi046.stderr:/usr/bin/ceph:
2024-04-16T01:50:36.579+0000 7f94fffff700 1 --2- 172.21.15.46:0/408006141 >> [v2:172.21.15.46:6800/1283239301,v1:172.21.15.46:6801/1283239301] conn(0x7f9500032660 0x7f9500034b20 unknown :-1 s=NONE pgs=0 cs=0 l=1 rev1=0 rx=0 tx=0).connect
2024-04-16T01:50:36.577 INFO:teuthology.orchestra.run.smithi046.stderr:/usr/bin/ceph:
2024-04-16T01:50:36.579+0000 7f94fffff700 1 -- 172.21.15.46:0/408006141 <== mon.0 v2:172.21.15.46:3300/0 5 ==== osd_map(2..2 src has 1..2) v4 ==== 893+0+0 (secure 0 0 0) 0x7f9508044d20 con 0x7f95180fd590
2024-04-16T01:50:36.577 INFO:teuthology.orchestra.run.smithi046.stderr:/usr/bin/ceph:
2024-04-16T01:50:36.579+0000 7f95167fc700 1 --2- 172.21.15.46:0/408006141 >> [v2:172.21.15.46:6800/1283239301,v1:172.21.15.46:6801/1283239301] conn(0x7f9500032660 0x7f9500034b20 unknown :-1 s=BANNER_CONNECTING pgs=0 cs=0 l=1 rev1=0 rx=0 tx=0)._handle_peer_banner_payload supported=1 required=0
2024-04-16T01:50:36.578 INFO:teuthology.orchestra.run.smithi046.stderr:/usr/bin/ceph:
2024-04-16T01:50:36.579+0000 7f95167fc700 1 --2- 172.21.15.46:0/408006141 >> [v2:172.21.15.46:6800/1283239301,v1:172.21.15.46:6801/1283239301] conn(0x7f9500032660 0x7f9500034b20 secure :-1 s=READY pgs=18 cs=0 l=1 rev1=1 rx=0x7f950c009780 tx=0x7f950c006cc0).ready entity=mgr.14116 client_cookie=0 server_cookie=0 in_seq=0 out_seq=0
2024-04-16T01:50:36.580 INFO:teuthology.orchestra.run.smithi046.stderr:/usr/bin/ceph:
2024-04-16T01:50:36.583+0000 7f94fffff700 1 -- 172.21.15.46:0/408006141 <== mon.0 v2:172.21.15.46:3300/0 6 ==== mon_command_ack([{"prefix": "get_command_descriptions"}]=0 v0) v1 ==== 72+0+163658 (secure 0 0 0) 0x7f9508018500 con 0x7f95180fd590
2024-04-16T01:50:36.589 INFO:journalctl@ceph.mon.smithi046.smithi046.stdout:Apr 16 01:50:36 smithi046 ceph-7e6c24a8-fb93-11ee-bc8f-c7b262605968-mon-smithi046[39757]: audit
2024-04-16T01:50:35.339264+0000 mgr.smithi046.rskjkm (mgr.14116) 24 : audit [DBG] from='client.14148 -' entity='client.admin' cmd=[{"prefix": "orch apply", "service_type": "alertmanager", "target": ["mon-mgr", ""]}]: dispatch
2024-04-16T01:50:36.589 INFO:journalctl@ceph.mon.smithi046.smithi046.stdout:Apr 16 01:50:36 smithi046 ceph-7e6c24a8-fb93-11ee-bc8f-c7b262605968-mon-smithi046[39757]: cephadm
2024-04-16T01:50:35.340069+0000 mgr.smithi046.rskjkm (mgr.14116) 25 : cephadm [INF] Saving service alertmanager spec with placement count:1
2024-04-16T01:50:36.589 INFO:journalctl@ceph.mon.smithi046.smithi046.stdout:Apr 16 01:50:36 smithi046 ceph-7e6c24a8-fb93-11ee-bc8f-c7b262605968-mon-smithi046[39757]: audit
2024-04-16T01:50:35.342358+0000 mon.smithi046 (mon.0) 64 : audit [INF] from='mgr.14116 172.21.15.46:0/1930672788' entity='mgr.smithi046.rskjkm'
2024-04-16T01:50:36.750 INFO:teuthology.orchestra.run.smithi046.stderr:/usr/bin/ceph:
2024-04-16T01:50:36.753+0000 7f951d53e700 1 -- 172.21.15.46:0/408006141 --> [v2:172.21.15.46:3300/0,v1:172.21.15.46:6789/0] -- mon_command([{prefix=config set, name=mgr/cephadm/container_init}] v 0) v1 -- 0x7f9518103140 con 0x7f95180fd590
2024-04-16T01:50:36.753 INFO:teuthology.orchestra.run.smithi046.stderr:/usr/bin/ceph:
2024-04-16T01:50:36.756+0000 7f94fffff700 1 -- 172.21.15.46:0/408006141 <== mon.0 v2:172.21.15.46:3300/0 7 ==== mon_command_ack([{prefix=config set, name=mgr/cephadm/container_init}]=0 v7)=0 v7) v1 ==== 142+0+0 (secure 0 0 0) 0x7f950801e020 con 0x7f95180fd590
2024-04-16T01:50:36.756 INFO:teuthology.orchestra.run.smithi046.stderr:/usr/bin/ceph:
2024-04-16T01:50:36.758+0000 7f951d53e700 1 -- 172.21.15.46:0/408006141 >> [v2:172.21.15.46:6800/1283239301,v1:172.21.15.46:6801/1283239301] conn(0x7f9500032660 msgr2=0x7f9500034b20 secure :-1 s=STATE_CONNECTION_ESTABLISHED l=1).mark_down
2024-04-16T01:50:36.756 INFO:teuthology.orchestra.run.smithi046.stderr:/usr/bin/ceph:
2024-04-16T01:50:36.758+0000 7f951d53e700 1 --2- 172.21.15.46:0/408006141 >> [v2:172.21.15.46:6800/1283239301,v1:172.21.15.46:6801/1283239301] conn(0x7f9500032660 0x7f9500034b20 secure :-1 s=READY pgs=18 cs=0 l=1 rev1=1 rx=0x7f950c009780 tx=0x7f950c006cc0).stop
2024-04-16T01:50:36.756 INFO:teuthology.orchestra.run.smithi046.stderr:/usr/bin/ceph:
2024-04-16T01:50:36.758+0000 7f951d53e700 1 -- 172.21.15.46:0/408006141 >> [v2:172.21.15.46:3300/0,v1:172.21.15.46:6789/0] conn(0x7f95180fd590 msgr2=0x7f951810df40 secure :-1 s=STATE_CONNECTION_ESTABLISHED l=1).mark_down
2024-04-16T01:50:36.756 INFO:teuthology.orchestra.run.smithi046.stderr:/usr/bin/ceph:
2024-04-16T01:50:36.758+0000 7f951d53e700 1 --2- 172.21.15.46:0/408006141 >> [v2:172.21.15.46:3300/0,v1:172.21.15.46:6789/0] conn(0x7f95180fd590 0x7f951810df40 secure :-1 s=READY pgs=56 cs=0 l=1 rev1=1 rx=0x7f9508006b00 tx=0x7f95080090f0).stop
2024-04-16T01:50:36.757 INFO:teuthology.orchestra.run.smithi046.stderr:/usr/bin/ceph:
2024-04-16T01:50:36.758+0000 7f951d53e700 1 -- 172.21.15.46:0/408006141 shutdown_connections
2024-04-16T01:50:36.757 INFO:teuthology.orchestra.run.smithi046.stderr:/usr/bin/ceph:
2024-04-16T01:50:36.758+0000 7f951d53e700 1 --2- 172.21.15.46:0/408006141 >> [v2:172.21.15.46:6800/1283239301,v1:172.21.15.46:6801/1283239301] conn(0x7f9500032660 0x7f9500034b20 unknown :-1 s=CLOSED pgs=18 cs=0 l=1 rev1=1 rx=0 tx=0).stop
2024-04-16T01:50:36.757 INFO:teuthology.orchestra.run.smithi046.stderr:/usr/bin/ceph:
2024-04-16T01:50:36.758+0000 7f951d53e700 1 --2- 172.21.15.46:0/408006141 >> [v2:172.21.15.46:3300/0,v1:172.21.15.46:6789/0] conn(0x7f95180fd590 0x7f951810df40 unknown :-1 s=CLOSED pgs=56 cs=0 l=1 rev1=1 rx=0 tx=0).stop
2024-04-16T01:50:36.757 INFO:teuthology.orchestra.run.smithi046.stderr:/usr/bin/ceph:
2024-04-16T01:50:36.758+0000 7f951d53e700 1 -- 172.21.15.46:0/408006141 >> 172.21.15.46:0/408006141 conn(0x7f95180f6e20 msgr2=0x7f95180f8820 unknown :-1 s=STATE_NONE l=0).mark_down
2024-04-16T01:50:36.757 INFO:teuthology.orchestra.run.smithi046.stderr:/usr/bin/ceph:
2024-04-16T01:50:36.758+0000 7f951d53e700 1 -- 172.21.15.46:0/408006141 shutdown_connections
2024-04-16T01:50:36.757 INFO:teuthology.orchestra.run.smithi046.stderr:/usr/bin/ceph:
2024-04-16T01:50:36.758+0000 7f951d53e700 1 -- 172.21.15.46:0/408006141 wait complete.
2024-04-16T01:50:38.017 INFO:teuthology.orchestra.run.smithi046.stderr:/usr/bin/ceph:
2024-04-16T01:50:38.019+0000 7f111c936700 1 Processor -- start
2024-04-16T01:50:38.017 INFO:teuthology.orchestra.run.smithi046.stderr:/usr/bin/ceph:
2024-04-16T01:50:38.019+0000 7f111c936700 1 -- start start
2024-04-16T01:50:38.017 INFO:teuthology.orchestra.run.smithi046.stderr:/usr/bin/ceph:
2024-04-16T01:50:38.019+0000 7f111c936700 1 --2- >> [v2:172.21.15.46:3300/0,v1:172.21.15.46:6789/0] conn(0x7f1118071b80 0x7f11180ffd10 unknown :-1 s=NONE pgs=0 cs=0 l=0 rev1=0 rx=0 tx=0).connect
2024-04-16T01:50:38.017 INFO:teuthology.orchestra.run.smithi046.stderr:/usr/bin/ceph:
2024-04-16T01:50:38.019+0000 7f111c936700 1 -- --> [v2:172.21.15.46:3300/0,v1:172.21.15.46:6789/0] -- mon_getmap magic: 0 v1 -- 0x7f1118071fa0 con 0x7f1118071b80
2024-04-16T01:50:38.017 INFO:teuthology.orchestra.run.smithi046.stderr:/usr/bin/ceph:
2024-04-16T01:50:38.019+0000 7f111659c700 1 --2- >> [v2:172.21.15.46:3300/0,v1:172.21.15.46:6789/0] conn(0x7f1118071b80 0x7f11180ffd10 unknown :-1 s=BANNER_CONNECTING pgs=0 cs=0 l=0 rev1=0 rx=0 tx=0)._handle_peer_banner_payload supported=1 required=0
2024-04-16T01:50:38.018 INFO:teuthology.orchestra.run.smithi046.stderr:/usr/bin/ceph:
2024-04-16T01:50:38.019+0000 7f111659c700 1 --2- >> [v2:172.21.15.46:3300/0,v1:172.21.15.46:6789/0] conn(0x7f1118071b80 0x7f11180ffd10 unknown :-1 s=HELLO_CONNECTING pgs=0 cs=0 l=0 rev1=1 rx=0 tx=0).handle_hello peer v2:172.21.15.46:3300/0 says I am v2:172.21.15.46:50696/0 (socket says 172.21.15.46:50696)
2024-04-16T01:50:38.018 INFO:teuthology.orchestra.run.smithi046.stderr:/usr/bin/ceph:
2024-04-16T01:50:38.019+0000 7f111659c700 1 -- 172.21.15.46:0/2927780180 learned_addr learned my addr 172.21.15.46:0/2927780180 (peer_addr_for_me v2:172.21.15.46:0/0)
2024-04-16T01:50:38.018 INFO:teuthology.orchestra.run.smithi046.stderr:/usr/bin/ceph:
2024-04-16T01:50:38.020+0000 7f111659c700 1 -- 172.21.15.46:0/2927780180 --> [v2:172.21.15.46:3300/0,v1:172.21.15.46:6789/0] -- mon_subscribe({config=0+,monmap=0+}) v3 -- 0x7f1118100200 con 0x7f1118071b80
2024-04-16T01:50:38.018 INFO:teuthology.orchestra.run.smithi046.stderr:/usr/bin/ceph:
2024-04-16T01:50:38.020+0000 7f111659c700 1 --2- 172.21.15.46:0/2927780180 >> [v2:172.21.15.46:3300/0,v1:172.21.15.46:6789/0] conn(0x7f1118071b80 0x7f11180ffd10 secure :-1 s=READY pgs=57 cs=0 l=1 rev1=1 rx=0x7f1108009730 tx=0x7f11080090f0).ready entity=mon.0 client_cookie=6184ed6fb5ee5d01 server_cookie=0 in_seq=0 out_seq=0
2024-04-16T01:50:38.018 INFO:teuthology.orchestra.run.smithi046.stderr:/usr/bin/ceph:
2024-04-16T01:50:38.020+0000 7f111559a700 1 -- 172.21.15.46:0/2927780180 <== mon.0 v2:172.21.15.46:3300/0 1 ==== mon_map magic: 0 v1 ==== 229+0+0 (secure 0 0 0) 0x7f110800b6e0 con 0x7f1118071b80
2024-04-16T01:50:38.018 INFO:teuthology.orchestra.run.smithi046.stderr:/usr/bin/ceph:
2024-04-16T01:50:38.020+0000 7f111559a700 1 -- 172.21.15.46:0/2927780180 <== mon.0 v2:172.21.15.46:3300/0 2 ==== config(25 keys) v1 ==== 1046+0+0 (secure 0 0 0) 0x7f110800bcd0 con 0x7f1118071b80
2024-04-16T01:50:38.018 INFO:teuthology.orchestra.run.smithi046.stderr:/usr/bin/ceph:
2024-04-16T01:50:38.020+0000 7f111559a700 1 -- 172.21.15.46:0/2927780180 <== mon.0 v2:172.21.15.46:3300/0 3 ==== mon_map magic: 0 v1 ==== 229+0+0 (secure 0 0 0) 0x7f1108011cb0 con 0x7f1118071b80
2024-04-16T01:50:38.020 INFO:teuthology.orchestra.run.smithi046.stderr:/usr/bin/ceph:
2024-04-16T01:50:38.021+0000 7f111c936700 1 -- 172.21.15.46:0/2927780180 >> [v2:172.21.15.46:3300/0,v1:172.21.15.46:6789/0] conn(0x7f1118071b80 msgr2=0x7f11180ffd10 secure :-1 s=STATE_CONNECTION_ESTABLISHED l=1).mark_down
2024-04-16T01:50:38.020 INFO:teuthology.orchestra.run.smithi046.stderr:/usr/bin/ceph:
2024-04-16T01:50:38.021+0000 7f111c936700 1 --2- 172.21.15.46:0/2927780180 >> [v2:172.21.15.46:3300/0,v1:172.21.15.46:6789/0] conn(0x7f1118071b80 0x7f11180ffd10 secure :-1 s=READY pgs=57 cs=0 l=1 rev1=1 rx=0x7f1108009730 tx=0x7f11080090f0).stop
2024-04-16T01:50:38.020 INFO:teuthology.orchestra.run.smithi046.stderr:/usr/bin/ceph:
2024-04-16T01:50:38.021+0000 7f111c936700 1 -- 172.21.15.46:0/2927780180 shutdown_connections
2024-04-16T01:50:38.020 INFO:teuthology.orchestra.run.smithi046.stderr:/usr/bin/ceph:
2024-04-16T01:50:38.021+0000 7f111c936700 1 --2- 172.21.15.46:0/2927780180 >> [v2:172.21.15.46:3300/0,v1:172.21.15.46:6789/0] conn(0x7f1118071b80 0x7f11180ffd10 unknown :-1 s=CLOSED pgs=57 cs=0 l=1 rev1=1 rx=0 tx=0).stop
2024-04-16T01:50:38.020 INFO:teuthology.orchestra.run.smithi046.stderr:/usr/bin/ceph:
2024-04-16T01:50:38.021+0000 7f111c936700 1 -- 172.21.15.46:0/2927780180 >> 172.21.15.46:0/2927780180 conn(0x7f11180f76f0 msgr2=0x7f11180f9b10 unknown :-1 s=STATE_NONE l=0).mark_down
2024-04-16T01:50:38.020 INFO:teuthology.orchestra.run.smithi046.stderr:/usr/bin/ceph:
2024-04-16T01:50:38.021+0000 7f111c936700 1 -- 172.21.15.46:0/2927780180 shutdown_connections
2024-04-16T01:50:38.020 INFO:teuthology.orchestra.run.smithi046.stderr:/usr/bin/ceph:
2024-04-16T01:50:38.021+0000 7f111c936700 1 -- 172.21.15.46:0/2927780180 wait complete.
2024-04-16T01:50:38.020 INFO:teuthology.orchestra.run.smithi046.stderr:/usr/bin/ceph:
2024-04-16T01:50:38.022+0000 7f111c936700 1 Processor -- start
2024-04-16T01:50:38.020 INFO:teuthology.orchestra.run.smithi046.stderr:/usr/bin/ceph:
2024-04-16T01:50:38.022+0000 7f111c936700 1 -- start start
2024-04-16T01:50:38.021 INFO:teuthology.orchestra.run.smithi046.stderr:/usr/bin/ceph:
2024-04-16T01:50:38.022+0000 7f111c936700 1 --2- >> [v2:172.21.15.46:3300/0,v1:172.21.15.46:6789/0] conn(0x7f1118071b80 0x7f111810dff0 unknown :-1 s=NONE pgs=0 cs=0 l=1 rev1=0 rx=0 tx=0).connect
2024-04-16T01:50:38.021 INFO:teuthology.orchestra.run.smithi046.stderr:/usr/bin/ceph:
2024-04-16T01:50:38.022+0000 7f111c936700 1 -- --> [v2:172.21.15.46:3300/0,v1:172.21.15.46:6789/0] -- mon_getmap magic: 0 v1 -- 0x7f111810e4e0 con 0x7f1118071b80
2024-04-16T01:50:38.021 INFO:teuthology.orchestra.run.smithi046.stderr:/usr/bin/ceph:
2024-04-16T01:50:38.022+0000 7f111659c700 1 --2- >> [v2:172.21.15.46:3300/0,v1:172.21.15.46:6789/0] conn(0x7f1118071b80 0x7f111810dff0 unknown :-1 s=BANNER_CONNECTING pgs=0 cs=0 l=1 rev1=0 rx=0 tx=0)._handle_peer_banner_payload supported=1 required=0
2024-04-16T01:50:38.021 INFO:teuthology.orchestra.run.smithi046.stderr:/usr/bin/ceph:
2024-04-16T01:50:38.022+0000 7f111659c700 1 --2- >> [v2:172.21.15.46:3300/0,v1:172.21.15.46:6789/0] conn(0x7f1118071b80 0x7f111810dff0 unknown :-1 s=HELLO_CONNECTING pgs=0 cs=0 l=1 rev1=1 rx=0 tx=0).handle_hello peer v2:172.21.15.46:3300/0 says I am v2:172.21.15.46:50702/0 (socket says 172.21.15.46:50702)
2024-04-16T01:50:38.021 INFO:teuthology.orchestra.run.smithi046.stderr:/usr/bin/ceph:
2024-04-16T01:50:38.022+0000 7f111659c700 1 -- 172.21.15.46:0/1484985910 learned_addr learned my addr 172.21.15.46:0/1484985910 (peer_addr_for_me v2:172.21.15.46:0/0)
2024-04-16T01:50:38.021 INFO:teuthology.orchestra.run.smithi046.stderr:/usr/bin/ceph:
2024-04-16T01:50:38.022+0000 7f111659c700 1 -- 172.21.15.46:0/1484985910 --> [v2:172.21.15.46:3300/0,v1:172.21.15.46:6789/0] -- mon_subscribe({config=0+,monmap=0+}) v3 -- 0x7f1108009370 con 0x7f1118071b80
2024-04-16T01:50:38.022 INFO:teuthology.orchestra.run.smithi046.stderr:/usr/bin/ceph:
2024-04-16T01:50:38.022+0000 7f111659c700 1 --2- 172.21.15.46:0/1484985910 >> [v2:172.21.15.46:3300/0,v1:172.21.15.46:6789/0] conn(0x7f1118071b80 0x7f111810dff0 secure :-1 s=READY pgs=58 cs=0 l=1 rev1=1 rx=0x7f11080118b0 tx=0x7f11080090f0).ready entity=mon.0 client_cookie=0 server_cookie=0 in_seq=0 out_seq=0
2024-04-16T01:50:38.022 INFO:teuthology.orchestra.run.smithi046.stderr:/usr/bin/ceph:
2024-04-16T01:50:38.023+0000 7f11077fe700 1 -- 172.21.15.46:0/1484985910 <== mon.0 v2:172.21.15.46:3300/0 1 ==== mon_map magic: 0 v1 ==== 229+0+0 (secure 0 0 0) 0x7f110800be40 con 0x7f1118071b80
2024-04-16T01:50:38.022 INFO:teuthology.orchestra.run.smithi046.stderr:/usr/bin/ceph:
2024-04-16T01:50:38.023+0000 7f11077fe700 1 -- 172.21.15.46:0/1484985910 <== mon.0 v2:172.21.15.46:3300/0 2 ==== config(25 keys) v1 ==== 1046+0+0 (secure 0 0 0) 0x7f110801aad0 con 0x7f1118071b80
2024-04-16T01:50:38.022 INFO:teuthology.orchestra.run.smithi046.stderr:/usr/bin/ceph:
2024-04-16T01:50:38.023+0000 7f111c936700 1 -- 172.21.15.46:0/1484985910 --> [v2:172.21.15.46:3300/0,v1:172.21.15.46:6789/0] -- mon_subscribe({mgrmap=0+}) v3 -- 0x7f111810e6e0 con 0x7f1118071b80
2024-04-16T01:50:38.022 INFO:teuthology.orchestra.run.smithi046.stderr:/usr/bin/ceph:
2024-04-16T01:50:38.023+0000 7f11077fe700 1 -- 172.21.15.46:0/1484985910 <== mon.0 v2:172.21.15.46:3300/0 3 ==== mon_map magic: 0 v1 ==== 229+0+0 (secure 0 0 0) 0x7f1108023a80 con 0x7f1118071b80
2024-04-16T01:50:38.022 INFO:teuthology.orchestra.run.smithi046.stderr:/usr/bin/ceph:
2024-04-16T01:50:38.023+0000 7f111c936700 1 -- 172.21.15.46:0/1484985910 --> [v2:172.21.15.46:3300/0,v1:172.21.15.46:6789/0] -- mon_subscribe({osdmap=0}) v3 -- 0x7f111810eaf0 con 0x7f1118071b80
2024-04-16T01:50:38.022 INFO:teuthology.orchestra.run.smithi046.stderr:/usr/bin/ceph:
2024-04-16T01:50:38.024+0000 7f111c936700 1 -- 172.21.15.46:0/1484985910 --> [v2:172.21.15.46:3300/0,v1:172.21.15.46:6789/0] -- mon_command({"prefix": "get_command_descriptions"} v 0) v1 -- 0x7f1118046ce0 con 0x7f1118071b80
2024-04-16T01:50:38.022 INFO:teuthology.orchestra.run.smithi046.stderr:/usr/bin/ceph:
2024-04-16T01:50:38.024+0000 7f11077fe700 1 -- 172.21.15.46:0/1484985910 <== mon.0 v2:172.21.15.46:3300/0 4 ==== mgrmap(e 8) v1 ==== 38632+0+0 (secure 0 0 0) 0x7f110801ac40 con 0x7f1118071b80
2024-04-16T01:50:38.022 INFO:teuthology.orchestra.run.smithi046.stderr:/usr/bin/ceph:
2024-04-16T01:50:38.024+0000 7f11077fe700 1 --2- 172.21.15.46:0/1484985910 >> [v2:172.21.15.46:6800/1283239301,v1:172.21.15.46:6801/1283239301] conn(0x7f1100032660 0x7f1100034b20 unknown :-1 s=NONE pgs=0 cs=0 l=1 rev1=0 rx=0 tx=0).connect
2024-04-16T01:50:38.023 INFO:teuthology.orchestra.run.smithi046.stderr:/usr/bin/ceph:
2024-04-16T01:50:38.024+0000 7f11077fe700 1 -- 172.21.15.46:0/1484985910 <== mon.0 v2:172.21.15.46:3300/0 5 ==== osd_map(2..2 src has 1..2) v4 ==== 893+0+0 (secure 0 0 0) 0x7f1108044d90 con 0x7f1118071b80
2024-04-16T01:50:38.023 INFO:teuthology.orchestra.run.smithi046.stderr:/usr/bin/ceph:
2024-04-16T01:50:38.025+0000 7f1115d9b700 1 --2- 172.21.15.46:0/1484985910 >> [v2:172.21.15.46:6800/1283239301,v1:172.21.15.46:6801/1283239301] conn(0x7f1100032660 0x7f1100034b20 unknown :-1 s=BANNER_CONNECTING pgs=0 cs=0 l=1 rev1=0 rx=0 tx=0)._handle_peer_banner_payload supported=1 required=0
2024-04-16T01:50:38.023 INFO:teuthology.orchestra.run.smithi046.stderr:/usr/bin/ceph:
2024-04-16T01:50:38.025+0000 7f1115d9b700 1 --2- 172.21.15.46:0/1484985910 >> [v2:172.21.15.46:6800/1283239301,v1:172.21.15.46:6801/1283239301] conn(0x7f1100032660 0x7f1100034b20 secure :-1 s=READY pgs=19 cs=0 l=1 rev1=1 rx=0x7f110c009780 tx=0x7f110c006cc0).ready entity=mgr.14116 client_cookie=0 server_cookie=0 in_seq=0 out_seq=0
2024-04-16T01:50:38.026 INFO:teuthology.orchestra.run.smithi046.stderr:/usr/bin/ceph:
2024-04-16T01:50:38.029+0000 7f11077fe700 1 -- 172.21.15.46:0/1484985910 <== mon.0 v2:172.21.15.46:3300/0 6 ==== mon_command_ack([{"prefix": "get_command_descriptions"}]=0 v0) v1 ==== 72+0+163658 (secure 0 0 0) 0x7f1108019980 con 0x7f1118071b80
2024-04-16T01:50:38.089 INFO:journalctl@ceph.mon.smithi046.smithi046.stdout:Apr 16 01:50:37 smithi046 ceph-7e6c24a8-fb93-11ee-bc8f-c7b262605968-mon-smithi046[39757]: cluster
2024-04-16T01:50:36.433367+0000 mgr.smithi046.rskjkm (mgr.14116) 26 : cluster [DBG] pgmap v4: 0 pgs: ; 0 B data, 0 B used, 0 B / 0 B avail
2024-04-16T01:50:38.089 INFO:journalctl@ceph.mon.smithi046.smithi046.stdout:Apr 16 01:50:37 smithi046 ceph-7e6c24a8-fb93-11ee-bc8f-c7b262605968-mon-smithi046[39757]: audit
2024-04-16T01:50:36.757610+0000 mon.smithi046 (mon.0) 65 : audit [INF] from='client.? 172.21.15.46:0/408006141' entity='client.admin'
2024-04-16T01:50:38.198 INFO:teuthology.orchestra.run.smithi046.stderr:/usr/bin/ceph:
2024-04-16T01:50:38.201+0000 7f111c936700 1 -- 172.21.15.46:0/1484985910 --> [v2:172.21.15.46:3300/0,v1:172.21.15.46:6789/0] -- mon_command([{prefix=config set, name=mgr/dashboard/ssl_server_port}] v 0) v1 -- 0x7f1118100f80 con 0x7f1118071b80
2024-04-16T01:50:38.201 INFO:teuthology.orchestra.run.smithi046.stderr:/usr/bin/ceph:
2024-04-16T01:50:38.204+0000 7f11077fe700 1 -- 172.21.15.46:0/1484985910 <== mon.0 v2:172.21.15.46:3300/0 7 ==== mon_command_ack([{prefix=config set, name=mgr/dashboard/ssl_server_port}]=0 v8)=0 v8) v1 ==== 130+0+0 (secure 0 0 0) 0x7f110801e020 con 0x7f1118071b80
2024-04-16T01:50:38.204 INFO:teuthology.orchestra.run.smithi046.stderr:/usr/bin/ceph:
2024-04-16T01:50:38.206+0000 7f111c936700 1 -- 172.21.15.46:0/1484985910 >> [v2:172.21.15.46:6800/1283239301,v1:172.21.15.46:6801/1283239301] conn(0x7f1100032660 msgr2=0x7f1100034b20 secure :-1 s=STATE_CONNECTION_ESTABLISHED l=1).mark_down
2024-04-16T01:50:38.205 INFO:teuthology.orchestra.run.smithi046.stderr:/usr/bin/ceph:
2024-04-16T01:50:38.206+0000 7f111c936700 1 --2- 172.21.15.46:0/1484985910 >> [v2:172.21.15.46:6800/1283239301,v1:172.21.15.46:6801/1283239301] conn(0x7f1100032660 0x7f1100034b20 secure :-1 s=READY pgs=19 cs=0 l=1 rev1=1 rx=0x7f110c009780 tx=0x7f110c006cc0).stop
2024-04-16T01:50:38.205 INFO:teuthology.orchestra.run.smithi046.stderr:/usr/bin/ceph:
2024-04-16T01:50:38.206+0000 7f111c936700 1 -- 172.21.15.46:0/1484985910 >> [v2:172.21.15.46:3300/0,v1:172.21.15.46:6789/0] conn(0x7f1118071b80 msgr2=0x7f111810dff0 secure :-1 s=STATE_CONNECTION_ESTABLISHED l=1).mark_down
2024-04-16T01:50:38.205 INFO:teuthology.orchestra.run.smithi046.stderr:/usr/bin/ceph:
2024-04-16T01:50:38.206+0000 7f111c936700 1 --2- 172.21.15.46:0/1484985910 >> [v2:172.21.15.46:3300/0,v1:172.21.15.46:6789/0] conn(0x7f1118071b80 0x7f111810dff0 secure :-1 s=READY pgs=58 cs=0 l=1 rev1=1 rx=0x7f11080118b0 tx=0x7f11080090f0).stop
2024-04-16T01:50:38.205 INFO:teuthology.orchestra.run.smithi046.stderr:/usr/bin/ceph:
2024-04-16T01:50:38.206+0000 7f111c936700 1 -- 172.21.15.46:0/1484985910 shutdown_connections
2024-04-16T01:50:38.205 INFO:teuthology.orchestra.run.smithi046.stderr:/usr/bin/ceph:
2024-04-16T01:50:38.206+0000 7f111c936700 1 --2- 172.21.15.46:0/1484985910 >> [v2:172.21.15.46:6800/1283239301,v1:172.21.15.46:6801/1283239301] conn(0x7f1100032660 0x7f1100034b20 unknown :-1 s=CLOSED pgs=19 cs=0 l=1 rev1=1 rx=0 tx=0).stop
2024-04-16T01:50:38.205 INFO:teuthology.orchestra.run.smithi046.stderr:/usr/bin/ceph:
2024-04-16T01:50:38.206+0000 7f111c936700 1 --2- 172.21.15.46:0/1484985910 >> [v2:172.21.15.46:3300/0,v1:172.21.15.46:6789/0] conn(0x7f1118071b80 0x7f111810dff0 unknown :-1 s=CLOSED pgs=58 cs=0 l=1 rev1=1 rx=0 tx=0).stop
2024-04-16T01:50:38.205 INFO:teuthology.orchestra.run.smithi046.stderr:/usr/bin/ceph:
2024-04-16T01:50:38.206+0000 7f111c936700 1 -- 172.21.15.46:0/1484985910 >> 172.21.15.46:0/1484985910 conn(0x7f11180f76f0 msgr2=0x7f11180f9130 unknown :-1 s=STATE_NONE l=0).mark_down
2024-04-16T01:50:38.205 INFO:teuthology.orchestra.run.smithi046.stderr:/usr/bin/ceph:
2024-04-16T01:50:38.206+0000 7f111c936700 1 -- 172.21.15.46:0/1484985910 shutdown_connections
2024-04-16T01:50:38.205 INFO:teuthology.orchestra.run.smithi046.stderr:/usr/bin/ceph:
2024-04-16T01:50:38.206+0000 7f111c936700 1 -- 172.21.15.46:0/1484985910 wait complete.
2024-04-16T01:50:38.918 INFO:teuthology.orchestra.run.smithi046.stderr:Enabling the dashboard module...
2024-04-16T01:50:39.484 INFO:teuthology.orchestra.run.smithi046.stderr:/usr/bin/ceph:
2024-04-16T01:50:39.485+0000 7fb134260700 1 Processor -- start
2024-04-16T01:50:39.484 INFO:teuthology.orchestra.run.smithi046.stderr:/usr/bin/ceph:
2024-04-16T01:50:39.485+0000 7fb134260700 1 -- start start
2024-04-16T01:50:39.484 INFO:teuthology.orchestra.run.smithi046.stderr:/usr/bin/ceph:
2024-04-16T01:50:39.485+0000 7fb134260700 1 --2- >> [v2:172.21.15.46:3300/0,v1:172.21.15.46:6789/0] conn(0x7fb12c0fcfe0 0x7fb12c0fd400 unknown :-1 s=NONE pgs=0 cs=0 l=0 rev1=0 rx=0 tx=0).connect
2024-04-16T01:50:39.485 INFO:teuthology.orchestra.run.smithi046.stderr:/usr/bin/ceph:
2024-04-16T01:50:39.485+0000 7fb134260700 1 -- --> [v2:172.21.15.46:3300/0,v1:172.21.15.46:6789/0] -- mon_getmap magic: 0 v1 -- 0x7fb12c0fd8f0 con 0x7fb12c0fcfe0
2024-04-16T01:50:39.485 INFO:teuthology.orchestra.run.smithi046.stderr:/usr/bin/ceph:
2024-04-16T01:50:39.486+0000 7fb131ffc700 1 --2- >> [v2:172.21.15.46:3300/0,v1:172.21.15.46:6789/0] conn(0x7fb12c0fcfe0 0x7fb12c0fd400 unknown :-1 s=BANNER_CONNECTING pgs=0 cs=0 l=0 rev1=0 rx=0 tx=0)._handle_peer_banner_payload supported=1 required=0
2024-04-16T01:50:39.485 INFO:teuthology.orchestra.run.smithi046.stderr:/usr/bin/ceph:
2024-04-16T01:50:39.486+0000 7fb131ffc700 1 --2- >> [v2:172.21.15.46:3300/0,v1:172.21.15.46:6789/0] conn(0x7fb12c0fcfe0 0x7fb12c0fd400 unknown :-1 s=HELLO_CONNECTING pgs=0 cs=0 l=0 rev1=1 rx=0 tx=0).handle_hello peer v2:172.21.15.46:3300/0 says I am v2:172.21.15.46:50706/0 (socket says 172.21.15.46:50706)
2024-04-16T01:50:39.485 INFO:teuthology.orchestra.run.smithi046.stderr:/usr/bin/ceph:
2024-04-16T01:50:39.486+0000 7fb131ffc700 1 -- 172.21.15.46:0/427408490 learned_addr learned my addr 172.21.15.46:0/427408490 (peer_addr_for_me v2:172.21.15.46:0/0)
2024-04-16T01:50:39.485 INFO:teuthology.orchestra.run.smithi046.stderr:/usr/bin/ceph:
2024-04-16T01:50:39.486+0000 7fb131ffc700 1 -- 172.21.15.46:0/427408490 --> [v2:172.21.15.46:3300/0,v1:172.21.15.46:6789/0] -- mon_subscribe({config=0+,monmap=0+}) v3 -- 0x7fb12c0fda30 con 0x7fb12c0fcfe0
2024-04-16T01:50:39.485 INFO:teuthology.orchestra.run.smithi046.stderr:/usr/bin/ceph:
2024-04-16T01:50:39.486+0000 7fb131ffc700 1 --2- 172.21.15.46:0/427408490 >> [v2:172.21.15.46:3300/0,v1:172.21.15.46:6789/0] conn(0x7fb12c0fcfe0 0x7fb12c0fd400 secure :-1 s=READY pgs=59 cs=0 l=1 rev1=1 rx=0x7fb11c009730 tx=0x7fb11c0090f0).ready entity=mon.0 client_cookie=c5e82906021d493a server_cookie=0 in_seq=0 out_seq=0
2024-04-16T01:50:39.485 INFO:teuthology.orchestra.run.smithi046.stderr:/usr/bin/ceph:
2024-04-16T01:50:39.486+0000 7fb130ffa700 1 -- 172.21.15.46:0/427408490 <== mon.0 v2:172.21.15.46:3300/0 1 ==== mon_map magic: 0 v1 ==== 229+0+0 (secure 0 0 0) 0x7fb11c00b6e0 con 0x7fb12c0fcfe0
2024-04-16T01:50:39.485 INFO:teuthology.orchestra.run.smithi046.stderr:/usr/bin/ceph:
2024-04-16T01:50:39.486+0000 7fb130ffa700 1 -- 172.21.15.46:0/427408490 <== mon.0 v2:172.21.15.46:3300/0 2 ==== config(25 keys) v1 ==== 1046+0+0 (secure 0 0 0) 0x7fb11c00bcd0 con 0x7fb12c0fcfe0
2024-04-16T01:50:39.485 INFO:teuthology.orchestra.run.smithi046.stderr:/usr/bin/ceph:
2024-04-16T01:50:39.486+0000 7fb130ffa700 1 -- 172.21.15.46:0/427408490 <== mon.0 v2:172.21.15.46:3300/0 3 ==== mon_map magic: 0 v1 ==== 229+0+0 (secure 0 0 0) 0x7fb11c011cb0 con 0x7fb12c0fcfe0
2024-04-16T01:50:39.485 INFO:teuthology.orchestra.run.smithi046.stderr:/usr/bin/ceph:
2024-04-16T01:50:39.487+0000 7fb134260700 1 -- 172.21.15.46:0/427408490 >> [v2:172.21.15.46:3300/0,v1:172.21.15.46:6789/0] conn(0x7fb12c0fcfe0 msgr2=0x7fb12c0fd400 secure :-1 s=STATE_CONNECTION_ESTABLISHED l=1).mark_down
2024-04-16T01:50:39.485 INFO:teuthology.orchestra.run.smithi046.stderr:/usr/bin/ceph:
2024-04-16T01:50:39.487+0000 7fb134260700 1 --2- 172.21.15.46:0/427408490 >> [v2:172.21.15.46:3300/0,v1:172.21.15.46:6789/0] conn(0x7fb12c0fcfe0 0x7fb12c0fd400 secure :-1 s=READY pgs=59 cs=0 l=1 rev1=1 rx=0x7fb11c009730 tx=0x7fb11c0090f0).stop
2024-04-16T01:50:39.486 INFO:teuthology.orchestra.run.smithi046.stderr:/usr/bin/ceph:
2024-04-16T01:50:39.487+0000 7fb134260700 1 -- 172.21.15.46:0/427408490 shutdown_connections
2024-04-16T01:50:39.487 INFO:teuthology.orchestra.run.smithi046.stderr:/usr/bin/ceph:
2024-04-16T01:50:39.487+0000 7fb134260700 1 --2- 172.21.15.46:0/427408490 >> [v2:172.21.15.46:3300/0,v1:172.21.15.46:6789/0] conn(0x7fb12c0fcfe0 0x7fb12c0fd400 unknown :-1 s=CLOSED pgs=59 cs=0 l=1 rev1=1 rx=0 tx=0).stop
2024-04-16T01:50:39.487 INFO:teuthology.orchestra.run.smithi046.stderr:/usr/bin/ceph:
2024-04-16T01:50:39.487+0000 7fb134260700 1 -- 172.21.15.46:0/427408490 >> 172.21.15.46:0/427408490 conn(0x7fb12c0f8820 msgr2=0x7fb12c0fac40 unknown :-1 s=STATE_NONE l=0).mark_down
2024-04-16T01:50:39.487 INFO:teuthology.orchestra.run.smithi046.stderr:/usr/bin/ceph:
2024-04-16T01:50:39.487+0000 7fb134260700 1 -- 172.21.15.46:0/427408490 shutdown_connections
2024-04-16T01:50:39.487 INFO:teuthology.orchestra.run.smithi046.stderr:/usr/bin/ceph:
2024-04-16T01:50:39.487+0000 7fb134260700 1 -- 172.21.15.46:0/427408490 wait complete.
2024-04-16T01:50:39.487 INFO:teuthology.orchestra.run.smithi046.stderr:/usr/bin/ceph:
2024-04-16T01:50:39.488+0000 7fb134260700 1 Processor -- start
2024-04-16T01:50:39.488 INFO:teuthology.orchestra.run.smithi046.stderr:/usr/bin/ceph:
2024-04-16T01:50:39.488+0000 7fb134260700 1 -- start start
2024-04-16T01:50:39.488 INFO:teuthology.orchestra.run.smithi046.stderr:/usr/bin/ceph:
2024-04-16T01:50:39.488+0000 7fb134260700 1 --2- >> [v2:172.21.15.46:3300/0,v1:172.21.15.46:6789/0] conn(0x7fb12c0fcfe0 0x7fb12c10bdb0 unknown :-1 s=NONE pgs=0 cs=0 l=1 rev1=0 rx=0 tx=0).connect
2024-04-16T01:50:39.488 INFO:teuthology.orchestra.run.smithi046.stderr:/usr/bin/ceph:
2024-04-16T01:50:39.488+0000 7fb134260700 1 -- --> [v2:172.21.15.46:3300/0,v1:172.21.15.46:6789/0] -- mon_getmap magic: 0 v1 -- 0x7fb12c10c2a0 con 0x7fb12c0fcfe0
2024-04-16T01:50:39.488 INFO:teuthology.orchestra.run.smithi046.stderr:/usr/bin/ceph:
2024-04-16T01:50:39.488+0000 7fb131ffc700 1 --2- >> [v2:172.21.15.46:3300/0,v1:172.21.15.46:6789/0] conn(0x7fb12c0fcfe0 0x7fb12c10bdb0 unknown :-1 s=BANNER_CONNECTING pgs=0 cs=0 l=1 rev1=0 rx=0 tx=0)._handle_peer_banner_payload supported=1 required=0
2024-04-16T01:50:39.488 INFO:teuthology.orchestra.run.smithi046.stderr:/usr/bin/ceph:
2024-04-16T01:50:39.488+0000 7fb131ffc700 1 --2- >> [v2:172.21.15.46:3300/0,v1:172.21.15.46:6789/0] conn(0x7fb12c0fcfe0 0x7fb12c10bdb0 unknown :-1 s=HELLO_CONNECTING pgs=0 cs=0 l=1 rev1=1 rx=0 tx=0).handle_hello peer v2:172.21.15.46:3300/0 says I am v2:172.21.15.46:50710/0 (socket says 172.21.15.46:50710)
2024-04-16T01:50:39.488 INFO:teuthology.orchestra.run.smithi046.stderr:/usr/bin/ceph:
2024-04-16T01:50:39.489+0000 7fb131ffc700 1 -- 172.21.15.46:0/1999392143 learned_addr learned my addr 172.21.15.46:0/1999392143 (peer_addr_for_me v2:172.21.15.46:0/0)
2024-04-16T01:50:39.488 INFO:teuthology.orchestra.run.smithi046.stderr:/usr/bin/ceph:
2024-04-16T01:50:39.489+0000 7fb131ffc700 1 -- 172.21.15.46:0/1999392143 --> [v2:172.21.15.46:3300/0,v1:172.21.15.46:6789/0] -- mon_subscribe({config=0+,monmap=0+}) v3 -- 0x7fb11c009370 con 0x7fb12c0fcfe0
2024-04-16T01:50:39.488 INFO:teuthology.orchestra.run.smithi046.stderr:/usr/bin/ceph:
2024-04-16T01:50:39.489+0000 7fb131ffc700 1 --2- 172.21.15.46:0/1999392143 >> [v2:172.21.15.46:3300/0,v1:172.21.15.46:6789/0] conn(0x7fb12c0fcfe0 0x7fb12c10bdb0 secure :-1 s=READY pgs=60 cs=0 l=1 rev1=1 rx=0x7fb11c006ba0 tx=0x7fb11c0090f0).ready entity=mon.0 client_cookie=0 server_cookie=0 in_seq=0 out_seq=0
2024-04-16T01:50:39.489 INFO:teuthology.orchestra.run.smithi046.stderr:/usr/bin/ceph:
2024-04-16T01:50:39.489+0000 7fb122ffd700 1 -- 172.21.15.46:0/1999392143 <== mon.0 v2:172.21.15.46:3300/0 1 ==== mon_map magic: 0 v1 ==== 229+0+0 (secure 0 0 0) 0x7fb11c01a640 con 0x7fb12c0fcfe0
2024-04-16T01:50:39.489 INFO:teuthology.orchestra.run.smithi046.stderr:/usr/bin/ceph:
2024-04-16T01:50:39.489+0000 7fb122ffd700 1 -- 172.21.15.46:0/1999392143 <== mon.0 v2:172.21.15.46:3300/0 2 ==== config(25 keys) v1 ==== 1046+0+0 (secure 0 0 0) 0x7fb11c01ac30 con 0x7fb12c0fcfe0
2024-04-16T01:50:39.489 INFO:teuthology.orchestra.run.smithi046.stderr:/usr/bin/ceph:
2024-04-16T01:50:39.489+0000 7fb134260700 1 -- 172.21.15.46:0/1999392143 --> [v2:172.21.15.46:3300/0,v1:172.21.15.46:6789/0] -- mon_subscribe({mgrmap=0+}) v3 -- 0x7fb12c10c4a0 con 0x7fb12c0fcfe0
2024-04-16T01:50:39.489 INFO:teuthology.orchestra.run.smithi046.stderr:/usr/bin/ceph:
2024-04-16T01:50:39.489+0000 7fb122ffd700 1 -- 172.21.15.46:0/1999392143 <== mon.0 v2:172.21.15.46:3300/0 3 ==== mon_map magic: 0 v1 ==== 229+0+0 (secure 0 0 0) 0x7fb11c022b60 con 0x7fb12c0fcfe0
2024-04-16T01:50:39.489 INFO:teuthology.orchestra.run.smithi046.stderr:/usr/bin/ceph:
2024-04-16T01:50:39.489+0000 7fb134260700 1 -- 172.21.15.46:0/1999392143 --> [v2:172.21.15.46:3300/0,v1:172.21.15.46:6789/0] -- mon_subscribe({osdmap=0}) v3 -- 0x7fb12c10c8b0 con 0x7fb12c0fcfe0
2024-04-16T01:50:39.489 INFO:teuthology.orchestra.run.smithi046.stderr:/usr/bin/ceph:
2024-04-16T01:50:39.490+0000 7fb122ffd700 1 -- 172.21.15.46:0/1999392143 <== mon.0 v2:172.21.15.46:3300/0 4 ==== mgrmap(e 8) v1 ==== 38632+0+0 (secure 0 0 0) 0x7fb11c019390 con 0x7fb12c0fcfe0
2024-04-16T01:50:39.489 INFO:teuthology.orchestra.run.smithi046.stderr:/usr/bin/ceph:
2024-04-16T01:50:39.490+0000 7fb122ffd700 1 --2- 172.21.15.46:0/1999392143 >> [v2:172.21.15.46:6800/1283239301,v1:172.21.15.46:6801/1283239301] conn(0x7fb118032660 0x7fb118034b20 unknown :-1 s=NONE pgs=0 cs=0 l=1 rev1=0 rx=0 tx=0).connect
2024-04-16T01:50:39.489 INFO:teuthology.orchestra.run.smithi046.stderr:/usr/bin/ceph:
2024-04-16T01:50:39.490+0000 7fb122ffd700 1 -- 172.21.15.46:0/1999392143 <== mon.0 v2:172.21.15.46:3300/0 5 ==== osd_map(2..2 src has 1..2) v4 ==== 893+0+0 (secure 0 0 0) 0x7fb11c044ea0 con 0x7fb12c0fcfe0
2024-04-16T01:50:39.489 INFO:teuthology.orchestra.run.smithi046.stderr:/usr/bin/ceph:
2024-04-16T01:50:39.490+0000 7fb1317fb700 1 --2- 172.21.15.46:0/1999392143 >> [v2:172.21.15.46:6800/1283239301,v1:172.21.15.46:6801/1283239301] conn(0x7fb118032660 0x7fb118034b20 unknown :-1 s=BANNER_CONNECTING pgs=0 cs=0 l=1 rev1=0 rx=0 tx=0)._handle_peer_banner_payload supported=1 required=0
2024-04-16T01:50:39.489 INFO:teuthology.orchestra.run.smithi046.stderr:/usr/bin/ceph:
2024-04-16T01:50:39.490+0000 7fb134260700 1 -- 172.21.15.46:0/1999392143 --> [v2:172.21.15.46:3300/0,v1:172.21.15.46:6789/0] -- mon_command({"prefix": "get_command_descriptions"} v 0) v1 -- 0x7fb12c046ce0 con 0x7fb12c0fcfe0
2024-04-16T01:50:39.489 INFO:teuthology.orchestra.run.smithi046.stderr:/usr/bin/ceph:
2024-04-16T01:50:39.490+0000 7fb1317fb700 1 --2- 172.21.15.46:0/1999392143 >> [v2:172.21.15.46:6800/1283239301,v1:172.21.15.46:6801/1283239301] conn(0x7fb118032660 0x7fb118034b20 secure :-1 s=READY pgs=20 cs=0 l=1 rev1=1 rx=0x7fb128009780 tx=0x7fb128006cc0).ready entity=mgr.14116 client_cookie=0 server_cookie=0 in_seq=0 out_seq=0
2024-04-16T01:50:39.492 INFO:teuthology.orchestra.run.smithi046.stderr:/usr/bin/ceph:
2024-04-16T01:50:39.495+0000 7fb122ffd700 1 -- 172.21.15.46:0/1999392143 <== mon.0 v2:172.21.15.46:3300/0 6 ==== mon_command_ack([{"prefix": "get_command_descriptions"}]=0 v0) v1 ==== 72+0+163658 (secure 0 0 0) 0x7fb11c019690 con 0x7fb12c0fcfe0
2024-04-16T01:50:39.589 INFO:journalctl@ceph.mon.smithi046.smithi046.stdout:Apr 16 01:50:39 smithi046 ceph-7e6c24a8-fb93-11ee-bc8f-c7b262605968-mon-smithi046[39757]: audit
2024-04-16T01:50:38.205186+0000 mon.smithi046 (mon.0) 66 : audit [INF] from='client.? 172.21.15.46:0/1484985910' entity='client.admin'
2024-04-16T01:50:39.589 INFO:journalctl@ceph.mon.smithi046.smithi046.stdout:Apr 16 01:50:39 smithi046 ceph-7e6c24a8-fb93-11ee-bc8f-c7b262605968-mon-smithi046[39757]: cluster
2024-04-16T01:50:38.433742+0000 mgr.smithi046.rskjkm (mgr.14116) 27 : cluster [DBG] pgmap v5: 0 pgs: ; 0 B data, 0 B used, 0 B / 0 B avail
2024-04-16T01:50:39.710 INFO:teuthology.orchestra.run.smithi046.stderr:/usr/bin/ceph:
2024-04-16T01:50:39.713+0000 7fb134260700 1 -- 172.21.15.46:0/1999392143 --> [v2:172.21.15.46:3300/0,v1:172.21.15.46:6789/0] -- mon_command({"prefix": "mgr module enable", "module": "dashboard"} v 0) v1 -- 0x7fb12c105c70 con 0x7fb12c0fcfe0
2024-04-16T01:50:40.205 INFO:teuthology.orchestra.run.smithi046.stderr:/usr/bin/ceph:
2024-04-16T01:50:40.208+0000 7fb122ffd700 1 -- 172.21.15.46:0/1999392143 <== mon.0 v2:172.21.15.46:3300/0 7 ==== mgrmap(e 9) v1 ==== 38645+0+0 (secure 0 0 0) 0x7fb11c019a10 con 0x7fb12c0fcfe0
2024-04-16T01:50:40.206 INFO:teuthology.orchestra.run.smithi046.stderr:/usr/bin/ceph:
2024-04-16T01:50:40.209+0000 7fb122ffd700 1 -- 172.21.15.46:0/1999392143 <== mon.0 v2:172.21.15.46:3300/0 8 ==== mon_command_ack([{"prefix": "mgr module enable", "module": "dashboard"}]=0 v9) v1 ==== 88+0+0 (secure 0 0 0) 0x7fb11c021e80 con 0x7fb12c0fcfe0
2024-04-16T01:50:40.210 INFO:teuthology.orchestra.run.smithi046.stderr:/usr/bin/ceph:
2024-04-16T01:50:40.211+0000 7fb134260700 1 -- 172.21.15.46:0/1999392143 >> [v2:172.21.15.46:6800/1283239301,v1:172.21.15.46:6801/1283239301] conn(0x7fb118032660 msgr2=0x7fb118034b20 secure :-1 s=STATE_CONNECTION_ESTABLISHED l=1).mark_down
2024-04-16T01:50:40.210 INFO:teuthology.orchestra.run.smithi046.stderr:/usr/bin/ceph:
2024-04-16T01:50:40.211+0000 7fb134260700 1 --2- 172.21.15.46:0/1999392143 >> [v2:172.21.15.46:6800/1283239301,v1:172.21.15.46:6801/1283239301] conn(0x7fb118032660 0x7fb118034b20 secure :-1 s=READY pgs=20 cs=0 l=1 rev1=1 rx=0x7fb128009780 tx=0x7fb128006cc0).stop
2024-04-16T01:50:40.210 INFO:teuthology.orchestra.run.smithi046.stderr:/usr/bin/ceph:
2024-04-16T01:50:40.211+0000 7fb134260700 1 -- 172.21.15.46:0/1999392143 >> [v2:172.21.15.46:3300/0,v1:172.21.15.46:6789/0] conn(0x7fb12c0fcfe0 msgr2=0x7fb12c10bdb0 secure :-1 s=STATE_CONNECTION_ESTABLISHED l=1).mark_down
2024-04-16T01:50:40.210 INFO:teuthology.orchestra.run.smithi046.stderr:/usr/bin/ceph:
2024-04-16T01:50:40.211+0000 7fb134260700 1 --2- 172.21.15.46:0/1999392143 >> [v2:172.21.15.46:3300/0,v1:172.21.15.46:6789/0] conn(0x7fb12c0fcfe0 0x7fb12c10bdb0 secure :-1 s=READY pgs=60 cs=0 l=1 rev1=1 rx=0x7fb11c006ba0 tx=0x7fb11c0090f0).stop
2024-04-16T01:50:40.210 INFO:teuthology.orchestra.run.smithi046.stderr:/usr/bin/ceph:
2024-04-16T01:50:40.211+0000 7fb134260700 1 -- 172.21.15.46:0/1999392143 shutdown_connections
2024-04-16T01:50:40.210 INFO:teuthology.orchestra.run.smithi046.stderr:/usr/bin/ceph:
2024-04-16T01:50:40.211+0000 7fb134260700 1 --2- 172.21.15.46:0/1999392143 >> [v2:172.21.15.46:6800/1283239301,v1:172.21.15.46:6801/1283239301] conn(0x7fb118032660 0x7fb118034b20 unknown :-1 s=CLOSED pgs=20 cs=0 l=1 rev1=1 rx=0 tx=0).stop
2024-04-16T01:50:40.210 INFO:teuthology.orchestra.run.smithi046.stderr:/usr/bin/ceph:
2024-04-16T01:50:40.211+0000 7fb134260700 1 --2- 172.21.15.46:0/1999392143 >> [v2:172.21.15.46:3300/0,v1:172.21.15.46:6789/0] conn(0x7fb12c0fcfe0 0x7fb12c10bdb0 unknown :-1 s=CLOSED pgs=60 cs=0 l=1 rev1=1 rx=0 tx=0).stop
2024-04-16T01:50:40.210 INFO:teuthology.orchestra.run.smithi046.stderr:/usr/bin/ceph:
2024-04-16T01:50:40.211+0000 7fb134260700 1 -- 172.21.15.46:0/1999392143 >> 172.21.15.46:0/1999392143 conn(0x7fb12c0f8820 msgr2=0x7fb12c0fa1b0 unknown :-1 s=STATE_NONE l=0).mark_down
2024-04-16T01:50:40.210 INFO:teuthology.orchestra.run.smithi046.stderr:/usr/bin/ceph:
2024-04-16T01:50:40.212+0000 7fb134260700 1 -- 172.21.15.46:0/1999392143 shutdown_connections
2024-04-16T01:50:40.210 INFO:teuthology.orchestra.run.smithi046.stderr:/usr/bin/ceph:
2024-04-16T01:50:40.212+0000 7fb134260700 1 -- 172.21.15.46:0/1999392143 wait complete.
2024-04-16T01:50:40.457 INFO:journalctl@ceph.mon.smithi046.smithi046.stdout:Apr 16 01:50:40 smithi046 ceph-7e6c24a8-fb93-11ee-bc8f-c7b262605968-mon-smithi046[39757]: audit
2024-04-16T01:50:39.714500+0000 mon.smithi046 (mon.0) 67 : audit [INF] from='client.? 172.21.15.46:0/1999392143' entity='client.admin' cmd=[{"prefix": "mgr module enable", "module": "dashboard"}]: dispatch
2024-04-16T01:50:41.495 INFO:teuthology.orchestra.run.smithi046.stderr:/usr/bin/ceph:
2024-04-16T01:50:41.495+0000 7fd11d82e700 1 Processor -- start
2024-04-16T01:50:41.495 INFO:teuthology.orchestra.run.smithi046.stderr:/usr/bin/ceph:
2024-04-16T01:50:41.495+0000 7fd11d82e700 1 -- start start
2024-04-16T01:50:41.495 INFO:teuthology.orchestra.run.smithi046.stderr:/usr/bin/ceph:
2024-04-16T01:50:41.495+0000 7fd11d82e700 1 --2- >> [v2:172.21.15.46:3300/0,v1:172.21.15.46:6789/0] conn(0x7fd1180fbed0 0x7fd1180fc2f0 unknown :-1 s=NONE pgs=0 cs=0 l=0 rev1=0 rx=0 tx=0).connect
2024-04-16T01:50:41.495 INFO:teuthology.orchestra.run.smithi046.stderr:/usr/bin/ceph:
2024-04-16T01:50:41.495+0000 7fd11d82e700 1 -- --> [v2:172.21.15.46:3300/0,v1:172.21.15.46:6789/0] -- mon_getmap magic: 0 v1 -- 0x7fd1180fc7e0 con 0x7fd1180fbed0
2024-04-16T01:50:41.495 INFO:teuthology.orchestra.run.smithi046.stderr:/usr/bin/ceph:
2024-04-16T01:50:41.496+0000 7fd116ffd700 1 --2- >> [v2:172.21.15.46:3300/0,v1:172.21.15.46:6789/0] conn(0x7fd1180fbed0 0x7fd1180fc2f0 unknown :-1 s=BANNER_CONNECTING pgs=0 cs=0 l=0 rev1=0 rx=0 tx=0)._handle_peer_banner_payload supported=1 required=0
2024-04-16T01:50:41.495 INFO:teuthology.orchestra.run.smithi046.stderr:/usr/bin/ceph:
2024-04-16T01:50:41.496+0000 7fd116ffd700 1 --2- >> [v2:172.21.15.46:3300/0,v1:172.21.15.46:6789/0] conn(0x7fd1180fbed0 0x7fd1180fc2f0 unknown :-1 s=HELLO_CONNECTING pgs=0 cs=0 l=0 rev1=1 rx=0 tx=0).handle_hello peer v2:172.21.15.46:3300/0 says I am v2:172.21.15.46:50724/0 (socket says 172.21.15.46:50724)
2024-04-16T01:50:41.495 INFO:teuthology.orchestra.run.smithi046.stderr:/usr/bin/ceph:
2024-04-16T01:50:41.496+0000 7fd116ffd700 1 -- 172.21.15.46:0/1493878712 learned_addr learned my addr 172.21.15.46:0/1493878712 (peer_addr_for_me v2:172.21.15.46:0/0)
2024-04-16T01:50:41.495 INFO:teuthology.orchestra.run.smithi046.stderr:/usr/bin/ceph:
2024-04-16T01:50:41.496+0000 7fd116ffd700 1 -- 172.21.15.46:0/1493878712 --> [v2:172.21.15.46:3300/0,v1:172.21.15.46:6789/0] -- mon_subscribe({config=0+,monmap=0+}) v3 -- 0x7fd1180fc920 con 0x7fd1180fbed0
2024-04-16T01:50:41.495 INFO:teuthology.orchestra.run.smithi046.stderr:/usr/bin/ceph:
2024-04-16T01:50:41.496+0000 7fd116ffd700 1 --2- 172.21.15.46:0/1493878712 >> [v2:172.21.15.46:3300/0,v1:172.21.15.46:6789/0] conn(0x7fd1180fbed0 0x7fd1180fc2f0 secure :-1 s=READY pgs=63 cs=0 l=1 rev1=1 rx=0x7fd108009730 tx=0x7fd1080090f0).ready entity=mon.0 client_cookie=16acee5f0bf7dd5f server_cookie=0 in_seq=0 out_seq=0
2024-04-16T01:50:41.496 INFO:teuthology.orchestra.run.smithi046.stderr:/usr/bin/ceph:
2024-04-16T01:50:41.496+0000 7fd115ffb700 1 -- 172.21.15.46:0/1493878712 <== mon.0 v2:172.21.15.46:3300/0 1 ==== mon_map magic: 0 v1 ==== 229+0+0 (secure 0 0 0) 0x7fd10800b6e0 con 0x7fd1180fbed0
2024-04-16T01:50:41.496 INFO:teuthology.orchestra.run.smithi046.stderr:/usr/bin/ceph:
2024-04-16T01:50:41.496+0000 7fd115ffb700 1 -- 172.21.15.46:0/1493878712 <== mon.0 v2:172.21.15.46:3300/0 2 ==== config(25 keys) v1 ==== 1046+0+0 (secure 0 0 0) 0x7fd10800bcd0 con 0x7fd1180fbed0
2024-04-16T01:50:41.496 INFO:teuthology.orchestra.run.smithi046.stderr:/usr/bin/ceph:
2024-04-16T01:50:41.496+0000 7fd115ffb700 1 -- 172.21.15.46:0/1493878712 <== mon.0 v2:172.21.15.46:3300/0 3 ==== mon_map magic: 0 v1 ==== 229+0+0 (secure 0 0 0) 0x7fd108011cb0 con 0x7fd1180fbed0
2024-04-16T01:50:41.496 INFO:teuthology.orchestra.run.smithi046.stderr:/usr/bin/ceph:
2024-04-16T01:50:41.497+0000 7fd11d82e700 1 -- 172.21.15.46:0/1493878712 >> [v2:172.21.15.46:3300/0,v1:172.21.15.46:6789/0] conn(0x7fd1180fbed0 msgr2=0x7fd1180fc2f0 secure :-1 s=STATE_CONNECTION_ESTABLISHED l=1).mark_down
2024-04-16T01:50:41.496 INFO:teuthology.orchestra.run.smithi046.stderr:/usr/bin/ceph:
2024-04-16T01:50:41.497+0000 7fd11d82e700 1 --2- 172.21.15.46:0/1493878712 >> [v2:172.21.15.46:3300/0,v1:172.21.15.46:6789/0] conn(0x7fd1180fbed0 0x7fd1180fc2f0 secure :-1 s=READY pgs=63 cs=0 l=1 rev1=1 rx=0x7fd108009730 tx=0x7fd1080090f0).stop
2024-04-16T01:50:41.496 INFO:teuthology.orchestra.run.smithi046.stderr:/usr/bin/ceph:
2024-04-16T01:50:41.497+0000 7fd11d82e700 1 -- 172.21.15.46:0/1493878712 shutdown_connections
2024-04-16T01:50:41.496 INFO:teuthology.orchestra.run.smithi046.stderr:/usr/bin/ceph:
2024-04-16T01:50:41.497+0000 7fd11d82e700 1 --2- 172.21.15.46:0/1493878712 >> [v2:172.21.15.46:3300/0,v1:172.21.15.46:6789/0] conn(0x7fd1180fbed0 0x7fd1180fc2f0 unknown :-1 s=CLOSED pgs=63 cs=0 l=1 rev1=1 rx=0 tx=0).stop
2024-04-16T01:50:41.496 INFO:teuthology.orchestra.run.smithi046.stderr:/usr/bin/ceph:
2024-04-16T01:50:41.497+0000 7fd11d82e700 1 -- 172.21.15.46:0/1493878712 >> 172.21.15.46:0/1493878712 conn(0x7fd1180f76f0 msgr2=0x7fd1180f9b10 unknown :-1 s=STATE_NONE l=0).mark_down
2024-04-16T01:50:41.496 INFO:teuthology.orchestra.run.smithi046.stderr:/usr/bin/ceph:
2024-04-16T01:50:41.497+0000 7fd11d82e700 1 -- 172.21.15.46:0/1493878712 shutdown_connections
2024-04-16T01:50:41.496 INFO:teuthology.orchestra.run.smithi046.stderr:/usr/bin/ceph:
2024-04-16T01:50:41.497+0000 7fd11d82e700 1 -- 172.21.15.46:0/1493878712 wait complete.
2024-04-16T01:50:41.496 INFO:teuthology.orchestra.run.smithi046.stderr:/usr/bin/ceph:
2024-04-16T01:50:41.498+0000 7fd11d82e700 1 Processor -- start
2024-04-16T01:50:41.498 INFO:teuthology.orchestra.run.smithi046.stderr:/usr/bin/ceph:
2024-04-16T01:50:41.498+0000 7fd11d82e700 1 -- start start
2024-04-16T01:50:41.498 INFO:teuthology.orchestra.run.smithi046.stderr:/usr/bin/ceph:
2024-04-16T01:50:41.498+0000 7fd11d82e700 1 --2- >> [v2:172.21.15.46:3300/0,v1:172.21.15.46:6789/0] conn(0x7fd1180fbed0 0x7fd11810ad80 unknown :-1 s=NONE pgs=0 cs=0 l=1 rev1=0 rx=0 tx=0).connect
2024-04-16T01:50:41.498 INFO:teuthology.orchestra.run.smithi046.stderr:/usr/bin/ceph:
2024-04-16T01:50:41.498+0000 7fd11d82e700 1 -- --> [v2:172.21.15.46:3300/0,v1:172.21.15.46:6789/0] -- mon_getmap magic: 0 v1 -- 0x7fd11810b270 con 0x7fd1180fbed0
2024-04-16T01:50:41.498 INFO:teuthology.orchestra.run.smithi046.stderr:/usr/bin/ceph:
2024-04-16T01:50:41.498+0000 7fd116ffd700 1 --2- >> [v2:172.21.15.46:3300/0,v1:172.21.15.46:6789/0] conn(0x7fd1180fbed0 0x7fd11810ad80 unknown :-1 s=BANNER_CONNECTING pgs=0 cs=0 l=1 rev1=0 rx=0 tx=0)._handle_peer_banner_payload supported=1 required=0
2024-04-16T01:50:41.498 INFO:teuthology.orchestra.run.smithi046.stderr:/usr/bin/ceph:
2024-04-16T01:50:41.499+0000 7fd116ffd700 1 --2- >> [v2:172.21.15.46:3300/0,v1:172.21.15.46:6789/0] conn(0x7fd1180fbed0 0x7fd11810ad80 unknown :-1 s=HELLO_CONNECTING pgs=0 cs=0 l=1 rev1=1 rx=0 tx=0).handle_hello peer v2:172.21.15.46:3300/0 says I am v2:172.21.15.46:50730/0 (socket says 172.21.15.46:50730)
2024-04-16T01:50:41.498 INFO:teuthology.orchestra.run.smithi046.stderr:/usr/bin/ceph:
2024-04-16T01:50:41.499+0000 7fd116ffd700 1 -- 172.21.15.46:0/2029389302 learned_addr learned my addr 172.21.15.46:0/2029389302 (peer_addr_for_me v2:172.21.15.46:0/0)
2024-04-16T01:50:41.498 INFO:teuthology.orchestra.run.smithi046.stderr:/usr/bin/ceph:
2024-04-16T01:50:41.499+0000 7fd116ffd700 1 -- 172.21.15.46:0/2029389302 --> [v2:172.21.15.46:3300/0,v1:172.21.15.46:6789/0] -- mon_subscribe({config=0+,monmap=0+}) v3 -- 0x7fd108009370 con 0x7fd1180fbed0
2024-04-16T01:50:41.498 INFO:teuthology.orchestra.run.smithi046.stderr:/usr/bin/ceph:
2024-04-16T01:50:41.499+0000 7fd116ffd700 1 --2- 172.21.15.46:0/2029389302 >> [v2:172.21.15.46:3300/0,v1:172.21.15.46:6789/0] conn(0x7fd1180fbed0 0x7fd11810ad80 secure :-1 s=READY pgs=64 cs=0 l=1 rev1=1 rx=0x7fd108002f40 tx=0x7fd1080090f0).ready entity=mon.0 client_cookie=0 server_cookie=0 in_seq=0 out_seq=0
2024-04-16T01:50:41.498 INFO:teuthology.orchestra.run.smithi046.stderr:/usr/bin/ceph:
2024-04-16T01:50:41.499+0000 7fd0fffff700 1 -- 172.21.15.46:0/2029389302 <== mon.0 v2:172.21.15.46:3300/0 1 ==== mon_map magic: 0 v1 ==== 229+0+0 (secure 0 0 0) 0x7fd10801a590 con 0x7fd1180fbed0
2024-04-16T01:50:41.498 INFO:teuthology.orchestra.run.smithi046.stderr:/usr/bin/ceph:
2024-04-16T01:50:41.499+0000 7fd0fffff700 1 -- 172.21.15.46:0/2029389302 <== mon.0 v2:172.21.15.46:3300/0 2 ==== config(25 keys) v1 ==== 1046+0+0 (secure 0 0 0) 0x7fd10801ab80 con 0x7fd1180fbed0
2024-04-16T01:50:41.499 INFO:teuthology.orchestra.run.smithi046.stderr:/usr/bin/ceph:
2024-04-16T01:50:41.499+0000 7fd11d82e700 1 -- 172.21.15.46:0/2029389302 --> [v2:172.21.15.46:3300/0,v1:172.21.15.46:6789/0] -- mon_subscribe({mgrmap=0+}) v3 -- 0x7fd11810b470 con 0x7fd1180fbed0
2024-04-16T01:50:41.499 INFO:teuthology.orchestra.run.smithi046.stderr:/usr/bin/ceph:
2024-04-16T01:50:41.499+0000 7fd0fffff700 1 -- 172.21.15.46:0/2029389302 <== mon.0 v2:172.21.15.46:3300/0 3 ==== mon_map magic: 0 v1 ==== 229+0+0 (secure 0 0 0) 0x7fd108022aa0 con 0x7fd1180fbed0
2024-04-16T01:50:41.499 INFO:teuthology.orchestra.run.smithi046.stderr:/usr/bin/ceph:
2024-04-16T01:50:41.499+0000 7fd11d82e700 1 -- 172.21.15.46:0/2029389302 --> [v2:172.21.15.46:3300/0,v1:172.21.15.46:6789/0] -- mon_subscribe({osdmap=0}) v3 -- 0x7fd11810b880 con 0x7fd1180fbed0
2024-04-16T01:50:41.499 INFO:teuthology.orchestra.run.smithi046.stderr:/usr/bin/ceph:
