2024-04-16T01:50:08.614+0000 7f3248451700 1 -- 172.21.15.46:0/2003707291 --> [v2:172.21.15.46:3300/0,v1:172.21.15.46:6789/0] -- mon_command({"prefix": "get_command_descriptions"} v 0) v1 -- 0x7f3240046ce0 con 0x7f32400fe660
2024-04-16T01:50:08.614 INFO:teuthology.orchestra.run.smithi046.stderr:/usr/bin/ceph:
2024-04-16T01:50:08.614+0000 7f32337fe700 1 --2- 172.21.15.46:0/2003707291 >> [v2:172.21.15.46:6800/2981420863,v1:172.21.15.46:6801/2981420863] conn(0x7f322c032610 0x7f322c034ad0 unknown :-1 s=NONE pgs=0 cs=0 l=1 rev1=0 rx=0 tx=0).connect
2024-04-16T01:50:08.614 INFO:teuthology.orchestra.run.smithi046.stderr:/usr/bin/ceph:
2024-04-16T01:50:08.614+0000 7f32337fe700 1 -- 172.21.15.46:0/2003707291 <== mon.0 v2:172.21.15.46:3300/0 5 ==== osd_map(1..1 src has 1..1) v4 ==== 721+0+0 (secure 0 0 0) 0x7f32340446b0 con 0x7f32400fe660
2024-04-16T01:50:08.614 INFO:teuthology.orchestra.run.smithi046.stderr:/usr/bin/ceph:
2024-04-16T01:50:08.615+0000 7f32459ec700 1 --2- 172.21.15.46:0/2003707291 >> [v2:172.21.15.46:6800/2981420863,v1:172.21.15.46:6801/2981420863] conn(0x7f322c032610 0x7f322c034ad0 unknown :-1 s=BANNER_CONNECTING pgs=0 cs=0 l=1 rev1=0 rx=0 tx=0)._handle_peer_banner_payload supported=1 required=0
2024-04-16T01:50:08.614 INFO:teuthology.orchestra.run.smithi046.stderr:/usr/bin/ceph:
2024-04-16T01:50:08.615+0000 7f32459ec700 1 --2- 172.21.15.46:0/2003707291 >> [v2:172.21.15.46:6800/2981420863,v1:172.21.15.46:6801/2981420863] conn(0x7f322c032610 0x7f322c034ad0 secure :-1 s=READY pgs=7 cs=0 l=1 rev1=1 rx=0x7f323c009780 tx=0x7f323c006cc0).ready entity=mgr.14100 client_cookie=0 server_cookie=0 in_seq=0 out_seq=0
2024-04-16T01:50:08.616 INFO:teuthology.orchestra.run.smithi046.stderr:/usr/bin/ceph:
2024-04-16T01:50:08.619+0000 7f32337fe700 1 -- 172.21.15.46:0/2003707291 <== mon.0 v2:172.21.15.46:3300/0 6 ==== mon_command_ack([{"prefix": "get_command_descriptions"}]=0 v0) v1 ==== 72+0+163658 (secure 0 0 0) 0x7f323402bd20 con 0x7f32400fe660
2024-04-16T01:50:08.828 INFO:teuthology.orchestra.run.smithi046.stderr:/usr/bin/ceph:
2024-04-16T01:50:08.830+0000 7f3248451700 1 -- 172.21.15.46:0/2003707291 --> [v2:172.21.15.46:3300/0,v1:172.21.15.46:6789/0] -- mon_command({"prefix": "mgr module enable", "module": "cephadm"} v 0) v1 -- 0x7f32401058a0 con 0x7f32400fe660
2024-04-16T01:50:08.880 INFO:teuthology.orchestra.run.smithi046.stderr:/usr/bin/ceph:
2024-04-16T01:50:08.883+0000 7f32337fe700 1 -- 172.21.15.46:0/2003707291 <== mon.0 v2:172.21.15.46:3300/0 7 ==== mgrmap(e 5) v1 ==== 38632+0+0 (secure 0 0 0) 0x7f323402b350 con 0x7f32400fe660
2024-04-16T01:50:08.881 INFO:teuthology.orchestra.run.smithi046.stderr:/usr/bin/ceph:
2024-04-16T01:50:08.884+0000 7f32337fe700 1 -- 172.21.15.46:0/2003707291 <== mon.0 v2:172.21.15.46:3300/0 8 ==== mon_command_ack([{"prefix": "mgr module enable", "module": "cephadm"}]=0 v5) v1 ==== 86+0+0 (secure 0 0 0) 0x7f3234021940 con 0x7f32400fe660
2024-04-16T01:50:08.885 INFO:teuthology.orchestra.run.smithi046.stderr:/usr/bin/ceph:
2024-04-16T01:50:08.887+0000 7f3248451700 1 -- 172.21.15.46:0/2003707291 >> [v2:172.21.15.46:6800/2981420863,v1:172.21.15.46:6801/2981420863] conn(0x7f322c032610 msgr2=0x7f322c034ad0 secure :-1 s=STATE_CONNECTION_ESTABLISHED l=1).mark_down
2024-04-16T01:50:08.885 INFO:teuthology.orchestra.run.smithi046.stderr:/usr/bin/ceph:
2024-04-16T01:50:08.887+0000 7f3248451700 1 --2- 172.21.15.46:0/2003707291 >> [v2:172.21.15.46:6800/2981420863,v1:172.21.15.46:6801/2981420863] conn(0x7f322c032610 0x7f322c034ad0 secure :-1 s=READY pgs=7 cs=0 l=1 rev1=1 rx=0x7f323c009780 tx=0x7f323c006cc0).stop
2024-04-16T01:50:08.885 INFO:teuthology.orchestra.run.smithi046.stderr:/usr/bin/ceph:
2024-04-16T01:50:08.887+0000 7f3248451700 1 -- 172.21.15.46:0/2003707291 >> [v2:172.21.15.46:3300/0,v1:172.21.15.46:6789/0] conn(0x7f32400fe660 msgr2=0x7f324010bda0 secure :-1 s=STATE_CONNECTION_ESTABLISHED l=1).mark_down
2024-04-16T01:50:08.885 INFO:teuthology.orchestra.run.smithi046.stderr:/usr/bin/ceph:
2024-04-16T01:50:08.887+0000 7f3248451700 1 --2- 172.21.15.46:0/2003707291 >> [v2:172.21.15.46:3300/0,v1:172.21.15.46:6789/0] conn(0x7f32400fe660 0x7f324010bda0 secure :-1 s=READY pgs=19 cs=0 l=1 rev1=1 rx=0x7f3234002f40 tx=0x7f32340090f0).stop
2024-04-16T01:50:08.885 INFO:teuthology.orchestra.run.smithi046.stderr:/usr/bin/ceph:
2024-04-16T01:50:08.887+0000 7f3248451700 1 -- 172.21.15.46:0/2003707291 shutdown_connections
2024-04-16T01:50:08.885 INFO:teuthology.orchestra.run.smithi046.stderr:/usr/bin/ceph:
2024-04-16T01:50:08.887+0000 7f3248451700 1 --2- 172.21.15.46:0/2003707291 >> [v2:172.21.15.46:6800/2981420863,v1:172.21.15.46:6801/2981420863] conn(0x7f322c032610 0x7f322c034ad0 unknown :-1 s=CLOSED pgs=7 cs=0 l=1 rev1=1 rx=0 tx=0).stop
2024-04-16T01:50:08.886 INFO:teuthology.orchestra.run.smithi046.stderr:/usr/bin/ceph:
2024-04-16T01:50:08.887+0000 7f3248451700 1 --2- 172.21.15.46:0/2003707291 >> [v2:172.21.15.46:3300/0,v1:172.21.15.46:6789/0] conn(0x7f32400fe660 0x7f324010bda0 unknown :-1 s=CLOSED pgs=19 cs=0 l=1 rev1=1 rx=0 tx=0).stop
2024-04-16T01:50:08.886 INFO:teuthology.orchestra.run.smithi046.stderr:/usr/bin/ceph:
2024-04-16T01:50:08.887+0000 7f3248451700 1 -- 172.21.15.46:0/2003707291 >> 172.21.15.46:0/2003707291 conn(0x7f32400f6e20 msgr2=0x7f3240100450 unknown :-1 s=STATE_NONE l=0).mark_down
2024-04-16T01:50:08.886 INFO:teuthology.orchestra.run.smithi046.stderr:/usr/bin/ceph:
2024-04-16T01:50:08.887+0000 7f3248451700 1 -- 172.21.15.46:0/2003707291 shutdown_connections
2024-04-16T01:50:08.886 INFO:teuthology.orchestra.run.smithi046.stderr:/usr/bin/ceph:
2024-04-16T01:50:08.887+0000 7f3248451700 1 -- 172.21.15.46:0/2003707291 wait complete.
2024-04-16T01:50:09.262 INFO:journalctl@ceph.mon.smithi046.smithi046.stdout:Apr 16 01:50:08 smithi046 ceph-7e6c24a8-fb93-11ee-bc8f-c7b262605968-mon-smithi046[39757]: audit
2024-04-16T01:50:08.832129+0000 mon.smithi046 (mon.0) 26 : audit [INF] from='client.? 172.21.15.46:0/2003707291' entity='client.admin' cmd=[{"prefix": "mgr module enable", "module": "cephadm"}]: dispatch
2024-04-16T01:50:10.080 INFO:teuthology.orchestra.run.smithi046.stderr:/usr/bin/ceph:
2024-04-16T01:50:10.083+0000 7f5629c1c700 1 Processor -- start
2024-04-16T01:50:10.081 INFO:teuthology.orchestra.run.smithi046.stderr:/usr/bin/ceph:
2024-04-16T01:50:10.083+0000 7f5629c1c700 1 -- start start
2024-04-16T01:50:10.083 INFO:teuthology.orchestra.run.smithi046.stderr:/usr/bin/ceph:
2024-04-16T01:50:10.083+0000 7f5629c1c700 1 --2- >> [v2:172.21.15.46:3300/0,v1:172.21.15.46:6789/0] conn(0x7f5624071c00 0x7f56240ffc90 unknown :-1 s=NONE pgs=0 cs=0 l=0 rev1=0 rx=0 tx=0).connect
2024-04-16T01:50:10.083 INFO:teuthology.orchestra.run.smithi046.stderr:/usr/bin/ceph:
2024-04-16T01:50:10.083+0000 7f5629c1c700 1 -- --> [v2:172.21.15.46:3300/0,v1:172.21.15.46:6789/0] -- mon_getmap magic: 0 v1 -- 0x7f5624100180 con 0x7f5624071c00
2024-04-16T01:50:10.083 INFO:teuthology.orchestra.run.smithi046.stderr:/usr/bin/ceph:
2024-04-16T01:50:10.083+0000 7f56237fe700 1 --2- >> [v2:172.21.15.46:3300/0,v1:172.21.15.46:6789/0] conn(0x7f5624071c00 0x7f56240ffc90 unknown :-1 s=BANNER_CONNECTING pgs=0 cs=0 l=0 rev1=0 rx=0 tx=0)._handle_peer_banner_payload supported=1 required=0
2024-04-16T01:50:10.084 INFO:teuthology.orchestra.run.smithi046.stderr:/usr/bin/ceph:
2024-04-16T01:50:10.083+0000 7f56237fe700 1 --2- >> [v2:172.21.15.46:3300/0,v1:172.21.15.46:6789/0] conn(0x7f5624071c00 0x7f56240ffc90 unknown :-1 s=HELLO_CONNECTING pgs=0 cs=0 l=0 rev1=1 rx=0 tx=0).handle_hello peer v2:172.21.15.46:3300/0 says I am v2:172.21.15.46:51232/0 (socket says 172.21.15.46:51232)
2024-04-16T01:50:10.084 INFO:teuthology.orchestra.run.smithi046.stderr:/usr/bin/ceph:
2024-04-16T01:50:10.083+0000 7f56237fe700 1 -- 172.21.15.46:0/160123702 learned_addr learned my addr 172.21.15.46:0/160123702 (peer_addr_for_me v2:172.21.15.46:0/0)
2024-04-16T01:50:10.084 INFO:teuthology.orchestra.run.smithi046.stderr:/usr/bin/ceph:
2024-04-16T01:50:10.083+0000 7f56237fe700 1 -- 172.21.15.46:0/160123702 --> [v2:172.21.15.46:3300/0,v1:172.21.15.46:6789/0] -- mon_subscribe({config=0+,monmap=0+}) v3 -- 0x7f56241002c0 con 0x7f5624071c00
2024-04-16T01:50:10.084 INFO:teuthology.orchestra.run.smithi046.stderr:/usr/bin/ceph:
2024-04-16T01:50:10.084+0000 7f56237fe700 1 --2- 172.21.15.46:0/160123702 >> [v2:172.21.15.46:3300/0,v1:172.21.15.46:6789/0] conn(0x7f5624071c00 0x7f56240ffc90 secure :-1 s=READY pgs=22 cs=0 l=1 rev1=1 rx=0x7f5614009730 tx=0x7f56140090f0).ready entity=mon.0 client_cookie=1ff7b43dfed6365d server_cookie=0 in_seq=0 out_seq=0
2024-04-16T01:50:10.084 INFO:teuthology.orchestra.run.smithi046.stderr:/usr/bin/ceph:
2024-04-16T01:50:10.084+0000 7f56227fc700 1 -- 172.21.15.46:0/160123702 <== mon.0 v2:172.21.15.46:3300/0 1 ==== mon_map magic: 0 v1 ==== 229+0+0 (secure 0 0 0) 0x7f561400b6e0 con 0x7f5624071c00
2024-04-16T01:50:10.084 INFO:teuthology.orchestra.run.smithi046.stderr:/usr/bin/ceph:
2024-04-16T01:50:10.084+0000 7f56227fc700 1 -- 172.21.15.46:0/160123702 <== mon.0 v2:172.21.15.46:3300/0 2 ==== config(25 keys) v1 ==== 982+0+0 (secure 0 0 0) 0x7f561400bc90 con 0x7f5624071c00
2024-04-16T01:50:10.084 INFO:teuthology.orchestra.run.smithi046.stderr:/usr/bin/ceph:
2024-04-16T01:50:10.084+0000 7f56227fc700 1 -- 172.21.15.46:0/160123702 <== mon.0 v2:172.21.15.46:3300/0 3 ==== mon_map magic: 0 v1 ==== 229+0+0 (secure 0 0 0) 0x7f5614011c70 con 0x7f5624071c00
2024-04-16T01:50:10.084 INFO:teuthology.orchestra.run.smithi046.stderr:/usr/bin/ceph:
2024-04-16T01:50:10.084+0000 7f5629c1c700 1 -- 172.21.15.46:0/160123702 >> [v2:172.21.15.46:3300/0,v1:172.21.15.46:6789/0] conn(0x7f5624071c00 msgr2=0x7f56240ffc90 secure :-1 s=STATE_CONNECTION_ESTABLISHED l=1).mark_down
2024-04-16T01:50:10.084 INFO:teuthology.orchestra.run.smithi046.stderr:/usr/bin/ceph:
2024-04-16T01:50:10.084+0000 7f5629c1c700 1 --2- 172.21.15.46:0/160123702 >> [v2:172.21.15.46:3300/0,v1:172.21.15.46:6789/0] conn(0x7f5624071c00 0x7f56240ffc90 secure :-1 s=READY pgs=22 cs=0 l=1 rev1=1 rx=0x7f5614009730 tx=0x7f56140090f0).stop
2024-04-16T01:50:10.084 INFO:teuthology.orchestra.run.smithi046.stderr:/usr/bin/ceph:
2024-04-16T01:50:10.084+0000 7f5629c1c700 1 -- 172.21.15.46:0/160123702 shutdown_connections
2024-04-16T01:50:10.084 INFO:teuthology.orchestra.run.smithi046.stderr:/usr/bin/ceph:
2024-04-16T01:50:10.084+0000 7f5629c1c700 1 --2- 172.21.15.46:0/160123702 >> [v2:172.21.15.46:3300/0,v1:172.21.15.46:6789/0] conn(0x7f5624071c00 0x7f56240ffc90 unknown :-1 s=CLOSED pgs=22 cs=0 l=1 rev1=1 rx=0 tx=0).stop
2024-04-16T01:50:10.084 INFO:teuthology.orchestra.run.smithi046.stderr:/usr/bin/ceph:
2024-04-16T01:50:10.084+0000 7f5629c1c700 1 -- 172.21.15.46:0/160123702 >> 172.21.15.46:0/160123702 conn(0x7f56240f76f0 msgr2=0x7f56240f9b10 unknown :-1 s=STATE_NONE l=0).mark_down
2024-04-16T01:50:10.084 INFO:teuthology.orchestra.run.smithi046.stderr:/usr/bin/ceph:
2024-04-16T01:50:10.084+0000 7f5629c1c700 1 -- 172.21.15.46:0/160123702 shutdown_connections
2024-04-16T01:50:10.084 INFO:teuthology.orchestra.run.smithi046.stderr:/usr/bin/ceph:
2024-04-16T01:50:10.084+0000 7f5629c1c700 1 -- 172.21.15.46:0/160123702 wait complete.
2024-04-16T01:50:10.085 INFO:teuthology.orchestra.run.smithi046.stderr:/usr/bin/ceph:
2024-04-16T01:50:10.085+0000 7f5629c1c700 1 Processor -- start
2024-04-16T01:50:10.085 INFO:teuthology.orchestra.run.smithi046.stderr:/usr/bin/ceph:
2024-04-16T01:50:10.085+0000 7f5629c1c700 1 -- start start
2024-04-16T01:50:10.085 INFO:teuthology.orchestra.run.smithi046.stderr:/usr/bin/ceph:
2024-04-16T01:50:10.086+0000 7f5629c1c700 1 --2- >> [v2:172.21.15.46:3300/0,v1:172.21.15.46:6789/0] conn(0x7f5624071c00 0x7f56240fd710 unknown :-1 s=NONE pgs=0 cs=0 l=1 rev1=0 rx=0 tx=0).connect
2024-04-16T01:50:10.085 INFO:teuthology.orchestra.run.smithi046.stderr:/usr/bin/ceph:
2024-04-16T01:50:10.086+0000 7f5629c1c700 1 -- --> [v2:172.21.15.46:3300/0,v1:172.21.15.46:6789/0] -- mon_getmap magic: 0 v1 -- 0x7f56240fbb90 con 0x7f5624071c00
2024-04-16T01:50:10.085 INFO:teuthology.orchestra.run.smithi046.stderr:/usr/bin/ceph:
2024-04-16T01:50:10.086+0000 7f56237fe700 1 --2- >> [v2:172.21.15.46:3300/0,v1:172.21.15.46:6789/0] conn(0x7f5624071c00 0x7f56240fd710 unknown :-1 s=BANNER_CONNECTING pgs=0 cs=0 l=1 rev1=0 rx=0 tx=0)._handle_peer_banner_payload supported=1 required=0
2024-04-16T01:50:10.085 INFO:teuthology.orchestra.run.smithi046.stderr:/usr/bin/ceph:
2024-04-16T01:50:10.086+0000 7f56237fe700 1 --2- >> [v2:172.21.15.46:3300/0,v1:172.21.15.46:6789/0] conn(0x7f5624071c00 0x7f56240fd710 unknown :-1 s=HELLO_CONNECTING pgs=0 cs=0 l=1 rev1=1 rx=0 tx=0).handle_hello peer v2:172.21.15.46:3300/0 says I am v2:172.21.15.46:51240/0 (socket says 172.21.15.46:51240)
2024-04-16T01:50:10.085 INFO:teuthology.orchestra.run.smithi046.stderr:/usr/bin/ceph:
2024-04-16T01:50:10.086+0000 7f56237fe700 1 -- 172.21.15.46:0/1873056000 learned_addr learned my addr 172.21.15.46:0/1873056000 (peer_addr_for_me v2:172.21.15.46:0/0)
2024-04-16T01:50:10.085 INFO:teuthology.orchestra.run.smithi046.stderr:/usr/bin/ceph:
2024-04-16T01:50:10.086+0000 7f56237fe700 1 -- 172.21.15.46:0/1873056000 --> [v2:172.21.15.46:3300/0,v1:172.21.15.46:6789/0] -- mon_subscribe({config=0+,monmap=0+}) v3 -- 0x7f5614009370 con 0x7f5624071c00
2024-04-16T01:50:10.085 INFO:teuthology.orchestra.run.smithi046.stderr:/usr/bin/ceph:
2024-04-16T01:50:10.086+0000 7f56237fe700 1 --2- 172.21.15.46:0/1873056000 >> [v2:172.21.15.46:3300/0,v1:172.21.15.46:6789/0] conn(0x7f5624071c00 0x7f56240fd710 secure :-1 s=READY pgs=23 cs=0 l=1 rev1=1 rx=0x7f5614011870 tx=0x7f56140090f0).ready entity=mon.0 client_cookie=0 server_cookie=0 in_seq=0 out_seq=0
2024-04-16T01:50:10.086 INFO:teuthology.orchestra.run.smithi046.stderr:/usr/bin/ceph:
2024-04-16T01:50:10.086+0000 7f5620ff9700 1 -- 172.21.15.46:0/1873056000 <== mon.0 v2:172.21.15.46:3300/0 1 ==== mon_map magic: 0 v1 ==== 229+0+0 (secure 0 0 0) 0x7f5614011400 con 0x7f5624071c00
2024-04-16T01:50:10.086 INFO:teuthology.orchestra.run.smithi046.stderr:/usr/bin/ceph:
2024-04-16T01:50:10.086+0000 7f5620ff9700 1 -- 172.21.15.46:0/1873056000 <== mon.0 v2:172.21.15.46:3300/0 2 ==== config(25 keys) v1 ==== 982+0+0 (secure 0 0 0) 0x7f5614011a90 con 0x7f5624071c00
2024-04-16T01:50:10.086 INFO:teuthology.orchestra.run.smithi046.stderr:/usr/bin/ceph:
2024-04-16T01:50:10.086+0000 7f5629c1c700 1 -- 172.21.15.46:0/1873056000 --> [v2:172.21.15.46:3300/0,v1:172.21.15.46:6789/0] -- mon_subscribe({mgrmap=0+}) v3 -- 0x7f56240fbd30 con 0x7f5624071c00
2024-04-16T01:50:10.086 INFO:teuthology.orchestra.run.smithi046.stderr:/usr/bin/ceph:
2024-04-16T01:50:10.086+0000 7f5620ff9700 1 -- 172.21.15.46:0/1873056000 <== mon.0 v2:172.21.15.46:3300/0 3 ==== mon_map magic: 0 v1 ==== 229+0+0 (secure 0 0 0) 0x7f561401a9f0 con 0x7f5624071c00
2024-04-16T01:50:10.086 INFO:teuthology.orchestra.run.smithi046.stderr:/usr/bin/ceph:
2024-04-16T01:50:10.086+0000 7f5629c1c700 1 -- 172.21.15.46:0/1873056000 --> [v2:172.21.15.46:3300/0,v1:172.21.15.46:6789/0] -- mon_subscribe({osdmap=0}) v3 -- 0x7f56240fc140 con 0x7f5624071c00
2024-04-16T01:50:10.086 INFO:teuthology.orchestra.run.smithi046.stderr:/usr/bin/ceph:
2024-04-16T01:50:10.087+0000 7f5620ff9700 1 -- 172.21.15.46:0/1873056000 <== mon.0 v2:172.21.15.46:3300/0 4 ==== mgrmap(e 5) v1 ==== 38632+0+0 (secure 0 0 0) 0x7f561401ac60 con 0x7f5624071c00
2024-04-16T01:50:10.086 INFO:teuthology.orchestra.run.smithi046.stderr:/usr/bin/ceph:
2024-04-16T01:50:10.087+0000 7f5620ff9700 1 --2- 172.21.15.46:0/1873056000 >> [v2:172.21.15.46:6800/2981420863,v1:172.21.15.46:6801/2981420863] conn(0x7f560c032630 0x7f560c034af0 unknown :-1 s=NONE pgs=0 cs=0 l=1 rev1=0 rx=0 tx=0).connect
2024-04-16T01:50:10.086 INFO:teuthology.orchestra.run.smithi046.stderr:/usr/bin/ceph:
2024-04-16T01:50:10.087+0000 7f5620ff9700 1 -- 172.21.15.46:0/1873056000 <== mon.0 v2:172.21.15.46:3300/0 5 ==== osd_map(1..1 src has 1..1) v4 ==== 721+0+0 (secure 0 0 0) 0x7f5614045570 con 0x7f5624071c00
2024-04-16T01:50:10.086 INFO:teuthology.orchestra.run.smithi046.stderr:/usr/bin/ceph:
2024-04-16T01:50:10.087+0000 7f5622ffd700 1 -- 172.21.15.46:0/1873056000 >> [v2:172.21.15.46:6800/2981420863,v1:172.21.15.46:6801/2981420863] conn(0x7f560c032630 msgr2=0x7f560c034af0 unknown :-1 s=STATE_CONNECTING_RE l=1).process reconnect failed to v2:172.21.15.46:6800/2981420863
2024-04-16T01:50:10.086 INFO:teuthology.orchestra.run.smithi046.stderr:/usr/bin/ceph:
2024-04-16T01:50:10.087+0000 7f5622ffd700 1 --2- 172.21.15.46:0/1873056000 >> [v2:172.21.15.46:6800/2981420863,v1:172.21.15.46:6801/2981420863] conn(0x7f560c032630 0x7f560c034af0 unknown :-1 s=START_CONNECT pgs=0 cs=0 l=1 rev1=0 rx=0 tx=0)._fault waiting 0.200000
2024-04-16T01:50:10.086 INFO:teuthology.orchestra.run.smithi046.stderr:/usr/bin/ceph:
2024-04-16T01:50:10.087+0000 7f5629c1c700 1 -- 172.21.15.46:0/1873056000 --> [v2:172.21.15.46:3300/0,v1:172.21.15.46:6789/0] -- mon_command({"prefix": "get_command_descriptions"} v 0) v1 -- 0x7f562405a310 con 0x7f5624071c00
2024-04-16T01:50:10.089 INFO:teuthology.orchestra.run.smithi046.stderr:/usr/bin/ceph:
2024-04-16T01:50:10.092+0000 7f5620ff9700 1 -- 172.21.15.46:0/1873056000 <== mon.0 v2:172.21.15.46:3300/0 6 ==== mon_command_ack([{"prefix": "get_command_descriptions"}]=0 v0) v1 ==== 72+0+163658 (secure 0 0 0) 0x7f561401e020 con 0x7f5624071c00
2024-04-16T01:50:10.285 INFO:teuthology.orchestra.run.smithi046.stderr:/usr/bin/ceph:
2024-04-16T01:50:10.288+0000 7f5622ffd700 1 -- 172.21.15.46:0/1873056000 >> [v2:172.21.15.46:6800/2981420863,v1:172.21.15.46:6801/2981420863] conn(0x7f560c032630 msgr2=0x7f560c034af0 unknown :-1 s=STATE_CONNECTING_RE l=1).process reconnect failed to v2:172.21.15.46:6800/2981420863
2024-04-16T01:50:10.286 INFO:teuthology.orchestra.run.smithi046.stderr:/usr/bin/ceph:
2024-04-16T01:50:10.288+0000 7f5622ffd700 1 --2- 172.21.15.46:0/1873056000 >> [v2:172.21.15.46:6800/2981420863,v1:172.21.15.46:6801/2981420863] conn(0x7f560c032630 0x7f560c034af0 unknown :-1 s=START_CONNECT pgs=0 cs=0 l=1 rev1=0 rx=0 tx=0)._fault waiting 0.400000
2024-04-16T01:50:10.302 INFO:journalctl@ceph.mon.smithi046.smithi046.stdout:Apr 16 01:50:09 smithi046 ceph-7e6c24a8-fb93-11ee-bc8f-c7b262605968-mon-smithi046[39757]: audit
2024-04-16T01:50:08.885429+0000 mon.smithi046 (mon.0) 27 : audit [INF] from='client.? 172.21.15.46:0/2003707291' entity='client.admin' cmd='[{"prefix": "mgr module enable", "module": "cephadm"}]': finished
2024-04-16T01:50:10.302 INFO:journalctl@ceph.mon.smithi046.smithi046.stdout:Apr 16 01:50:09 smithi046 ceph-7e6c24a8-fb93-11ee-bc8f-c7b262605968-mon-smithi046[39757]: cluster
2024-04-16T01:50:08.885481+0000 mon.smithi046 (mon.0) 28 : cluster [DBG] mgrmap e5: smithi046.rskjkm(active, since 11s)
2024-04-16T01:50:10.349 INFO:teuthology.orchestra.run.smithi046.stderr:/usr/bin/ceph:
2024-04-16T01:50:10.351+0000 7f5629c1c700 1 -- 172.21.15.46:0/1873056000 --> [v2:172.21.15.46:3300/0,v1:172.21.15.46:6789/0] -- mon_command({"prefix": "mgr stat"} v 0) v1 -- 0x7f5624105b90 con 0x7f5624071c00
2024-04-16T01:50:10.349 INFO:teuthology.orchestra.run.smithi046.stderr:/usr/bin/ceph:
2024-04-16T01:50:10.351+0000 7f5620ff9700 1 -- 172.21.15.46:0/1873056000 <== mon.0 v2:172.21.15.46:3300/0 7 ==== mon_command_ack([{"prefix": "mgr stat"}]=0 v5) v1 ==== 56+0+103 (secure 0 0 0) 0x7f5614018d60 con 0x7f5624071c00
2024-04-16T01:50:10.349 INFO:teuthology.orchestra.run.smithi046.stderr:/usr/bin/ceph: {
2024-04-16T01:50:10.349 INFO:teuthology.orchestra.run.smithi046.stderr:/usr/bin/ceph: "epoch": 5,
2024-04-16T01:50:10.350 INFO:teuthology.orchestra.run.smithi046.stderr:/usr/bin/ceph: "available": true,
2024-04-16T01:50:10.350 INFO:teuthology.orchestra.run.smithi046.stderr:/usr/bin/ceph: "active_name": "smithi046.rskjkm",
2024-04-16T01:50:10.350 INFO:teuthology.orchestra.run.smithi046.stderr:/usr/bin/ceph: "num_standby": 0
2024-04-16T01:50:10.350 INFO:teuthology.orchestra.run.smithi046.stderr:/usr/bin/ceph: }
2024-04-16T01:50:10.351 INFO:teuthology.orchestra.run.smithi046.stderr:/usr/bin/ceph:
2024-04-16T01:50:10.353+0000 7f5629c1c700 1 -- 172.21.15.46:0/1873056000 >> [v2:172.21.15.46:6800/2981420863,v1:172.21.15.46:6801/2981420863] conn(0x7f560c032630 msgr2=0x7f560c034af0 unknown :-1 s=STATE_CONNECTING l=1).mark_down
2024-04-16T01:50:10.351 INFO:teuthology.orchestra.run.smithi046.stderr:/usr/bin/ceph:
2024-04-16T01:50:10.353+0000 7f5629c1c700 1 --2- 172.21.15.46:0/1873056000 >> [v2:172.21.15.46:6800/2981420863,v1:172.21.15.46:6801/2981420863] conn(0x7f560c032630 0x7f560c034af0 unknown :-1 s=START_CONNECT pgs=0 cs=0 l=1 rev1=0 rx=0 tx=0).stop
2024-04-16T01:50:10.351 INFO:teuthology.orchestra.run.smithi046.stderr:/usr/bin/ceph:
2024-04-16T01:50:10.353+0000 7f5629c1c700 1 -- 172.21.15.46:0/1873056000 >> [v2:172.21.15.46:3300/0,v1:172.21.15.46:6789/0] conn(0x7f5624071c00 msgr2=0x7f56240fd710 secure :-1 s=STATE_CONNECTION_ESTABLISHED l=1).mark_down
2024-04-16T01:50:10.351 INFO:teuthology.orchestra.run.smithi046.stderr:/usr/bin/ceph:
2024-04-16T01:50:10.353+0000 7f5629c1c700 1 --2- 172.21.15.46:0/1873056000 >> [v2:172.21.15.46:3300/0,v1:172.21.15.46:6789/0] conn(0x7f5624071c00 0x7f56240fd710 secure :-1 s=READY pgs=23 cs=0 l=1 rev1=1 rx=0x7f5614011870 tx=0x7f56140090f0).stop
2024-04-16T01:50:10.351 INFO:teuthology.orchestra.run.smithi046.stderr:/usr/bin/ceph:
2024-04-16T01:50:10.353+0000 7f5629c1c700 1 -- 172.21.15.46:0/1873056000 shutdown_connections
2024-04-16T01:50:10.352 INFO:teuthology.orchestra.run.smithi046.stderr:/usr/bin/ceph:
2024-04-16T01:50:10.353+0000 7f5629c1c700 1 --2- 172.21.15.46:0/1873056000 >> [v2:172.21.15.46:6800/2981420863,v1:172.21.15.46:6801/2981420863] conn(0x7f560c032630 0x7f560c034af0 unknown :-1 s=CLOSED pgs=0 cs=0 l=1 rev1=0 rx=0 tx=0).stop
2024-04-16T01:50:10.352 INFO:teuthology.orchestra.run.smithi046.stderr:/usr/bin/ceph:
2024-04-16T01:50:10.353+0000 7f5629c1c700 1 --2- 172.21.15.46:0/1873056000 >> [v2:172.21.15.46:3300/0,v1:172.21.15.46:6789/0] conn(0x7f5624071c00 0x7f56240fd710 unknown :-1 s=CLOSED pgs=23 cs=0 l=1 rev1=1 rx=0 tx=0).stop
2024-04-16T01:50:10.352 INFO:teuthology.orchestra.run.smithi046.stderr:/usr/bin/ceph:
2024-04-16T01:50:10.353+0000 7f5629c1c700 1 -- 172.21.15.46:0/1873056000 >> 172.21.15.46:0/1873056000 conn(0x7f56240f76f0 msgr2=0x7f56240f91b0 unknown :-1 s=STATE_NONE l=0).mark_down
2024-04-16T01:50:10.352 INFO:teuthology.orchestra.run.smithi046.stderr:/usr/bin/ceph:
2024-04-16T01:50:10.353+0000 7f5629c1c700 1 -- 172.21.15.46:0/1873056000 shutdown_connections
2024-04-16T01:50:10.352 INFO:teuthology.orchestra.run.smithi046.stderr:/usr/bin/ceph:
2024-04-16T01:50:10.353+0000 7f5629c1c700 1 -- 172.21.15.46:0/1873056000 wait complete.
2024-04-16T01:50:10.993 INFO:teuthology.orchestra.run.smithi046.stderr:Waiting for the mgr to restart...
2024-04-16T01:50:10.993 INFO:teuthology.orchestra.run.smithi046.stderr:Waiting for mgr epoch 5...
2024-04-16T01:50:11.225 INFO:journalctl@ceph.mon.smithi046.smithi046.stdout:Apr 16 01:50:10 smithi046 ceph-7e6c24a8-fb93-11ee-bc8f-c7b262605968-mon-smithi046[39757]: audit
2024-04-16T01:50:10.352669+0000 mon.smithi046 (mon.0) 29 : audit [DBG] from='client.? 172.21.15.46:0/1873056000' entity='client.admin' cmd=[{"prefix": "mgr stat"}]: dispatch
2024-04-16T01:50:11.531 INFO:teuthology.orchestra.run.smithi046.stderr:/usr/bin/ceph:
2024-04-16T01:50:11.532+0000 7f02b0fe7700 1 Processor -- start
2024-04-16T01:50:11.531 INFO:teuthology.orchestra.run.smithi046.stderr:/usr/bin/ceph:
2024-04-16T01:50:11.533+0000 7f02b0fe7700 1 -- start start
2024-04-16T01:50:11.531 INFO:teuthology.orchestra.run.smithi046.stderr:/usr/bin/ceph:
2024-04-16T01:50:11.533+0000 7f02b0fe7700 1 --2- >> [v2:172.21.15.46:3300/0,v1:172.21.15.46:6789/0] conn(0x7f02ac071c60 0x7f02ac0ffc30 unknown :-1 s=NONE pgs=0 cs=0 l=0 rev1=0 rx=0 tx=0).connect
2024-04-16T01:50:11.532 INFO:teuthology.orchestra.run.smithi046.stderr:/usr/bin/ceph:
2024-04-16T01:50:11.533+0000 7f02b0fe7700 1 -- --> [v2:172.21.15.46:3300/0,v1:172.21.15.46:6789/0] -- mon_getmap magic: 0 v1 -- 0x7f02ac100120 con 0x7f02ac071c60
2024-04-16T01:50:11.532 INFO:teuthology.orchestra.run.smithi046.stderr:/usr/bin/ceph:
2024-04-16T01:50:11.533+0000 7f02aa59c700 1 --2- >> [v2:172.21.15.46:3300/0,v1:172.21.15.46:6789/0] conn(0x7f02ac071c60 0x7f02ac0ffc30 unknown :-1 s=BANNER_CONNECTING pgs=0 cs=0 l=0 rev1=0 rx=0 tx=0)._handle_peer_banner_payload supported=1 required=0
2024-04-16T01:50:11.532 INFO:teuthology.orchestra.run.smithi046.stderr:/usr/bin/ceph:
2024-04-16T01:50:11.533+0000 7f02aa59c700 1 --2- >> [v2:172.21.15.46:3300/0,v1:172.21.15.46:6789/0] conn(0x7f02ac071c60 0x7f02ac0ffc30 unknown :-1 s=HELLO_CONNECTING pgs=0 cs=0 l=0 rev1=1 rx=0 tx=0).handle_hello peer v2:172.21.15.46:3300/0 says I am v2:172.21.15.46:51250/0 (socket says 172.21.15.46:51250)
2024-04-16T01:50:11.532 INFO:teuthology.orchestra.run.smithi046.stderr:/usr/bin/ceph:
2024-04-16T01:50:11.533+0000 7f02aa59c700 1 -- 172.21.15.46:0/2843813516 learned_addr learned my addr 172.21.15.46:0/2843813516 (peer_addr_for_me v2:172.21.15.46:0/0)
2024-04-16T01:50:11.532 INFO:teuthology.orchestra.run.smithi046.stderr:/usr/bin/ceph:
2024-04-16T01:50:11.534+0000 7f02aa59c700 1 -- 172.21.15.46:0/2843813516 --> [v2:172.21.15.46:3300/0,v1:172.21.15.46:6789/0] -- mon_subscribe({config=0+,monmap=0+}) v3 -- 0x7f02ac100260 con 0x7f02ac071c60
2024-04-16T01:50:11.532 INFO:teuthology.orchestra.run.smithi046.stderr:/usr/bin/ceph:
2024-04-16T01:50:11.534+0000 7f02aa59c700 1 --2- 172.21.15.46:0/2843813516 >> [v2:172.21.15.46:3300/0,v1:172.21.15.46:6789/0] conn(0x7f02ac071c60 0x7f02ac0ffc30 secure :-1 s=READY pgs=24 cs=0 l=1 rev1=1 rx=0x7f029c009730 tx=0x7f029c0090f0).ready entity=mon.0 client_cookie=11413d9d5f63bb61 server_cookie=0 in_seq=0 out_seq=0
2024-04-16T01:50:11.532 INFO:teuthology.orchestra.run.smithi046.stderr:/usr/bin/ceph:
2024-04-16T01:50:11.534+0000 7f02a959a700 1 -- 172.21.15.46:0/2843813516 <== mon.0 v2:172.21.15.46:3300/0 1 ==== mon_map magic: 0 v1 ==== 229+0+0 (secure 0 0 0) 0x7f029c00b6e0 con 0x7f02ac071c60
2024-04-16T01:50:11.532 INFO:teuthology.orchestra.run.smithi046.stderr:/usr/bin/ceph:
2024-04-16T01:50:11.534+0000 7f02a959a700 1 -- 172.21.15.46:0/2843813516 <== mon.0 v2:172.21.15.46:3300/0 2 ==== config(25 keys) v1 ==== 982+0+0 (secure 0 0 0) 0x7f029c00bc90 con 0x7f02ac071c60
2024-04-16T01:50:11.532 INFO:teuthology.orchestra.run.smithi046.stderr:/usr/bin/ceph:
2024-04-16T01:50:11.534+0000 7f02a959a700 1 -- 172.21.15.46:0/2843813516 <== mon.0 v2:172.21.15.46:3300/0 3 ==== mon_map magic: 0 v1 ==== 229+0+0 (secure 0 0 0) 0x7f029c011c70 con 0x7f02ac071c60
2024-04-16T01:50:11.534 INFO:teuthology.orchestra.run.smithi046.stderr:/usr/bin/ceph:
2024-04-16T01:50:11.535+0000 7f02b0fe7700 1 -- 172.21.15.46:0/2843813516 >> [v2:172.21.15.46:3300/0,v1:172.21.15.46:6789/0] conn(0x7f02ac071c60 msgr2=0x7f02ac0ffc30 secure :-1 s=STATE_CONNECTION_ESTABLISHED l=1).mark_down
2024-04-16T01:50:11.534 INFO:teuthology.orchestra.run.smithi046.stderr:/usr/bin/ceph:
2024-04-16T01:50:11.535+0000 7f02b0fe7700 1 --2- 172.21.15.46:0/2843813516 >> [v2:172.21.15.46:3300/0,v1:172.21.15.46:6789/0] conn(0x7f02ac071c60 0x7f02ac0ffc30 secure :-1 s=READY pgs=24 cs=0 l=1 rev1=1 rx=0x7f029c009730 tx=0x7f029c0090f0).stop
2024-04-16T01:50:11.535 INFO:teuthology.orchestra.run.smithi046.stderr:/usr/bin/ceph:
2024-04-16T01:50:11.535+0000 7f02b0fe7700 1 -- 172.21.15.46:0/2843813516 shutdown_connections
2024-04-16T01:50:11.535 INFO:teuthology.orchestra.run.smithi046.stderr:/usr/bin/ceph:
2024-04-16T01:50:11.535+0000 7f02b0fe7700 1 --2- 172.21.15.46:0/2843813516 >> [v2:172.21.15.46:3300/0,v1:172.21.15.46:6789/0] conn(0x7f02ac071c60 0x7f02ac0ffc30 unknown :-1 s=CLOSED pgs=24 cs=0 l=1 rev1=1 rx=0 tx=0).stop
2024-04-16T01:50:11.535 INFO:teuthology.orchestra.run.smithi046.stderr:/usr/bin/ceph:
2024-04-16T01:50:11.535+0000 7f02b0fe7700 1 -- 172.21.15.46:0/2843813516 >> 172.21.15.46:0/2843813516 conn(0x7f02ac0f76f0 msgr2=0x7f02ac0f9b10 unknown :-1 s=STATE_NONE l=0).mark_down
2024-04-16T01:50:11.535 INFO:teuthology.orchestra.run.smithi046.stderr:/usr/bin/ceph:
2024-04-16T01:50:11.535+0000 7f02b0fe7700 1 -- 172.21.15.46:0/2843813516 shutdown_connections
2024-04-16T01:50:11.535 INFO:teuthology.orchestra.run.smithi046.stderr:/usr/bin/ceph:
2024-04-16T01:50:11.535+0000 7f02b0fe7700 1 -- 172.21.15.46:0/2843813516 wait complete.
2024-04-16T01:50:11.535 INFO:teuthology.orchestra.run.smithi046.stderr:/usr/bin/ceph:
2024-04-16T01:50:11.536+0000 7f02b0fe7700 1 Processor -- start
2024-04-16T01:50:11.535 INFO:teuthology.orchestra.run.smithi046.stderr:/usr/bin/ceph:
2024-04-16T01:50:11.536+0000 7f02b0fe7700 1 -- start start
2024-04-16T01:50:11.535 INFO:teuthology.orchestra.run.smithi046.stderr:/usr/bin/ceph:
2024-04-16T01:50:11.536+0000 7f02b0fe7700 1 --2- >> [v2:172.21.15.46:3300/0,v1:172.21.15.46:6789/0] conn(0x7f02ac071c60 0x7f02ac10be00 unknown :-1 s=NONE pgs=0 cs=0 l=1 rev1=0 rx=0 tx=0).connect
2024-04-16T01:50:11.535 INFO:teuthology.orchestra.run.smithi046.stderr:/usr/bin/ceph:
2024-04-16T01:50:11.536+0000 7f02b0fe7700 1 -- --> [v2:172.21.15.46:3300/0,v1:172.21.15.46:6789/0] -- mon_getmap magic: 0 v1 -- 0x7f02ac10c2f0 con 0x7f02ac071c60
2024-04-16T01:50:11.535 INFO:teuthology.orchestra.run.smithi046.stderr:/usr/bin/ceph:
2024-04-16T01:50:11.536+0000 7f02aa59c700 1 --2- >> [v2:172.21.15.46:3300/0,v1:172.21.15.46:6789/0] conn(0x7f02ac071c60 0x7f02ac10be00 unknown :-1 s=BANNER_CONNECTING pgs=0 cs=0 l=1 rev1=0 rx=0 tx=0)._handle_peer_banner_payload supported=1 required=0
2024-04-16T01:50:11.535 INFO:teuthology.orchestra.run.smithi046.stderr:/usr/bin/ceph:
2024-04-16T01:50:11.536+0000 7f02aa59c700 1 --2- >> [v2:172.21.15.46:3300/0,v1:172.21.15.46:6789/0] conn(0x7f02ac071c60 0x7f02ac10be00 unknown :-1 s=HELLO_CONNECTING pgs=0 cs=0 l=1 rev1=1 rx=0 tx=0).handle_hello peer v2:172.21.15.46:3300/0 says I am v2:172.21.15.46:51256/0 (socket says 172.21.15.46:51256)
2024-04-16T01:50:11.535 INFO:teuthology.orchestra.run.smithi046.stderr:/usr/bin/ceph:
2024-04-16T01:50:11.536+0000 7f02aa59c700 1 -- 172.21.15.46:0/3143308449 learned_addr learned my addr 172.21.15.46:0/3143308449 (peer_addr_for_me v2:172.21.15.46:0/0)
2024-04-16T01:50:11.535 INFO:teuthology.orchestra.run.smithi046.stderr:/usr/bin/ceph:
2024-04-16T01:50:11.536+0000 7f02aa59c700 1 -- 172.21.15.46:0/3143308449 --> [v2:172.21.15.46:3300/0,v1:172.21.15.46:6789/0] -- mon_subscribe({config=0+,monmap=0+}) v3 -- 0x7f029c009370 con 0x7f02ac071c60
2024-04-16T01:50:11.535 INFO:teuthology.orchestra.run.smithi046.stderr:/usr/bin/ceph:
2024-04-16T01:50:11.537+0000 7f02aa59c700 1 --2- 172.21.15.46:0/3143308449 >> [v2:172.21.15.46:3300/0,v1:172.21.15.46:6789/0] conn(0x7f02ac071c60 0x7f02ac10be00 secure :-1 s=READY pgs=25 cs=0 l=1 rev1=1 rx=0x7f029c000c00 tx=0x7f029c0090f0).ready entity=mon.0 client_cookie=0 server_cookie=0 in_seq=0 out_seq=0
2024-04-16T01:50:11.536 INFO:teuthology.orchestra.run.smithi046.stderr:/usr/bin/ceph:
2024-04-16T01:50:11.537+0000 7f029b7fe700 1 -- 172.21.15.46:0/3143308449 <== mon.0 v2:172.21.15.46:3300/0 1 ==== mon_map magic: 0 v1 ==== 229+0+0 (secure 0 0 0) 0x7f029c01a610 con 0x7f02ac071c60
2024-04-16T01:50:11.536 INFO:teuthology.orchestra.run.smithi046.stderr:/usr/bin/ceph:
2024-04-16T01:50:11.537+0000 7f02b0fe7700 1 -- 172.21.15.46:0/3143308449 --> [v2:172.21.15.46:3300/0,v1:172.21.15.46:6789/0] -- mon_subscribe({mgrmap=0+}) v3 -- 0x7f02ac10c4f0 con 0x7f02ac071c60
2024-04-16T01:50:11.536 INFO:teuthology.orchestra.run.smithi046.stderr:/usr/bin/ceph:
2024-04-16T01:50:11.537+0000 7f029b7fe700 1 -- 172.21.15.46:0/3143308449 <== mon.0 v2:172.21.15.46:3300/0 2 ==== config(25 keys) v1 ==== 982+0+0 (secure 0 0 0) 0x7f029c01abc0 con 0x7f02ac071c60
2024-04-16T01:50:11.536 INFO:teuthology.orchestra.run.smithi046.stderr:/usr/bin/ceph:
2024-04-16T01:50:11.537+0000 7f029b7fe700 1 -- 172.21.15.46:0/3143308449 <== mon.0 v2:172.21.15.46:3300/0 3 ==== mon_map magic: 0 v1 ==== 229+0+0 (secure 0 0 0) 0x7f029c022a20 con 0x7f02ac071c60
2024-04-16T01:50:11.536 INFO:teuthology.orchestra.run.smithi046.stderr:/usr/bin/ceph:
2024-04-16T01:50:11.537+0000 7f02b0fe7700 1 -- 172.21.15.46:0/3143308449 --> [v2:172.21.15.46:3300/0,v1:172.21.15.46:6789/0] -- mon_subscribe({osdmap=0}) v3 -- 0x7f02ac10c900 con 0x7f02ac071c60
2024-04-16T01:50:11.537 INFO:teuthology.orchestra.run.smithi046.stderr:/usr/bin/ceph:
2024-04-16T01:50:11.538+0000 7f029b7fe700 1 -- 172.21.15.46:0/3143308449 <== mon.0 v2:172.21.15.46:3300/0 4 ==== mgrmap(e 5) v1 ==== 38632+0+0 (secure 0 0 0) 0x7f029c022ce0 con 0x7f02ac071c60
2024-04-16T01:50:11.537 INFO:teuthology.orchestra.run.smithi046.stderr:/usr/bin/ceph:
2024-04-16T01:50:11.538+0000 7f029b7fe700 1 --2- 172.21.15.46:0/3143308449 >> [v2:172.21.15.46:6800/2981420863,v1:172.21.15.46:6801/2981420863] conn(0x7f0294032610 0x7f0294034ad0 unknown :-1 s=NONE pgs=0 cs=0 l=1 rev1=0 rx=0 tx=0).connect
2024-04-16T01:50:11.537 INFO:teuthology.orchestra.run.smithi046.stderr:/usr/bin/ceph:
2024-04-16T01:50:11.538+0000 7f029b7fe700 1 -- 172.21.15.46:0/3143308449 --> [v2:172.21.15.46:6800/2981420863,v1:172.21.15.46:6801/2981420863] -- command(tid 0: {"prefix": "get_command_descriptions"}) v1 -- 0x7f0294035190 con 0x7f0294032610
2024-04-16T01:50:11.537 INFO:teuthology.orchestra.run.smithi046.stderr:/usr/bin/ceph:
2024-04-16T01:50:11.538+0000 7f029b7fe700 1 -- 172.21.15.46:0/3143308449 <== mon.0 v2:172.21.15.46:3300/0 5 ==== osd_map(1..1 src has 1..1) v4 ==== 721+0+0 (secure 0 0 0) 0x7f029c0447a0 con 0x7f02ac071c60
2024-04-16T01:50:11.537 INFO:teuthology.orchestra.run.smithi046.stderr:/usr/bin/ceph:
2024-04-16T01:50:11.538+0000 7f02a9d9b700 1 -- 172.21.15.46:0/3143308449 >> [v2:172.21.15.46:6800/2981420863,v1:172.21.15.46:6801/2981420863] conn(0x7f0294032610 msgr2=0x7f0294034ad0 unknown :-1 s=STATE_CONNECTING_RE l=1).process reconnect failed to v2:172.21.15.46:6800/2981420863
2024-04-16T01:50:11.537 INFO:teuthology.orchestra.run.smithi046.stderr:/usr/bin/ceph:
2024-04-16T01:50:11.538+0000 7f02a9d9b700 1 --2- 172.21.15.46:0/3143308449 >> [v2:172.21.15.46:6800/2981420863,v1:172.21.15.46:6801/2981420863] conn(0x7f0294032610 0x7f0294034ad0 unknown :-1 s=START_CONNECT pgs=0 cs=0 l=1 rev1=0 rx=0 tx=0)._fault waiting 0.200000
2024-04-16T01:50:11.736 INFO:teuthology.orchestra.run.smithi046.stderr:/usr/bin/ceph:
2024-04-16T01:50:11.739+0000 7f02a9d9b700 1 -- 172.21.15.46:0/3143308449 >> [v2:172.21.15.46:6800/2981420863,v1:172.21.15.46:6801/2981420863] conn(0x7f0294032610 msgr2=0x7f0294034ad0 unknown :-1 s=STATE_CONNECTING_RE l=1).process reconnect failed to v2:172.21.15.46:6800/2981420863
2024-04-16T01:50:11.736 INFO:teuthology.orchestra.run.smithi046.stderr:/usr/bin/ceph:
2024-04-16T01:50:11.739+0000 7f02a9d9b700 1 --2- 172.21.15.46:0/3143308449 >> [v2:172.21.15.46:6800/2981420863,v1:172.21.15.46:6801/2981420863] conn(0x7f0294032610 0x7f0294034ad0 unknown :-1 s=START_CONNECT pgs=0 cs=0 l=1 rev1=0 rx=0 tx=0)._fault waiting 0.400000
2024-04-16T01:50:12.137 INFO:teuthology.orchestra.run.smithi046.stderr:/usr/bin/ceph:
2024-04-16T01:50:12.140+0000 7f02a9d9b700 1 -- 172.21.15.46:0/3143308449 >> [v2:172.21.15.46:6800/2981420863,v1:172.21.15.46:6801/2981420863] conn(0x7f0294032610 msgr2=0x7f0294034ad0 unknown :-1 s=STATE_CONNECTING_RE l=1).process reconnect failed to v2:172.21.15.46:6800/2981420863
2024-04-16T01:50:12.137 INFO:teuthology.orchestra.run.smithi046.stderr:/usr/bin/ceph:
2024-04-16T01:50:12.140+0000 7f02a9d9b700 1 --2- 172.21.15.46:0/3143308449 >> [v2:172.21.15.46:6800/2981420863,v1:172.21.15.46:6801/2981420863] conn(0x7f0294032610 0x7f0294034ad0 unknown :-1 s=START_CONNECT pgs=0 cs=0 l=1 rev1=0 rx=0 tx=0)._fault waiting 0.800000
2024-04-16T01:50:12.938 INFO:teuthology.orchestra.run.smithi046.stderr:/usr/bin/ceph:
2024-04-16T01:50:12.941+0000 7f02a9d9b700 1 -- 172.21.15.46:0/3143308449 >> [v2:172.21.15.46:6800/2981420863,v1:172.21.15.46:6801/2981420863] conn(0x7f0294032610 msgr2=0x7f0294034ad0 unknown :-1 s=STATE_CONNECTING_RE l=1).process reconnect failed to v2:172.21.15.46:6800/2981420863
2024-04-16T01:50:12.938 INFO:teuthology.orchestra.run.smithi046.stderr:/usr/bin/ceph:
2024-04-16T01:50:12.941+0000 7f02a9d9b700 1 --2- 172.21.15.46:0/3143308449 >> [v2:172.21.15.46:6800/2981420863,v1:172.21.15.46:6801/2981420863] conn(0x7f0294032610 0x7f0294034ad0 unknown :-1 s=START_CONNECT pgs=0 cs=0 l=1 rev1=0 rx=0 tx=0)._fault waiting 1.600000
2024-04-16T01:50:14.424 INFO:teuthology.orchestra.run.smithi046.stderr:/usr/bin/ceph:
2024-04-16T01:50:14.426+0000 7f029b7fe700 1 -- 172.21.15.46:0/3143308449 <== mon.0 v2:172.21.15.46:3300/0 6 ==== mgrmap(e 6) v1 ==== 38456+0+0 (secure 0 0 0) 0x7f029c0198b0 con 0x7f02ac071c60
2024-04-16T01:50:14.424 INFO:teuthology.orchestra.run.smithi046.stderr:/usr/bin/ceph:
2024-04-16T01:50:14.427+0000 7f029b7fe700 1 -- 172.21.15.46:0/3143308449 >> [v2:172.21.15.46:6800/2981420863,v1:172.21.15.46:6801/2981420863] conn(0x7f0294032610 msgr2=0x7f0294034ad0 unknown :-1 s=STATE_CONNECTING l=1).mark_down
2024-04-16T01:50:14.425 INFO:teuthology.orchestra.run.smithi046.stderr:/usr/bin/ceph:
2024-04-16T01:50:14.427+0000 7f029b7fe700 1 --2- 172.21.15.46:0/3143308449 >> [v2:172.21.15.46:6800/2981420863,v1:172.21.15.46:6801/2981420863] conn(0x7f0294032610 0x7f0294034ad0 unknown :-1 s=START_CONNECT pgs=0 cs=0 l=1 rev1=0 rx=0 tx=0).stop
2024-04-16T01:50:14.839 INFO:journalctl@ceph.mon.smithi046.smithi046.stdout:Apr 16 01:50:14 smithi046 ceph-7e6c24a8-fb93-11ee-bc8f-c7b262605968-mon-smithi046[39757]: cluster
2024-04-16T01:50:14.426017+0000 mon.smithi046 (mon.0) 30 : cluster [INF] Active manager daemon smithi046.rskjkm restarted
2024-04-16T01:50:14.839 INFO:journalctl@ceph.mon.smithi046.smithi046.stdout:Apr 16 01:50:14 smithi046 ceph-7e6c24a8-fb93-11ee-bc8f-c7b262605968-mon-smithi046[39757]: cluster
2024-04-16T01:50:14.426232+0000 mon.smithi046 (mon.0) 31 : cluster [INF] Activating manager daemon smithi046.rskjkm
2024-04-16T01:50:14.839 INFO:journalctl@ceph.mon.smithi046.smithi046.stdout:Apr 16 01:50:14 smithi046 ceph-7e6c24a8-fb93-11ee-bc8f-c7b262605968-mon-smithi046[39757]: cluster
2024-04-16T01:50:14.429085+0000 mon.smithi046 (mon.0) 32 : cluster [DBG] osdmap e2: 0 total, 0 up, 0 in
2024-04-16T01:50:14.840 INFO:journalctl@ceph.mon.smithi046.smithi046.stdout:Apr 16 01:50:14 smithi046 ceph-7e6c24a8-fb93-11ee-bc8f-c7b262605968-mon-smithi046[39757]: cluster
2024-04-16T01:50:14.429204+0000 mon.smithi046 (mon.0) 33 : cluster [DBG] mgrmap e6: smithi046.rskjkm(active, starting, since 0.00304547s)
2024-04-16T01:50:14.840 INFO:journalctl@ceph.mon.smithi046.smithi046.stdout:Apr 16 01:50:14 smithi046 ceph-7e6c24a8-fb93-11ee-bc8f-c7b262605968-mon-smithi046[39757]: audit
2024-04-16T01:50:14.430221+0000 mon.smithi046 (mon.0) 34 : audit [DBG] from='mgr.14116 172.21.15.46:0/1930672788' entity='mgr.smithi046.rskjkm' cmd=[{"prefix": "mon metadata", "id": "smithi046"}]: dispatch
2024-04-16T01:50:14.840 INFO:journalctl@ceph.mon.smithi046.smithi046.stdout:Apr 16 01:50:14 smithi046 ceph-7e6c24a8-fb93-11ee-bc8f-c7b262605968-mon-smithi046[39757]: audit
2024-04-16T01:50:14.430803+0000 mon.smithi046 (mon.0) 35 : audit [DBG] from='mgr.14116 172.21.15.46:0/1930672788' entity='mgr.smithi046.rskjkm' cmd=[{"prefix": "mgr metadata", "who": "smithi046.rskjkm", "id": "smithi046.rskjkm"}]: dispatch
2024-04-16T01:50:14.840 INFO:journalctl@ceph.mon.smithi046.smithi046.stdout:Apr 16 01:50:14 smithi046 ceph-7e6c24a8-fb93-11ee-bc8f-c7b262605968-mon-smithi046[39757]: audit
2024-04-16T01:50:14.431479+0000 mon.smithi046 (mon.0) 36 : audit [DBG] from='mgr.14116 172.21.15.46:0/1930672788' entity='mgr.smithi046.rskjkm' cmd=[{"prefix": "mds metadata"}]: dispatch
2024-04-16T01:50:14.840 INFO:journalctl@ceph.mon.smithi046.smithi046.stdout:Apr 16 01:50:14 smithi046 ceph-7e6c24a8-fb93-11ee-bc8f-c7b262605968-mon-smithi046[39757]: audit
2024-04-16T01:50:14.431652+0000 mon.smithi046 (mon.0) 37 : audit [DBG] from='mgr.14116 172.21.15.46:0/1930672788' entity='mgr.smithi046.rskjkm' cmd=[{"prefix": "osd metadata"}]: dispatch
2024-04-16T01:50:14.840 INFO:journalctl@ceph.mon.smithi046.smithi046.stdout:Apr 16 01:50:14 smithi046 ceph-7e6c24a8-fb93-11ee-bc8f-c7b262605968-mon-smithi046[39757]: audit
2024-04-16T01:50:14.431783+0000 mon.smithi046 (mon.0) 38 : audit [DBG] from='mgr.14116 172.21.15.46:0/1930672788' entity='mgr.smithi046.rskjkm' cmd=[{"prefix": "mon metadata"}]: dispatch
2024-04-16T01:50:14.840 INFO:journalctl@ceph.mon.smithi046.smithi046.stdout:Apr 16 01:50:14 smithi046 ceph-7e6c24a8-fb93-11ee-bc8f-c7b262605968-mon-smithi046[39757]: cluster
2024-04-16T01:50:14.445653+0000 mon.smithi046 (mon.0) 39 : cluster [INF] Manager daemon smithi046.rskjkm is now available
2024-04-16T01:50:14.840 INFO:journalctl@ceph.mon.smithi046.smithi046.stdout:Apr 16 01:50:14 smithi046 ceph-7e6c24a8-fb93-11ee-bc8f-c7b262605968-mon-smithi046[39757]: audit
2024-04-16T01:50:14.457834+0000 mon.smithi046 (mon.0) 40 : audit [INF] from='mgr.14116 172.21.15.46:0/1930672788' entity='mgr.smithi046.rskjkm'
2024-04-16T01:50:15.426 INFO:teuthology.orchestra.run.smithi046.stderr:/usr/bin/ceph:
2024-04-16T01:50:15.428+0000 7f029b7fe700 1 -- 172.21.15.46:0/3143308449 <== mon.0 v2:172.21.15.46:3300/0 7 ==== mgrmap(e 7) v1 ==== 38526+0+0 (secure 0 0 0) 0x7f029c019390 con 0x7f02ac071c60
2024-04-16T01:50:15.426 INFO:teuthology.orchestra.run.smithi046.stderr:/usr/bin/ceph:
2024-04-16T01:50:15.428+0000 7f029b7fe700 1 --2- 172.21.15.46:0/3143308449 >> [v2:172.21.15.46:6800/1283239301,v1:172.21.15.46:6801/1283239301] conn(0x7f0294035fd0 0x7f02940383c0 unknown :-1 s=NONE pgs=0 cs=0 l=1 rev1=0 rx=0 tx=0).connect
2024-04-16T01:50:15.426 INFO:teuthology.orchestra.run.smithi046.stderr:/usr/bin/ceph:
2024-04-16T01:50:15.428+0000 7f029b7fe700 1 -- 172.21.15.46:0/3143308449 --> [v2:172.21.15.46:6800/1283239301,v1:172.21.15.46:6801/1283239301] -- command(tid 0: {"prefix": "get_command_descriptions"}) v1 -- 0x7f0294035190 con 0x7f0294035fd0
2024-04-16T01:50:15.427 INFO:teuthology.orchestra.run.smithi046.stderr:/usr/bin/ceph:
2024-04-16T01:50:15.429+0000 7f02a9d9b700 1 --2- 172.21.15.46:0/3143308449 >> [v2:172.21.15.46:6800/1283239301,v1:172.21.15.46:6801/1283239301] conn(0x7f0294035fd0 0x7f02940383c0 unknown :-1 s=BANNER_CONNECTING pgs=0 cs=0 l=1 rev1=0 rx=0 tx=0)._handle_peer_banner_payload supported=1 required=0
2024-04-16T01:50:15.427 INFO:teuthology.orchestra.run.smithi046.stderr:/usr/bin/ceph:
2024-04-16T01:50:15.429+0000 7f02a9d9b700 1 --2- 172.21.15.46:0/3143308449 >> [v2:172.21.15.46:6800/1283239301,v1:172.21.15.46:6801/1283239301] conn(0x7f0294035fd0 0x7f02940383c0 secure :-1 s=READY pgs=1 cs=0 l=1 rev1=1 rx=0x7f02a0003850 tx=0x7f02a0006e20).ready entity=mgr.14116 client_cookie=0 server_cookie=0 in_seq=0 out_seq=0
2024-04-16T01:50:15.427 INFO:teuthology.orchestra.run.smithi046.stderr:/usr/bin/ceph:
2024-04-16T01:50:15.430+0000 7f029b7fe700 1 -- 172.21.15.46:0/3143308449 <== mgr.14116 v2:172.21.15.46:6800/1283239301 1 ==== command_reply(tid 0: 0 ) v1 ==== 8+0+6438 (secure 0 0 0) 0x7f0294035190 con 0x7f0294035fd0
2024-04-16T01:50:15.434 INFO:teuthology.orchestra.run.smithi046.stderr:/usr/bin/ceph:
2024-04-16T01:50:15.437+0000 7f02b0fe7700 1 -- 172.21.15.46:0/3143308449 --> [v2:172.21.15.46:6800/1283239301,v1:172.21.15.46:6801/1283239301] -- command(tid 1: {"prefix": "mgr_status"}) v1 -- 0x7f02ac05a310 con 0x7f0294035fd0
2024-04-16T01:50:15.434 INFO:teuthology.orchestra.run.smithi046.stderr:/usr/bin/ceph:
2024-04-16T01:50:15.437+0000 7f029b7fe700 1 -- 172.21.15.46:0/3143308449 <== mgr.14116 v2:172.21.15.46:6800/1283239301 2 ==== command_reply(tid 1: 0 ) v1 ==== 8+0+51 (secure 0 0 0) 0x7f02ac05a310 con 0x7f0294035fd0
2024-04-16T01:50:15.435 INFO:teuthology.orchestra.run.smithi046.stderr:/usr/bin/ceph: {
2024-04-16T01:50:15.435 INFO:teuthology.orchestra.run.smithi046.stderr:/usr/bin/ceph: "mgrmap_epoch": 7,
2024-04-16T01:50:15.435 INFO:teuthology.orchestra.run.smithi046.stderr:/usr/bin/ceph: "initialized": true
2024-04-16T01:50:15.435 INFO:teuthology.orchestra.run.smithi046.stderr:/usr/bin/ceph: }
2024-04-16T01:50:15.437 INFO:teuthology.orchestra.run.smithi046.stderr:/usr/bin/ceph:
2024-04-16T01:50:15.438+0000 7f02b0fe7700 1 -- 172.21.15.46:0/3143308449 >> [v2:172.21.15.46:6800/1283239301,v1:172.21.15.46:6801/1283239301] conn(0x7f0294035fd0 msgr2=0x7f02940383c0 secure :-1 s=STATE_CONNECTION_ESTABLISHED l=1).mark_down
2024-04-16T01:50:15.437 INFO:teuthology.orchestra.run.smithi046.stderr:/usr/bin/ceph:
2024-04-16T01:50:15.438+0000 7f02b0fe7700 1 --2- 172.21.15.46:0/3143308449 >> [v2:172.21.15.46:6800/1283239301,v1:172.21.15.46:6801/1283239301] conn(0x7f0294035fd0 0x7f02940383c0 secure :-1 s=READY pgs=1 cs=0 l=1 rev1=1 rx=0x7f02a0003850 tx=0x7f02a0006e20).stop
2024-04-16T01:50:15.437 INFO:teuthology.orchestra.run.smithi046.stderr:/usr/bin/ceph:
2024-04-16T01:50:15.438+0000 7f02b0fe7700 1 -- 172.21.15.46:0/3143308449 >> [v2:172.21.15.46:3300/0,v1:172.21.15.46:6789/0] conn(0x7f02ac071c60 msgr2=0x7f02ac10be00 secure :-1 s=STATE_CONNECTION_ESTABLISHED l=1).mark_down
2024-04-16T01:50:15.437 INFO:teuthology.orchestra.run.smithi046.stderr:/usr/bin/ceph:
2024-04-16T01:50:15.438+0000 7f02b0fe7700 1 --2- 172.21.15.46:0/3143308449 >> [v2:172.21.15.46:3300/0,v1:172.21.15.46:6789/0] conn(0x7f02ac071c60 0x7f02ac10be00 secure :-1 s=READY pgs=25 cs=0 l=1 rev1=1 rx=0x7f029c000c00 tx=0x7f029c0090f0).stop
2024-04-16T01:50:15.437 INFO:teuthology.orchestra.run.smithi046.stderr:/usr/bin/ceph:
2024-04-16T01:50:15.438+0000 7f02b0fe7700 1 -- 172.21.15.46:0/3143308449 shutdown_connections
2024-04-16T01:50:15.437 INFO:teuthology.orchestra.run.smithi046.stderr:/usr/bin/ceph:
2024-04-16T01:50:15.438+0000 7f02b0fe7700 1 --2- 172.21.15.46:0/3143308449 >> [v2:172.21.15.46:6800/1283239301,v1:172.21.15.46:6801/1283239301] conn(0x7f0294035fd0 0x7f02940383c0 unknown :-1 s=CLOSED pgs=1 cs=0 l=1 rev1=1 rx=0 tx=0).stop
2024-04-16T01:50:15.437 INFO:teuthology.orchestra.run.smithi046.stderr:/usr/bin/ceph:
2024-04-16T01:50:15.438+0000 7f02b0fe7700 1 --2- 172.21.15.46:0/3143308449 >> [v2:172.21.15.46:3300/0,v1:172.21.15.46:6789/0] conn(0x7f02ac071c60 0x7f02ac10be00 unknown :-1 s=CLOSED pgs=25 cs=0 l=1 rev1=1 rx=0 tx=0).stop
2024-04-16T01:50:15.437 INFO:teuthology.orchestra.run.smithi046.stderr:/usr/bin/ceph:
2024-04-16T01:50:15.438+0000 7f02b0fe7700 1 --2- 172.21.15.46:0/3143308449 >> [v2:172.21.15.46:6800/2981420863,v1:172.21.15.46:6801/2981420863] conn(0x7f0294032610 0x7f0294034ad0 unknown :-1 s=CLOSED pgs=0 cs=0 l=1 rev1=0 rx=0 tx=0).stop
2024-04-16T01:50:15.437 INFO:teuthology.orchestra.run.smithi046.stderr:/usr/bin/ceph:
2024-04-16T01:50:15.438+0000 7f02b0fe7700 1 -- 172.21.15.46:0/3143308449 >> 172.21.15.46:0/3143308449 conn(0x7f02ac0f76f0 msgr2=0x7f02ac0f9130 unknown :-1 s=STATE_NONE l=0).mark_down
2024-04-16T01:50:15.437 INFO:teuthology.orchestra.run.smithi046.stderr:/usr/bin/ceph:
2024-04-16T01:50:15.438+0000 7f02b0fe7700 1 -- 172.21.15.46:0/3143308449 shutdown_connections
2024-04-16T01:50:15.437 INFO:teuthology.orchestra.run.smithi046.stderr:/usr/bin/ceph:
2024-04-16T01:50:15.438+0000 7f02b0fe7700 1 -- 172.21.15.46:0/3143308449 wait complete.
2024-04-16T01:50:15.789 INFO:journalctl@ceph.mon.smithi046.smithi046.stdout:Apr 16 01:50:15 smithi046 ceph-7e6c24a8-fb93-11ee-bc8f-c7b262605968-mon-smithi046[39757]: cephadm
2024-04-16T01:50:14.455185+0000 mgr.smithi046.rskjkm (mgr.14116) 1 : cephadm [INF] Found migration_current of "None". Setting to last migration.
2024-04-16T01:50:15.789 INFO:journalctl@ceph.mon.smithi046.smithi046.stdout:Apr 16 01:50:15 smithi046 ceph-7e6c24a8-fb93-11ee-bc8f-c7b262605968-mon-smithi046[39757]: audit
2024-04-16T01:50:14.547342+0000 mon.smithi046 (mon.0) 41 : audit [INF] from='mgr.14116 172.21.15.46:0/1930672788' entity='mgr.smithi046.rskjkm'
2024-04-16T01:50:15.789 INFO:journalctl@ceph.mon.smithi046.smithi046.stdout:Apr 16 01:50:15 smithi046 ceph-7e6c24a8-fb93-11ee-bc8f-c7b262605968-mon-smithi046[39757]: audit
2024-04-16T01:50:14.548308+0000 mon.smithi046 (mon.0) 42 : audit [DBG] from='mgr.14116 172.21.15.46:0/1930672788' entity='mgr.smithi046.rskjkm' cmd=[{"prefix": "config dump", "format": "json"}]: dispatch
2024-04-16T01:50:15.789 INFO:journalctl@ceph.mon.smithi046.smithi046.stdout:Apr 16 01:50:15 smithi046 ceph-7e6c24a8-fb93-11ee-bc8f-c7b262605968-mon-smithi046[39757]: audit
2024-04-16T01:50:14.549916+0000 mon.smithi046 (mon.0) 43 : audit [DBG] from='mgr.14116 172.21.15.46:0/1930672788' entity='mgr.smithi046.rskjkm' cmd=[{"prefix": "config dump", "format": "json"}]: dispatch
2024-04-16T01:50:15.789 INFO:journalctl@ceph.mon.smithi046.smithi046.stdout:Apr 16 01:50:15 smithi046 ceph-7e6c24a8-fb93-11ee-bc8f-c7b262605968-mon-smithi046[39757]: audit
2024-04-16T01:50:14.551984+0000 mon.smithi046 (mon.0) 44 : audit [DBG] from='mgr.14116 172.21.15.46:0/1930672788' entity='mgr.smithi046.rskjkm' cmd=[{"prefix": "config dump", "format": "json"}]: dispatch
2024-04-16T01:50:15.789 INFO:journalctl@ceph.mon.smithi046.smithi046.stdout:Apr 16 01:50:15 smithi046 ceph-7e6c24a8-fb93-11ee-bc8f-c7b262605968-mon-smithi046[39757]: audit
2024-04-16T01:50:14.566146+0000 mon.smithi046 (mon.0) 45 : audit [INF] from='mgr.14116 172.21.15.46:0/1930672788' entity='mgr.smithi046.rskjkm' cmd=[{"prefix":"config rm","who":"mgr","name":"mgr/rbd_support/smithi046.rskjkm/mirror_snapshot_schedule"}]: dispatch
2024-04-16T01:50:15.789 INFO:journalctl@ceph.mon.smithi046.smithi046.stdout:Apr 16 01:50:15 smithi046 ceph-7e6c24a8-fb93-11ee-bc8f-c7b262605968-mon-smithi046[39757]: audit
2024-04-16T01:50:14.568924+0000 mon.smithi046 (mon.0) 46 : audit [INF] from='mgr.14116 172.21.15.46:0/1930672788' entity='mgr.smithi046.rskjkm' cmd=[{"prefix":"config rm","who":"mgr","name":"mgr/rbd_support/smithi046.rskjkm/trash_purge_schedule"}]: dispatch
2024-04-16T01:50:15.789 INFO:journalctl@ceph.mon.smithi046.smithi046.stdout:Apr 16 01:50:15 smithi046 ceph-7e6c24a8-fb93-11ee-bc8f-c7b262605968-mon-smithi046[39757]: cluster
2024-04-16T01:50:15.432477+0000 mon.smithi046 (mon.0) 47 : cluster [DBG] mgrmap e7: smithi046.rskjkm(active, since 1.00631s)
2024-04-16T01:50:16.042 INFO:teuthology.orchestra.run.smithi046.stderr:mgr epoch 5 is available
