2024-04-18T04:28:09.175+0000 7f9c1b7fe700 1 -- 172.21.15.23:0/3271655492 <== mon.0 v2:172.21.15.23:3300/0 1 ==== mon_map magic: 0 v1 ==== 229+0+0 (secure 0 0 0) 0x7f9c240109b0 con 0x7f9c34101ac0
2024-04-18T04:28:10.716 INFO:teuthology.orchestra.run.smithi023.stdout:/usr/bin/ceph: stderr
2024-04-18T04:28:09.176+0000 7f9c397cc700 1 -- 172.21.15.23:0/3271655492 --> [v2:172.21.15.23:3300/0,v1:172.21.15.23:6789/0] -- mon_subscribe({mgrmap=0+}) v3 -- 0x7f9c34111b90 con 0x7f9c34101ac0
2024-04-18T04:28:10.716 INFO:teuthology.orchestra.run.smithi023.stdout:/usr/bin/ceph: stderr
2024-04-18T04:28:09.176+0000 7f9c1b7fe700 1 -- 172.21.15.23:0/3271655492 <== mon.0 v2:172.21.15.23:3300/0 2 ==== config(26 keys) v1 ==== 1009+0+0 (secure 0 0 0) 0x7f9c2401a430 con 0x7f9c34101ac0
2024-04-18T04:28:10.716 INFO:teuthology.orchestra.run.smithi023.stdout:/usr/bin/ceph: stderr
2024-04-18T04:28:09.176+0000 7f9c1b7fe700 1 -- 172.21.15.23:0/3271655492 <== mon.0 v2:172.21.15.23:3300/0 3 ==== mon_map magic: 0 v1 ==== 229+0+0 (secure 0 0 0) 0x7f9c240245b0 con 0x7f9c34101ac0
2024-04-18T04:28:10.716 INFO:teuthology.orchestra.run.smithi023.stdout:/usr/bin/ceph: stderr
2024-04-18T04:28:09.176+0000 7f9c397cc700 1 -- 172.21.15.23:0/3271655492 --> [v2:172.21.15.23:3300/0,v1:172.21.15.23:6789/0] -- mon_subscribe({osdmap=0}) v3 -- 0x7f9c34112700 con 0x7f9c34101ac0
2024-04-18T04:28:10.716 INFO:teuthology.orchestra.run.smithi023.stdout:/usr/bin/ceph: stderr
2024-04-18T04:28:09.177+0000 7f9c1b7fe700 1 -- 172.21.15.23:0/3271655492 <== mon.0 v2:172.21.15.23:3300/0 4 ==== mgrmap(e 8) v1 ==== 43376+0+0 (secure 0 0 0) 0x7f9c2402d3f0 con 0x7f9c34101ac0
2024-04-18T04:28:10.716 INFO:teuthology.orchestra.run.smithi023.stdout:/usr/bin/ceph: stderr
2024-04-18T04:28:09.177+0000 7f9c397cc700 1 -- 172.21.15.23:0/3271655492 --> [v2:172.21.15.23:3300/0,v1:172.21.15.23:6789/0] -- mon_command({"prefix": "get_command_descriptions"} v 0) v1 -- 0x7f9c3405f5f0 con 0x7f9c34101ac0
2024-04-18T04:28:10.716 INFO:teuthology.orchestra.run.smithi023.stdout:/usr/bin/ceph: stderr
2024-04-18T04:28:09.177+0000 7f9c1b7fe700 1 --2- 172.21.15.23:0/3271655492 >> [v2:172.21.15.23:6800/2031931682,v1:172.21.15.23:6801/2031931682] conn(0x7f9c1c036790 0x7f9c1c038c40 unknown :-1 s=NONE pgs=0 cs=0 l=1 rev1=0 crypto rx=0 tx=0 comp rx=0 tx=0).connect
2024-04-18T04:28:10.716 INFO:teuthology.orchestra.run.smithi023.stdout:/usr/bin/ceph: stderr
2024-04-18T04:28:09.177+0000 7f9c1b7fe700 1 -- 172.21.15.23:0/3271655492 <== mon.0 v2:172.21.15.23:3300/0 5 ==== osd_map(2..2 src has 1..2) v4 ==== 936+0+0 (secure 0 0 0) 0x7f9c2404a4c0 con 0x7f9c34101ac0
2024-04-18T04:28:10.716 INFO:teuthology.orchestra.run.smithi023.stdout:/usr/bin/ceph: stderr
2024-04-18T04:28:09.177+0000 7f9c327fc700 1 --2- 172.21.15.23:0/3271655492 >> [v2:172.21.15.23:6800/2031931682,v1:172.21.15.23:6801/2031931682] conn(0x7f9c1c036790 0x7f9c1c038c40 unknown :-1 s=BANNER_CONNECTING pgs=0 cs=0 l=1 rev1=0 crypto rx=0 tx=0 comp rx=0 tx=0)._handle_peer_banner_payload supported=3 required=0
2024-04-18T04:28:10.717 INFO:teuthology.orchestra.run.smithi023.stdout:/usr/bin/ceph: stderr
2024-04-18T04:28:09.177+0000 7f9c327fc700 1 --2- 172.21.15.23:0/3271655492 >> [v2:172.21.15.23:6800/2031931682,v1:172.21.15.23:6801/2031931682] conn(0x7f9c1c036790 0x7f9c1c038c40 secure :-1 s=READY pgs=12 cs=0 l=1 rev1=1 crypto rx=0x7f9c28009990 tx=0x7f9c28006e40 comp rx=0 tx=0).ready entity=mgr.14120 client_cookie=0 server_cookie=0 in_seq=0 out_seq=0
2024-04-18T04:28:10.717 INFO:teuthology.orchestra.run.smithi023.stdout:/usr/bin/ceph: stderr
2024-04-18T04:28:09.181+0000 7f9c1b7fe700 1 -- 172.21.15.23:0/3271655492 <== mon.0 v2:172.21.15.23:3300/0 6 ==== mon_command_ack([{"prefix": "get_command_descriptions"}]=0 v0) v1 ==== 72+0+176702 (secure 0 0 0) 0x7f9c2402b8e0 con 0x7f9c34101ac0
2024-04-18T04:28:10.717 INFO:teuthology.orchestra.run.smithi023.stdout:/usr/bin/ceph: stderr
2024-04-18T04:28:09.415+0000 7f9c397cc700 1 -- 172.21.15.23:0/3271655492 --> [v2:172.21.15.23:6800/2031931682,v1:172.21.15.23:6801/2031931682] -- mgr_command(tid 0: {"prefix": "orch apply", "service_type": "mon", "target": ["mon-mgr", ""]}) v1 -- 0x7f9c340fd700 con 0x7f9c1c036790
2024-04-18T04:28:10.717 INFO:teuthology.orchestra.run.smithi023.stdout:/usr/bin/ceph: stderr
2024-04-18T04:28:09.422+0000 7f9c1b7fe700 1 -- 172.21.15.23:0/3271655492 <== mgr.14120 v2:172.21.15.23:6800/2031931682 1 ==== mgr_command_reply(tid 0: 0 ) v1 ==== 8+0+24 (secure 0 0 0) 0x7f9c340fd700 con 0x7f9c1c036790
2024-04-18T04:28:10.717 INFO:teuthology.orchestra.run.smithi023.stdout:/usr/bin/ceph: stderr
2024-04-18T04:28:09.424+0000 7f9c397cc700 1 -- 172.21.15.23:0/3271655492 >> [v2:172.21.15.23:6800/2031931682,v1:172.21.15.23:6801/2031931682] conn(0x7f9c1c036790 msgr2=0x7f9c1c038c40 secure :-1 s=STATE_CONNECTION_ESTABLISHED l=1).mark_down
2024-04-18T04:28:10.717 INFO:teuthology.orchestra.run.smithi023.stdout:/usr/bin/ceph: stderr
2024-04-18T04:28:09.424+0000 7f9c397cc700 1 --2- 172.21.15.23:0/3271655492 >> [v2:172.21.15.23:6800/2031931682,v1:172.21.15.23:6801/2031931682] conn(0x7f9c1c036790 0x7f9c1c038c40 secure :-1 s=READY pgs=12 cs=0 l=1 rev1=1 crypto rx=0x7f9c28009990 tx=0x7f9c28006e40 comp rx=0 tx=0).stop
2024-04-18T04:28:10.717 INFO:teuthology.orchestra.run.smithi023.stdout:/usr/bin/ceph: stderr
2024-04-18T04:28:09.424+0000 7f9c397cc700 1 -- 172.21.15.23:0/3271655492 >> [v2:172.21.15.23:3300/0,v1:172.21.15.23:6789/0] conn(0x7f9c34101ac0 msgr2=0x7f9c34111450 secure :-1 s=STATE_CONNECTION_ESTABLISHED l=1).mark_down
2024-04-18T04:28:10.717 INFO:teuthology.orchestra.run.smithi023.stdout:/usr/bin/ceph: stderr
2024-04-18T04:28:09.424+0000 7f9c397cc700 1 --2- 172.21.15.23:0/3271655492 >> [v2:172.21.15.23:3300/0,v1:172.21.15.23:6789/0] conn(0x7f9c34101ac0 0x7f9c34111450 secure :-1 s=READY pgs=48 cs=0 l=1 rev1=1 crypto rx=0x7f9c24006d40 tx=0x7f9c24009250 comp rx=0 tx=0).stop
2024-04-18T04:28:10.717 INFO:teuthology.orchestra.run.smithi023.stdout:/usr/bin/ceph: stderr
2024-04-18T04:28:09.424+0000 7f9c397cc700 1 -- 172.21.15.23:0/3271655492 shutdown_connections
2024-04-18T04:28:10.717 INFO:teuthology.orchestra.run.smithi023.stdout:/usr/bin/ceph: stderr
2024-04-18T04:28:09.424+0000 7f9c397cc700 1 --2- 172.21.15.23:0/3271655492 >> [v2:172.21.15.23:6800/2031931682,v1:172.21.15.23:6801/2031931682] conn(0x7f9c1c036790 0x7f9c1c038c40 unknown :-1 s=CLOSED pgs=12 cs=0 l=1 rev1=1 crypto rx=0 tx=0 comp rx=0 tx=0).stop
2024-04-18T04:28:10.717 INFO:journalctl@ceph.mon.smithi023.smithi023.stdout:Apr 18 04:28:10 smithi023 ceph-mon[39803]: from='client.14142 -' entity='client.admin' cmd=[{"prefix": "orch apply", "service_type": "mon", "target": ["mon-mgr", ""]}]: dispatch
2024-04-18T04:28:10.718 INFO:journalctl@ceph.mon.smithi023.smithi023.stdout:Apr 18 04:28:10 smithi023 ceph-mon[39803]: Saving service mon spec with placement count:5
2024-04-18T04:28:10.718 INFO:journalctl@ceph.mon.smithi023.smithi023.stdout:Apr 18 04:28:10 smithi023 ceph-mon[39803]: from='mgr.14120 172.21.15.23:0/4260889580' entity='mgr.smithi023.wvavts'
2024-04-18T04:28:10.718 INFO:teuthology.orchestra.run.smithi023.stdout:/usr/bin/ceph: stderr
2024-04-18T04:28:09.424+0000 7f9c397cc700 1 --2- 172.21.15.23:0/3271655492 >> [v2:172.21.15.23:3300/0,v1:172.21.15.23:6789/0] conn(0x7f9c34101ac0 0x7f9c34111450 unknown :-1 s=CLOSED pgs=48 cs=0 l=1 rev1=1 crypto rx=0 tx=0 comp rx=0 tx=0).stop
2024-04-18T04:28:10.718 INFO:teuthology.orchestra.run.smithi023.stdout:/usr/bin/ceph: stderr
2024-04-18T04:28:09.424+0000 7f9c397cc700 1 -- 172.21.15.23:0/3271655492 >> 172.21.15.23:0/3271655492 conn(0x7f9c340fc450 msgr2=0x7f9c340fcff0 unknown :-1 s=STATE_NONE l=0).mark_down
2024-04-18T04:28:10.719 INFO:teuthology.orchestra.run.smithi023.stdout:/usr/bin/ceph: stderr
2024-04-18T04:28:09.424+0000 7f9c397cc700 1 -- 172.21.15.23:0/3271655492 shutdown_connections
2024-04-18T04:28:10.719 INFO:teuthology.orchestra.run.smithi023.stdout:/usr/bin/ceph: stderr
2024-04-18T04:28:09.424+0000 7f9c397cc700 1 -- 172.21.15.23:0/3271655492 wait complete.
2024-04-18T04:28:10.719 INFO:teuthology.orchestra.run.smithi023.stdout:Deploying mgr service with default placement...
2024-04-18T04:28:12.143 INFO:teuthology.orchestra.run.smithi023.stdout:/usr/bin/ceph: stdout Scheduled mgr update...
2024-04-18T04:28:12.143 INFO:teuthology.orchestra.run.smithi023.stdout:/usr/bin/ceph: stderr
2024-04-18T04:28:11.280+0000 7ffa6a4cb700 1 Processor -- start
2024-04-18T04:28:12.143 INFO:teuthology.orchestra.run.smithi023.stdout:/usr/bin/ceph: stderr
2024-04-18T04:28:11.280+0000 7ffa6a4cb700 1 -- start start
2024-04-18T04:28:12.143 INFO:teuthology.orchestra.run.smithi023.stdout:/usr/bin/ceph: stderr
2024-04-18T04:28:11.280+0000 7ffa6a4cb700 1 --2- >> [v2:172.21.15.23:3300/0,v1:172.21.15.23:6789/0] conn(0x7ffa64101550 0x7ffa64101960 unknown :-1 s=NONE pgs=0 cs=0 l=0 rev1=0 crypto rx=0 tx=0 comp rx=0 tx=0).connect
2024-04-18T04:28:12.143 INFO:teuthology.orchestra.run.smithi023.stdout:/usr/bin/ceph: stderr
2024-04-18T04:28:11.280+0000 7ffa6a4cb700 1 -- --> [v2:172.21.15.23:3300/0,v1:172.21.15.23:6789/0] -- mon_getmap magic: 0 v1 -- 0x7ffa64101ea0 con 0x7ffa64101550
2024-04-18T04:28:12.143 INFO:teuthology.orchestra.run.smithi023.stdout:/usr/bin/ceph: stderr
2024-04-18T04:28:11.280+0000 7ffa63fff700 1 --2- >> [v2:172.21.15.23:3300/0,v1:172.21.15.23:6789/0] conn(0x7ffa64101550 0x7ffa64101960 unknown :-1 s=BANNER_CONNECTING pgs=0 cs=0 l=0 rev1=0 crypto rx=0 tx=0 comp rx=0 tx=0)._handle_peer_banner_payload supported=3 required=0
2024-04-18T04:28:12.143 INFO:teuthology.orchestra.run.smithi023.stdout:/usr/bin/ceph: stderr
2024-04-18T04:28:11.280+0000 7ffa63fff700 1 --2- >> [v2:172.21.15.23:3300/0,v1:172.21.15.23:6789/0] conn(0x7ffa64101550 0x7ffa64101960 unknown :-1 s=HELLO_CONNECTING pgs=0 cs=0 l=0 rev1=1 crypto rx=0 tx=0 comp rx=0 tx=0).handle_hello peer v2:172.21.15.23:3300/0 says I am v2:172.21.15.23:58142/0 (socket says 172.21.15.23:58142)
2024-04-18T04:28:12.143 INFO:teuthology.orchestra.run.smithi023.stdout:/usr/bin/ceph: stderr
2024-04-18T04:28:11.280+0000 7ffa63fff700 1 -- 172.21.15.23:0/2921640425 learned_addr learned my addr 172.21.15.23:0/2921640425 (peer_addr_for_me v2:172.21.15.23:0/0)
2024-04-18T04:28:12.143 INFO:teuthology.orchestra.run.smithi023.stdout:/usr/bin/ceph: stderr
2024-04-18T04:28:11.281+0000 7ffa63fff700 1 -- 172.21.15.23:0/2921640425 --> [v2:172.21.15.23:3300/0,v1:172.21.15.23:6789/0] -- mon_subscribe({config=0+,monmap=0+}) v3 -- 0x7ffa64101fe0 con 0x7ffa64101550
2024-04-18T04:28:12.143 INFO:teuthology.orchestra.run.smithi023.stdout:/usr/bin/ceph: stderr
2024-04-18T04:28:11.281+0000 7ffa63fff700 1 --2- 172.21.15.23:0/2921640425 >> [v2:172.21.15.23:3300/0,v1:172.21.15.23:6789/0] conn(0x7ffa64101550 0x7ffa64101960 secure :-1 s=READY pgs=49 cs=0 l=1 rev1=1 crypto rx=0x7ffa540098e0 tx=0x7ffa54009250 comp rx=0 tx=0).ready entity=mon.0 client_cookie=16401800bacfcbc4 server_cookie=0 in_seq=0 out_seq=0
2024-04-18T04:28:12.143 INFO:teuthology.orchestra.run.smithi023.stdout:/usr/bin/ceph: stderr
2024-04-18T04:28:11.281+0000 7ffa62ffd700 1 -- 172.21.15.23:0/2921640425 <== mon.0 v2:172.21.15.23:3300/0 1 ==== mon_map magic: 0 v1 ==== 229+0+0 (secure 0 0 0) 0x7ffa5400b860 con 0x7ffa64101550
2024-04-18T04:28:12.144 INFO:teuthology.orchestra.run.smithi023.stdout:/usr/bin/ceph: stderr
2024-04-18T04:28:11.281+0000 7ffa62ffd700 1 -- 172.21.15.23:0/2921640425 <== mon.0 v2:172.21.15.23:3300/0 2 ==== config(26 keys) v1 ==== 1009+0+0 (secure 0 0 0) 0x7ffa5400be30 con 0x7ffa64101550
2024-04-18T04:28:12.144 INFO:teuthology.orchestra.run.smithi023.stdout:/usr/bin/ceph: stderr
2024-04-18T04:28:11.281+0000 7ffa62ffd700 1 -- 172.21.15.23:0/2921640425 <== mon.0 v2:172.21.15.23:3300/0 3 ==== mon_map magic: 0 v1 ==== 229+0+0 (secure 0 0 0) 0x7ffa54010380 con 0x7ffa64101550
2024-04-18T04:28:12.144 INFO:teuthology.orchestra.run.smithi023.stdout:/usr/bin/ceph: stderr
2024-04-18T04:28:11.281+0000 7ffa6a4cb700 1 -- 172.21.15.23:0/2921640425 >> [v2:172.21.15.23:3300/0,v1:172.21.15.23:6789/0] conn(0x7ffa64101550 msgr2=0x7ffa64101960 secure :-1 s=STATE_CONNECTION_ESTABLISHED l=1).mark_down
2024-04-18T04:28:12.144 INFO:teuthology.orchestra.run.smithi023.stdout:/usr/bin/ceph: stderr
2024-04-18T04:28:11.281+0000 7ffa6a4cb700 1 --2- 172.21.15.23:0/2921640425 >> [v2:172.21.15.23:3300/0,v1:172.21.15.23:6789/0] conn(0x7ffa64101550 0x7ffa64101960 secure :-1 s=READY pgs=49 cs=0 l=1 rev1=1 crypto rx=0x7ffa540098e0 tx=0x7ffa54009250 comp rx=0 tx=0).stop
2024-04-18T04:28:12.144 INFO:teuthology.orchestra.run.smithi023.stdout:/usr/bin/ceph: stderr
2024-04-18T04:28:11.281+0000 7ffa6a4cb700 1 -- 172.21.15.23:0/2921640425 shutdown_connections
2024-04-18T04:28:12.144 INFO:teuthology.orchestra.run.smithi023.stdout:/usr/bin/ceph: stderr
2024-04-18T04:28:11.281+0000 7ffa6a4cb700 1 --2- 172.21.15.23:0/2921640425 >> [v2:172.21.15.23:3300/0,v1:172.21.15.23:6789/0] conn(0x7ffa64101550 0x7ffa64101960 unknown :-1 s=CLOSED pgs=49 cs=0 l=1 rev1=1 crypto rx=0 tx=0 comp rx=0 tx=0).stop
2024-04-18T04:28:12.144 INFO:teuthology.orchestra.run.smithi023.stdout:/usr/bin/ceph: stderr
2024-04-18T04:28:11.281+0000 7ffa6a4cb700 1 -- 172.21.15.23:0/2921640425 >> 172.21.15.23:0/2921640425 conn(0x7ffa640fccb0 msgr2=0x7ffa640ff0e0 unknown :-1 s=STATE_NONE l=0).mark_down
2024-04-18T04:28:12.144 INFO:teuthology.orchestra.run.smithi023.stdout:/usr/bin/ceph: stderr
2024-04-18T04:28:11.282+0000 7ffa6a4cb700 1 -- 172.21.15.23:0/2921640425 shutdown_connections
2024-04-18T04:28:12.144 INFO:teuthology.orchestra.run.smithi023.stdout:/usr/bin/ceph: stderr
2024-04-18T04:28:11.282+0000 7ffa6a4cb700 1 -- 172.21.15.23:0/2921640425 wait complete.
2024-04-18T04:28:12.144 INFO:teuthology.orchestra.run.smithi023.stdout:/usr/bin/ceph: stderr
2024-04-18T04:28:11.282+0000 7ffa6a4cb700 1 Processor -- start
2024-04-18T04:28:12.144 INFO:teuthology.orchestra.run.smithi023.stdout:/usr/bin/ceph: stderr
2024-04-18T04:28:11.282+0000 7ffa6a4cb700 1 -- start start
2024-04-18T04:28:12.144 INFO:teuthology.orchestra.run.smithi023.stdout:/usr/bin/ceph: stderr
2024-04-18T04:28:11.282+0000 7ffa6a4cb700 1 --2- >> [v2:172.21.15.23:3300/0,v1:172.21.15.23:6789/0] conn(0x7ffa64101550 0x7ffa64107720 unknown :-1 s=NONE pgs=0 cs=0 l=1 rev1=0 crypto rx=0 tx=0 comp rx=0 tx=0).connect
2024-04-18T04:28:12.144 INFO:teuthology.orchestra.run.smithi023.stdout:/usr/bin/ceph: stderr
2024-04-18T04:28:11.282+0000 7ffa6a4cb700 1 -- --> [v2:172.21.15.23:3300/0,v1:172.21.15.23:6789/0] -- mon_getmap magic: 0 v1 -- 0x7ffa64107c60 con 0x7ffa64101550
2024-04-18T04:28:12.145 INFO:teuthology.orchestra.run.smithi023.stdout:/usr/bin/ceph: stderr
2024-04-18T04:28:11.283+0000 7ffa63fff700 1 --2- >> [v2:172.21.15.23:3300/0,v1:172.21.15.23:6789/0] conn(0x7ffa64101550 0x7ffa64107720 unknown :-1 s=BANNER_CONNECTING pgs=0 cs=0 l=1 rev1=0 crypto rx=0 tx=0 comp rx=0 tx=0)._handle_peer_banner_payload supported=3 required=0
2024-04-18T04:28:12.145 INFO:teuthology.orchestra.run.smithi023.stdout:/usr/bin/ceph: stderr
2024-04-18T04:28:11.283+0000 7ffa63fff700 1 --2- >> [v2:172.21.15.23:3300/0,v1:172.21.15.23:6789/0] conn(0x7ffa64101550 0x7ffa64107720 unknown :-1 s=HELLO_CONNECTING pgs=0 cs=0 l=1 rev1=1 crypto rx=0 tx=0 comp rx=0 tx=0).handle_hello peer v2:172.21.15.23:3300/0 says I am v2:172.21.15.23:58144/0 (socket says 172.21.15.23:58144)
2024-04-18T04:28:12.145 INFO:teuthology.orchestra.run.smithi023.stdout:/usr/bin/ceph: stderr
2024-04-18T04:28:11.283+0000 7ffa63fff700 1 -- 172.21.15.23:0/2392523547 learned_addr learned my addr 172.21.15.23:0/2392523547 (peer_addr_for_me v2:172.21.15.23:0/0)
2024-04-18T04:28:12.145 INFO:teuthology.orchestra.run.smithi023.stdout:/usr/bin/ceph: stderr
2024-04-18T04:28:11.283+0000 7ffa63fff700 1 -- 172.21.15.23:0/2392523547 --> [v2:172.21.15.23:3300/0,v1:172.21.15.23:6789/0] -- mon_subscribe({config=0+,monmap=0+}) v3 -- 0x7ffa540094f0 con 0x7ffa64101550
2024-04-18T04:28:12.145 INFO:teuthology.orchestra.run.smithi023.stdout:/usr/bin/ceph: stderr
2024-04-18T04:28:11.283+0000 7ffa63fff700 1 --2- 172.21.15.23:0/2392523547 >> [v2:172.21.15.23:3300/0,v1:172.21.15.23:6789/0] conn(0x7ffa64101550 0x7ffa64107720 secure :-1 s=READY pgs=50 cs=0 l=1 rev1=1 crypto rx=0x7ffa54000c00 tx=0x7ffa54009250 comp rx=0 tx=0).ready entity=mon.0 client_cookie=0 server_cookie=0 in_seq=0 out_seq=0
2024-04-18T04:28:12.145 INFO:teuthology.orchestra.run.smithi023.stdout:/usr/bin/ceph: stderr
2024-04-18T04:28:11.283+0000 7ffa60ff9700 1 -- 172.21.15.23:0/2392523547 <== mon.0 v2:172.21.15.23:3300/0 1 ==== mon_map magic: 0 v1 ==== 229+0+0 (secure 0 0 0) 0x7ffa54010a80 con 0x7ffa64101550
2024-04-18T04:28:12.145 INFO:teuthology.orchestra.run.smithi023.stdout:/usr/bin/ceph: stderr
2024-04-18T04:28:11.283+0000 7ffa60ff9700 1 -- 172.21.15.23:0/2392523547 <== mon.0 v2:172.21.15.23:3300/0 2 ==== config(26 keys) v1 ==== 1009+0+0 (secure 0 0 0) 0x7ffa5401a430 con 0x7ffa64101550
2024-04-18T04:28:12.145 INFO:teuthology.orchestra.run.smithi023.stdout:/usr/bin/ceph: stderr
2024-04-18T04:28:11.283+0000 7ffa6a4cb700 1 -- 172.21.15.23:0/2392523547 --> [v2:172.21.15.23:3300/0,v1:172.21.15.23:6789/0] -- mon_subscribe({mgrmap=0+}) v3 -- 0x7ffa64105cd0 con 0x7ffa64101550
2024-04-18T04:28:12.145 INFO:teuthology.orchestra.run.smithi023.stdout:/usr/bin/ceph: stderr
2024-04-18T04:28:11.283+0000 7ffa60ff9700 1 -- 172.21.15.23:0/2392523547 <== mon.0 v2:172.21.15.23:3300/0 3 ==== mon_map magic: 0 v1 ==== 229+0+0 (secure 0 0 0) 0x7ffa540245b0 con 0x7ffa64101550
2024-04-18T04:28:12.145 INFO:teuthology.orchestra.run.smithi023.stdout:/usr/bin/ceph: stderr
2024-04-18T04:28:11.283+0000 7ffa6a4cb700 1 -- 172.21.15.23:0/2392523547 --> [v2:172.21.15.23:3300/0,v1:172.21.15.23:6789/0] -- mon_subscribe({osdmap=0}) v3 -- 0x7ffa641061c0 con 0x7ffa64101550
2024-04-18T04:28:12.145 INFO:teuthology.orchestra.run.smithi023.stdout:/usr/bin/ceph: stderr
2024-04-18T04:28:11.284+0000 7ffa60ff9700 1 -- 172.21.15.23:0/2392523547 <== mon.0 v2:172.21.15.23:3300/0 4 ==== mgrmap(e 8) v1 ==== 43376+0+0 (secure 0 0 0) 0x7ffa540247a0 con 0x7ffa64101550
2024-04-18T04:28:12.145 INFO:teuthology.orchestra.run.smithi023.stdout:/usr/bin/ceph: stderr
2024-04-18T04:28:11.284+0000 7ffa6a4cb700 1 -- 172.21.15.23:0/2392523547 --> [v2:172.21.15.23:3300/0,v1:172.21.15.23:6789/0] -- mon_command({"prefix": "get_command_descriptions"} v 0) v1 -- 0x7ffa6404bed0 con 0x7ffa64101550
2024-04-18T04:28:12.145 INFO:teuthology.orchestra.run.smithi023.stdout:/usr/bin/ceph: stderr
2024-04-18T04:28:11.284+0000 7ffa60ff9700 1 --2- 172.21.15.23:0/2392523547 >> [v2:172.21.15.23:6800/2031931682,v1:172.21.15.23:6801/2031931682] conn(0x7ffa4c0367e0 0x7ffa4c038c90 unknown :-1 s=NONE pgs=0 cs=0 l=1 rev1=0 crypto rx=0 tx=0 comp rx=0 tx=0).connect
2024-04-18T04:28:12.146 INFO:teuthology.orchestra.run.smithi023.stdout:/usr/bin/ceph: stderr
2024-04-18T04:28:11.284+0000 7ffa60ff9700 1 -- 172.21.15.23:0/2392523547 <== mon.0 v2:172.21.15.23:3300/0 5 ==== osd_map(2..2 src has 1..2) v4 ==== 936+0+0 (secure 0 0 0) 0x7ffa5404ad10 con 0x7ffa64101550
2024-04-18T04:28:12.146 INFO:teuthology.orchestra.run.smithi023.stdout:/usr/bin/ceph: stderr
2024-04-18T04:28:11.284+0000 7ffa637fe700 1 --2- 172.21.15.23:0/2392523547 >> [v2:172.21.15.23:6800/2031931682,v1:172.21.15.23:6801/2031931682] conn(0x7ffa4c0367e0 0x7ffa4c038c90 unknown :-1 s=BANNER_CONNECTING pgs=0 cs=0 l=1 rev1=0 crypto rx=0 tx=0 comp rx=0 tx=0)._handle_peer_banner_payload supported=3 required=0
2024-04-18T04:28:12.146 INFO:teuthology.orchestra.run.smithi023.stdout:/usr/bin/ceph: stderr
2024-04-18T04:28:11.285+0000 7ffa637fe700 1 --2- 172.21.15.23:0/2392523547 >> [v2:172.21.15.23:6800/2031931682,v1:172.21.15.23:6801/2031931682] conn(0x7ffa4c0367e0 0x7ffa4c038c90 secure :-1 s=READY pgs=13 cs=0 l=1 rev1=1 crypto rx=0x7ffa58009990 tx=0x7ffa58006e40 comp rx=0 tx=0).ready entity=mgr.14120 client_cookie=0 server_cookie=0 in_seq=0 out_seq=0
2024-04-18T04:28:12.146 INFO:teuthology.orchestra.run.smithi023.stdout:/usr/bin/ceph: stderr
2024-04-18T04:28:11.289+0000 7ffa60ff9700 1 -- 172.21.15.23:0/2392523547 <== mon.0 v2:172.21.15.23:3300/0 6 ==== mon_command_ack([{"prefix": "get_command_descriptions"}]=0 v0) v1 ==== 72+0+176702 (secure 0 0 0) 0x7ffa54023bc0 con 0x7ffa64101550
2024-04-18T04:28:12.146 INFO:teuthology.orchestra.run.smithi023.stdout:/usr/bin/ceph: stderr
2024-04-18T04:28:11.493+0000 7ffa6a4cb700 1 -- 172.21.15.23:0/2392523547 --> [v2:172.21.15.23:6800/2031931682,v1:172.21.15.23:6801/2031931682] -- mgr_command(tid 0: {"prefix": "orch apply", "service_type": "mgr", "target": ["mon-mgr", ""]}) v1 -- 0x7ffa6410b3a0 con 0x7ffa4c0367e0
2024-04-18T04:28:12.146 INFO:teuthology.orchestra.run.smithi023.stdout:/usr/bin/ceph: stderr
2024-04-18T04:28:11.499+0000 7ffa60ff9700 1 -- 172.21.15.23:0/2392523547 <== mgr.14120 v2:172.21.15.23:6800/2031931682 1 ==== mgr_command_reply(tid 0: 0 ) v1 ==== 8+0+24 (secure 0 0 0) 0x7ffa6410b3a0 con 0x7ffa4c0367e0
2024-04-18T04:28:12.146 INFO:teuthology.orchestra.run.smithi023.stdout:/usr/bin/ceph: stderr
2024-04-18T04:28:11.501+0000 7ffa6a4cb700 1 -- 172.21.15.23:0/2392523547 >> [v2:172.21.15.23:6800/2031931682,v1:172.21.15.23:6801/2031931682] conn(0x7ffa4c0367e0 msgr2=0x7ffa4c038c90 secure :-1 s=STATE_CONNECTION_ESTABLISHED l=1).mark_down
2024-04-18T04:28:12.146 INFO:teuthology.orchestra.run.smithi023.stdout:/usr/bin/ceph: stderr
2024-04-18T04:28:11.501+0000 7ffa6a4cb700 1 --2- 172.21.15.23:0/2392523547 >> [v2:172.21.15.23:6800/2031931682,v1:172.21.15.23:6801/2031931682] conn(0x7ffa4c0367e0 0x7ffa4c038c90 secure :-1 s=READY pgs=13 cs=0 l=1 rev1=1 crypto rx=0x7ffa58009990 tx=0x7ffa58006e40 comp rx=0 tx=0).stop
2024-04-18T04:28:12.146 INFO:teuthology.orchestra.run.smithi023.stdout:/usr/bin/ceph: stderr
2024-04-18T04:28:11.501+0000 7ffa6a4cb700 1 -- 172.21.15.23:0/2392523547 >> [v2:172.21.15.23:3300/0,v1:172.21.15.23:6789/0] conn(0x7ffa64101550 msgr2=0x7ffa64107720 secure :-1 s=STATE_CONNECTION_ESTABLISHED l=1).mark_down
2024-04-18T04:28:12.146 INFO:teuthology.orchestra.run.smithi023.stdout:/usr/bin/ceph: stderr
2024-04-18T04:28:11.501+0000 7ffa6a4cb700 1 --2- 172.21.15.23:0/2392523547 >> [v2:172.21.15.23:3300/0,v1:172.21.15.23:6789/0] conn(0x7ffa64101550 0x7ffa64107720 secure :-1 s=READY pgs=50 cs=0 l=1 rev1=1 crypto rx=0x7ffa54000c00 tx=0x7ffa54009250 comp rx=0 tx=0).stop
2024-04-18T04:28:12.146 INFO:teuthology.orchestra.run.smithi023.stdout:/usr/bin/ceph: stderr
2024-04-18T04:28:11.501+0000 7ffa6a4cb700 1 -- 172.21.15.23:0/2392523547 shutdown_connections
2024-04-18T04:28:12.146 INFO:teuthology.orchestra.run.smithi023.stdout:/usr/bin/ceph: stderr
2024-04-18T04:28:11.501+0000 7ffa6a4cb700 1 --2- 172.21.15.23:0/2392523547 >> [v2:172.21.15.23:6800/2031931682,v1:172.21.15.23:6801/2031931682] conn(0x7ffa4c0367e0 0x7ffa4c038c90 unknown :-1 s=CLOSED pgs=13 cs=0 l=1 rev1=1 crypto rx=0 tx=0 comp rx=0 tx=0).stop
2024-04-18T04:28:12.147 INFO:teuthology.orchestra.run.smithi023.stdout:/usr/bin/ceph: stderr
2024-04-18T04:28:11.501+0000 7ffa6a4cb700 1 --2- 172.21.15.23:0/2392523547 >> [v2:172.21.15.23:3300/0,v1:172.21.15.23:6789/0] conn(0x7ffa64101550 0x7ffa64107720 unknown :-1 s=CLOSED pgs=50 cs=0 l=1 rev1=1 crypto rx=0 tx=0 comp rx=0 tx=0).stop
2024-04-18T04:28:12.147 INFO:teuthology.orchestra.run.smithi023.stdout:/usr/bin/ceph: stderr
2024-04-18T04:28:11.501+0000 7ffa6a4cb700 1 -- 172.21.15.23:0/2392523547 >> 172.21.15.23:0/2392523547 conn(0x7ffa640fccb0 msgr2=0x7ffa640fdba0 unknown :-1 s=STATE_NONE l=0).mark_down
2024-04-18T04:28:12.147 INFO:teuthology.orchestra.run.smithi023.stdout:/usr/bin/ceph: stderr
2024-04-18T04:28:11.502+0000 7ffa6a4cb700 1 -- 172.21.15.23:0/2392523547 shutdown_connections
2024-04-18T04:28:12.147 INFO:teuthology.orchestra.run.smithi023.stdout:/usr/bin/ceph: stderr
2024-04-18T04:28:11.502+0000 7ffa6a4cb700 1 -- 172.21.15.23:0/2392523547 wait complete.
2024-04-18T04:28:12.147 INFO:teuthology.orchestra.run.smithi023.stdout:Deploying crash service with default placement...
2024-04-18T04:28:12.869 INFO:journalctl@ceph.mon.smithi023.smithi023.stdout:Apr 18 04:28:12 smithi023 ceph-mon[39803]: from='client.14144 -' entity='client.admin' cmd=[{"prefix": "orch apply", "service_type": "mgr", "target": ["mon-mgr", ""]}]: dispatch
2024-04-18T04:28:12.869 INFO:journalctl@ceph.mon.smithi023.smithi023.stdout:Apr 18 04:28:12 smithi023 ceph-mon[39803]: Saving service mgr spec with placement count:2
2024-04-18T04:28:12.869 INFO:journalctl@ceph.mon.smithi023.smithi023.stdout:Apr 18 04:28:12 smithi023 ceph-mon[39803]: from='mgr.14120 172.21.15.23:0/4260889580' entity='mgr.smithi023.wvavts'
2024-04-18T04:28:12.869 INFO:journalctl@ceph.mon.smithi023.smithi023.stdout:Apr 18 04:28:12 smithi023 ceph-mon[39803]: from='mgr.14120 172.21.15.23:0/4260889580' entity='mgr.smithi023.wvavts'
2024-04-18T04:28:12.869 INFO:journalctl@ceph.mon.smithi023.smithi023.stdout:Apr 18 04:28:12 smithi023 ceph-mon[39803]: from='mgr.14120 172.21.15.23:0/4260889580' entity='mgr.smithi023.wvavts'
2024-04-18T04:28:13.766 INFO:teuthology.orchestra.run.smithi023.stdout:/usr/bin/ceph: stdout Scheduled crash update...
2024-04-18T04:28:13.766 INFO:teuthology.orchestra.run.smithi023.stdout:/usr/bin/ceph: stderr
2024-04-18T04:28:12.689+0000 7f22ef7f4700 1 Processor -- start
2024-04-18T04:28:13.766 INFO:teuthology.orchestra.run.smithi023.stdout:/usr/bin/ceph: stderr
2024-04-18T04:28:12.690+0000 7f22ef7f4700 1 -- start start
2024-04-18T04:28:13.767 INFO:teuthology.orchestra.run.smithi023.stdout:/usr/bin/ceph: stderr
2024-04-18T04:28:12.690+0000 7f22ef7f4700 1 --2- >> [v2:172.21.15.23:3300/0,v1:172.21.15.23:6789/0] conn(0x7f22e81009d0 0x7f22e8100de0 unknown :-1 s=NONE pgs=0 cs=0 l=0 rev1=0 crypto rx=0 tx=0 comp rx=0 tx=0).connect
2024-04-18T04:28:13.767 INFO:teuthology.orchestra.run.smithi023.stdout:/usr/bin/ceph: stderr
2024-04-18T04:28:12.690+0000 7f22ef7f4700 1 -- --> [v2:172.21.15.23:3300/0,v1:172.21.15.23:6789/0] -- mon_getmap magic: 0 v1 -- 0x7f22e81013b0 con 0x7f22e81009d0
2024-04-18T04:28:13.767 INFO:teuthology.orchestra.run.smithi023.stdout:/usr/bin/ceph: stderr
2024-04-18T04:28:12.690+0000 7f22ed590700 1 --2- >> [v2:172.21.15.23:3300/0,v1:172.21.15.23:6789/0] conn(0x7f22e81009d0 0x7f22e8100de0 unknown :-1 s=BANNER_CONNECTING pgs=0 cs=0 l=0 rev1=0 crypto rx=0 tx=0 comp rx=0 tx=0)._handle_peer_banner_payload supported=3 required=0
2024-04-18T04:28:13.767 INFO:teuthology.orchestra.run.smithi023.stdout:/usr/bin/ceph: stderr
2024-04-18T04:28:12.690+0000 7f22ed590700 1 --2- >> [v2:172.21.15.23:3300/0,v1:172.21.15.23:6789/0] conn(0x7f22e81009d0 0x7f22e8100de0 unknown :-1 s=HELLO_CONNECTING pgs=0 cs=0 l=0 rev1=1 crypto rx=0 tx=0 comp rx=0 tx=0).handle_hello peer v2:172.21.15.23:3300/0 says I am v2:172.21.15.23:58158/0 (socket says 172.21.15.23:58158)
2024-04-18T04:28:13.767 INFO:teuthology.orchestra.run.smithi023.stdout:/usr/bin/ceph: stderr
2024-04-18T04:28:12.690+0000 7f22ed590700 1 -- 172.21.15.23:0/302262573 learned_addr learned my addr 172.21.15.23:0/302262573 (peer_addr_for_me v2:172.21.15.23:0/0)
2024-04-18T04:28:13.767 INFO:teuthology.orchestra.run.smithi023.stdout:/usr/bin/ceph: stderr
2024-04-18T04:28:12.690+0000 7f22ed590700 1 -- 172.21.15.23:0/302262573 --> [v2:172.21.15.23:3300/0,v1:172.21.15.23:6789/0] -- mon_subscribe({config=0+,monmap=0+}) v3 -- 0x7f22e81014f0 con 0x7f22e81009d0
2024-04-18T04:28:13.767 INFO:teuthology.orchestra.run.smithi023.stdout:/usr/bin/ceph: stderr
2024-04-18T04:28:12.690+0000 7f22ed590700 1 --2- 172.21.15.23:0/302262573 >> [v2:172.21.15.23:3300/0,v1:172.21.15.23:6789/0] conn(0x7f22e81009d0 0x7f22e8100de0 secure :-1 s=READY pgs=51 cs=0 l=1 rev1=1 crypto rx=0x7f22e40098e0 tx=0x7f22e4009250 comp rx=0 tx=0).ready entity=mon.0 client_cookie=b1969085e17d1c16 server_cookie=0 in_seq=0 out_seq=0
2024-04-18T04:28:13.767 INFO:teuthology.orchestra.run.smithi023.stdout:/usr/bin/ceph: stderr
2024-04-18T04:28:12.691+0000 7f22dffff700 1 -- 172.21.15.23:0/302262573 <== mon.0 v2:172.21.15.23:3300/0 1 ==== mon_map magic: 0 v1 ==== 229+0+0 (secure 0 0 0) 0x7f22e400b860 con 0x7f22e81009d0
2024-04-18T04:28:13.767 INFO:teuthology.orchestra.run.smithi023.stdout:/usr/bin/ceph: stderr
2024-04-18T04:28:12.691+0000 7f22dffff700 1 -- 172.21.15.23:0/302262573 <== mon.0 v2:172.21.15.23:3300/0 2 ==== config(26 keys) v1 ==== 1074+0+0 (secure 0 0 0) 0x7f22e400be70 con 0x7f22e81009d0
2024-04-18T04:28:13.767 INFO:teuthology.orchestra.run.smithi023.stdout:/usr/bin/ceph: stderr
2024-04-18T04:28:12.691+0000 7f22dffff700 1 -- 172.21.15.23:0/302262573 <== mon.0 v2:172.21.15.23:3300/0 3 ==== mon_map magic: 0 v1 ==== 229+0+0 (secure 0 0 0) 0x7f22e4010380 con 0x7f22e81009d0
2024-04-18T04:28:13.767 INFO:teuthology.orchestra.run.smithi023.stdout:/usr/bin/ceph: stderr
2024-04-18T04:28:12.691+0000 7f22ef7f4700 1 -- 172.21.15.23:0/302262573 >> [v2:172.21.15.23:3300/0,v1:172.21.15.23:6789/0] conn(0x7f22e81009d0 msgr2=0x7f22e8100de0 secure :-1 s=STATE_CONNECTION_ESTABLISHED l=1).mark_down
2024-04-18T04:28:13.767 INFO:teuthology.orchestra.run.smithi023.stdout:/usr/bin/ceph: stderr
2024-04-18T04:28:12.691+0000 7f22ef7f4700 1 --2- 172.21.15.23:0/302262573 >> [v2:172.21.15.23:3300/0,v1:172.21.15.23:6789/0] conn(0x7f22e81009d0 0x7f22e8100de0 secure :-1 s=READY pgs=51 cs=0 l=1 rev1=1 crypto rx=0x7f22e40098e0 tx=0x7f22e4009250 comp rx=0 tx=0).stop
2024-04-18T04:28:13.767 INFO:teuthology.orchestra.run.smithi023.stdout:/usr/bin/ceph: stderr
2024-04-18T04:28:12.691+0000 7f22ef7f4700 1 -- 172.21.15.23:0/302262573 shutdown_connections
2024-04-18T04:28:13.768 INFO:teuthology.orchestra.run.smithi023.stdout:/usr/bin/ceph: stderr
2024-04-18T04:28:12.691+0000 7f22ef7f4700 1 --2- 172.21.15.23:0/302262573 >> [v2:172.21.15.23:3300/0,v1:172.21.15.23:6789/0] conn(0x7f22e81009d0 0x7f22e8100de0 unknown :-1 s=CLOSED pgs=51 cs=0 l=1 rev1=1 crypto rx=0 tx=0 comp rx=0 tx=0).stop
2024-04-18T04:28:13.768 INFO:teuthology.orchestra.run.smithi023.stdout:/usr/bin/ceph: stderr
2024-04-18T04:28:12.691+0000 7f22ef7f4700 1 -- 172.21.15.23:0/302262573 >> 172.21.15.23:0/302262573 conn(0x7f22e80fc430 msgr2=0x7f22e80fe840 unknown :-1 s=STATE_NONE l=0).mark_down
2024-04-18T04:28:13.768 INFO:teuthology.orchestra.run.smithi023.stdout:/usr/bin/ceph: stderr
2024-04-18T04:28:12.691+0000 7f22ef7f4700 1 -- 172.21.15.23:0/302262573 shutdown_connections
2024-04-18T04:28:13.768 INFO:teuthology.orchestra.run.smithi023.stdout:/usr/bin/ceph: stderr
2024-04-18T04:28:12.691+0000 7f22ef7f4700 1 -- 172.21.15.23:0/302262573 wait complete.
2024-04-18T04:28:13.768 INFO:teuthology.orchestra.run.smithi023.stdout:/usr/bin/ceph: stderr
2024-04-18T04:28:12.692+0000 7f22ef7f4700 1 Processor -- start
2024-04-18T04:28:13.768 INFO:teuthology.orchestra.run.smithi023.stdout:/usr/bin/ceph: stderr
2024-04-18T04:28:12.692+0000 7f22ef7f4700 1 -- start start
2024-04-18T04:28:13.768 INFO:teuthology.orchestra.run.smithi023.stdout:/usr/bin/ceph: stderr
2024-04-18T04:28:12.692+0000 7f22ef7f4700 1 --2- >> [v2:172.21.15.23:3300/0,v1:172.21.15.23:6789/0] conn(0x7f22e81009d0 0x7f22e8103400 unknown :-1 s=NONE pgs=0 cs=0 l=1 rev1=0 crypto rx=0 tx=0 comp rx=0 tx=0).connect
2024-04-18T04:28:13.768 INFO:teuthology.orchestra.run.smithi023.stdout:/usr/bin/ceph: stderr
2024-04-18T04:28:12.692+0000 7f22ef7f4700 1 -- --> [v2:172.21.15.23:3300/0,v1:172.21.15.23:6789/0] -- mon_getmap magic: 0 v1 -- 0x7f22e8103940 con 0x7f22e81009d0
2024-04-18T04:28:13.768 INFO:teuthology.orchestra.run.smithi023.stdout:/usr/bin/ceph: stderr
2024-04-18T04:28:12.692+0000 7f22ed590700 1 --2- >> [v2:172.21.15.23:3300/0,v1:172.21.15.23:6789/0] conn(0x7f22e81009d0 0x7f22e8103400 unknown :-1 s=BANNER_CONNECTING pgs=0 cs=0 l=1 rev1=0 crypto rx=0 tx=0 comp rx=0 tx=0)._handle_peer_banner_payload supported=3 required=0
2024-04-18T04:28:13.768 INFO:teuthology.orchestra.run.smithi023.stdout:/usr/bin/ceph: stderr
2024-04-18T04:28:12.692+0000 7f22ed590700 1 --2- >> [v2:172.21.15.23:3300/0,v1:172.21.15.23:6789/0] conn(0x7f22e81009d0 0x7f22e8103400 unknown :-1 s=HELLO_CONNECTING pgs=0 cs=0 l=1 rev1=1 crypto rx=0 tx=0 comp rx=0 tx=0).handle_hello peer v2:172.21.15.23:3300/0 says I am v2:172.21.15.23:58174/0 (socket says 172.21.15.23:58174)
2024-04-18T04:28:13.769 INFO:teuthology.orchestra.run.smithi023.stdout:/usr/bin/ceph: stderr
2024-04-18T04:28:12.692+0000 7f22ed590700 1 -- 172.21.15.23:0/222392186 learned_addr learned my addr 172.21.15.23:0/222392186 (peer_addr_for_me v2:172.21.15.23:0/0)
2024-04-18T04:28:13.769 INFO:teuthology.orchestra.run.smithi023.stdout:/usr/bin/ceph: stderr
2024-04-18T04:28:12.692+0000 7f22ed590700 1 -- 172.21.15.23:0/222392186 --> [v2:172.21.15.23:3300/0,v1:172.21.15.23:6789/0] -- mon_subscribe({config=0+,monmap=0+}) v3 -- 0x7f22e40094f0 con 0x7f22e81009d0
2024-04-18T04:28:13.769 INFO:teuthology.orchestra.run.smithi023.stdout:/usr/bin/ceph: stderr
2024-04-18T04:28:12.692+0000 7f22ed590700 1 --2- 172.21.15.23:0/222392186 >> [v2:172.21.15.23:3300/0,v1:172.21.15.23:6789/0] conn(0x7f22e81009d0 0x7f22e8103400 secure :-1 s=READY pgs=52 cs=0 l=1 rev1=1 crypto rx=0x7f22e400c010 tx=0x7f22e4009250 comp rx=0 tx=0).ready entity=mon.0 client_cookie=0 server_cookie=0 in_seq=0 out_seq=0
2024-04-18T04:28:13.769 INFO:teuthology.orchestra.run.smithi023.stdout:/usr/bin/ceph: stderr
2024-04-18T04:28:12.693+0000 7f22ddffb700 1 -- 172.21.15.23:0/222392186 <== mon.0 v2:172.21.15.23:3300/0 1 ==== mon_map magic: 0 v1 ==== 229+0+0 (secure 0 0 0) 0x7f22e4010960 con 0x7f22e81009d0
2024-04-18T04:28:13.769 INFO:teuthology.orchestra.run.smithi023.stdout:/usr/bin/ceph: stderr
2024-04-18T04:28:12.693+0000 7f22ddffb700 1 -- 172.21.15.23:0/222392186 <== mon.0 v2:172.21.15.23:3300/0 2 ==== config(26 keys) v1 ==== 1074+0+0 (secure 0 0 0) 0x7f22e401a430 con 0x7f22e81009d0
2024-04-18T04:28:13.769 INFO:teuthology.orchestra.run.smithi023.stdout:/usr/bin/ceph: stderr
2024-04-18T04:28:12.693+0000 7f22ef7f4700 1 -- 172.21.15.23:0/222392186 --> [v2:172.21.15.23:3300/0,v1:172.21.15.23:6789/0] -- mon_subscribe({mgrmap=0+}) v3 -- 0x7f22e81019b0 con 0x7f22e81009d0
2024-04-18T04:28:13.769 INFO:teuthology.orchestra.run.smithi023.stdout:/usr/bin/ceph: stderr
2024-04-18T04:28:12.693+0000 7f22ddffb700 1 -- 172.21.15.23:0/222392186 <== mon.0 v2:172.21.15.23:3300/0 3 ==== mon_map magic: 0 v1 ==== 229+0+0 (secure 0 0 0) 0x7f22e40245b0 con 0x7f22e81009d0
2024-04-18T04:28:13.769 INFO:teuthology.orchestra.run.smithi023.stdout:/usr/bin/ceph: stderr
2024-04-18T04:28:12.693+0000 7f22ef7f4700 1 -- 172.21.15.23:0/222392186 --> [v2:172.21.15.23:3300/0,v1:172.21.15.23:6789/0] -- mon_subscribe({osdmap=0}) v3 -- 0x7f22e8101ea0 con 0x7f22e81009d0
2024-04-18T04:28:13.769 INFO:teuthology.orchestra.run.smithi023.stdout:/usr/bin/ceph: stderr
2024-04-18T04:28:12.694+0000 7f22ddffb700 1 -- 172.21.15.23:0/222392186 <== mon.0 v2:172.21.15.23:3300/0 4 ==== mgrmap(e 8) v1 ==== 43376+0+0 (secure 0 0 0) 0x7f22e40247a0 con 0x7f22e81009d0
2024-04-18T04:28:13.769 INFO:teuthology.orchestra.run.smithi023.stdout:/usr/bin/ceph: stderr
2024-04-18T04:28:12.694+0000 7f22ef7f4700 1 -- 172.21.15.23:0/222392186 --> [v2:172.21.15.23:3300/0,v1:172.21.15.23:6789/0] -- mon_command({"prefix": "get_command_descriptions"} v 0) v1 -- 0x7f22e804bed0 con 0x7f22e81009d0
2024-04-18T04:28:13.769 INFO:teuthology.orchestra.run.smithi023.stdout:/usr/bin/ceph: stderr
2024-04-18T04:28:12.694+0000 7f22ddffb700 1 --2- 172.21.15.23:0/222392186 >> [v2:172.21.15.23:6800/2031931682,v1:172.21.15.23:6801/2031931682] conn(0x7f22d40367e0 0x7f22d4038c90 unknown :-1 s=NONE pgs=0 cs=0 l=1 rev1=0 crypto rx=0 tx=0 comp rx=0 tx=0).connect
2024-04-18T04:28:13.769 INFO:teuthology.orchestra.run.smithi023.stdout:/usr/bin/ceph: stderr
2024-04-18T04:28:12.694+0000 7f22ddffb700 1 -- 172.21.15.23:0/222392186 <== mon.0 v2:172.21.15.23:3300/0 5 ==== osd_map(2..2 src has 1..2) v4 ==== 936+0+0 (secure 0 0 0) 0x7f22e404a7e0 con 0x7f22e81009d0
2024-04-18T04:28:13.769 INFO:teuthology.orchestra.run.smithi023.stdout:/usr/bin/ceph: stderr
2024-04-18T04:28:12.694+0000 7f22ecd8f700 1 --2- 172.21.15.23:0/222392186 >> [v2:172.21.15.23:6800/2031931682,v1:172.21.15.23:6801/2031931682] conn(0x7f22d40367e0 0x7f22d4038c90 unknown :-1 s=BANNER_CONNECTING pgs=0 cs=0 l=1 rev1=0 crypto rx=0 tx=0 comp rx=0 tx=0)._handle_peer_banner_payload supported=3 required=0
2024-04-18T04:28:13.769 INFO:teuthology.orchestra.run.smithi023.stdout:/usr/bin/ceph: stderr
2024-04-18T04:28:12.695+0000 7f22ecd8f700 1 --2- 172.21.15.23:0/222392186 >> [v2:172.21.15.23:6800/2031931682,v1:172.21.15.23:6801/2031931682] conn(0x7f22d40367e0 0x7f22d4038c90 secure :-1 s=READY pgs=14 cs=0 l=1 rev1=1 crypto rx=0x7f22d8009990 tx=0x7f22d8006e40 comp rx=0 tx=0).ready entity=mgr.14120 client_cookie=0 server_cookie=0 in_seq=0 out_seq=0
2024-04-18T04:28:13.769 INFO:teuthology.orchestra.run.smithi023.stdout:/usr/bin/ceph: stderr
2024-04-18T04:28:12.699+0000 7f22ddffb700 1 -- 172.21.15.23:0/222392186 <== mon.0 v2:172.21.15.23:3300/0 6 ==== mon_command_ack([{"prefix": "get_command_descriptions"}]=0 v0) v1 ==== 72+0+176702 (secure 0 0 0) 0x7f22e40188b0 con 0x7f22e81009d0
2024-04-18T04:28:13.770 INFO:teuthology.orchestra.run.smithi023.stdout:/usr/bin/ceph: stderr
2024-04-18T04:28:12.916+0000 7f22ef7f4700 1 -- 172.21.15.23:0/222392186 --> [v2:172.21.15.23:6800/2031931682,v1:172.21.15.23:6801/2031931682] -- mgr_command(tid 0: {"prefix": "orch apply", "service_type": "crash", "target": ["mon-mgr", ""]}) v1 -- 0x7f22e81025b0 con 0x7f22d40367e0
2024-04-18T04:28:13.770 INFO:teuthology.orchestra.run.smithi023.stdout:/usr/bin/ceph: stderr
2024-04-18T04:28:12.925+0000 7f22ddffb700 1 -- 172.21.15.23:0/222392186 <== mgr.14120 v2:172.21.15.23:6800/2031931682 1 ==== mgr_command_reply(tid 0: 0 ) v1 ==== 8+0+26 (secure 0 0 0) 0x7f22e81025b0 con 0x7f22d40367e0
2024-04-18T04:28:13.770 INFO:teuthology.orchestra.run.smithi023.stdout:/usr/bin/ceph: stderr
2024-04-18T04:28:12.927+0000 7f22ef7f4700 1 -- 172.21.15.23:0/222392186 >> [v2:172.21.15.23:6800/2031931682,v1:172.21.15.23:6801/2031931682] conn(0x7f22d40367e0 msgr2=0x7f22d4038c90 secure :-1 s=STATE_CONNECTION_ESTABLISHED l=1).mark_down
2024-04-18T04:28:13.770 INFO:teuthology.orchestra.run.smithi023.stdout:/usr/bin/ceph: stderr
2024-04-18T04:28:12.927+0000 7f22ef7f4700 1 --2- 172.21.15.23:0/222392186 >> [v2:172.21.15.23:6800/2031931682,v1:172.21.15.23:6801/2031931682] conn(0x7f22d40367e0 0x7f22d4038c90 secure :-1 s=READY pgs=14 cs=0 l=1 rev1=1 crypto rx=0x7f22d8009990 tx=0x7f22d8006e40 comp rx=0 tx=0).stop
2024-04-18T04:28:13.770 INFO:teuthology.orchestra.run.smithi023.stdout:/usr/bin/ceph: stderr
2024-04-18T04:28:12.927+0000 7f22ef7f4700 1 -- 172.21.15.23:0/222392186 >> [v2:172.21.15.23:3300/0,v1:172.21.15.23:6789/0] conn(0x7f22e81009d0 msgr2=0x7f22e8103400 secure :-1 s=STATE_CONNECTION_ESTABLISHED l=1).mark_down
2024-04-18T04:28:13.770 INFO:teuthology.orchestra.run.smithi023.stdout:/usr/bin/ceph: stderr
2024-04-18T04:28:12.927+0000 7f22ef7f4700 1 --2- 172.21.15.23:0/222392186 >> [v2:172.21.15.23:3300/0,v1:172.21.15.23:6789/0] conn(0x7f22e81009d0 0x7f22e8103400 secure :-1 s=READY pgs=52 cs=0 l=1 rev1=1 crypto rx=0x7f22e400c010 tx=0x7f22e4009250 comp rx=0 tx=0).stop
2024-04-18T04:28:13.770 INFO:teuthology.orchestra.run.smithi023.stdout:/usr/bin/ceph: stderr
2024-04-18T04:28:12.927+0000 7f22ef7f4700 1 -- 172.21.15.23:0/222392186 shutdown_connections
2024-04-18T04:28:13.770 INFO:teuthology.orchestra.run.smithi023.stdout:/usr/bin/ceph: stderr
2024-04-18T04:28:12.927+0000 7f22ef7f4700 1 --2- 172.21.15.23:0/222392186 >> [v2:172.21.15.23:6800/2031931682,v1:172.21.15.23:6801/2031931682] conn(0x7f22d40367e0 0x7f22d4038c90 unknown :-1 s=CLOSED pgs=14 cs=0 l=1 rev1=1 crypto rx=0 tx=0 comp rx=0 tx=0).stop
2024-04-18T04:28:13.770 INFO:teuthology.orchestra.run.smithi023.stdout:/usr/bin/ceph: stderr
2024-04-18T04:28:12.927+0000 7f22ef7f4700 1 --2- 172.21.15.23:0/222392186 >> [v2:172.21.15.23:3300/0,v1:172.21.15.23:6789/0] conn(0x7f22e81009d0 0x7f22e8103400 unknown :-1 s=CLOSED pgs=52 cs=0 l=1 rev1=1 crypto rx=0 tx=0 comp rx=0 tx=0).stop
2024-04-18T04:28:13.770 INFO:teuthology.orchestra.run.smithi023.stdout:/usr/bin/ceph: stderr
2024-04-18T04:28:12.927+0000 7f22ef7f4700 1 -- 172.21.15.23:0/222392186 >> 172.21.15.23:0/222392186 conn(0x7f22e80fc430 msgr2=0x7f22e80fcfb0 unknown :-1 s=STATE_NONE l=0).mark_down
2024-04-18T04:28:13.770 INFO:teuthology.orchestra.run.smithi023.stdout:/usr/bin/ceph: stderr
2024-04-18T04:28:12.927+0000 7f22ef7f4700 1 -- 172.21.15.23:0/222392186 shutdown_connections
2024-04-18T04:28:13.770 INFO:teuthology.orchestra.run.smithi023.stdout:/usr/bin/ceph: stderr
2024-04-18T04:28:12.927+0000 7f22ef7f4700 1 -- 172.21.15.23:0/222392186 wait complete.
2024-04-18T04:28:13.770 INFO:teuthology.orchestra.run.smithi023.stdout:Deploying prometheus service with default placement...
2024-04-18T04:28:14.119 INFO:journalctl@ceph.mon.smithi023.smithi023.stdout:Apr 18 04:28:13 smithi023 ceph-mon[39803]: from='client.14146 -' entity='client.admin' cmd=[{"prefix": "orch apply", "service_type": "crash", "target": ["mon-mgr", ""]}]: dispatch
2024-04-18T04:28:14.119 INFO:journalctl@ceph.mon.smithi023.smithi023.stdout:Apr 18 04:28:13 smithi023 ceph-mon[39803]: Saving service crash spec with placement *
2024-04-18T04:28:14.119 INFO:journalctl@ceph.mon.smithi023.smithi023.stdout:Apr 18 04:28:13 smithi023 ceph-mon[39803]: from='mgr.14120 172.21.15.23:0/4260889580' entity='mgr.smithi023.wvavts'
2024-04-18T04:28:15.474 INFO:teuthology.orchestra.run.smithi023.stdout:/usr/bin/ceph: stdout Scheduled prometheus update...
2024-04-18T04:28:15.475 INFO:teuthology.orchestra.run.smithi023.stdout:/usr/bin/ceph: stderr
2024-04-18T04:28:14.578+0000 7f48e0b72700 1 Processor -- start
2024-04-18T04:28:15.475 INFO:teuthology.orchestra.run.smithi023.stdout:/usr/bin/ceph: stderr
2024-04-18T04:28:14.578+0000 7f48e0b72700 1 -- start start
2024-04-18T04:28:15.475 INFO:teuthology.orchestra.run.smithi023.stdout:/usr/bin/ceph: stderr
2024-04-18T04:28:14.578+0000 7f48e0b72700 1 --2- >> [v2:172.21.15.23:3300/0,v1:172.21.15.23:6789/0] conn(0x7f48dc102c20 0x7f48dc103030 unknown :-1 s=NONE pgs=0 cs=0 l=0 rev1=0 crypto rx=0 tx=0 comp rx=0 tx=0).connect
2024-04-18T04:28:15.475 INFO:teuthology.orchestra.run.smithi023.stdout:/usr/bin/ceph: stderr
2024-04-18T04:28:14.578+0000 7f48e0b72700 1 -- --> [v2:172.21.15.23:3300/0,v1:172.21.15.23:6789/0] -- mon_getmap magic: 0 v1 -- 0x7f48dc070c90 con 0x7f48dc102c20
2024-04-18T04:28:15.475 INFO:teuthology.orchestra.run.smithi023.stdout:/usr/bin/ceph: stderr
2024-04-18T04:28:14.579+0000 7f48da59c700 1 --2- >> [v2:172.21.15.23:3300/0,v1:172.21.15.23:6789/0] conn(0x7f48dc102c20 0x7f48dc103030 unknown :-1 s=BANNER_CONNECTING pgs=0 cs=0 l=0 rev1=0 crypto rx=0 tx=0 comp rx=0 tx=0)._handle_peer_banner_payload supported=3 required=0
2024-04-18T04:28:15.475 INFO:teuthology.orchestra.run.smithi023.stdout:/usr/bin/ceph: stderr
2024-04-18T04:28:14.579+0000 7f48da59c700 1 --2- >> [v2:172.21.15.23:3300/0,v1:172.21.15.23:6789/0] conn(0x7f48dc102c20 0x7f48dc103030 unknown :-1 s=HELLO_CONNECTING pgs=0 cs=0 l=0 rev1=1 crypto rx=0 tx=0 comp rx=0 tx=0).handle_hello peer v2:172.21.15.23:3300/0 says I am v2:172.21.15.23:42312/0 (socket says 172.21.15.23:42312)
2024-04-18T04:28:15.475 INFO:teuthology.orchestra.run.smithi023.stdout:/usr/bin/ceph: stderr
2024-04-18T04:28:14.579+0000 7f48da59c700 1 -- 172.21.15.23:0/3254273393 learned_addr learned my addr 172.21.15.23:0/3254273393 (peer_addr_for_me v2:172.21.15.23:0/0)
2024-04-18T04:28:15.475 INFO:teuthology.orchestra.run.smithi023.stdout:/usr/bin/ceph: stderr
2024-04-18T04:28:14.579+0000 7f48da59c700 1 -- 172.21.15.23:0/3254273393 --> [v2:172.21.15.23:3300/0,v1:172.21.15.23:6789/0] -- mon_subscribe({config=0+,monmap=0+}) v3 -- 0x7f48dc103570 con 0x7f48dc102c20
2024-04-18T04:28:15.475 INFO:teuthology.orchestra.run.smithi023.stdout:/usr/bin/ceph: stderr
2024-04-18T04:28:14.579+0000 7f48da59c700 1 --2- 172.21.15.23:0/3254273393 >> [v2:172.21.15.23:3300/0,v1:172.21.15.23:6789/0] conn(0x7f48dc102c20 0x7f48dc103030 secure :-1 s=READY pgs=53 cs=0 l=1 rev1=1 crypto rx=0x7f48cc009e50 tx=0x7f48cc009840 comp rx=0 tx=0).ready entity=mon.0 client_cookie=aa2a4c9c5570b4d4 server_cookie=0 in_seq=0 out_seq=0
2024-04-18T04:28:15.475 INFO:teuthology.orchestra.run.smithi023.stdout:/usr/bin/ceph: stderr
2024-04-18T04:28:14.579+0000 7f48d959a700 1 -- 172.21.15.23:0/3254273393 <== mon.0 v2:172.21.15.23:3300/0 1 ==== mon_map magic: 0 v1 ==== 229+0+0 (secure 0 0 0) 0x7f48cc0092e0 con 0x7f48dc102c20
2024-04-18T04:28:15.475 INFO:teuthology.orchestra.run.smithi023.stdout:/usr/bin/ceph: stderr
2024-04-18T04:28:14.579+0000 7f48d959a700 1 -- 172.21.15.23:0/3254273393 <== mon.0 v2:172.21.15.23:3300/0 2 ==== config(26 keys) v1 ==== 1074+0+0 (secure 0 0 0) 0x7f48cc012430 con 0x7f48dc102c20
2024-04-18T04:28:15.475 INFO:teuthology.orchestra.run.smithi023.stdout:/usr/bin/ceph: stderr
2024-04-18T04:28:14.579+0000 7f48d959a700 1 -- 172.21.15.23:0/3254273393 <== mon.0 v2:172.21.15.23:3300/0 3 ==== mon_map magic: 0 v1 ==== 229+0+0 (secure 0 0 0) 0x7f48cc0075c0 con 0x7f48dc102c20
2024-04-18T04:28:15.475 INFO:teuthology.orchestra.run.smithi023.stdout:/usr/bin/ceph: stderr
2024-04-18T04:28:14.580+0000 7f48e0b72700 1 -- 172.21.15.23:0/3254273393 >> [v2:172.21.15.23:3300/0,v1:172.21.15.23:6789/0] conn(0x7f48dc102c20 msgr2=0x7f48dc103030 secure :-1 s=STATE_CONNECTION_ESTABLISHED l=1).mark_down
2024-04-18T04:28:15.476 INFO:teuthology.orchestra.run.smithi023.stdout:/usr/bin/ceph: stderr
2024-04-18T04:28:14.580+0000 7f48e0b72700 1 --2- 172.21.15.23:0/3254273393 >> [v2:172.21.15.23:3300/0,v1:172.21.15.23:6789/0] conn(0x7f48dc102c20 0x7f48dc103030 secure :-1 s=READY pgs=53 cs=0 l=1 rev1=1 crypto rx=0x7f48cc009e50 tx=0x7f48cc009840 comp rx=0 tx=0).stop
2024-04-18T04:28:15.476 INFO:teuthology.orchestra.run.smithi023.stdout:/usr/bin/ceph: stderr
2024-04-18T04:28:14.580+0000 7f48e0b72700 1 -- 172.21.15.23:0/3254273393 shutdown_connections
2024-04-18T04:28:15.476 INFO:teuthology.orchestra.run.smithi023.stdout:/usr/bin/ceph: stderr
2024-04-18T04:28:14.580+0000 7f48e0b72700 1 --2- 172.21.15.23:0/3254273393 >> [v2:172.21.15.23:3300/0,v1:172.21.15.23:6789/0] conn(0x7f48dc102c20 0x7f48dc103030 unknown :-1 s=CLOSED pgs=53 cs=0 l=1 rev1=1 crypto rx=0 tx=0 comp rx=0 tx=0).stop
2024-04-18T04:28:15.476 INFO:teuthology.orchestra.run.smithi023.stdout:/usr/bin/ceph: stderr
2024-04-18T04:28:14.580+0000 7f48e0b72700 1 -- 172.21.15.23:0/3254273393 >> 172.21.15.23:0/3254273393 conn(0x7f48dc0fc430 msgr2=0x7f48dc0fe840 unknown :-1 s=STATE_NONE l=0).mark_down
2024-04-18T04:28:15.476 INFO:teuthology.orchestra.run.smithi023.stdout:/usr/bin/ceph: stderr
2024-04-18T04:28:14.580+0000 7f48e0b72700 1 -- 172.21.15.23:0/3254273393 shutdown_connections
2024-04-18T04:28:15.476 INFO:teuthology.orchestra.run.smithi023.stdout:/usr/bin/ceph: stderr
2024-04-18T04:28:14.580+0000 7f48e0b72700 1 -- 172.21.15.23:0/3254273393 wait complete.
2024-04-18T04:28:15.476 INFO:teuthology.orchestra.run.smithi023.stdout:/usr/bin/ceph: stderr
2024-04-18T04:28:14.581+0000 7f48e0b72700 1 Processor -- start
2024-04-18T04:28:15.476 INFO:teuthology.orchestra.run.smithi023.stdout:/usr/bin/ceph: stderr
2024-04-18T04:28:14.581+0000 7f48e0b72700 1 -- start start
2024-04-18T04:28:15.476 INFO:teuthology.orchestra.run.smithi023.stdout:/usr/bin/ceph: stderr
2024-04-18T04:28:14.581+0000 7f48e0b72700 1 --2- >> [v2:172.21.15.23:3300/0,v1:172.21.15.23:6789/0] conn(0x7f48dc102c20 0x7f48dc113600 unknown :-1 s=NONE pgs=0 cs=0 l=1 rev1=0 crypto rx=0 tx=0 comp rx=0 tx=0).connect
2024-04-18T04:28:15.476 INFO:teuthology.orchestra.run.smithi023.stdout:/usr/bin/ceph: stderr
2024-04-18T04:28:14.581+0000 7f48e0b72700 1 -- --> [v2:172.21.15.23:3300/0,v1:172.21.15.23:6789/0] -- mon_getmap magic: 0 v1 -- 0x7f48dc113b40 con 0x7f48dc102c20
2024-04-18T04:28:15.476 INFO:teuthology.orchestra.run.smithi023.stdout:/usr/bin/ceph: stderr
2024-04-18T04:28:14.581+0000 7f48da59c700 1 --2- >> [v2:172.21.15.23:3300/0,v1:172.21.15.23:6789/0] conn(0x7f48dc102c20 0x7f48dc113600 unknown :-1 s=BANNER_CONNECTING pgs=0 cs=0 l=1 rev1=0 crypto rx=0 tx=0 comp rx=0 tx=0)._handle_peer_banner_payload supported=3 required=0
2024-04-18T04:28:15.477 INFO:teuthology.orchestra.run.smithi023.stdout:/usr/bin/ceph: stderr
2024-04-18T04:28:14.581+0000 7f48da59c700 1 --2- >> [v2:172.21.15.23:3300/0,v1:172.21.15.23:6789/0] conn(0x7f48dc102c20 0x7f48dc113600 unknown :-1 s=HELLO_CONNECTING pgs=0 cs=0 l=1 rev1=1 crypto rx=0 tx=0 comp rx=0 tx=0).handle_hello peer v2:172.21.15.23:3300/0 says I am v2:172.21.15.23:42328/0 (socket says 172.21.15.23:42328)
2024-04-18T04:28:15.477 INFO:teuthology.orchestra.run.smithi023.stdout:/usr/bin/ceph: stderr
2024-04-18T04:28:14.581+0000 7f48da59c700 1 -- 172.21.15.23:0/632238855 learned_addr learned my addr 172.21.15.23:0/632238855 (peer_addr_for_me v2:172.21.15.23:0/0)
2024-04-18T04:28:15.477 INFO:teuthology.orchestra.run.smithi023.stdout:/usr/bin/ceph: stderr
2024-04-18T04:28:14.582+0000 7f48da59c700 1 -- 172.21.15.23:0/632238855 --> [v2:172.21.15.23:3300/0,v1:172.21.15.23:6789/0] -- mon_subscribe({config=0+,monmap=0+}) v3 -- 0x7f48cc009ae0 con 0x7f48dc102c20
2024-04-18T04:28:15.477 INFO:teuthology.orchestra.run.smithi023.stdout:/usr/bin/ceph: stderr
2024-04-18T04:28:14.582+0000 7f48da59c700 1 --2- 172.21.15.23:0/632238855 >> [v2:172.21.15.23:3300/0,v1:172.21.15.23:6789/0] conn(0x7f48dc102c20 0x7f48dc113600 secure :-1 s=READY pgs=54 cs=0 l=1 rev1=1 crypto rx=0x7f48cc009fd0 tx=0x7f48cc009840 comp rx=0 tx=0).ready entity=mon.0 client_cookie=0 server_cookie=0 in_seq=0 out_seq=0
2024-04-18T04:28:15.477 INFO:teuthology.orchestra.run.smithi023.stdout:/usr/bin/ceph: stderr
2024-04-18T04:28:14.583+0000 7f48d2ffd700 1 -- 172.21.15.23:0/632238855 <== mon.0 v2:172.21.15.23:3300/0 1 ==== mon_map magic: 0 v1 ==== 229+0+0 (secure 0 0 0) 0x7f48cc0092e0 con 0x7f48dc102c20
2024-04-18T04:28:15.477 INFO:teuthology.orchestra.run.smithi023.stdout:/usr/bin/ceph: stderr
2024-04-18T04:28:14.583+0000 7f48d2ffd700 1 -- 172.21.15.23:0/632238855 <== mon.0 v2:172.21.15.23:3300/0 2 ==== config(26 keys) v1 ==== 1074+0+0 (secure 0 0 0) 0x7f48cc012920 con 0x7f48dc102c20
2024-04-18T04:28:15.477 INFO:teuthology.orchestra.run.smithi023.stdout:/usr/bin/ceph: stderr
