2024-04-18T04:27:55.816+0000 7f57599c9700 1 --2- 172.21.15.23:0/404203108 >> [v2:172.21.15.23:6800/2694393705,v1:172.21.15.23:6801/2694393705] conn(0x7f5740036790 0x7f5740038c40 unknown :-1 s=START_CONNECT pgs=0 cs=0 l=1 rev1=0 crypto rx=0 tx=0 comp rx=0 tx=0)._fault waiting 1.600000
2024-04-18T04:27:59.898 INFO:teuthology.orchestra.run.smithi023.stdout:/usr/bin/ceph: stderr
2024-04-18T04:27:57.417+0000 7f57599c9700 1 -- 172.21.15.23:0/404203108 >> [v2:172.21.15.23:6800/2694393705,v1:172.21.15.23:6801/2694393705] conn(0x7f5740036790 msgr2=0x7f5740038c40 unknown :-1 s=STATE_CONNECTING_RE l=1).process reconnect failed to v2:172.21.15.23:6800/2694393705
2024-04-18T04:27:59.898 INFO:teuthology.orchestra.run.smithi023.stdout:/usr/bin/ceph: stderr
2024-04-18T04:27:57.417+0000 7f57599c9700 1 --2- 172.21.15.23:0/404203108 >> [v2:172.21.15.23:6800/2694393705,v1:172.21.15.23:6801/2694393705] conn(0x7f5740036790 0x7f5740038c40 unknown :-1 s=START_CONNECT pgs=0 cs=0 l=1 rev1=0 crypto rx=0 tx=0 comp rx=0 tx=0)._fault waiting 3.200000
2024-04-18T04:27:59.898 INFO:teuthology.orchestra.run.smithi023.stdout:/usr/bin/ceph: stderr
2024-04-18T04:27:58.240+0000 7f574affd700 1 -- 172.21.15.23:0/404203108 <== mon.0 v2:172.21.15.23:3300/0 6 ==== mgrmap(e 6) v1 ==== 43143+0+0 (secure 0 0 0) 0x7f575000fdc0 con 0x7f5754102820
2024-04-18T04:27:59.898 INFO:teuthology.orchestra.run.smithi023.stdout:/usr/bin/ceph: stderr
2024-04-18T04:27:58.241+0000 7f574affd700 1 -- 172.21.15.23:0/404203108 >> [v2:172.21.15.23:6800/2694393705,v1:172.21.15.23:6801/2694393705] conn(0x7f5740036790 msgr2=0x7f5740038c40 unknown :-1 s=STATE_CONNECTING l=1).mark_down
2024-04-18T04:27:59.898 INFO:teuthology.orchestra.run.smithi023.stdout:/usr/bin/ceph: stderr
2024-04-18T04:27:58.241+0000 7f574affd700 1 --2- 172.21.15.23:0/404203108 >> [v2:172.21.15.23:6800/2694393705,v1:172.21.15.23:6801/2694393705] conn(0x7f5740036790 0x7f5740038c40 unknown :-1 s=START_CONNECT pgs=0 cs=0 l=1 rev1=0 crypto rx=0 tx=0 comp rx=0 tx=0).stop
2024-04-18T04:27:59.898 INFO:teuthology.orchestra.run.smithi023.stdout:/usr/bin/ceph: stderr
2024-04-18T04:27:59.246+0000 7f574affd700 1 -- 172.21.15.23:0/404203108 <== mon.0 v2:172.21.15.23:3300/0 7 ==== mgrmap(e 7) v1 ==== 43270+0+0 (secure 0 0 0) 0x7f575002d3f0 con 0x7f5754102820
2024-04-18T04:27:59.898 INFO:teuthology.orchestra.run.smithi023.stdout:/usr/bin/ceph: stderr
2024-04-18T04:27:59.246+0000 7f574affd700 1 --2- 172.21.15.23:0/404203108 >> [v2:172.21.15.23:6800/2031931682,v1:172.21.15.23:6801/2031931682] conn(0x7f5740039fc0 0x7f574003c3a0 unknown :-1 s=NONE pgs=0 cs=0 l=1 rev1=0 crypto rx=0 tx=0 comp rx=0 tx=0).connect
2024-04-18T04:27:59.898 INFO:teuthology.orchestra.run.smithi023.stdout:/usr/bin/ceph: stderr
2024-04-18T04:27:59.246+0000 7f574affd700 1 -- 172.21.15.23:0/404203108 --> [v2:172.21.15.23:6800/2031931682,v1:172.21.15.23:6801/2031931682] -- command(tid 0: {"prefix": "get_command_descriptions"}) v1 -- 0x7f5740039350 con 0x7f5740039fc0
2024-04-18T04:27:59.898 INFO:teuthology.orchestra.run.smithi023.stdout:/usr/bin/ceph: stderr
2024-04-18T04:27:59.247+0000 7f57599c9700 1 --2- 172.21.15.23:0/404203108 >> [v2:172.21.15.23:6800/2031931682,v1:172.21.15.23:6801/2031931682] conn(0x7f5740039fc0 0x7f574003c3a0 unknown :-1 s=BANNER_CONNECTING pgs=0 cs=0 l=1 rev1=0 crypto rx=0 tx=0 comp rx=0 tx=0)._handle_peer_banner_payload supported=3 required=0
2024-04-18T04:27:59.898 INFO:teuthology.orchestra.run.smithi023.stdout:/usr/bin/ceph: stderr
2024-04-18T04:27:59.247+0000 7f57599c9700 1 --2- 172.21.15.23:0/404203108 >> [v2:172.21.15.23:6800/2031931682,v1:172.21.15.23:6801/2031931682] conn(0x7f5740039fc0 0x7f574003c3a0 secure :-1 s=READY pgs=1 cs=0 l=1 rev1=1 crypto rx=0x7f57440039d0 tx=0x7f5744009350 comp rx=0 tx=0).ready entity=mgr.14120 client_cookie=0 server_cookie=0 in_seq=0 out_seq=0
2024-04-18T04:27:59.898 INFO:teuthology.orchestra.run.smithi023.stdout:/usr/bin/ceph: stderr
2024-04-18T04:27:59.248+0000 7f574affd700 1 -- 172.21.15.23:0/404203108 <== mgr.14120 v2:172.21.15.23:6800/2031931682 1 ==== command_reply(tid 0: 0 ) v1 ==== 8+0+6549 (secure 0 0 0) 0x7f5740039350 con 0x7f5740039fc0
2024-04-18T04:27:59.899 INFO:teuthology.orchestra.run.smithi023.stdout:/usr/bin/ceph: stderr
2024-04-18T04:27:59.254+0000 7f575c42e700 1 -- 172.21.15.23:0/404203108 --> [v2:172.21.15.23:6800/2031931682,v1:172.21.15.23:6801/2031931682] -- command(tid 1: {"prefix": "mgr_status"}) v1 -- 0x7f575404bed0 con 0x7f5740039fc0
2024-04-18T04:27:59.899 INFO:teuthology.orchestra.run.smithi023.stdout:/usr/bin/ceph: stderr
2024-04-18T04:27:59.254+0000 7f574affd700 1 -- 172.21.15.23:0/404203108 <== mgr.14120 v2:172.21.15.23:6800/2031931682 2 ==== command_reply(tid 1: 0 ) v1 ==== 8+0+51 (secure 0 0 0) 0x7f575404bed0 con 0x7f5740039fc0
2024-04-18T04:27:59.899 INFO:teuthology.orchestra.run.smithi023.stdout:/usr/bin/ceph: stderr
2024-04-18T04:27:59.254+0000 7f575c42e700 1 -- 172.21.15.23:0/404203108 >> [v2:172.21.15.23:6800/2031931682,v1:172.21.15.23:6801/2031931682] conn(0x7f5740039fc0 msgr2=0x7f574003c3a0 secure :-1 s=STATE_CONNECTION_ESTABLISHED l=1).mark_down
2024-04-18T04:27:59.899 INFO:teuthology.orchestra.run.smithi023.stdout:/usr/bin/ceph: stderr
2024-04-18T04:27:59.254+0000 7f575c42e700 1 --2- 172.21.15.23:0/404203108 >> [v2:172.21.15.23:6800/2031931682,v1:172.21.15.23:6801/2031931682] conn(0x7f5740039fc0 0x7f574003c3a0 secure :-1 s=READY pgs=1 cs=0 l=1 rev1=1 crypto rx=0x7f57440039d0 tx=0x7f5744009350 comp rx=0 tx=0).stop
2024-04-18T04:27:59.899 INFO:teuthology.orchestra.run.smithi023.stdout:/usr/bin/ceph: stderr
2024-04-18T04:27:59.254+0000 7f575c42e700 1 -- 172.21.15.23:0/404203108 >> [v2:172.21.15.23:3300/0,v1:172.21.15.23:6789/0] conn(0x7f5754102820 msgr2=0x7f5754078c20 secure :-1 s=STATE_CONNECTION_ESTABLISHED l=1).mark_down
2024-04-18T04:27:59.899 INFO:teuthology.orchestra.run.smithi023.stdout:/usr/bin/ceph: stderr
2024-04-18T04:27:59.254+0000 7f575c42e700 1 --2- 172.21.15.23:0/404203108 >> [v2:172.21.15.23:3300/0,v1:172.21.15.23:6789/0] conn(0x7f5754102820 0x7f5754078c20 secure :-1 s=READY pgs=29 cs=0 l=1 rev1=1 crypto rx=0x7f5750006b00 tx=0x7f5750009250 comp rx=0 tx=0).stop
2024-04-18T04:27:59.899 INFO:teuthology.orchestra.run.smithi023.stdout:/usr/bin/ceph: stderr
2024-04-18T04:27:59.254+0000 7f575c42e700 1 -- 172.21.15.23:0/404203108 shutdown_connections
2024-04-18T04:27:59.899 INFO:teuthology.orchestra.run.smithi023.stdout:/usr/bin/ceph: stderr
2024-04-18T04:27:59.254+0000 7f575c42e700 1 --2- 172.21.15.23:0/404203108 >> [v2:172.21.15.23:3300/0,v1:172.21.15.23:6789/0] conn(0x7f5754102820 0x7f5754078c20 unknown :-1 s=CLOSED pgs=29 cs=0 l=1 rev1=1 crypto rx=0 tx=0 comp rx=0 tx=0).stop
2024-04-18T04:27:59.899 INFO:teuthology.orchestra.run.smithi023.stdout:/usr/bin/ceph: stderr
2024-04-18T04:27:59.254+0000 7f575c42e700 1 --2- 172.21.15.23:0/404203108 >> [v2:172.21.15.23:6800/2031931682,v1:172.21.15.23:6801/2031931682] conn(0x7f5740039fc0 0x7f574003c3a0 unknown :-1 s=CLOSED pgs=1 cs=0 l=1 rev1=1 crypto rx=0 tx=0 comp rx=0 tx=0).stop
2024-04-18T04:27:59.899 INFO:teuthology.orchestra.run.smithi023.stdout:/usr/bin/ceph: stderr
2024-04-18T04:27:59.254+0000 7f575c42e700 1 --2- 172.21.15.23:0/404203108 >> [v2:172.21.15.23:6800/2694393705,v1:172.21.15.23:6801/2694393705] conn(0x7f5740036790 0x7f5740038c40 unknown :-1 s=CLOSED pgs=0 cs=0 l=1 rev1=0 crypto rx=0 tx=0 comp rx=0 tx=0).stop
2024-04-18T04:27:59.899 INFO:teuthology.orchestra.run.smithi023.stdout:/usr/bin/ceph: stderr
2024-04-18T04:27:59.254+0000 7f575c42e700 1 -- 172.21.15.23:0/404203108 >> 172.21.15.23:0/404203108 conn(0x7f57540fdf80 msgr2=0x7f57540feab0 unknown :-1 s=STATE_NONE l=0).mark_down
2024-04-18T04:27:59.899 INFO:teuthology.orchestra.run.smithi023.stdout:/usr/bin/ceph: stderr
2024-04-18T04:27:59.255+0000 7f575c42e700 1 -- 172.21.15.23:0/404203108 shutdown_connections
2024-04-18T04:27:59.899 INFO:teuthology.orchestra.run.smithi023.stdout:/usr/bin/ceph: stderr
2024-04-18T04:27:59.255+0000 7f575c42e700 1 -- 172.21.15.23:0/404203108 wait complete.
2024-04-18T04:27:59.899 INFO:teuthology.orchestra.run.smithi023.stdout:mgr epoch 5 is available
2024-04-18T04:27:59.899 INFO:teuthology.orchestra.run.smithi023.stdout:Setting orchestrator backend to cephadm...
2024-04-18T04:28:00.369 INFO:journalctl@ceph.mon.smithi023.smithi023.stdout:Apr 18 04:28:00 smithi023 ceph-mon[39803]: from='client.14124 -' entity='client.admin' cmd=[{"prefix": "get_command_descriptions"}]: dispatch
2024-04-18T04:28:00.369 INFO:journalctl@ceph.mon.smithi023.smithi023.stdout:Apr 18 04:28:00 smithi023 ceph-mon[39803]: from='client.14124 -' entity='client.admin' cmd=[{"prefix": "mgr_status"}]: dispatch
2024-04-18T04:28:01.223 INFO:teuthology.orchestra.run.smithi023.stdout:/usr/bin/ceph: stderr
2024-04-18T04:28:00.427+0000 7f7422e79700 1 Processor -- start
2024-04-18T04:28:01.223 INFO:teuthology.orchestra.run.smithi023.stdout:/usr/bin/ceph: stderr
2024-04-18T04:28:00.427+0000 7f7422e79700 1 -- start start
2024-04-18T04:28:01.224 INFO:teuthology.orchestra.run.smithi023.stdout:/usr/bin/ceph: stderr
2024-04-18T04:28:00.427+0000 7f7422e79700 1 --2- >> [v2:172.21.15.23:3300/0,v1:172.21.15.23:6789/0] conn(0x7f741c076b70 0x7f741c1052d0 unknown :-1 s=NONE pgs=0 cs=0 l=0 rev1=0 crypto rx=0 tx=0 comp rx=0 tx=0).connect
2024-04-18T04:28:01.224 INFO:teuthology.orchestra.run.smithi023.stdout:/usr/bin/ceph: stderr
2024-04-18T04:28:00.428+0000 7f7422e79700 1 -- --> [v2:172.21.15.23:3300/0,v1:172.21.15.23:6789/0] -- mon_getmap magic: 0 v1 -- 0x7f741c105810 con 0x7f741c076b70
2024-04-18T04:28:01.224 INFO:teuthology.orchestra.run.smithi023.stdout:/usr/bin/ceph: stderr
2024-04-18T04:28:00.428+0000 7f7420c15700 1 --2- >> [v2:172.21.15.23:3300/0,v1:172.21.15.23:6789/0] conn(0x7f741c076b70 0x7f741c1052d0 unknown :-1 s=BANNER_CONNECTING pgs=0 cs=0 l=0 rev1=0 crypto rx=0 tx=0 comp rx=0 tx=0)._handle_peer_banner_payload supported=3 required=0
2024-04-18T04:28:01.224 INFO:teuthology.orchestra.run.smithi023.stdout:/usr/bin/ceph: stderr
2024-04-18T04:28:00.428+0000 7f7420c15700 1 --2- >> [v2:172.21.15.23:3300/0,v1:172.21.15.23:6789/0] conn(0x7f741c076b70 0x7f741c1052d0 unknown :-1 s=HELLO_CONNECTING pgs=0 cs=0 l=0 rev1=1 crypto rx=0 tx=0 comp rx=0 tx=0).handle_hello peer v2:172.21.15.23:3300/0 says I am v2:172.21.15.23:42288/0 (socket says 172.21.15.23:42288)
2024-04-18T04:28:01.224 INFO:teuthology.orchestra.run.smithi023.stdout:/usr/bin/ceph: stderr
2024-04-18T04:28:00.428+0000 7f7420c15700 1 -- 172.21.15.23:0/1013326302 learned_addr learned my addr 172.21.15.23:0/1013326302 (peer_addr_for_me v2:172.21.15.23:0/0)
2024-04-18T04:28:01.224 INFO:teuthology.orchestra.run.smithi023.stdout:/usr/bin/ceph: stderr
2024-04-18T04:28:00.428+0000 7f7420c15700 1 -- 172.21.15.23:0/1013326302 --> [v2:172.21.15.23:3300/0,v1:172.21.15.23:6789/0] -- mon_subscribe({config=0+,monmap=0+}) v3 -- 0x7f741c105950 con 0x7f741c076b70
2024-04-18T04:28:01.224 INFO:teuthology.orchestra.run.smithi023.stdout:/usr/bin/ceph: stderr
2024-04-18T04:28:00.428+0000 7f7420c15700 1 --2- 172.21.15.23:0/1013326302 >> [v2:172.21.15.23:3300/0,v1:172.21.15.23:6789/0] conn(0x7f741c076b70 0x7f741c1052d0 secure :-1 s=READY pgs=37 cs=0 l=1 rev1=1 crypto rx=0x7f74100098e0 tx=0x7f7410009250 comp rx=0 tx=0).ready entity=mon.0 client_cookie=e646609c93cbc114 server_cookie=0 in_seq=0 out_seq=0
2024-04-18T04:28:01.224 INFO:teuthology.orchestra.run.smithi023.stdout:/usr/bin/ceph: stderr
2024-04-18T04:28:00.428+0000 7f741b7fe700 1 -- 172.21.15.23:0/1013326302 <== mon.0 v2:172.21.15.23:3300/0 1 ==== mon_map magic: 0 v1 ==== 229+0+0 (secure 0 0 0) 0x7f741000b860 con 0x7f741c076b70
2024-04-18T04:28:01.224 INFO:teuthology.orchestra.run.smithi023.stdout:/usr/bin/ceph: stderr
2024-04-18T04:28:00.428+0000 7f741b7fe700 1 -- 172.21.15.23:0/1013326302 <== mon.0 v2:172.21.15.23:3300/0 2 ==== config(26 keys) v1 ==== 1009+0+0 (secure 0 0 0) 0x7f741000be30 con 0x7f741c076b70
2024-04-18T04:28:01.224 INFO:teuthology.orchestra.run.smithi023.stdout:/usr/bin/ceph: stderr
2024-04-18T04:28:00.428+0000 7f741b7fe700 1 -- 172.21.15.23:0/1013326302 <== mon.0 v2:172.21.15.23:3300/0 3 ==== mon_map magic: 0 v1 ==== 229+0+0 (secure 0 0 0) 0x7f7410010380 con 0x7f741c076b70
2024-04-18T04:28:01.224 INFO:teuthology.orchestra.run.smithi023.stdout:/usr/bin/ceph: stderr
2024-04-18T04:28:00.429+0000 7f7422e79700 1 -- 172.21.15.23:0/1013326302 >> [v2:172.21.15.23:3300/0,v1:172.21.15.23:6789/0] conn(0x7f741c076b70 msgr2=0x7f741c1052d0 secure :-1 s=STATE_CONNECTION_ESTABLISHED l=1).mark_down
2024-04-18T04:28:01.224 INFO:teuthology.orchestra.run.smithi023.stdout:/usr/bin/ceph: stderr
2024-04-18T04:28:00.429+0000 7f7422e79700 1 --2- 172.21.15.23:0/1013326302 >> [v2:172.21.15.23:3300/0,v1:172.21.15.23:6789/0] conn(0x7f741c076b70 0x7f741c1052d0 secure :-1 s=READY pgs=37 cs=0 l=1 rev1=1 crypto rx=0x7f74100098e0 tx=0x7f7410009250 comp rx=0 tx=0).stop
2024-04-18T04:28:01.225 INFO:teuthology.orchestra.run.smithi023.stdout:/usr/bin/ceph: stderr
2024-04-18T04:28:00.429+0000 7f7422e79700 1 -- 172.21.15.23:0/1013326302 shutdown_connections
2024-04-18T04:28:01.225 INFO:teuthology.orchestra.run.smithi023.stdout:/usr/bin/ceph: stderr
2024-04-18T04:28:00.429+0000 7f7422e79700 1 --2- 172.21.15.23:0/1013326302 >> [v2:172.21.15.23:3300/0,v1:172.21.15.23:6789/0] conn(0x7f741c076b70 0x7f741c1052d0 unknown :-1 s=CLOSED pgs=37 cs=0 l=1 rev1=1 crypto rx=0 tx=0 comp rx=0 tx=0).stop
2024-04-18T04:28:01.225 INFO:teuthology.orchestra.run.smithi023.stdout:/usr/bin/ceph: stderr
2024-04-18T04:28:00.429+0000 7f7422e79700 1 -- 172.21.15.23:0/1013326302 >> 172.21.15.23:0/1013326302 conn(0x7f741c0fcd00 msgr2=0x7f741c0ff150 unknown :-1 s=STATE_NONE l=0).mark_down
2024-04-18T04:28:01.225 INFO:teuthology.orchestra.run.smithi023.stdout:/usr/bin/ceph: stderr
2024-04-18T04:28:00.429+0000 7f7422e79700 1 -- 172.21.15.23:0/1013326302 shutdown_connections
2024-04-18T04:28:01.225 INFO:teuthology.orchestra.run.smithi023.stdout:/usr/bin/ceph: stderr
2024-04-18T04:28:00.429+0000 7f7422e79700 1 -- 172.21.15.23:0/1013326302 wait complete.
2024-04-18T04:28:01.225 INFO:teuthology.orchestra.run.smithi023.stdout:/usr/bin/ceph: stderr
2024-04-18T04:28:00.430+0000 7f7422e79700 1 Processor -- start
2024-04-18T04:28:01.225 INFO:teuthology.orchestra.run.smithi023.stdout:/usr/bin/ceph: stderr
2024-04-18T04:28:00.430+0000 7f7422e79700 1 -- start start
2024-04-18T04:28:01.225 INFO:teuthology.orchestra.run.smithi023.stdout:/usr/bin/ceph: stderr
2024-04-18T04:28:00.430+0000 7f7422e79700 1 --2- >> [v2:172.21.15.23:3300/0,v1:172.21.15.23:6789/0] conn(0x7f741c076b70 0x7f741c102c20 unknown :-1 s=NONE pgs=0 cs=0 l=1 rev1=0 crypto rx=0 tx=0 comp rx=0 tx=0).connect
2024-04-18T04:28:01.225 INFO:teuthology.orchestra.run.smithi023.stdout:/usr/bin/ceph: stderr
2024-04-18T04:28:00.430+0000 7f7422e79700 1 -- --> [v2:172.21.15.23:3300/0,v1:172.21.15.23:6789/0] -- mon_getmap magic: 0 v1 -- 0x7f741c103160 con 0x7f741c076b70
2024-04-18T04:28:01.225 INFO:teuthology.orchestra.run.smithi023.stdout:/usr/bin/ceph: stderr
2024-04-18T04:28:00.430+0000 7f7420c15700 1 --2- >> [v2:172.21.15.23:3300/0,v1:172.21.15.23:6789/0] conn(0x7f741c076b70 0x7f741c102c20 unknown :-1 s=BANNER_CONNECTING pgs=0 cs=0 l=1 rev1=0 crypto rx=0 tx=0 comp rx=0 tx=0)._handle_peer_banner_payload supported=3 required=0
2024-04-18T04:28:01.225 INFO:teuthology.orchestra.run.smithi023.stdout:/usr/bin/ceph: stderr
2024-04-18T04:28:00.430+0000 7f7420c15700 1 --2- >> [v2:172.21.15.23:3300/0,v1:172.21.15.23:6789/0] conn(0x7f741c076b70 0x7f741c102c20 unknown :-1 s=HELLO_CONNECTING pgs=0 cs=0 l=1 rev1=1 crypto rx=0 tx=0 comp rx=0 tx=0).handle_hello peer v2:172.21.15.23:3300/0 says I am v2:172.21.15.23:42290/0 (socket says 172.21.15.23:42290)
2024-04-18T04:28:01.225 INFO:teuthology.orchestra.run.smithi023.stdout:/usr/bin/ceph: stderr
2024-04-18T04:28:00.430+0000 7f7420c15700 1 -- 172.21.15.23:0/2337626911 learned_addr learned my addr 172.21.15.23:0/2337626911 (peer_addr_for_me v2:172.21.15.23:0/0)
2024-04-18T04:28:01.225 INFO:teuthology.orchestra.run.smithi023.stdout:/usr/bin/ceph: stderr
2024-04-18T04:28:00.430+0000 7f7420c15700 1 -- 172.21.15.23:0/2337626911 --> [v2:172.21.15.23:3300/0,v1:172.21.15.23:6789/0] -- mon_subscribe({config=0+,monmap=0+}) v3 -- 0x7f74100094f0 con 0x7f741c076b70
2024-04-18T04:28:01.225 INFO:teuthology.orchestra.run.smithi023.stdout:/usr/bin/ceph: stderr
2024-04-18T04:28:00.430+0000 7f7420c15700 1 --2- 172.21.15.23:0/2337626911 >> [v2:172.21.15.23:3300/0,v1:172.21.15.23:6789/0] conn(0x7f741c076b70 0x7f741c102c20 secure :-1 s=READY pgs=38 cs=0 l=1 rev1=1 crypto rx=0x7f7410006d40 tx=0x7f7410009250 comp rx=0 tx=0).ready entity=mon.0 client_cookie=0 server_cookie=0 in_seq=0 out_seq=0
2024-04-18T04:28:01.226 INFO:teuthology.orchestra.run.smithi023.stdout:/usr/bin/ceph: stderr
2024-04-18T04:28:00.431+0000 7f74197fa700 1 -- 172.21.15.23:0/2337626911 <== mon.0 v2:172.21.15.23:3300/0 1 ==== mon_map magic: 0 v1 ==== 229+0+0 (secure 0 0 0) 0x7f74100109b0 con 0x7f741c076b70
2024-04-18T04:28:01.226 INFO:teuthology.orchestra.run.smithi023.stdout:/usr/bin/ceph: stderr
2024-04-18T04:28:00.431+0000 7f74197fa700 1 -- 172.21.15.23:0/2337626911 <== mon.0 v2:172.21.15.23:3300/0 2 ==== config(26 keys) v1 ==== 1009+0+0 (secure 0 0 0) 0x7f741001a430 con 0x7f741c076b70
2024-04-18T04:28:01.226 INFO:teuthology.orchestra.run.smithi023.stdout:/usr/bin/ceph: stderr
2024-04-18T04:28:00.431+0000 7f7422e79700 1 -- 172.21.15.23:0/2337626911 --> [v2:172.21.15.23:3300/0,v1:172.21.15.23:6789/0] -- mon_subscribe({mgrmap=0+}) v3 -- 0x7f741c1011d0 con 0x7f741c076b70
2024-04-18T04:28:01.226 INFO:teuthology.orchestra.run.smithi023.stdout:/usr/bin/ceph: stderr
2024-04-18T04:28:00.431+0000 7f74197fa700 1 -- 172.21.15.23:0/2337626911 <== mon.0 v2:172.21.15.23:3300/0 3 ==== mon_map magic: 0 v1 ==== 229+0+0 (secure 0 0 0) 0x7f74100245b0 con 0x7f741c076b70
2024-04-18T04:28:01.226 INFO:teuthology.orchestra.run.smithi023.stdout:/usr/bin/ceph: stderr
2024-04-18T04:28:00.431+0000 7f7422e79700 1 -- 172.21.15.23:0/2337626911 --> [v2:172.21.15.23:3300/0,v1:172.21.15.23:6789/0] -- mon_subscribe({osdmap=0}) v3 -- 0x7f741c1016c0 con 0x7f741c076b70
2024-04-18T04:28:01.226 INFO:teuthology.orchestra.run.smithi023.stdout:/usr/bin/ceph: stderr
2024-04-18T04:28:00.432+0000 7f74197fa700 1 -- 172.21.15.23:0/2337626911 <== mon.0 v2:172.21.15.23:3300/0 4 ==== mgrmap(e 8) v1 ==== 43376+0+0 (secure 0 0 0) 0x7f7410010b10 con 0x7f741c076b70
2024-04-18T04:28:01.226 INFO:teuthology.orchestra.run.smithi023.stdout:/usr/bin/ceph: stderr
2024-04-18T04:28:00.432+0000 7f7422e79700 1 -- 172.21.15.23:0/2337626911 --> [v2:172.21.15.23:3300/0,v1:172.21.15.23:6789/0] -- mon_command({"prefix": "get_command_descriptions"} v 0) v1 -- 0x7f741c04bed0 con 0x7f741c076b70
2024-04-18T04:28:01.226 INFO:teuthology.orchestra.run.smithi023.stdout:/usr/bin/ceph: stderr
2024-04-18T04:28:00.432+0000 7f74197fa700 1 --2- 172.21.15.23:0/2337626911 >> [v2:172.21.15.23:6800/2031931682,v1:172.21.15.23:6801/2031931682] conn(0x7f740c0367e0 0x7f740c038c90 unknown :-1 s=NONE pgs=0 cs=0 l=1 rev1=0 crypto rx=0 tx=0 comp rx=0 tx=0).connect
2024-04-18T04:28:01.226 INFO:teuthology.orchestra.run.smithi023.stdout:/usr/bin/ceph: stderr
2024-04-18T04:28:00.432+0000 7f74197fa700 1 -- 172.21.15.23:0/2337626911 <== mon.0 v2:172.21.15.23:3300/0 5 ==== osd_map(2..2 src has 1..2) v4 ==== 936+0+0 (secure 0 0 0) 0x7f741004a310 con 0x7f741c076b70
2024-04-18T04:28:01.226 INFO:teuthology.orchestra.run.smithi023.stdout:/usr/bin/ceph: stderr
2024-04-18T04:28:00.432+0000 7f741bfff700 1 --2- 172.21.15.23:0/2337626911 >> [v2:172.21.15.23:6800/2031931682,v1:172.21.15.23:6801/2031931682] conn(0x7f740c0367e0 0x7f740c038c90 unknown :-1 s=BANNER_CONNECTING pgs=0 cs=0 l=1 rev1=0 crypto rx=0 tx=0 comp rx=0 tx=0)._handle_peer_banner_payload supported=3 required=0
2024-04-18T04:28:01.226 INFO:teuthology.orchestra.run.smithi023.stdout:/usr/bin/ceph: stderr
2024-04-18T04:28:00.432+0000 7f741bfff700 1 --2- 172.21.15.23:0/2337626911 >> [v2:172.21.15.23:6800/2031931682,v1:172.21.15.23:6801/2031931682] conn(0x7f740c0367e0 0x7f740c038c90 secure :-1 s=READY pgs=7 cs=0 l=1 rev1=1 crypto rx=0x7f7408009990 tx=0x7f7408006e40 comp rx=0 tx=0).ready entity=mgr.14120 client_cookie=0 server_cookie=0 in_seq=0 out_seq=0
2024-04-18T04:28:01.226 INFO:teuthology.orchestra.run.smithi023.stdout:/usr/bin/ceph: stderr
2024-04-18T04:28:00.441+0000 7f74197fa700 1 -- 172.21.15.23:0/2337626911 <== mon.0 v2:172.21.15.23:3300/0 6 ==== mon_command_ack([{"prefix": "get_command_descriptions"}]=0 v0) v1 ==== 72+0+176702 (secure 0 0 0) 0x7f741002b4d0 con 0x7f741c076b70
2024-04-18T04:28:01.226 INFO:teuthology.orchestra.run.smithi023.stdout:/usr/bin/ceph: stderr
2024-04-18T04:28:00.647+0000 7f7422e79700 1 -- 172.21.15.23:0/2337626911 --> [v2:172.21.15.23:6800/2031931682,v1:172.21.15.23:6801/2031931682] -- mgr_command(tid 0: {"prefix": "orch set backend", "module_name": "cephadm", "target": ["mon-mgr", ""]}) v1 -- 0x7f741c101e30 con 0x7f740c0367e0
2024-04-18T04:28:01.226 INFO:teuthology.orchestra.run.smithi023.stdout:/usr/bin/ceph: stderr
2024-04-18T04:28:00.658+0000 7f74197fa700 1 -- 172.21.15.23:0/2337626911 <== mgr.14120 v2:172.21.15.23:6800/2031931682 1 ==== mgr_command_reply(tid 0: 0 ) v1 ==== 8+0+0 (secure 0 0 0) 0x7f741c101e30 con 0x7f740c0367e0
2024-04-18T04:28:01.227 INFO:teuthology.orchestra.run.smithi023.stdout:/usr/bin/ceph: stderr
2024-04-18T04:28:00.660+0000 7f7422e79700 1 -- 172.21.15.23:0/2337626911 >> [v2:172.21.15.23:6800/2031931682,v1:172.21.15.23:6801/2031931682] conn(0x7f740c0367e0 msgr2=0x7f740c038c90 secure :-1 s=STATE_CONNECTION_ESTABLISHED l=1).mark_down
2024-04-18T04:28:01.227 INFO:teuthology.orchestra.run.smithi023.stdout:/usr/bin/ceph: stderr
2024-04-18T04:28:00.660+0000 7f7422e79700 1 --2- 172.21.15.23:0/2337626911 >> [v2:172.21.15.23:6800/2031931682,v1:172.21.15.23:6801/2031931682] conn(0x7f740c0367e0 0x7f740c038c90 secure :-1 s=READY pgs=7 cs=0 l=1 rev1=1 crypto rx=0x7f7408009990 tx=0x7f7408006e40 comp rx=0 tx=0).stop
2024-04-18T04:28:01.227 INFO:teuthology.orchestra.run.smithi023.stdout:/usr/bin/ceph: stderr
2024-04-18T04:28:00.660+0000 7f7422e79700 1 -- 172.21.15.23:0/2337626911 >> [v2:172.21.15.23:3300/0,v1:172.21.15.23:6789/0] conn(0x7f741c076b70 msgr2=0x7f741c102c20 secure :-1 s=STATE_CONNECTION_ESTABLISHED l=1).mark_down
2024-04-18T04:28:01.227 INFO:teuthology.orchestra.run.smithi023.stdout:/usr/bin/ceph: stderr
2024-04-18T04:28:00.660+0000 7f7422e79700 1 --2- 172.21.15.23:0/2337626911 >> [v2:172.21.15.23:3300/0,v1:172.21.15.23:6789/0] conn(0x7f741c076b70 0x7f741c102c20 secure :-1 s=READY pgs=38 cs=0 l=1 rev1=1 crypto rx=0x7f7410006d40 tx=0x7f7410009250 comp rx=0 tx=0).stop
2024-04-18T04:28:01.227 INFO:teuthology.orchestra.run.smithi023.stdout:/usr/bin/ceph: stderr
2024-04-18T04:28:00.660+0000 7f7422e79700 1 -- 172.21.15.23:0/2337626911 shutdown_connections
2024-04-18T04:28:01.227 INFO:teuthology.orchestra.run.smithi023.stdout:/usr/bin/ceph: stderr
2024-04-18T04:28:00.660+0000 7f7422e79700 1 --2- 172.21.15.23:0/2337626911 >> [v2:172.21.15.23:6800/2031931682,v1:172.21.15.23:6801/2031931682] conn(0x7f740c0367e0 0x7f740c038c90 unknown :-1 s=CLOSED pgs=7 cs=0 l=1 rev1=1 crypto rx=0 tx=0 comp rx=0 tx=0).stop
2024-04-18T04:28:01.227 INFO:teuthology.orchestra.run.smithi023.stdout:/usr/bin/ceph: stderr
2024-04-18T04:28:00.660+0000 7f7422e79700 1 --2- 172.21.15.23:0/2337626911 >> [v2:172.21.15.23:3300/0,v1:172.21.15.23:6789/0] conn(0x7f741c076b70 0x7f741c102c20 secure :-1 s=CLOSED pgs=38 cs=0 l=1 rev1=1 crypto rx=0x7f7410006d40 tx=0x7f7410009250 comp rx=0 tx=0).stop
2024-04-18T04:28:01.227 INFO:teuthology.orchestra.run.smithi023.stdout:/usr/bin/ceph: stderr
2024-04-18T04:28:00.660+0000 7f7422e79700 1 -- 172.21.15.23:0/2337626911 >> 172.21.15.23:0/2337626911 conn(0x7f741c0fcd00 msgr2=0x7f741c0fd950 unknown :-1 s=STATE_NONE l=0).mark_down
2024-04-18T04:28:01.227 INFO:teuthology.orchestra.run.smithi023.stdout:/usr/bin/ceph: stderr
2024-04-18T04:28:00.660+0000 7f7422e79700 1 -- 172.21.15.23:0/2337626911 shutdown_connections
2024-04-18T04:28:01.227 INFO:teuthology.orchestra.run.smithi023.stdout:/usr/bin/ceph: stderr
2024-04-18T04:28:00.660+0000 7f7422e79700 1 -- 172.21.15.23:0/2337626911 wait complete.
2024-04-18T04:28:01.474 INFO:journalctl@ceph.mon.smithi023.smithi023.stdout:Apr 18 04:28:01 smithi023 ceph-mon[39803]: mgrmap e8: smithi023.wvavts(active, since 2s)
2024-04-18T04:28:01.474 INFO:journalctl@ceph.mon.smithi023.smithi023.stdout:Apr 18 04:28:01 smithi023 ceph-mon[39803]: from='mgr.14120 172.21.15.23:0/4260889580' entity='mgr.smithi023.wvavts'
2024-04-18T04:28:01.474 INFO:journalctl@ceph.mon.smithi023.smithi023.stdout:Apr 18 04:28:01 smithi023 ceph-mon[39803]: from='mgr.14120 172.21.15.23:0/4260889580' entity='mgr.smithi023.wvavts' cmd=[{"prefix": "config dump", "format": "json"}]: dispatch
2024-04-18T04:28:02.571 INFO:teuthology.orchestra.run.smithi023.stdout:/usr/bin/ceph: stdout value unchanged
2024-04-18T04:28:02.572 INFO:teuthology.orchestra.run.smithi023.stdout:/usr/bin/ceph: stderr
2024-04-18T04:28:01.734+0000 7f17ce05e700 1 Processor -- start
2024-04-18T04:28:02.572 INFO:teuthology.orchestra.run.smithi023.stdout:/usr/bin/ceph: stderr
2024-04-18T04:28:01.734+0000 7f17ce05e700 1 -- start start
2024-04-18T04:28:02.572 INFO:teuthology.orchestra.run.smithi023.stdout:/usr/bin/ceph: stderr
2024-04-18T04:28:01.735+0000 7f17ce05e700 1 --2- >> [v2:172.21.15.23:3300/0,v1:172.21.15.23:6789/0] conn(0x7f17c8076b80 0x7f17c81052a0 unknown :-1 s=NONE pgs=0 cs=0 l=0 rev1=0 crypto rx=0 tx=0 comp rx=0 tx=0).connect
2024-04-18T04:28:02.572 INFO:teuthology.orchestra.run.smithi023.stdout:/usr/bin/ceph: stderr
2024-04-18T04:28:01.735+0000 7f17ce05e700 1 -- --> [v2:172.21.15.23:3300/0,v1:172.21.15.23:6789/0] -- mon_getmap magic: 0 v1 -- 0x7f17c81057e0 con 0x7f17c8076b80
2024-04-18T04:28:02.572 INFO:teuthology.orchestra.run.smithi023.stdout:/usr/bin/ceph: stderr
2024-04-18T04:28:01.735+0000 7f17c77fe700 1 --2- >> [v2:172.21.15.23:3300/0,v1:172.21.15.23:6789/0] conn(0x7f17c8076b80 0x7f17c81052a0 unknown :-1 s=BANNER_CONNECTING pgs=0 cs=0 l=0 rev1=0 crypto rx=0 tx=0 comp rx=0 tx=0)._handle_peer_banner_payload supported=3 required=0
2024-04-18T04:28:02.573 INFO:teuthology.orchestra.run.smithi023.stdout:/usr/bin/ceph: stderr
2024-04-18T04:28:01.735+0000 7f17c77fe700 1 --2- >> [v2:172.21.15.23:3300/0,v1:172.21.15.23:6789/0] conn(0x7f17c8076b80 0x7f17c81052a0 unknown :-1 s=HELLO_CONNECTING pgs=0 cs=0 l=0 rev1=1 crypto rx=0 tx=0 comp rx=0 tx=0).handle_hello peer v2:172.21.15.23:3300/0 says I am v2:172.21.15.23:42306/0 (socket says 172.21.15.23:42306)
2024-04-18T04:28:02.573 INFO:teuthology.orchestra.run.smithi023.stdout:/usr/bin/ceph: stderr
2024-04-18T04:28:01.735+0000 7f17c77fe700 1 -- 172.21.15.23:0/2142872081 learned_addr learned my addr 172.21.15.23:0/2142872081 (peer_addr_for_me v2:172.21.15.23:0/0)
2024-04-18T04:28:02.573 INFO:teuthology.orchestra.run.smithi023.stdout:/usr/bin/ceph: stderr
2024-04-18T04:28:01.735+0000 7f17c77fe700 1 -- 172.21.15.23:0/2142872081 --> [v2:172.21.15.23:3300/0,v1:172.21.15.23:6789/0] -- mon_subscribe({config=0+,monmap=0+}) v3 -- 0x7f17c8105920 con 0x7f17c8076b80
2024-04-18T04:28:02.573 INFO:teuthology.orchestra.run.smithi023.stdout:/usr/bin/ceph: stderr
2024-04-18T04:28:01.735+0000 7f17c77fe700 1 --2- 172.21.15.23:0/2142872081 >> [v2:172.21.15.23:3300/0,v1:172.21.15.23:6789/0] conn(0x7f17c8076b80 0x7f17c81052a0 secure :-1 s=READY pgs=39 cs=0 l=1 rev1=1 crypto rx=0x7f17bc0098e0 tx=0x7f17bc009250 comp rx=0 tx=0).ready entity=mon.0 client_cookie=278c1b2320636cfb server_cookie=0 in_seq=0 out_seq=0
2024-04-18T04:28:02.573 INFO:teuthology.orchestra.run.smithi023.stdout:/usr/bin/ceph: stderr
2024-04-18T04:28:01.735+0000 7f17c67fc700 1 -- 172.21.15.23:0/2142872081 <== mon.0 v2:172.21.15.23:3300/0 1 ==== mon_map magic: 0 v1 ==== 229+0+0 (secure 0 0 0) 0x7f17bc00b860 con 0x7f17c8076b80
2024-04-18T04:28:02.573 INFO:teuthology.orchestra.run.smithi023.stdout:/usr/bin/ceph: stderr
2024-04-18T04:28:01.735+0000 7f17c67fc700 1 -- 172.21.15.23:0/2142872081 <== mon.0 v2:172.21.15.23:3300/0 2 ==== config(26 keys) v1 ==== 1009+0+0 (secure 0 0 0) 0x7f17bc00be30 con 0x7f17c8076b80
2024-04-18T04:28:02.573 INFO:teuthology.orchestra.run.smithi023.stdout:/usr/bin/ceph: stderr
2024-04-18T04:28:01.735+0000 7f17c67fc700 1 -- 172.21.15.23:0/2142872081 <== mon.0 v2:172.21.15.23:3300/0 3 ==== mon_map magic: 0 v1 ==== 229+0+0 (secure 0 0 0) 0x7f17bc010380 con 0x7f17c8076b80
2024-04-18T04:28:02.573 INFO:teuthology.orchestra.run.smithi023.stdout:/usr/bin/ceph: stderr
2024-04-18T04:28:01.736+0000 7f17ce05e700 1 -- 172.21.15.23:0/2142872081 >> [v2:172.21.15.23:3300/0,v1:172.21.15.23:6789/0] conn(0x7f17c8076b80 msgr2=0x7f17c81052a0 secure :-1 s=STATE_CONNECTION_ESTABLISHED l=1).mark_down
2024-04-18T04:28:02.573 INFO:teuthology.orchestra.run.smithi023.stdout:/usr/bin/ceph: stderr
2024-04-18T04:28:01.736+0000 7f17ce05e700 1 --2- 172.21.15.23:0/2142872081 >> [v2:172.21.15.23:3300/0,v1:172.21.15.23:6789/0] conn(0x7f17c8076b80 0x7f17c81052a0 secure :-1 s=READY pgs=39 cs=0 l=1 rev1=1 crypto rx=0x7f17bc0098e0 tx=0x7f17bc009250 comp rx=0 tx=0).stop
2024-04-18T04:28:02.573 INFO:teuthology.orchestra.run.smithi023.stdout:/usr/bin/ceph: stderr
2024-04-18T04:28:01.736+0000 7f17ce05e700 1 -- 172.21.15.23:0/2142872081 shutdown_connections
2024-04-18T04:28:02.573 INFO:teuthology.orchestra.run.smithi023.stdout:/usr/bin/ceph: stderr
2024-04-18T04:28:01.736+0000 7f17ce05e700 1 --2- 172.21.15.23:0/2142872081 >> [v2:172.21.15.23:3300/0,v1:172.21.15.23:6789/0] conn(0x7f17c8076b80 0x7f17c81052a0 unknown :-1 s=CLOSED pgs=39 cs=0 l=1 rev1=1 crypto rx=0 tx=0 comp rx=0 tx=0).stop
2024-04-18T04:28:02.573 INFO:teuthology.orchestra.run.smithi023.stdout:/usr/bin/ceph: stderr
2024-04-18T04:28:01.736+0000 7f17ce05e700 1 -- 172.21.15.23:0/2142872081 >> 172.21.15.23:0/2142872081 conn(0x7f17c80fccb0 msgr2=0x7f17c80ff0e0 unknown :-1 s=STATE_NONE l=0).mark_down
2024-04-18T04:28:02.573 INFO:teuthology.orchestra.run.smithi023.stdout:/usr/bin/ceph: stderr
2024-04-18T04:28:01.736+0000 7f17ce05e700 1 -- 172.21.15.23:0/2142872081 shutdown_connections
2024-04-18T04:28:02.573 INFO:teuthology.orchestra.run.smithi023.stdout:/usr/bin/ceph: stderr
2024-04-18T04:28:01.736+0000 7f17ce05e700 1 -- 172.21.15.23:0/2142872081 wait complete.
2024-04-18T04:28:02.574 INFO:teuthology.orchestra.run.smithi023.stdout:/usr/bin/ceph: stderr
2024-04-18T04:28:01.737+0000 7f17ce05e700 1 Processor -- start
2024-04-18T04:28:02.574 INFO:teuthology.orchestra.run.smithi023.stdout:/usr/bin/ceph: stderr
2024-04-18T04:28:01.737+0000 7f17ce05e700 1 -- start start
2024-04-18T04:28:02.574 INFO:teuthology.orchestra.run.smithi023.stdout:/usr/bin/ceph: stderr
2024-04-18T04:28:01.737+0000 7f17ce05e700 1 --2- >> [v2:172.21.15.23:3300/0,v1:172.21.15.23:6789/0] conn(0x7f17c8076b80 0x7f17c8113620 unknown :-1 s=NONE pgs=0 cs=0 l=1 rev1=0 crypto rx=0 tx=0 comp rx=0 tx=0).connect
2024-04-18T04:28:02.574 INFO:teuthology.orchestra.run.smithi023.stdout:/usr/bin/ceph: stderr
2024-04-18T04:28:01.737+0000 7f17ce05e700 1 -- --> [v2:172.21.15.23:3300/0,v1:172.21.15.23:6789/0] -- mon_getmap magic: 0 v1 -- 0x7f17c8113b60 con 0x7f17c8076b80
2024-04-18T04:28:02.574 INFO:teuthology.orchestra.run.smithi023.stdout:/usr/bin/ceph: stderr
2024-04-18T04:28:01.737+0000 7f17c77fe700 1 --2- >> [v2:172.21.15.23:3300/0,v1:172.21.15.23:6789/0] conn(0x7f17c8076b80 0x7f17c8113620 unknown :-1 s=BANNER_CONNECTING pgs=0 cs=0 l=1 rev1=0 crypto rx=0 tx=0 comp rx=0 tx=0)._handle_peer_banner_payload supported=3 required=0
2024-04-18T04:28:02.574 INFO:teuthology.orchestra.run.smithi023.stdout:/usr/bin/ceph: stderr
2024-04-18T04:28:01.737+0000 7f17c77fe700 1 --2- >> [v2:172.21.15.23:3300/0,v1:172.21.15.23:6789/0] conn(0x7f17c8076b80 0x7f17c8113620 unknown :-1 s=HELLO_CONNECTING pgs=0 cs=0 l=1 rev1=1 crypto rx=0 tx=0 comp rx=0 tx=0).handle_hello peer v2:172.21.15.23:3300/0 says I am v2:172.21.15.23:42308/0 (socket says 172.21.15.23:42308)
2024-04-18T04:28:02.574 INFO:teuthology.orchestra.run.smithi023.stdout:/usr/bin/ceph: stderr
2024-04-18T04:28:01.737+0000 7f17c77fe700 1 -- 172.21.15.23:0/3598185512 learned_addr learned my addr 172.21.15.23:0/3598185512 (peer_addr_for_me v2:172.21.15.23:0/0)
2024-04-18T04:28:02.574 INFO:teuthology.orchestra.run.smithi023.stdout:/usr/bin/ceph: stderr
2024-04-18T04:28:01.737+0000 7f17c77fe700 1 -- 172.21.15.23:0/3598185512 --> [v2:172.21.15.23:3300/0,v1:172.21.15.23:6789/0] -- mon_subscribe({config=0+,monmap=0+}) v3 -- 0x7f17bc0094f0 con 0x7f17c8076b80
2024-04-18T04:28:02.574 INFO:teuthology.orchestra.run.smithi023.stdout:/usr/bin/ceph: stderr
2024-04-18T04:28:01.738+0000 7f17c77fe700 1 --2- 172.21.15.23:0/3598185512 >> [v2:172.21.15.23:3300/0,v1:172.21.15.23:6789/0] conn(0x7f17c8076b80 0x7f17c8113620 secure :-1 s=READY pgs=40 cs=0 l=1 rev1=1 crypto rx=0x7f17bc006d40 tx=0x7f17bc009250 comp rx=0 tx=0).ready entity=mon.0 client_cookie=0 server_cookie=0 in_seq=0 out_seq=0
2024-04-18T04:28:02.574 INFO:teuthology.orchestra.run.smithi023.stdout:/usr/bin/ceph: stderr
2024-04-18T04:28:01.738+0000 7f17affff700 1 -- 172.21.15.23:0/3598185512 <== mon.0 v2:172.21.15.23:3300/0 1 ==== mon_map magic: 0 v1 ==== 229+0+0 (secure 0 0 0) 0x7f17bc0109b0 con 0x7f17c8076b80
2024-04-18T04:28:02.574 INFO:teuthology.orchestra.run.smithi023.stdout:/usr/bin/ceph: stderr
2024-04-18T04:28:01.738+0000 7f17affff700 1 -- 172.21.15.23:0/3598185512 <== mon.0 v2:172.21.15.23:3300/0 2 ==== config(26 keys) v1 ==== 1009+0+0 (secure 0 0 0) 0x7f17bc024440 con 0x7f17c8076b80
2024-04-18T04:28:02.574 INFO:teuthology.orchestra.run.smithi023.stdout:/usr/bin/ceph: stderr
2024-04-18T04:28:01.738+0000 7f17ce05e700 1 -- 172.21.15.23:0/3598185512 --> [v2:172.21.15.23:3300/0,v1:172.21.15.23:6789/0] -- mon_subscribe({mgrmap=0+}) v3 -- 0x7f17c8113d60 con 0x7f17c8076b80
2024-04-18T04:28:02.574 INFO:teuthology.orchestra.run.smithi023.stdout:/usr/bin/ceph: stderr
2024-04-18T04:28:01.738+0000 7f17affff700 1 -- 172.21.15.23:0/3598185512 <== mon.0 v2:172.21.15.23:3300/0 3 ==== mon_map magic: 0 v1 ==== 229+0+0 (secure 0 0 0) 0x7f17bc01a5f0 con 0x7f17c8076b80
2024-04-18T04:28:02.574 INFO:teuthology.orchestra.run.smithi023.stdout:/usr/bin/ceph: stderr
2024-04-18T04:28:01.738+0000 7f17ce05e700 1 -- 172.21.15.23:0/3598185512 --> [v2:172.21.15.23:3300/0,v1:172.21.15.23:6789/0] -- mon_subscribe({osdmap=0}) v3 -- 0x7f17c81148d0 con 0x7f17c8076b80
2024-04-18T04:28:02.575 INFO:teuthology.orchestra.run.smithi023.stdout:/usr/bin/ceph: stderr
2024-04-18T04:28:01.739+0000 7f17affff700 1 -- 172.21.15.23:0/3598185512 <== mon.0 v2:172.21.15.23:3300/0 4 ==== mgrmap(e 8) v1 ==== 43376+0+0 (secure 0 0 0) 0x7f17bc01a870 con 0x7f17c8076b80
2024-04-18T04:28:02.575 INFO:teuthology.orchestra.run.smithi023.stdout:/usr/bin/ceph: stderr
2024-04-18T04:28:01.739+0000 7f17affff700 1 --2- 172.21.15.23:0/3598185512 >> [v2:172.21.15.23:6800/2031931682,v1:172.21.15.23:6801/2031931682] conn(0x7f17b0036790 0x7f17b0038c40 unknown :-1 s=NONE pgs=0 cs=0 l=1 rev1=0 crypto rx=0 tx=0 comp rx=0 tx=0).connect
2024-04-18T04:28:02.575 INFO:teuthology.orchestra.run.smithi023.stdout:/usr/bin/ceph: stderr
2024-04-18T04:28:01.739+0000 7f17ce05e700 1 -- 172.21.15.23:0/3598185512 --> [v2:172.21.15.23:3300/0,v1:172.21.15.23:6789/0] -- mon_command({"prefix": "get_command_descriptions"} v 0) v1 -- 0x7f17c805f5f0 con 0x7f17c8076b80
2024-04-18T04:28:02.575 INFO:teuthology.orchestra.run.smithi023.stdout:/usr/bin/ceph: stderr
2024-04-18T04:28:01.739+0000 7f17affff700 1 -- 172.21.15.23:0/3598185512 <== mon.0 v2:172.21.15.23:3300/0 5 ==== osd_map(2..2 src has 1..2) v4 ==== 936+0+0 (secure 0 0 0) 0x7f17bc04a820 con 0x7f17c8076b80
2024-04-18T04:28:02.575 INFO:teuthology.orchestra.run.smithi023.stdout:/usr/bin/ceph: stderr
2024-04-18T04:28:01.739+0000 7f17c6ffd700 1 --2- 172.21.15.23:0/3598185512 >> [v2:172.21.15.23:6800/2031931682,v1:172.21.15.23:6801/2031931682] conn(0x7f17b0036790 0x7f17b0038c40 unknown :-1 s=BANNER_CONNECTING pgs=0 cs=0 l=1 rev1=0 crypto rx=0 tx=0 comp rx=0 tx=0)._handle_peer_banner_payload supported=3 required=0
2024-04-18T04:28:02.575 INFO:teuthology.orchestra.run.smithi023.stdout:/usr/bin/ceph: stderr
2024-04-18T04:28:01.739+0000 7f17c6ffd700 1 --2- 172.21.15.23:0/3598185512 >> [v2:172.21.15.23:6800/2031931682,v1:172.21.15.23:6801/2031931682] conn(0x7f17b0036790 0x7f17b0038c40 secure :-1 s=READY pgs=8 cs=0 l=1 rev1=1 crypto rx=0x7f17b8009990 tx=0x7f17b8006e40 comp rx=0 tx=0).ready entity=mgr.14120 client_cookie=0 server_cookie=0 in_seq=0 out_seq=0
2024-04-18T04:28:02.575 INFO:teuthology.orchestra.run.smithi023.stdout:/usr/bin/ceph: stderr
2024-04-18T04:28:01.744+0000 7f17affff700 1 -- 172.21.15.23:0/3598185512 <== mon.0 v2:172.21.15.23:3300/0 6 ==== mon_command_ack([{"prefix": "get_command_descriptions"}]=0 v0) v1 ==== 72+0+176702 (secure 0 0 0) 0x7f17bc0189a0 con 0x7f17c8076b80
2024-04-18T04:28:02.575 INFO:teuthology.orchestra.run.smithi023.stdout:/usr/bin/ceph: stderr
2024-04-18T04:28:01.942+0000 7f17ce05e700 1 -- 172.21.15.23:0/3598185512 --> [v2:172.21.15.23:6800/2031931682,v1:172.21.15.23:6801/2031931682] -- mgr_command(tid 0: {"prefix": "cephadm set-user", "user": "root", "target": ["mon-mgr", ""]}) v1 -- 0x7f17c80fdea0 con 0x7f17b0036790
2024-04-18T04:28:02.575 INFO:teuthology.orchestra.run.smithi023.stdout:/usr/bin/ceph: stderr
2024-04-18T04:28:01.942+0000 7f17affff700 1 -- 172.21.15.23:0/3598185512 <== mgr.14120 v2:172.21.15.23:6800/2031931682 1 ==== mgr_command_reply(tid 0: 0 ) v1 ==== 8+0+16 (secure 0 0 0) 0x7f17c80fdea0 con 0x7f17b0036790
2024-04-18T04:28:02.575 INFO:teuthology.orchestra.run.smithi023.stdout:/usr/bin/ceph: stderr
2024-04-18T04:28:01.944+0000 7f17ce05e700 1 -- 172.21.15.23:0/3598185512 >> [v2:172.21.15.23:6800/2031931682,v1:172.21.15.23:6801/2031931682] conn(0x7f17b0036790 msgr2=0x7f17b0038c40 secure :-1 s=STATE_CONNECTION_ESTABLISHED l=1).mark_down
2024-04-18T04:28:02.575 INFO:teuthology.orchestra.run.smithi023.stdout:/usr/bin/ceph: stderr
2024-04-18T04:28:01.944+0000 7f17ce05e700 1 --2- 172.21.15.23:0/3598185512 >> [v2:172.21.15.23:6800/2031931682,v1:172.21.15.23:6801/2031931682] conn(0x7f17b0036790 0x7f17b0038c40 secure :-1 s=READY pgs=8 cs=0 l=1 rev1=1 crypto rx=0x7f17b8009990 tx=0x7f17b8006e40 comp rx=0 tx=0).stop
2024-04-18T04:28:02.575 INFO:teuthology.orchestra.run.smithi023.stdout:/usr/bin/ceph: stderr
2024-04-18T04:28:01.944+0000 7f17ce05e700 1 -- 172.21.15.23:0/3598185512 >> [v2:172.21.15.23:3300/0,v1:172.21.15.23:6789/0] conn(0x7f17c8076b80 msgr2=0x7f17c8113620 secure :-1 s=STATE_CONNECTION_ESTABLISHED l=1).mark_down
2024-04-18T04:28:02.575 INFO:teuthology.orchestra.run.smithi023.stdout:/usr/bin/ceph: stderr
2024-04-18T04:28:01.944+0000 7f17ce05e700 1 --2- 172.21.15.23:0/3598185512 >> [v2:172.21.15.23:3300/0,v1:172.21.15.23:6789/0] conn(0x7f17c8076b80 0x7f17c8113620 secure :-1 s=READY pgs=40 cs=0 l=1 rev1=1 crypto rx=0x7f17bc006d40 tx=0x7f17bc009250 comp rx=0 tx=0).stop
2024-04-18T04:28:02.575 INFO:teuthology.orchestra.run.smithi023.stdout:/usr/bin/ceph: stderr
2024-04-18T04:28:01.944+0000 7f17ce05e700 1 -- 172.21.15.23:0/3598185512 shutdown_connections
2024-04-18T04:28:02.575 INFO:teuthology.orchestra.run.smithi023.stdout:/usr/bin/ceph: stderr
2024-04-18T04:28:01.944+0000 7f17ce05e700 1 --2- 172.21.15.23:0/3598185512 >> [v2:172.21.15.23:6800/2031931682,v1:172.21.15.23:6801/2031931682] conn(0x7f17b0036790 0x7f17b0038c40 unknown :-1 s=CLOSED pgs=8 cs=0 l=1 rev1=1 crypto rx=0 tx=0 comp rx=0 tx=0).stop
2024-04-18T04:28:02.576 INFO:teuthology.orchestra.run.smithi023.stdout:/usr/bin/ceph: stderr
2024-04-18T04:28:01.944+0000 7f17ce05e700 1 --2- 172.21.15.23:0/3598185512 >> [v2:172.21.15.23:3300/0,v1:172.21.15.23:6789/0] conn(0x7f17c8076b80 0x7f17c8113620 unknown :-1 s=CLOSED pgs=40 cs=0 l=1 rev1=1 crypto rx=0 tx=0 comp rx=0 tx=0).stop
2024-04-18T04:28:02.576 INFO:teuthology.orchestra.run.smithi023.stdout:/usr/bin/ceph: stderr
2024-04-18T04:28:01.944+0000 7f17ce05e700 1 -- 172.21.15.23:0/3598185512 >> 172.21.15.23:0/3598185512 conn(0x7f17c80fccb0 msgr2=0x7f17c80fd790 unknown :-1 s=STATE_NONE l=0).mark_down
2024-04-18T04:28:02.576 INFO:teuthology.orchestra.run.smithi023.stdout:/usr/bin/ceph: stderr
2024-04-18T04:28:01.944+0000 7f17ce05e700 1 -- 172.21.15.23:0/3598185512 shutdown_connections
2024-04-18T04:28:02.576 INFO:journalctl@ceph.mon.smithi023.smithi023.stdout:Apr 18 04:28:02 smithi023 ceph-mon[39803]: from='client.14132 -' entity='client.admin' cmd=[{"prefix": "orch set backend", "module_name": "cephadm", "target": ["mon-mgr", ""]}]: dispatch
2024-04-18T04:28:02.576 INFO:journalctl@ceph.mon.smithi023.smithi023.stdout:Apr 18 04:28:02 smithi023 ceph-mon[39803]: [18/Apr/2024:04:28:01] ENGINE Bus STARTING
2024-04-18T04:28:02.576 INFO:journalctl@ceph.mon.smithi023.smithi023.stdout:Apr 18 04:28:02 smithi023 ceph-mon[39803]: [18/Apr/2024:04:28:01] ENGINE Serving on https://172.21.15.23:7150
2024-04-18T04:28:02.576 INFO:journalctl@ceph.mon.smithi023.smithi023.stdout:Apr 18 04:28:02 smithi023 ceph-mon[39803]: [18/Apr/2024:04:28:01] ENGINE Bus STARTED
2024-04-18T04:28:02.576 INFO:journalctl@ceph.mon.smithi023.smithi023.stdout:Apr 18 04:28:02 smithi023 ceph-mon[39803]: from='mgr.14120 172.21.15.23:0/4260889580' entity='mgr.smithi023.wvavts'
2024-04-18T04:28:02.576 INFO:journalctl@ceph.mon.smithi023.smithi023.stdout:Apr 18 04:28:02 smithi023 ceph-mon[39803]: from='mgr.14120 172.21.15.23:0/4260889580' entity='mgr.smithi023.wvavts' cmd=[{"prefix": "config dump", "format": "json"}]: dispatch
2024-04-18T04:28:02.577 INFO:teuthology.orchestra.run.smithi023.stdout:/usr/bin/ceph: stderr
2024-04-18T04:28:01.944+0000 7f17ce05e700 1 -- 172.21.15.23:0/3598185512 wait complete.
2024-04-18T04:28:02.577 INFO:teuthology.orchestra.run.smithi023.stdout:Generating ssh key...
2024-04-18T04:28:03.795 INFO:journalctl@ceph.mon.smithi023.smithi023.stdout:Apr 18 04:28:03 smithi023 ceph-mon[39803]: from='client.14134 -' entity='client.admin' cmd=[{"prefix": "cephadm set-user", "user": "root", "target": ["mon-mgr", ""]}]: dispatch
2024-04-18T04:28:04.088 INFO:teuthology.orchestra.run.smithi023.stdout:/usr/bin/ceph: stderr
2024-04-18T04:28:03.130+0000 7fefe8e0e700 1 Processor -- start
2024-04-18T04:28:04.088 INFO:teuthology.orchestra.run.smithi023.stdout:/usr/bin/ceph: stderr
2024-04-18T04:28:03.130+0000 7fefe8e0e700 1 -- start start
2024-04-18T04:28:04.088 INFO:teuthology.orchestra.run.smithi023.stdout:/usr/bin/ceph: stderr
2024-04-18T04:28:03.130+0000 7fefe8e0e700 1 --2- >> [v2:172.21.15.23:3300/0,v1:172.21.15.23:6789/0] conn(0x7fefe4076ba0 0x7fefe4105280 unknown :-1 s=NONE pgs=0 cs=0 l=0 rev1=0 crypto rx=0 tx=0 comp rx=0 tx=0).connect
2024-04-18T04:28:04.088 INFO:teuthology.orchestra.run.smithi023.stdout:/usr/bin/ceph: stderr
2024-04-18T04:28:03.130+0000 7fefe8e0e700 1 -- --> [v2:172.21.15.23:3300/0,v1:172.21.15.23:6789/0] -- mon_getmap magic: 0 v1 -- 0x7fefe41057c0 con 0x7fefe4076ba0
2024-04-18T04:28:04.088 INFO:teuthology.orchestra.run.smithi023.stdout:/usr/bin/ceph: stderr
2024-04-18T04:28:03.130+0000 7fefe259c700 1 --2- >> [v2:172.21.15.23:3300/0,v1:172.21.15.23:6789/0] conn(0x7fefe4076ba0 0x7fefe4105280 unknown :-1 s=BANNER_CONNECTING pgs=0 cs=0 l=0 rev1=0 crypto rx=0 tx=0 comp rx=0 tx=0)._handle_peer_banner_payload supported=3 required=0
2024-04-18T04:28:04.088 INFO:teuthology.orchestra.run.smithi023.stdout:/usr/bin/ceph: stderr
2024-04-18T04:28:03.130+0000 7fefe259c700 1 --2- >> [v2:172.21.15.23:3300/0,v1:172.21.15.23:6789/0] conn(0x7fefe4076ba0 0x7fefe4105280 unknown :-1 s=HELLO_CONNECTING pgs=0 cs=0 l=0 rev1=1 crypto rx=0 tx=0 comp rx=0 tx=0).handle_hello peer v2:172.21.15.23:3300/0 says I am v2:172.21.15.23:42316/0 (socket says 172.21.15.23:42316)
2024-04-18T04:28:04.089 INFO:teuthology.orchestra.run.smithi023.stdout:/usr/bin/ceph: stderr
2024-04-18T04:28:03.130+0000 7fefe259c700 1 -- 172.21.15.23:0/2909301427 learned_addr learned my addr 172.21.15.23:0/2909301427 (peer_addr_for_me v2:172.21.15.23:0/0)
2024-04-18T04:28:04.089 INFO:teuthology.orchestra.run.smithi023.stdout:/usr/bin/ceph: stderr
2024-04-18T04:28:03.131+0000 7fefe259c700 1 -- 172.21.15.23:0/2909301427 --> [v2:172.21.15.23:3300/0,v1:172.21.15.23:6789/0] -- mon_subscribe({config=0+,monmap=0+}) v3 -- 0x7fefe4105900 con 0x7fefe4076ba0
2024-04-18T04:28:04.089 INFO:teuthology.orchestra.run.smithi023.stdout:/usr/bin/ceph: stderr
2024-04-18T04:28:03.131+0000 7fefe259c700 1 --2- 172.21.15.23:0/2909301427 >> [v2:172.21.15.23:3300/0,v1:172.21.15.23:6789/0] conn(0x7fefe4076ba0 0x7fefe4105280 secure :-1 s=READY pgs=41 cs=0 l=1 rev1=1 crypto rx=0x7fefd40098e0 tx=0x7fefd4009250 comp rx=0 tx=0).ready entity=mon.0 client_cookie=76bd424d2ba4950 server_cookie=0 in_seq=0 out_seq=0
2024-04-18T04:28:04.089 INFO:teuthology.orchestra.run.smithi023.stdout:/usr/bin/ceph: stderr
2024-04-18T04:28:03.131+0000 7fefe159a700 1 -- 172.21.15.23:0/2909301427 <== mon.0 v2:172.21.15.23:3300/0 1 ==== mon_map magic: 0 v1 ==== 229+0+0 (secure 0 0 0) 0x7fefd400b860 con 0x7fefe4076ba0
2024-04-18T04:28:04.089 INFO:teuthology.orchestra.run.smithi023.stdout:/usr/bin/ceph: stderr
2024-04-18T04:28:03.131+0000 7fefe159a700 1 -- 172.21.15.23:0/2909301427 <== mon.0 v2:172.21.15.23:3300/0 2 ==== config(26 keys) v1 ==== 1009+0+0 (secure 0 0 0) 0x7fefd400be30 con 0x7fefe4076ba0
2024-04-18T04:28:04.089 INFO:teuthology.orchestra.run.smithi023.stdout:/usr/bin/ceph: stderr
2024-04-18T04:28:03.131+0000 7fefe159a700 1 -- 172.21.15.23:0/2909301427 <== mon.0 v2:172.21.15.23:3300/0 3 ==== mon_map magic: 0 v1 ==== 229+0+0 (secure 0 0 0) 0x7fefd4010380 con 0x7fefe4076ba0
2024-04-18T04:28:04.089 INFO:teuthology.orchestra.run.smithi023.stdout:/usr/bin/ceph: stderr
2024-04-18T04:28:03.132+0000 7fefe8e0e700 1 -- 172.21.15.23:0/2909301427 >> [v2:172.21.15.23:3300/0,v1:172.21.15.23:6789/0] conn(0x7fefe4076ba0 msgr2=0x7fefe4105280 secure :-1 s=STATE_CONNECTION_ESTABLISHED l=1).mark_down
2024-04-18T04:28:04.089 INFO:teuthology.orchestra.run.smithi023.stdout:/usr/bin/ceph: stderr
2024-04-18T04:28:03.132+0000 7fefe8e0e700 1 --2- 172.21.15.23:0/2909301427 >> [v2:172.21.15.23:3300/0,v1:172.21.15.23:6789/0] conn(0x7fefe4076ba0 0x7fefe4105280 secure :-1 s=READY pgs=41 cs=0 l=1 rev1=1 crypto rx=0x7fefd40098e0 tx=0x7fefd4009250 comp rx=0 tx=0).stop
2024-04-18T04:28:04.089 INFO:teuthology.orchestra.run.smithi023.stdout:/usr/bin/ceph: stderr
2024-04-18T04:28:03.132+0000 7fefe8e0e700 1 -- 172.21.15.23:0/2909301427 shutdown_connections
2024-04-18T04:28:04.089 INFO:teuthology.orchestra.run.smithi023.stdout:/usr/bin/ceph: stderr
2024-04-18T04:28:03.132+0000 7fefe8e0e700 1 --2- 172.21.15.23:0/2909301427 >> [v2:172.21.15.23:3300/0,v1:172.21.15.23:6789/0] conn(0x7fefe4076ba0 0x7fefe4105280 unknown :-1 s=CLOSED pgs=41 cs=0 l=1 rev1=1 crypto rx=0 tx=0 comp rx=0 tx=0).stop
2024-04-18T04:28:04.089 INFO:teuthology.orchestra.run.smithi023.stdout:/usr/bin/ceph: stderr
2024-04-18T04:28:03.132+0000 7fefe8e0e700 1 -- 172.21.15.23:0/2909301427 >> 172.21.15.23:0/2909301427 conn(0x7fefe40fccb0 msgr2=0x7fefe40ff0e0 unknown :-1 s=STATE_NONE l=0).mark_down
2024-04-18T04:28:04.089 INFO:teuthology.orchestra.run.smithi023.stdout:/usr/bin/ceph: stderr
2024-04-18T04:28:03.132+0000 7fefe8e0e700 1 -- 172.21.15.23:0/2909301427 shutdown_connections
2024-04-18T04:28:04.089 INFO:teuthology.orchestra.run.smithi023.stdout:/usr/bin/ceph: stderr
2024-04-18T04:28:03.132+0000 7fefe8e0e700 1 -- 172.21.15.23:0/2909301427 wait complete.
2024-04-18T04:28:04.089 INFO:teuthology.orchestra.run.smithi023.stdout:/usr/bin/ceph: stderr
2024-04-18T04:28:03.132+0000 7fefe8e0e700 1 Processor -- start
2024-04-18T04:28:04.089 INFO:teuthology.orchestra.run.smithi023.stdout:/usr/bin/ceph: stderr
2024-04-18T04:28:03.132+0000 7fefe8e0e700 1 -- start start
2024-04-18T04:28:04.090 INFO:teuthology.orchestra.run.smithi023.stdout:/usr/bin/ceph: stderr
2024-04-18T04:28:03.132+0000 7fefe8e0e700 1 --2- >> [v2:172.21.15.23:3300/0,v1:172.21.15.23:6789/0] conn(0x7fefe4076ba0 0x7fefe4111430 unknown :-1 s=NONE pgs=0 cs=0 l=1 rev1=0 crypto rx=0 tx=0 comp rx=0 tx=0).connect
2024-04-18T04:28:04.090 INFO:teuthology.orchestra.run.smithi023.stdout:/usr/bin/ceph: stderr
2024-04-18T04:28:03.133+0000 7fefe8e0e700 1 -- --> [v2:172.21.15.23:3300/0,v1:172.21.15.23:6789/0] -- mon_getmap magic: 0 v1 -- 0x7fefe4111970 con 0x7fefe4076ba0
2024-04-18T04:28:04.090 INFO:teuthology.orchestra.run.smithi023.stdout:/usr/bin/ceph: stderr
2024-04-18T04:28:03.133+0000 7fefe259c700 1 --2- >> [v2:172.21.15.23:3300/0,v1:172.21.15.23:6789/0] conn(0x7fefe4076ba0 0x7fefe4111430 unknown :-1 s=BANNER_CONNECTING pgs=0 cs=0 l=1 rev1=0 crypto rx=0 tx=0 comp rx=0 tx=0)._handle_peer_banner_payload supported=3 required=0
2024-04-18T04:28:04.090 INFO:teuthology.orchestra.run.smithi023.stdout:/usr/bin/ceph: stderr
2024-04-18T04:28:03.133+0000 7fefe259c700 1 --2- >> [v2:172.21.15.23:3300/0,v1:172.21.15.23:6789/0] conn(0x7fefe4076ba0 0x7fefe4111430 unknown :-1 s=HELLO_CONNECTING pgs=0 cs=0 l=1 rev1=1 crypto rx=0 tx=0 comp rx=0 tx=0).handle_hello peer v2:172.21.15.23:3300/0 says I am v2:172.21.15.23:42332/0 (socket says 172.21.15.23:42332)
2024-04-18T04:28:04.090 INFO:teuthology.orchestra.run.smithi023.stdout:/usr/bin/ceph: stderr
2024-04-18T04:28:03.133+0000 7fefe259c700 1 -- 172.21.15.23:0/3815488120 learned_addr learned my addr 172.21.15.23:0/3815488120 (peer_addr_for_me v2:172.21.15.23:0/0)
2024-04-18T04:28:04.090 INFO:teuthology.orchestra.run.smithi023.stdout:/usr/bin/ceph: stderr
2024-04-18T04:28:03.133+0000 7fefe259c700 1 -- 172.21.15.23:0/3815488120 --> [v2:172.21.15.23:3300/0,v1:172.21.15.23:6789/0] -- mon_subscribe({config=0+,monmap=0+}) v3 -- 0x7fefd40094f0 con 0x7fefe4076ba0
2024-04-18T04:28:04.090 INFO:teuthology.orchestra.run.smithi023.stdout:/usr/bin/ceph: stderr
2024-04-18T04:28:03.133+0000 7fefe259c700 1 --2- 172.21.15.23:0/3815488120 >> [v2:172.21.15.23:3300/0,v1:172.21.15.23:6789/0] conn(0x7fefe4076ba0 0x7fefe4111430 secure :-1 s=READY pgs=42 cs=0 l=1 rev1=1 crypto rx=0x7fefd4006fd0 tx=0x7fefd4009250 comp rx=0 tx=0).ready entity=mon.0 client_cookie=0 server_cookie=0 in_seq=0 out_seq=0
