2024-04-18T06:38:46.283 INFO:teuthology.orchestra.run.smithi097.stderr:/usr/bin/ceph:
2024-04-18T06:38:46.277+0000 7f375b7fe700 1 --2- 172.21.15.97:0/1252984357 >> [v2:172.21.15.97:3300/0,v1:172.21.15.97:6789/0] conn(0x7f375c071c00 0x7f375c0ffc90 secure :-1 s=READY pgs=43 cs=0 l=1 rev1=1 rx=0x7f374c009730 tx=0x7f374c0090f0).ready entity=mon.0 client_cookie=624bfc6f4c257228 server_cookie=0 in_seq=0 out_seq=0
2024-04-18T06:38:46.283 INFO:teuthology.orchestra.run.smithi097.stderr:/usr/bin/ceph:
2024-04-18T06:38:46.277+0000 7f375affd700 1 -- 172.21.15.97:0/1252984357 <== mon.0 v2:172.21.15.97:3300/0 1 ==== mon_map magic: 0 v1 ==== 229+0+0 (secure 0 0 0) 0x7f374c00b6e0 con 0x7f375c071c00
2024-04-18T06:38:46.283 INFO:teuthology.orchestra.run.smithi097.stderr:/usr/bin/ceph:
2024-04-18T06:38:46.277+0000 7f375affd700 1 -- 172.21.15.97:0/1252984357 <== mon.0 v2:172.21.15.97:3300/0 2 ==== config(25 keys) v1 ==== 1046+0+0 (secure 0 0 0) 0x7f374c00bcd0 con 0x7f375c071c00
2024-04-18T06:38:46.283 INFO:teuthology.orchestra.run.smithi097.stderr:/usr/bin/ceph:
2024-04-18T06:38:46.277+0000 7f375affd700 1 -- 172.21.15.97:0/1252984357 <== mon.0 v2:172.21.15.97:3300/0 3 ==== mon_map magic: 0 v1 ==== 229+0+0 (secure 0 0 0) 0x7f374c011cb0 con 0x7f375c071c00
2024-04-18T06:38:46.283 INFO:teuthology.orchestra.run.smithi097.stderr:/usr/bin/ceph:
2024-04-18T06:38:46.278+0000 7f3761bef700 1 -- 172.21.15.97:0/1252984357 >> [v2:172.21.15.97:3300/0,v1:172.21.15.97:6789/0] conn(0x7f375c071c00 msgr2=0x7f375c0ffc90 secure :-1 s=STATE_CONNECTION_ESTABLISHED l=1).mark_down
2024-04-18T06:38:46.283 INFO:teuthology.orchestra.run.smithi097.stderr:/usr/bin/ceph:
2024-04-18T06:38:46.278+0000 7f3761bef700 1 --2- 172.21.15.97:0/1252984357 >> [v2:172.21.15.97:3300/0,v1:172.21.15.97:6789/0] conn(0x7f375c071c00 0x7f375c0ffc90 secure :-1 s=READY pgs=43 cs=0 l=1 rev1=1 rx=0x7f374c009730 tx=0x7f374c0090f0).stop
2024-04-18T06:38:46.283 INFO:teuthology.orchestra.run.smithi097.stderr:/usr/bin/ceph:
2024-04-18T06:38:46.278+0000 7f3761bef700 1 -- 172.21.15.97:0/1252984357 shutdown_connections
2024-04-18T06:38:46.283 INFO:teuthology.orchestra.run.smithi097.stderr:/usr/bin/ceph:
2024-04-18T06:38:46.278+0000 7f3761bef700 1 --2- 172.21.15.97:0/1252984357 >> [v2:172.21.15.97:3300/0,v1:172.21.15.97:6789/0] conn(0x7f375c071c00 0x7f375c0ffc90 unknown :-1 s=CLOSED pgs=43 cs=0 l=1 rev1=1 rx=0 tx=0).stop
2024-04-18T06:38:46.283 INFO:teuthology.orchestra.run.smithi097.stderr:/usr/bin/ceph:
2024-04-18T06:38:46.278+0000 7f3761bef700 1 -- 172.21.15.97:0/1252984357 >> 172.21.15.97:0/1252984357 conn(0x7f375c0f76f0 msgr2=0x7f375c0f9b10 unknown :-1 s=STATE_NONE l=0).mark_down
2024-04-18T06:38:46.283 INFO:teuthology.orchestra.run.smithi097.stderr:/usr/bin/ceph:
2024-04-18T06:38:46.278+0000 7f3761bef700 1 -- 172.21.15.97:0/1252984357 shutdown_connections
2024-04-18T06:38:46.283 INFO:teuthology.orchestra.run.smithi097.stderr:/usr/bin/ceph:
2024-04-18T06:38:46.278+0000 7f3761bef700 1 -- 172.21.15.97:0/1252984357 wait complete.
2024-04-18T06:38:46.283 INFO:teuthology.orchestra.run.smithi097.stderr:/usr/bin/ceph:
2024-04-18T06:38:46.278+0000 7f3761bef700 1 Processor -- start
2024-04-18T06:38:46.283 INFO:teuthology.orchestra.run.smithi097.stderr:/usr/bin/ceph:
2024-04-18T06:38:46.279+0000 7f3761bef700 1 -- start start
2024-04-18T06:38:46.283 INFO:teuthology.orchestra.run.smithi097.stderr:/usr/bin/ceph:
2024-04-18T06:38:46.279+0000 7f3761bef700 1 --2- >> [v2:172.21.15.97:3300/0,v1:172.21.15.97:6789/0] conn(0x7f375c071c00 0x7f375c10bec0 unknown :-1 s=NONE pgs=0 cs=0 l=1 rev1=0 rx=0 tx=0).connect
2024-04-18T06:38:46.284 INFO:teuthology.orchestra.run.smithi097.stderr:/usr/bin/ceph:
2024-04-18T06:38:46.279+0000 7f3761bef700 1 -- --> [v2:172.21.15.97:3300/0,v1:172.21.15.97:6789/0] -- mon_getmap magic: 0 v1 -- 0x7f375c10c3b0 con 0x7f375c071c00
2024-04-18T06:38:46.284 INFO:teuthology.orchestra.run.smithi097.stderr:/usr/bin/ceph:
2024-04-18T06:38:46.279+0000 7f375b7fe700 1 --2- >> [v2:172.21.15.97:3300/0,v1:172.21.15.97:6789/0] conn(0x7f375c071c00 0x7f375c10bec0 unknown :-1 s=BANNER_CONNECTING pgs=0 cs=0 l=1 rev1=0 rx=0 tx=0)._handle_peer_banner_payload supported=1 required=0
2024-04-18T06:38:46.284 INFO:teuthology.orchestra.run.smithi097.stderr:/usr/bin/ceph:
2024-04-18T06:38:46.279+0000 7f375b7fe700 1 --2- >> [v2:172.21.15.97:3300/0,v1:172.21.15.97:6789/0] conn(0x7f375c071c00 0x7f375c10bec0 unknown :-1 s=HELLO_CONNECTING pgs=0 cs=0 l=1 rev1=1 rx=0 tx=0).handle_hello peer v2:172.21.15.97:3300/0 says I am v2:172.21.15.97:42924/0 (socket says 172.21.15.97:42924)
2024-04-18T06:38:46.284 INFO:teuthology.orchestra.run.smithi097.stderr:/usr/bin/ceph:
2024-04-18T06:38:46.279+0000 7f375b7fe700 1 -- 172.21.15.97:0/569321312 learned_addr learned my addr 172.21.15.97:0/569321312 (peer_addr_for_me v2:172.21.15.97:0/0)
2024-04-18T06:38:46.284 INFO:teuthology.orchestra.run.smithi097.stderr:/usr/bin/ceph:
2024-04-18T06:38:46.279+0000 7f375b7fe700 1 -- 172.21.15.97:0/569321312 --> [v2:172.21.15.97:3300/0,v1:172.21.15.97:6789/0] -- mon_subscribe({config=0+,monmap=0+}) v3 -- 0x7f374c009370 con 0x7f375c071c00
2024-04-18T06:38:46.284 INFO:teuthology.orchestra.run.smithi097.stderr:/usr/bin/ceph:
2024-04-18T06:38:46.279+0000 7f375b7fe700 1 --2- 172.21.15.97:0/569321312 >> [v2:172.21.15.97:3300/0,v1:172.21.15.97:6789/0] conn(0x7f375c071c00 0x7f375c10bec0 secure :-1 s=READY pgs=44 cs=0 l=1 rev1=1 rx=0x7f374c000c00 tx=0x7f374c0090f0).ready entity=mon.0 client_cookie=0 server_cookie=0 in_seq=0 out_seq=0
2024-04-18T06:38:46.284 INFO:teuthology.orchestra.run.smithi097.stderr:/usr/bin/ceph:
2024-04-18T06:38:46.279+0000 7f37597fa700 1 -- 172.21.15.97:0/569321312 <== mon.0 v2:172.21.15.97:3300/0 1 ==== mon_map magic: 0 v1 ==== 229+0+0 (secure 0 0 0) 0x7f374c01a640 con 0x7f375c071c00
2024-04-18T06:38:46.284 INFO:teuthology.orchestra.run.smithi097.stderr:/usr/bin/ceph:
2024-04-18T06:38:46.280+0000 7f37597fa700 1 -- 172.21.15.97:0/569321312 <== mon.0 v2:172.21.15.97:3300/0 2 ==== config(25 keys) v1 ==== 1046+0+0 (secure 0 0 0) 0x7f374c01ac30 con 0x7f375c071c00
2024-04-18T06:38:46.284 INFO:teuthology.orchestra.run.smithi097.stderr:/usr/bin/ceph:
2024-04-18T06:38:46.280+0000 7f37597fa700 1 -- 172.21.15.97:0/569321312 <== mon.0 v2:172.21.15.97:3300/0 3 ==== mon_map magic: 0 v1 ==== 229+0+0 (secure 0 0 0) 0x7f374c0239a0 con 0x7f375c071c00
2024-04-18T06:38:46.284 INFO:teuthology.orchestra.run.smithi097.stderr:/usr/bin/ceph:
2024-04-18T06:38:46.280+0000 7f3761bef700 1 -- 172.21.15.97:0/569321312 --> [v2:172.21.15.97:3300/0,v1:172.21.15.97:6789/0] -- mon_subscribe({mgrmap=0+}) v3 -- 0x7f375c10c5b0 con 0x7f375c071c00
2024-04-18T06:38:46.284 INFO:teuthology.orchestra.run.smithi097.stderr:/usr/bin/ceph:
2024-04-18T06:38:46.280+0000 7f3761bef700 1 -- 172.21.15.97:0/569321312 --> [v2:172.21.15.97:3300/0,v1:172.21.15.97:6789/0] -- mon_subscribe({osdmap=0}) v3 -- 0x7f375c10c9c0 con 0x7f375c071c00
2024-04-18T06:38:46.285 INFO:teuthology.orchestra.run.smithi097.stderr:/usr/bin/ceph:
2024-04-18T06:38:46.281+0000 7f3761bef700 1 -- 172.21.15.97:0/569321312 --> [v2:172.21.15.97:3300/0,v1:172.21.15.97:6789/0] -- mon_command({"prefix": "get_command_descriptions"} v 0) v1 -- 0x7f375c046ce0 con 0x7f375c071c00
2024-04-18T06:38:46.285 INFO:teuthology.orchestra.run.smithi097.stderr:/usr/bin/ceph:
2024-04-18T06:38:46.281+0000 7f37597fa700 1 -- 172.21.15.97:0/569321312 <== mon.0 v2:172.21.15.97:3300/0 4 ==== mgrmap(e 8) v1 ==== 38632+0+0 (secure 0 0 0) 0x7f374c023b00 con 0x7f375c071c00
2024-04-18T06:38:46.285 INFO:teuthology.orchestra.run.smithi097.stderr:/usr/bin/ceph:
2024-04-18T06:38:46.281+0000 7f37597fa700 1 --2- 172.21.15.97:0/569321312 >> [v2:172.21.15.97:6800/2614462766,v1:172.21.15.97:6801/2614462766] conn(0x7f3748032660 0x7f3748034b20 unknown :-1 s=NONE pgs=0 cs=0 l=1 rev1=0 rx=0 tx=0).connect
2024-04-18T06:38:46.285 INFO:teuthology.orchestra.run.smithi097.stderr:/usr/bin/ceph:
2024-04-18T06:38:46.281+0000 7f37597fa700 1 -- 172.21.15.97:0/569321312 <== mon.0 v2:172.21.15.97:3300/0 5 ==== osd_map(2..2 src has 1..2) v4 ==== 893+0+0 (secure 0 0 0) 0x7f374c044bf0 con 0x7f375c071c00
2024-04-18T06:38:46.285 INFO:teuthology.orchestra.run.smithi097.stderr:/usr/bin/ceph:
2024-04-18T06:38:46.281+0000 7f3752ffd700 1 --2- 172.21.15.97:0/569321312 >> [v2:172.21.15.97:6800/2614462766,v1:172.21.15.97:6801/2614462766] conn(0x7f3748032660 0x7f3748034b20 unknown :-1 s=BANNER_CONNECTING pgs=0 cs=0 l=1 rev1=0 rx=0 tx=0)._handle_peer_banner_payload supported=1 required=0
2024-04-18T06:38:46.285 INFO:teuthology.orchestra.run.smithi097.stderr:/usr/bin/ceph:
2024-04-18T06:38:46.281+0000 7f3752ffd700 1 --2- 172.21.15.97:0/569321312 >> [v2:172.21.15.97:6800/2614462766,v1:172.21.15.97:6801/2614462766] conn(0x7f3748032660 0x7f3748034b20 secure :-1 s=READY pgs=12 cs=0 l=1 rev1=1 rx=0x7f3744009780 tx=0x7f3744006cc0).ready entity=mgr.14116 client_cookie=0 server_cookie=0 in_seq=0 out_seq=0
2024-04-18T06:38:46.287 INFO:teuthology.orchestra.run.smithi097.stderr:/usr/bin/ceph:
2024-04-18T06:38:46.286+0000 7f37597fa700 1 -- 172.21.15.97:0/569321312 <== mon.0 v2:172.21.15.97:3300/0 6 ==== mon_command_ack([{"prefix": "get_command_descriptions"}]=0 v0) v1 ==== 72+0+163658 (secure 0 0 0) 0x7f374c02b530 con 0x7f375c071c00
2024-04-18T06:38:46.472 INFO:teuthology.orchestra.run.smithi097.stderr:/usr/bin/ceph:
2024-04-18T06:38:46.470+0000 7f3761bef700 1 -- 172.21.15.97:0/569321312 --> [v2:172.21.15.97:6800/2614462766,v1:172.21.15.97:6801/2614462766] -- mgr_command(tid 0: {"prefix": "orch apply", "service_type": "mgr", "target": ["mon-mgr", ""]}) v1 -- 0x7f375c105d80 con 0x7f3748032660
2024-04-18T06:38:46.476 INFO:teuthology.orchestra.run.smithi097.stderr:/usr/bin/ceph:
2024-04-18T06:38:46.474+0000 7f37597fa700 1 -- 172.21.15.97:0/569321312 <== mgr.14116 v2:172.21.15.97:6800/2614462766 1 ==== mgr_command_reply(tid 0: 0 ) v1 ==== 8+0+24 (secure 0 0 0) 0x7f375c105d80 con 0x7f3748032660
2024-04-18T06:38:46.476 INFO:teuthology.orchestra.run.smithi097.stderr:/usr/bin/ceph: Scheduled mgr update...
2024-04-18T06:38:46.479 INFO:teuthology.orchestra.run.smithi097.stderr:/usr/bin/ceph:
2024-04-18T06:38:46.476+0000 7f3761bef700 1 -- 172.21.15.97:0/569321312 >> [v2:172.21.15.97:6800/2614462766,v1:172.21.15.97:6801/2614462766] conn(0x7f3748032660 msgr2=0x7f3748034b20 secure :-1 s=STATE_CONNECTION_ESTABLISHED l=1).mark_down
2024-04-18T06:38:46.479 INFO:teuthology.orchestra.run.smithi097.stderr:/usr/bin/ceph:
2024-04-18T06:38:46.476+0000 7f3761bef700 1 --2- 172.21.15.97:0/569321312 >> [v2:172.21.15.97:6800/2614462766,v1:172.21.15.97:6801/2614462766] conn(0x7f3748032660 0x7f3748034b20 secure :-1 s=READY pgs=12 cs=0 l=1 rev1=1 rx=0x7f3744009780 tx=0x7f3744006cc0).stop
2024-04-18T06:38:46.479 INFO:teuthology.orchestra.run.smithi097.stderr:/usr/bin/ceph:
2024-04-18T06:38:46.476+0000 7f3761bef700 1 -- 172.21.15.97:0/569321312 >> [v2:172.21.15.97:3300/0,v1:172.21.15.97:6789/0] conn(0x7f375c071c00 msgr2=0x7f375c10bec0 secure :-1 s=STATE_CONNECTION_ESTABLISHED l=1).mark_down
2024-04-18T06:38:46.479 INFO:teuthology.orchestra.run.smithi097.stderr:/usr/bin/ceph:
2024-04-18T06:38:46.476+0000 7f3761bef700 1 --2- 172.21.15.97:0/569321312 >> [v2:172.21.15.97:3300/0,v1:172.21.15.97:6789/0] conn(0x7f375c071c00 0x7f375c10bec0 secure :-1 s=READY pgs=44 cs=0 l=1 rev1=1 rx=0x7f374c000c00 tx=0x7f374c0090f0).stop
2024-04-18T06:38:46.479 INFO:teuthology.orchestra.run.smithi097.stderr:/usr/bin/ceph:
2024-04-18T06:38:46.476+0000 7f3761bef700 1 -- 172.21.15.97:0/569321312 shutdown_connections
2024-04-18T06:38:46.479 INFO:teuthology.orchestra.run.smithi097.stderr:/usr/bin/ceph:
2024-04-18T06:38:46.476+0000 7f3761bef700 1 --2- 172.21.15.97:0/569321312 >> [v2:172.21.15.97:6800/2614462766,v1:172.21.15.97:6801/2614462766] conn(0x7f3748032660 0x7f3748034b20 unknown :-1 s=CLOSED pgs=12 cs=0 l=1 rev1=1 rx=0 tx=0).stop
2024-04-18T06:38:46.479 INFO:teuthology.orchestra.run.smithi097.stderr:/usr/bin/ceph:
2024-04-18T06:38:46.476+0000 7f3761bef700 1 --2- 172.21.15.97:0/569321312 >> [v2:172.21.15.97:3300/0,v1:172.21.15.97:6789/0] conn(0x7f375c071c00 0x7f375c10bec0 unknown :-1 s=CLOSED pgs=44 cs=0 l=1 rev1=1 rx=0 tx=0).stop
2024-04-18T06:38:46.479 INFO:teuthology.orchestra.run.smithi097.stderr:/usr/bin/ceph:
2024-04-18T06:38:46.476+0000 7f3761bef700 1 -- 172.21.15.97:0/569321312 >> 172.21.15.97:0/569321312 conn(0x7f375c0f76f0 msgr2=0x7f375c0f9150 unknown :-1 s=STATE_NONE l=0).mark_down
2024-04-18T06:38:46.479 INFO:teuthology.orchestra.run.smithi097.stderr:/usr/bin/ceph:
2024-04-18T06:38:46.476+0000 7f3761bef700 1 -- 172.21.15.97:0/569321312 shutdown_connections
2024-04-18T06:38:46.479 INFO:teuthology.orchestra.run.smithi097.stderr:/usr/bin/ceph:
2024-04-18T06:38:46.476+0000 7f3761bef700 1 -- 172.21.15.97:0/569321312 wait complete.
2024-04-18T06:38:47.142 INFO:teuthology.orchestra.run.smithi097.stderr:Deploying crash service with default placement...
2024-04-18T06:38:47.144 INFO:journalctl@ceph.mon.smithi097.smithi097.stdout:Apr 18 06:38:47 smithi097 ceph-1c38d5e4-fd4e-11ee-bc92-c7b262605968-mon-smithi097[39888]: audit
2024-04-18T06:38:46.049546+0000 mon.smithi097 (mon.0) 56 : audit [INF] from='mgr.14116 172.21.15.97:0/3687369771' entity='mgr.smithi097.ljyxep'
2024-04-18T06:38:47.144 INFO:journalctl@ceph.mon.smithi097.smithi097.stdout:Apr 18 06:38:47 smithi097 ceph-1c38d5e4-fd4e-11ee-bc92-c7b262605968-mon-smithi097[39888]: audit
2024-04-18T06:38:46.324257+0000 mon.smithi097 (mon.0) 57 : audit [INF] from='mgr.14116 172.21.15.97:0/3687369771' entity='mgr.smithi097.ljyxep'
2024-04-18T06:38:47.144 INFO:journalctl@ceph.mon.smithi097.smithi097.stdout:Apr 18 06:38:47 smithi097 ceph-1c38d5e4-fd4e-11ee-bc92-c7b262605968-mon-smithi097[39888]: audit
2024-04-18T06:38:46.471442+0000 mgr.smithi097.ljyxep (mgr.14116) 13 : audit [DBG] from='client.14138 -' entity='client.admin' cmd=[{"prefix": "orch apply", "service_type": "mgr", "target": ["mon-mgr", ""]}]: dispatch
2024-04-18T06:38:47.145 INFO:journalctl@ceph.mon.smithi097.smithi097.stdout:Apr 18 06:38:47 smithi097 ceph-1c38d5e4-fd4e-11ee-bc92-c7b262605968-mon-smithi097[39888]: cephadm
2024-04-18T06:38:46.472305+0000 mgr.smithi097.ljyxep (mgr.14116) 14 : cephadm [INF] Saving service mgr spec with placement count:2
2024-04-18T06:38:47.145 INFO:journalctl@ceph.mon.smithi097.smithi097.stdout:Apr 18 06:38:47 smithi097 ceph-1c38d5e4-fd4e-11ee-bc92-c7b262605968-mon-smithi097[39888]: audit
2024-04-18T06:38:46.474578+0000 mon.smithi097 (mon.0) 58 : audit [INF] from='mgr.14116 172.21.15.97:0/3687369771' entity='mgr.smithi097.ljyxep'
2024-04-18T06:38:47.907 INFO:teuthology.orchestra.run.smithi097.stderr:/usr/bin/ceph:
2024-04-18T06:38:47.795+0000 7fe2bce99700 1 Processor -- start
2024-04-18T06:38:47.907 INFO:teuthology.orchestra.run.smithi097.stderr:/usr/bin/ceph:
2024-04-18T06:38:47.795+0000 7fe2bce99700 1 -- start start
2024-04-18T06:38:47.907 INFO:teuthology.orchestra.run.smithi097.stderr:/usr/bin/ceph:
2024-04-18T06:38:47.795+0000 7fe2bce99700 1 --2- >> [v2:172.21.15.97:3300/0,v1:172.21.15.97:6789/0] conn(0x7fe2b80fbed0 0x7fe2b80fc2f0 unknown :-1 s=NONE pgs=0 cs=0 l=0 rev1=0 rx=0 tx=0).connect
2024-04-18T06:38:47.907 INFO:teuthology.orchestra.run.smithi097.stderr:/usr/bin/ceph:
2024-04-18T06:38:47.795+0000 7fe2bce99700 1 -- --> [v2:172.21.15.97:3300/0,v1:172.21.15.97:6789/0] -- mon_getmap magic: 0 v1 -- 0x7fe2b80fc7e0 con 0x7fe2b80fbed0
2024-04-18T06:38:47.907 INFO:teuthology.orchestra.run.smithi097.stderr:/usr/bin/ceph:
2024-04-18T06:38:47.795+0000 7fe2b659c700 1 --2- >> [v2:172.21.15.97:3300/0,v1:172.21.15.97:6789/0] conn(0x7fe2b80fbed0 0x7fe2b80fc2f0 unknown :-1 s=BANNER_CONNECTING pgs=0 cs=0 l=0 rev1=0 rx=0 tx=0)._handle_peer_banner_payload supported=1 required=0
2024-04-18T06:38:47.907 INFO:teuthology.orchestra.run.smithi097.stderr:/usr/bin/ceph:
2024-04-18T06:38:47.795+0000 7fe2b659c700 1 --2- >> [v2:172.21.15.97:3300/0,v1:172.21.15.97:6789/0] conn(0x7fe2b80fbed0 0x7fe2b80fc2f0 unknown :-1 s=HELLO_CONNECTING pgs=0 cs=0 l=0 rev1=1 rx=0 tx=0).handle_hello peer v2:172.21.15.97:3300/0 says I am v2:172.21.15.97:42932/0 (socket says 172.21.15.97:42932)
2024-04-18T06:38:47.907 INFO:teuthology.orchestra.run.smithi097.stderr:/usr/bin/ceph:
2024-04-18T06:38:47.795+0000 7fe2b659c700 1 -- 172.21.15.97:0/303531774 learned_addr learned my addr 172.21.15.97:0/303531774 (peer_addr_for_me v2:172.21.15.97:0/0)
2024-04-18T06:38:47.907 INFO:teuthology.orchestra.run.smithi097.stderr:/usr/bin/ceph:
2024-04-18T06:38:47.796+0000 7fe2b659c700 1 -- 172.21.15.97:0/303531774 --> [v2:172.21.15.97:3300/0,v1:172.21.15.97:6789/0] -- mon_subscribe({config=0+,monmap=0+}) v3 -- 0x7fe2b80fc920 con 0x7fe2b80fbed0
2024-04-18T06:38:47.907 INFO:teuthology.orchestra.run.smithi097.stderr:/usr/bin/ceph:
2024-04-18T06:38:47.796+0000 7fe2b659c700 1 --2- 172.21.15.97:0/303531774 >> [v2:172.21.15.97:3300/0,v1:172.21.15.97:6789/0] conn(0x7fe2b80fbed0 0x7fe2b80fc2f0 secure :-1 s=READY pgs=45 cs=0 l=1 rev1=1 rx=0x7fe2a8009730 tx=0x7fe2a80090f0).ready entity=mon.0 client_cookie=412312c246bdfb7d server_cookie=0 in_seq=0 out_seq=0
2024-04-18T06:38:47.908 INFO:teuthology.orchestra.run.smithi097.stderr:/usr/bin/ceph:
2024-04-18T06:38:47.796+0000 7fe2b559a700 1 -- 172.21.15.97:0/303531774 <== mon.0 v2:172.21.15.97:3300/0 1 ==== mon_map magic: 0 v1 ==== 229+0+0 (secure 0 0 0) 0x7fe2a800b6e0 con 0x7fe2b80fbed0
2024-04-18T06:38:47.908 INFO:teuthology.orchestra.run.smithi097.stderr:/usr/bin/ceph:
2024-04-18T06:38:47.796+0000 7fe2b559a700 1 -- 172.21.15.97:0/303531774 <== mon.0 v2:172.21.15.97:3300/0 2 ==== config(25 keys) v1 ==== 1046+0+0 (secure 0 0 0) 0x7fe2a800bcd0 con 0x7fe2b80fbed0
2024-04-18T06:38:47.908 INFO:teuthology.orchestra.run.smithi097.stderr:/usr/bin/ceph:
2024-04-18T06:38:47.796+0000 7fe2b559a700 1 -- 172.21.15.97:0/303531774 <== mon.0 v2:172.21.15.97:3300/0 3 ==== mon_map magic: 0 v1 ==== 229+0+0 (secure 0 0 0) 0x7fe2a8011cb0 con 0x7fe2b80fbed0
2024-04-18T06:38:47.908 INFO:teuthology.orchestra.run.smithi097.stderr:/usr/bin/ceph:
2024-04-18T06:38:47.796+0000 7fe2bce99700 1 -- 172.21.15.97:0/303531774 >> [v2:172.21.15.97:3300/0,v1:172.21.15.97:6789/0] conn(0x7fe2b80fbed0 msgr2=0x7fe2b80fc2f0 secure :-1 s=STATE_CONNECTION_ESTABLISHED l=1).mark_down
2024-04-18T06:38:47.908 INFO:teuthology.orchestra.run.smithi097.stderr:/usr/bin/ceph:
2024-04-18T06:38:47.796+0000 7fe2bce99700 1 --2- 172.21.15.97:0/303531774 >> [v2:172.21.15.97:3300/0,v1:172.21.15.97:6789/0] conn(0x7fe2b80fbed0 0x7fe2b80fc2f0 secure :-1 s=READY pgs=45 cs=0 l=1 rev1=1 rx=0x7fe2a8009730 tx=0x7fe2a80090f0).stop
2024-04-18T06:38:47.908 INFO:teuthology.orchestra.run.smithi097.stderr:/usr/bin/ceph:
2024-04-18T06:38:47.796+0000 7fe2bce99700 1 -- 172.21.15.97:0/303531774 shutdown_connections
2024-04-18T06:38:47.908 INFO:teuthology.orchestra.run.smithi097.stderr:/usr/bin/ceph:
2024-04-18T06:38:47.796+0000 7fe2bce99700 1 --2- 172.21.15.97:0/303531774 >> [v2:172.21.15.97:3300/0,v1:172.21.15.97:6789/0] conn(0x7fe2b80fbed0 0x7fe2b80fc2f0 unknown :-1 s=CLOSED pgs=45 cs=0 l=1 rev1=1 rx=0 tx=0).stop
2024-04-18T06:38:47.908 INFO:teuthology.orchestra.run.smithi097.stderr:/usr/bin/ceph:
2024-04-18T06:38:47.796+0000 7fe2bce99700 1 -- 172.21.15.97:0/303531774 >> 172.21.15.97:0/303531774 conn(0x7fe2b80f76f0 msgr2=0x7fe2b80f9b10 unknown :-1 s=STATE_NONE l=0).mark_down
2024-04-18T06:38:47.908 INFO:teuthology.orchestra.run.smithi097.stderr:/usr/bin/ceph:
2024-04-18T06:38:47.796+0000 7fe2bce99700 1 -- 172.21.15.97:0/303531774 shutdown_connections
2024-04-18T06:38:47.908 INFO:teuthology.orchestra.run.smithi097.stderr:/usr/bin/ceph:
2024-04-18T06:38:47.796+0000 7fe2bce99700 1 -- 172.21.15.97:0/303531774 wait complete.
2024-04-18T06:38:47.908 INFO:teuthology.orchestra.run.smithi097.stderr:/usr/bin/ceph:
2024-04-18T06:38:47.797+0000 7fe2bce99700 1 Processor -- start
2024-04-18T06:38:47.908 INFO:teuthology.orchestra.run.smithi097.stderr:/usr/bin/ceph:
2024-04-18T06:38:47.797+0000 7fe2bce99700 1 -- start start
2024-04-18T06:38:47.908 INFO:teuthology.orchestra.run.smithi097.stderr:/usr/bin/ceph:
2024-04-18T06:38:47.797+0000 7fe2bce99700 1 --2- >> [v2:172.21.15.97:3300/0,v1:172.21.15.97:6789/0] conn(0x7fe2b80fbed0 0x7fe2b810be40 unknown :-1 s=NONE pgs=0 cs=0 l=1 rev1=0 rx=0 tx=0).connect
2024-04-18T06:38:47.908 INFO:teuthology.orchestra.run.smithi097.stderr:/usr/bin/ceph:
2024-04-18T06:38:47.797+0000 7fe2bce99700 1 -- --> [v2:172.21.15.97:3300/0,v1:172.21.15.97:6789/0] -- mon_getmap magic: 0 v1 -- 0x7fe2b810c330 con 0x7fe2b80fbed0
2024-04-18T06:38:47.909 INFO:teuthology.orchestra.run.smithi097.stderr:/usr/bin/ceph:
2024-04-18T06:38:47.797+0000 7fe2b659c700 1 --2- >> [v2:172.21.15.97:3300/0,v1:172.21.15.97:6789/0] conn(0x7fe2b80fbed0 0x7fe2b810be40 unknown :-1 s=BANNER_CONNECTING pgs=0 cs=0 l=1 rev1=0 rx=0 tx=0)._handle_peer_banner_payload supported=1 required=0
2024-04-18T06:38:47.909 INFO:teuthology.orchestra.run.smithi097.stderr:/usr/bin/ceph:
2024-04-18T06:38:47.797+0000 7fe2b659c700 1 --2- >> [v2:172.21.15.97:3300/0,v1:172.21.15.97:6789/0] conn(0x7fe2b80fbed0 0x7fe2b810be40 unknown :-1 s=HELLO_CONNECTING pgs=0 cs=0 l=1 rev1=1 rx=0 tx=0).handle_hello peer v2:172.21.15.97:3300/0 says I am v2:172.21.15.97:42944/0 (socket says 172.21.15.97:42944)
2024-04-18T06:38:47.909 INFO:teuthology.orchestra.run.smithi097.stderr:/usr/bin/ceph:
2024-04-18T06:38:47.797+0000 7fe2b659c700 1 -- 172.21.15.97:0/2435449806 learned_addr learned my addr 172.21.15.97:0/2435449806 (peer_addr_for_me v2:172.21.15.97:0/0)
2024-04-18T06:38:47.909 INFO:teuthology.orchestra.run.smithi097.stderr:/usr/bin/ceph:
2024-04-18T06:38:47.798+0000 7fe2b659c700 1 -- 172.21.15.97:0/2435449806 --> [v2:172.21.15.97:3300/0,v1:172.21.15.97:6789/0] -- mon_subscribe({config=0+,monmap=0+}) v3 -- 0x7fe2a8009370 con 0x7fe2b80fbed0
2024-04-18T06:38:47.909 INFO:teuthology.orchestra.run.smithi097.stderr:/usr/bin/ceph:
2024-04-18T06:38:47.798+0000 7fe2b659c700 1 --2- 172.21.15.97:0/2435449806 >> [v2:172.21.15.97:3300/0,v1:172.21.15.97:6789/0] conn(0x7fe2b80fbed0 0x7fe2b810be40 secure :-1 s=READY pgs=46 cs=0 l=1 rev1=1 rx=0x7fe2a8002f40 tx=0x7fe2a80090f0).ready entity=mon.0 client_cookie=0 server_cookie=0 in_seq=0 out_seq=0
2024-04-18T06:38:47.909 INFO:teuthology.orchestra.run.smithi097.stderr:/usr/bin/ceph:
2024-04-18T06:38:47.798+0000 7fe2a77fe700 1 -- 172.21.15.97:0/2435449806 <== mon.0 v2:172.21.15.97:3300/0 1 ==== mon_map magic: 0 v1 ==== 229+0+0 (secure 0 0 0) 0x7fe2a801a590 con 0x7fe2b80fbed0
2024-04-18T06:38:47.909 INFO:teuthology.orchestra.run.smithi097.stderr:/usr/bin/ceph:
2024-04-18T06:38:47.798+0000 7fe2bce99700 1 -- 172.21.15.97:0/2435449806 --> [v2:172.21.15.97:3300/0,v1:172.21.15.97:6789/0] -- mon_subscribe({mgrmap=0+}) v3 -- 0x7fe2b810c530 con 0x7fe2b80fbed0
2024-04-18T06:38:47.909 INFO:teuthology.orchestra.run.smithi097.stderr:/usr/bin/ceph:
2024-04-18T06:38:47.798+0000 7fe2a77fe700 1 -- 172.21.15.97:0/2435449806 <== mon.0 v2:172.21.15.97:3300/0 2 ==== config(25 keys) v1 ==== 1046+0+0 (secure 0 0 0) 0x7fe2a801ab80 con 0x7fe2b80fbed0
2024-04-18T06:38:47.909 INFO:teuthology.orchestra.run.smithi097.stderr:/usr/bin/ceph:
2024-04-18T06:38:47.798+0000 7fe2a77fe700 1 -- 172.21.15.97:0/2435449806 <== mon.0 v2:172.21.15.97:3300/0 3 ==== mon_map magic: 0 v1 ==== 229+0+0 (secure 0 0 0) 0x7fe2a8022aa0 con 0x7fe2b80fbed0
2024-04-18T06:38:47.909 INFO:teuthology.orchestra.run.smithi097.stderr:/usr/bin/ceph:
2024-04-18T06:38:47.798+0000 7fe2bce99700 1 -- 172.21.15.97:0/2435449806 --> [v2:172.21.15.97:3300/0,v1:172.21.15.97:6789/0] -- mon_subscribe({osdmap=0}) v3 -- 0x7fe2b810c940 con 0x7fe2b80fbed0
2024-04-18T06:38:47.909 INFO:teuthology.orchestra.run.smithi097.stderr:/usr/bin/ceph:
2024-04-18T06:38:47.799+0000 7fe2a77fe700 1 -- 172.21.15.97:0/2435449806 <== mon.0 v2:172.21.15.97:3300/0 4 ==== mgrmap(e 8) v1 ==== 38632+0+0 (secure 0 0 0) 0x7fe2a8019390 con 0x7fe2b80fbed0
2024-04-18T06:38:47.909 INFO:teuthology.orchestra.run.smithi097.stderr:/usr/bin/ceph:
2024-04-18T06:38:47.799+0000 7fe2a77fe700 1 --2- 172.21.15.97:0/2435449806 >> [v2:172.21.15.97:6800/2614462766,v1:172.21.15.97:6801/2614462766] conn(0x7fe2a0032610 0x7fe2a0034ad0 unknown :-1 s=NONE pgs=0 cs=0 l=1 rev1=0 rx=0 tx=0).connect
2024-04-18T06:38:47.909 INFO:teuthology.orchestra.run.smithi097.stderr:/usr/bin/ceph:
2024-04-18T06:38:47.799+0000 7fe2bce99700 1 -- 172.21.15.97:0/2435449806 --> [v2:172.21.15.97:3300/0,v1:172.21.15.97:6789/0] -- mon_command({"prefix": "get_command_descriptions"} v 0) v1 -- 0x7fe2b8046ce0 con 0x7fe2b80fbed0
2024-04-18T06:38:47.910 INFO:teuthology.orchestra.run.smithi097.stderr:/usr/bin/ceph:
2024-04-18T06:38:47.799+0000 7fe2a77fe700 1 -- 172.21.15.97:0/2435449806 <== mon.0 v2:172.21.15.97:3300/0 5 ==== osd_map(2..2 src has 1..2) v4 ==== 893+0+0 (secure 0 0 0) 0x7fe2a8044b50 con 0x7fe2b80fbed0
2024-04-18T06:38:47.910 INFO:teuthology.orchestra.run.smithi097.stderr:/usr/bin/ceph:
2024-04-18T06:38:47.799+0000 7fe2b5d9b700 1 --2- 172.21.15.97:0/2435449806 >> [v2:172.21.15.97:6800/2614462766,v1:172.21.15.97:6801/2614462766] conn(0x7fe2a0032610 0x7fe2a0034ad0 unknown :-1 s=BANNER_CONNECTING pgs=0 cs=0 l=1 rev1=0 rx=0 tx=0)._handle_peer_banner_payload supported=1 required=0
2024-04-18T06:38:47.910 INFO:teuthology.orchestra.run.smithi097.stderr:/usr/bin/ceph:
2024-04-18T06:38:47.799+0000 7fe2b5d9b700 1 --2- 172.21.15.97:0/2435449806 >> [v2:172.21.15.97:6800/2614462766,v1:172.21.15.97:6801/2614462766] conn(0x7fe2a0032610 0x7fe2a0034ad0 secure :-1 s=READY pgs=13 cs=0 l=1 rev1=1 rx=0x7fe2ac009780 tx=0x7fe2ac006cc0).ready entity=mgr.14116 client_cookie=0 server_cookie=0 in_seq=0 out_seq=0
2024-04-18T06:38:47.910 INFO:teuthology.orchestra.run.smithi097.stderr:/usr/bin/ceph:
2024-04-18T06:38:47.803+0000 7fe2a77fe700 1 -- 172.21.15.97:0/2435449806 <== mon.0 v2:172.21.15.97:3300/0 6 ==== mon_command_ack([{"prefix": "get_command_descriptions"}]=0 v0) v1 ==== 72+0+163658 (secure 0 0 0) 0x7fe2a801e070 con 0x7fe2b80fbed0
2024-04-18T06:38:47.980 INFO:teuthology.orchestra.run.smithi097.stderr:/usr/bin/ceph:
2024-04-18T06:38:47.978+0000 7fe2bce99700 1 -- 172.21.15.97:0/2435449806 --> [v2:172.21.15.97:6800/2614462766,v1:172.21.15.97:6801/2614462766] -- mgr_command(tid 0: {"prefix": "orch apply", "service_type": "crash", "target": ["mon-mgr", ""]}) v1 -- 0x7fe2b810d140 con 0x7fe2a0032610
2024-04-18T06:38:47.985 INFO:teuthology.orchestra.run.smithi097.stderr:/usr/bin/ceph:
2024-04-18T06:38:47.982+0000 7fe2a77fe700 1 -- 172.21.15.97:0/2435449806 <== mgr.14116 v2:172.21.15.97:6800/2614462766 1 ==== mgr_command_reply(tid 0: 0 ) v1 ==== 8+0+26 (secure 0 0 0) 0x7fe2b810d140 con 0x7fe2a0032610
2024-04-18T06:38:47.985 INFO:teuthology.orchestra.run.smithi097.stderr:/usr/bin/ceph: Scheduled crash update...
2024-04-18T06:38:47.987 INFO:teuthology.orchestra.run.smithi097.stderr:/usr/bin/ceph:
2024-04-18T06:38:47.985+0000 7fe2bce99700 1 -- 172.21.15.97:0/2435449806 >> [v2:172.21.15.97:6800/2614462766,v1:172.21.15.97:6801/2614462766] conn(0x7fe2a0032610 msgr2=0x7fe2a0034ad0 secure :-1 s=STATE_CONNECTION_ESTABLISHED l=1).mark_down
2024-04-18T06:38:47.987 INFO:teuthology.orchestra.run.smithi097.stderr:/usr/bin/ceph:
2024-04-18T06:38:47.985+0000 7fe2bce99700 1 --2- 172.21.15.97:0/2435449806 >> [v2:172.21.15.97:6800/2614462766,v1:172.21.15.97:6801/2614462766] conn(0x7fe2a0032610 0x7fe2a0034ad0 secure :-1 s=READY pgs=13 cs=0 l=1 rev1=1 rx=0x7fe2ac009780 tx=0x7fe2ac006cc0).stop
2024-04-18T06:38:47.987 INFO:teuthology.orchestra.run.smithi097.stderr:/usr/bin/ceph:
2024-04-18T06:38:47.985+0000 7fe2bce99700 1 -- 172.21.15.97:0/2435449806 >> [v2:172.21.15.97:3300/0,v1:172.21.15.97:6789/0] conn(0x7fe2b80fbed0 msgr2=0x7fe2b810be40 secure :-1 s=STATE_CONNECTION_ESTABLISHED l=1).mark_down
2024-04-18T06:38:47.988 INFO:teuthology.orchestra.run.smithi097.stderr:/usr/bin/ceph:
2024-04-18T06:38:47.985+0000 7fe2bce99700 1 --2- 172.21.15.97:0/2435449806 >> [v2:172.21.15.97:3300/0,v1:172.21.15.97:6789/0] conn(0x7fe2b80fbed0 0x7fe2b810be40 secure :-1 s=READY pgs=46 cs=0 l=1 rev1=1 rx=0x7fe2a8002f40 tx=0x7fe2a80090f0).stop
2024-04-18T06:38:47.989 INFO:teuthology.orchestra.run.smithi097.stderr:/usr/bin/ceph:
2024-04-18T06:38:47.985+0000 7fe2bce99700 1 -- 172.21.15.97:0/2435449806 shutdown_connections
2024-04-18T06:38:47.989 INFO:teuthology.orchestra.run.smithi097.stderr:/usr/bin/ceph:
2024-04-18T06:38:47.985+0000 7fe2bce99700 1 --2- 172.21.15.97:0/2435449806 >> [v2:172.21.15.97:6800/2614462766,v1:172.21.15.97:6801/2614462766] conn(0x7fe2a0032610 0x7fe2a0034ad0 unknown :-1 s=CLOSED pgs=13 cs=0 l=1 rev1=1 rx=0 tx=0).stop
2024-04-18T06:38:47.989 INFO:teuthology.orchestra.run.smithi097.stderr:/usr/bin/ceph:
2024-04-18T06:38:47.985+0000 7fe2bce99700 1 --2- 172.21.15.97:0/2435449806 >> [v2:172.21.15.97:3300/0,v1:172.21.15.97:6789/0] conn(0x7fe2b80fbed0 0x7fe2b810be40 unknown :-1 s=CLOSED pgs=46 cs=0 l=1 rev1=1 rx=0 tx=0).stop
2024-04-18T06:38:47.989 INFO:teuthology.orchestra.run.smithi097.stderr:/usr/bin/ceph:
2024-04-18T06:38:47.985+0000 7fe2bce99700 1 -- 172.21.15.97:0/2435449806 >> 172.21.15.97:0/2435449806 conn(0x7fe2b80f76f0 msgr2=0x7fe2b80f9160 unknown :-1 s=STATE_NONE l=0).mark_down
2024-04-18T06:38:47.989 INFO:teuthology.orchestra.run.smithi097.stderr:/usr/bin/ceph:
2024-04-18T06:38:47.985+0000 7fe2bce99700 1 -- 172.21.15.97:0/2435449806 shutdown_connections
2024-04-18T06:38:47.989 INFO:teuthology.orchestra.run.smithi097.stderr:/usr/bin/ceph:
2024-04-18T06:38:47.985+0000 7fe2bce99700 1 -- 172.21.15.97:0/2435449806 wait complete.
2024-04-18T06:38:48.660 INFO:teuthology.orchestra.run.smithi097.stderr:Deploying prometheus service with default placement...
2024-04-18T06:38:49.180 INFO:journalctl@ceph.mon.smithi097.smithi097.stdout:Apr 18 06:38:48 smithi097 ceph-1c38d5e4-fd4e-11ee-bc92-c7b262605968-mon-smithi097[39888]: audit
2024-04-18T06:38:47.979575+0000 mgr.smithi097.ljyxep (mgr.14116) 15 : audit [DBG] from='client.14140 -' entity='client.admin' cmd=[{"prefix": "orch apply", "service_type": "crash", "target": ["mon-mgr", ""]}]: dispatch
2024-04-18T06:38:49.180 INFO:journalctl@ceph.mon.smithi097.smithi097.stdout:Apr 18 06:38:48 smithi097 ceph-1c38d5e4-fd4e-11ee-bc92-c7b262605968-mon-smithi097[39888]: cephadm
2024-04-18T06:38:47.980475+0000 mgr.smithi097.ljyxep (mgr.14116) 16 : cephadm [INF] Saving service crash spec with placement *
2024-04-18T06:38:49.180 INFO:journalctl@ceph.mon.smithi097.smithi097.stdout:Apr 18 06:38:48 smithi097 ceph-1c38d5e4-fd4e-11ee-bc92-c7b262605968-mon-smithi097[39888]: audit
2024-04-18T06:38:47.982866+0000 mon.smithi097 (mon.0) 59 : audit [INF] from='mgr.14116 172.21.15.97:0/3687369771' entity='mgr.smithi097.ljyxep'
2024-04-18T06:38:49.180 INFO:journalctl@ceph.mon.smithi097.smithi097.stdout:Apr 18 06:38:48 smithi097 ceph-1c38d5e4-fd4e-11ee-bc92-c7b262605968-mon-smithi097[39888]: audit
2024-04-18T06:38:48.714467+0000 mon.smithi097 (mon.0) 60 : audit [INF] from='mgr.14116 172.21.15.97:0/3687369771' entity='mgr.smithi097.ljyxep'
2024-04-18T06:38:49.225 INFO:teuthology.orchestra.run.smithi097.stderr:/usr/bin/ceph:
2024-04-18T06:38:49.222+0000 7f859b30b700 1 Processor -- start
2024-04-18T06:38:49.226 INFO:teuthology.orchestra.run.smithi097.stderr:/usr/bin/ceph:
2024-04-18T06:38:49.222+0000 7f859b30b700 1 -- start start
2024-04-18T06:38:49.226 INFO:teuthology.orchestra.run.smithi097.stderr:/usr/bin/ceph:
2024-04-18T06:38:49.222+0000 7f859b30b700 1 --2- >> [v2:172.21.15.97:3300/0,v1:172.21.15.97:6789/0] conn(0x7f8594071c20 0x7f85940ffcb0 unknown :-1 s=NONE pgs=0 cs=0 l=0 rev1=0 rx=0 tx=0).connect
2024-04-18T06:38:49.226 INFO:teuthology.orchestra.run.smithi097.stderr:/usr/bin/ceph:
2024-04-18T06:38:49.222+0000 7f859b30b700 1 -- --> [v2:172.21.15.97:3300/0,v1:172.21.15.97:6789/0] -- mon_getmap magic: 0 v1 -- 0x7f85941001a0 con 0x7f8594071c20
2024-04-18T06:38:49.226 INFO:teuthology.orchestra.run.smithi097.stderr:/usr/bin/ceph:
2024-04-18T06:38:49.223+0000 7f85990a7700 1 --2- >> [v2:172.21.15.97:3300/0,v1:172.21.15.97:6789/0] conn(0x7f8594071c20 0x7f85940ffcb0 unknown :-1 s=BANNER_CONNECTING pgs=0 cs=0 l=0 rev1=0 rx=0 tx=0)._handle_peer_banner_payload supported=1 required=0
2024-04-18T06:38:49.226 INFO:teuthology.orchestra.run.smithi097.stderr:/usr/bin/ceph:
2024-04-18T06:38:49.223+0000 7f85990a7700 1 --2- >> [v2:172.21.15.97:3300/0,v1:172.21.15.97:6789/0] conn(0x7f8594071c20 0x7f85940ffcb0 unknown :-1 s=HELLO_CONNECTING pgs=0 cs=0 l=0 rev1=1 rx=0 tx=0).handle_hello peer v2:172.21.15.97:3300/0 says I am v2:172.21.15.97:41708/0 (socket says 172.21.15.97:41708)
2024-04-18T06:38:49.226 INFO:teuthology.orchestra.run.smithi097.stderr:/usr/bin/ceph:
2024-04-18T06:38:49.223+0000 7f85990a7700 1 -- 172.21.15.97:0/2594991512 learned_addr learned my addr 172.21.15.97:0/2594991512 (peer_addr_for_me v2:172.21.15.97:0/0)
2024-04-18T06:38:49.226 INFO:teuthology.orchestra.run.smithi097.stderr:/usr/bin/ceph:
2024-04-18T06:38:49.223+0000 7f85990a7700 1 -- 172.21.15.97:0/2594991512 --> [v2:172.21.15.97:3300/0,v1:172.21.15.97:6789/0] -- mon_subscribe({config=0+,monmap=0+}) v3 -- 0x7f85941002e0 con 0x7f8594071c20
2024-04-18T06:38:49.226 INFO:teuthology.orchestra.run.smithi097.stderr:/usr/bin/ceph:
2024-04-18T06:38:49.223+0000 7f85990a7700 1 --2- 172.21.15.97:0/2594991512 >> [v2:172.21.15.97:3300/0,v1:172.21.15.97:6789/0] conn(0x7f8594071c20 0x7f85940ffcb0 secure :-1 s=READY pgs=47 cs=0 l=1 rev1=1 rx=0x7f8590009730 tx=0x7f85900090f0).ready entity=mon.0 client_cookie=54b566224fb48af6 server_cookie=0 in_seq=0 out_seq=0
2024-04-18T06:38:49.226 INFO:teuthology.orchestra.run.smithi097.stderr:/usr/bin/ceph:
2024-04-18T06:38:49.223+0000 7f858bfff700 1 -- 172.21.15.97:0/2594991512 <== mon.0 v2:172.21.15.97:3300/0 1 ==== mon_map magic: 0 v1 ==== 229+0+0 (secure 0 0 0) 0x7f859000b770 con 0x7f8594071c20
2024-04-18T06:38:49.226 INFO:teuthology.orchestra.run.smithi097.stderr:/usr/bin/ceph:
2024-04-18T06:38:49.223+0000 7f858bfff700 1 -- 172.21.15.97:0/2594991512 <== mon.0 v2:172.21.15.97:3300/0 2 ==== config(25 keys) v1 ==== 1046+0+0 (secure 0 0 0) 0x7f859000bd60 con 0x7f8594071c20
2024-04-18T06:38:49.226 INFO:teuthology.orchestra.run.smithi097.stderr:/usr/bin/ceph:
2024-04-18T06:38:49.223+0000 7f858bfff700 1 -- 172.21.15.97:0/2594991512 <== mon.0 v2:172.21.15.97:3300/0 3 ==== mon_map magic: 0 v1 ==== 229+0+0 (secure 0 0 0) 0x7f8590011d90 con 0x7f8594071c20
2024-04-18T06:38:49.229 INFO:teuthology.orchestra.run.smithi097.stderr:/usr/bin/ceph:
2024-04-18T06:38:49.224+0000 7f859b30b700 1 -- 172.21.15.97:0/2594991512 >> [v2:172.21.15.97:3300/0,v1:172.21.15.97:6789/0] conn(0x7f8594071c20 msgr2=0x7f85940ffcb0 secure :-1 s=STATE_CONNECTION_ESTABLISHED l=1).mark_down
2024-04-18T06:38:49.229 INFO:teuthology.orchestra.run.smithi097.stderr:/usr/bin/ceph:
2024-04-18T06:38:49.224+0000 7f859b30b700 1 --2- 172.21.15.97:0/2594991512 >> [v2:172.21.15.97:3300/0,v1:172.21.15.97:6789/0] conn(0x7f8594071c20 0x7f85940ffcb0 secure :-1 s=READY pgs=47 cs=0 l=1 rev1=1 rx=0x7f8590009730 tx=0x7f85900090f0).stop
2024-04-18T06:38:49.229 INFO:teuthology.orchestra.run.smithi097.stderr:/usr/bin/ceph:
2024-04-18T06:38:49.224+0000 7f859b30b700 1 -- 172.21.15.97:0/2594991512 shutdown_connections
2024-04-18T06:38:49.229 INFO:teuthology.orchestra.run.smithi097.stderr:/usr/bin/ceph:
2024-04-18T06:38:49.224+0000 7f859b30b700 1 --2- 172.21.15.97:0/2594991512 >> [v2:172.21.15.97:3300/0,v1:172.21.15.97:6789/0] conn(0x7f8594071c20 0x7f85940ffcb0 unknown :-1 s=CLOSED pgs=47 cs=0 l=1 rev1=1 rx=0 tx=0).stop
2024-04-18T06:38:49.229 INFO:teuthology.orchestra.run.smithi097.stderr:/usr/bin/ceph:
2024-04-18T06:38:49.224+0000 7f859b30b700 1 -- 172.21.15.97:0/2594991512 >> 172.21.15.97:0/2594991512 conn(0x7f85940f7750 msgr2=0x7f85940f9b70 unknown :-1 s=STATE_NONE l=0).mark_down
2024-04-18T06:38:49.229 INFO:teuthology.orchestra.run.smithi097.stderr:/usr/bin/ceph:
2024-04-18T06:38:49.224+0000 7f859b30b700 1 -- 172.21.15.97:0/2594991512 shutdown_connections
2024-04-18T06:38:49.229 INFO:teuthology.orchestra.run.smithi097.stderr:/usr/bin/ceph:
2024-04-18T06:38:49.224+0000 7f859b30b700 1 -- 172.21.15.97:0/2594991512 wait complete.
2024-04-18T06:38:49.229 INFO:teuthology.orchestra.run.smithi097.stderr:/usr/bin/ceph:
2024-04-18T06:38:49.225+0000 7f859b30b700 1 Processor -- start
2024-04-18T06:38:49.229 INFO:teuthology.orchestra.run.smithi097.stderr:/usr/bin/ceph:
2024-04-18T06:38:49.225+0000 7f859b30b700 1 -- start start
2024-04-18T06:38:49.229 INFO:teuthology.orchestra.run.smithi097.stderr:/usr/bin/ceph:
2024-04-18T06:38:49.225+0000 7f859b30b700 1 --2- >> [v2:172.21.15.97:3300/0,v1:172.21.15.97:6789/0] conn(0x7f8594071c20 0x7f859410bec0 unknown :-1 s=NONE pgs=0 cs=0 l=1 rev1=0 rx=0 tx=0).connect
2024-04-18T06:38:49.229 INFO:teuthology.orchestra.run.smithi097.stderr:/usr/bin/ceph:
2024-04-18T06:38:49.225+0000 7f859b30b700 1 -- --> [v2:172.21.15.97:3300/0,v1:172.21.15.97:6789/0] -- mon_getmap magic: 0 v1 -- 0x7f859410c3b0 con 0x7f8594071c20
2024-04-18T06:38:49.229 INFO:teuthology.orchestra.run.smithi097.stderr:/usr/bin/ceph:
2024-04-18T06:38:49.225+0000 7f85990a7700 1 --2- >> [v2:172.21.15.97:3300/0,v1:172.21.15.97:6789/0] conn(0x7f8594071c20 0x7f859410bec0 unknown :-1 s=BANNER_CONNECTING pgs=0 cs=0 l=1 rev1=0 rx=0 tx=0)._handle_peer_banner_payload supported=1 required=0
2024-04-18T06:38:49.229 INFO:teuthology.orchestra.run.smithi097.stderr:/usr/bin/ceph:
2024-04-18T06:38:49.225+0000 7f85990a7700 1 --2- >> [v2:172.21.15.97:3300/0,v1:172.21.15.97:6789/0] conn(0x7f8594071c20 0x7f859410bec0 unknown :-1 s=HELLO_CONNECTING pgs=0 cs=0 l=1 rev1=1 rx=0 tx=0).handle_hello peer v2:172.21.15.97:3300/0 says I am v2:172.21.15.97:41724/0 (socket says 172.21.15.97:41724)
2024-04-18T06:38:49.229 INFO:teuthology.orchestra.run.smithi097.stderr:/usr/bin/ceph:
2024-04-18T06:38:49.225+0000 7f85990a7700 1 -- 172.21.15.97:0/1016390830 learned_addr learned my addr 172.21.15.97:0/1016390830 (peer_addr_for_me v2:172.21.15.97:0/0)
2024-04-18T06:38:49.230 INFO:teuthology.orchestra.run.smithi097.stderr:/usr/bin/ceph:
2024-04-18T06:38:49.226+0000 7f85990a7700 1 -- 172.21.15.97:0/1016390830 --> [v2:172.21.15.97:3300/0,v1:172.21.15.97:6789/0] -- mon_subscribe({config=0+,monmap=0+}) v3 -- 0x7f8590009370 con 0x7f8594071c20
2024-04-18T06:38:49.230 INFO:teuthology.orchestra.run.smithi097.stderr:/usr/bin/ceph:
2024-04-18T06:38:49.226+0000 7f85990a7700 1 --2- 172.21.15.97:0/1016390830 >> [v2:172.21.15.97:3300/0,v1:172.21.15.97:6789/0] conn(0x7f8594071c20 0x7f859410bec0 secure :-1 s=READY pgs=48 cs=0 l=1 rev1=1 rx=0x7f8590006ec0 tx=0x7f85900090f0).ready entity=mon.0 client_cookie=0 server_cookie=0 in_seq=0 out_seq=0
2024-04-18T06:38:49.230 INFO:teuthology.orchestra.run.smithi097.stderr:/usr/bin/ceph:
2024-04-18T06:38:49.226+0000 7f858a7fc700 1 -- 172.21.15.97:0/1016390830 <== mon.0 v2:172.21.15.97:3300/0 1 ==== mon_map magic: 0 v1 ==== 229+0+0 (secure 0 0 0) 0x7f859001a7a0 con 0x7f8594071c20
2024-04-18T06:38:49.230 INFO:teuthology.orchestra.run.smithi097.stderr:/usr/bin/ceph:
2024-04-18T06:38:49.226+0000 7f858a7fc700 1 -- 172.21.15.97:0/1016390830 <== mon.0 v2:172.21.15.97:3300/0 2 ==== config(25 keys) v1 ==== 1046+0+0 (secure 0 0 0) 0x7f859001ad90 con 0x7f8594071c20
2024-04-18T06:38:49.230 INFO:teuthology.orchestra.run.smithi097.stderr:/usr/bin/ceph:
2024-04-18T06:38:49.226+0000 7f859b30b700 1 -- 172.21.15.97:0/1016390830 --> [v2:172.21.15.97:3300/0,v1:172.21.15.97:6789/0] -- mon_subscribe({mgrmap=0+}) v3 -- 0x7f859410c5b0 con 0x7f8594071c20
2024-04-18T06:38:49.230 INFO:teuthology.orchestra.run.smithi097.stderr:/usr/bin/ceph:
2024-04-18T06:38:49.226+0000 7f858a7fc700 1 -- 172.21.15.97:0/1016390830 <== mon.0 v2:172.21.15.97:3300/0 3 ==== mon_map magic: 0 v1 ==== 229+0+0 (secure 0 0 0) 0x7f8590023d70 con 0x7f8594071c20
2024-04-18T06:38:49.230 INFO:teuthology.orchestra.run.smithi097.stderr:/usr/bin/ceph:
2024-04-18T06:38:49.226+0000 7f859b30b700 1 -- 172.21.15.97:0/1016390830 --> [v2:172.21.15.97:3300/0,v1:172.21.15.97:6789/0] -- mon_subscribe({osdmap=0}) v3 -- 0x7f859410c9c0 con 0x7f8594071c20
2024-04-18T06:38:49.231 INFO:teuthology.orchestra.run.smithi097.stderr:/usr/bin/ceph:
2024-04-18T06:38:49.227+0000 7f858a7fc700 1 -- 172.21.15.97:0/1016390830 <== mon.0 v2:172.21.15.97:3300/0 4 ==== mgrmap(e 8) v1 ==== 38632+0+0 (secure 0 0 0) 0x7f859002c3f0 con 0x7f8594071c20
2024-04-18T06:38:49.231 INFO:teuthology.orchestra.run.smithi097.stderr:/usr/bin/ceph:
2024-04-18T06:38:49.227+0000 7f857ffff700 1 -- 172.21.15.97:0/1016390830 --> [v2:172.21.15.97:3300/0,v1:172.21.15.97:6789/0] -- mon_command({"prefix": "get_command_descriptions"} v 0) v1 -- 0x7f8594046ce0 con 0x7f8594071c20
2024-04-18T06:38:49.231 INFO:teuthology.orchestra.run.smithi097.stderr:/usr/bin/ceph:
2024-04-18T06:38:49.227+0000 7f858a7fc700 1 --2- 172.21.15.97:0/1016390830 >> [v2:172.21.15.97:6800/2614462766,v1:172.21.15.97:6801/2614462766] conn(0x7f8580032610 0x7f8580034ad0 unknown :-1 s=NONE pgs=0 cs=0 l=1 rev1=0 rx=0 tx=0).connect
2024-04-18T06:38:49.231 INFO:teuthology.orchestra.run.smithi097.stderr:/usr/bin/ceph:
2024-04-18T06:38:49.227+0000 7f858a7fc700 1 -- 172.21.15.97:0/1016390830 <== mon.0 v2:172.21.15.97:3300/0 5 ==== osd_map(2..2 src has 1..2) v4 ==== 893+0+0 (secure 0 0 0) 0x7f8590044e90 con 0x7f8594071c20
2024-04-18T06:38:49.231 INFO:teuthology.orchestra.run.smithi097.stderr:/usr/bin/ceph:
2024-04-18T06:38:49.228+0000 7f85988a6700 1 --2- 172.21.15.97:0/1016390830 >> [v2:172.21.15.97:6800/2614462766,v1:172.21.15.97:6801/2614462766] conn(0x7f8580032610 0x7f8580034ad0 unknown :-1 s=BANNER_CONNECTING pgs=0 cs=0 l=1 rev1=0 rx=0 tx=0)._handle_peer_banner_payload supported=1 required=0
2024-04-18T06:38:49.231 INFO:teuthology.orchestra.run.smithi097.stderr:/usr/bin/ceph:
2024-04-18T06:38:49.228+0000 7f85988a6700 1 --2- 172.21.15.97:0/1016390830 >> [v2:172.21.15.97:6800/2614462766,v1:172.21.15.97:6801/2614462766] conn(0x7f8580032610 0x7f8580034ad0 secure :-1 s=READY pgs=14 cs=0 l=1 rev1=1 rx=0x7f8584009780 tx=0x7f8584006cc0).ready entity=mgr.14116 client_cookie=0 server_cookie=0 in_seq=0 out_seq=0
2024-04-18T06:38:49.236 INFO:teuthology.orchestra.run.smithi097.stderr:/usr/bin/ceph:
2024-04-18T06:38:49.234+0000 7f858a7fc700 1 -- 172.21.15.97:0/1016390830 <== mon.0 v2:172.21.15.97:3300/0 6 ==== mon_command_ack([{"prefix": "get_command_descriptions"}]=0 v0) v1 ==== 72+0+163658 (secure 0 0 0) 0x7f8590021910 con 0x7f8594071c20
2024-04-18T06:38:49.415 INFO:teuthology.orchestra.run.smithi097.stderr:/usr/bin/ceph:
2024-04-18T06:38:49.412+0000 7f857ffff700 1 -- 172.21.15.97:0/1016390830 --> [v2:172.21.15.97:6800/2614462766,v1:172.21.15.97:6801/2614462766] -- mgr_command(tid 0: {"prefix": "orch apply", "service_type": "prometheus", "target": ["mon-mgr", ""]}) v1 -- 0x7f8594100fa0 con 0x7f8580032610
2024-04-18T06:38:49.419 INFO:teuthology.orchestra.run.smithi097.stderr:/usr/bin/ceph:
2024-04-18T06:38:49.417+0000 7f858a7fc700 1 -- 172.21.15.97:0/1016390830 <== mgr.14116 v2:172.21.15.97:6800/2614462766 1 ==== mgr_command_reply(tid 0: 0 ) v1 ==== 8+0+31 (secure 0 0 0) 0x7f8594100fa0 con 0x7f8580032610
2024-04-18T06:38:49.420 INFO:teuthology.orchestra.run.smithi097.stderr:/usr/bin/ceph: Scheduled prometheus update...
2024-04-18T06:38:49.422 INFO:teuthology.orchestra.run.smithi097.stderr:/usr/bin/ceph:
2024-04-18T06:38:49.419+0000 7f857ffff700 1 -- 172.21.15.97:0/1016390830 >> [v2:172.21.15.97:6800/2614462766,v1:172.21.15.97:6801/2614462766] conn(0x7f8580032610 msgr2=0x7f8580034ad0 secure :-1 s=STATE_CONNECTION_ESTABLISHED l=1).mark_down
2024-04-18T06:38:49.422 INFO:teuthology.orchestra.run.smithi097.stderr:/usr/bin/ceph:
2024-04-18T06:38:49.419+0000 7f857ffff700 1 --2- 172.21.15.97:0/1016390830 >> [v2:172.21.15.97:6800/2614462766,v1:172.21.15.97:6801/2614462766] conn(0x7f8580032610 0x7f8580034ad0 secure :-1 s=READY pgs=14 cs=0 l=1 rev1=1 rx=0x7f8584009780 tx=0x7f8584006cc0).stop
2024-04-18T06:38:49.422 INFO:teuthology.orchestra.run.smithi097.stderr:/usr/bin/ceph:
2024-04-18T06:38:49.419+0000 7f857ffff700 1 -- 172.21.15.97:0/1016390830 >> [v2:172.21.15.97:3300/0,v1:172.21.15.97:6789/0] conn(0x7f8594071c20 msgr2=0x7f859410bec0 secure :-1 s=STATE_CONNECTION_ESTABLISHED l=1).mark_down
2024-04-18T06:38:49.422 INFO:teuthology.orchestra.run.smithi097.stderr:/usr/bin/ceph:
2024-04-18T06:38:49.419+0000 7f857ffff700 1 --2- 172.21.15.97:0/1016390830 >> [v2:172.21.15.97:3300/0,v1:172.21.15.97:6789/0] conn(0x7f8594071c20 0x7f859410bec0 secure :-1 s=READY pgs=48 cs=0 l=1 rev1=1 rx=0x7f8590006ec0 tx=0x7f85900090f0).stop
2024-04-18T06:38:49.422 INFO:teuthology.orchestra.run.smithi097.stderr:/usr/bin/ceph:
2024-04-18T06:38:49.419+0000 7f857ffff700 1 -- 172.21.15.97:0/1016390830 shutdown_connections
2024-04-18T06:38:49.422 INFO:teuthology.orchestra.run.smithi097.stderr:/usr/bin/ceph:
2024-04-18T06:38:49.419+0000 7f857ffff700 1 --2- 172.21.15.97:0/1016390830 >> [v2:172.21.15.97:6800/2614462766,v1:172.21.15.97:6801/2614462766] conn(0x7f8580032610 0x7f8580034ad0 unknown :-1 s=CLOSED pgs=14 cs=0 l=1 rev1=1 rx=0 tx=0).stop
2024-04-18T06:38:49.422 INFO:teuthology.orchestra.run.smithi097.stderr:/usr/bin/ceph:
2024-04-18T06:38:49.419+0000 7f857ffff700 1 --2- 172.21.15.97:0/1016390830 >> [v2:172.21.15.97:3300/0,v1:172.21.15.97:6789/0] conn(0x7f8594071c20 0x7f859410bec0 unknown :-1 s=CLOSED pgs=48 cs=0 l=1 rev1=1 rx=0 tx=0).stop
2024-04-18T06:38:49.422 INFO:teuthology.orchestra.run.smithi097.stderr:/usr/bin/ceph:
2024-04-18T06:38:49.419+0000 7f857ffff700 1 -- 172.21.15.97:0/1016390830 >> 172.21.15.97:0/1016390830 conn(0x7f85940f7750 msgr2=0x7f85940f9140 unknown :-1 s=STATE_NONE l=0).mark_down
2024-04-18T06:38:49.423 INFO:teuthology.orchestra.run.smithi097.stderr:/usr/bin/ceph:
2024-04-18T06:38:49.420+0000 7f857ffff700 1 -- 172.21.15.97:0/1016390830 shutdown_connections
2024-04-18T06:38:49.423 INFO:teuthology.orchestra.run.smithi097.stderr:/usr/bin/ceph:
2024-04-18T06:38:49.420+0000 7f857ffff700 1 -- 172.21.15.97:0/1016390830 wait complete.
2024-04-18T06:38:50.430 INFO:journalctl@ceph.mon.smithi097.smithi097.stdout:Apr 18 06:38:50 smithi097 ceph-1c38d5e4-fd4e-11ee-bc92-c7b262605968-mon-smithi097[39888]: audit
2024-04-18T06:38:49.413881+0000 mgr.smithi097.ljyxep (mgr.14116) 17 : audit [DBG] from='client.14142 -' entity='client.admin' cmd=[{"prefix": "orch apply", "service_type": "prometheus", "target": ["mon-mgr", ""]}]: dispatch
2024-04-18T06:38:50.430 INFO:journalctl@ceph.mon.smithi097.smithi097.stdout:Apr 18 06:38:50 smithi097 ceph-1c38d5e4-fd4e-11ee-bc92-c7b262605968-mon-smithi097[39888]: cephadm
2024-04-18T06:38:49.414723+0000 mgr.smithi097.ljyxep (mgr.14116) 18 : cephadm [INF] Saving service prometheus spec with placement count:1
2024-04-18T06:38:50.430 INFO:journalctl@ceph.mon.smithi097.smithi097.stdout:Apr 18 06:38:50 smithi097 ceph-1c38d5e4-fd4e-11ee-bc92-c7b262605968-mon-smithi097[39888]: audit
2024-04-18T06:38:49.417638+0000 mon.smithi097 (mon.0) 61 : audit [INF] from='mgr.14116 172.21.15.97:0/3687369771' entity='mgr.smithi097.ljyxep'
2024-04-18T06:38:50.915 INFO:teuthology.orchestra.run.smithi097.stderr:Deploying grafana service with default placement...
2024-04-18T06:38:51.519 INFO:teuthology.orchestra.run.smithi097.stderr:/usr/bin/ceph:
2024-04-18T06:38:51.511+0000 7f197ffa1700 1 Processor -- start
2024-04-18T06:38:51.519 INFO:teuthology.orchestra.run.smithi097.stderr:/usr/bin/ceph:
2024-04-18T06:38:51.511+0000 7f197ffa1700 1 -- start start
2024-04-18T06:38:51.519 INFO:teuthology.orchestra.run.smithi097.stderr:/usr/bin/ceph:
2024-04-18T06:38:51.511+0000 7f197ffa1700 1 --2- >> [v2:172.21.15.97:3300/0,v1:172.21.15.97:6789/0] conn(0x7f1978071c20 0x7f19780ffc70 unknown :-1 s=NONE pgs=0 cs=0 l=0 rev1=0 rx=0 tx=0).connect
2024-04-18T06:38:51.519 INFO:teuthology.orchestra.run.smithi097.stderr:/usr/bin/ceph:
2024-04-18T06:38:51.511+0000 7f197ffa1700 1 -- --> [v2:172.21.15.97:3300/0,v1:172.21.15.97:6789/0] -- mon_getmap magic: 0 v1 -- 0x7f1978100160 con 0x7f1978071c20
2024-04-18T06:38:51.519 INFO:teuthology.orchestra.run.smithi097.stderr:/usr/bin/ceph:
2024-04-18T06:38:51.512+0000 7f197dd3d700 1 --2- >> [v2:172.21.15.97:3300/0,v1:172.21.15.97:6789/0] conn(0x7f1978071c20 0x7f19780ffc70 unknown :-1 s=BANNER_CONNECTING pgs=0 cs=0 l=0 rev1=0 rx=0 tx=0)._handle_peer_banner_payload supported=1 required=0
2024-04-18T06:38:51.519 INFO:teuthology.orchestra.run.smithi097.stderr:/usr/bin/ceph:
2024-04-18T06:38:51.512+0000 7f197dd3d700 1 --2- >> [v2:172.21.15.97:3300/0,v1:172.21.15.97:6789/0] conn(0x7f1978071c20 0x7f19780ffc70 unknown :-1 s=HELLO_CONNECTING pgs=0 cs=0 l=0 rev1=1 rx=0 tx=0).handle_hello peer v2:172.21.15.97:3300/0 says I am v2:172.21.15.97:41740/0 (socket says 172.21.15.97:41740)
2024-04-18T06:38:51.519 INFO:teuthology.orchestra.run.smithi097.stderr:/usr/bin/ceph:
2024-04-18T06:38:51.512+0000 7f197dd3d700 1 -- 172.21.15.97:0/454330312 learned_addr learned my addr 172.21.15.97:0/454330312 (peer_addr_for_me v2:172.21.15.97:0/0)
2024-04-18T06:38:51.519 INFO:teuthology.orchestra.run.smithi097.stderr:/usr/bin/ceph:
2024-04-18T06:38:51.512+0000 7f197dd3d700 1 -- 172.21.15.97:0/454330312 --> [v2:172.21.15.97:3300/0,v1:172.21.15.97:6789/0] -- mon_subscribe({config=0+,monmap=0+}) v3 -- 0x7f19781002a0 con 0x7f1978071c20
2024-04-18T06:38:51.519 INFO:teuthology.orchestra.run.smithi097.stderr:/usr/bin/ceph:
2024-04-18T06:38:51.512+0000 7f197dd3d700 1 --2- 172.21.15.97:0/454330312 >> [v2:172.21.15.97:3300/0,v1:172.21.15.97:6789/0] conn(0x7f1978071c20 0x7f19780ffc70 secure :-1 s=READY pgs=49 cs=0 l=1 rev1=1 rx=0x7f1968009730 tx=0x7f19680090f0).ready entity=mon.0 client_cookie=d428b47fa824d577 server_cookie=0 in_seq=0 out_seq=0
2024-04-18T06:38:51.519 INFO:teuthology.orchestra.run.smithi097.stderr:/usr/bin/ceph:
2024-04-18T06:38:51.512+0000 7f197cd3b700 1 -- 172.21.15.97:0/454330312 <== mon.0 v2:172.21.15.97:3300/0 1 ==== mon_map magic: 0 v1 ==== 229+0+0 (secure 0 0 0) 0x7f196800b770 con 0x7f1978071c20
2024-04-18T06:38:51.520 INFO:teuthology.orchestra.run.smithi097.stderr:/usr/bin/ceph:
2024-04-18T06:38:51.512+0000 7f197cd3b700 1 -- 172.21.15.97:0/454330312 <== mon.0 v2:172.21.15.97:3300/0 2 ==== config(25 keys) v1 ==== 1046+0+0 (secure 0 0 0) 0x7f196800bd60 con 0x7f1978071c20
2024-04-18T06:38:51.520 INFO:teuthology.orchestra.run.smithi097.stderr:/usr/bin/ceph:
