2024-04-19T22:10:10.188 INFO:teuthology.orchestra.run.smithi018.stdout:/usr/bin/ceph: stderr
2024-04-19T22:10:09.379+0000 7fd1f11c4700 1 -- 172.21.15.18:0/2693870371 wait complete.
2024-04-19T22:10:10.188 INFO:teuthology.orchestra.run.smithi018.stdout:/usr/bin/ceph: stderr
2024-04-19T22:10:09.380+0000 7fd1f11c4700 1 Processor -- start
2024-04-19T22:10:10.188 INFO:teuthology.orchestra.run.smithi018.stdout:/usr/bin/ceph: stderr
2024-04-19T22:10:09.380+0000 7fd1f11c4700 1 -- start start
2024-04-19T22:10:10.188 INFO:teuthology.orchestra.run.smithi018.stdout:/usr/bin/ceph: stderr
2024-04-19T22:10:09.380+0000 7fd1f11c4700 1 --2- >> [v2:172.21.15.18:3300/0,v1:172.21.15.18:6789/0] conn(0x7fd1ec1065c0 0x7fd1ec19a2f0 unknown :-1 s=NONE pgs=0 cs=0 l=1 rev1=0 crypto rx=0 tx=0 comp rx=0 tx=0).connect
2024-04-19T22:10:10.188 INFO:teuthology.orchestra.run.smithi018.stdout:/usr/bin/ceph: stderr
2024-04-19T22:10:09.380+0000 7fd1f11c4700 1 -- --> [v2:172.21.15.18:3300/0,v1:172.21.15.18:6789/0] -- mon_getmap magic: 0 v1 -- 0x7fd1ec19a830 con 0x7fd1ec1065c0
2024-04-19T22:10:10.189 INFO:teuthology.orchestra.run.smithi018.stdout:/usr/bin/ceph: stderr
2024-04-19T22:10:09.380+0000 7fd1ead9d700 1 --2- >> [v2:172.21.15.18:3300/0,v1:172.21.15.18:6789/0] conn(0x7fd1ec1065c0 0x7fd1ec19a2f0 unknown :-1 s=BANNER_CONNECTING pgs=0 cs=0 l=1 rev1=0 crypto rx=0 tx=0 comp rx=0 tx=0)._handle_peer_banner_payload supported=3 required=0
2024-04-19T22:10:10.189 INFO:teuthology.orchestra.run.smithi018.stdout:/usr/bin/ceph: stderr
2024-04-19T22:10:09.380+0000 7fd1ead9d700 1 --2- >> [v2:172.21.15.18:3300/0,v1:172.21.15.18:6789/0] conn(0x7fd1ec1065c0 0x7fd1ec19a2f0 unknown :-1 s=HELLO_CONNECTING pgs=0 cs=0 l=1 rev1=1 crypto rx=0 tx=0 comp rx=0 tx=0).handle_hello peer v2:172.21.15.18:3300/0 says I am v2:172.21.15.18:36152/0 (socket says 172.21.15.18:36152)
2024-04-19T22:10:10.189 INFO:teuthology.orchestra.run.smithi018.stdout:/usr/bin/ceph: stderr
2024-04-19T22:10:09.381+0000 7fd1ead9d700 1 -- 172.21.15.18:0/2833497631 learned_addr learned my addr 172.21.15.18:0/2833497631 (peer_addr_for_me v2:172.21.15.18:0/0)
2024-04-19T22:10:10.189 INFO:teuthology.orchestra.run.smithi018.stdout:/usr/bin/ceph: stderr
2024-04-19T22:10:09.381+0000 7fd1ead9d700 1 -- 172.21.15.18:0/2833497631 --> [v2:172.21.15.18:3300/0,v1:172.21.15.18:6789/0] -- mon_subscribe({config=0+,monmap=0+}) v3 -- 0x7fd1dc009550 con 0x7fd1ec1065c0
2024-04-19T22:10:10.189 INFO:teuthology.orchestra.run.smithi018.stdout:/usr/bin/ceph: stderr
2024-04-19T22:10:09.381+0000 7fd1ead9d700 1 --2- 172.21.15.18:0/2833497631 >> [v2:172.21.15.18:3300/0,v1:172.21.15.18:6789/0] conn(0x7fd1ec1065c0 0x7fd1ec19a2f0 secure :-1 s=READY pgs=19 cs=0 l=1 rev1=1 crypto rx=0x7fd1dc011710 tx=0x7fd1dc0047c0 comp rx=0 tx=0).ready entity=mon.0 client_cookie=0 server_cookie=0 in_seq=0 out_seq=0
2024-04-19T22:10:10.189 INFO:teuthology.orchestra.run.smithi018.stdout:/usr/bin/ceph: stderr
2024-04-19T22:10:09.381+0000 7fd1e8d99700 1 -- 172.21.15.18:0/2833497631 <== mon.0 v2:172.21.15.18:3300/0 1 ==== mon_map magic: 0 v1 ==== 229+0+0 (secure 0 0 0) 0x7fd1dc003b10 con 0x7fd1ec1065c0
2024-04-19T22:10:10.189 INFO:teuthology.orchestra.run.smithi018.stdout:/usr/bin/ceph: stderr
2024-04-19T22:10:09.381+0000 7fd1e8d99700 1 -- 172.21.15.18:0/2833497631 <== mon.0 v2:172.21.15.18:3300/0 2 ==== config(27 keys) v1 ==== 1042+0+0 (secure 0 0 0) 0x7fd1dc01b8c0 con 0x7fd1ec1065c0
2024-04-19T22:10:10.189 INFO:teuthology.orchestra.run.smithi018.stdout:/usr/bin/ceph: stderr
2024-04-19T22:10:09.381+0000 7fd1f11c4700 1 -- 172.21.15.18:0/2833497631 --> [v2:172.21.15.18:3300/0,v1:172.21.15.18:6789/0] -- mon_subscribe({mgrmap=0+}) v3 -- 0x7fd1ec19aa30 con 0x7fd1ec1065c0
2024-04-19T22:10:10.189 INFO:teuthology.orchestra.run.smithi018.stdout:/usr/bin/ceph: stderr
2024-04-19T22:10:09.381+0000 7fd1e8d99700 1 -- 172.21.15.18:0/2833497631 <== mon.0 v2:172.21.15.18:3300/0 3 ==== mon_map magic: 0 v1 ==== 229+0+0 (secure 0 0 0) 0x7fd1dc019770 con 0x7fd1ec1065c0
2024-04-19T22:10:10.189 INFO:teuthology.orchestra.run.smithi018.stdout:/usr/bin/ceph: stderr
2024-04-19T22:10:09.381+0000 7fd1f11c4700 1 -- 172.21.15.18:0/2833497631 --> [v2:172.21.15.18:3300/0,v1:172.21.15.18:6789/0] -- mon_subscribe({osdmap=0}) v3 -- 0x7fd1ec19aed0 con 0x7fd1ec1065c0
2024-04-19T22:10:10.189 INFO:teuthology.orchestra.run.smithi018.stdout:/usr/bin/ceph: stderr
2024-04-19T22:10:09.382+0000 7fd1e8d99700 1 -- 172.21.15.18:0/2833497631 <== mon.0 v2:172.21.15.18:3300/0 4 ==== mgrmap(e 4) v1 ==== 45545+0+0 (secure 0 0 0) 0x7fd1dc01ba30 con 0x7fd1ec1065c0
2024-04-19T22:10:10.189 INFO:teuthology.orchestra.run.smithi018.stdout:/usr/bin/ceph: stderr
2024-04-19T22:10:09.382+0000 7fd1f11c4700 1 -- 172.21.15.18:0/2833497631 --> [v2:172.21.15.18:3300/0,v1:172.21.15.18:6789/0] -- mon_command({"prefix": "get_command_descriptions"} v 0) v1 -- 0x7fd1ec10a9f0 con 0x7fd1ec1065c0
2024-04-19T22:10:10.189 INFO:teuthology.orchestra.run.smithi018.stdout:/usr/bin/ceph: stderr
2024-04-19T22:10:09.382+0000 7fd1e8d99700 1 --2- 172.21.15.18:0/2833497631 >> [v2:172.21.15.18:6800/525699644,v1:172.21.15.18:6801/525699644] conn(0x7fd1d80386d0 0x7fd1d803ab90 unknown :-1 s=NONE pgs=0 cs=0 l=1 rev1=0 crypto rx=0 tx=0 comp rx=0 tx=0).connect
2024-04-19T22:10:10.190 INFO:teuthology.orchestra.run.smithi018.stdout:/usr/bin/ceph: stderr
2024-04-19T22:10:09.383+0000 7fd1e8d99700 1 -- 172.21.15.18:0/2833497631 <== mon.0 v2:172.21.15.18:3300/0 5 ==== osd_map(1..1 src has 1..1) v4 ==== 725+0+0 (secure 0 0 0) 0x7fd1dc04c8b0 con 0x7fd1ec1065c0
2024-04-19T22:10:10.190 INFO:teuthology.orchestra.run.smithi018.stdout:/usr/bin/ceph: stderr
2024-04-19T22:10:09.383+0000 7fd1e259c700 1 --2- 172.21.15.18:0/2833497631 >> [v2:172.21.15.18:6800/525699644,v1:172.21.15.18:6801/525699644] conn(0x7fd1d80386d0 0x7fd1d803ab90 unknown :-1 s=BANNER_CONNECTING pgs=0 cs=0 l=1 rev1=0 crypto rx=0 tx=0 comp rx=0 tx=0)._handle_peer_banner_payload supported=3 required=0
2024-04-19T22:10:10.190 INFO:teuthology.orchestra.run.smithi018.stdout:/usr/bin/ceph: stderr
2024-04-19T22:10:09.383+0000 7fd1e259c700 1 --2- 172.21.15.18:0/2833497631 >> [v2:172.21.15.18:6800/525699644,v1:172.21.15.18:6801/525699644] conn(0x7fd1d80386d0 0x7fd1d803ab90 secure :-1 s=READY pgs=6 cs=0 l=1 rev1=1 crypto rx=0x7fd1d4006fd0 tx=0x7fd1d4006e40 comp rx=0 tx=0).ready entity=mgr.14100 client_cookie=0 server_cookie=0 in_seq=0 out_seq=0
2024-04-19T22:10:10.190 INFO:teuthology.orchestra.run.smithi018.stdout:/usr/bin/ceph: stderr
2024-04-19T22:10:09.388+0000 7fd1e8d99700 1 -- 172.21.15.18:0/2833497631 <== mon.0 v2:172.21.15.18:3300/0 6 ==== mon_command_ack([{"prefix": "get_command_descriptions"}]=0 v0) v1 ==== 72+0+183351 (secure 0 0 0) 0x7fd1dc02cce0 con 0x7fd1ec1065c0
2024-04-19T22:10:10.190 INFO:teuthology.orchestra.run.smithi018.stdout:/usr/bin/ceph: stderr
2024-04-19T22:10:09.675+0000 7fd1f11c4700 1 -- 172.21.15.18:0/2833497631 --> [v2:172.21.15.18:3300/0,v1:172.21.15.18:6789/0] -- mon_command({"prefix": "status", "format": "json-pretty"} v 0) v1 -- 0x7fd1ec19d7c0 con 0x7fd1ec1065c0
2024-04-19T22:10:10.190 INFO:teuthology.orchestra.run.smithi018.stdout:/usr/bin/ceph: stderr
2024-04-19T22:10:09.676+0000 7fd1e8d99700 1 -- 172.21.15.18:0/2833497631 <== mon.0 v2:172.21.15.18:3300/0 7 ==== mon_command_ack([{"prefix": "status", "format": "json-pretty"}]=0 v0) v1 ==== 79+0+1246 (secure 0 0 0) 0x7fd1dc01f070 con 0x7fd1ec1065c0
2024-04-19T22:10:10.190 INFO:teuthology.orchestra.run.smithi018.stdout:/usr/bin/ceph: stderr
2024-04-19T22:10:09.678+0000 7fd1f11c4700 1 -- 172.21.15.18:0/2833497631 >> [v2:172.21.15.18:6800/525699644,v1:172.21.15.18:6801/525699644] conn(0x7fd1d80386d0 msgr2=0x7fd1d803ab90 secure :-1 s=STATE_CONNECTION_ESTABLISHED l=1).mark_down
2024-04-19T22:10:10.190 INFO:teuthology.orchestra.run.smithi018.stdout:/usr/bin/ceph: stderr
2024-04-19T22:10:09.678+0000 7fd1f11c4700 1 --2- 172.21.15.18:0/2833497631 >> [v2:172.21.15.18:6800/525699644,v1:172.21.15.18:6801/525699644] conn(0x7fd1d80386d0 0x7fd1d803ab90 secure :-1 s=READY pgs=6 cs=0 l=1 rev1=1 crypto rx=0x7fd1d4006fd0 tx=0x7fd1d4006e40 comp rx=0 tx=0).stop
2024-04-19T22:10:10.190 INFO:teuthology.orchestra.run.smithi018.stdout:/usr/bin/ceph: stderr
2024-04-19T22:10:09.678+0000 7fd1f11c4700 1 -- 172.21.15.18:0/2833497631 >> [v2:172.21.15.18:3300/0,v1:172.21.15.18:6789/0] conn(0x7fd1ec1065c0 msgr2=0x7fd1ec19a2f0 secure :-1 s=STATE_CONNECTION_ESTABLISHED l=1).mark_down
2024-04-19T22:10:10.190 INFO:teuthology.orchestra.run.smithi018.stdout:/usr/bin/ceph: stderr
2024-04-19T22:10:09.678+0000 7fd1f11c4700 1 --2- 172.21.15.18:0/2833497631 >> [v2:172.21.15.18:3300/0,v1:172.21.15.18:6789/0] conn(0x7fd1ec1065c0 0x7fd1ec19a2f0 secure :-1 s=READY pgs=19 cs=0 l=1 rev1=1 crypto rx=0x7fd1dc011710 tx=0x7fd1dc0047c0 comp rx=0 tx=0).stop
2024-04-19T22:10:10.190 INFO:teuthology.orchestra.run.smithi018.stdout:/usr/bin/ceph: stderr
2024-04-19T22:10:09.679+0000 7fd1f11c4700 1 -- 172.21.15.18:0/2833497631 shutdown_connections
2024-04-19T22:10:10.190 INFO:teuthology.orchestra.run.smithi018.stdout:/usr/bin/ceph: stderr
2024-04-19T22:10:09.679+0000 7fd1f11c4700 1 --2- 172.21.15.18:0/2833497631 >> [v2:172.21.15.18:6800/525699644,v1:172.21.15.18:6801/525699644] conn(0x7fd1d80386d0 0x7fd1d803ab90 unknown :-1 s=CLOSED pgs=6 cs=0 l=1 rev1=1 crypto rx=0 tx=0 comp rx=0 tx=0).stop
2024-04-19T22:10:10.190 INFO:teuthology.orchestra.run.smithi018.stdout:/usr/bin/ceph: stderr
2024-04-19T22:10:09.679+0000 7fd1f11c4700 1 --2- 172.21.15.18:0/2833497631 >> [v2:172.21.15.18:3300/0,v1:172.21.15.18:6789/0] conn(0x7fd1ec1065c0 0x7fd1ec19a2f0 unknown :-1 s=CLOSED pgs=19 cs=0 l=1 rev1=1 crypto rx=0 tx=0 comp rx=0 tx=0).stop
2024-04-19T22:10:10.191 INFO:teuthology.orchestra.run.smithi018.stdout:/usr/bin/ceph: stderr
2024-04-19T22:10:09.679+0000 7fd1f11c4700 1 -- 172.21.15.18:0/2833497631 >> 172.21.15.18:0/2833497631 conn(0x7fd1ec101be0 msgr2=0x7fd1ec102740 unknown :-1 s=STATE_NONE l=0).mark_down
2024-04-19T22:10:10.191 INFO:teuthology.orchestra.run.smithi018.stdout:/usr/bin/ceph: stderr
2024-04-19T22:10:09.679+0000 7fd1f11c4700 1 -- 172.21.15.18:0/2833497631 shutdown_connections
2024-04-19T22:10:10.191 INFO:teuthology.orchestra.run.smithi018.stdout:/usr/bin/ceph: stderr
2024-04-19T22:10:09.679+0000 7fd1f11c4700 1 -- 172.21.15.18:0/2833497631 wait complete.
2024-04-19T22:10:10.191 INFO:teuthology.orchestra.run.smithi018.stdout:mgr is available
2024-04-19T22:10:11.089 INFO:journalctl@ceph.mon.smithi018.smithi018.stdout:Apr 19 22:10:10 smithi018 ceph-mon[16953]: from='client.? 172.21.15.18:0/409176689' entity='client.admin' cmd=[{"prefix": "config assimilate-conf"}]: dispatch
2024-04-19T22:10:11.383 INFO:teuthology.orchestra.run.smithi018.stdout:/usr/bin/ceph: stdout
2024-04-19T22:10:11.383 INFO:teuthology.orchestra.run.smithi018.stdout:/usr/bin/ceph: stdout [global]
2024-04-19T22:10:11.383 INFO:teuthology.orchestra.run.smithi018.stdout:/usr/bin/ceph: stdout fsid = 6aec05ca-fe99-11ee-bc92-c7b262605968
2024-04-19T22:10:11.383 INFO:teuthology.orchestra.run.smithi018.stdout:/usr/bin/ceph: stdout mon_osd_allow_pg_remap = true
2024-04-19T22:10:11.383 INFO:teuthology.orchestra.run.smithi018.stdout:/usr/bin/ceph: stdout mon_osd_allow_primary_affinity = true
2024-04-19T22:10:11.383 INFO:teuthology.orchestra.run.smithi018.stdout:/usr/bin/ceph: stdout mon_warn_on_no_sortbitwise = false
2024-04-19T22:10:11.383 INFO:teuthology.orchestra.run.smithi018.stdout:/usr/bin/ceph: stdout osd_crush_chooseleaf_type = 0
2024-04-19T22:10:11.383 INFO:teuthology.orchestra.run.smithi018.stdout:/usr/bin/ceph: stdout
2024-04-19T22:10:11.384 INFO:teuthology.orchestra.run.smithi018.stdout:/usr/bin/ceph: stdout [mgr]
2024-04-19T22:10:11.384 INFO:teuthology.orchestra.run.smithi018.stdout:/usr/bin/ceph: stdout mgr/telemetry/nag = false
2024-04-19T22:10:11.384 INFO:teuthology.orchestra.run.smithi018.stdout:/usr/bin/ceph: stdout
2024-04-19T22:10:11.384 INFO:teuthology.orchestra.run.smithi018.stdout:/usr/bin/ceph: stdout [osd]
2024-04-19T22:10:11.384 INFO:teuthology.orchestra.run.smithi018.stdout:/usr/bin/ceph: stdout mon_osd_backfillfull_ratio = 0.85
2024-04-19T22:10:11.384 INFO:teuthology.orchestra.run.smithi018.stdout:/usr/bin/ceph: stdout mon_osd_full_ratio = 0.9
2024-04-19T22:10:11.384 INFO:teuthology.orchestra.run.smithi018.stdout:/usr/bin/ceph: stdout mon_osd_nearfull_ratio = 0.8
2024-04-19T22:10:11.384 INFO:teuthology.orchestra.run.smithi018.stdout:/usr/bin/ceph: stdout osd_map_max_advance = 10
2024-04-19T22:10:11.384 INFO:teuthology.orchestra.run.smithi018.stdout:/usr/bin/ceph: stdout osd_sloppy_crc = true
2024-04-19T22:10:11.384 INFO:teuthology.orchestra.run.smithi018.stdout:/usr/bin/ceph: stderr
2024-04-19T22:10:10.588+0000 7faa19a7e700 1 Processor -- start
2024-04-19T22:10:11.384 INFO:teuthology.orchestra.run.smithi018.stdout:/usr/bin/ceph: stderr
2024-04-19T22:10:10.588+0000 7faa19a7e700 1 -- start start
2024-04-19T22:10:11.384 INFO:teuthology.orchestra.run.smithi018.stdout:/usr/bin/ceph: stderr
2024-04-19T22:10:10.588+0000 7faa19a7e700 1 --2- >> [v2:172.21.15.18:3300/0,v1:172.21.15.18:6789/0] conn(0x7faa141054e0 0x7faa14105900 unknown :-1 s=NONE pgs=0 cs=0 l=0 rev1=0 crypto rx=0 tx=0 comp rx=0 tx=0).connect
2024-04-19T22:10:11.384 INFO:teuthology.orchestra.run.smithi018.stdout:/usr/bin/ceph: stderr
2024-04-19T22:10:10.588+0000 7faa19a7e700 1 -- --> [v2:172.21.15.18:3300/0,v1:172.21.15.18:6789/0] -- mon_getmap magic: 0 v1 -- 0x7faa14105ed0 con 0x7faa141054e0
2024-04-19T22:10:11.384 INFO:teuthology.orchestra.run.smithi018.stdout:/usr/bin/ceph: stderr
2024-04-19T22:10:10.588+0000 7faa137fe700 1 --2- >> [v2:172.21.15.18:3300/0,v1:172.21.15.18:6789/0] conn(0x7faa141054e0 0x7faa14105900 unknown :-1 s=BANNER_CONNECTING pgs=0 cs=0 l=0 rev1=0 crypto rx=0 tx=0 comp rx=0 tx=0)._handle_peer_banner_payload supported=3 required=0
2024-04-19T22:10:11.385 INFO:teuthology.orchestra.run.smithi018.stdout:/usr/bin/ceph: stderr
2024-04-19T22:10:10.588+0000 7faa137fe700 1 --2- >> [v2:172.21.15.18:3300/0,v1:172.21.15.18:6789/0] conn(0x7faa141054e0 0x7faa14105900 unknown :-1 s=HELLO_CONNECTING pgs=0 cs=0 l=0 rev1=1 crypto rx=0 tx=0 comp rx=0 tx=0).handle_hello peer v2:172.21.15.18:3300/0 says I am v2:172.21.15.18:36156/0 (socket says 172.21.15.18:36156)
2024-04-19T22:10:11.385 INFO:teuthology.orchestra.run.smithi018.stdout:/usr/bin/ceph: stderr
2024-04-19T22:10:10.588+0000 7faa137fe700 1 -- 172.21.15.18:0/2859015892 learned_addr learned my addr 172.21.15.18:0/2859015892 (peer_addr_for_me v2:172.21.15.18:0/0)
2024-04-19T22:10:11.385 INFO:teuthology.orchestra.run.smithi018.stdout:/usr/bin/ceph: stderr
2024-04-19T22:10:10.589+0000 7faa137fe700 1 -- 172.21.15.18:0/2859015892 --> [v2:172.21.15.18:3300/0,v1:172.21.15.18:6789/0] -- mon_subscribe({config=0+,monmap=0+}) v3 -- 0x7faa141066e0 con 0x7faa141054e0
2024-04-19T22:10:11.385 INFO:teuthology.orchestra.run.smithi018.stdout:/usr/bin/ceph: stderr
2024-04-19T22:10:10.589+0000 7faa137fe700 1 --2- 172.21.15.18:0/2859015892 >> [v2:172.21.15.18:3300/0,v1:172.21.15.18:6789/0] conn(0x7faa141054e0 0x7faa14105900 secure :-1 s=READY pgs=20 cs=0 l=1 rev1=1 crypto rx=0x7faa0400d180 tx=0x7faa0400d490 comp rx=0 tx=0).ready entity=mon.0 client_cookie=4872f39c43e49001 server_cookie=0 in_seq=0 out_seq=0
2024-04-19T22:10:11.385 INFO:teuthology.orchestra.run.smithi018.stdout:/usr/bin/ceph: stderr
2024-04-19T22:10:10.589+0000 7faa127fc700 1 -- 172.21.15.18:0/2859015892 <== mon.0 v2:172.21.15.18:3300/0 1 ==== mon_map magic: 0 v1 ==== 229+0+0 (secure 0 0 0) 0x7faa04010070 con 0x7faa141054e0
2024-04-19T22:10:11.385 INFO:teuthology.orchestra.run.smithi018.stdout:/usr/bin/ceph: stderr
2024-04-19T22:10:10.589+0000 7faa127fc700 1 -- 172.21.15.18:0/2859015892 <== mon.0 v2:172.21.15.18:3300/0 2 ==== config(27 keys) v1 ==== 1042+0+0 (secure 0 0 0) 0x7faa0400dcf0 con 0x7faa141054e0
2024-04-19T22:10:11.386 INFO:teuthology.orchestra.run.smithi018.stdout:/usr/bin/ceph: stderr
2024-04-19T22:10:10.589+0000 7faa127fc700 1 -- 172.21.15.18:0/2859015892 <== mon.0 v2:172.21.15.18:3300/0 3 ==== mon_map magic: 0 v1 ==== 229+0+0 (secure 0 0 0) 0x7faa04009930 con 0x7faa141054e0
2024-04-19T22:10:11.386 INFO:teuthology.orchestra.run.smithi018.stdout:/usr/bin/ceph: stderr
2024-04-19T22:10:10.590+0000 7faa19a7e700 1 -- 172.21.15.18:0/2859015892 >> [v2:172.21.15.18:3300/0,v1:172.21.15.18:6789/0] conn(0x7faa141054e0 msgr2=0x7faa14105900 secure :-1 s=STATE_CONNECTION_ESTABLISHED l=1).mark_down
2024-04-19T22:10:11.386 INFO:teuthology.orchestra.run.smithi018.stdout:/usr/bin/ceph: stderr
2024-04-19T22:10:10.590+0000 7faa19a7e700 1 --2- 172.21.15.18:0/2859015892 >> [v2:172.21.15.18:3300/0,v1:172.21.15.18:6789/0] conn(0x7faa141054e0 0x7faa14105900 secure :-1 s=READY pgs=20 cs=0 l=1 rev1=1 crypto rx=0x7faa0400d180 tx=0x7faa0400d490 comp rx=0 tx=0).stop
2024-04-19T22:10:11.386 INFO:teuthology.orchestra.run.smithi018.stdout:/usr/bin/ceph: stderr
2024-04-19T22:10:10.590+0000 7faa19a7e700 1 -- 172.21.15.18:0/2859015892 shutdown_connections
2024-04-19T22:10:11.386 INFO:teuthology.orchestra.run.smithi018.stdout:/usr/bin/ceph: stderr
2024-04-19T22:10:10.590+0000 7faa19a7e700 1 --2- 172.21.15.18:0/2859015892 >> [v2:172.21.15.18:3300/0,v1:172.21.15.18:6789/0] conn(0x7faa141054e0 0x7faa14105900 unknown :-1 s=CLOSED pgs=20 cs=0 l=1 rev1=1 crypto rx=0 tx=0 comp rx=0 tx=0).stop
2024-04-19T22:10:11.386 INFO:teuthology.orchestra.run.smithi018.stdout:/usr/bin/ceph: stderr
2024-04-19T22:10:10.590+0000 7faa19a7e700 1 -- 172.21.15.18:0/2859015892 >> 172.21.15.18:0/2859015892 conn(0x7faa14100b00 msgr2=0x7faa14102f20 unknown :-1 s=STATE_NONE l=0).mark_down
2024-04-19T22:10:11.386 INFO:teuthology.orchestra.run.smithi018.stdout:/usr/bin/ceph: stderr
2024-04-19T22:10:10.590+0000 7faa19a7e700 1 -- 172.21.15.18:0/2859015892 shutdown_connections
2024-04-19T22:10:11.387 INFO:teuthology.orchestra.run.smithi018.stdout:/usr/bin/ceph: stderr
2024-04-19T22:10:10.590+0000 7faa19a7e700 1 -- 172.21.15.18:0/2859015892 wait complete.
2024-04-19T22:10:11.387 INFO:teuthology.orchestra.run.smithi018.stdout:/usr/bin/ceph: stderr
2024-04-19T22:10:10.590+0000 7faa19a7e700 1 Processor -- start
2024-04-19T22:10:11.387 INFO:teuthology.orchestra.run.smithi018.stdout:/usr/bin/ceph: stderr
2024-04-19T22:10:10.590+0000 7faa19a7e700 1 -- start start
2024-04-19T22:10:11.387 INFO:teuthology.orchestra.run.smithi018.stdout:/usr/bin/ceph: stderr
2024-04-19T22:10:10.591+0000 7faa19a7e700 1 --2- >> [v2:172.21.15.18:3300/0,v1:172.21.15.18:6789/0] conn(0x7faa141054e0 0x7faa14198000 unknown :-1 s=NONE pgs=0 cs=0 l=1 rev1=0 crypto rx=0 tx=0 comp rx=0 tx=0).connect
2024-04-19T22:10:11.387 INFO:teuthology.orchestra.run.smithi018.stdout:/usr/bin/ceph: stderr
2024-04-19T22:10:10.591+0000 7faa19a7e700 1 -- --> [v2:172.21.15.18:3300/0,v1:172.21.15.18:6789/0] -- mon_getmap magic: 0 v1 -- 0x7faa14198540 con 0x7faa141054e0
2024-04-19T22:10:11.387 INFO:teuthology.orchestra.run.smithi018.stdout:/usr/bin/ceph: stderr
2024-04-19T22:10:10.591+0000 7faa137fe700 1 --2- >> [v2:172.21.15.18:3300/0,v1:172.21.15.18:6789/0] conn(0x7faa141054e0 0x7faa14198000 unknown :-1 s=BANNER_CONNECTING pgs=0 cs=0 l=1 rev1=0 crypto rx=0 tx=0 comp rx=0 tx=0)._handle_peer_banner_payload supported=3 required=0
2024-04-19T22:10:11.387 INFO:teuthology.orchestra.run.smithi018.stdout:/usr/bin/ceph: stderr
2024-04-19T22:10:10.591+0000 7faa137fe700 1 --2- >> [v2:172.21.15.18:3300/0,v1:172.21.15.18:6789/0] conn(0x7faa141054e0 0x7faa14198000 unknown :-1 s=HELLO_CONNECTING pgs=0 cs=0 l=1 rev1=1 crypto rx=0 tx=0 comp rx=0 tx=0).handle_hello peer v2:172.21.15.18:3300/0 says I am v2:172.21.15.18:36164/0 (socket says 172.21.15.18:36164)
2024-04-19T22:10:11.387 INFO:teuthology.orchestra.run.smithi018.stdout:/usr/bin/ceph: stderr
2024-04-19T22:10:10.591+0000 7faa137fe700 1 -- 172.21.15.18:0/409176689 learned_addr learned my addr 172.21.15.18:0/409176689 (peer_addr_for_me v2:172.21.15.18:0/0)
2024-04-19T22:10:11.387 INFO:teuthology.orchestra.run.smithi018.stdout:/usr/bin/ceph: stderr
2024-04-19T22:10:10.591+0000 7faa137fe700 1 -- 172.21.15.18:0/409176689 --> [v2:172.21.15.18:3300/0,v1:172.21.15.18:6789/0] -- mon_subscribe({config=0+,monmap=0+}) v3 -- 0x7faa0400bd40 con 0x7faa141054e0
2024-04-19T22:10:11.387 INFO:teuthology.orchestra.run.smithi018.stdout:/usr/bin/ceph: stderr
2024-04-19T22:10:10.591+0000 7faa137fe700 1 --2- 172.21.15.18:0/409176689 >> [v2:172.21.15.18:3300/0,v1:172.21.15.18:6789/0] conn(0x7faa141054e0 0x7faa14198000 secure :-1 s=READY pgs=21 cs=0 l=1 rev1=1 crypto rx=0x7faa0400f010 tx=0x7faa0400b3b0 comp rx=0 tx=0).ready entity=mon.0 client_cookie=0 server_cookie=0 in_seq=0 out_seq=0
2024-04-19T22:10:11.387 INFO:teuthology.orchestra.run.smithi018.stdout:/usr/bin/ceph: stderr
2024-04-19T22:10:10.591+0000 7faa10ff9700 1 -- 172.21.15.18:0/409176689 <== mon.0 v2:172.21.15.18:3300/0 1 ==== mon_map magic: 0 v1 ==== 229+0+0 (secure 0 0 0) 0x7faa04010050 con 0x7faa141054e0
2024-04-19T22:10:11.387 INFO:teuthology.orchestra.run.smithi018.stdout:/usr/bin/ceph: stderr
2024-04-19T22:10:10.591+0000 7faa10ff9700 1 -- 172.21.15.18:0/409176689 <== mon.0 v2:172.21.15.18:3300/0 2 ==== config(27 keys) v1 ==== 1042+0+0 (secure 0 0 0) 0x7faa04004690 con 0x7faa141054e0
2024-04-19T22:10:11.387 INFO:teuthology.orchestra.run.smithi018.stdout:/usr/bin/ceph: stderr
2024-04-19T22:10:10.591+0000 7faa10ff9700 1 -- 172.21.15.18:0/409176689 <== mon.0 v2:172.21.15.18:3300/0 3 ==== mon_map magic: 0 v1 ==== 229+0+0 (secure 0 0 0) 0x7faa0401fc20 con 0x7faa141054e0
2024-04-19T22:10:11.388 INFO:teuthology.orchestra.run.smithi018.stdout:/usr/bin/ceph: stderr
2024-04-19T22:10:10.591+0000 7faa19a7e700 1 -- 172.21.15.18:0/409176689 --> [v2:172.21.15.18:3300/0,v1:172.21.15.18:6789/0] -- mon_subscribe({mgrmap=0+}) v3 -- 0x7faa14198740 con 0x7faa141054e0
2024-04-19T22:10:11.388 INFO:teuthology.orchestra.run.smithi018.stdout:/usr/bin/ceph: stderr
2024-04-19T22:10:10.591+0000 7faa19a7e700 1 -- 172.21.15.18:0/409176689 --> [v2:172.21.15.18:3300/0,v1:172.21.15.18:6789/0] -- mon_subscribe({osdmap=0}) v3 -- 0x7faa14198be0 con 0x7faa141054e0
2024-04-19T22:10:11.388 INFO:teuthology.orchestra.run.smithi018.stdout:/usr/bin/ceph: stderr
2024-04-19T22:10:10.592+0000 7faa10ff9700 1 -- 172.21.15.18:0/409176689 <== mon.0 v2:172.21.15.18:3300/0 4 ==== mgrmap(e 4) v1 ==== 45545+0+0 (secure 0 0 0) 0x7faa0401b070 con 0x7faa141054e0
2024-04-19T22:10:11.388 INFO:teuthology.orchestra.run.smithi018.stdout:/usr/bin/ceph: stderr
2024-04-19T22:10:10.592+0000 7faa19a7e700 1 -- 172.21.15.18:0/409176689 --> [v2:172.21.15.18:3300/0,v1:172.21.15.18:6789/0] -- mon_command({"prefix": "get_command_descriptions"} v 0) v1 -- 0x7faa14078ff0 con 0x7faa141054e0
2024-04-19T22:10:11.388 INFO:teuthology.orchestra.run.smithi018.stdout:/usr/bin/ceph: stderr
2024-04-19T22:10:10.592+0000 7faa10ff9700 1 --2- 172.21.15.18:0/409176689 >> [v2:172.21.15.18:6800/525699644,v1:172.21.15.18:6801/525699644] conn(0x7faa000386d0 0x7faa0003ab90 unknown :-1 s=NONE pgs=0 cs=0 l=1 rev1=0 crypto rx=0 tx=0 comp rx=0 tx=0).connect
2024-04-19T22:10:11.388 INFO:teuthology.orchestra.run.smithi018.stdout:/usr/bin/ceph: stderr
2024-04-19T22:10:10.593+0000 7faa10ff9700 1 -- 172.21.15.18:0/409176689 <== mon.0 v2:172.21.15.18:3300/0 5 ==== osd_map(1..1 src has 1..1) v4 ==== 725+0+0 (secure 0 0 0) 0x7faa0404e900 con 0x7faa141054e0
2024-04-19T22:10:11.388 INFO:teuthology.orchestra.run.smithi018.stdout:/usr/bin/ceph: stderr
2024-04-19T22:10:10.593+0000 7faa12ffd700 1 --2- 172.21.15.18:0/409176689 >> [v2:172.21.15.18:6800/525699644,v1:172.21.15.18:6801/525699644] conn(0x7faa000386d0 0x7faa0003ab90 unknown :-1 s=BANNER_CONNECTING pgs=0 cs=0 l=1 rev1=0 crypto rx=0 tx=0 comp rx=0 tx=0)._handle_peer_banner_payload supported=3 required=0
2024-04-19T22:10:11.388 INFO:teuthology.orchestra.run.smithi018.stdout:/usr/bin/ceph: stderr
2024-04-19T22:10:10.593+0000 7faa12ffd700 1 --2- 172.21.15.18:0/409176689 >> [v2:172.21.15.18:6800/525699644,v1:172.21.15.18:6801/525699644] conn(0x7faa000386d0 0x7faa0003ab90 secure :-1 s=READY pgs=7 cs=0 l=1 rev1=1 crypto rx=0x7fa9fc006fd0 tx=0x7fa9fc006e40 comp rx=0 tx=0).ready entity=mgr.14100 client_cookie=0 server_cookie=0 in_seq=0 out_seq=0
2024-04-19T22:10:11.388 INFO:teuthology.orchestra.run.smithi018.stdout:/usr/bin/ceph: stderr
2024-04-19T22:10:10.597+0000 7faa10ff9700 1 -- 172.21.15.18:0/409176689 <== mon.0 v2:172.21.15.18:3300/0 6 ==== mon_command_ack([{"prefix": "get_command_descriptions"}]=0 v0) v1 ==== 72+0+183351 (secure 0 0 0) 0x7faa0401e5b0 con 0x7faa141054e0
2024-04-19T22:10:11.388 INFO:teuthology.orchestra.run.smithi018.stdout:/usr/bin/ceph: stderr
2024-04-19T22:10:10.799+0000 7faa19a7e700 1 -- 172.21.15.18:0/409176689 --> [v2:172.21.15.18:3300/0,v1:172.21.15.18:6789/0] -- mon_command({"prefix": "config assimilate-conf"} v 0) v1 -- 0x7faa1419b470 con 0x7faa141054e0
2024-04-19T22:10:11.388 INFO:teuthology.orchestra.run.smithi018.stdout:/usr/bin/ceph: stderr
2024-04-19T22:10:10.800+0000 7faa10ff9700 1 -- 172.21.15.18:0/409176689 <== mon.0 v2:172.21.15.18:3300/0 7 ==== mon_command_ack([{"prefix": "config assimilate-conf"}]=0 v3) v1 ==== 70+0+373 (secure 0 0 0) 0x7faa0401e3d0 con 0x7faa141054e0
2024-04-19T22:10:11.388 INFO:teuthology.orchestra.run.smithi018.stdout:/usr/bin/ceph: stderr
2024-04-19T22:10:10.802+0000 7faa19a7e700 1 -- 172.21.15.18:0/409176689 >> [v2:172.21.15.18:6800/525699644,v1:172.21.15.18:6801/525699644] conn(0x7faa000386d0 msgr2=0x7faa0003ab90 secure :-1 s=STATE_CONNECTION_ESTABLISHED l=1).mark_down
2024-04-19T22:10:11.389 INFO:teuthology.orchestra.run.smithi018.stdout:/usr/bin/ceph: stderr
2024-04-19T22:10:10.802+0000 7faa19a7e700 1 --2- 172.21.15.18:0/409176689 >> [v2:172.21.15.18:6800/525699644,v1:172.21.15.18:6801/525699644] conn(0x7faa000386d0 0x7faa0003ab90 secure :-1 s=READY pgs=7 cs=0 l=1 rev1=1 crypto rx=0x7fa9fc006fd0 tx=0x7fa9fc006e40 comp rx=0 tx=0).stop
2024-04-19T22:10:11.389 INFO:teuthology.orchestra.run.smithi018.stdout:/usr/bin/ceph: stderr
2024-04-19T22:10:10.802+0000 7faa19a7e700 1 -- 172.21.15.18:0/409176689 >> [v2:172.21.15.18:3300/0,v1:172.21.15.18:6789/0] conn(0x7faa141054e0 msgr2=0x7faa14198000 secure :-1 s=STATE_CONNECTION_ESTABLISHED l=1).mark_down
2024-04-19T22:10:11.389 INFO:teuthology.orchestra.run.smithi018.stdout:/usr/bin/ceph: stderr
2024-04-19T22:10:10.802+0000 7faa19a7e700 1 --2- 172.21.15.18:0/409176689 >> [v2:172.21.15.18:3300/0,v1:172.21.15.18:6789/0] conn(0x7faa141054e0 0x7faa14198000 secure :-1 s=READY pgs=21 cs=0 l=1 rev1=1 crypto rx=0x7faa0400f010 tx=0x7faa0400b3b0 comp rx=0 tx=0).stop
2024-04-19T22:10:11.389 INFO:teuthology.orchestra.run.smithi018.stdout:/usr/bin/ceph: stderr
2024-04-19T22:10:10.802+0000 7faa19a7e700 1 -- 172.21.15.18:0/409176689 shutdown_connections
2024-04-19T22:10:11.389 INFO:teuthology.orchestra.run.smithi018.stdout:/usr/bin/ceph: stderr
2024-04-19T22:10:10.802+0000 7faa19a7e700 1 --2- 172.21.15.18:0/409176689 >> [v2:172.21.15.18:6800/525699644,v1:172.21.15.18:6801/525699644] conn(0x7faa000386d0 0x7faa0003ab90 unknown :-1 s=CLOSED pgs=7 cs=0 l=1 rev1=1 crypto rx=0 tx=0 comp rx=0 tx=0).stop
2024-04-19T22:10:11.389 INFO:teuthology.orchestra.run.smithi018.stdout:/usr/bin/ceph: stderr
2024-04-19T22:10:10.802+0000 7faa19a7e700 1 --2- 172.21.15.18:0/409176689 >> [v2:172.21.15.18:3300/0,v1:172.21.15.18:6789/0] conn(0x7faa141054e0 0x7faa14198000 unknown :-1 s=CLOSED pgs=21 cs=0 l=1 rev1=1 crypto rx=0 tx=0 comp rx=0 tx=0).stop
2024-04-19T22:10:11.389 INFO:teuthology.orchestra.run.smithi018.stdout:/usr/bin/ceph: stderr
2024-04-19T22:10:10.802+0000 7faa19a7e700 1 -- 172.21.15.18:0/409176689 >> 172.21.15.18:0/409176689 conn(0x7faa14100b00 msgr2=0x7faa1418e800 unknown :-1 s=STATE_NONE l=0).mark_down
2024-04-19T22:10:11.389 INFO:teuthology.orchestra.run.smithi018.stdout:/usr/bin/ceph: stderr
2024-04-19T22:10:10.802+0000 7faa19a7e700 1 -- 172.21.15.18:0/409176689 shutdown_connections
2024-04-19T22:10:11.389 INFO:teuthology.orchestra.run.smithi018.stdout:/usr/bin/ceph: stderr
2024-04-19T22:10:10.802+0000 7faa19a7e700 1 -- 172.21.15.18:0/409176689 wait complete.
2024-04-19T22:10:11.389 INFO:teuthology.orchestra.run.smithi018.stdout:Enabling cephadm module...
2024-04-19T22:10:12.387 INFO:journalctl@ceph.mon.smithi018.smithi018.stdout:Apr 19 22:10:12 smithi018 ceph-mon[16953]: from='client.? 172.21.15.18:0/490994050' entity='client.admin' cmd=[{"prefix": "mgr module enable", "module": "cephadm"}]: dispatch
2024-04-19T22:10:12.663 INFO:teuthology.orchestra.run.smithi018.stdout:/usr/bin/ceph: stderr
2024-04-19T22:10:11.771+0000 7f4df643d700 1 Processor -- start
2024-04-19T22:10:12.663 INFO:teuthology.orchestra.run.smithi018.stdout:/usr/bin/ceph: stderr
2024-04-19T22:10:11.771+0000 7f4df643d700 1 -- start start
2024-04-19T22:10:12.663 INFO:teuthology.orchestra.run.smithi018.stdout:/usr/bin/ceph: stderr
2024-04-19T22:10:11.771+0000 7f4df643d700 1 --2- >> [v2:172.21.15.18:3300/0,v1:172.21.15.18:6789/0] conn(0x7f4df01065f0 0x7f4df0106a10 unknown :-1 s=NONE pgs=0 cs=0 l=0 rev1=0 crypto rx=0 tx=0 comp rx=0 tx=0).connect
2024-04-19T22:10:12.663 INFO:teuthology.orchestra.run.smithi018.stdout:/usr/bin/ceph: stderr
2024-04-19T22:10:11.771+0000 7f4df643d700 1 -- --> [v2:172.21.15.18:3300/0,v1:172.21.15.18:6789/0] -- mon_getmap magic: 0 v1 -- 0x7f4df0106fe0 con 0x7f4df01065f0
2024-04-19T22:10:12.663 INFO:teuthology.orchestra.run.smithi018.stdout:/usr/bin/ceph: stderr
2024-04-19T22:10:11.771+0000 7f4deffff700 1 --2- >> [v2:172.21.15.18:3300/0,v1:172.21.15.18:6789/0] conn(0x7f4df01065f0 0x7f4df0106a10 unknown :-1 s=BANNER_CONNECTING pgs=0 cs=0 l=0 rev1=0 crypto rx=0 tx=0 comp rx=0 tx=0)._handle_peer_banner_payload supported=3 required=0
2024-04-19T22:10:12.663 INFO:teuthology.orchestra.run.smithi018.stdout:/usr/bin/ceph: stderr
2024-04-19T22:10:11.771+0000 7f4deffff700 1 --2- >> [v2:172.21.15.18:3300/0,v1:172.21.15.18:6789/0] conn(0x7f4df01065f0 0x7f4df0106a10 unknown :-1 s=HELLO_CONNECTING pgs=0 cs=0 l=0 rev1=1 crypto rx=0 tx=0 comp rx=0 tx=0).handle_hello peer v2:172.21.15.18:3300/0 says I am v2:172.21.15.18:36168/0 (socket says 172.21.15.18:36168)
2024-04-19T22:10:12.664 INFO:teuthology.orchestra.run.smithi018.stdout:/usr/bin/ceph: stderr
2024-04-19T22:10:11.771+0000 7f4deffff700 1 -- 172.21.15.18:0/2398197472 learned_addr learned my addr 172.21.15.18:0/2398197472 (peer_addr_for_me v2:172.21.15.18:0/0)
2024-04-19T22:10:12.664 INFO:teuthology.orchestra.run.smithi018.stdout:/usr/bin/ceph: stderr
2024-04-19T22:10:11.771+0000 7f4deffff700 1 -- 172.21.15.18:0/2398197472 --> [v2:172.21.15.18:3300/0,v1:172.21.15.18:6789/0] -- mon_subscribe({config=0+,monmap=0+}) v3 -- 0x7f4df01077a0 con 0x7f4df01065f0
2024-04-19T22:10:12.664 INFO:teuthology.orchestra.run.smithi018.stdout:/usr/bin/ceph: stderr
2024-04-19T22:10:11.772+0000 7f4deffff700 1 --2- 172.21.15.18:0/2398197472 >> [v2:172.21.15.18:3300/0,v1:172.21.15.18:6789/0] conn(0x7f4df01065f0 0x7f4df0106a10 secure :-1 s=READY pgs=22 cs=0 l=1 rev1=1 crypto rx=0x7f4de00098a0 tx=0x7f4de0009bb0 comp rx=0 tx=0).ready entity=mon.0 client_cookie=7551025c5da1c4d2 server_cookie=0 in_seq=0 out_seq=0
2024-04-19T22:10:12.664 INFO:teuthology.orchestra.run.smithi018.stdout:/usr/bin/ceph: stderr
2024-04-19T22:10:11.772+0000 7f4deeffd700 1 -- 172.21.15.18:0/2398197472 <== mon.0 v2:172.21.15.18:3300/0 1 ==== mon_map magic: 0 v1 ==== 229+0+0 (secure 0 0 0) 0x7f4de0004180 con 0x7f4df01065f0
2024-04-19T22:10:12.664 INFO:teuthology.orchestra.run.smithi018.stdout:/usr/bin/ceph: stderr
2024-04-19T22:10:11.772+0000 7f4deeffd700 1 -- 172.21.15.18:0/2398197472 <== mon.0 v2:172.21.15.18:3300/0 2 ==== config(27 keys) v1 ==== 1042+0+0 (secure 0 0 0) 0x7f4de00042e0 con 0x7f4df01065f0
2024-04-19T22:10:12.664 INFO:teuthology.orchestra.run.smithi018.stdout:/usr/bin/ceph: stderr
2024-04-19T22:10:11.772+0000 7f4deeffd700 1 -- 172.21.15.18:0/2398197472 <== mon.0 v2:172.21.15.18:3300/0 3 ==== mon_map magic: 0 v1 ==== 229+0+0 (secure 0 0 0) 0x7f4de0011a70 con 0x7f4df01065f0
2024-04-19T22:10:12.664 INFO:teuthology.orchestra.run.smithi018.stdout:/usr/bin/ceph: stderr
2024-04-19T22:10:11.772+0000 7f4df643d700 1 -- 172.21.15.18:0/2398197472 >> [v2:172.21.15.18:3300/0,v1:172.21.15.18:6789/0] conn(0x7f4df01065f0 msgr2=0x7f4df0106a10 secure :-1 s=STATE_CONNECTION_ESTABLISHED l=1).mark_down
2024-04-19T22:10:12.664 INFO:teuthology.orchestra.run.smithi018.stdout:/usr/bin/ceph: stderr
2024-04-19T22:10:11.772+0000 7f4df643d700 1 --2- 172.21.15.18:0/2398197472 >> [v2:172.21.15.18:3300/0,v1:172.21.15.18:6789/0] conn(0x7f4df01065f0 0x7f4df0106a10 secure :-1 s=READY pgs=22 cs=0 l=1 rev1=1 crypto rx=0x7f4de00098a0 tx=0x7f4de0009bb0 comp rx=0 tx=0).stop
2024-04-19T22:10:12.664 INFO:teuthology.orchestra.run.smithi018.stdout:/usr/bin/ceph: stderr
2024-04-19T22:10:11.772+0000 7f4df643d700 1 -- 172.21.15.18:0/2398197472 shutdown_connections
2024-04-19T22:10:12.664 INFO:teuthology.orchestra.run.smithi018.stdout:/usr/bin/ceph: stderr
2024-04-19T22:10:11.772+0000 7f4df643d700 1 --2- 172.21.15.18:0/2398197472 >> [v2:172.21.15.18:3300/0,v1:172.21.15.18:6789/0] conn(0x7f4df01065f0 0x7f4df0106a10 unknown :-1 s=CLOSED pgs=22 cs=0 l=1 rev1=1 crypto rx=0 tx=0 comp rx=0 tx=0).stop
2024-04-19T22:10:12.664 INFO:teuthology.orchestra.run.smithi018.stdout:/usr/bin/ceph: stderr
2024-04-19T22:10:11.772+0000 7f4df643d700 1 -- 172.21.15.18:0/2398197472 >> 172.21.15.18:0/2398197472 conn(0x7f4df0101bd0 msgr2=0x7f4df0103ff0 unknown :-1 s=STATE_NONE l=0).mark_down
2024-04-19T22:10:12.664 INFO:teuthology.orchestra.run.smithi018.stdout:/usr/bin/ceph: stderr
2024-04-19T22:10:11.773+0000 7f4df643d700 1 -- 172.21.15.18:0/2398197472 shutdown_connections
2024-04-19T22:10:12.664 INFO:teuthology.orchestra.run.smithi018.stdout:/usr/bin/ceph: stderr
2024-04-19T22:10:11.773+0000 7f4df643d700 1 -- 172.21.15.18:0/2398197472 wait complete.
2024-04-19T22:10:12.665 INFO:teuthology.orchestra.run.smithi018.stdout:/usr/bin/ceph: stderr
2024-04-19T22:10:11.773+0000 7f4df643d700 1 Processor -- start
2024-04-19T22:10:12.665 INFO:teuthology.orchestra.run.smithi018.stdout:/usr/bin/ceph: stderr
2024-04-19T22:10:11.773+0000 7f4df643d700 1 -- start start
2024-04-19T22:10:12.665 INFO:teuthology.orchestra.run.smithi018.stdout:/usr/bin/ceph: stderr
2024-04-19T22:10:11.773+0000 7f4df643d700 1 --2- >> [v2:172.21.15.18:3300/0,v1:172.21.15.18:6789/0] conn(0x7f4df01065f0 0x7f4df007bb40 unknown :-1 s=NONE pgs=0 cs=0 l=1 rev1=0 crypto rx=0 tx=0 comp rx=0 tx=0).connect
2024-04-19T22:10:12.665 INFO:teuthology.orchestra.run.smithi018.stdout:/usr/bin/ceph: stderr
2024-04-19T22:10:11.774+0000 7f4df643d700 1 -- --> [v2:172.21.15.18:3300/0,v1:172.21.15.18:6789/0] -- mon_getmap magic: 0 v1 -- 0x7f4df007c080 con 0x7f4df01065f0
2024-04-19T22:10:12.665 INFO:teuthology.orchestra.run.smithi018.stdout:/usr/bin/ceph: stderr
2024-04-19T22:10:11.774+0000 7f4deffff700 1 --2- >> [v2:172.21.15.18:3300/0,v1:172.21.15.18:6789/0] conn(0x7f4df01065f0 0x7f4df007bb40 unknown :-1 s=BANNER_CONNECTING pgs=0 cs=0 l=1 rev1=0 crypto rx=0 tx=0 comp rx=0 tx=0)._handle_peer_banner_payload supported=3 required=0
2024-04-19T22:10:12.665 INFO:teuthology.orchestra.run.smithi018.stdout:/usr/bin/ceph: stderr
2024-04-19T22:10:11.774+0000 7f4deffff700 1 --2- >> [v2:172.21.15.18:3300/0,v1:172.21.15.18:6789/0] conn(0x7f4df01065f0 0x7f4df007bb40 unknown :-1 s=HELLO_CONNECTING pgs=0 cs=0 l=1 rev1=1 crypto rx=0 tx=0 comp rx=0 tx=0).handle_hello peer v2:172.21.15.18:3300/0 says I am v2:172.21.15.18:36180/0 (socket says 172.21.15.18:36180)
2024-04-19T22:10:12.665 INFO:teuthology.orchestra.run.smithi018.stdout:/usr/bin/ceph: stderr
2024-04-19T22:10:11.774+0000 7f4deffff700 1 -- 172.21.15.18:0/490994050 learned_addr learned my addr 172.21.15.18:0/490994050 (peer_addr_for_me v2:172.21.15.18:0/0)
2024-04-19T22:10:12.665 INFO:teuthology.orchestra.run.smithi018.stdout:/usr/bin/ceph: stderr
2024-04-19T22:10:11.774+0000 7f4deffff700 1 -- 172.21.15.18:0/490994050 --> [v2:172.21.15.18:3300/0,v1:172.21.15.18:6789/0] -- mon_subscribe({config=0+,monmap=0+}) v3 -- 0x7f4de0009550 con 0x7f4df01065f0
2024-04-19T22:10:12.665 INFO:teuthology.orchestra.run.smithi018.stdout:/usr/bin/ceph: stderr
2024-04-19T22:10:11.774+0000 7f4deffff700 1 --2- 172.21.15.18:0/490994050 >> [v2:172.21.15.18:3300/0,v1:172.21.15.18:6789/0] conn(0x7f4df01065f0 0x7f4df007bb40 secure :-1 s=READY pgs=23 cs=0 l=1 rev1=1 crypto rx=0x7f4de0011710 tx=0x7f4de00047c0 comp rx=0 tx=0).ready entity=mon.0 client_cookie=0 server_cookie=0 in_seq=0 out_seq=0
2024-04-19T22:10:12.665 INFO:teuthology.orchestra.run.smithi018.stdout:/usr/bin/ceph: stderr
2024-04-19T22:10:11.774+0000 7f4ded7fa700 1 -- 172.21.15.18:0/490994050 <== mon.0 v2:172.21.15.18:3300/0 1 ==== mon_map magic: 0 v1 ==== 229+0+0 (secure 0 0 0) 0x7f4de0003b10 con 0x7f4df01065f0
2024-04-19T22:10:12.665 INFO:teuthology.orchestra.run.smithi018.stdout:/usr/bin/ceph: stderr
2024-04-19T22:10:11.774+0000 7f4ded7fa700 1 -- 172.21.15.18:0/490994050 <== mon.0 v2:172.21.15.18:3300/0 2 ==== config(27 keys) v1 ==== 1042+0+0 (secure 0 0 0) 0x7f4de001b8c0 con 0x7f4df01065f0
2024-04-19T22:10:12.665 INFO:teuthology.orchestra.run.smithi018.stdout:/usr/bin/ceph: stderr
2024-04-19T22:10:11.774+0000 7f4df643d700 1 -- 172.21.15.18:0/490994050 --> [v2:172.21.15.18:3300/0,v1:172.21.15.18:6789/0] -- mon_subscribe({mgrmap=0+}) v3 -- 0x7f4df007a2c0 con 0x7f4df01065f0
2024-04-19T22:10:12.666 INFO:teuthology.orchestra.run.smithi018.stdout:/usr/bin/ceph: stderr
2024-04-19T22:10:11.774+0000 7f4ded7fa700 1 -- 172.21.15.18:0/490994050 <== mon.0 v2:172.21.15.18:3300/0 3 ==== mon_map magic: 0 v1 ==== 229+0+0 (secure 0 0 0) 0x7f4de0019710 con 0x7f4df01065f0
2024-04-19T22:10:12.666 INFO:teuthology.orchestra.run.smithi018.stdout:/usr/bin/ceph: stderr
2024-04-19T22:10:11.774+0000 7f4df643d700 1 -- 172.21.15.18:0/490994050 --> [v2:172.21.15.18:3300/0,v1:172.21.15.18:6789/0] -- mon_subscribe({osdmap=0}) v3 -- 0x7f4df007a760 con 0x7f4df01065f0
2024-04-19T22:10:12.666 INFO:teuthology.orchestra.run.smithi018.stdout:/usr/bin/ceph: stderr
2024-04-19T22:10:11.775+0000 7f4ded7fa700 1 -- 172.21.15.18:0/490994050 <== mon.0 v2:172.21.15.18:3300/0 4 ==== mgrmap(e 4) v1 ==== 45545+0+0 (secure 0 0 0) 0x7f4de00198e0 con 0x7f4df01065f0
2024-04-19T22:10:12.666 INFO:teuthology.orchestra.run.smithi018.stdout:/usr/bin/ceph: stderr
2024-04-19T22:10:11.775+0000 7f4ded7fa700 1 --2- 172.21.15.18:0/490994050 >> [v2:172.21.15.18:6800/525699644,v1:172.21.15.18:6801/525699644] conn(0x7f4dd80386e0 0x7f4dd803aba0 unknown :-1 s=NONE pgs=0 cs=0 l=1 rev1=0 crypto rx=0 tx=0 comp rx=0 tx=0).connect
2024-04-19T22:10:12.666 INFO:teuthology.orchestra.run.smithi018.stdout:/usr/bin/ceph: stderr
2024-04-19T22:10:11.775+0000 7f4ded7fa700 1 -- 172.21.15.18:0/490994050 <== mon.0 v2:172.21.15.18:3300/0 5 ==== osd_map(1..1 src has 1..1) v4 ==== 725+0+0 (secure 0 0 0) 0x7f4de004da10 con 0x7f4df01065f0
2024-04-19T22:10:12.666 INFO:teuthology.orchestra.run.smithi018.stdout:/usr/bin/ceph: stderr
2024-04-19T22:10:11.775+0000 7f4def7fe700 1 --2- 172.21.15.18:0/490994050 >> [v2:172.21.15.18:6800/525699644,v1:172.21.15.18:6801/525699644] conn(0x7f4dd80386e0 0x7f4dd803aba0 unknown :-1 s=BANNER_CONNECTING pgs=0 cs=0 l=1 rev1=0 crypto rx=0 tx=0 comp rx=0 tx=0)._handle_peer_banner_payload supported=3 required=0
2024-04-19T22:10:12.666 INFO:teuthology.orchestra.run.smithi018.stdout:/usr/bin/ceph: stderr
2024-04-19T22:10:11.775+0000 7f4df643d700 1 -- 172.21.15.18:0/490994050 --> [v2:172.21.15.18:3300/0,v1:172.21.15.18:6789/0] -- mon_command({"prefix": "get_command_descriptions"} v 0) v1 -- 0x7f4df0062510 con 0x7f4df01065f0
2024-04-19T22:10:12.666 INFO:teuthology.orchestra.run.smithi018.stdout:/usr/bin/ceph: stderr
2024-04-19T22:10:11.776+0000 7f4def7fe700 1 --2- 172.21.15.18:0/490994050 >> [v2:172.21.15.18:6800/525699644,v1:172.21.15.18:6801/525699644] conn(0x7f4dd80386e0 0x7f4dd803aba0 secure :-1 s=READY pgs=8 cs=0 l=1 rev1=1 crypto rx=0x7f4de4006fd0 tx=0x7f4de4006e40 comp rx=0 tx=0).ready entity=mgr.14100 client_cookie=0 server_cookie=0 in_seq=0 out_seq=0
2024-04-19T22:10:12.666 INFO:teuthology.orchestra.run.smithi018.stdout:/usr/bin/ceph: stderr
2024-04-19T22:10:11.781+0000 7f4ded7fa700 1 -- 172.21.15.18:0/490994050 <== mon.0 v2:172.21.15.18:3300/0 6 ==== mon_command_ack([{"prefix": "get_command_descriptions"}]=0 v0) v1 ==== 72+0+183351 (secure 0 0 0) 0x7f4de0018db0 con 0x7f4df01065f0
2024-04-19T22:10:12.666 INFO:teuthology.orchestra.run.smithi018.stdout:/usr/bin/ceph: stderr
2024-04-19T22:10:12.046+0000 7f4df643d700 1 -- 172.21.15.18:0/490994050 --> [v2:172.21.15.18:3300/0,v1:172.21.15.18:6789/0] -- mon_command({"prefix": "mgr module enable", "module": "cephadm"} v 0) v1 -- 0x7f4df007abc0 con 0x7f4df01065f0
2024-04-19T22:10:12.666 INFO:teuthology.orchestra.run.smithi018.stdout:/usr/bin/ceph: stderr
2024-04-19T22:10:12.099+0000 7f4ded7fa700 1 -- 172.21.15.18:0/490994050 <== mon.0 v2:172.21.15.18:3300/0 7 ==== mgrmap(e 5) v1 ==== 45556+0+0 (secure 0 0 0) 0x7f4de001a8f0 con 0x7f4df01065f0
2024-04-19T22:10:12.666 INFO:teuthology.orchestra.run.smithi018.stdout:/usr/bin/ceph: stderr
2024-04-19T22:10:12.100+0000 7f4ded7fa700 1 -- 172.21.15.18:0/490994050 <== mon.0 v2:172.21.15.18:3300/0 8 ==== mon_command_ack([{"prefix": "mgr module enable", "module": "cephadm"}]=0 v5) v1 ==== 86+0+0 (secure 0 0 0) 0x7f4de004d430 con 0x7f4df01065f0
2024-04-19T22:10:12.667 INFO:teuthology.orchestra.run.smithi018.stdout:/usr/bin/ceph: stderr
2024-04-19T22:10:12.103+0000 7f4df643d700 1 -- 172.21.15.18:0/490994050 >> [v2:172.21.15.18:6800/525699644,v1:172.21.15.18:6801/525699644] conn(0x7f4dd80386e0 msgr2=0x7f4dd803aba0 secure :-1 s=STATE_CONNECTION_ESTABLISHED l=1).mark_down
2024-04-19T22:10:12.667 INFO:teuthology.orchestra.run.smithi018.stdout:/usr/bin/ceph: stderr
2024-04-19T22:10:12.103+0000 7f4df643d700 1 --2- 172.21.15.18:0/490994050 >> [v2:172.21.15.18:6800/525699644,v1:172.21.15.18:6801/525699644] conn(0x7f4dd80386e0 0x7f4dd803aba0 secure :-1 s=READY pgs=8 cs=0 l=1 rev1=1 crypto rx=0x7f4de4006fd0 tx=0x7f4de4006e40 comp rx=0 tx=0).stop
2024-04-19T22:10:12.667 INFO:teuthology.orchestra.run.smithi018.stdout:/usr/bin/ceph: stderr
2024-04-19T22:10:12.103+0000 7f4df643d700 1 -- 172.21.15.18:0/490994050 >> [v2:172.21.15.18:3300/0,v1:172.21.15.18:6789/0] conn(0x7f4df01065f0 msgr2=0x7f4df007bb40 secure :-1 s=STATE_CONNECTION_ESTABLISHED l=1).mark_down
2024-04-19T22:10:12.667 INFO:teuthology.orchestra.run.smithi018.stdout:/usr/bin/ceph: stderr
2024-04-19T22:10:12.103+0000 7f4df643d700 1 --2- 172.21.15.18:0/490994050 >> [v2:172.21.15.18:3300/0,v1:172.21.15.18:6789/0] conn(0x7f4df01065f0 0x7f4df007bb40 secure :-1 s=READY pgs=23 cs=0 l=1 rev1=1 crypto rx=0x7f4de0011710 tx=0x7f4de00047c0 comp rx=0 tx=0).stop
2024-04-19T22:10:12.667 INFO:teuthology.orchestra.run.smithi018.stdout:/usr/bin/ceph: stderr
2024-04-19T22:10:12.103+0000 7f4df643d700 1 -- 172.21.15.18:0/490994050 shutdown_connections
2024-04-19T22:10:12.667 INFO:teuthology.orchestra.run.smithi018.stdout:/usr/bin/ceph: stderr
2024-04-19T22:10:12.103+0000 7f4df643d700 1 --2- 172.21.15.18:0/490994050 >> [v2:172.21.15.18:6800/525699644,v1:172.21.15.18:6801/525699644] conn(0x7f4dd80386e0 0x7f4dd803aba0 unknown :-1 s=CLOSED pgs=8 cs=0 l=1 rev1=1 crypto rx=0 tx=0 comp rx=0 tx=0).stop
2024-04-19T22:10:12.667 INFO:teuthology.orchestra.run.smithi018.stdout:/usr/bin/ceph: stderr
2024-04-19T22:10:12.103+0000 7f4df643d700 1 --2- 172.21.15.18:0/490994050 >> [v2:172.21.15.18:3300/0,v1:172.21.15.18:6789/0] conn(0x7f4df01065f0 0x7f4df007bb40 unknown :-1 s=CLOSED pgs=23 cs=0 l=1 rev1=1 crypto rx=0 tx=0 comp rx=0 tx=0).stop
2024-04-19T22:10:12.667 INFO:teuthology.orchestra.run.smithi018.stdout:/usr/bin/ceph: stderr
2024-04-19T22:10:12.103+0000 7f4df643d700 1 -- 172.21.15.18:0/490994050 >> 172.21.15.18:0/490994050 conn(0x7f4df0101bd0 msgr2=0x7f4df0102760 unknown :-1 s=STATE_NONE l=0).mark_down
2024-04-19T22:10:12.667 INFO:teuthology.orchestra.run.smithi018.stdout:/usr/bin/ceph: stderr
2024-04-19T22:10:12.103+0000 7f4df643d700 1 -- 172.21.15.18:0/490994050 shutdown_connections
2024-04-19T22:10:12.667 INFO:teuthology.orchestra.run.smithi018.stdout:/usr/bin/ceph: stderr
2024-04-19T22:10:12.103+0000 7f4df643d700 1 -- 172.21.15.18:0/490994050 wait complete.
2024-04-19T22:10:13.206 INFO:journalctl@ceph.mon.smithi018.smithi018.stdout:Apr 19 22:10:13 smithi018 ceph-mon[16953]: from='client.? 172.21.15.18:0/490994050' entity='client.admin' cmd='[{"prefix": "mgr module enable", "module": "cephadm"}]': finished
2024-04-19T22:10:13.207 INFO:journalctl@ceph.mon.smithi018.smithi018.stdout:Apr 19 22:10:13 smithi018 ceph-mon[16953]: mgrmap e5: smithi018.zunsja(active, since 6s)
2024-04-19T22:10:14.036 INFO:teuthology.orchestra.run.smithi018.stdout:/usr/bin/ceph: stdout {
2024-04-19T22:10:14.036 INFO:teuthology.orchestra.run.smithi018.stdout:/usr/bin/ceph: stdout "epoch": 5,
2024-04-19T22:10:14.036 INFO:teuthology.orchestra.run.smithi018.stdout:/usr/bin/ceph: stdout "available": true,
2024-04-19T22:10:14.036 INFO:teuthology.orchestra.run.smithi018.stdout:/usr/bin/ceph: stdout "active_name": "smithi018.zunsja",
2024-04-19T22:10:14.036 INFO:teuthology.orchestra.run.smithi018.stdout:/usr/bin/ceph: stdout "num_standby": 0
2024-04-19T22:10:14.036 INFO:teuthology.orchestra.run.smithi018.stdout:/usr/bin/ceph: stdout }
2024-04-19T22:10:14.037 INFO:teuthology.orchestra.run.smithi018.stdout:/usr/bin/ceph: stderr
2024-04-19T22:10:13.155+0000 7fa349252700 1 Processor -- start
2024-04-19T22:10:14.037 INFO:teuthology.orchestra.run.smithi018.stdout:/usr/bin/ceph: stderr
2024-04-19T22:10:13.155+0000 7fa349252700 1 -- start start
2024-04-19T22:10:14.037 INFO:teuthology.orchestra.run.smithi018.stdout:/usr/bin/ceph: stderr
2024-04-19T22:10:13.155+0000 7fa349252700 1 --2- >> [v2:172.21.15.18:3300/0,v1:172.21.15.18:6789/0] conn(0x7fa3441054b0 0x7fa3441058d0 unknown :-1 s=NONE pgs=0 cs=0 l=0 rev1=0 crypto rx=0 tx=0 comp rx=0 tx=0).connect
2024-04-19T22:10:14.037 INFO:teuthology.orchestra.run.smithi018.stdout:/usr/bin/ceph: stderr
2024-04-19T22:10:13.155+0000 7fa349252700 1 -- --> [v2:172.21.15.18:3300/0,v1:172.21.15.18:6789/0] -- mon_getmap magic: 0 v1 -- 0x7fa344105ea0 con 0x7fa3441054b0
2024-04-19T22:10:14.037 INFO:teuthology.orchestra.run.smithi018.stdout:/usr/bin/ceph: stderr
2024-04-19T22:10:13.155+0000 7fa342d9d700 1 --2- >> [v2:172.21.15.18:3300/0,v1:172.21.15.18:6789/0] conn(0x7fa3441054b0 0x7fa3441058d0 unknown :-1 s=BANNER_CONNECTING pgs=0 cs=0 l=0 rev1=0 crypto rx=0 tx=0 comp rx=0 tx=0)._handle_peer_banner_payload supported=3 required=0
2024-04-19T22:10:14.037 INFO:teuthology.orchestra.run.smithi018.stdout:/usr/bin/ceph: stderr
2024-04-19T22:10:13.155+0000 7fa342d9d700 1 --2- >> [v2:172.21.15.18:3300/0,v1:172.21.15.18:6789/0] conn(0x7fa3441054b0 0x7fa3441058d0 unknown :-1 s=HELLO_CONNECTING pgs=0 cs=0 l=0 rev1=1 crypto rx=0 tx=0 comp rx=0 tx=0).handle_hello peer v2:172.21.15.18:3300/0 says I am v2:172.21.15.18:36198/0 (socket says 172.21.15.18:36198)
2024-04-19T22:10:14.037 INFO:teuthology.orchestra.run.smithi018.stdout:/usr/bin/ceph: stderr
2024-04-19T22:10:13.155+0000 7fa342d9d700 1 -- 172.21.15.18:0/2806338163 learned_addr learned my addr 172.21.15.18:0/2806338163 (peer_addr_for_me v2:172.21.15.18:0/0)
2024-04-19T22:10:14.037 INFO:teuthology.orchestra.run.smithi018.stdout:/usr/bin/ceph: stderr
2024-04-19T22:10:13.155+0000 7fa342d9d700 1 -- 172.21.15.18:0/2806338163 --> [v2:172.21.15.18:3300/0,v1:172.21.15.18:6789/0] -- mon_subscribe({config=0+,monmap=0+}) v3 -- 0x7fa3441066b0 con 0x7fa3441054b0
2024-04-19T22:10:14.037 INFO:teuthology.orchestra.run.smithi018.stdout:/usr/bin/ceph: stderr
2024-04-19T22:10:13.155+0000 7fa342d9d700 1 --2- 172.21.15.18:0/2806338163 >> [v2:172.21.15.18:3300/0,v1:172.21.15.18:6789/0] conn(0x7fa3441054b0 0x7fa3441058d0 secure :-1 s=READY pgs=26 cs=0 l=1 rev1=1 crypto rx=0x7fa3340098a0 tx=0x7fa334009bb0 comp rx=0 tx=0).ready entity=mon.0 client_cookie=fac25323ecbb47c2 server_cookie=0 in_seq=0 out_seq=0
2024-04-19T22:10:14.037 INFO:teuthology.orchestra.run.smithi018.stdout:/usr/bin/ceph: stderr
2024-04-19T22:10:13.156+0000 7fa34259c700 1 -- 172.21.15.18:0/2806338163 <== mon.0 v2:172.21.15.18:3300/0 1 ==== mon_map magic: 0 v1 ==== 229+0+0 (secure 0 0 0) 0x7fa334004180 con 0x7fa3441054b0
2024-04-19T22:10:14.037 INFO:teuthology.orchestra.run.smithi018.stdout:/usr/bin/ceph: stderr
2024-04-19T22:10:13.156+0000 7fa34259c700 1 -- 172.21.15.18:0/2806338163 <== mon.0 v2:172.21.15.18:3300/0 2 ==== config(27 keys) v1 ==== 1042+0+0 (secure 0 0 0) 0x7fa3340042e0 con 0x7fa3441054b0
2024-04-19T22:10:14.037 INFO:teuthology.orchestra.run.smithi018.stdout:/usr/bin/ceph: stderr
2024-04-19T22:10:13.156+0000 7fa34259c700 1 -- 172.21.15.18:0/2806338163 <== mon.0 v2:172.21.15.18:3300/0 3 ==== mon_map magic: 0 v1 ==== 229+0+0 (secure 0 0 0) 0x7fa334011a70 con 0x7fa3441054b0
2024-04-19T22:10:14.037 INFO:teuthology.orchestra.run.smithi018.stdout:/usr/bin/ceph: stderr
2024-04-19T22:10:13.156+0000 7fa349252700 1 -- 172.21.15.18:0/2806338163 >> [v2:172.21.15.18:3300/0,v1:172.21.15.18:6789/0] conn(0x7fa3441054b0 msgr2=0x7fa3441058d0 secure :-1 s=STATE_CONNECTION_ESTABLISHED l=1).mark_down
2024-04-19T22:10:14.037 INFO:teuthology.orchestra.run.smithi018.stdout:/usr/bin/ceph: stderr
2024-04-19T22:10:13.156+0000 7fa349252700 1 --2- 172.21.15.18:0/2806338163 >> [v2:172.21.15.18:3300/0,v1:172.21.15.18:6789/0] conn(0x7fa3441054b0 0x7fa3441058d0 secure :-1 s=READY pgs=26 cs=0 l=1 rev1=1 crypto rx=0x7fa3340098a0 tx=0x7fa334009bb0 comp rx=0 tx=0).stop
2024-04-19T22:10:14.038 INFO:teuthology.orchestra.run.smithi018.stdout:/usr/bin/ceph: stderr
2024-04-19T22:10:13.156+0000 7fa349252700 1 -- 172.21.15.18:0/2806338163 shutdown_connections
2024-04-19T22:10:14.038 INFO:teuthology.orchestra.run.smithi018.stdout:/usr/bin/ceph: stderr
2024-04-19T22:10:13.156+0000 7fa349252700 1 --2- 172.21.15.18:0/2806338163 >> [v2:172.21.15.18:3300/0,v1:172.21.15.18:6789/0] conn(0x7fa3441054b0 0x7fa3441058d0 unknown :-1 s=CLOSED pgs=26 cs=0 l=1 rev1=1 crypto rx=0 tx=0 comp rx=0 tx=0).stop
2024-04-19T22:10:14.038 INFO:teuthology.orchestra.run.smithi018.stdout:/usr/bin/ceph: stderr
