2024-04-19T22:10:59.366+0000 7f9f68d2f700 1 -- 172.21.15.18:0/907121881 <== mon.0 v2:172.21.15.18:3300/0 3 ==== mon_map magic: 0 v1 ==== 229+0+0 (secure 0 0 0) 0x7f9f60011b10 con 0x7f9f641065f0
2024-04-19T22:11:00.187 INFO:teuthology.orchestra.run.smithi018.stdout:/usr/bin/ceph: stderr
2024-04-19T22:10:59.367+0000 7f9f6bf95700 1 -- 172.21.15.18:0/907121881 >> [v2:172.21.15.18:3300/0,v1:172.21.15.18:6789/0] conn(0x7f9f641065f0 msgr2=0x7f9f64106a10 secure :-1 s=STATE_CONNECTION_ESTABLISHED l=1).mark_down
2024-04-19T22:11:00.187 INFO:teuthology.orchestra.run.smithi018.stdout:/usr/bin/ceph: stderr
2024-04-19T22:10:59.367+0000 7f9f6bf95700 1 --2- 172.21.15.18:0/907121881 >> [v2:172.21.15.18:3300/0,v1:172.21.15.18:6789/0] conn(0x7f9f641065f0 0x7f9f64106a10 secure :-1 s=READY pgs=88 cs=0 l=1 rev1=1 crypto rx=0x7f9f600098a0 tx=0x7f9f60009bb0 comp rx=0 tx=0).stop
2024-04-19T22:11:00.187 INFO:teuthology.orchestra.run.smithi018.stdout:/usr/bin/ceph: stderr
2024-04-19T22:10:59.367+0000 7f9f6bf95700 1 -- 172.21.15.18:0/907121881 shutdown_connections
2024-04-19T22:11:00.187 INFO:teuthology.orchestra.run.smithi018.stdout:/usr/bin/ceph: stderr
2024-04-19T22:10:59.367+0000 7f9f6bf95700 1 --2- 172.21.15.18:0/907121881 >> [v2:172.21.15.18:3300/0,v1:172.21.15.18:6789/0] conn(0x7f9f641065f0 0x7f9f64106a10 unknown :-1 s=CLOSED pgs=88 cs=0 l=1 rev1=1 crypto rx=0 tx=0 comp rx=0 tx=0).stop
2024-04-19T22:11:00.187 INFO:teuthology.orchestra.run.smithi018.stdout:/usr/bin/ceph: stderr
2024-04-19T22:10:59.367+0000 7f9f6bf95700 1 -- 172.21.15.18:0/907121881 >> 172.21.15.18:0/907121881 conn(0x7f9f64101bd0 msgr2=0x7f9f64103ff0 unknown :-1 s=STATE_NONE l=0).mark_down
2024-04-19T22:11:00.187 INFO:teuthology.orchestra.run.smithi018.stdout:/usr/bin/ceph: stderr
2024-04-19T22:10:59.367+0000 7f9f6bf95700 1 -- 172.21.15.18:0/907121881 shutdown_connections
2024-04-19T22:11:00.187 INFO:teuthology.orchestra.run.smithi018.stdout:/usr/bin/ceph: stderr
2024-04-19T22:10:59.367+0000 7f9f6bf95700 1 -- 172.21.15.18:0/907121881 wait complete.
2024-04-19T22:11:00.187 INFO:teuthology.orchestra.run.smithi018.stdout:/usr/bin/ceph: stderr
2024-04-19T22:10:59.367+0000 7f9f6bf95700 1 Processor -- start
2024-04-19T22:11:00.187 INFO:teuthology.orchestra.run.smithi018.stdout:/usr/bin/ceph: stderr
2024-04-19T22:10:59.367+0000 7f9f6bf95700 1 -- start start
2024-04-19T22:11:00.187 INFO:teuthology.orchestra.run.smithi018.stdout:/usr/bin/ceph: stderr
2024-04-19T22:10:59.368+0000 7f9f6bf95700 1 --2- >> [v2:172.21.15.18:3300/0,v1:172.21.15.18:6789/0] conn(0x7f9f641065f0 0x7f9f6419a350 unknown :-1 s=NONE pgs=0 cs=0 l=1 rev1=0 crypto rx=0 tx=0 comp rx=0 tx=0).connect
2024-04-19T22:11:00.188 INFO:teuthology.orchestra.run.smithi018.stdout:/usr/bin/ceph: stderr
2024-04-19T22:10:59.368+0000 7f9f6bf95700 1 -- --> [v2:172.21.15.18:3300/0,v1:172.21.15.18:6789/0] -- mon_getmap magic: 0 v1 -- 0x7f9f6419a890 con 0x7f9f641065f0
2024-04-19T22:11:00.188 INFO:teuthology.orchestra.run.smithi018.stdout:/usr/bin/ceph: stderr
2024-04-19T22:10:59.368+0000 7f9f69d31700 1 --2- >> [v2:172.21.15.18:3300/0,v1:172.21.15.18:6789/0] conn(0x7f9f641065f0 0x7f9f6419a350 unknown :-1 s=BANNER_CONNECTING pgs=0 cs=0 l=1 rev1=0 crypto rx=0 tx=0 comp rx=0 tx=0)._handle_peer_banner_payload supported=3 required=0
2024-04-19T22:11:00.188 INFO:teuthology.orchestra.run.smithi018.stdout:/usr/bin/ceph: stderr
2024-04-19T22:10:59.368+0000 7f9f69d31700 1 --2- >> [v2:172.21.15.18:3300/0,v1:172.21.15.18:6789/0] conn(0x7f9f641065f0 0x7f9f6419a350 unknown :-1 s=HELLO_CONNECTING pgs=0 cs=0 l=1 rev1=1 crypto rx=0 tx=0 comp rx=0 tx=0).handle_hello peer v2:172.21.15.18:3300/0 says I am v2:172.21.15.18:56298/0 (socket says 172.21.15.18:56298)
2024-04-19T22:11:00.188 INFO:teuthology.orchestra.run.smithi018.stdout:/usr/bin/ceph: stderr
2024-04-19T22:10:59.368+0000 7f9f69d31700 1 -- 172.21.15.18:0/1011391881 learned_addr learned my addr 172.21.15.18:0/1011391881 (peer_addr_for_me v2:172.21.15.18:0/0)
2024-04-19T22:11:00.188 INFO:teuthology.orchestra.run.smithi018.stdout:/usr/bin/ceph: stderr
2024-04-19T22:10:59.368+0000 7f9f69d31700 1 -- 172.21.15.18:0/1011391881 --> [v2:172.21.15.18:3300/0,v1:172.21.15.18:6789/0] -- mon_subscribe({config=0+,monmap=0+}) v3 -- 0x7f9f60009550 con 0x7f9f641065f0
2024-04-19T22:11:00.188 INFO:teuthology.orchestra.run.smithi018.stdout:/usr/bin/ceph: stderr
2024-04-19T22:10:59.368+0000 7f9f69d31700 1 --2- 172.21.15.18:0/1011391881 >> [v2:172.21.15.18:3300/0,v1:172.21.15.18:6789/0] conn(0x7f9f641065f0 0x7f9f6419a350 secure :-1 s=READY pgs=89 cs=0 l=1 rev1=1 crypto rx=0x7f9f600117b0 tx=0x7f9f60011890 comp rx=0 tx=0).ready entity=mon.0 client_cookie=0 server_cookie=0 in_seq=0 out_seq=0
2024-04-19T22:11:00.188 INFO:teuthology.orchestra.run.smithi018.stdout:/usr/bin/ceph: stderr
2024-04-19T22:10:59.368+0000 7f9f5affd700 1 -- 172.21.15.18:0/1011391881 <== mon.0 v2:172.21.15.18:3300/0 1 ==== mon_map magic: 0 v1 ==== 229+0+0 (secure 0 0 0) 0x7f9f600038b0 con 0x7f9f641065f0
2024-04-19T22:11:00.188 INFO:teuthology.orchestra.run.smithi018.stdout:/usr/bin/ceph: stderr
2024-04-19T22:10:59.368+0000 7f9f6bf95700 1 -- 172.21.15.18:0/1011391881 --> [v2:172.21.15.18:3300/0,v1:172.21.15.18:6789/0] -- mon_subscribe({mgrmap=0+}) v3 -- 0x7f9f6419aa90 con 0x7f9f641065f0
2024-04-19T22:11:00.188 INFO:teuthology.orchestra.run.smithi018.stdout:/usr/bin/ceph: stderr
2024-04-19T22:10:59.368+0000 7f9f5affd700 1 -- 172.21.15.18:0/1011391881 <== mon.0 v2:172.21.15.18:3300/0 2 ==== config(27 keys) v1 ==== 1109+0+0 (secure 0 0 0) 0x7f9f60003a10 con 0x7f9f641065f0
2024-04-19T22:11:00.188 INFO:teuthology.orchestra.run.smithi018.stdout:/usr/bin/ceph: stderr
2024-04-19T22:10:59.368+0000 7f9f5affd700 1 -- 172.21.15.18:0/1011391881 <== mon.0 v2:172.21.15.18:3300/0 3 ==== mon_map magic: 0 v1 ==== 229+0+0 (secure 0 0 0) 0x7f9f600246e0 con 0x7f9f641065f0
2024-04-19T22:11:00.188 INFO:teuthology.orchestra.run.smithi018.stdout:/usr/bin/ceph: stderr
2024-04-19T22:10:59.368+0000 7f9f6bf95700 1 -- 172.21.15.18:0/1011391881 --> [v2:172.21.15.18:3300/0,v1:172.21.15.18:6789/0] -- mon_subscribe({osdmap=0}) v3 -- 0x7f9f6419af30 con 0x7f9f641065f0
2024-04-19T22:11:00.188 INFO:teuthology.orchestra.run.smithi018.stdout:/usr/bin/ceph: stderr
2024-04-19T22:10:59.369+0000 7f9f5affd700 1 -- 172.21.15.18:0/1011391881 <== mon.0 v2:172.21.15.18:3300/0 4 ==== mgrmap(e 13) v1 ==== 45612+0+0 (secure 0 0 0) 0x7f9f6002d3f0 con 0x7f9f641065f0
2024-04-19T22:11:00.188 INFO:teuthology.orchestra.run.smithi018.stdout:/usr/bin/ceph: stderr
2024-04-19T22:10:59.369+0000 7f9f6bf95700 1 -- 172.21.15.18:0/1011391881 --> [v2:172.21.15.18:3300/0,v1:172.21.15.18:6789/0] -- mon_command({"prefix": "get_command_descriptions"} v 0) v1 -- 0x7f9f6410a9d0 con 0x7f9f641065f0
2024-04-19T22:11:00.189 INFO:teuthology.orchestra.run.smithi018.stdout:/usr/bin/ceph: stderr
2024-04-19T22:10:59.369+0000 7f9f5affd700 1 --2- 172.21.15.18:0/1011391881 >> [v2:172.21.15.18:6800/2608027147,v1:172.21.15.18:6801/2608027147] conn(0x7f9f50038810 0x7f9f5003acd0 unknown :-1 s=NONE pgs=0 cs=0 l=1 rev1=0 crypto rx=0 tx=0 comp rx=0 tx=0).connect
2024-04-19T22:11:00.189 INFO:teuthology.orchestra.run.smithi018.stdout:/usr/bin/ceph: stderr
2024-04-19T22:10:59.369+0000 7f9f5affd700 1 -- 172.21.15.18:0/1011391881 <== mon.0 v2:172.21.15.18:3300/0 5 ==== osd_map(3..3 src has 1..3) v4 ==== 1155+0+0 (secure 0 0 0) 0x7f9f6004cd60 con 0x7f9f641065f0
2024-04-19T22:11:00.189 INFO:teuthology.orchestra.run.smithi018.stdout:/usr/bin/ceph: stderr
2024-04-19T22:10:59.370+0000 7f9f69530700 1 --2- 172.21.15.18:0/1011391881 >> [v2:172.21.15.18:6800/2608027147,v1:172.21.15.18:6801/2608027147] conn(0x7f9f50038810 0x7f9f5003acd0 unknown :-1 s=BANNER_CONNECTING pgs=0 cs=0 l=1 rev1=0 crypto rx=0 tx=0 comp rx=0 tx=0)._handle_peer_banner_payload supported=3 required=0
2024-04-19T22:11:00.189 INFO:teuthology.orchestra.run.smithi018.stdout:/usr/bin/ceph: stderr
2024-04-19T22:10:59.370+0000 7f9f69530700 1 --2- 172.21.15.18:0/1011391881 >> [v2:172.21.15.18:6800/2608027147,v1:172.21.15.18:6801/2608027147] conn(0x7f9f50038810 0x7f9f5003acd0 secure :-1 s=READY pgs=10 cs=0 l=1 rev1=1 crypto rx=0x7f9f54006fd0 tx=0x7f9f54006e40 comp rx=0 tx=0).ready entity=mgr.14164 client_cookie=0 server_cookie=0 in_seq=0 out_seq=0
2024-04-19T22:11:00.189 INFO:teuthology.orchestra.run.smithi018.stdout:/usr/bin/ceph: stderr
2024-04-19T22:10:59.374+0000 7f9f5affd700 1 -- 172.21.15.18:0/1011391881 <== mon.0 v2:172.21.15.18:3300/0 6 ==== mon_command_ack([{"prefix": "get_command_descriptions"}]=0 v0) v1 ==== 72+0+183351 (secure 0 0 0) 0x7f9f60010c00 con 0x7f9f641065f0
2024-04-19T22:11:00.189 INFO:teuthology.orchestra.run.smithi018.stdout:/usr/bin/ceph: stderr
2024-04-19T22:10:59.574+0000 7f9f6bf95700 1 -- 172.21.15.18:0/1011391881 --> [v2:172.21.15.18:3300/0,v1:172.21.15.18:6789/0] -- mon_command([{prefix=config set, name=osd_memory_target_autotune}] v 0) v1 -- 0x7f9f6419d770 con 0x7f9f641065f0
2024-04-19T22:11:00.189 INFO:teuthology.orchestra.run.smithi018.stdout:/usr/bin/ceph: stderr
2024-04-19T22:10:59.575+0000 7f9f5affd700 1 -- 172.21.15.18:0/1011391881 <== mon.0 v2:172.21.15.18:3300/0 7 ==== mon_command_ack([{prefix=config set, name=osd_memory_target_autotune}]=0 v8)=0 v8) v1 ==== 127+0+0 (secure 0 0 0) 0x7f9f600107f0 con 0x7f9f641065f0
2024-04-19T22:11:00.189 INFO:teuthology.orchestra.run.smithi018.stdout:/usr/bin/ceph: stderr
2024-04-19T22:10:59.577+0000 7f9f6bf95700 1 -- 172.21.15.18:0/1011391881 >> [v2:172.21.15.18:6800/2608027147,v1:172.21.15.18:6801/2608027147] conn(0x7f9f50038810 msgr2=0x7f9f5003acd0 secure :-1 s=STATE_CONNECTION_ESTABLISHED l=1).mark_down
2024-04-19T22:11:00.189 INFO:teuthology.orchestra.run.smithi018.stdout:/usr/bin/ceph: stderr
2024-04-19T22:10:59.577+0000 7f9f6bf95700 1 --2- 172.21.15.18:0/1011391881 >> [v2:172.21.15.18:6800/2608027147,v1:172.21.15.18:6801/2608027147] conn(0x7f9f50038810 0x7f9f5003acd0 secure :-1 s=READY pgs=10 cs=0 l=1 rev1=1 crypto rx=0x7f9f54006fd0 tx=0x7f9f54006e40 comp rx=0 tx=0).stop
2024-04-19T22:11:00.189 INFO:teuthology.orchestra.run.smithi018.stdout:/usr/bin/ceph: stderr
2024-04-19T22:10:59.577+0000 7f9f6bf95700 1 -- 172.21.15.18:0/1011391881 >> [v2:172.21.15.18:3300/0,v1:172.21.15.18:6789/0] conn(0x7f9f641065f0 msgr2=0x7f9f6419a350 secure :-1 s=STATE_CONNECTION_ESTABLISHED l=1).mark_down
2024-04-19T22:11:00.189 INFO:teuthology.orchestra.run.smithi018.stdout:/usr/bin/ceph: stderr
2024-04-19T22:10:59.577+0000 7f9f6bf95700 1 --2- 172.21.15.18:0/1011391881 >> [v2:172.21.15.18:3300/0,v1:172.21.15.18:6789/0] conn(0x7f9f641065f0 0x7f9f6419a350 secure :-1 s=READY pgs=89 cs=0 l=1 rev1=1 crypto rx=0x7f9f600117b0 tx=0x7f9f60011890 comp rx=0 tx=0).stop
2024-04-19T22:11:00.189 INFO:teuthology.orchestra.run.smithi018.stdout:/usr/bin/ceph: stderr
2024-04-19T22:10:59.577+0000 7f9f6bf95700 1 -- 172.21.15.18:0/1011391881 shutdown_connections
2024-04-19T22:11:00.189 INFO:teuthology.orchestra.run.smithi018.stdout:/usr/bin/ceph: stderr
2024-04-19T22:10:59.577+0000 7f9f6bf95700 1 --2- 172.21.15.18:0/1011391881 >> [v2:172.21.15.18:6800/2608027147,v1:172.21.15.18:6801/2608027147] conn(0x7f9f50038810 0x7f9f5003acd0 unknown :-1 s=CLOSED pgs=10 cs=0 l=1 rev1=1 crypto rx=0 tx=0 comp rx=0 tx=0).stop
2024-04-19T22:11:00.190 INFO:teuthology.orchestra.run.smithi018.stdout:/usr/bin/ceph: stderr
2024-04-19T22:10:59.577+0000 7f9f6bf95700 1 --2- 172.21.15.18:0/1011391881 >> [v2:172.21.15.18:3300/0,v1:172.21.15.18:6789/0] conn(0x7f9f641065f0 0x7f9f6419a350 unknown :-1 s=CLOSED pgs=89 cs=0 l=1 rev1=1 crypto rx=0 tx=0 comp rx=0 tx=0).stop
2024-04-19T22:11:00.190 INFO:teuthology.orchestra.run.smithi018.stdout:/usr/bin/ceph: stderr
2024-04-19T22:10:59.577+0000 7f9f6bf95700 1 -- 172.21.15.18:0/1011391881 >> 172.21.15.18:0/1011391881 conn(0x7f9f64101bd0 msgr2=0x7f9f64102780 unknown :-1 s=STATE_NONE l=0).mark_down
2024-04-19T22:11:00.190 INFO:teuthology.orchestra.run.smithi018.stdout:/usr/bin/ceph: stderr
2024-04-19T22:10:59.577+0000 7f9f6bf95700 1 -- 172.21.15.18:0/1011391881 shutdown_connections
2024-04-19T22:11:00.190 INFO:teuthology.orchestra.run.smithi018.stdout:/usr/bin/ceph: stderr
2024-04-19T22:10:59.577+0000 7f9f6bf95700 1 -- 172.21.15.18:0/1011391881 wait complete.
2024-04-19T22:11:01.484 INFO:teuthology.orchestra.run.smithi018.stdout:/usr/bin/ceph: stderr
2024-04-19T22:11:00.621+0000 7f73e69cb700 1 Processor -- start
2024-04-19T22:11:01.484 INFO:teuthology.orchestra.run.smithi018.stdout:/usr/bin/ceph: stderr
2024-04-19T22:11:00.622+0000 7f73e69cb700 1 -- start start
2024-04-19T22:11:01.484 INFO:teuthology.orchestra.run.smithi018.stdout:/usr/bin/ceph: stderr
2024-04-19T22:11:00.622+0000 7f73e69cb700 1 --2- >> [v2:172.21.15.18:3300/0,v1:172.21.15.18:6789/0] conn(0x7f73e01054a0 0x7f73e01058c0 unknown :-1 s=NONE pgs=0 cs=0 l=0 rev1=0 crypto rx=0 tx=0 comp rx=0 tx=0).connect
2024-04-19T22:11:01.485 INFO:teuthology.orchestra.run.smithi018.stdout:/usr/bin/ceph: stderr
2024-04-19T22:11:00.622+0000 7f73e69cb700 1 -- --> [v2:172.21.15.18:3300/0,v1:172.21.15.18:6789/0] -- mon_getmap magic: 0 v1 -- 0x7f73e0105e90 con 0x7f73e01054a0
2024-04-19T22:11:01.485 INFO:teuthology.orchestra.run.smithi018.stdout:/usr/bin/ceph: stderr
2024-04-19T22:11:00.622+0000 7f73dffff700 1 --2- >> [v2:172.21.15.18:3300/0,v1:172.21.15.18:6789/0] conn(0x7f73e01054a0 0x7f73e01058c0 unknown :-1 s=BANNER_CONNECTING pgs=0 cs=0 l=0 rev1=0 crypto rx=0 tx=0 comp rx=0 tx=0)._handle_peer_banner_payload supported=3 required=0
2024-04-19T22:11:01.485 INFO:teuthology.orchestra.run.smithi018.stdout:/usr/bin/ceph: stderr
2024-04-19T22:11:00.622+0000 7f73dffff700 1 --2- >> [v2:172.21.15.18:3300/0,v1:172.21.15.18:6789/0] conn(0x7f73e01054a0 0x7f73e01058c0 unknown :-1 s=HELLO_CONNECTING pgs=0 cs=0 l=0 rev1=1 crypto rx=0 tx=0 comp rx=0 tx=0).handle_hello peer v2:172.21.15.18:3300/0 says I am v2:172.21.15.18:56308/0 (socket says 172.21.15.18:56308)
2024-04-19T22:11:01.485 INFO:teuthology.orchestra.run.smithi018.stdout:/usr/bin/ceph: stderr
2024-04-19T22:11:00.622+0000 7f73dffff700 1 -- 172.21.15.18:0/617788551 learned_addr learned my addr 172.21.15.18:0/617788551 (peer_addr_for_me v2:172.21.15.18:0/0)
2024-04-19T22:11:01.485 INFO:teuthology.orchestra.run.smithi018.stdout:/usr/bin/ceph: stderr
2024-04-19T22:11:00.622+0000 7f73dffff700 1 -- 172.21.15.18:0/617788551 --> [v2:172.21.15.18:3300/0,v1:172.21.15.18:6789/0] -- mon_subscribe({config=0+,monmap=0+}) v3 -- 0x7f73e01066a0 con 0x7f73e01054a0
2024-04-19T22:11:01.485 INFO:teuthology.orchestra.run.smithi018.stdout:/usr/bin/ceph: stderr
2024-04-19T22:11:00.622+0000 7f73dffff700 1 --2- 172.21.15.18:0/617788551 >> [v2:172.21.15.18:3300/0,v1:172.21.15.18:6789/0] conn(0x7f73e01054a0 0x7f73e01058c0 secure :-1 s=READY pgs=90 cs=0 l=1 rev1=1 crypto rx=0x7f73d00098a0 tx=0x7f73d0009bb0 comp rx=0 tx=0).ready entity=mon.0 client_cookie=d74da6b7f8c5c686 server_cookie=0 in_seq=0 out_seq=0
2024-04-19T22:11:01.485 INFO:teuthology.orchestra.run.smithi018.stdout:/usr/bin/ceph: stderr
2024-04-19T22:11:00.623+0000 7f73deffd700 1 -- 172.21.15.18:0/617788551 <== mon.0 v2:172.21.15.18:3300/0 1 ==== mon_map magic: 0 v1 ==== 229+0+0 (secure 0 0 0) 0x7f73d0004180 con 0x7f73e01054a0
2024-04-19T22:11:01.485 INFO:teuthology.orchestra.run.smithi018.stdout:/usr/bin/ceph: stderr
2024-04-19T22:11:00.623+0000 7f73deffd700 1 -- 172.21.15.18:0/617788551 <== mon.0 v2:172.21.15.18:3300/0 2 ==== config(27 keys) v1 ==== 1109+0+0 (secure 0 0 0) 0x7f73d00042e0 con 0x7f73e01054a0
2024-04-19T22:11:01.485 INFO:teuthology.orchestra.run.smithi018.stdout:/usr/bin/ceph: stderr
2024-04-19T22:11:00.623+0000 7f73deffd700 1 -- 172.21.15.18:0/617788551 <== mon.0 v2:172.21.15.18:3300/0 3 ==== mon_map magic: 0 v1 ==== 229+0+0 (secure 0 0 0) 0x7f73d0011b10 con 0x7f73e01054a0
2024-04-19T22:11:01.485 INFO:teuthology.orchestra.run.smithi018.stdout:/usr/bin/ceph: stderr
2024-04-19T22:11:00.623+0000 7f73e69cb700 1 -- 172.21.15.18:0/617788551 >> [v2:172.21.15.18:3300/0,v1:172.21.15.18:6789/0] conn(0x7f73e01054a0 msgr2=0x7f73e01058c0 secure :-1 s=STATE_CONNECTION_ESTABLISHED l=1).mark_down
2024-04-19T22:11:01.485 INFO:teuthology.orchestra.run.smithi018.stdout:/usr/bin/ceph: stderr
2024-04-19T22:11:00.623+0000 7f73e69cb700 1 --2- 172.21.15.18:0/617788551 >> [v2:172.21.15.18:3300/0,v1:172.21.15.18:6789/0] conn(0x7f73e01054a0 0x7f73e01058c0 secure :-1 s=READY pgs=90 cs=0 l=1 rev1=1 crypto rx=0x7f73d00098a0 tx=0x7f73d0009bb0 comp rx=0 tx=0).stop
2024-04-19T22:11:01.485 INFO:teuthology.orchestra.run.smithi018.stdout:/usr/bin/ceph: stderr
2024-04-19T22:11:00.624+0000 7f73e69cb700 1 -- 172.21.15.18:0/617788551 shutdown_connections
2024-04-19T22:11:01.485 INFO:teuthology.orchestra.run.smithi018.stdout:/usr/bin/ceph: stderr
2024-04-19T22:11:00.624+0000 7f73e69cb700 1 --2- 172.21.15.18:0/617788551 >> [v2:172.21.15.18:3300/0,v1:172.21.15.18:6789/0] conn(0x7f73e01054a0 0x7f73e01058c0 unknown :-1 s=CLOSED pgs=90 cs=0 l=1 rev1=1 crypto rx=0 tx=0 comp rx=0 tx=0).stop
2024-04-19T22:11:01.486 INFO:teuthology.orchestra.run.smithi018.stdout:/usr/bin/ceph: stderr
2024-04-19T22:11:00.624+0000 7f73e69cb700 1 -- 172.21.15.18:0/617788551 >> 172.21.15.18:0/617788551 conn(0x7f73e0100aa0 msgr2=0x7f73e0102ec0 unknown :-1 s=STATE_NONE l=0).mark_down
2024-04-19T22:11:01.486 INFO:teuthology.orchestra.run.smithi018.stdout:/usr/bin/ceph: stderr
2024-04-19T22:11:00.624+0000 7f73e69cb700 1 -- 172.21.15.18:0/617788551 shutdown_connections
2024-04-19T22:11:01.486 INFO:teuthology.orchestra.run.smithi018.stdout:/usr/bin/ceph: stderr
2024-04-19T22:11:00.624+0000 7f73e69cb700 1 -- 172.21.15.18:0/617788551 wait complete.
2024-04-19T22:11:01.486 INFO:teuthology.orchestra.run.smithi018.stdout:/usr/bin/ceph: stderr
2024-04-19T22:11:00.624+0000 7f73e69cb700 1 Processor -- start
2024-04-19T22:11:01.486 INFO:teuthology.orchestra.run.smithi018.stdout:/usr/bin/ceph: stderr
2024-04-19T22:11:00.624+0000 7f73e69cb700 1 -- start start
2024-04-19T22:11:01.486 INFO:teuthology.orchestra.run.smithi018.stdout:/usr/bin/ceph: stderr
2024-04-19T22:11:00.625+0000 7f73e69cb700 1 --2- >> [v2:172.21.15.18:3300/0,v1:172.21.15.18:6789/0] conn(0x7f73e01054a0 0x7f73e019a3b0 unknown :-1 s=NONE pgs=0 cs=0 l=1 rev1=0 crypto rx=0 tx=0 comp rx=0 tx=0).connect
2024-04-19T22:11:01.486 INFO:teuthology.orchestra.run.smithi018.stdout:/usr/bin/ceph: stderr
2024-04-19T22:11:00.625+0000 7f73e69cb700 1 -- --> [v2:172.21.15.18:3300/0,v1:172.21.15.18:6789/0] -- mon_getmap magic: 0 v1 -- 0x7f73e019a8f0 con 0x7f73e01054a0
2024-04-19T22:11:01.486 INFO:teuthology.orchestra.run.smithi018.stdout:/usr/bin/ceph: stderr
2024-04-19T22:11:00.625+0000 7f73dffff700 1 --2- >> [v2:172.21.15.18:3300/0,v1:172.21.15.18:6789/0] conn(0x7f73e01054a0 0x7f73e019a3b0 unknown :-1 s=BANNER_CONNECTING pgs=0 cs=0 l=1 rev1=0 crypto rx=0 tx=0 comp rx=0 tx=0)._handle_peer_banner_payload supported=3 required=0
2024-04-19T22:11:01.486 INFO:teuthology.orchestra.run.smithi018.stdout:/usr/bin/ceph: stderr
2024-04-19T22:11:00.625+0000 7f73dffff700 1 --2- >> [v2:172.21.15.18:3300/0,v1:172.21.15.18:6789/0] conn(0x7f73e01054a0 0x7f73e019a3b0 unknown :-1 s=HELLO_CONNECTING pgs=0 cs=0 l=1 rev1=1 crypto rx=0 tx=0 comp rx=0 tx=0).handle_hello peer v2:172.21.15.18:3300/0 says I am v2:172.21.15.18:56320/0 (socket says 172.21.15.18:56320)
2024-04-19T22:11:01.486 INFO:teuthology.orchestra.run.smithi018.stdout:/usr/bin/ceph: stderr
2024-04-19T22:11:00.625+0000 7f73dffff700 1 -- 172.21.15.18:0/1273727924 learned_addr learned my addr 172.21.15.18:0/1273727924 (peer_addr_for_me v2:172.21.15.18:0/0)
2024-04-19T22:11:01.486 INFO:teuthology.orchestra.run.smithi018.stdout:/usr/bin/ceph: stderr
2024-04-19T22:11:00.625+0000 7f73dffff700 1 -- 172.21.15.18:0/1273727924 --> [v2:172.21.15.18:3300/0,v1:172.21.15.18:6789/0] -- mon_subscribe({config=0+,monmap=0+}) v3 -- 0x7f73d0009550 con 0x7f73e01054a0
2024-04-19T22:11:01.486 INFO:teuthology.orchestra.run.smithi018.stdout:/usr/bin/ceph: stderr
2024-04-19T22:11:00.625+0000 7f73dffff700 1 --2- 172.21.15.18:0/1273727924 >> [v2:172.21.15.18:3300/0,v1:172.21.15.18:6789/0] conn(0x7f73e01054a0 0x7f73e019a3b0 secure :-1 s=READY pgs=91 cs=0 l=1 rev1=1 crypto rx=0x7f73d00117b0 tx=0x7f73d0011890 comp rx=0 tx=0).ready entity=mon.0 client_cookie=0 server_cookie=0 in_seq=0 out_seq=0
2024-04-19T22:11:01.486 INFO:teuthology.orchestra.run.smithi018.stdout:/usr/bin/ceph: stderr
2024-04-19T22:11:00.625+0000 7f73dd7fa700 1 -- 172.21.15.18:0/1273727924 <== mon.0 v2:172.21.15.18:3300/0 1 ==== mon_map magic: 0 v1 ==== 229+0+0 (secure 0 0 0) 0x7f73d00038b0 con 0x7f73e01054a0
2024-04-19T22:11:01.486 INFO:teuthology.orchestra.run.smithi018.stdout:/usr/bin/ceph: stderr
2024-04-19T22:11:00.625+0000 7f73dd7fa700 1 -- 172.21.15.18:0/1273727924 <== mon.0 v2:172.21.15.18:3300/0 2 ==== config(27 keys) v1 ==== 1109+0+0 (secure 0 0 0) 0x7f73d0003a10 con 0x7f73e01054a0
2024-04-19T22:11:01.487 INFO:teuthology.orchestra.run.smithi018.stdout:/usr/bin/ceph: stderr
2024-04-19T22:11:00.625+0000 7f73e69cb700 1 -- 172.21.15.18:0/1273727924 --> [v2:172.21.15.18:3300/0,v1:172.21.15.18:6789/0] -- mon_subscribe({mgrmap=0+}) v3 -- 0x7f73e019aaf0 con 0x7f73e01054a0
2024-04-19T22:11:01.487 INFO:teuthology.orchestra.run.smithi018.stdout:/usr/bin/ceph: stderr
2024-04-19T22:11:00.625+0000 7f73dd7fa700 1 -- 172.21.15.18:0/1273727924 <== mon.0 v2:172.21.15.18:3300/0 3 ==== mon_map magic: 0 v1 ==== 229+0+0 (secure 0 0 0) 0x7f73d00246e0 con 0x7f73e01054a0
2024-04-19T22:11:01.487 INFO:teuthology.orchestra.run.smithi018.stdout:/usr/bin/ceph: stderr
2024-04-19T22:11:00.626+0000 7f73e69cb700 1 -- 172.21.15.18:0/1273727924 --> [v2:172.21.15.18:3300/0,v1:172.21.15.18:6789/0] -- mon_subscribe({osdmap=0}) v3 -- 0x7f73e019af90 con 0x7f73e01054a0
2024-04-19T22:11:01.487 INFO:teuthology.orchestra.run.smithi018.stdout:/usr/bin/ceph: stderr
2024-04-19T22:11:00.626+0000 7f73dd7fa700 1 -- 172.21.15.18:0/1273727924 <== mon.0 v2:172.21.15.18:3300/0 4 ==== mgrmap(e 13) v1 ==== 45612+0+0 (secure 0 0 0) 0x7f73d002d3f0 con 0x7f73e01054a0
2024-04-19T22:11:01.487 INFO:teuthology.orchestra.run.smithi018.stdout:/usr/bin/ceph: stderr
2024-04-19T22:11:00.627+0000 7f73e69cb700 1 -- 172.21.15.18:0/1273727924 --> [v2:172.21.15.18:3300/0,v1:172.21.15.18:6789/0] -- mon_command({"prefix": "get_command_descriptions"} v 0) v1 -- 0x7f73e01944e0 con 0x7f73e01054a0
2024-04-19T22:11:01.487 INFO:teuthology.orchestra.run.smithi018.stdout:/usr/bin/ceph: stderr
2024-04-19T22:11:00.627+0000 7f73dd7fa700 1 --2- 172.21.15.18:0/1273727924 >> [v2:172.21.15.18:6800/2608027147,v1:172.21.15.18:6801/2608027147] conn(0x7f73c8038810 0x7f73c803acd0 unknown :-1 s=NONE pgs=0 cs=0 l=1 rev1=0 crypto rx=0 tx=0 comp rx=0 tx=0).connect
2024-04-19T22:11:01.487 INFO:teuthology.orchestra.run.smithi018.stdout:/usr/bin/ceph: stderr
2024-04-19T22:11:00.627+0000 7f73dd7fa700 1 -- 172.21.15.18:0/1273727924 <== mon.0 v2:172.21.15.18:3300/0 5 ==== osd_map(3..3 src has 1..3) v4 ==== 1155+0+0 (secure 0 0 0) 0x7f73d004cd40 con 0x7f73e01054a0
2024-04-19T22:11:01.487 INFO:teuthology.orchestra.run.smithi018.stdout:/usr/bin/ceph: stderr
2024-04-19T22:11:00.627+0000 7f73df7fe700 1 --2- 172.21.15.18:0/1273727924 >> [v2:172.21.15.18:6800/2608027147,v1:172.21.15.18:6801/2608027147] conn(0x7f73c8038810 0x7f73c803acd0 unknown :-1 s=BANNER_CONNECTING pgs=0 cs=0 l=1 rev1=0 crypto rx=0 tx=0 comp rx=0 tx=0)._handle_peer_banner_payload supported=3 required=0
2024-04-19T22:11:01.487 INFO:teuthology.orchestra.run.smithi018.stdout:/usr/bin/ceph: stderr
2024-04-19T22:11:00.627+0000 7f73df7fe700 1 --2- 172.21.15.18:0/1273727924 >> [v2:172.21.15.18:6800/2608027147,v1:172.21.15.18:6801/2608027147] conn(0x7f73c8038810 0x7f73c803acd0 secure :-1 s=READY pgs=11 cs=0 l=1 rev1=1 crypto rx=0x7f73d4006fd0 tx=0x7f73d4006e40 comp rx=0 tx=0).ready entity=mgr.14164 client_cookie=0 server_cookie=0 in_seq=0 out_seq=0
2024-04-19T22:11:01.487 INFO:teuthology.orchestra.run.smithi018.stdout:/usr/bin/ceph: stderr
2024-04-19T22:11:00.632+0000 7f73dd7fa700 1 -- 172.21.15.18:0/1273727924 <== mon.0 v2:172.21.15.18:3300/0 6 ==== mon_command_ack([{"prefix": "get_command_descriptions"}]=0 v0) v1 ==== 72+0+183351 (secure 0 0 0) 0x7f73d0010c00 con 0x7f73e01054a0
2024-04-19T22:11:01.487 INFO:teuthology.orchestra.run.smithi018.stdout:/usr/bin/ceph: stderr
2024-04-19T22:11:00.949+0000 7f73e69cb700 1 -- 172.21.15.18:0/1273727924 --> [v2:172.21.15.18:3300/0,v1:172.21.15.18:6789/0] -- mon_command([{prefix=config-key set, key=mgr/dashboard/cluster/status}] v 0) v1 -- 0x7f73e01098d0 con 0x7f73e01054a0
2024-04-19T22:11:01.487 INFO:teuthology.orchestra.run.smithi018.stdout:/usr/bin/ceph: stderr
2024-04-19T22:11:00.952+0000 7f73dd7fa700 1 -- 172.21.15.18:0/1273727924 <== mon.0 v2:172.21.15.18:3300/0 7 ==== mon_command_ack([{prefix=config-key set, key=mgr/dashboard/cluster/status}]=0 set mgr/dashboard/cluster/status v34)=0 set mgr/dashboard/cluster/status v34) v1 ==== 153+0+0 (secure 0 0 0) 0x7f73d00107f0 con 0x7f73e01054a0
2024-04-19T22:11:01.487 INFO:teuthology.orchestra.run.smithi018.stdout:/usr/bin/ceph: stderr
2024-04-19T22:11:00.954+0000 7f73e69cb700 1 -- 172.21.15.18:0/1273727924 >> [v2:172.21.15.18:6800/2608027147,v1:172.21.15.18:6801/2608027147] conn(0x7f73c8038810 msgr2=0x7f73c803acd0 secure :-1 s=STATE_CONNECTION_ESTABLISHED l=1).mark_down
2024-04-19T22:11:01.487 INFO:teuthology.orchestra.run.smithi018.stdout:/usr/bin/ceph: stderr
2024-04-19T22:11:00.954+0000 7f73e69cb700 1 --2- 172.21.15.18:0/1273727924 >> [v2:172.21.15.18:6800/2608027147,v1:172.21.15.18:6801/2608027147] conn(0x7f73c8038810 0x7f73c803acd0 secure :-1 s=READY pgs=11 cs=0 l=1 rev1=1 crypto rx=0x7f73d4006fd0 tx=0x7f73d4006e40 comp rx=0 tx=0).stop
2024-04-19T22:11:01.488 INFO:teuthology.orchestra.run.smithi018.stdout:/usr/bin/ceph: stderr
2024-04-19T22:11:00.954+0000 7f73e69cb700 1 -- 172.21.15.18:0/1273727924 >> [v2:172.21.15.18:3300/0,v1:172.21.15.18:6789/0] conn(0x7f73e01054a0 msgr2=0x7f73e019a3b0 secure :-1 s=STATE_CONNECTION_ESTABLISHED l=1).mark_down
2024-04-19T22:11:01.488 INFO:teuthology.orchestra.run.smithi018.stdout:/usr/bin/ceph: stderr
2024-04-19T22:11:00.954+0000 7f73e69cb700 1 --2- 172.21.15.18:0/1273727924 >> [v2:172.21.15.18:3300/0,v1:172.21.15.18:6789/0] conn(0x7f73e01054a0 0x7f73e019a3b0 secure :-1 s=READY pgs=91 cs=0 l=1 rev1=1 crypto rx=0x7f73d00117b0 tx=0x7f73d0011890 comp rx=0 tx=0).stop
2024-04-19T22:11:01.488 INFO:teuthology.orchestra.run.smithi018.stdout:/usr/bin/ceph: stderr
2024-04-19T22:11:00.954+0000 7f73e69cb700 1 -- 172.21.15.18:0/1273727924 shutdown_connections
2024-04-19T22:11:01.488 INFO:teuthology.orchestra.run.smithi018.stdout:/usr/bin/ceph: stderr
2024-04-19T22:11:00.954+0000 7f73e69cb700 1 --2- 172.21.15.18:0/1273727924 >> [v2:172.21.15.18:6800/2608027147,v1:172.21.15.18:6801/2608027147] conn(0x7f73c8038810 0x7f73c803acd0 unknown :-1 s=CLOSED pgs=11 cs=0 l=1 rev1=1 crypto rx=0 tx=0 comp rx=0 tx=0).stop
2024-04-19T22:11:01.488 INFO:teuthology.orchestra.run.smithi018.stdout:/usr/bin/ceph: stderr
2024-04-19T22:11:00.954+0000 7f73e69cb700 1 --2- 172.21.15.18:0/1273727924 >> [v2:172.21.15.18:3300/0,v1:172.21.15.18:6789/0] conn(0x7f73e01054a0 0x7f73e019a3b0 unknown :-1 s=CLOSED pgs=91 cs=0 l=1 rev1=1 crypto rx=0 tx=0 comp rx=0 tx=0).stop
2024-04-19T22:11:01.488 INFO:teuthology.orchestra.run.smithi018.stdout:/usr/bin/ceph: stderr
2024-04-19T22:11:00.954+0000 7f73e69cb700 1 -- 172.21.15.18:0/1273727924 >> 172.21.15.18:0/1273727924 conn(0x7f73e0100aa0 msgr2=0x7f73e01019a0 unknown :-1 s=STATE_NONE l=0).mark_down
2024-04-19T22:11:01.488 INFO:teuthology.orchestra.run.smithi018.stdout:/usr/bin/ceph: stderr
2024-04-19T22:11:00.954+0000 7f73e69cb700 1 -- 172.21.15.18:0/1273727924 shutdown_connections
2024-04-19T22:11:01.488 INFO:teuthology.orchestra.run.smithi018.stdout:/usr/bin/ceph: stderr
2024-04-19T22:11:00.954+0000 7f73e69cb700 1 -- 172.21.15.18:0/1273727924 wait complete.
2024-04-19T22:11:01.488 INFO:teuthology.orchestra.run.smithi018.stdout:/usr/bin/ceph: stderr set mgr/dashboard/cluster/status
2024-04-19T22:11:01.488 INFO:teuthology.orchestra.run.smithi018.stdout:You can access the Ceph CLI as following in case of multi-cluster or non-default config:
2024-04-19T22:11:01.488 INFO:teuthology.orchestra.run.smithi018.stdout:
2024-04-19T22:11:01.488 INFO:teuthology.orchestra.run.smithi018.stdout: sudo /home/ubuntu/cephtest/cephadm shell --fsid 6aec05ca-fe99-11ee-bc92-c7b262605968 -c /etc/ceph/ceph.conf -k /etc/ceph/ceph.client.admin.keyring
2024-04-19T22:11:01.488 INFO:teuthology.orchestra.run.smithi018.stdout:
2024-04-19T22:11:01.488 INFO:teuthology.orchestra.run.smithi018.stdout:Or, if you are only running a single cluster on this host:
2024-04-19T22:11:01.489 INFO:teuthology.orchestra.run.smithi018.stdout:
2024-04-19T22:11:01.489 INFO:teuthology.orchestra.run.smithi018.stdout: sudo /home/ubuntu/cephtest/cephadm shell
2024-04-19T22:11:01.489 INFO:teuthology.orchestra.run.smithi018.stdout:
2024-04-19T22:11:01.489 INFO:teuthology.orchestra.run.smithi018.stdout:Please consider enabling telemetry to help improve Ceph:
2024-04-19T22:11:01.489 INFO:teuthology.orchestra.run.smithi018.stdout:
2024-04-19T22:11:01.489 INFO:teuthology.orchestra.run.smithi018.stdout: ceph telemetry on
2024-04-19T22:11:01.489 INFO:teuthology.orchestra.run.smithi018.stdout:
2024-04-19T22:11:01.489 INFO:teuthology.orchestra.run.smithi018.stdout:For more information see:
2024-04-19T22:11:01.489 INFO:teuthology.orchestra.run.smithi018.stdout:
2024-04-19T22:11:01.489 INFO:teuthology.orchestra.run.smithi018.stdout: https://docs.ceph.com/en/latest/mgr/telemetry/
2024-04-19T22:11:01.489 INFO:teuthology.orchestra.run.smithi018.stdout:
2024-04-19T22:11:01.489 INFO:teuthology.orchestra.run.smithi018.stdout:Bootstrap complete.
2024-04-19T22:11:01.513 INFO:tasks.cephadm:Fetching config...
2024-04-19T22:11:01.513 DEBUG:teuthology.orchestra.run.smithi018:> set -ex
2024-04-19T22:11:01.513 DEBUG:teuthology.orchestra.run.smithi018:> dd if=/etc/ceph/ceph.conf of=/dev/stdout
2024-04-19T22:11:01.530 INFO:tasks.cephadm:Fetching client.admin keyring...
2024-04-19T22:11:01.530 DEBUG:teuthology.orchestra.run.smithi018:> set -ex
2024-04-19T22:11:01.530 DEBUG:teuthology.orchestra.run.smithi018:> dd if=/etc/ceph/ceph.client.admin.keyring of=/dev/stdout
2024-04-19T22:11:01.586 INFO:tasks.cephadm:Fetching mon keyring...
2024-04-19T22:11:01.586 DEBUG:teuthology.orchestra.run.smithi018:> set -ex
2024-04-19T22:11:01.586 DEBUG:teuthology.orchestra.run.smithi018:> sudo dd if=/var/lib/ceph/6aec05ca-fe99-11ee-bc92-c7b262605968/mon.smithi018/keyring of=/dev/stdout
2024-04-19T22:11:01.651 INFO:tasks.cephadm:Fetching pub ssh key...
2024-04-19T22:11:01.651 DEBUG:teuthology.orchestra.run.smithi018:> set -ex
2024-04-19T22:11:01.651 DEBUG:teuthology.orchestra.run.smithi018:> dd if=/home/ubuntu/cephtest/ceph.pub of=/dev/stdout
2024-04-19T22:11:01.706 INFO:tasks.cephadm:Installing pub ssh key for root users...
2024-04-19T22:11:01.706 DEBUG:teuthology.orchestra.run.smithi018:> sudo install -d -m 0700 /root/.ssh && echo 'ssh-rsa AAAAB3NzaC1yc2EAAAADAQABAAABgQC8s6cyAdr0oVIS/DLmnQH/SEZO6CXz3mHhNb3RiGJZ5QW/OPUdpCVqS1IebyIV8YM4paOn84o8/ZjuiNCFKi0W7EA+dWyNuhIGgU5IOI0tOgH9UhSmOFuuAaWBwdNHwNYOfg5H3AeNPp3LQT2eohLYuo9OClKODR3UlwpWid4IHMU9O7A67HNQlY8Kzq42UmJDxjb0CV+857W3hqsECOelHOxhYcmKN4We7dWQV7GxhJsuyXwleQNI43akyjmZssDxhGkrqxtmvaVs59v/MLa2Bgx7ZGf8zgGHjQmJ0uPH0fc8TQk2c92DBp871v8Xvcuz72SlIveXCUixRQtd+Sp2CwDrpjn4K3Ko9bZlwKWLSnu2XFDdfINs6bRGr0ixntVmbQEAXw4MMU+M72OB9W8jCG+PJo0RD2y8kUzQrz6oINdiXjLkpak773ejfP0SddaWZm2d9q3l+nZS8gJKHs1vsjRpn843xJwTXT81TD1QasFLSreE8A8M2hrIoRUvcDs= ceph-6aec05ca-fe99-11ee-bc92-c7b262605968' | sudo tee -a /root/.ssh/authorized_keys && sudo chmod 0600 /root/.ssh/authorized_keys
2024-04-19T22:11:01.780 INFO:teuthology.orchestra.run.smithi018.stdout:ssh-rsa AAAAB3NzaC1yc2EAAAADAQABAAABgQC8s6cyAdr0oVIS/DLmnQH/SEZO6CXz3mHhNb3RiGJZ5QW/OPUdpCVqS1IebyIV8YM4paOn84o8/ZjuiNCFKi0W7EA+dWyNuhIGgU5IOI0tOgH9UhSmOFuuAaWBwdNHwNYOfg5H3AeNPp3LQT2eohLYuo9OClKODR3UlwpWid4IHMU9O7A67HNQlY8Kzq42UmJDxjb0CV+857W3hqsECOelHOxhYcmKN4We7dWQV7GxhJsuyXwleQNI43akyjmZssDxhGkrqxtmvaVs59v/MLa2Bgx7ZGf8zgGHjQmJ0uPH0fc8TQk2c92DBp871v8Xvcuz72SlIveXCUixRQtd+Sp2CwDrpjn4K3Ko9bZlwKWLSnu2XFDdfINs6bRGr0ixntVmbQEAXw4MMU+M72OB9W8jCG+PJo0RD2y8kUzQrz6oINdiXjLkpak773ejfP0SddaWZm2d9q3l+nZS8gJKHs1vsjRpn843xJwTXT81TD1QasFLSreE8A8M2hrIoRUvcDs= ceph-6aec05ca-fe99-11ee-bc92-c7b262605968
2024-04-19T22:11:01.791 DEBUG:teuthology.orchestra.run.smithi027:> sudo install -d -m 0700 /root/.ssh && echo 'ssh-rsa AAAAB3NzaC1yc2EAAAADAQABAAABgQC8s6cyAdr0oVIS/DLmnQH/SEZO6CXz3mHhNb3RiGJZ5QW/OPUdpCVqS1IebyIV8YM4paOn84o8/ZjuiNCFKi0W7EA+dWyNuhIGgU5IOI0tOgH9UhSmOFuuAaWBwdNHwNYOfg5H3AeNPp3LQT2eohLYuo9OClKODR3UlwpWid4IHMU9O7A67HNQlY8Kzq42UmJDxjb0CV+857W3hqsECOelHOxhYcmKN4We7dWQV7GxhJsuyXwleQNI43akyjmZssDxhGkrqxtmvaVs59v/MLa2Bgx7ZGf8zgGHjQmJ0uPH0fc8TQk2c92DBp871v8Xvcuz72SlIveXCUixRQtd+Sp2CwDrpjn4K3Ko9bZlwKWLSnu2XFDdfINs6bRGr0ixntVmbQEAXw4MMU+M72OB9W8jCG+PJo0RD2y8kUzQrz6oINdiXjLkpak773ejfP0SddaWZm2d9q3l+nZS8gJKHs1vsjRpn843xJwTXT81TD1QasFLSreE8A8M2hrIoRUvcDs= ceph-6aec05ca-fe99-11ee-bc92-c7b262605968' | sudo tee -a /root/.ssh/authorized_keys && sudo chmod 0600 /root/.ssh/authorized_keys
2024-04-19T22:11:01.843 INFO:teuthology.orchestra.run.smithi027.stdout:ssh-rsa AAAAB3NzaC1yc2EAAAADAQABAAABgQC8s6cyAdr0oVIS/DLmnQH/SEZO6CXz3mHhNb3RiGJZ5QW/OPUdpCVqS1IebyIV8YM4paOn84o8/ZjuiNCFKi0W7EA+dWyNuhIGgU5IOI0tOgH9UhSmOFuuAaWBwdNHwNYOfg5H3AeNPp3LQT2eohLYuo9OClKODR3UlwpWid4IHMU9O7A67HNQlY8Kzq42UmJDxjb0CV+857W3hqsECOelHOxhYcmKN4We7dWQV7GxhJsuyXwleQNI43akyjmZssDxhGkrqxtmvaVs59v/MLa2Bgx7ZGf8zgGHjQmJ0uPH0fc8TQk2c92DBp871v8Xvcuz72SlIveXCUixRQtd+Sp2CwDrpjn4K3Ko9bZlwKWLSnu2XFDdfINs6bRGr0ixntVmbQEAXw4MMU+M72OB9W8jCG+PJo0RD2y8kUzQrz6oINdiXjLkpak773ejfP0SddaWZm2d9q3l+nZS8gJKHs1vsjRpn843xJwTXT81TD1QasFLSreE8A8M2hrIoRUvcDs= ceph-6aec05ca-fe99-11ee-bc92-c7b262605968
2024-04-19T22:11:01.855 DEBUG:teuthology.orchestra.run.smithi018:> sudo /home/ubuntu/cephtest/cephadm --image quay.ceph.io/ceph-ci/ceph:reef shell -c /etc/ceph/ceph.conf -k /etc/ceph/ceph.client.admin.keyring --fsid 6aec05ca-fe99-11ee-bc92-c7b262605968 -- ceph config set mgr mgr/cephadm/allow_ptrace true
2024-04-19T22:11:02.054 INFO:journalctl@ceph.mon.smithi018.smithi018.stdout:Apr 19 22:11:01 smithi018 ceph-mon[16953]: from='client.? 172.21.15.18:0/1273727924' entity='client.admin'
2024-04-19T22:11:02.149 INFO:teuthology.orchestra.run.smithi018.stderr:Inferring config /var/lib/ceph/6aec05ca-fe99-11ee-bc92-c7b262605968/mon.smithi018/config
2024-04-19T22:11:04.327 INFO:teuthology.orchestra.run.smithi018.stderr:2024-04-19T22:11:04.344+0000 7f2a94700700 1 -- 172.21.15.18:0/3004559054 >> [v2:172.21.15.18:3300/0,v1:172.21.15.18:6789/0] conn(0x7f2a8c0ff760 msgr2=0x7f2a8c0ffb80 secure :-1 s=STATE_CONNECTION_ESTABLISHED l=1).mark_down
2024-04-19T22:11:04.327 INFO:teuthology.orchestra.run.smithi018.stderr:2024-04-19T22:11:04.344+0000 7f2a94700700 1 --2- 172.21.15.18:0/3004559054 >> [v2:172.21.15.18:3300/0,v1:172.21.15.18:6789/0] conn(0x7f2a8c0ff760 0x7f2a8c0ffb80 secure :-1 s=READY pgs=92 cs=0 l=1 rev1=1 crypto rx=0x7f2a88009910 tx=0x7f2a88009c20 comp rx=0 tx=0).stop
2024-04-19T22:11:04.327 INFO:teuthology.orchestra.run.smithi018.stderr:2024-04-19T22:11:04.344+0000 7f2a94700700 1 -- 172.21.15.18:0/3004559054 shutdown_connections
2024-04-19T22:11:04.328 INFO:teuthology.orchestra.run.smithi018.stderr:2024-04-19T22:11:04.344+0000 7f2a94700700 1 --2- 172.21.15.18:0/3004559054 >> [v2:172.21.15.18:3300/0,v1:172.21.15.18:6789/0] conn(0x7f2a8c0ff760 0x7f2a8c0ffb80 unknown :-1 s=CLOSED pgs=92 cs=0 l=1 rev1=1 crypto rx=0 tx=0 comp rx=0 tx=0).stop
2024-04-19T22:11:04.328 INFO:teuthology.orchestra.run.smithi018.stderr:2024-04-19T22:11:04.344+0000 7f2a94700700 1 -- 172.21.15.18:0/3004559054 >> 172.21.15.18:0/3004559054 conn(0x7f2a8c0fad00 msgr2=0x7f2a8c0fd140 unknown :-1 s=STATE_NONE l=0).mark_down
2024-04-19T22:11:04.328 INFO:teuthology.orchestra.run.smithi018.stderr:2024-04-19T22:11:04.344+0000 7f2a94700700 1 -- 172.21.15.18:0/3004559054 shutdown_connections
2024-04-19T22:11:04.328 INFO:teuthology.orchestra.run.smithi018.stderr:2024-04-19T22:11:04.344+0000 7f2a94700700 1 -- 172.21.15.18:0/3004559054 wait complete.
2024-04-19T22:11:04.328 INFO:teuthology.orchestra.run.smithi018.stderr:2024-04-19T22:11:04.345+0000 7f2a94700700 1 Processor -- start
2024-04-19T22:11:04.328 INFO:teuthology.orchestra.run.smithi018.stderr:2024-04-19T22:11:04.345+0000 7f2a94700700 1 -- start start
2024-04-19T22:11:04.328 INFO:teuthology.orchestra.run.smithi018.stderr:2024-04-19T22:11:04.345+0000 7f2a94700700 1 --2- >> [v2:172.21.15.18:3300/0,v1:172.21.15.18:6789/0] conn(0x7f2a8c0ff760 0x7f2a8c0fcb20 unknown :-1 s=NONE pgs=0 cs=0 l=1 rev1=0 crypto rx=0 tx=0 comp rx=0 tx=0).connect
2024-04-19T22:11:04.328 INFO:teuthology.orchestra.run.smithi018.stderr:2024-04-19T22:11:04.345+0000 7f2a94700700 1 -- --> [v2:172.21.15.18:3300/0,v1:172.21.15.18:6789/0] -- mon_getmap magic: 0 v1 -- 0x7f2a8c0fd060 con 0x7f2a8c0ff760
2024-04-19T22:11:04.328 INFO:teuthology.orchestra.run.smithi018.stderr:2024-04-19T22:11:04.345+0000 7f2a9249c700 1 --2- >> [v2:172.21.15.18:3300/0,v1:172.21.15.18:6789/0] conn(0x7f2a8c0ff760 0x7f2a8c0fcb20 unknown :-1 s=BANNER_CONNECTING pgs=0 cs=0 l=1 rev1=0 crypto rx=0 tx=0 comp rx=0 tx=0)._handle_peer_banner_payload supported=3 required=0
2024-04-19T22:11:04.328 INFO:teuthology.orchestra.run.smithi018.stderr:2024-04-19T22:11:04.345+0000 7f2a9249c700 1 --2- >> [v2:172.21.15.18:3300/0,v1:172.21.15.18:6789/0] conn(0x7f2a8c0ff760 0x7f2a8c0fcb20 unknown :-1 s=HELLO_CONNECTING pgs=0 cs=0 l=1 rev1=1 crypto rx=0 tx=0 comp rx=0 tx=0).handle_hello peer v2:172.21.15.18:3300/0 says I am v2:172.21.15.18:54216/0 (socket says 172.21.15.18:54216)
2024-04-19T22:11:04.328 INFO:teuthology.orchestra.run.smithi018.stderr:2024-04-19T22:11:04.345+0000 7f2a9249c700 1 -- 172.21.15.18:0/4261488823 learned_addr learned my addr 172.21.15.18:0/4261488823 (peer_addr_for_me v2:172.21.15.18:0/0)
2024-04-19T22:11:04.328 INFO:teuthology.orchestra.run.smithi018.stderr:2024-04-19T22:11:04.345+0000 7f2a9249c700 1 -- 172.21.15.18:0/4261488823 --> [v2:172.21.15.18:3300/0,v1:172.21.15.18:6789/0] -- mon_subscribe({config=0+,monmap=0+}) v3 -- 0x7f2a880095f0 con 0x7f2a8c0ff760
2024-04-19T22:11:04.328 INFO:teuthology.orchestra.run.smithi018.stderr:2024-04-19T22:11:04.346+0000 7f2a9249c700 1 --2- 172.21.15.18:0/4261488823 >> [v2:172.21.15.18:3300/0,v1:172.21.15.18:6789/0] conn(0x7f2a8c0ff760 0x7f2a8c0fcb20 secure :-1 s=READY pgs=93 cs=0 l=1 rev1=1 crypto rx=0x7f2a88006010 tx=0x7f2a88009f80 comp rx=0 tx=0).ready entity=mon.0 client_cookie=0 server_cookie=0 in_seq=0 out_seq=0
2024-04-19T22:11:04.329 INFO:teuthology.orchestra.run.smithi018.stderr:2024-04-19T22:11:04.346+0000 7f2a837fe700 1 -- 172.21.15.18:0/4261488823 <== mon.0 v2:172.21.15.18:3300/0 1 ==== mon_map magic: 0 v1 ==== 229+0+0 (secure 0 0 0) 0x7f2a8801d070 con 0x7f2a8c0ff760
2024-04-19T22:11:04.329 INFO:teuthology.orchestra.run.smithi018.stderr:2024-04-19T22:11:04.346+0000 7f2a837fe700 1 -- 172.21.15.18:0/4261488823 <== mon.0 v2:172.21.15.18:3300/0 2 ==== config(27 keys) v1 ==== 1109+0+0 (secure 0 0 0) 0x7f2a88005dc0 con 0x7f2a8c0ff760
2024-04-19T22:11:04.329 INFO:teuthology.orchestra.run.smithi018.stderr:2024-04-19T22:11:04.346+0000 7f2a94700700 1 -- 172.21.15.18:0/4261488823 --> [v2:172.21.15.18:3300/0,v1:172.21.15.18:6789/0] -- mon_subscribe({mgrmap=0+}) v3 -- 0x7f2a8c0fb2f0 con 0x7f2a8c0ff760
2024-04-19T22:11:04.329 INFO:teuthology.orchestra.run.smithi018.stderr:2024-04-19T22:11:04.346+0000 7f2a837fe700 1 -- 172.21.15.18:0/4261488823 <== mon.0 v2:172.21.15.18:3300/0 3 ==== mon_map magic: 0 v1 ==== 229+0+0 (secure 0 0 0) 0x7f2a88022e90 con 0x7f2a8c0ff760
2024-04-19T22:11:04.329 INFO:teuthology.orchestra.run.smithi018.stderr:2024-04-19T22:11:04.346+0000 7f2a94700700 1 -- 172.21.15.18:0/4261488823 --> [v2:172.21.15.18:3300/0,v1:172.21.15.18:6789/0] -- mon_subscribe({osdmap=0}) v3 -- 0x7f2a8c0fb790 con 0x7f2a8c0ff760
2024-04-19T22:11:04.329 INFO:teuthology.orchestra.run.smithi018.stderr:2024-04-19T22:11:04.347+0000 7f2a837fe700 1 -- 172.21.15.18:0/4261488823 <== mon.0 v2:172.21.15.18:3300/0 4 ==== mgrmap(e 13) v1 ==== 45612+0+0 (secure 0 0 0) 0x7f2a8800b960 con 0x7f2a8c0ff760
2024-04-19T22:11:04.329 INFO:teuthology.orchestra.run.smithi018.stderr:2024-04-19T22:11:04.347+0000 7f2a94700700 1 -- 172.21.15.18:0/4261488823 --> [v2:172.21.15.18:3300/0,v1:172.21.15.18:6789/0] -- mon_command({"prefix": "get_command_descriptions"} v 0) v1 -- 0x7f2a8c0fc1a0 con 0x7f2a8c0ff760
2024-04-19T22:11:04.329 INFO:teuthology.orchestra.run.smithi018.stderr:2024-04-19T22:11:04.347+0000 7f2a837fe700 1 --2- 172.21.15.18:0/4261488823 >> [v2:172.21.15.18:6800/2608027147,v1:172.21.15.18:6801/2608027147] conn(0x7f2a78038760 0x7f2a7803ac20 unknown :-1 s=NONE pgs=0 cs=0 l=1 rev1=0 crypto rx=0 tx=0 comp rx=0 tx=0).connect
2024-04-19T22:11:04.329 INFO:teuthology.orchestra.run.smithi018.stderr:2024-04-19T22:11:04.347+0000 7f2a837fe700 1 -- 172.21.15.18:0/4261488823 <== mon.0 v2:172.21.15.18:3300/0 5 ==== osd_map(3..3 src has 1..3) v4 ==== 1155+0+0 (secure 0 0 0) 0x7f2a8804c800 con 0x7f2a8c0ff760
2024-04-19T22:11:04.329 INFO:teuthology.orchestra.run.smithi018.stderr:2024-04-19T22:11:04.347+0000 7f2a91c9b700 1 --2- 172.21.15.18:0/4261488823 >> [v2:172.21.15.18:6800/2608027147,v1:172.21.15.18:6801/2608027147] conn(0x7f2a78038760 0x7f2a7803ac20 unknown :-1 s=BANNER_CONNECTING pgs=0 cs=0 l=1 rev1=0 crypto rx=0 tx=0 comp rx=0 tx=0)._handle_peer_banner_payload supported=3 required=0
2024-04-19T22:11:04.329 INFO:teuthology.orchestra.run.smithi018.stderr:2024-04-19T22:11:04.347+0000 7f2a91c9b700 1 --2- 172.21.15.18:0/4261488823 >> [v2:172.21.15.18:6800/2608027147,v1:172.21.15.18:6801/2608027147] conn(0x7f2a78038760 0x7f2a7803ac20 secure :-1 s=READY pgs=12 cs=0 l=1 rev1=1 crypto rx=0x7f2a7c006fd0 tx=0x7f2a7c006e40 comp rx=0 tx=0).ready entity=mgr.14164 client_cookie=0 server_cookie=0 in_seq=0 out_seq=0
2024-04-19T22:11:04.332 INFO:teuthology.orchestra.run.smithi018.stderr:2024-04-19T22:11:04.352+0000 7f2a837fe700 1 -- 172.21.15.18:0/4261488823 <== mon.0 v2:172.21.15.18:3300/0 6 ==== mon_command_ack([{"prefix": "get_command_descriptions"}]=0 v0) v1 ==== 72+0+183351 (secure 0 0 0) 0x7f2a8800bd00 con 0x7f2a8c0ff760
2024-04-19T22:11:04.534 INFO:teuthology.orchestra.run.smithi018.stderr:2024-04-19T22:11:04.554+0000 7f2a94700700 1 -- 172.21.15.18:0/4261488823 --> [v2:172.21.15.18:3300/0,v1:172.21.15.18:6789/0] -- mon_command([{prefix=config set, name=mgr/cephadm/allow_ptrace}] v 0) v1 -- 0x7f2a8c1056c0 con 0x7f2a8c0ff760
2024-04-19T22:11:04.537 INFO:teuthology.orchestra.run.smithi018.stderr:2024-04-19T22:11:04.557+0000 7f2a837fe700 1 -- 172.21.15.18:0/4261488823 <== mon.0 v2:172.21.15.18:3300/0 7 ==== mon_command_ack([{prefix=config set, name=mgr/cephadm/allow_ptrace}]=0 v9)=0 v9) v1 ==== 125+0+0 (secure 0 0 0) 0x7f2a88027020 con 0x7f2a8c0ff760
2024-04-19T22:11:04.539 INFO:teuthology.orchestra.run.smithi018.stderr:2024-04-19T22:11:04.559+0000 7f2a94700700 1 -- 172.21.15.18:0/4261488823 >> [v2:172.21.15.18:6800/2608027147,v1:172.21.15.18:6801/2608027147] conn(0x7f2a78038760 msgr2=0x7f2a7803ac20 secure :-1 s=STATE_CONNECTION_ESTABLISHED l=1).mark_down
2024-04-19T22:11:04.539 INFO:teuthology.orchestra.run.smithi018.stderr:2024-04-19T22:11:04.559+0000 7f2a94700700 1 --2- 172.21.15.18:0/4261488823 >> [v2:172.21.15.18:6800/2608027147,v1:172.21.15.18:6801/2608027147] conn(0x7f2a78038760 0x7f2a7803ac20 secure :-1 s=READY pgs=12 cs=0 l=1 rev1=1 crypto rx=0x7f2a7c006fd0 tx=0x7f2a7c006e40 comp rx=0 tx=0).stop
2024-04-19T22:11:04.539 INFO:teuthology.orchestra.run.smithi018.stderr:2024-04-19T22:11:04.559+0000 7f2a94700700 1 -- 172.21.15.18:0/4261488823 >> [v2:172.21.15.18:3300/0,v1:172.21.15.18:6789/0] conn(0x7f2a8c0ff760 msgr2=0x7f2a8c0fcb20 secure :-1 s=STATE_CONNECTION_ESTABLISHED l=1).mark_down
2024-04-19T22:11:04.539 INFO:teuthology.orchestra.run.smithi018.stderr:2024-04-19T22:11:04.559+0000 7f2a94700700 1 --2- 172.21.15.18:0/4261488823 >> [v2:172.21.15.18:3300/0,v1:172.21.15.18:6789/0] conn(0x7f2a8c0ff760 0x7f2a8c0fcb20 secure :-1 s=READY pgs=93 cs=0 l=1 rev1=1 crypto rx=0x7f2a88006010 tx=0x7f2a88009f80 comp rx=0 tx=0).stop
2024-04-19T22:11:04.540 INFO:teuthology.orchestra.run.smithi018.stderr:2024-04-19T22:11:04.559+0000 7f2a94700700 1 -- 172.21.15.18:0/4261488823 shutdown_connections
2024-04-19T22:11:04.540 INFO:teuthology.orchestra.run.smithi018.stderr:2024-04-19T22:11:04.559+0000 7f2a94700700 1 --2- 172.21.15.18:0/4261488823 >> [v2:172.21.15.18:6800/2608027147,v1:172.21.15.18:6801/2608027147] conn(0x7f2a78038760 0x7f2a7803ac20 unknown :-1 s=CLOSED pgs=12 cs=0 l=1 rev1=1 crypto rx=0 tx=0 comp rx=0 tx=0).stop
2024-04-19T22:11:04.540 INFO:teuthology.orchestra.run.smithi018.stderr:2024-04-19T22:11:04.559+0000 7f2a94700700 1 --2- 172.21.15.18:0/4261488823 >> [v2:172.21.15.18:3300/0,v1:172.21.15.18:6789/0] conn(0x7f2a8c0ff760 0x7f2a8c0fcb20 unknown :-1 s=CLOSED pgs=93 cs=0 l=1 rev1=1 crypto rx=0 tx=0 comp rx=0 tx=0).stop
2024-04-19T22:11:04.540 INFO:teuthology.orchestra.run.smithi018.stderr:2024-04-19T22:11:04.559+0000 7f2a94700700 1 -- 172.21.15.18:0/4261488823 >> 172.21.15.18:0/4261488823 conn(0x7f2a8c0fad00 msgr2=0x7f2a8c0690c0 unknown :-1 s=STATE_NONE l=0).mark_down
2024-04-19T22:11:04.540 INFO:teuthology.orchestra.run.smithi018.stderr:2024-04-19T22:11:04.559+0000 7f2a94700700 1 -- 172.21.15.18:0/4261488823 shutdown_connections
2024-04-19T22:11:04.540 INFO:teuthology.orchestra.run.smithi018.stderr:2024-04-19T22:11:04.559+0000 7f2a94700700 1 -- 172.21.15.18:0/4261488823 wait complete.
2024-04-19T22:11:04.706 INFO:journalctl@ceph.mon.smithi018.smithi018.stdout:Apr 19 22:11:04 smithi018 ceph-mon[16953]: from='mgr.14164 172.21.15.18:0/2772456437' entity='mgr.smithi018.zunsja'
2024-04-19T22:11:04.706 INFO:journalctl@ceph.mon.smithi018.smithi018.stdout:Apr 19 22:11:04 smithi018 ceph-mon[16953]: from='mgr.14164 172.21.15.18:0/2772456437' entity='mgr.smithi018.zunsja'
2024-04-19T22:11:04.706 INFO:journalctl@ceph.mon.smithi018.smithi018.stdout:Apr 19 22:11:04 smithi018 ceph-mon[16953]: from='mgr.14164 172.21.15.18:0/2772456437' entity='mgr.smithi018.zunsja' cmd=[{"prefix": "config rm", "who": "osd/host:smithi018", "name": "osd_memory_target"}]: dispatch
2024-04-19T22:11:04.706 INFO:journalctl@ceph.mon.smithi018.smithi018.stdout:Apr 19 22:11:04 smithi018 ceph-mon[16953]: from='mgr.14164 172.21.15.18:0/2772456437' entity='mgr.smithi018.zunsja'
2024-04-19T22:11:04.706 INFO:journalctl@ceph.mon.smithi018.smithi018.stdout:Apr 19 22:11:04 smithi018 ceph-mon[16953]: from='mgr.14164 172.21.15.18:0/2772456437' entity='mgr.smithi018.zunsja' cmd=[{"prefix": "auth get-or-create", "entity": "client.ceph-exporter.smithi018", "caps": ["mon", "profile ceph-exporter", "mon", "allow r", "mgr", "allow r", "osd", "allow r"]}]: dispatch
2024-04-19T22:11:04.706 INFO:journalctl@ceph.mon.smithi018.smithi018.stdout:Apr 19 22:11:04 smithi018 ceph-mon[16953]: from='mgr.14164 172.21.15.18:0/2772456437' entity='mgr.smithi018.zunsja' cmd='[{"prefix": "auth get-or-create", "entity": "client.ceph-exporter.smithi018", "caps": ["mon", "profile ceph-exporter", "mon", "allow r", "mgr", "allow r", "osd", "allow r"]}]': finished
2024-04-19T22:11:04.707 INFO:journalctl@ceph.mon.smithi018.smithi018.stdout:Apr 19 22:11:04 smithi018 ceph-mon[16953]: from='mgr.14164 172.21.15.18:0/2772456437' entity='mgr.smithi018.zunsja' cmd=[{"prefix": "config generate-minimal-conf"}]: dispatch
2024-04-19T22:11:04.707 INFO:journalctl@ceph.mon.smithi018.smithi018.stdout:Apr 19 22:11:04 smithi018 ceph-mon[16953]: Deploying daemon ceph-exporter.smithi018 on smithi018
2024-04-19T22:11:05.138 INFO:tasks.cephadm:Distributing conf and client.admin keyring to all hosts + 0755
2024-04-19T22:11:05.139 DEBUG:teuthology.orchestra.run.smithi018:> sudo /home/ubuntu/cephtest/cephadm --image quay.ceph.io/ceph-ci/ceph:reef shell -c /etc/ceph/ceph.conf -k /etc/ceph/ceph.client.admin.keyring --fsid 6aec05ca-fe99-11ee-bc92-c7b262605968 -- ceph orch client-keyring set client.admin '*' --mode 0755
2024-04-19T22:11:05.351 INFO:teuthology.orchestra.run.smithi018.stderr:Inferring config /var/lib/ceph/6aec05ca-fe99-11ee-bc92-c7b262605968/mon.smithi018/config
2024-04-19T22:11:05.827 INFO:journalctl@ceph.mon.smithi018.smithi018.stdout:Apr 19 22:11:05 smithi018 ceph-mon[16953]: from='client.? 172.21.15.18:0/4261488823' entity='client.admin'
2024-04-19T22:11:07.657 INFO:teuthology.orchestra.run.smithi018.stderr:2024-04-19T22:11:07.676+0000 7f9826022700 1 -- 172.21.15.18:0/4000609480 >> [v2:172.21.15.18:3300/0,v1:172.21.15.18:6789/0] conn(0x7f9820101310 msgr2=0x7f9820103700 secure :-1 s=STATE_CONNECTION_ESTABLISHED l=1).mark_down
2024-04-19T22:11:07.657 INFO:teuthology.orchestra.run.smithi018.stderr:2024-04-19T22:11:07.676+0000 7f9826022700 1 --2- 172.21.15.18:0/4000609480 >> [v2:172.21.15.18:3300/0,v1:172.21.15.18:6789/0] conn(0x7f9820101310 0x7f9820103700 secure :-1 s=READY pgs=94 cs=0 l=1 rev1=1 crypto rx=0x7f9810009910 tx=0x7f9810009c20 comp rx=0 tx=0).stop
2024-04-19T22:11:07.657 INFO:teuthology.orchestra.run.smithi018.stderr:2024-04-19T22:11:07.676+0000 7f9826022700 1 -- 172.21.15.18:0/4000609480 shutdown_connections
2024-04-19T22:11:07.657 INFO:teuthology.orchestra.run.smithi018.stderr:2024-04-19T22:11:07.676+0000 7f9826022700 1 --2- 172.21.15.18:0/4000609480 >> [v2:172.21.15.18:3300/0,v1:172.21.15.18:6789/0] conn(0x7f9820101310 0x7f9820103700 unknown :-1 s=CLOSED pgs=94 cs=0 l=1 rev1=1 crypto rx=0 tx=0 comp rx=0 tx=0).stop
2024-04-19T22:11:07.658 INFO:teuthology.orchestra.run.smithi018.stderr:2024-04-19T22:11:07.676+0000 7f9826022700 1 -- 172.21.15.18:0/4000609480 >> 172.21.15.18:0/4000609480 conn(0x7f98200fad40 msgr2=0x7f98200fd160 unknown :-1 s=STATE_NONE l=0).mark_down
2024-04-19T22:11:07.658 INFO:teuthology.orchestra.run.smithi018.stderr:2024-04-19T22:11:07.676+0000 7f9826022700 1 -- 172.21.15.18:0/4000609480 shutdown_connections
2024-04-19T22:11:07.658 INFO:teuthology.orchestra.run.smithi018.stderr:2024-04-19T22:11:07.676+0000 7f9826022700 1 -- 172.21.15.18:0/4000609480 wait complete.
