2024-04-19T22:10:41.640 INFO:teuthology.orchestra.run.smithi018.stdout:/usr/bin/ceph: stderr
2024-04-19T22:10:41.121+0000 7f455cd32700 1 -- 172.21.15.18:0/242950297 >> [v2:172.21.15.18:6800/1153463733,v1:172.21.15.18:6801/1153463733] conn(0x7f4540038730 msgr2=0x7f454003abf0 secure :-1 s=STATE_CONNECTION_ESTABLISHED l=1).mark_down
2024-04-19T22:10:41.640 INFO:teuthology.orchestra.run.smithi018.stdout:/usr/bin/ceph: stderr
2024-04-19T22:10:41.121+0000 7f455cd32700 1 --2- 172.21.15.18:0/242950297 >> [v2:172.21.15.18:6800/1153463733,v1:172.21.15.18:6801/1153463733] conn(0x7f4540038730 0x7f454003abf0 secure :-1 s=READY pgs=19 cs=0 l=1 rev1=1 crypto rx=0x7f454c006fd0 tx=0x7f454c006e40 comp rx=0 tx=0).stop
2024-04-19T22:10:41.640 INFO:teuthology.orchestra.run.smithi018.stdout:/usr/bin/ceph: stderr
2024-04-19T22:10:41.121+0000 7f455cd32700 1 -- 172.21.15.18:0/242950297 >> [v2:172.21.15.18:3300/0,v1:172.21.15.18:6789/0] conn(0x7f45581065c0 msgr2=0x7f455819a330 secure :-1 s=STATE_CONNECTION_ESTABLISHED l=1).mark_down
2024-04-19T22:10:41.640 INFO:teuthology.orchestra.run.smithi018.stdout:/usr/bin/ceph: stderr
2024-04-19T22:10:41.121+0000 7f455cd32700 1 --2- 172.21.15.18:0/242950297 >> [v2:172.21.15.18:3300/0,v1:172.21.15.18:6789/0] conn(0x7f45581065c0 0x7f455819a330 secure :-1 s=READY pgs=62 cs=0 l=1 rev1=1 crypto rx=0x7f4548009fb0 tx=0x7f4548011890 comp rx=0 tx=0).stop
2024-04-19T22:10:41.640 INFO:teuthology.orchestra.run.smithi018.stdout:/usr/bin/ceph: stderr
2024-04-19T22:10:41.121+0000 7f455cd32700 1 -- 172.21.15.18:0/242950297 shutdown_connections
2024-04-19T22:10:41.640 INFO:teuthology.orchestra.run.smithi018.stdout:/usr/bin/ceph: stderr
2024-04-19T22:10:41.121+0000 7f455cd32700 1 --2- 172.21.15.18:0/242950297 >> [v2:172.21.15.18:6800/1153463733,v1:172.21.15.18:6801/1153463733] conn(0x7f4540038730 0x7f454003abf0 unknown :-1 s=CLOSED pgs=19 cs=0 l=1 rev1=1 crypto rx=0 tx=0 comp rx=0 tx=0).stop
2024-04-19T22:10:41.640 INFO:teuthology.orchestra.run.smithi018.stdout:/usr/bin/ceph: stderr
2024-04-19T22:10:41.121+0000 7f455cd32700 1 --2- 172.21.15.18:0/242950297 >> [v2:172.21.15.18:3300/0,v1:172.21.15.18:6789/0] conn(0x7f45581065c0 0x7f455819a330 unknown :-1 s=CLOSED pgs=62 cs=0 l=1 rev1=1 crypto rx=0 tx=0 comp rx=0 tx=0).stop
2024-04-19T22:10:41.640 INFO:teuthology.orchestra.run.smithi018.stdout:/usr/bin/ceph: stderr
2024-04-19T22:10:41.121+0000 7f455cd32700 1 -- 172.21.15.18:0/242950297 >> 172.21.15.18:0/242950297 conn(0x7f4558101be0 msgr2=0x7f4558102760 unknown :-1 s=STATE_NONE l=0).mark_down
2024-04-19T22:10:41.640 INFO:teuthology.orchestra.run.smithi018.stdout:/usr/bin/ceph: stderr
2024-04-19T22:10:41.121+0000 7f455cd32700 1 -- 172.21.15.18:0/242950297 shutdown_connections
2024-04-19T22:10:41.640 INFO:teuthology.orchestra.run.smithi018.stdout:/usr/bin/ceph: stderr
2024-04-19T22:10:41.121+0000 7f455cd32700 1 -- 172.21.15.18:0/242950297 wait complete.
2024-04-19T22:10:42.257 INFO:journalctl@ceph.mon.smithi018.smithi018.stdout:Apr 19 22:10:42 smithi018 ceph-mon[16953]: from='client.14156 -' entity='client.admin' cmd=[{"prefix": "orch apply", "service_type": "alertmanager", "target": ["mon-mgr", ""]}]: dispatch
2024-04-19T22:10:42.257 INFO:journalctl@ceph.mon.smithi018.smithi018.stdout:Apr 19 22:10:42 smithi018 ceph-mon[16953]: Saving service alertmanager spec with placement count:1
2024-04-19T22:10:42.257 INFO:journalctl@ceph.mon.smithi018.smithi018.stdout:Apr 19 22:10:42 smithi018 ceph-mon[16953]: from='mgr.14120 172.21.15.18:0/3261627853' entity='mgr.smithi018.zunsja'
2024-04-19T22:10:42.858 INFO:teuthology.orchestra.run.smithi018.stdout:/usr/bin/ceph: stderr
2024-04-19T22:10:42.047+0000 7f00070bc700 1 Processor -- start
2024-04-19T22:10:42.859 INFO:teuthology.orchestra.run.smithi018.stdout:/usr/bin/ceph: stderr
2024-04-19T22:10:42.047+0000 7f00070bc700 1 -- start start
2024-04-19T22:10:42.859 INFO:teuthology.orchestra.run.smithi018.stdout:/usr/bin/ceph: stderr
2024-04-19T22:10:42.047+0000 7f00070bc700 1 --2- >> [v2:172.21.15.18:3300/0,v1:172.21.15.18:6789/0] conn(0x7f00001048d0 0x7f0000104cf0 unknown :-1 s=NONE pgs=0 cs=0 l=0 rev1=0 crypto rx=0 tx=0 comp rx=0 tx=0).connect
2024-04-19T22:10:42.859 INFO:teuthology.orchestra.run.smithi018.stdout:/usr/bin/ceph: stderr
2024-04-19T22:10:42.047+0000 7f00070bc700 1 -- --> [v2:172.21.15.18:3300/0,v1:172.21.15.18:6789/0] -- mon_getmap magic: 0 v1 -- 0x7f00001052c0 con 0x7f00001048d0
2024-04-19T22:10:42.859 INFO:teuthology.orchestra.run.smithi018.stdout:/usr/bin/ceph: stderr
2024-04-19T22:10:42.047+0000 7f0004e58700 1 --2- >> [v2:172.21.15.18:3300/0,v1:172.21.15.18:6789/0] conn(0x7f00001048d0 0x7f0000104cf0 unknown :-1 s=BANNER_CONNECTING pgs=0 cs=0 l=0 rev1=0 crypto rx=0 tx=0 comp rx=0 tx=0)._handle_peer_banner_payload supported=3 required=0
2024-04-19T22:10:42.859 INFO:teuthology.orchestra.run.smithi018.stdout:/usr/bin/ceph: stderr
2024-04-19T22:10:42.047+0000 7f0004e58700 1 --2- >> [v2:172.21.15.18:3300/0,v1:172.21.15.18:6789/0] conn(0x7f00001048d0 0x7f0000104cf0 unknown :-1 s=HELLO_CONNECTING pgs=0 cs=0 l=0 rev1=1 crypto rx=0 tx=0 comp rx=0 tx=0).handle_hello peer v2:172.21.15.18:3300/0 says I am v2:172.21.15.18:59118/0 (socket says 172.21.15.18:59118)
2024-04-19T22:10:42.859 INFO:teuthology.orchestra.run.smithi018.stdout:/usr/bin/ceph: stderr
2024-04-19T22:10:42.047+0000 7f0004e58700 1 -- 172.21.15.18:0/2720752571 learned_addr learned my addr 172.21.15.18:0/2720752571 (peer_addr_for_me v2:172.21.15.18:0/0)
2024-04-19T22:10:42.859 INFO:teuthology.orchestra.run.smithi018.stdout:/usr/bin/ceph: stderr
2024-04-19T22:10:42.048+0000 7f0004e58700 1 -- 172.21.15.18:0/2720752571 --> [v2:172.21.15.18:3300/0,v1:172.21.15.18:6789/0] -- mon_subscribe({config=0+,monmap=0+}) v3 -- 0x7f0000107860 con 0x7f00001048d0
2024-04-19T22:10:42.859 INFO:teuthology.orchestra.run.smithi018.stdout:/usr/bin/ceph: stderr
2024-04-19T22:10:42.048+0000 7f0004e58700 1 --2- 172.21.15.18:0/2720752571 >> [v2:172.21.15.18:3300/0,v1:172.21.15.18:6789/0] conn(0x7f00001048d0 0x7f0000104cf0 secure :-1 s=READY pgs=63 cs=0 l=1 rev1=1 crypto rx=0x7efff40098a0 tx=0x7efff4009bb0 comp rx=0 tx=0).ready entity=mon.0 client_cookie=eaf0d7ed282074a2 server_cookie=0 in_seq=0 out_seq=0
2024-04-19T22:10:42.859 INFO:teuthology.orchestra.run.smithi018.stdout:/usr/bin/ceph: stderr
2024-04-19T22:10:42.048+0000 7effff7fe700 1 -- 172.21.15.18:0/2720752571 <== mon.0 v2:172.21.15.18:3300/0 1 ==== mon_map magic: 0 v1 ==== 229+0+0 (secure 0 0 0) 0x7efff4004180 con 0x7f00001048d0
2024-04-19T22:10:42.859 INFO:teuthology.orchestra.run.smithi018.stdout:/usr/bin/ceph: stderr
2024-04-19T22:10:42.048+0000 7effff7fe700 1 -- 172.21.15.18:0/2720752571 <== mon.0 v2:172.21.15.18:3300/0 2 ==== config(27 keys) v1 ==== 1109+0+0 (secure 0 0 0) 0x7efff40042e0 con 0x7f00001048d0
2024-04-19T22:10:42.859 INFO:teuthology.orchestra.run.smithi018.stdout:/usr/bin/ceph: stderr
2024-04-19T22:10:42.048+0000 7effff7fe700 1 -- 172.21.15.18:0/2720752571 <== mon.0 v2:172.21.15.18:3300/0 3 ==== mon_map magic: 0 v1 ==== 229+0+0 (secure 0 0 0) 0x7efff4011b10 con 0x7f00001048d0
2024-04-19T22:10:42.860 INFO:teuthology.orchestra.run.smithi018.stdout:/usr/bin/ceph: stderr
2024-04-19T22:10:42.049+0000 7f00070bc700 1 -- 172.21.15.18:0/2720752571 >> [v2:172.21.15.18:3300/0,v1:172.21.15.18:6789/0] conn(0x7f00001048d0 msgr2=0x7f0000104cf0 secure :-1 s=STATE_CONNECTION_ESTABLISHED l=1).mark_down
2024-04-19T22:10:42.860 INFO:teuthology.orchestra.run.smithi018.stdout:/usr/bin/ceph: stderr
2024-04-19T22:10:42.049+0000 7f00070bc700 1 --2- 172.21.15.18:0/2720752571 >> [v2:172.21.15.18:3300/0,v1:172.21.15.18:6789/0] conn(0x7f00001048d0 0x7f0000104cf0 secure :-1 s=READY pgs=63 cs=0 l=1 rev1=1 crypto rx=0x7efff40098a0 tx=0x7efff4009bb0 comp rx=0 tx=0).stop
2024-04-19T22:10:42.860 INFO:teuthology.orchestra.run.smithi018.stdout:/usr/bin/ceph: stderr
2024-04-19T22:10:42.049+0000 7f00070bc700 1 -- 172.21.15.18:0/2720752571 shutdown_connections
2024-04-19T22:10:42.860 INFO:teuthology.orchestra.run.smithi018.stdout:/usr/bin/ceph: stderr
2024-04-19T22:10:42.049+0000 7f00070bc700 1 --2- 172.21.15.18:0/2720752571 >> [v2:172.21.15.18:3300/0,v1:172.21.15.18:6789/0] conn(0x7f00001048d0 0x7f0000104cf0 unknown :-1 s=CLOSED pgs=63 cs=0 l=1 rev1=1 crypto rx=0 tx=0 comp rx=0 tx=0).stop
2024-04-19T22:10:42.860 INFO:teuthology.orchestra.run.smithi018.stdout:/usr/bin/ceph: stderr
2024-04-19T22:10:42.049+0000 7f00070bc700 1 -- 172.21.15.18:0/2720752571 >> 172.21.15.18:0/2720752571 conn(0x7f00001001c0 msgr2=0x7f0000102640 unknown :-1 s=STATE_NONE l=0).mark_down
2024-04-19T22:10:42.860 INFO:teuthology.orchestra.run.smithi018.stdout:/usr/bin/ceph: stderr
2024-04-19T22:10:42.049+0000 7f00070bc700 1 -- 172.21.15.18:0/2720752571 shutdown_connections
2024-04-19T22:10:42.860 INFO:teuthology.orchestra.run.smithi018.stdout:/usr/bin/ceph: stderr
2024-04-19T22:10:42.049+0000 7f00070bc700 1 -- 172.21.15.18:0/2720752571 wait complete.
2024-04-19T22:10:42.860 INFO:teuthology.orchestra.run.smithi018.stdout:/usr/bin/ceph: stderr
2024-04-19T22:10:42.049+0000 7f00070bc700 1 Processor -- start
2024-04-19T22:10:42.860 INFO:teuthology.orchestra.run.smithi018.stdout:/usr/bin/ceph: stderr
2024-04-19T22:10:42.049+0000 7f00070bc700 1 -- start start
2024-04-19T22:10:42.860 INFO:teuthology.orchestra.run.smithi018.stdout:/usr/bin/ceph: stderr
2024-04-19T22:10:42.049+0000 7f00070bc700 1 --2- >> [v2:172.21.15.18:3300/0,v1:172.21.15.18:6789/0] conn(0x7f00001048d0 0x7f000019a380 unknown :-1 s=NONE pgs=0 cs=0 l=1 rev1=0 crypto rx=0 tx=0 comp rx=0 tx=0).connect
2024-04-19T22:10:42.860 INFO:teuthology.orchestra.run.smithi018.stdout:/usr/bin/ceph: stderr
2024-04-19T22:10:42.050+0000 7f00070bc700 1 -- --> [v2:172.21.15.18:3300/0,v1:172.21.15.18:6789/0] -- mon_getmap magic: 0 v1 -- 0x7f000019a8c0 con 0x7f00001048d0
2024-04-19T22:10:42.860 INFO:teuthology.orchestra.run.smithi018.stdout:/usr/bin/ceph: stderr
2024-04-19T22:10:42.050+0000 7f0004e58700 1 --2- >> [v2:172.21.15.18:3300/0,v1:172.21.15.18:6789/0] conn(0x7f00001048d0 0x7f000019a380 unknown :-1 s=BANNER_CONNECTING pgs=0 cs=0 l=1 rev1=0 crypto rx=0 tx=0 comp rx=0 tx=0)._handle_peer_banner_payload supported=3 required=0
2024-04-19T22:10:42.860 INFO:teuthology.orchestra.run.smithi018.stdout:/usr/bin/ceph: stderr
2024-04-19T22:10:42.050+0000 7f0004e58700 1 --2- >> [v2:172.21.15.18:3300/0,v1:172.21.15.18:6789/0] conn(0x7f00001048d0 0x7f000019a380 unknown :-1 s=HELLO_CONNECTING pgs=0 cs=0 l=1 rev1=1 crypto rx=0 tx=0 comp rx=0 tx=0).handle_hello peer v2:172.21.15.18:3300/0 says I am v2:172.21.15.18:59128/0 (socket says 172.21.15.18:59128)
2024-04-19T22:10:42.860 INFO:teuthology.orchestra.run.smithi018.stdout:/usr/bin/ceph: stderr
2024-04-19T22:10:42.050+0000 7f0004e58700 1 -- 172.21.15.18:0/955513212 learned_addr learned my addr 172.21.15.18:0/955513212 (peer_addr_for_me v2:172.21.15.18:0/0)
2024-04-19T22:10:42.860 INFO:teuthology.orchestra.run.smithi018.stdout:/usr/bin/ceph: stderr
2024-04-19T22:10:42.050+0000 7f0004e58700 1 -- 172.21.15.18:0/955513212 --> [v2:172.21.15.18:3300/0,v1:172.21.15.18:6789/0] -- mon_subscribe({config=0+,monmap=0+}) v3 -- 0x7efff4009550 con 0x7f00001048d0
2024-04-19T22:10:42.861 INFO:teuthology.orchestra.run.smithi018.stdout:/usr/bin/ceph: stderr
2024-04-19T22:10:42.050+0000 7f0004e58700 1 --2- 172.21.15.18:0/955513212 >> [v2:172.21.15.18:3300/0,v1:172.21.15.18:6789/0] conn(0x7f00001048d0 0x7f000019a380 secure :-1 s=READY pgs=64 cs=0 l=1 rev1=1 crypto rx=0x7efff40117b0 tx=0x7efff4011890 comp rx=0 tx=0).ready entity=mon.0 client_cookie=0 server_cookie=0 in_seq=0 out_seq=0
2024-04-19T22:10:42.861 INFO:teuthology.orchestra.run.smithi018.stdout:/usr/bin/ceph: stderr
2024-04-19T22:10:42.050+0000 7efffdffb700 1 -- 172.21.15.18:0/955513212 <== mon.0 v2:172.21.15.18:3300/0 1 ==== mon_map magic: 0 v1 ==== 229+0+0 (secure 0 0 0) 0x7efff40038b0 con 0x7f00001048d0
2024-04-19T22:10:42.861 INFO:teuthology.orchestra.run.smithi018.stdout:/usr/bin/ceph: stderr
2024-04-19T22:10:42.050+0000 7efffdffb700 1 -- 172.21.15.18:0/955513212 <== mon.0 v2:172.21.15.18:3300/0 2 ==== config(27 keys) v1 ==== 1109+0+0 (secure 0 0 0) 0x7efff4003a10 con 0x7f00001048d0
2024-04-19T22:10:42.861 INFO:teuthology.orchestra.run.smithi018.stdout:/usr/bin/ceph: stderr
2024-04-19T22:10:42.050+0000 7efffdffb700 1 -- 172.21.15.18:0/955513212 <== mon.0 v2:172.21.15.18:3300/0 3 ==== mon_map magic: 0 v1 ==== 229+0+0 (secure 0 0 0) 0x7efff40246e0 con 0x7f00001048d0
2024-04-19T22:10:42.861 INFO:teuthology.orchestra.run.smithi018.stdout:/usr/bin/ceph: stderr
2024-04-19T22:10:42.050+0000 7f00070bc700 1 -- 172.21.15.18:0/955513212 --> [v2:172.21.15.18:3300/0,v1:172.21.15.18:6789/0] -- mon_subscribe({mgrmap=0+}) v3 -- 0x7f000019aac0 con 0x7f00001048d0
2024-04-19T22:10:42.861 INFO:teuthology.orchestra.run.smithi018.stdout:/usr/bin/ceph: stderr
2024-04-19T22:10:42.050+0000 7f00070bc700 1 -- 172.21.15.18:0/955513212 --> [v2:172.21.15.18:3300/0,v1:172.21.15.18:6789/0] -- mon_subscribe({osdmap=0}) v3 -- 0x7f000019af60 con 0x7f00001048d0
2024-04-19T22:10:42.861 INFO:teuthology.orchestra.run.smithi018.stdout:/usr/bin/ceph: stderr
2024-04-19T22:10:42.051+0000 7efffdffb700 1 -- 172.21.15.18:0/955513212 <== mon.0 v2:172.21.15.18:3300/0 4 ==== mgrmap(e 8) v1 ==== 45556+0+0 (secure 0 0 0) 0x7efff401ab80 con 0x7f00001048d0
2024-04-19T22:10:42.861 INFO:teuthology.orchestra.run.smithi018.stdout:/usr/bin/ceph: stderr
2024-04-19T22:10:42.052+0000 7efffdffb700 1 --2- 172.21.15.18:0/955513212 >> [v2:172.21.15.18:6800/1153463733,v1:172.21.15.18:6801/1153463733] conn(0x7efff0038770 0x7efff003ac30 unknown :-1 s=NONE pgs=0 cs=0 l=1 rev1=0 crypto rx=0 tx=0 comp rx=0 tx=0).connect
2024-04-19T22:10:42.861 INFO:teuthology.orchestra.run.smithi018.stdout:/usr/bin/ceph: stderr
2024-04-19T22:10:42.052+0000 7f00070bc700 1 -- 172.21.15.18:0/955513212 --> [v2:172.21.15.18:3300/0,v1:172.21.15.18:6789/0] -- mon_command({"prefix": "get_command_descriptions"} v 0) v1 -- 0x7f000010aa90 con 0x7f00001048d0
2024-04-19T22:10:42.861 INFO:teuthology.orchestra.run.smithi018.stdout:/usr/bin/ceph: stderr
2024-04-19T22:10:42.052+0000 7efffdffb700 1 -- 172.21.15.18:0/955513212 <== mon.0 v2:172.21.15.18:3300/0 5 ==== osd_map(2..2 src has 1..2) v4 ==== 940+0+0 (secure 0 0 0) 0x7efff404c8f0 con 0x7f00001048d0
2024-04-19T22:10:42.861 INFO:teuthology.orchestra.run.smithi018.stdout:/usr/bin/ceph: stderr
2024-04-19T22:10:42.052+0000 7efffffff700 1 --2- 172.21.15.18:0/955513212 >> [v2:172.21.15.18:6800/1153463733,v1:172.21.15.18:6801/1153463733] conn(0x7efff0038770 0x7efff003ac30 unknown :-1 s=BANNER_CONNECTING pgs=0 cs=0 l=1 rev1=0 crypto rx=0 tx=0 comp rx=0 tx=0)._handle_peer_banner_payload supported=3 required=0
2024-04-19T22:10:42.861 INFO:teuthology.orchestra.run.smithi018.stdout:/usr/bin/ceph: stderr
2024-04-19T22:10:42.052+0000 7efffffff700 1 --2- 172.21.15.18:0/955513212 >> [v2:172.21.15.18:6800/1153463733,v1:172.21.15.18:6801/1153463733] conn(0x7efff0038770 0x7efff003ac30 secure :-1 s=READY pgs=20 cs=0 l=1 rev1=1 crypto rx=0x7effec006fd0 tx=0x7effec006e40 comp rx=0 tx=0).ready entity=mgr.14120 client_cookie=0 server_cookie=0 in_seq=0 out_seq=0
2024-04-19T22:10:42.861 INFO:teuthology.orchestra.run.smithi018.stdout:/usr/bin/ceph: stderr
2024-04-19T22:10:42.057+0000 7efffdffb700 1 -- 172.21.15.18:0/955513212 <== mon.0 v2:172.21.15.18:3300/0 6 ==== mon_command_ack([{"prefix": "get_command_descriptions"}]=0 v0) v1 ==== 72+0+183351 (secure 0 0 0) 0x7efff4010380 con 0x7f00001048d0
2024-04-19T22:10:42.862 INFO:teuthology.orchestra.run.smithi018.stdout:/usr/bin/ceph: stderr
2024-04-19T22:10:42.259+0000 7f00070bc700 1 -- 172.21.15.18:0/955513212 --> [v2:172.21.15.18:3300/0,v1:172.21.15.18:6789/0] -- mon_command([{prefix=config set, name=mgr/cephadm/container_init}] v 0) v1 -- 0x7f000019dbc0 con 0x7f00001048d0
2024-04-19T22:10:42.862 INFO:teuthology.orchestra.run.smithi018.stdout:/usr/bin/ceph: stderr
2024-04-19T22:10:42.262+0000 7efffdffb700 1 -- 172.21.15.18:0/955513212 <== mon.0 v2:172.21.15.18:3300/0 7 ==== mon_command_ack([{prefix=config set, name=mgr/cephadm/container_init}]=0 v7)=0 v7) v1 ==== 142+0+0 (secure 0 0 0) 0x7efff4029e60 con 0x7f00001048d0
2024-04-19T22:10:42.862 INFO:teuthology.orchestra.run.smithi018.stdout:/usr/bin/ceph: stderr
2024-04-19T22:10:42.264+0000 7f00070bc700 1 -- 172.21.15.18:0/955513212 >> [v2:172.21.15.18:6800/1153463733,v1:172.21.15.18:6801/1153463733] conn(0x7efff0038770 msgr2=0x7efff003ac30 secure :-1 s=STATE_CONNECTION_ESTABLISHED l=1).mark_down
2024-04-19T22:10:42.862 INFO:teuthology.orchestra.run.smithi018.stdout:/usr/bin/ceph: stderr
2024-04-19T22:10:42.264+0000 7f00070bc700 1 --2- 172.21.15.18:0/955513212 >> [v2:172.21.15.18:6800/1153463733,v1:172.21.15.18:6801/1153463733] conn(0x7efff0038770 0x7efff003ac30 secure :-1 s=READY pgs=20 cs=0 l=1 rev1=1 crypto rx=0x7effec006fd0 tx=0x7effec006e40 comp rx=0 tx=0).stop
2024-04-19T22:10:42.862 INFO:teuthology.orchestra.run.smithi018.stdout:/usr/bin/ceph: stderr
2024-04-19T22:10:42.264+0000 7f00070bc700 1 -- 172.21.15.18:0/955513212 >> [v2:172.21.15.18:3300/0,v1:172.21.15.18:6789/0] conn(0x7f00001048d0 msgr2=0x7f000019a380 secure :-1 s=STATE_CONNECTION_ESTABLISHED l=1).mark_down
2024-04-19T22:10:42.862 INFO:teuthology.orchestra.run.smithi018.stdout:/usr/bin/ceph: stderr
2024-04-19T22:10:42.264+0000 7f00070bc700 1 --2- 172.21.15.18:0/955513212 >> [v2:172.21.15.18:3300/0,v1:172.21.15.18:6789/0] conn(0x7f00001048d0 0x7f000019a380 secure :-1 s=READY pgs=64 cs=0 l=1 rev1=1 crypto rx=0x7efff40117b0 tx=0x7efff4011890 comp rx=0 tx=0).stop
2024-04-19T22:10:42.862 INFO:teuthology.orchestra.run.smithi018.stdout:/usr/bin/ceph: stderr
2024-04-19T22:10:42.264+0000 7f00070bc700 1 -- 172.21.15.18:0/955513212 shutdown_connections
2024-04-19T22:10:42.862 INFO:teuthology.orchestra.run.smithi018.stdout:/usr/bin/ceph: stderr
2024-04-19T22:10:42.264+0000 7f00070bc700 1 --2- 172.21.15.18:0/955513212 >> [v2:172.21.15.18:6800/1153463733,v1:172.21.15.18:6801/1153463733] conn(0x7efff0038770 0x7efff003ac30 unknown :-1 s=CLOSED pgs=20 cs=0 l=1 rev1=1 crypto rx=0 tx=0 comp rx=0 tx=0).stop
2024-04-19T22:10:42.862 INFO:teuthology.orchestra.run.smithi018.stdout:/usr/bin/ceph: stderr
2024-04-19T22:10:42.264+0000 7f00070bc700 1 --2- 172.21.15.18:0/955513212 >> [v2:172.21.15.18:3300/0,v1:172.21.15.18:6789/0] conn(0x7f00001048d0 0x7f000019a380 unknown :-1 s=CLOSED pgs=64 cs=0 l=1 rev1=1 crypto rx=0 tx=0 comp rx=0 tx=0).stop
2024-04-19T22:10:42.862 INFO:teuthology.orchestra.run.smithi018.stdout:/usr/bin/ceph: stderr
2024-04-19T22:10:42.264+0000 7f00070bc700 1 -- 172.21.15.18:0/955513212 >> 172.21.15.18:0/955513212 conn(0x7f00001001c0 msgr2=0x7f0000100dc0 unknown :-1 s=STATE_NONE l=0).mark_down
2024-04-19T22:10:42.863 INFO:teuthology.orchestra.run.smithi018.stdout:/usr/bin/ceph: stderr
2024-04-19T22:10:42.265+0000 7f00070bc700 1 -- 172.21.15.18:0/955513212 shutdown_connections
2024-04-19T22:10:42.863 INFO:teuthology.orchestra.run.smithi018.stdout:/usr/bin/ceph: stderr
2024-04-19T22:10:42.265+0000 7f00070bc700 1 -- 172.21.15.18:0/955513212 wait complete.
2024-04-19T22:10:43.269 INFO:journalctl@ceph.mon.smithi018.smithi018.stdout:Apr 19 22:10:43 smithi018 ceph-mon[16953]: pgmap v4: 0 pgs: ; 0 B data, 0 B used, 0 B / 0 B avail
2024-04-19T22:10:43.269 INFO:journalctl@ceph.mon.smithi018.smithi018.stdout:Apr 19 22:10:43 smithi018 ceph-mon[16953]: from='client.? 172.21.15.18:0/955513212' entity='client.admin'
2024-04-19T22:10:44.106 INFO:teuthology.orchestra.run.smithi018.stdout:/usr/bin/ceph: stderr
2024-04-19T22:10:43.293+0000 7f18479cb700 1 Processor -- start
2024-04-19T22:10:44.106 INFO:teuthology.orchestra.run.smithi018.stdout:/usr/bin/ceph: stderr
2024-04-19T22:10:43.293+0000 7f18479cb700 1 -- start start
2024-04-19T22:10:44.106 INFO:teuthology.orchestra.run.smithi018.stdout:/usr/bin/ceph: stderr
2024-04-19T22:10:43.293+0000 7f18479cb700 1 --2- >> [v2:172.21.15.18:3300/0,v1:172.21.15.18:6789/0] conn(0x7f18401070d0 0x7f18401094c0 unknown :-1 s=NONE pgs=0 cs=0 l=0 rev1=0 crypto rx=0 tx=0 comp rx=0 tx=0).connect
2024-04-19T22:10:44.106 INFO:teuthology.orchestra.run.smithi018.stdout:/usr/bin/ceph: stderr
2024-04-19T22:10:43.293+0000 7f18479cb700 1 -- --> [v2:172.21.15.18:3300/0,v1:172.21.15.18:6789/0] -- mon_getmap magic: 0 v1 -- 0x7f1840079e10 con 0x7f18401070d0
2024-04-19T22:10:44.106 INFO:teuthology.orchestra.run.smithi018.stdout:/usr/bin/ceph: stderr
2024-04-19T22:10:43.294+0000 7f1845767700 1 --2- >> [v2:172.21.15.18:3300/0,v1:172.21.15.18:6789/0] conn(0x7f18401070d0 0x7f18401094c0 unknown :-1 s=BANNER_CONNECTING pgs=0 cs=0 l=0 rev1=0 crypto rx=0 tx=0 comp rx=0 tx=0)._handle_peer_banner_payload supported=3 required=0
2024-04-19T22:10:44.106 INFO:teuthology.orchestra.run.smithi018.stdout:/usr/bin/ceph: stderr
2024-04-19T22:10:43.294+0000 7f1845767700 1 --2- >> [v2:172.21.15.18:3300/0,v1:172.21.15.18:6789/0] conn(0x7f18401070d0 0x7f18401094c0 unknown :-1 s=HELLO_CONNECTING pgs=0 cs=0 l=0 rev1=1 crypto rx=0 tx=0 comp rx=0 tx=0).handle_hello peer v2:172.21.15.18:3300/0 says I am v2:172.21.15.18:59132/0 (socket says 172.21.15.18:59132)
2024-04-19T22:10:44.107 INFO:teuthology.orchestra.run.smithi018.stdout:/usr/bin/ceph: stderr
2024-04-19T22:10:43.294+0000 7f1845767700 1 -- 172.21.15.18:0/1006818775 learned_addr learned my addr 172.21.15.18:0/1006818775 (peer_addr_for_me v2:172.21.15.18:0/0)
2024-04-19T22:10:44.107 INFO:teuthology.orchestra.run.smithi018.stdout:/usr/bin/ceph: stderr
2024-04-19T22:10:43.294+0000 7f1845767700 1 -- 172.21.15.18:0/1006818775 --> [v2:172.21.15.18:3300/0,v1:172.21.15.18:6789/0] -- mon_subscribe({config=0+,monmap=0+}) v3 -- 0x7f1840079f50 con 0x7f18401070d0
2024-04-19T22:10:44.107 INFO:teuthology.orchestra.run.smithi018.stdout:/usr/bin/ceph: stderr
2024-04-19T22:10:43.294+0000 7f1845767700 1 --2- 172.21.15.18:0/1006818775 >> [v2:172.21.15.18:3300/0,v1:172.21.15.18:6789/0] conn(0x7f18401070d0 0x7f18401094c0 secure :-1 s=READY pgs=65 cs=0 l=1 rev1=1 crypto rx=0x7f183c0098a0 tx=0x7f183c009bb0 comp rx=0 tx=0).ready entity=mon.0 client_cookie=92b424f496fe2e33 server_cookie=0 in_seq=0 out_seq=0
2024-04-19T22:10:44.107 INFO:teuthology.orchestra.run.smithi018.stdout:/usr/bin/ceph: stderr
2024-04-19T22:10:43.294+0000 7f1837fff700 1 -- 172.21.15.18:0/1006818775 <== mon.0 v2:172.21.15.18:3300/0 1 ==== mon_map magic: 0 v1 ==== 229+0+0 (secure 0 0 0) 0x7f183c004180 con 0x7f18401070d0
2024-04-19T22:10:44.107 INFO:teuthology.orchestra.run.smithi018.stdout:/usr/bin/ceph: stderr
2024-04-19T22:10:43.294+0000 7f1837fff700 1 -- 172.21.15.18:0/1006818775 <== mon.0 v2:172.21.15.18:3300/0 2 ==== config(27 keys) v1 ==== 1109+0+0 (secure 0 0 0) 0x7f183c0042e0 con 0x7f18401070d0
2024-04-19T22:10:44.107 INFO:teuthology.orchestra.run.smithi018.stdout:/usr/bin/ceph: stderr
2024-04-19T22:10:43.294+0000 7f1837fff700 1 -- 172.21.15.18:0/1006818775 <== mon.0 v2:172.21.15.18:3300/0 3 ==== mon_map magic: 0 v1 ==== 229+0+0 (secure 0 0 0) 0x7f183c011b10 con 0x7f18401070d0
2024-04-19T22:10:44.107 INFO:teuthology.orchestra.run.smithi018.stdout:/usr/bin/ceph: stderr
2024-04-19T22:10:43.295+0000 7f18479cb700 1 -- 172.21.15.18:0/1006818775 >> [v2:172.21.15.18:3300/0,v1:172.21.15.18:6789/0] conn(0x7f18401070d0 msgr2=0x7f18401094c0 secure :-1 s=STATE_CONNECTION_ESTABLISHED l=1).mark_down
2024-04-19T22:10:44.107 INFO:teuthology.orchestra.run.smithi018.stdout:/usr/bin/ceph: stderr
2024-04-19T22:10:43.295+0000 7f18479cb700 1 --2- 172.21.15.18:0/1006818775 >> [v2:172.21.15.18:3300/0,v1:172.21.15.18:6789/0] conn(0x7f18401070d0 0x7f18401094c0 secure :-1 s=READY pgs=65 cs=0 l=1 rev1=1 crypto rx=0x7f183c0098a0 tx=0x7f183c009bb0 comp rx=0 tx=0).stop
2024-04-19T22:10:44.107 INFO:teuthology.orchestra.run.smithi018.stdout:/usr/bin/ceph: stderr
2024-04-19T22:10:43.295+0000 7f18479cb700 1 -- 172.21.15.18:0/1006818775 shutdown_connections
2024-04-19T22:10:44.107 INFO:teuthology.orchestra.run.smithi018.stdout:/usr/bin/ceph: stderr
2024-04-19T22:10:43.295+0000 7f18479cb700 1 --2- 172.21.15.18:0/1006818775 >> [v2:172.21.15.18:3300/0,v1:172.21.15.18:6789/0] conn(0x7f18401070d0 0x7f18401094c0 unknown :-1 s=CLOSED pgs=65 cs=0 l=1 rev1=1 crypto rx=0 tx=0 comp rx=0 tx=0).stop
2024-04-19T22:10:44.107 INFO:teuthology.orchestra.run.smithi018.stdout:/usr/bin/ceph: stderr
2024-04-19T22:10:43.295+0000 7f18479cb700 1 -- 172.21.15.18:0/1006818775 >> 172.21.15.18:0/1006818775 conn(0x7f1840100aa0 msgr2=0x7f1840102ec0 unknown :-1 s=STATE_NONE l=0).mark_down
2024-04-19T22:10:44.107 INFO:teuthology.orchestra.run.smithi018.stdout:/usr/bin/ceph: stderr
2024-04-19T22:10:43.295+0000 7f18479cb700 1 -- 172.21.15.18:0/1006818775 shutdown_connections
2024-04-19T22:10:44.107 INFO:teuthology.orchestra.run.smithi018.stdout:/usr/bin/ceph: stderr
2024-04-19T22:10:43.295+0000 7f18479cb700 1 -- 172.21.15.18:0/1006818775 wait complete.
2024-04-19T22:10:44.108 INFO:teuthology.orchestra.run.smithi018.stdout:/usr/bin/ceph: stderr
2024-04-19T22:10:43.295+0000 7f18479cb700 1 Processor -- start
2024-04-19T22:10:44.108 INFO:teuthology.orchestra.run.smithi018.stdout:/usr/bin/ceph: stderr
2024-04-19T22:10:43.296+0000 7f18479cb700 1 -- start start
2024-04-19T22:10:44.108 INFO:teuthology.orchestra.run.smithi018.stdout:/usr/bin/ceph: stderr
2024-04-19T22:10:43.296+0000 7f18479cb700 1 --2- >> [v2:172.21.15.18:3300/0,v1:172.21.15.18:6789/0] conn(0x7f18401070d0 0x7f184019c4e0 unknown :-1 s=NONE pgs=0 cs=0 l=1 rev1=0 crypto rx=0 tx=0 comp rx=0 tx=0).connect
2024-04-19T22:10:44.108 INFO:teuthology.orchestra.run.smithi018.stdout:/usr/bin/ceph: stderr
2024-04-19T22:10:43.296+0000 7f18479cb700 1 -- --> [v2:172.21.15.18:3300/0,v1:172.21.15.18:6789/0] -- mon_getmap magic: 0 v1 -- 0x7f184019ca20 con 0x7f18401070d0
2024-04-19T22:10:44.108 INFO:teuthology.orchestra.run.smithi018.stdout:/usr/bin/ceph: stderr
2024-04-19T22:10:43.296+0000 7f1845767700 1 --2- >> [v2:172.21.15.18:3300/0,v1:172.21.15.18:6789/0] conn(0x7f18401070d0 0x7f184019c4e0 unknown :-1 s=BANNER_CONNECTING pgs=0 cs=0 l=1 rev1=0 crypto rx=0 tx=0 comp rx=0 tx=0)._handle_peer_banner_payload supported=3 required=0
2024-04-19T22:10:44.108 INFO:teuthology.orchestra.run.smithi018.stdout:/usr/bin/ceph: stderr
2024-04-19T22:10:43.296+0000 7f1845767700 1 --2- >> [v2:172.21.15.18:3300/0,v1:172.21.15.18:6789/0] conn(0x7f18401070d0 0x7f184019c4e0 unknown :-1 s=HELLO_CONNECTING pgs=0 cs=0 l=1 rev1=1 crypto rx=0 tx=0 comp rx=0 tx=0).handle_hello peer v2:172.21.15.18:3300/0 says I am v2:172.21.15.18:59136/0 (socket says 172.21.15.18:59136)
2024-04-19T22:10:44.108 INFO:teuthology.orchestra.run.smithi018.stdout:/usr/bin/ceph: stderr
2024-04-19T22:10:43.296+0000 7f1845767700 1 -- 172.21.15.18:0/1152230749 learned_addr learned my addr 172.21.15.18:0/1152230749 (peer_addr_for_me v2:172.21.15.18:0/0)
2024-04-19T22:10:44.108 INFO:teuthology.orchestra.run.smithi018.stdout:/usr/bin/ceph: stderr
2024-04-19T22:10:43.296+0000 7f1845767700 1 -- 172.21.15.18:0/1152230749 --> [v2:172.21.15.18:3300/0,v1:172.21.15.18:6789/0] -- mon_subscribe({config=0+,monmap=0+}) v3 -- 0x7f183c009550 con 0x7f18401070d0
2024-04-19T22:10:44.108 INFO:teuthology.orchestra.run.smithi018.stdout:/usr/bin/ceph: stderr
2024-04-19T22:10:43.296+0000 7f1845767700 1 --2- 172.21.15.18:0/1152230749 >> [v2:172.21.15.18:3300/0,v1:172.21.15.18:6789/0] conn(0x7f18401070d0 0x7f184019c4e0 secure :-1 s=READY pgs=66 cs=0 l=1 rev1=1 crypto rx=0x7f183c009fb0 tx=0x7f183c011890 comp rx=0 tx=0).ready entity=mon.0 client_cookie=0 server_cookie=0 in_seq=0 out_seq=0
2024-04-19T22:10:44.108 INFO:teuthology.orchestra.run.smithi018.stdout:/usr/bin/ceph: stderr
2024-04-19T22:10:43.296+0000 7f18367fc700 1 -- 172.21.15.18:0/1152230749 <== mon.0 v2:172.21.15.18:3300/0 1 ==== mon_map magic: 0 v1 ==== 229+0+0 (secure 0 0 0) 0x7f183c0038b0 con 0x7f18401070d0
2024-04-19T22:10:44.108 INFO:teuthology.orchestra.run.smithi018.stdout:/usr/bin/ceph: stderr
2024-04-19T22:10:43.296+0000 7f18367fc700 1 -- 172.21.15.18:0/1152230749 <== mon.0 v2:172.21.15.18:3300/0 2 ==== config(27 keys) v1 ==== 1109+0+0 (secure 0 0 0) 0x7f183c003a10 con 0x7f18401070d0
2024-04-19T22:10:44.108 INFO:teuthology.orchestra.run.smithi018.stdout:/usr/bin/ceph: stderr
2024-04-19T22:10:43.296+0000 7f18479cb700 1 -- 172.21.15.18:0/1152230749 --> [v2:172.21.15.18:3300/0,v1:172.21.15.18:6789/0] -- mon_subscribe({mgrmap=0+}) v3 -- 0x7f184019cc20 con 0x7f18401070d0
2024-04-19T22:10:44.108 INFO:teuthology.orchestra.run.smithi018.stdout:/usr/bin/ceph: stderr
2024-04-19T22:10:43.296+0000 7f18367fc700 1 -- 172.21.15.18:0/1152230749 <== mon.0 v2:172.21.15.18:3300/0 3 ==== mon_map magic: 0 v1 ==== 229+0+0 (secure 0 0 0) 0x7f183c019750 con 0x7f18401070d0
2024-04-19T22:10:44.108 INFO:teuthology.orchestra.run.smithi018.stdout:/usr/bin/ceph: stderr
2024-04-19T22:10:43.296+0000 7f18479cb700 1 -- 172.21.15.18:0/1152230749 --> [v2:172.21.15.18:3300/0,v1:172.21.15.18:6789/0] -- mon_subscribe({osdmap=0}) v3 -- 0x7f184019d0c0 con 0x7f18401070d0
2024-04-19T22:10:44.108 INFO:teuthology.orchestra.run.smithi018.stdout:/usr/bin/ceph: stderr
2024-04-19T22:10:43.297+0000 7f18367fc700 1 -- 172.21.15.18:0/1152230749 <== mon.0 v2:172.21.15.18:3300/0 4 ==== mgrmap(e 8) v1 ==== 45556+0+0 (secure 0 0 0) 0x7f183c0198b0 con 0x7f18401070d0
2024-04-19T22:10:44.109 INFO:teuthology.orchestra.run.smithi018.stdout:/usr/bin/ceph: stderr
2024-04-19T22:10:43.297+0000 7f18479cb700 1 -- 172.21.15.18:0/1152230749 --> [v2:172.21.15.18:3300/0,v1:172.21.15.18:6789/0] -- mon_command({"prefix": "get_command_descriptions"} v 0) v1 -- 0x7f184010a720 con 0x7f18401070d0
2024-04-19T22:10:44.109 INFO:teuthology.orchestra.run.smithi018.stdout:/usr/bin/ceph: stderr
2024-04-19T22:10:43.297+0000 7f18367fc700 1 --2- 172.21.15.18:0/1152230749 >> [v2:172.21.15.18:6800/1153463733,v1:172.21.15.18:6801/1153463733] conn(0x7f182c038730 0x7f182c03abf0 unknown :-1 s=NONE pgs=0 cs=0 l=1 rev1=0 crypto rx=0 tx=0 comp rx=0 tx=0).connect
2024-04-19T22:10:44.109 INFO:teuthology.orchestra.run.smithi018.stdout:/usr/bin/ceph: stderr
2024-04-19T22:10:43.298+0000 7f18367fc700 1 -- 172.21.15.18:0/1152230749 <== mon.0 v2:172.21.15.18:3300/0 5 ==== osd_map(2..2 src has 1..2) v4 ==== 940+0+0 (secure 0 0 0) 0x7f183c04c8e0 con 0x7f18401070d0
2024-04-19T22:10:44.109 INFO:teuthology.orchestra.run.smithi018.stdout:/usr/bin/ceph: stderr
2024-04-19T22:10:43.298+0000 7f1844f66700 1 --2- 172.21.15.18:0/1152230749 >> [v2:172.21.15.18:6800/1153463733,v1:172.21.15.18:6801/1153463733] conn(0x7f182c038730 0x7f182c03abf0 unknown :-1 s=BANNER_CONNECTING pgs=0 cs=0 l=1 rev1=0 crypto rx=0 tx=0 comp rx=0 tx=0)._handle_peer_banner_payload supported=3 required=0
2024-04-19T22:10:44.109 INFO:teuthology.orchestra.run.smithi018.stdout:/usr/bin/ceph: stderr
2024-04-19T22:10:43.298+0000 7f1844f66700 1 --2- 172.21.15.18:0/1152230749 >> [v2:172.21.15.18:6800/1153463733,v1:172.21.15.18:6801/1153463733] conn(0x7f182c038730 0x7f182c03abf0 secure :-1 s=READY pgs=21 cs=0 l=1 rev1=1 crypto rx=0x7f1830006fd0 tx=0x7f1830006e40 comp rx=0 tx=0).ready entity=mgr.14120 client_cookie=0 server_cookie=0 in_seq=0 out_seq=0
2024-04-19T22:10:44.109 INFO:teuthology.orchestra.run.smithi018.stdout:/usr/bin/ceph: stderr
2024-04-19T22:10:43.302+0000 7f18367fc700 1 -- 172.21.15.18:0/1152230749 <== mon.0 v2:172.21.15.18:3300/0 6 ==== mon_command_ack([{"prefix": "get_command_descriptions"}]=0 v0) v1 ==== 72+0+183351 (secure 0 0 0) 0x7f183c0224f0 con 0x7f18401070d0
2024-04-19T22:10:44.109 INFO:teuthology.orchestra.run.smithi018.stdout:/usr/bin/ceph: stderr
2024-04-19T22:10:43.502+0000 7f18479cb700 1 -- 172.21.15.18:0/1152230749 --> [v2:172.21.15.18:3300/0,v1:172.21.15.18:6789/0] -- mon_command([{prefix=config set, name=mgr/dashboard/ssl_server_port}] v 0) v1 -- 0x7f184010a960 con 0x7f18401070d0
2024-04-19T22:10:44.109 INFO:teuthology.orchestra.run.smithi018.stdout:/usr/bin/ceph: stderr
2024-04-19T22:10:43.505+0000 7f18367fc700 1 -- 172.21.15.18:0/1152230749 <== mon.0 v2:172.21.15.18:3300/0 7 ==== mon_command_ack([{prefix=config set, name=mgr/dashboard/ssl_server_port}]=0 v8)=0 v8) v1 ==== 130+0+0 (secure 0 0 0) 0x7f183c022310 con 0x7f18401070d0
2024-04-19T22:10:44.109 INFO:teuthology.orchestra.run.smithi018.stdout:/usr/bin/ceph: stderr
2024-04-19T22:10:43.508+0000 7f18479cb700 1 -- 172.21.15.18:0/1152230749 >> [v2:172.21.15.18:6800/1153463733,v1:172.21.15.18:6801/1153463733] conn(0x7f182c038730 msgr2=0x7f182c03abf0 secure :-1 s=STATE_CONNECTION_ESTABLISHED l=1).mark_down
2024-04-19T22:10:44.109 INFO:teuthology.orchestra.run.smithi018.stdout:/usr/bin/ceph: stderr
2024-04-19T22:10:43.508+0000 7f18479cb700 1 --2- 172.21.15.18:0/1152230749 >> [v2:172.21.15.18:6800/1153463733,v1:172.21.15.18:6801/1153463733] conn(0x7f182c038730 0x7f182c03abf0 secure :-1 s=READY pgs=21 cs=0 l=1 rev1=1 crypto rx=0x7f1830006fd0 tx=0x7f1830006e40 comp rx=0 tx=0).stop
2024-04-19T22:10:44.109 INFO:teuthology.orchestra.run.smithi018.stdout:/usr/bin/ceph: stderr
2024-04-19T22:10:43.508+0000 7f18479cb700 1 -- 172.21.15.18:0/1152230749 >> [v2:172.21.15.18:3300/0,v1:172.21.15.18:6789/0] conn(0x7f18401070d0 msgr2=0x7f184019c4e0 secure :-1 s=STATE_CONNECTION_ESTABLISHED l=1).mark_down
2024-04-19T22:10:44.109 INFO:teuthology.orchestra.run.smithi018.stdout:/usr/bin/ceph: stderr
2024-04-19T22:10:43.508+0000 7f18479cb700 1 --2- 172.21.15.18:0/1152230749 >> [v2:172.21.15.18:3300/0,v1:172.21.15.18:6789/0] conn(0x7f18401070d0 0x7f184019c4e0 secure :-1 s=READY pgs=66 cs=0 l=1 rev1=1 crypto rx=0x7f183c009fb0 tx=0x7f183c011890 comp rx=0 tx=0).stop
2024-04-19T22:10:44.109 INFO:teuthology.orchestra.run.smithi018.stdout:/usr/bin/ceph: stderr
2024-04-19T22:10:43.508+0000 7f18479cb700 1 -- 172.21.15.18:0/1152230749 shutdown_connections
2024-04-19T22:10:44.109 INFO:teuthology.orchestra.run.smithi018.stdout:/usr/bin/ceph: stderr
2024-04-19T22:10:43.508+0000 7f18479cb700 1 --2- 172.21.15.18:0/1152230749 >> [v2:172.21.15.18:6800/1153463733,v1:172.21.15.18:6801/1153463733] conn(0x7f182c038730 0x7f182c03abf0 unknown :-1 s=CLOSED pgs=21 cs=0 l=1 rev1=1 crypto rx=0 tx=0 comp rx=0 tx=0).stop
2024-04-19T22:10:44.110 INFO:teuthology.orchestra.run.smithi018.stdout:/usr/bin/ceph: stderr
2024-04-19T22:10:43.508+0000 7f18479cb700 1 --2- 172.21.15.18:0/1152230749 >> [v2:172.21.15.18:3300/0,v1:172.21.15.18:6789/0] conn(0x7f18401070d0 0x7f184019c4e0 unknown :-1 s=CLOSED pgs=66 cs=0 l=1 rev1=1 crypto rx=0 tx=0 comp rx=0 tx=0).stop
2024-04-19T22:10:44.110 INFO:teuthology.orchestra.run.smithi018.stdout:/usr/bin/ceph: stderr
2024-04-19T22:10:43.508+0000 7f18479cb700 1 -- 172.21.15.18:0/1152230749 >> 172.21.15.18:0/1152230749 conn(0x7f1840100aa0 msgr2=0x7f1840101590 unknown :-1 s=STATE_NONE l=0).mark_down
2024-04-19T22:10:44.110 INFO:teuthology.orchestra.run.smithi018.stdout:/usr/bin/ceph: stderr
2024-04-19T22:10:43.508+0000 7f18479cb700 1 -- 172.21.15.18:0/1152230749 shutdown_connections
2024-04-19T22:10:44.110 INFO:teuthology.orchestra.run.smithi018.stdout:/usr/bin/ceph: stderr
2024-04-19T22:10:43.508+0000 7f18479cb700 1 -- 172.21.15.18:0/1152230749 wait complete.
2024-04-19T22:10:44.110 INFO:teuthology.orchestra.run.smithi018.stdout:Enabling the dashboard module...
2024-04-19T22:10:44.517 INFO:journalctl@ceph.mon.smithi018.smithi018.stdout:Apr 19 22:10:44 smithi018 ceph-mon[16953]: pgmap v5: 0 pgs: ; 0 B data, 0 B used, 0 B / 0 B avail
2024-04-19T22:10:44.517 INFO:journalctl@ceph.mon.smithi018.smithi018.stdout:Apr 19 22:10:44 smithi018 ceph-mon[16953]: from='client.? 172.21.15.18:0/1152230749' entity='client.admin'
2024-04-19T22:10:45.804 INFO:journalctl@ceph.mon.smithi018.smithi018.stdout:Apr 19 22:10:45 smithi018 ceph-mon[16953]: from='client.? 172.21.15.18:0/1509612352' entity='client.admin' cmd=[{"prefix": "mgr module enable", "module": "dashboard"}]: dispatch
2024-04-19T22:10:46.122 INFO:teuthology.orchestra.run.smithi018.stdout:/usr/bin/ceph: stderr
2024-04-19T22:10:44.581+0000 7fe5b90a9700 1 Processor -- start
2024-04-19T22:10:46.122 INFO:teuthology.orchestra.run.smithi018.stdout:/usr/bin/ceph: stderr
2024-04-19T22:10:44.581+0000 7fe5b90a9700 1 -- start start
2024-04-19T22:10:46.122 INFO:teuthology.orchestra.run.smithi018.stdout:/usr/bin/ceph: stderr
2024-04-19T22:10:44.581+0000 7fe5b90a9700 1 --2- >> [v2:172.21.15.18:3300/0,v1:172.21.15.18:6789/0] conn(0x7fe5b41054a0 0x7fe5b41058c0 unknown :-1 s=NONE pgs=0 cs=0 l=0 rev1=0 crypto rx=0 tx=0 comp rx=0 tx=0).connect
2024-04-19T22:10:46.122 INFO:teuthology.orchestra.run.smithi018.stdout:/usr/bin/ceph: stderr
2024-04-19T22:10:44.581+0000 7fe5b90a9700 1 -- --> [v2:172.21.15.18:3300/0,v1:172.21.15.18:6789/0] -- mon_getmap magic: 0 v1 -- 0x7fe5b4105e90 con 0x7fe5b41054a0
2024-04-19T22:10:46.122 INFO:teuthology.orchestra.run.smithi018.stdout:/usr/bin/ceph: stderr
2024-04-19T22:10:44.581+0000 7fe5b2d9d700 1 --2- >> [v2:172.21.15.18:3300/0,v1:172.21.15.18:6789/0] conn(0x7fe5b41054a0 0x7fe5b41058c0 unknown :-1 s=BANNER_CONNECTING pgs=0 cs=0 l=0 rev1=0 crypto rx=0 tx=0 comp rx=0 tx=0)._handle_peer_banner_payload supported=3 required=0
2024-04-19T22:10:46.122 INFO:teuthology.orchestra.run.smithi018.stdout:/usr/bin/ceph: stderr
2024-04-19T22:10:44.583+0000 7fe5b2d9d700 1 --2- >> [v2:172.21.15.18:3300/0,v1:172.21.15.18:6789/0] conn(0x7fe5b41054a0 0x7fe5b41058c0 unknown :-1 s=HELLO_CONNECTING pgs=0 cs=0 l=0 rev1=1 crypto rx=0 tx=0 comp rx=0 tx=0).handle_hello peer v2:172.21.15.18:3300/0 says I am v2:172.21.15.18:40418/0 (socket says 172.21.15.18:40418)
2024-04-19T22:10:46.122 INFO:teuthology.orchestra.run.smithi018.stdout:/usr/bin/ceph: stderr
2024-04-19T22:10:44.583+0000 7fe5b2d9d700 1 -- 172.21.15.18:0/836335646 learned_addr learned my addr 172.21.15.18:0/836335646 (peer_addr_for_me v2:172.21.15.18:0/0)
2024-04-19T22:10:46.122 INFO:teuthology.orchestra.run.smithi018.stdout:/usr/bin/ceph: stderr
2024-04-19T22:10:44.583+0000 7fe5b2d9d700 1 -- 172.21.15.18:0/836335646 --> [v2:172.21.15.18:3300/0,v1:172.21.15.18:6789/0] -- mon_subscribe({config=0+,monmap=0+}) v3 -- 0x7fe5b41066a0 con 0x7fe5b41054a0
2024-04-19T22:10:46.123 INFO:teuthology.orchestra.run.smithi018.stdout:/usr/bin/ceph: stderr
2024-04-19T22:10:44.583+0000 7fe5b2d9d700 1 --2- 172.21.15.18:0/836335646 >> [v2:172.21.15.18:3300/0,v1:172.21.15.18:6789/0] conn(0x7fe5b41054a0 0x7fe5b41058c0 secure :-1 s=READY pgs=67 cs=0 l=1 rev1=1 crypto rx=0x7fe5ac009e80 tx=0x7fe5ac00b330 comp rx=0 tx=0).ready entity=mon.0 client_cookie=2a6a98714ed29278 server_cookie=0 in_seq=0 out_seq=0
2024-04-19T22:10:46.123 INFO:teuthology.orchestra.run.smithi018.stdout:/usr/bin/ceph: stderr
2024-04-19T22:10:44.583+0000 7fe5b1d9b700 1 -- 172.21.15.18:0/836335646 <== mon.0 v2:172.21.15.18:3300/0 1 ==== mon_map magic: 0 v1 ==== 229+0+0 (secure 0 0 0) 0x7fe5ac00e070 con 0x7fe5b41054a0
2024-04-19T22:10:46.123 INFO:teuthology.orchestra.run.smithi018.stdout:/usr/bin/ceph: stderr
2024-04-19T22:10:44.583+0000 7fe5b1d9b700 1 -- 172.21.15.18:0/836335646 <== mon.0 v2:172.21.15.18:3300/0 2 ==== config(27 keys) v1 ==== 1109+0+0 (secure 0 0 0) 0x7fe5ac00b8c0 con 0x7fe5b41054a0
2024-04-19T22:10:46.123 INFO:teuthology.orchestra.run.smithi018.stdout:/usr/bin/ceph: stderr
2024-04-19T22:10:44.583+0000 7fe5b1d9b700 1 -- 172.21.15.18:0/836335646 <== mon.0 v2:172.21.15.18:3300/0 3 ==== mon_map magic: 0 v1 ==== 229+0+0 (secure 0 0 0) 0x7fe5ac0044d0 con 0x7fe5b41054a0
2024-04-19T22:10:46.123 INFO:teuthology.orchestra.run.smithi018.stdout:/usr/bin/ceph: stderr
2024-04-19T22:10:44.583+0000 7fe5b90a9700 1 -- 172.21.15.18:0/836335646 >> [v2:172.21.15.18:3300/0,v1:172.21.15.18:6789/0] conn(0x7fe5b41054a0 msgr2=0x7fe5b41058c0 secure :-1 s=STATE_CONNECTION_ESTABLISHED l=1).mark_down
2024-04-19T22:10:46.123 INFO:teuthology.orchestra.run.smithi018.stdout:/usr/bin/ceph: stderr
2024-04-19T22:10:44.583+0000 7fe5b90a9700 1 --2- 172.21.15.18:0/836335646 >> [v2:172.21.15.18:3300/0,v1:172.21.15.18:6789/0] conn(0x7fe5b41054a0 0x7fe5b41058c0 secure :-1 s=READY pgs=67 cs=0 l=1 rev1=1 crypto rx=0x7fe5ac009e80 tx=0x7fe5ac00b330 comp rx=0 tx=0).stop
2024-04-19T22:10:46.123 INFO:teuthology.orchestra.run.smithi018.stdout:/usr/bin/ceph: stderr
2024-04-19T22:10:44.583+0000 7fe5b90a9700 1 -- 172.21.15.18:0/836335646 shutdown_connections
2024-04-19T22:10:46.123 INFO:teuthology.orchestra.run.smithi018.stdout:/usr/bin/ceph: stderr
2024-04-19T22:10:44.583+0000 7fe5b90a9700 1 --2- 172.21.15.18:0/836335646 >> [v2:172.21.15.18:3300/0,v1:172.21.15.18:6789/0] conn(0x7fe5b41054a0 0x7fe5b41058c0 unknown :-1 s=CLOSED pgs=67 cs=0 l=1 rev1=1 crypto rx=0 tx=0 comp rx=0 tx=0).stop
2024-04-19T22:10:46.123 INFO:teuthology.orchestra.run.smithi018.stdout:/usr/bin/ceph: stderr
2024-04-19T22:10:44.583+0000 7fe5b90a9700 1 -- 172.21.15.18:0/836335646 >> 172.21.15.18:0/836335646 conn(0x7fe5b4100a60 msgr2=0x7fe5b4102e80 unknown :-1 s=STATE_NONE l=0).mark_down
2024-04-19T22:10:46.123 INFO:teuthology.orchestra.run.smithi018.stdout:/usr/bin/ceph: stderr
2024-04-19T22:10:44.583+0000 7fe5b90a9700 1 -- 172.21.15.18:0/836335646 shutdown_connections
2024-04-19T22:10:46.123 INFO:teuthology.orchestra.run.smithi018.stdout:/usr/bin/ceph: stderr
2024-04-19T22:10:44.583+0000 7fe5b90a9700 1 -- 172.21.15.18:0/836335646 wait complete.
2024-04-19T22:10:46.124 INFO:teuthology.orchestra.run.smithi018.stdout:/usr/bin/ceph: stderr
2024-04-19T22:10:44.584+0000 7fe5b90a9700 1 Processor -- start
2024-04-19T22:10:46.124 INFO:teuthology.orchestra.run.smithi018.stdout:/usr/bin/ceph: stderr
2024-04-19T22:10:44.584+0000 7fe5b90a9700 1 -- start start
2024-04-19T22:10:46.124 INFO:teuthology.orchestra.run.smithi018.stdout:/usr/bin/ceph: stderr
2024-04-19T22:10:44.584+0000 7fe5b90a9700 1 --2- >> [v2:172.21.15.18:3300/0,v1:172.21.15.18:6789/0] conn(0x7fe5b41054a0 0x7fe5b4190560 unknown :-1 s=NONE pgs=0 cs=0 l=1 rev1=0 crypto rx=0 tx=0 comp rx=0 tx=0).connect
2024-04-19T22:10:46.124 INFO:teuthology.orchestra.run.smithi018.stdout:/usr/bin/ceph: stderr
2024-04-19T22:10:44.584+0000 7fe5b90a9700 1 -- --> [v2:172.21.15.18:3300/0,v1:172.21.15.18:6789/0] -- mon_getmap magic: 0 v1 -- 0x7fe5b4190aa0 con 0x7fe5b41054a0
2024-04-19T22:10:46.124 INFO:teuthology.orchestra.run.smithi018.stdout:/usr/bin/ceph: stderr
2024-04-19T22:10:44.584+0000 7fe5b2d9d700 1 --2- >> [v2:172.21.15.18:3300/0,v1:172.21.15.18:6789/0] conn(0x7fe5b41054a0 0x7fe5b4190560 unknown :-1 s=BANNER_CONNECTING pgs=0 cs=0 l=1 rev1=0 crypto rx=0 tx=0 comp rx=0 tx=0)._handle_peer_banner_payload supported=3 required=0
2024-04-19T22:10:46.124 INFO:teuthology.orchestra.run.smithi018.stdout:/usr/bin/ceph: stderr
2024-04-19T22:10:44.584+0000 7fe5b2d9d700 1 --2- >> [v2:172.21.15.18:3300/0,v1:172.21.15.18:6789/0] conn(0x7fe5b41054a0 0x7fe5b4190560 unknown :-1 s=HELLO_CONNECTING pgs=0 cs=0 l=1 rev1=1 crypto rx=0 tx=0 comp rx=0 tx=0).handle_hello peer v2:172.21.15.18:3300/0 says I am v2:172.21.15.18:40432/0 (socket says 172.21.15.18:40432)
2024-04-19T22:10:46.124 INFO:teuthology.orchestra.run.smithi018.stdout:/usr/bin/ceph: stderr
2024-04-19T22:10:44.584+0000 7fe5b2d9d700 1 -- 172.21.15.18:0/1509612352 learned_addr learned my addr 172.21.15.18:0/1509612352 (peer_addr_for_me v2:172.21.15.18:0/0)
2024-04-19T22:10:46.124 INFO:teuthology.orchestra.run.smithi018.stdout:/usr/bin/ceph: stderr
2024-04-19T22:10:44.586+0000 7fe5b2d9d700 1 -- 172.21.15.18:0/1509612352 --> [v2:172.21.15.18:3300/0,v1:172.21.15.18:6789/0] -- mon_subscribe({config=0+,monmap=0+}) v3 -- 0x7fe5ac009b30 con 0x7fe5b41054a0
2024-04-19T22:10:46.124 INFO:teuthology.orchestra.run.smithi018.stdout:/usr/bin/ceph: stderr
2024-04-19T22:10:44.586+0000 7fe5b2d9d700 1 --2- 172.21.15.18:0/1509612352 >> [v2:172.21.15.18:3300/0,v1:172.21.15.18:6789/0] conn(0x7fe5b41054a0 0x7fe5b4190560 secure :-1 s=READY pgs=68 cs=0 l=1 rev1=1 crypto rx=0x7fe5ac0072a0 tx=0x7fe5ac00bf70 comp rx=0 tx=0).ready entity=mon.0 client_cookie=0 server_cookie=0 in_seq=0 out_seq=0
2024-04-19T22:10:46.124 INFO:teuthology.orchestra.run.smithi018.stdout:/usr/bin/ceph: stderr
2024-04-19T22:10:44.586+0000 7fe5abfff700 1 -- 172.21.15.18:0/1509612352 <== mon.0 v2:172.21.15.18:3300/0 1 ==== mon_map magic: 0 v1 ==== 229+0+0 (secure 0 0 0) 0x7fe5ac00e040 con 0x7fe5b41054a0
2024-04-19T22:10:46.124 INFO:teuthology.orchestra.run.smithi018.stdout:/usr/bin/ceph: stderr
2024-04-19T22:10:44.586+0000 7fe5abfff700 1 -- 172.21.15.18:0/1509612352 <== mon.0 v2:172.21.15.18:3300/0 2 ==== config(27 keys) v1 ==== 1109+0+0 (secure 0 0 0) 0x7fe5ac003dc0 con 0x7fe5b41054a0
2024-04-19T22:10:46.125 INFO:teuthology.orchestra.run.smithi018.stdout:/usr/bin/ceph: stderr
2024-04-19T22:10:44.586+0000 7fe5b90a9700 1 -- 172.21.15.18:0/1509612352 --> [v2:172.21.15.18:3300/0,v1:172.21.15.18:6789/0] -- mon_subscribe({mgrmap=0+}) v3 -- 0x7fe5b418ece0 con 0x7fe5b41054a0
2024-04-19T22:10:46.125 INFO:teuthology.orchestra.run.smithi018.stdout:/usr/bin/ceph: stderr
2024-04-19T22:10:44.586+0000 7fe5abfff700 1 -- 172.21.15.18:0/1509612352 <== mon.0 v2:172.21.15.18:3300/0 3 ==== mon_map magic: 0 v1 ==== 229+0+0 (secure 0 0 0) 0x7fe5ac012600 con 0x7fe5b41054a0
2024-04-19T22:10:46.125 INFO:teuthology.orchestra.run.smithi018.stdout:/usr/bin/ceph: stderr
2024-04-19T22:10:44.586+0000 7fe5b90a9700 1 -- 172.21.15.18:0/1509612352 --> [v2:172.21.15.18:3300/0,v1:172.21.15.18:6789/0] -- mon_subscribe({osdmap=0}) v3 -- 0x7fe5b418f1e0 con 0x7fe5b41054a0
2024-04-19T22:10:46.125 INFO:teuthology.orchestra.run.smithi018.stdout:/usr/bin/ceph: stderr
2024-04-19T22:10:44.587+0000 7fe5abfff700 1 -- 172.21.15.18:0/1509612352 <== mon.0 v2:172.21.15.18:3300/0 4 ==== mgrmap(e 8) v1 ==== 45556+0+0 (secure 0 0 0) 0x7fe5ac019040 con 0x7fe5b41054a0
2024-04-19T22:10:46.125 INFO:teuthology.orchestra.run.smithi018.stdout:/usr/bin/ceph: stderr
2024-04-19T22:10:44.587+0000 7fe5abfff700 1 --2- 172.21.15.18:0/1509612352 >> [v2:172.21.15.18:6800/1153463733,v1:172.21.15.18:6801/1153463733] conn(0x7fe5a00386c0 0x7fe5a003ab80 unknown :-1 s=NONE pgs=0 cs=0 l=1 rev1=0 crypto rx=0 tx=0 comp rx=0 tx=0).connect
2024-04-19T22:10:46.125 INFO:teuthology.orchestra.run.smithi018.stdout:/usr/bin/ceph: stderr
2024-04-19T22:10:44.587+0000 7fe5abfff700 1 -- 172.21.15.18:0/1509612352 <== mon.0 v2:172.21.15.18:3300/0 5 ==== osd_map(2..2 src has 1..2) v4 ==== 940+0+0 (secure 0 0 0) 0x7fe5ac04d2d0 con 0x7fe5b41054a0
2024-04-19T22:10:46.125 INFO:teuthology.orchestra.run.smithi018.stdout:/usr/bin/ceph: stderr
2024-04-19T22:10:44.587+0000 7fe5b259c700 1 --2- 172.21.15.18:0/1509612352 >> [v2:172.21.15.18:6800/1153463733,v1:172.21.15.18:6801/1153463733] conn(0x7fe5a00386c0 0x7fe5a003ab80 unknown :-1 s=BANNER_CONNECTING pgs=0 cs=0 l=1 rev1=0 crypto rx=0 tx=0 comp rx=0 tx=0)._handle_peer_banner_payload supported=3 required=0
2024-04-19T22:10:46.125 INFO:teuthology.orchestra.run.smithi018.stdout:/usr/bin/ceph: stderr
2024-04-19T22:10:44.587+0000 7fe5b90a9700 1 -- 172.21.15.18:0/1509612352 --> [v2:172.21.15.18:3300/0,v1:172.21.15.18:6789/0] -- mon_command({"prefix": "get_command_descriptions"} v 0) v1 -- 0x7fe5b4062510 con 0x7fe5b41054a0
2024-04-19T22:10:46.126 INFO:teuthology.orchestra.run.smithi018.stdout:/usr/bin/ceph: stderr
2024-04-19T22:10:44.588+0000 7fe5b259c700 1 --2- 172.21.15.18:0/1509612352 >> [v2:172.21.15.18:6800/1153463733,v1:172.21.15.18:6801/1153463733] conn(0x7fe5a00386c0 0x7fe5a003ab80 secure :-1 s=READY pgs=22 cs=0 l=1 rev1=1 crypto rx=0x7fe59c006fd0 tx=0x7fe59c006e40 comp rx=0 tx=0).ready entity=mgr.14120 client_cookie=0 server_cookie=0 in_seq=0 out_seq=0
2024-04-19T22:10:46.126 INFO:teuthology.orchestra.run.smithi018.stdout:/usr/bin/ceph: stderr
2024-04-19T22:10:44.592+0000 7fe5abfff700 1 -- 172.21.15.18:0/1509612352 <== mon.0 v2:172.21.15.18:3300/0 6 ==== mon_command_ack([{"prefix": "get_command_descriptions"}]=0 v0) v1 ==== 72+0+183351 (secure 0 0 0) 0x7fe5ac01f080 con 0x7fe5b41054a0
2024-04-19T22:10:46.126 INFO:teuthology.orchestra.run.smithi018.stdout:/usr/bin/ceph: stderr
2024-04-19T22:10:44.851+0000 7fe5b90a9700 1 -- 172.21.15.18:0/1509612352 --> [v2:172.21.15.18:3300/0,v1:172.21.15.18:6789/0] -- mon_command({"prefix": "mgr module enable", "module": "dashboard"} v 0) v1 -- 0x7fe5b4193f60 con 0x7fe5b41054a0
2024-04-19T22:10:46.126 INFO:teuthology.orchestra.run.smithi018.stdout:/usr/bin/ceph: stderr
2024-04-19T22:10:45.510+0000 7fe5abfff700 1 -- 172.21.15.18:0/1509612352 <== mon.0 v2:172.21.15.18:3300/0 7 ==== mgrmap(e 9) v1 ==== 45569+0+0 (secure 0 0 0) 0x7fe5ac01ba80 con 0x7fe5b41054a0
2024-04-19T22:10:46.126 INFO:teuthology.orchestra.run.smithi018.stdout:/usr/bin/ceph: stderr
2024-04-19T22:10:45.512+0000 7fe5abfff700 1 -- 172.21.15.18:0/1509612352 <== mon.0 v2:172.21.15.18:3300/0 8 ==== mon_command_ack([{"prefix": "mgr module enable", "module": "dashboard"}]=0 v9) v1 ==== 88+0+0 (secure 0 0 0) 0x7fe5ac017230 con 0x7fe5b41054a0
2024-04-19T22:10:46.126 INFO:teuthology.orchestra.run.smithi018.stdout:/usr/bin/ceph: stderr
2024-04-19T22:10:45.515+0000 7fe5b90a9700 1 -- 172.21.15.18:0/1509612352 >> [v2:172.21.15.18:6800/1153463733,v1:172.21.15.18:6801/1153463733] conn(0x7fe5a00386c0 msgr2=0x7fe5a003ab80 secure :-1 s=STATE_CONNECTION_ESTABLISHED l=1).mark_down
2024-04-19T22:10:46.126 INFO:teuthology.orchestra.run.smithi018.stdout:/usr/bin/ceph: stderr
2024-04-19T22:10:45.515+0000 7fe5b90a9700 1 --2- 172.21.15.18:0/1509612352 >> [v2:172.21.15.18:6800/1153463733,v1:172.21.15.18:6801/1153463733] conn(0x7fe5a00386c0 0x7fe5a003ab80 secure :-1 s=READY pgs=22 cs=0 l=1 rev1=1 crypto rx=0x7fe59c006fd0 tx=0x7fe59c006e40 comp rx=0 tx=0).stop
2024-04-19T22:10:46.126 INFO:teuthology.orchestra.run.smithi018.stdout:/usr/bin/ceph: stderr
2024-04-19T22:10:45.515+0000 7fe5b90a9700 1 -- 172.21.15.18:0/1509612352 >> [v2:172.21.15.18:3300/0,v1:172.21.15.18:6789/0] conn(0x7fe5b41054a0 msgr2=0x7fe5b4190560 secure :-1 s=STATE_CONNECTION_ESTABLISHED l=1).mark_down
2024-04-19T22:10:46.126 INFO:teuthology.orchestra.run.smithi018.stdout:/usr/bin/ceph: stderr
2024-04-19T22:10:45.515+0000 7fe5b90a9700 1 --2- 172.21.15.18:0/1509612352 >> [v2:172.21.15.18:3300/0,v1:172.21.15.18:6789/0] conn(0x7fe5b41054a0 0x7fe5b4190560 secure :-1 s=READY pgs=68 cs=0 l=1 rev1=1 crypto rx=0x7fe5ac0072a0 tx=0x7fe5ac00bf70 comp rx=0 tx=0).stop
2024-04-19T22:10:46.126 INFO:teuthology.orchestra.run.smithi018.stdout:/usr/bin/ceph: stderr
2024-04-19T22:10:45.515+0000 7fe5b90a9700 1 -- 172.21.15.18:0/1509612352 shutdown_connections
