2024-04-19T22:09:38.703+0000 7f5ee1ffb700 1 -- 172.21.15.88:0/3519300835 <== mon.0 v2:172.21.15.88:3300/0 6 ==== mon_command_ack([{"prefix": "get_command_descriptions"}]=0 v0) v1 ==== 72+0+177933 (secure 0 0 0) 0x7f5ed80237b0 con 0x7f5ee4105b10
2024-04-19T22:09:41.792 INFO:teuthology.orchestra.run.smithi088.stdout:/usr/bin/ceph: stderr
2024-04-19T22:09:38.898+0000 7f5eeaf5c700 1 -- 172.21.15.88:0/3519300835 --> [v2:172.21.15.88:6800/35308071,v1:172.21.15.88:6801/35308071] -- mgr_command(tid 0: {"prefix": "orch host add", "hostname": "smithi088", "addr": "172.21.15.88", "target": ["mon-mgr", ""]}) v1 -- 0x7f5ee4102620 con 0x7f5ed40383f0
2024-04-19T22:09:41.793 INFO:teuthology.orchestra.run.smithi088.stdout:/usr/bin/ceph: stderr
2024-04-19T22:09:41.218+0000 7f5ee1ffb700 1 -- 172.21.15.88:0/3519300835 <== mgr.14118 v2:172.21.15.88:6800/35308071 1 ==== mgr_command_reply(tid 0: 0 ) v1 ==== 8+0+48 (secure 0 0 0) 0x7f5ee4102620 con 0x7f5ed40383f0
2024-04-19T22:09:41.793 INFO:teuthology.orchestra.run.smithi088.stdout:/usr/bin/ceph: stderr
2024-04-19T22:09:41.221+0000 7f5eeaf5c700 1 -- 172.21.15.88:0/3519300835 >> [v2:172.21.15.88:6800/35308071,v1:172.21.15.88:6801/35308071] conn(0x7f5ed40383f0 msgr2=0x7f5ed403a8a0 secure :-1 s=STATE_CONNECTION_ESTABLISHED l=1).mark_down
2024-04-19T22:09:41.793 INFO:teuthology.orchestra.run.smithi088.stdout:/usr/bin/ceph: stderr
2024-04-19T22:09:41.221+0000 7f5eeaf5c700 1 --2- 172.21.15.88:0/3519300835 >> [v2:172.21.15.88:6800/35308071,v1:172.21.15.88:6801/35308071] conn(0x7f5ed40383f0 0x7f5ed403a8a0 secure :-1 s=READY pgs=11 cs=0 l=1 rev1=1 crypto rx=0x7f5ed0006fd0 tx=0x7f5ed0006e40 comp rx=0 tx=0).stop
2024-04-19T22:09:41.793 INFO:teuthology.orchestra.run.smithi088.stdout:/usr/bin/ceph: stderr
2024-04-19T22:09:41.221+0000 7f5eeaf5c700 1 -- 172.21.15.88:0/3519300835 >> [v2:172.21.15.88:3300/0,v1:172.21.15.88:6789/0] conn(0x7f5ee4105b10 msgr2=0x7f5ee407bc40 secure :-1 s=STATE_CONNECTION_ESTABLISHED l=1).mark_down
2024-04-19T22:09:41.793 INFO:teuthology.orchestra.run.smithi088.stdout:/usr/bin/ceph: stderr
2024-04-19T22:09:41.221+0000 7f5eeaf5c700 1 --2- 172.21.15.88:0/3519300835 >> [v2:172.21.15.88:3300/0,v1:172.21.15.88:6789/0] conn(0x7f5ee4105b10 0x7f5ee407bc40 secure :-1 s=READY pgs=44 cs=0 l=1 rev1=1 crypto rx=0x7f5ed8000c00 tx=0x7f5ed8011ab0 comp rx=0 tx=0).stop
2024-04-19T22:09:41.793 INFO:teuthology.orchestra.run.smithi088.stdout:/usr/bin/ceph: stderr
2024-04-19T22:09:41.221+0000 7f5eeaf5c700 1 -- 172.21.15.88:0/3519300835 shutdown_connections
2024-04-19T22:09:41.793 INFO:teuthology.orchestra.run.smithi088.stdout:/usr/bin/ceph: stderr
2024-04-19T22:09:41.221+0000 7f5eeaf5c700 1 --2- 172.21.15.88:0/3519300835 >> [v2:172.21.15.88:6800/35308071,v1:172.21.15.88:6801/35308071] conn(0x7f5ed40383f0 0x7f5ed403a8a0 unknown :-1 s=CLOSED pgs=11 cs=0 l=1 rev1=1 crypto rx=0 tx=0 comp rx=0 tx=0).stop
2024-04-19T22:09:41.793 INFO:teuthology.orchestra.run.smithi088.stdout:/usr/bin/ceph: stderr
2024-04-19T22:09:41.221+0000 7f5eeaf5c700 1 --2- 172.21.15.88:0/3519300835 >> [v2:172.21.15.88:3300/0,v1:172.21.15.88:6789/0] conn(0x7f5ee4105b10 0x7f5ee407bc40 unknown :-1 s=CLOSED pgs=44 cs=0 l=1 rev1=1 crypto rx=0 tx=0 comp rx=0 tx=0).stop
2024-04-19T22:09:41.793 INFO:teuthology.orchestra.run.smithi088.stdout:/usr/bin/ceph: stderr
2024-04-19T22:09:41.221+0000 7f5eeaf5c700 1 -- 172.21.15.88:0/3519300835 >> 172.21.15.88:0/3519300835 conn(0x7f5ee4101180 msgr2=0x7f5ee4101f10 unknown :-1 s=STATE_NONE l=0).mark_down
2024-04-19T22:09:41.793 INFO:teuthology.orchestra.run.smithi088.stdout:/usr/bin/ceph: stderr
2024-04-19T22:09:41.222+0000 7f5eeaf5c700 1 -- 172.21.15.88:0/3519300835 shutdown_connections
2024-04-19T22:09:41.793 INFO:teuthology.orchestra.run.smithi088.stdout:/usr/bin/ceph: stderr
2024-04-19T22:09:41.222+0000 7f5eeaf5c700 1 -- 172.21.15.88:0/3519300835 wait complete.
2024-04-19T22:09:41.793 INFO:teuthology.orchestra.run.smithi088.stdout:Deploying mon service with default placement...
2024-04-19T22:09:42.422 INFO:journalctl@ceph.mon.smithi088.smithi088.stdout:Apr 19 22:09:42 smithi088 ceph-mon[17215]: from='mgr.14118 172.21.15.88:0/816008448' entity='mgr.smithi088.hrejmt'
2024-04-19T22:09:42.423 INFO:journalctl@ceph.mon.smithi088.smithi088.stdout:Apr 19 22:09:42 smithi088 ceph-mon[17215]: Added host smithi088
2024-04-19T22:09:42.423 INFO:journalctl@ceph.mon.smithi088.smithi088.stdout:Apr 19 22:09:42 smithi088 ceph-mon[17215]: from='mgr.14118 172.21.15.88:0/816008448' entity='mgr.smithi088.hrejmt' cmd=[{"prefix": "config dump", "format": "json"}]: dispatch
2024-04-19T22:09:43.860 INFO:journalctl@ceph.mon.smithi088.smithi088.stdout:Apr 19 22:09:43 smithi088 ceph-mon[17215]: from='client.14140 -' entity='client.admin' cmd=[{"prefix": "orch apply", "service_type": "mon", "target": ["mon-mgr", ""]}]: dispatch
2024-04-19T22:09:43.860 INFO:journalctl@ceph.mon.smithi088.smithi088.stdout:Apr 19 22:09:43 smithi088 ceph-mon[17215]: Saving service mon spec with placement count:5
2024-04-19T22:09:43.860 INFO:journalctl@ceph.mon.smithi088.smithi088.stdout:Apr 19 22:09:43 smithi088 ceph-mon[17215]: from='mgr.14118 172.21.15.88:0/816008448' entity='mgr.smithi088.hrejmt'
2024-04-19T22:09:43.868 INFO:teuthology.orchestra.run.smithi088.stdout:/usr/bin/ceph: stdout Scheduled mon update...
2024-04-19T22:09:43.868 INFO:teuthology.orchestra.run.smithi088.stdout:/usr/bin/ceph: stderr
2024-04-19T22:09:42.218+0000 7f83de018700 1 Processor -- start
2024-04-19T22:09:43.868 INFO:teuthology.orchestra.run.smithi088.stdout:/usr/bin/ceph: stderr
2024-04-19T22:09:42.218+0000 7f83de018700 1 -- start start
2024-04-19T22:09:43.868 INFO:teuthology.orchestra.run.smithi088.stdout:/usr/bin/ceph: stderr
2024-04-19T22:09:42.218+0000 7f83de018700 1 --2- >> [v2:172.21.15.88:3300/0,v1:172.21.15.88:6789/0] conn(0x7f83d8107130 0x7f83d8107540 unknown :-1 s=NONE pgs=0 cs=0 l=0 rev1=0 crypto rx=0 tx=0 comp rx=0 tx=0).connect
2024-04-19T22:09:43.868 INFO:teuthology.orchestra.run.smithi088.stdout:/usr/bin/ceph: stderr
2024-04-19T22:09:42.218+0000 7f83de018700 1 -- --> [v2:172.21.15.88:3300/0,v1:172.21.15.88:6789/0] -- mon_getmap magic: 0 v1 -- 0x7f83d8107a80 con 0x7f83d8107130
2024-04-19T22:09:43.868 INFO:teuthology.orchestra.run.smithi088.stdout:/usr/bin/ceph: stderr
2024-04-19T22:09:42.218+0000 7f83d77fe700 1 --2- >> [v2:172.21.15.88:3300/0,v1:172.21.15.88:6789/0] conn(0x7f83d8107130 0x7f83d8107540 unknown :-1 s=BANNER_CONNECTING pgs=0 cs=0 l=0 rev1=0 crypto rx=0 tx=0 comp rx=0 tx=0)._handle_peer_banner_payload supported=3 required=0
2024-04-19T22:09:43.868 INFO:teuthology.orchestra.run.smithi088.stdout:/usr/bin/ceph: stderr
2024-04-19T22:09:42.219+0000 7f83d77fe700 1 --2- >> [v2:172.21.15.88:3300/0,v1:172.21.15.88:6789/0] conn(0x7f83d8107130 0x7f83d8107540 unknown :-1 s=HELLO_CONNECTING pgs=0 cs=0 l=0 rev1=1 crypto rx=0 tx=0 comp rx=0 tx=0).handle_hello peer v2:172.21.15.88:3300/0 says I am v2:172.21.15.88:57356/0 (socket says 172.21.15.88:57356)
2024-04-19T22:09:43.868 INFO:teuthology.orchestra.run.smithi088.stdout:/usr/bin/ceph: stderr
2024-04-19T22:09:42.219+0000 7f83d77fe700 1 -- 172.21.15.88:0/1910400635 learned_addr learned my addr 172.21.15.88:0/1910400635 (peer_addr_for_me v2:172.21.15.88:0/0)
2024-04-19T22:09:43.869 INFO:teuthology.orchestra.run.smithi088.stdout:/usr/bin/ceph: stderr
2024-04-19T22:09:42.219+0000 7f83d77fe700 1 -- 172.21.15.88:0/1910400635 --> [v2:172.21.15.88:3300/0,v1:172.21.15.88:6789/0] -- mon_subscribe({config=0+,monmap=0+}) v3 -- 0x7f83d8107bc0 con 0x7f83d8107130
2024-04-19T22:09:43.869 INFO:teuthology.orchestra.run.smithi088.stdout:/usr/bin/ceph: stderr
2024-04-19T22:09:42.219+0000 7f83d77fe700 1 --2- 172.21.15.88:0/1910400635 >> [v2:172.21.15.88:3300/0,v1:172.21.15.88:6789/0] conn(0x7f83d8107130 0x7f83d8107540 secure :-1 s=READY pgs=45 cs=0 l=1 rev1=1 crypto rx=0x7f83c80098a0 tx=0x7f83c8009bb0 comp rx=0 tx=0).ready entity=mon.0 client_cookie=ce44a47040003c71 server_cookie=0 in_seq=0 out_seq=0
2024-04-19T22:09:43.869 INFO:teuthology.orchestra.run.smithi088.stdout:/usr/bin/ceph: stderr
2024-04-19T22:09:42.219+0000 7f83d67fc700 1 -- 172.21.15.88:0/1910400635 <== mon.0 v2:172.21.15.88:3300/0 1 ==== mon_map magic: 0 v1 ==== 229+0+0 (secure 0 0 0) 0x7f83c8004180 con 0x7f83d8107130
2024-04-19T22:09:43.869 INFO:teuthology.orchestra.run.smithi088.stdout:/usr/bin/ceph: stderr
2024-04-19T22:09:42.219+0000 7f83d67fc700 1 -- 172.21.15.88:0/1910400635 <== mon.0 v2:172.21.15.88:3300/0 2 ==== config(27 keys) v1 ==== 1037+0+0 (secure 0 0 0) 0x7f83c80042e0 con 0x7f83d8107130
2024-04-19T22:09:43.869 INFO:teuthology.orchestra.run.smithi088.stdout:/usr/bin/ceph: stderr
2024-04-19T22:09:42.219+0000 7f83d67fc700 1 -- 172.21.15.88:0/1910400635 <== mon.0 v2:172.21.15.88:3300/0 3 ==== mon_map magic: 0 v1 ==== 229+0+0 (secure 0 0 0) 0x7f83c8011a50 con 0x7f83d8107130
2024-04-19T22:09:43.869 INFO:teuthology.orchestra.run.smithi088.stdout:/usr/bin/ceph: stderr
2024-04-19T22:09:42.220+0000 7f83de018700 1 -- 172.21.15.88:0/1910400635 >> [v2:172.21.15.88:3300/0,v1:172.21.15.88:6789/0] conn(0x7f83d8107130 msgr2=0x7f83d8107540 secure :-1 s=STATE_CONNECTION_ESTABLISHED l=1).mark_down
2024-04-19T22:09:43.869 INFO:teuthology.orchestra.run.smithi088.stdout:/usr/bin/ceph: stderr
2024-04-19T22:09:42.220+0000 7f83de018700 1 --2- 172.21.15.88:0/1910400635 >> [v2:172.21.15.88:3300/0,v1:172.21.15.88:6789/0] conn(0x7f83d8107130 0x7f83d8107540 secure :-1 s=READY pgs=45 cs=0 l=1 rev1=1 crypto rx=0x7f83c80098a0 tx=0x7f83c8009bb0 comp rx=0 tx=0).stop
2024-04-19T22:09:43.869 INFO:teuthology.orchestra.run.smithi088.stdout:/usr/bin/ceph: stderr
2024-04-19T22:09:42.220+0000 7f83de018700 1 -- 172.21.15.88:0/1910400635 shutdown_connections
2024-04-19T22:09:43.869 INFO:teuthology.orchestra.run.smithi088.stdout:/usr/bin/ceph: stderr
2024-04-19T22:09:42.220+0000 7f83de018700 1 --2- 172.21.15.88:0/1910400635 >> [v2:172.21.15.88:3300/0,v1:172.21.15.88:6789/0] conn(0x7f83d8107130 0x7f83d8107540 unknown :-1 s=CLOSED pgs=45 cs=0 l=1 rev1=1 crypto rx=0 tx=0 comp rx=0 tx=0).stop
2024-04-19T22:09:43.869 INFO:teuthology.orchestra.run.smithi088.stdout:/usr/bin/ceph: stderr
2024-04-19T22:09:42.220+0000 7f83de018700 1 -- 172.21.15.88:0/1910400635 >> 172.21.15.88:0/1910400635 conn(0x7f83d80ff7e0 msgr2=0x7f83d8101c10 unknown :-1 s=STATE_NONE l=0).mark_down
2024-04-19T22:09:43.869 INFO:teuthology.orchestra.run.smithi088.stdout:/usr/bin/ceph: stderr
2024-04-19T22:09:42.220+0000 7f83de018700 1 -- 172.21.15.88:0/1910400635 shutdown_connections
2024-04-19T22:09:43.869 INFO:teuthology.orchestra.run.smithi088.stdout:/usr/bin/ceph: stderr
2024-04-19T22:09:42.220+0000 7f83de018700 1 -- 172.21.15.88:0/1910400635 wait complete.
2024-04-19T22:09:43.870 INFO:teuthology.orchestra.run.smithi088.stdout:/usr/bin/ceph: stderr
2024-04-19T22:09:42.220+0000 7f83de018700 1 Processor -- start
2024-04-19T22:09:43.870 INFO:teuthology.orchestra.run.smithi088.stdout:/usr/bin/ceph: stderr
2024-04-19T22:09:42.221+0000 7f83de018700 1 -- start start
2024-04-19T22:09:43.870 INFO:teuthology.orchestra.run.smithi088.stdout:/usr/bin/ceph: stderr
2024-04-19T22:09:42.221+0000 7f83de018700 1 --2- >> [v2:172.21.15.88:3300/0,v1:172.21.15.88:6789/0] conn(0x7f83d8107130 0x7f83d8106830 unknown :-1 s=NONE pgs=0 cs=0 l=1 rev1=0 crypto rx=0 tx=0 comp rx=0 tx=0).connect
2024-04-19T22:09:43.870 INFO:teuthology.orchestra.run.smithi088.stdout:/usr/bin/ceph: stderr
2024-04-19T22:09:42.221+0000 7f83de018700 1 -- --> [v2:172.21.15.88:3300/0,v1:172.21.15.88:6789/0] -- mon_getmap magic: 0 v1 -- 0x7f83d8106d70 con 0x7f83d8107130
2024-04-19T22:09:43.870 INFO:teuthology.orchestra.run.smithi088.stdout:/usr/bin/ceph: stderr
2024-04-19T22:09:42.221+0000 7f83d77fe700 1 --2- >> [v2:172.21.15.88:3300/0,v1:172.21.15.88:6789/0] conn(0x7f83d8107130 0x7f83d8106830 unknown :-1 s=BANNER_CONNECTING pgs=0 cs=0 l=1 rev1=0 crypto rx=0 tx=0 comp rx=0 tx=0)._handle_peer_banner_payload supported=3 required=0
2024-04-19T22:09:43.870 INFO:teuthology.orchestra.run.smithi088.stdout:/usr/bin/ceph: stderr
2024-04-19T22:09:42.221+0000 7f83d77fe700 1 --2- >> [v2:172.21.15.88:3300/0,v1:172.21.15.88:6789/0] conn(0x7f83d8107130 0x7f83d8106830 unknown :-1 s=HELLO_CONNECTING pgs=0 cs=0 l=1 rev1=1 crypto rx=0 tx=0 comp rx=0 tx=0).handle_hello peer v2:172.21.15.88:3300/0 says I am v2:172.21.15.88:57362/0 (socket says 172.21.15.88:57362)
2024-04-19T22:09:43.870 INFO:teuthology.orchestra.run.smithi088.stdout:/usr/bin/ceph: stderr
2024-04-19T22:09:42.221+0000 7f83d77fe700 1 -- 172.21.15.88:0/1275324743 learned_addr learned my addr 172.21.15.88:0/1275324743 (peer_addr_for_me v2:172.21.15.88:0/0)
2024-04-19T22:09:43.870 INFO:teuthology.orchestra.run.smithi088.stdout:/usr/bin/ceph: stderr
2024-04-19T22:09:42.221+0000 7f83d77fe700 1 -- 172.21.15.88:0/1275324743 --> [v2:172.21.15.88:3300/0,v1:172.21.15.88:6789/0] -- mon_subscribe({config=0+,monmap=0+}) v3 -- 0x7f83c8009550 con 0x7f83d8107130
2024-04-19T22:09:43.870 INFO:teuthology.orchestra.run.smithi088.stdout:/usr/bin/ceph: stderr
2024-04-19T22:09:42.221+0000 7f83d77fe700 1 --2- 172.21.15.88:0/1275324743 >> [v2:172.21.15.88:3300/0,v1:172.21.15.88:6789/0] conn(0x7f83d8107130 0x7f83d8106830 secure :-1 s=READY pgs=46 cs=0 l=1 rev1=1 crypto rx=0x7f83c80119e0 tx=0x7f83c8011ac0 comp rx=0 tx=0).ready entity=mon.0 client_cookie=0 server_cookie=0 in_seq=0 out_seq=0
2024-04-19T22:09:43.871 INFO:teuthology.orchestra.run.smithi088.stdout:/usr/bin/ceph: stderr
2024-04-19T22:09:42.221+0000 7f83d4ff9700 1 -- 172.21.15.88:0/1275324743 <== mon.0 v2:172.21.15.88:3300/0 1 ==== mon_map magic: 0 v1 ==== 229+0+0 (secure 0 0 0) 0x7f83c8003b90 con 0x7f83d8107130
2024-04-19T22:09:43.871 INFO:teuthology.orchestra.run.smithi088.stdout:/usr/bin/ceph: stderr
2024-04-19T22:09:42.222+0000 7f83d4ff9700 1 -- 172.21.15.88:0/1275324743 <== mon.0 v2:172.21.15.88:3300/0 2 ==== config(27 keys) v1 ==== 1037+0+0 (secure 0 0 0) 0x7f83c801a8a0 con 0x7f83d8107130
2024-04-19T22:09:43.871 INFO:teuthology.orchestra.run.smithi088.stdout:/usr/bin/ceph: stderr
2024-04-19T22:09:42.222+0000 7f83de018700 1 -- 172.21.15.88:0/1275324743 --> [v2:172.21.15.88:3300/0,v1:172.21.15.88:6789/0] -- mon_subscribe({mgrmap=0+}) v3 -- 0x7f83d8104e80 con 0x7f83d8107130
2024-04-19T22:09:43.871 INFO:teuthology.orchestra.run.smithi088.stdout:/usr/bin/ceph: stderr
2024-04-19T22:09:42.222+0000 7f83d4ff9700 1 -- 172.21.15.88:0/1275324743 <== mon.0 v2:172.21.15.88:3300/0 3 ==== mon_map magic: 0 v1 ==== 229+0+0 (secure 0 0 0) 0x7f83c8019930 con 0x7f83d8107130
2024-04-19T22:09:43.871 INFO:teuthology.orchestra.run.smithi088.stdout:/usr/bin/ceph: stderr
2024-04-19T22:09:42.222+0000 7f83de018700 1 -- 172.21.15.88:0/1275324743 --> [v2:172.21.15.88:3300/0,v1:172.21.15.88:6789/0] -- mon_subscribe({osdmap=0}) v3 -- 0x7f83d81052a0 con 0x7f83d8107130
2024-04-19T22:09:43.871 INFO:teuthology.orchestra.run.smithi088.stdout:/usr/bin/ceph: stderr
2024-04-19T22:09:42.223+0000 7f83d4ff9700 1 -- 172.21.15.88:0/1275324743 <== mon.0 v2:172.21.15.88:3300/0 4 ==== mgrmap(e 8) v1 ==== 45084+0+0 (secure 0 0 0) 0x7f83c8019bf0 con 0x7f83d8107130
2024-04-19T22:09:43.871 INFO:teuthology.orchestra.run.smithi088.stdout:/usr/bin/ceph: stderr
2024-04-19T22:09:42.223+0000 7f83de018700 1 -- 172.21.15.88:0/1275324743 --> [v2:172.21.15.88:3300/0,v1:172.21.15.88:6789/0] -- mon_command({"prefix": "get_command_descriptions"} v 0) v1 -- 0x7f83d8104660 con 0x7f83d8107130
2024-04-19T22:09:43.871 INFO:teuthology.orchestra.run.smithi088.stdout:/usr/bin/ceph: stderr
2024-04-19T22:09:42.223+0000 7f83d4ff9700 1 --2- 172.21.15.88:0/1275324743 >> [v2:172.21.15.88:6800/35308071,v1:172.21.15.88:6801/35308071] conn(0x7f83c00383b0 0x7f83c003a860 unknown :-1 s=NONE pgs=0 cs=0 l=1 rev1=0 crypto rx=0 tx=0 comp rx=0 tx=0).connect
2024-04-19T22:09:43.871 INFO:teuthology.orchestra.run.smithi088.stdout:/usr/bin/ceph: stderr
2024-04-19T22:09:42.223+0000 7f83d4ff9700 1 -- 172.21.15.88:0/1275324743 <== mon.0 v2:172.21.15.88:3300/0 5 ==== osd_map(2..2 src has 1..2) v4 ==== 940+0+0 (secure 0 0 0) 0x7f83c804c910 con 0x7f83d8107130
2024-04-19T22:09:43.871 INFO:teuthology.orchestra.run.smithi088.stdout:/usr/bin/ceph: stderr
2024-04-19T22:09:42.223+0000 7f83d6ffd700 1 --2- 172.21.15.88:0/1275324743 >> [v2:172.21.15.88:6800/35308071,v1:172.21.15.88:6801/35308071] conn(0x7f83c00383b0 0x7f83c003a860 unknown :-1 s=BANNER_CONNECTING pgs=0 cs=0 l=1 rev1=0 crypto rx=0 tx=0 comp rx=0 tx=0)._handle_peer_banner_payload supported=3 required=0
2024-04-19T22:09:43.871 INFO:teuthology.orchestra.run.smithi088.stdout:/usr/bin/ceph: stderr
2024-04-19T22:09:42.223+0000 7f83d6ffd700 1 --2- 172.21.15.88:0/1275324743 >> [v2:172.21.15.88:6800/35308071,v1:172.21.15.88:6801/35308071] conn(0x7f83c00383b0 0x7f83c003a860 secure :-1 s=READY pgs=12 cs=0 l=1 rev1=1 crypto rx=0x7f83cc006fd0 tx=0x7f83cc006e40 comp rx=0 tx=0).ready entity=mgr.14118 client_cookie=0 server_cookie=0 in_seq=0 out_seq=0
2024-04-19T22:09:43.871 INFO:teuthology.orchestra.run.smithi088.stdout:/usr/bin/ceph: stderr
2024-04-19T22:09:42.228+0000 7f83d4ff9700 1 -- 172.21.15.88:0/1275324743 <== mon.0 v2:172.21.15.88:3300/0 6 ==== mon_command_ack([{"prefix": "get_command_descriptions"}]=0 v0) v1 ==== 72+0+177933 (secure 0 0 0) 0x7f83c802b700 con 0x7f83d8107130
2024-04-19T22:09:43.872 INFO:teuthology.orchestra.run.smithi088.stdout:/usr/bin/ceph: stderr
2024-04-19T22:09:42.453+0000 7f83de018700 1 -- 172.21.15.88:0/1275324743 --> [v2:172.21.15.88:6800/35308071,v1:172.21.15.88:6801/35308071] -- mgr_command(tid 0: {"prefix": "orch apply", "service_type": "mon", "target": ["mon-mgr", ""]}) v1 -- 0x7f83d8100cf0 con 0x7f83c00383b0
2024-04-19T22:09:43.872 INFO:teuthology.orchestra.run.smithi088.stdout:/usr/bin/ceph: stderr
2024-04-19T22:09:42.457+0000 7f83d4ff9700 1 -- 172.21.15.88:0/1275324743 <== mgr.14118 v2:172.21.15.88:6800/35308071 1 ==== mgr_command_reply(tid 0: 0 ) v1 ==== 8+0+24 (secure 0 0 0) 0x7f83d8100cf0 con 0x7f83c00383b0
2024-04-19T22:09:43.872 INFO:teuthology.orchestra.run.smithi088.stdout:/usr/bin/ceph: stderr
2024-04-19T22:09:42.459+0000 7f83de018700 1 -- 172.21.15.88:0/1275324743 >> [v2:172.21.15.88:6800/35308071,v1:172.21.15.88:6801/35308071] conn(0x7f83c00383b0 msgr2=0x7f83c003a860 secure :-1 s=STATE_CONNECTION_ESTABLISHED l=1).mark_down
2024-04-19T22:09:43.872 INFO:teuthology.orchestra.run.smithi088.stdout:/usr/bin/ceph: stderr
2024-04-19T22:09:42.459+0000 7f83de018700 1 --2- 172.21.15.88:0/1275324743 >> [v2:172.21.15.88:6800/35308071,v1:172.21.15.88:6801/35308071] conn(0x7f83c00383b0 0x7f83c003a860 secure :-1 s=READY pgs=12 cs=0 l=1 rev1=1 crypto rx=0x7f83cc006fd0 tx=0x7f83cc006e40 comp rx=0 tx=0).stop
2024-04-19T22:09:43.872 INFO:teuthology.orchestra.run.smithi088.stdout:/usr/bin/ceph: stderr
2024-04-19T22:09:42.459+0000 7f83de018700 1 -- 172.21.15.88:0/1275324743 >> [v2:172.21.15.88:3300/0,v1:172.21.15.88:6789/0] conn(0x7f83d8107130 msgr2=0x7f83d8106830 secure :-1 s=STATE_CONNECTION_ESTABLISHED l=1).mark_down
2024-04-19T22:09:43.872 INFO:teuthology.orchestra.run.smithi088.stdout:/usr/bin/ceph: stderr
2024-04-19T22:09:42.459+0000 7f83de018700 1 --2- 172.21.15.88:0/1275324743 >> [v2:172.21.15.88:3300/0,v1:172.21.15.88:6789/0] conn(0x7f83d8107130 0x7f83d8106830 secure :-1 s=READY pgs=46 cs=0 l=1 rev1=1 crypto rx=0x7f83c80119e0 tx=0x7f83c8011ac0 comp rx=0 tx=0).stop
2024-04-19T22:09:43.872 INFO:teuthology.orchestra.run.smithi088.stdout:/usr/bin/ceph: stderr
2024-04-19T22:09:42.459+0000 7f83de018700 1 -- 172.21.15.88:0/1275324743 shutdown_connections
2024-04-19T22:09:43.872 INFO:teuthology.orchestra.run.smithi088.stdout:/usr/bin/ceph: stderr
2024-04-19T22:09:42.459+0000 7f83de018700 1 --2- 172.21.15.88:0/1275324743 >> [v2:172.21.15.88:6800/35308071,v1:172.21.15.88:6801/35308071] conn(0x7f83c00383b0 0x7f83c003a860 unknown :-1 s=CLOSED pgs=12 cs=0 l=1 rev1=1 crypto rx=0 tx=0 comp rx=0 tx=0).stop
2024-04-19T22:09:43.872 INFO:teuthology.orchestra.run.smithi088.stdout:/usr/bin/ceph: stderr
2024-04-19T22:09:42.459+0000 7f83de018700 1 --2- 172.21.15.88:0/1275324743 >> [v2:172.21.15.88:3300/0,v1:172.21.15.88:6789/0] conn(0x7f83d8107130 0x7f83d8106830 unknown :-1 s=CLOSED pgs=46 cs=0 l=1 rev1=1 crypto rx=0 tx=0 comp rx=0 tx=0).stop
2024-04-19T22:09:43.872 INFO:teuthology.orchestra.run.smithi088.stdout:/usr/bin/ceph: stderr
2024-04-19T22:09:42.459+0000 7f83de018700 1 -- 172.21.15.88:0/1275324743 >> 172.21.15.88:0/1275324743 conn(0x7f83d80ff7e0 msgr2=0x7f83d81005e0 unknown :-1 s=STATE_NONE l=0).mark_down
2024-04-19T22:09:43.872 INFO:teuthology.orchestra.run.smithi088.stdout:/usr/bin/ceph: stderr
2024-04-19T22:09:42.460+0000 7f83de018700 1 -- 172.21.15.88:0/1275324743 shutdown_connections
2024-04-19T22:09:43.873 INFO:teuthology.orchestra.run.smithi088.stdout:/usr/bin/ceph: stderr
2024-04-19T22:09:42.460+0000 7f83de018700 1 -- 172.21.15.88:0/1275324743 wait complete.
2024-04-19T22:09:43.873 INFO:teuthology.orchestra.run.smithi088.stdout:Deploying mgr service with default placement...
2024-04-19T22:09:44.898 INFO:journalctl@ceph.mon.smithi088.smithi088.stdout:Apr 19 22:09:44 smithi088 ceph-mon[17215]: from='mgr.14118 172.21.15.88:0/816008448' entity='mgr.smithi088.hrejmt'
2024-04-19T22:09:44.899 INFO:journalctl@ceph.mon.smithi088.smithi088.stdout:Apr 19 22:09:44 smithi088 ceph-mon[17215]: from='mgr.14118 172.21.15.88:0/816008448' entity='mgr.smithi088.hrejmt'
2024-04-19T22:09:45.602 INFO:journalctl@ceph.mon.smithi088.smithi088.stdout:Apr 19 22:09:45 smithi088 ceph-mon[17215]: from='client.14142 -' entity='client.admin' cmd=[{"prefix": "orch apply", "service_type": "mgr", "target": ["mon-mgr", ""]}]: dispatch
2024-04-19T22:09:45.602 INFO:journalctl@ceph.mon.smithi088.smithi088.stdout:Apr 19 22:09:45 smithi088 ceph-mon[17215]: Saving service mgr spec with placement count:2
2024-04-19T22:09:45.603 INFO:journalctl@ceph.mon.smithi088.smithi088.stdout:Apr 19 22:09:45 smithi088 ceph-mon[17215]: from='mgr.14118 172.21.15.88:0/816008448' entity='mgr.smithi088.hrejmt'
2024-04-19T22:09:45.603 INFO:journalctl@ceph.mon.smithi088.smithi088.stdout:Apr 19 22:09:45 smithi088 ceph-mon[17215]: from='mgr.14118 172.21.15.88:0/816008448' entity='mgr.smithi088.hrejmt'
2024-04-19T22:09:45.610 INFO:teuthology.orchestra.run.smithi088.stdout:/usr/bin/ceph: stdout Scheduled mgr update...
2024-04-19T22:09:45.610 INFO:teuthology.orchestra.run.smithi088.stdout:/usr/bin/ceph: stderr
2024-04-19T22:09:44.350+0000 7efef1759700 1 Processor -- start
2024-04-19T22:09:45.610 INFO:teuthology.orchestra.run.smithi088.stdout:/usr/bin/ceph: stderr
2024-04-19T22:09:44.350+0000 7efef1759700 1 -- start start
2024-04-19T22:09:45.610 INFO:teuthology.orchestra.run.smithi088.stdout:/usr/bin/ceph: stderr
2024-04-19T22:09:44.350+0000 7efef1759700 1 --2- >> [v2:172.21.15.88:3300/0,v1:172.21.15.88:6789/0] conn(0x7efeec104a30 0x7efeec104e40 unknown :-1 s=NONE pgs=0 cs=0 l=0 rev1=0 crypto rx=0 tx=0 comp rx=0 tx=0).connect
2024-04-19T22:09:45.610 INFO:teuthology.orchestra.run.smithi088.stdout:/usr/bin/ceph: stderr
2024-04-19T22:09:44.350+0000 7efef1759700 1 -- --> [v2:172.21.15.88:3300/0,v1:172.21.15.88:6789/0] -- mon_getmap magic: 0 v1 -- 0x7efeec105380 con 0x7efeec104a30
2024-04-19T22:09:45.610 INFO:teuthology.orchestra.run.smithi088.stdout:/usr/bin/ceph: stderr
2024-04-19T22:09:44.351+0000 7efeeaffd700 1 --2- >> [v2:172.21.15.88:3300/0,v1:172.21.15.88:6789/0] conn(0x7efeec104a30 0x7efeec104e40 unknown :-1 s=BANNER_CONNECTING pgs=0 cs=0 l=0 rev1=0 crypto rx=0 tx=0 comp rx=0 tx=0)._handle_peer_banner_payload supported=3 required=0
2024-04-19T22:09:45.610 INFO:teuthology.orchestra.run.smithi088.stdout:/usr/bin/ceph: stderr
2024-04-19T22:09:44.351+0000 7efeeaffd700 1 --2- >> [v2:172.21.15.88:3300/0,v1:172.21.15.88:6789/0] conn(0x7efeec104a30 0x7efeec104e40 unknown :-1 s=HELLO_CONNECTING pgs=0 cs=0 l=0 rev1=1 crypto rx=0 tx=0 comp rx=0 tx=0).handle_hello peer v2:172.21.15.88:3300/0 says I am v2:172.21.15.88:57374/0 (socket says 172.21.15.88:57374)
2024-04-19T22:09:45.610 INFO:teuthology.orchestra.run.smithi088.stdout:/usr/bin/ceph: stderr
2024-04-19T22:09:44.351+0000 7efeeaffd700 1 -- 172.21.15.88:0/1172053404 learned_addr learned my addr 172.21.15.88:0/1172053404 (peer_addr_for_me v2:172.21.15.88:0/0)
2024-04-19T22:09:45.611 INFO:teuthology.orchestra.run.smithi088.stdout:/usr/bin/ceph: stderr
2024-04-19T22:09:44.351+0000 7efeeaffd700 1 -- 172.21.15.88:0/1172053404 --> [v2:172.21.15.88:3300/0,v1:172.21.15.88:6789/0] -- mon_subscribe({config=0+,monmap=0+}) v3 -- 0x7efeec1054c0 con 0x7efeec104a30
2024-04-19T22:09:45.611 INFO:teuthology.orchestra.run.smithi088.stdout:/usr/bin/ceph: stderr
2024-04-19T22:09:44.351+0000 7efeeaffd700 1 --2- 172.21.15.88:0/1172053404 >> [v2:172.21.15.88:3300/0,v1:172.21.15.88:6789/0] conn(0x7efeec104a30 0x7efeec104e40 secure :-1 s=READY pgs=47 cs=0 l=1 rev1=1 crypto rx=0x7efedc00bb40 tx=0x7efedc00be50 comp rx=0 tx=0).ready entity=mon.0 client_cookie=b37bd8c641bd022d server_cookie=0 in_seq=0 out_seq=0
2024-04-19T22:09:45.611 INFO:teuthology.orchestra.run.smithi088.stdout:/usr/bin/ceph: stderr
2024-04-19T22:09:44.351+0000 7efee9ffb700 1 -- 172.21.15.88:0/1172053404 <== mon.0 v2:172.21.15.88:3300/0 1 ==== mon_map magic: 0 v1 ==== 229+0+0 (secure 0 0 0) 0x7efedc00dc00 con 0x7efeec104a30
2024-04-19T22:09:45.611 INFO:teuthology.orchestra.run.smithi088.stdout:/usr/bin/ceph: stderr
2024-04-19T22:09:44.351+0000 7efee9ffb700 1 -- 172.21.15.88:0/1172053404 <== mon.0 v2:172.21.15.88:3300/0 2 ==== config(27 keys) v1 ==== 1101+0+0 (secure 0 0 0) 0x7efedc0044e0 con 0x7efeec104a30
2024-04-19T22:09:45.611 INFO:teuthology.orchestra.run.smithi088.stdout:/usr/bin/ceph: stderr
2024-04-19T22:09:44.351+0000 7efee9ffb700 1 -- 172.21.15.88:0/1172053404 <== mon.0 v2:172.21.15.88:3300/0 3 ==== mon_map magic: 0 v1 ==== 229+0+0 (secure 0 0 0) 0x7efedc010470 con 0x7efeec104a30
2024-04-19T22:09:45.611 INFO:teuthology.orchestra.run.smithi088.stdout:/usr/bin/ceph: stderr
2024-04-19T22:09:44.352+0000 7efef1759700 1 -- 172.21.15.88:0/1172053404 >> [v2:172.21.15.88:3300/0,v1:172.21.15.88:6789/0] conn(0x7efeec104a30 msgr2=0x7efeec104e40 secure :-1 s=STATE_CONNECTION_ESTABLISHED l=1).mark_down
2024-04-19T22:09:45.611 INFO:teuthology.orchestra.run.smithi088.stdout:/usr/bin/ceph: stderr
2024-04-19T22:09:44.352+0000 7efef1759700 1 --2- 172.21.15.88:0/1172053404 >> [v2:172.21.15.88:3300/0,v1:172.21.15.88:6789/0] conn(0x7efeec104a30 0x7efeec104e40 secure :-1 s=READY pgs=47 cs=0 l=1 rev1=1 crypto rx=0x7efedc00bb40 tx=0x7efedc00be50 comp rx=0 tx=0).stop
2024-04-19T22:09:45.611 INFO:teuthology.orchestra.run.smithi088.stdout:/usr/bin/ceph: stderr
2024-04-19T22:09:44.352+0000 7efef1759700 1 -- 172.21.15.88:0/1172053404 shutdown_connections
2024-04-19T22:09:45.611 INFO:teuthology.orchestra.run.smithi088.stdout:/usr/bin/ceph: stderr
2024-04-19T22:09:44.352+0000 7efef1759700 1 --2- 172.21.15.88:0/1172053404 >> [v2:172.21.15.88:3300/0,v1:172.21.15.88:6789/0] conn(0x7efeec104a30 0x7efeec104e40 unknown :-1 s=CLOSED pgs=47 cs=0 l=1 rev1=1 crypto rx=0 tx=0 comp rx=0 tx=0).stop
2024-04-19T22:09:45.611 INFO:teuthology.orchestra.run.smithi088.stdout:/usr/bin/ceph: stderr
2024-04-19T22:09:44.352+0000 7efef1759700 1 -- 172.21.15.88:0/1172053404 >> 172.21.15.88:0/1172053404 conn(0x7efeec100060 msgr2=0x7efeec1024b0 unknown :-1 s=STATE_NONE l=0).mark_down
2024-04-19T22:09:45.611 INFO:teuthology.orchestra.run.smithi088.stdout:/usr/bin/ceph: stderr
2024-04-19T22:09:44.352+0000 7efef1759700 1 -- 172.21.15.88:0/1172053404 shutdown_connections
2024-04-19T22:09:45.611 INFO:teuthology.orchestra.run.smithi088.stdout:/usr/bin/ceph: stderr
2024-04-19T22:09:44.352+0000 7efef1759700 1 -- 172.21.15.88:0/1172053404 wait complete.
2024-04-19T22:09:45.611 INFO:teuthology.orchestra.run.smithi088.stdout:/usr/bin/ceph: stderr
2024-04-19T22:09:44.353+0000 7efef1759700 1 Processor -- start
2024-04-19T22:09:45.612 INFO:teuthology.orchestra.run.smithi088.stdout:/usr/bin/ceph: stderr
2024-04-19T22:09:44.353+0000 7efef1759700 1 -- start start
2024-04-19T22:09:45.612 INFO:teuthology.orchestra.run.smithi088.stdout:/usr/bin/ceph: stderr
2024-04-19T22:09:44.353+0000 7efef1759700 1 --2- >> [v2:172.21.15.88:3300/0,v1:172.21.15.88:6789/0] conn(0x7efeec104a30 0x7efeec1a42f0 unknown :-1 s=NONE pgs=0 cs=0 l=1 rev1=0 crypto rx=0 tx=0 comp rx=0 tx=0).connect
2024-04-19T22:09:45.612 INFO:teuthology.orchestra.run.smithi088.stdout:/usr/bin/ceph: stderr
2024-04-19T22:09:44.353+0000 7efef1759700 1 -- --> [v2:172.21.15.88:3300/0,v1:172.21.15.88:6789/0] -- mon_getmap magic: 0 v1 -- 0x7efeec1a4830 con 0x7efeec104a30
2024-04-19T22:09:45.612 INFO:teuthology.orchestra.run.smithi088.stdout:/usr/bin/ceph: stderr
2024-04-19T22:09:44.353+0000 7efeeaffd700 1 --2- >> [v2:172.21.15.88:3300/0,v1:172.21.15.88:6789/0] conn(0x7efeec104a30 0x7efeec1a42f0 unknown :-1 s=BANNER_CONNECTING pgs=0 cs=0 l=1 rev1=0 crypto rx=0 tx=0 comp rx=0 tx=0)._handle_peer_banner_payload supported=3 required=0
2024-04-19T22:09:45.612 INFO:teuthology.orchestra.run.smithi088.stdout:/usr/bin/ceph: stderr
2024-04-19T22:09:44.353+0000 7efeeaffd700 1 --2- >> [v2:172.21.15.88:3300/0,v1:172.21.15.88:6789/0] conn(0x7efeec104a30 0x7efeec1a42f0 unknown :-1 s=HELLO_CONNECTING pgs=0 cs=0 l=1 rev1=1 crypto rx=0 tx=0 comp rx=0 tx=0).handle_hello peer v2:172.21.15.88:3300/0 says I am v2:172.21.15.88:57386/0 (socket says 172.21.15.88:57386)
2024-04-19T22:09:45.612 INFO:teuthology.orchestra.run.smithi088.stdout:/usr/bin/ceph: stderr
2024-04-19T22:09:44.353+0000 7efeeaffd700 1 -- 172.21.15.88:0/1481479741 learned_addr learned my addr 172.21.15.88:0/1481479741 (peer_addr_for_me v2:172.21.15.88:0/0)
2024-04-19T22:09:45.612 INFO:teuthology.orchestra.run.smithi088.stdout:/usr/bin/ceph: stderr
2024-04-19T22:09:44.354+0000 7efeeaffd700 1 -- 172.21.15.88:0/1481479741 --> [v2:172.21.15.88:3300/0,v1:172.21.15.88:6789/0] -- mon_subscribe({config=0+,monmap=0+}) v3 -- 0x7efedc00b7f0 con 0x7efeec104a30
2024-04-19T22:09:45.612 INFO:teuthology.orchestra.run.smithi088.stdout:/usr/bin/ceph: stderr
2024-04-19T22:09:44.354+0000 7efeeaffd700 1 --2- 172.21.15.88:0/1481479741 >> [v2:172.21.15.88:3300/0,v1:172.21.15.88:6789/0] conn(0x7efeec104a30 0x7efeec1a42f0 secure :-1 s=READY pgs=48 cs=0 l=1 rev1=1 crypto rx=0x7efedc003ff0 tx=0x7efedc0040d0 comp rx=0 tx=0).ready entity=mon.0 client_cookie=0 server_cookie=0 in_seq=0 out_seq=0
2024-04-19T22:09:45.612 INFO:teuthology.orchestra.run.smithi088.stdout:/usr/bin/ceph: stderr
2024-04-19T22:09:44.354+0000 7efed3fff700 1 -- 172.21.15.88:0/1481479741 <== mon.0 v2:172.21.15.88:3300/0 1 ==== mon_map magic: 0 v1 ==== 229+0+0 (secure 0 0 0) 0x7efedc00de20 con 0x7efeec104a30
2024-04-19T22:09:45.612 INFO:teuthology.orchestra.run.smithi088.stdout:/usr/bin/ceph: stderr
2024-04-19T22:09:44.354+0000 7efed3fff700 1 -- 172.21.15.88:0/1481479741 <== mon.0 v2:172.21.15.88:3300/0 2 ==== config(27 keys) v1 ==== 1101+0+0 (secure 0 0 0) 0x7efedc0042e0 con 0x7efeec104a30
2024-04-19T22:09:45.612 INFO:teuthology.orchestra.run.smithi088.stdout:/usr/bin/ceph: stderr
2024-04-19T22:09:44.354+0000 7efed3fff700 1 -- 172.21.15.88:0/1481479741 <== mon.0 v2:172.21.15.88:3300/0 3 ==== mon_map magic: 0 v1 ==== 229+0+0 (secure 0 0 0) 0x7efedc021c70 con 0x7efeec104a30
2024-04-19T22:09:45.613 INFO:teuthology.orchestra.run.smithi088.stdout:/usr/bin/ceph: stderr
2024-04-19T22:09:44.354+0000 7efef1759700 1 -- 172.21.15.88:0/1481479741 --> [v2:172.21.15.88:3300/0,v1:172.21.15.88:6789/0] -- mon_subscribe({mgrmap=0+}) v3 -- 0x7efeec1a4a30 con 0x7efeec104a30
2024-04-19T22:09:45.613 INFO:teuthology.orchestra.run.smithi088.stdout:/usr/bin/ceph: stderr
2024-04-19T22:09:44.354+0000 7efef1759700 1 -- 172.21.15.88:0/1481479741 --> [v2:172.21.15.88:3300/0,v1:172.21.15.88:6789/0] -- mon_subscribe({osdmap=0}) v3 -- 0x7efeec1a4df0 con 0x7efeec104a30
2024-04-19T22:09:45.613 INFO:teuthology.orchestra.run.smithi088.stdout:/usr/bin/ceph: stderr
2024-04-19T22:09:44.355+0000 7efed3fff700 1 -- 172.21.15.88:0/1481479741 <== mon.0 v2:172.21.15.88:3300/0 4 ==== mgrmap(e 8) v1 ==== 45084+0+0 (secure 0 0 0) 0x7efedc0193f0 con 0x7efeec104a30
2024-04-19T22:09:45.613 INFO:teuthology.orchestra.run.smithi088.stdout:/usr/bin/ceph: stderr
2024-04-19T22:09:44.355+0000 7efef1759700 1 -- 172.21.15.88:0/1481479741 --> [v2:172.21.15.88:3300/0,v1:172.21.15.88:6789/0] -- mon_command({"prefix": "get_command_descriptions"} v 0) v1 -- 0x7efeec06f640 con 0x7efeec104a30
2024-04-19T22:09:45.613 INFO:teuthology.orchestra.run.smithi088.stdout:/usr/bin/ceph: stderr
2024-04-19T22:09:44.355+0000 7efed3fff700 1 --2- 172.21.15.88:0/1481479741 >> [v2:172.21.15.88:6800/35308071,v1:172.21.15.88:6801/35308071] conn(0x7efed40383a0 0x7efed403a850 unknown :-1 s=NONE pgs=0 cs=0 l=1 rev1=0 crypto rx=0 tx=0 comp rx=0 tx=0).connect
2024-04-19T22:09:45.613 INFO:teuthology.orchestra.run.smithi088.stdout:/usr/bin/ceph: stderr
2024-04-19T22:09:44.355+0000 7efed3fff700 1 -- 172.21.15.88:0/1481479741 <== mon.0 v2:172.21.15.88:3300/0 5 ==== osd_map(2..2 src has 1..2) v4 ==== 940+0+0 (secure 0 0 0) 0x7efedc04c510 con 0x7efeec104a30
2024-04-19T22:09:45.613 INFO:teuthology.orchestra.run.smithi088.stdout:/usr/bin/ceph: stderr
2024-04-19T22:09:44.355+0000 7efeea7fc700 1 --2- 172.21.15.88:0/1481479741 >> [v2:172.21.15.88:6800/35308071,v1:172.21.15.88:6801/35308071] conn(0x7efed40383a0 0x7efed403a850 unknown :-1 s=BANNER_CONNECTING pgs=0 cs=0 l=1 rev1=0 crypto rx=0 tx=0 comp rx=0 tx=0)._handle_peer_banner_payload supported=3 required=0
2024-04-19T22:09:45.613 INFO:teuthology.orchestra.run.smithi088.stdout:/usr/bin/ceph: stderr
2024-04-19T22:09:44.356+0000 7efeea7fc700 1 --2- 172.21.15.88:0/1481479741 >> [v2:172.21.15.88:6800/35308071,v1:172.21.15.88:6801/35308071] conn(0x7efed40383a0 0x7efed403a850 secure :-1 s=READY pgs=13 cs=0 l=1 rev1=1 crypto rx=0x7efee0006fd0 tx=0x7efee0006e40 comp rx=0 tx=0).ready entity=mgr.14118 client_cookie=0 server_cookie=0 in_seq=0 out_seq=0
2024-04-19T22:09:45.613 INFO:teuthology.orchestra.run.smithi088.stdout:/usr/bin/ceph: stderr
2024-04-19T22:09:44.360+0000 7efed3fff700 1 -- 172.21.15.88:0/1481479741 <== mon.0 v2:172.21.15.88:3300/0 6 ==== mon_command_ack([{"prefix": "get_command_descriptions"}]=0 v0) v1 ==== 72+0+177933 (secure 0 0 0) 0x7efedc00e950 con 0x7efeec104a30
2024-04-19T22:09:45.613 INFO:teuthology.orchestra.run.smithi088.stdout:/usr/bin/ceph: stderr
2024-04-19T22:09:44.583+0000 7efef1759700 1 -- 172.21.15.88:0/1481479741 --> [v2:172.21.15.88:6800/35308071,v1:172.21.15.88:6801/35308071] -- mgr_command(tid 0: {"prefix": "orch apply", "service_type": "mgr", "target": ["mon-mgr", ""]}) v1 -- 0x7efeec061190 con 0x7efed40383a0
2024-04-19T22:09:45.613 INFO:teuthology.orchestra.run.smithi088.stdout:/usr/bin/ceph: stderr
2024-04-19T22:09:44.588+0000 7efed3fff700 1 -- 172.21.15.88:0/1481479741 <== mgr.14118 v2:172.21.15.88:6800/35308071 1 ==== mgr_command_reply(tid 0: 0 ) v1 ==== 8+0+24 (secure 0 0 0) 0x7efeec061190 con 0x7efed40383a0
2024-04-19T22:09:45.613 INFO:teuthology.orchestra.run.smithi088.stdout:/usr/bin/ceph: stderr
2024-04-19T22:09:44.590+0000 7efef1759700 1 -- 172.21.15.88:0/1481479741 >> [v2:172.21.15.88:6800/35308071,v1:172.21.15.88:6801/35308071] conn(0x7efed40383a0 msgr2=0x7efed403a850 secure :-1 s=STATE_CONNECTION_ESTABLISHED l=1).mark_down
2024-04-19T22:09:45.614 INFO:teuthology.orchestra.run.smithi088.stdout:/usr/bin/ceph: stderr
2024-04-19T22:09:44.590+0000 7efef1759700 1 --2- 172.21.15.88:0/1481479741 >> [v2:172.21.15.88:6800/35308071,v1:172.21.15.88:6801/35308071] conn(0x7efed40383a0 0x7efed403a850 secure :-1 s=READY pgs=13 cs=0 l=1 rev1=1 crypto rx=0x7efee0006fd0 tx=0x7efee0006e40 comp rx=0 tx=0).stop
2024-04-19T22:09:45.614 INFO:teuthology.orchestra.run.smithi088.stdout:/usr/bin/ceph: stderr
2024-04-19T22:09:44.590+0000 7efef1759700 1 -- 172.21.15.88:0/1481479741 >> [v2:172.21.15.88:3300/0,v1:172.21.15.88:6789/0] conn(0x7efeec104a30 msgr2=0x7efeec1a42f0 secure :-1 s=STATE_CONNECTION_ESTABLISHED l=1).mark_down
2024-04-19T22:09:45.614 INFO:teuthology.orchestra.run.smithi088.stdout:/usr/bin/ceph: stderr
2024-04-19T22:09:44.590+0000 7efef1759700 1 --2- 172.21.15.88:0/1481479741 >> [v2:172.21.15.88:3300/0,v1:172.21.15.88:6789/0] conn(0x7efeec104a30 0x7efeec1a42f0 secure :-1 s=READY pgs=48 cs=0 l=1 rev1=1 crypto rx=0x7efedc003ff0 tx=0x7efedc0040d0 comp rx=0 tx=0).stop
2024-04-19T22:09:45.614 INFO:teuthology.orchestra.run.smithi088.stdout:/usr/bin/ceph: stderr
2024-04-19T22:09:44.590+0000 7efef1759700 1 -- 172.21.15.88:0/1481479741 shutdown_connections
2024-04-19T22:09:45.614 INFO:teuthology.orchestra.run.smithi088.stdout:/usr/bin/ceph: stderr
2024-04-19T22:09:44.590+0000 7efef1759700 1 --2- 172.21.15.88:0/1481479741 >> [v2:172.21.15.88:6800/35308071,v1:172.21.15.88:6801/35308071] conn(0x7efed40383a0 0x7efed403a850 unknown :-1 s=CLOSED pgs=13 cs=0 l=1 rev1=1 crypto rx=0 tx=0 comp rx=0 tx=0).stop
2024-04-19T22:09:45.614 INFO:teuthology.orchestra.run.smithi088.stdout:/usr/bin/ceph: stderr
2024-04-19T22:09:44.590+0000 7efef1759700 1 --2- 172.21.15.88:0/1481479741 >> [v2:172.21.15.88:3300/0,v1:172.21.15.88:6789/0] conn(0x7efeec104a30 0x7efeec1a42f0 unknown :-1 s=CLOSED pgs=48 cs=0 l=1 rev1=1 crypto rx=0 tx=0 comp rx=0 tx=0).stop
2024-04-19T22:09:45.614 INFO:teuthology.orchestra.run.smithi088.stdout:/usr/bin/ceph: stderr
2024-04-19T22:09:44.590+0000 7efef1759700 1 -- 172.21.15.88:0/1481479741 >> 172.21.15.88:0/1481479741 conn(0x7efeec100060 msgr2=0x7efeec06c780 unknown :-1 s=STATE_NONE l=0).mark_down
2024-04-19T22:09:45.614 INFO:teuthology.orchestra.run.smithi088.stdout:/usr/bin/ceph: stderr
2024-04-19T22:09:44.590+0000 7efef1759700 1 -- 172.21.15.88:0/1481479741 shutdown_connections
2024-04-19T22:09:45.614 INFO:teuthology.orchestra.run.smithi088.stdout:/usr/bin/ceph: stderr
2024-04-19T22:09:44.590+0000 7efef1759700 1 -- 172.21.15.88:0/1481479741 wait complete.
2024-04-19T22:09:45.614 INFO:teuthology.orchestra.run.smithi088.stdout:Deploying crash service with default placement...
2024-04-19T22:09:46.884 INFO:teuthology.orchestra.run.smithi088.stdout:/usr/bin/ceph: stdout Scheduled crash update...
2024-04-19T22:09:46.884 INFO:teuthology.orchestra.run.smithi088.stdout:/usr/bin/ceph: stderr
2024-04-19T22:09:46.086+0000 7f2861c16700 1 Processor -- start
2024-04-19T22:09:46.884 INFO:teuthology.orchestra.run.smithi088.stdout:/usr/bin/ceph: stderr
2024-04-19T22:09:46.086+0000 7f2861c16700 1 -- start start
2024-04-19T22:09:46.884 INFO:teuthology.orchestra.run.smithi088.stdout:/usr/bin/ceph: stderr
2024-04-19T22:09:46.086+0000 7f2861c16700 1 --2- >> [v2:172.21.15.88:3300/0,v1:172.21.15.88:6789/0] conn(0x7f285c106680 0x7f285c108a60 unknown :-1 s=NONE pgs=0 cs=0 l=0 rev1=0 crypto rx=0 tx=0 comp rx=0 tx=0).connect
2024-04-19T22:09:46.884 INFO:teuthology.orchestra.run.smithi088.stdout:/usr/bin/ceph: stderr
2024-04-19T22:09:46.086+0000 7f2861c16700 1 -- --> [v2:172.21.15.88:3300/0,v1:172.21.15.88:6789/0] -- mon_getmap magic: 0 v1 -- 0x7f285c079d30 con 0x7f285c106680
2024-04-19T22:09:46.884 INFO:teuthology.orchestra.run.smithi088.stdout:/usr/bin/ceph: stderr
2024-04-19T22:09:46.087+0000 7f285b7fe700 1 --2- >> [v2:172.21.15.88:3300/0,v1:172.21.15.88:6789/0] conn(0x7f285c106680 0x7f285c108a60 unknown :-1 s=BANNER_CONNECTING pgs=0 cs=0 l=0 rev1=0 crypto rx=0 tx=0 comp rx=0 tx=0)._handle_peer_banner_payload supported=3 required=0
2024-04-19T22:09:46.884 INFO:teuthology.orchestra.run.smithi088.stdout:/usr/bin/ceph: stderr
2024-04-19T22:09:46.087+0000 7f285b7fe700 1 --2- >> [v2:172.21.15.88:3300/0,v1:172.21.15.88:6789/0] conn(0x7f285c106680 0x7f285c108a60 unknown :-1 s=HELLO_CONNECTING pgs=0 cs=0 l=0 rev1=1 crypto rx=0 tx=0 comp rx=0 tx=0).handle_hello peer v2:172.21.15.88:3300/0 says I am v2:172.21.15.88:58452/0 (socket says 172.21.15.88:58452)
2024-04-19T22:09:46.884 INFO:teuthology.orchestra.run.smithi088.stdout:/usr/bin/ceph: stderr
2024-04-19T22:09:46.087+0000 7f285b7fe700 1 -- 172.21.15.88:0/1047312009 learned_addr learned my addr 172.21.15.88:0/1047312009 (peer_addr_for_me v2:172.21.15.88:0/0)
2024-04-19T22:09:46.884 INFO:teuthology.orchestra.run.smithi088.stdout:/usr/bin/ceph: stderr
2024-04-19T22:09:46.087+0000 7f285b7fe700 1 -- 172.21.15.88:0/1047312009 --> [v2:172.21.15.88:3300/0,v1:172.21.15.88:6789/0] -- mon_subscribe({config=0+,monmap=0+}) v3 -- 0x7f285c079e70 con 0x7f285c106680
2024-04-19T22:09:46.885 INFO:teuthology.orchestra.run.smithi088.stdout:/usr/bin/ceph: stderr
2024-04-19T22:09:46.087+0000 7f285b7fe700 1 --2- 172.21.15.88:0/1047312009 >> [v2:172.21.15.88:3300/0,v1:172.21.15.88:6789/0] conn(0x7f285c106680 0x7f285c108a60 secure :-1 s=READY pgs=49 cs=0 l=1 rev1=1 crypto rx=0x7f28500098a0 tx=0x7f2850009bb0 comp rx=0 tx=0).ready entity=mon.0 client_cookie=870f7443f2f8ff7 server_cookie=0 in_seq=0 out_seq=0
2024-04-19T22:09:46.885 INFO:teuthology.orchestra.run.smithi088.stdout:/usr/bin/ceph: stderr
2024-04-19T22:09:46.088+0000 7f285a7fc700 1 -- 172.21.15.88:0/1047312009 <== mon.0 v2:172.21.15.88:3300/0 1 ==== mon_map magic: 0 v1 ==== 229+0+0 (secure 0 0 0) 0x7f2850004180 con 0x7f285c106680
2024-04-19T22:09:46.885 INFO:teuthology.orchestra.run.smithi088.stdout:/usr/bin/ceph: stderr
2024-04-19T22:09:46.088+0000 7f285a7fc700 1 -- 172.21.15.88:0/1047312009 <== mon.0 v2:172.21.15.88:3300/0 2 ==== config(27 keys) v1 ==== 1101+0+0 (secure 0 0 0) 0x7f28500042e0 con 0x7f285c106680
2024-04-19T22:09:46.885 INFO:teuthology.orchestra.run.smithi088.stdout:/usr/bin/ceph: stderr
2024-04-19T22:09:46.088+0000 7f285a7fc700 1 -- 172.21.15.88:0/1047312009 <== mon.0 v2:172.21.15.88:3300/0 3 ==== mon_map magic: 0 v1 ==== 229+0+0 (secure 0 0 0) 0x7f2850011af0 con 0x7f285c106680
2024-04-19T22:09:46.885 INFO:teuthology.orchestra.run.smithi088.stdout:/usr/bin/ceph: stderr
2024-04-19T22:09:46.088+0000 7f2861c16700 1 -- 172.21.15.88:0/1047312009 >> [v2:172.21.15.88:3300/0,v1:172.21.15.88:6789/0] conn(0x7f285c106680 msgr2=0x7f285c108a60 secure :-1 s=STATE_CONNECTION_ESTABLISHED l=1).mark_down
2024-04-19T22:09:46.885 INFO:teuthology.orchestra.run.smithi088.stdout:/usr/bin/ceph: stderr
2024-04-19T22:09:46.088+0000 7f2861c16700 1 --2- 172.21.15.88:0/1047312009 >> [v2:172.21.15.88:3300/0,v1:172.21.15.88:6789/0] conn(0x7f285c106680 0x7f285c108a60 secure :-1 s=READY pgs=49 cs=0 l=1 rev1=1 crypto rx=0x7f28500098a0 tx=0x7f2850009bb0 comp rx=0 tx=0).stop
2024-04-19T22:09:46.885 INFO:teuthology.orchestra.run.smithi088.stdout:/usr/bin/ceph: stderr
2024-04-19T22:09:46.088+0000 7f2861c16700 1 -- 172.21.15.88:0/1047312009 shutdown_connections
2024-04-19T22:09:46.885 INFO:teuthology.orchestra.run.smithi088.stdout:/usr/bin/ceph: stderr
2024-04-19T22:09:46.088+0000 7f2861c16700 1 --2- 172.21.15.88:0/1047312009 >> [v2:172.21.15.88:3300/0,v1:172.21.15.88:6789/0] conn(0x7f285c106680 0x7f285c108a60 unknown :-1 s=CLOSED pgs=49 cs=0 l=1 rev1=1 crypto rx=0 tx=0 comp rx=0 tx=0).stop
2024-04-19T22:09:46.885 INFO:teuthology.orchestra.run.smithi088.stdout:/usr/bin/ceph: stderr
2024-04-19T22:09:46.088+0000 7f2861c16700 1 -- 172.21.15.88:0/1047312009 >> 172.21.15.88:0/1047312009 conn(0x7f285c100060 msgr2=0x7f285c1024b0 unknown :-1 s=STATE_NONE l=0).mark_down
2024-04-19T22:09:46.885 INFO:teuthology.orchestra.run.smithi088.stdout:/usr/bin/ceph: stderr
2024-04-19T22:09:46.088+0000 7f2861c16700 1 -- 172.21.15.88:0/1047312009 shutdown_connections
2024-04-19T22:09:46.885 INFO:teuthology.orchestra.run.smithi088.stdout:/usr/bin/ceph: stderr
2024-04-19T22:09:46.088+0000 7f2861c16700 1 -- 172.21.15.88:0/1047312009 wait complete.
2024-04-19T22:09:46.885 INFO:teuthology.orchestra.run.smithi088.stdout:/usr/bin/ceph: stderr
2024-04-19T22:09:46.089+0000 7f2861c16700 1 Processor -- start
2024-04-19T22:09:46.885 INFO:teuthology.orchestra.run.smithi088.stdout:/usr/bin/ceph: stderr
2024-04-19T22:09:46.089+0000 7f2861c16700 1 -- start start
2024-04-19T22:09:46.886 INFO:teuthology.orchestra.run.smithi088.stdout:/usr/bin/ceph: stderr
2024-04-19T22:09:46.089+0000 7f2861c16700 1 --2- >> [v2:172.21.15.88:3300/0,v1:172.21.15.88:6789/0] conn(0x7f285c106680 0x7f285c105fe0 unknown :-1 s=NONE pgs=0 cs=0 l=1 rev1=0 crypto rx=0 tx=0 comp rx=0 tx=0).connect
2024-04-19T22:09:46.886 INFO:teuthology.orchestra.run.smithi088.stdout:/usr/bin/ceph: stderr
2024-04-19T22:09:46.089+0000 7f2861c16700 1 -- --> [v2:172.21.15.88:3300/0,v1:172.21.15.88:6789/0] -- mon_getmap magic: 0 v1 -- 0x7f285c106520 con 0x7f285c106680
2024-04-19T22:09:46.886 INFO:teuthology.orchestra.run.smithi088.stdout:/usr/bin/ceph: stderr
2024-04-19T22:09:46.089+0000 7f285b7fe700 1 --2- >> [v2:172.21.15.88:3300/0,v1:172.21.15.88:6789/0] conn(0x7f285c106680 0x7f285c105fe0 unknown :-1 s=BANNER_CONNECTING pgs=0 cs=0 l=1 rev1=0 crypto rx=0 tx=0 comp rx=0 tx=0)._handle_peer_banner_payload supported=3 required=0
2024-04-19T22:09:46.886 INFO:teuthology.orchestra.run.smithi088.stdout:/usr/bin/ceph: stderr
2024-04-19T22:09:46.089+0000 7f285b7fe700 1 --2- >> [v2:172.21.15.88:3300/0,v1:172.21.15.88:6789/0] conn(0x7f285c106680 0x7f285c105fe0 unknown :-1 s=HELLO_CONNECTING pgs=0 cs=0 l=1 rev1=1 crypto rx=0 tx=0 comp rx=0 tx=0).handle_hello peer v2:172.21.15.88:3300/0 says I am v2:172.21.15.88:58462/0 (socket says 172.21.15.88:58462)
2024-04-19T22:09:46.886 INFO:teuthology.orchestra.run.smithi088.stdout:/usr/bin/ceph: stderr
2024-04-19T22:09:46.089+0000 7f285b7fe700 1 -- 172.21.15.88:0/3050925794 learned_addr learned my addr 172.21.15.88:0/3050925794 (peer_addr_for_me v2:172.21.15.88:0/0)
2024-04-19T22:09:46.886 INFO:teuthology.orchestra.run.smithi088.stdout:/usr/bin/ceph: stderr
2024-04-19T22:09:46.090+0000 7f285b7fe700 1 -- 172.21.15.88:0/3050925794 --> [v2:172.21.15.88:3300/0,v1:172.21.15.88:6789/0] -- mon_subscribe({config=0+,monmap=0+}) v3 -- 0x7f2850009550 con 0x7f285c106680
2024-04-19T22:09:46.886 INFO:teuthology.orchestra.run.smithi088.stdout:/usr/bin/ceph: stderr
2024-04-19T22:09:46.090+0000 7f285b7fe700 1 --2- 172.21.15.88:0/3050925794 >> [v2:172.21.15.88:3300/0,v1:172.21.15.88:6789/0] conn(0x7f285c106680 0x7f285c105fe0 secure :-1 s=READY pgs=50 cs=0 l=1 rev1=1 crypto rx=0x7f2850011670 tx=0x7f2850011b50 comp rx=0 tx=0).ready entity=mon.0 client_cookie=0 server_cookie=0 in_seq=0 out_seq=0
2024-04-19T22:09:46.886 INFO:teuthology.orchestra.run.smithi088.stdout:/usr/bin/ceph: stderr
2024-04-19T22:09:46.090+0000 7f2858ff9700 1 -- 172.21.15.88:0/3050925794 <== mon.0 v2:172.21.15.88:3300/0 1 ==== mon_map magic: 0 v1 ==== 229+0+0 (secure 0 0 0) 0x7f28500039f0 con 0x7f285c106680
2024-04-19T22:09:46.886 INFO:teuthology.orchestra.run.smithi088.stdout:/usr/bin/ceph: stderr
2024-04-19T22:09:46.090+0000 7f2858ff9700 1 -- 172.21.15.88:0/3050925794 <== mon.0 v2:172.21.15.88:3300/0 2 ==== config(27 keys) v1 ==== 1101+0+0 (secure 0 0 0) 0x7f2850003b50 con 0x7f285c106680
2024-04-19T22:09:46.886 INFO:teuthology.orchestra.run.smithi088.stdout:/usr/bin/ceph: stderr
2024-04-19T22:09:46.090+0000 7f2861c16700 1 -- 172.21.15.88:0/3050925794 --> [v2:172.21.15.88:3300/0,v1:172.21.15.88:6789/0] -- mon_subscribe({mgrmap=0+}) v3 -- 0x7f285c104690 con 0x7f285c106680
2024-04-19T22:09:46.886 INFO:teuthology.orchestra.run.smithi088.stdout:/usr/bin/ceph: stderr
2024-04-19T22:09:46.090+0000 7f2858ff9700 1 -- 172.21.15.88:0/3050925794 <== mon.0 v2:172.21.15.88:3300/0 3 ==== mon_map magic: 0 v1 ==== 229+0+0 (secure 0 0 0) 0x7f28500247c0 con 0x7f285c106680
2024-04-19T22:09:46.886 INFO:teuthology.orchestra.run.smithi088.stdout:/usr/bin/ceph: stderr
2024-04-19T22:09:46.090+0000 7f2861c16700 1 -- 172.21.15.88:0/3050925794 --> [v2:172.21.15.88:3300/0,v1:172.21.15.88:6789/0] -- mon_subscribe({osdmap=0}) v3 -- 0x7f285c104b10 con 0x7f285c106680
2024-04-19T22:09:46.887 INFO:teuthology.orchestra.run.smithi088.stdout:/usr/bin/ceph: stderr
2024-04-19T22:09:46.091+0000 7f2858ff9700 1 -- 172.21.15.88:0/3050925794 <== mon.0 v2:172.21.15.88:3300/0 4 ==== mgrmap(e 8) v1 ==== 45084+0+0 (secure 0 0 0) 0x7f285002d3f0 con 0x7f285c106680
2024-04-19T22:09:46.887 INFO:teuthology.orchestra.run.smithi088.stdout:/usr/bin/ceph: stderr
2024-04-19T22:09:46.091+0000 7f2861c16700 1 -- 172.21.15.88:0/3050925794 --> [v2:172.21.15.88:3300/0,v1:172.21.15.88:6789/0] -- mon_command({"prefix": "get_command_descriptions"} v 0) v1 -- 0x7f285c109ba0 con 0x7f285c106680
2024-04-19T22:09:46.887 INFO:teuthology.orchestra.run.smithi088.stdout:/usr/bin/ceph: stderr
2024-04-19T22:09:46.091+0000 7f2858ff9700 1 --2- 172.21.15.88:0/3050925794 >> [v2:172.21.15.88:6800/35308071,v1:172.21.15.88:6801/35308071] conn(0x7f28440383f0 0x7f284403a8a0 unknown :-1 s=NONE pgs=0 cs=0 l=1 rev1=0 crypto rx=0 tx=0 comp rx=0 tx=0).connect
2024-04-19T22:09:46.887 INFO:teuthology.orchestra.run.smithi088.stdout:/usr/bin/ceph: stderr
2024-04-19T22:09:46.091+0000 7f2858ff9700 1 -- 172.21.15.88:0/3050925794 <== mon.0 v2:172.21.15.88:3300/0 5 ==== osd_map(2..2 src has 1..2) v4 ==== 940+0+0 (secure 0 0 0) 0x7f285004c370 con 0x7f285c106680
2024-04-19T22:09:46.887 INFO:teuthology.orchestra.run.smithi088.stdout:/usr/bin/ceph: stderr
2024-04-19T22:09:46.091+0000 7f285affd700 1 --2- 172.21.15.88:0/3050925794 >> [v2:172.21.15.88:6800/35308071,v1:172.21.15.88:6801/35308071] conn(0x7f28440383f0 0x7f284403a8a0 unknown :-1 s=BANNER_CONNECTING pgs=0 cs=0 l=1 rev1=0 crypto rx=0 tx=0 comp rx=0 tx=0)._handle_peer_banner_payload supported=3 required=0
2024-04-19T22:09:46.887 INFO:teuthology.orchestra.run.smithi088.stdout:/usr/bin/ceph: stderr
2024-04-19T22:09:46.092+0000 7f285affd700 1 --2- 172.21.15.88:0/3050925794 >> [v2:172.21.15.88:6800/35308071,v1:172.21.15.88:6801/35308071] conn(0x7f28440383f0 0x7f284403a8a0 secure :-1 s=READY pgs=14 cs=0 l=1 rev1=1 crypto rx=0x7f284c006fd0 tx=0x7f284c006e40 comp rx=0 tx=0).ready entity=mgr.14118 client_cookie=0 server_cookie=0 in_seq=0 out_seq=0
2024-04-19T22:09:46.887 INFO:teuthology.orchestra.run.smithi088.stdout:/usr/bin/ceph: stderr
2024-04-19T22:09:46.096+0000 7f2858ff9700 1 -- 172.21.15.88:0/3050925794 <== mon.0 v2:172.21.15.88:3300/0 6 ==== mon_command_ack([{"prefix": "get_command_descriptions"}]=0 v0) v1 ==== 72+0+177933 (secure 0 0 0) 0x7f2850010740 con 0x7f285c106680
2024-04-19T22:09:46.887 INFO:teuthology.orchestra.run.smithi088.stdout:/usr/bin/ceph: stderr
