2024-04-19T22:10:07.667+0000 7f9e47b66700 1 --2- 172.21.15.88:0/2833848709 >> [v2:172.21.15.88:3300/0,v1:172.21.15.88:6789/0] conn(0x7f9e40103df0 0x7f9e40104200 unknown :-1 s=CLOSED pgs=82 cs=0 l=1 rev1=1 crypto rx=0 tx=0 comp rx=0 tx=0).stop
2024-04-19T22:10:09.178 INFO:teuthology.orchestra.run.smithi088.stdout:/usr/bin/ceph: stderr
2024-04-19T22:10:07.667+0000 7f9e47b66700 1 -- 172.21.15.88:0/2833848709 >> 172.21.15.88:0/2833848709 conn(0x7f9e400ff810 msgr2=0x7f9e40101c20 unknown :-1 s=STATE_NONE l=0).mark_down
2024-04-19T22:10:09.178 INFO:teuthology.orchestra.run.smithi088.stdout:/usr/bin/ceph: stderr
2024-04-19T22:10:07.667+0000 7f9e47b66700 1 -- 172.21.15.88:0/2833848709 shutdown_connections
2024-04-19T22:10:09.178 INFO:teuthology.orchestra.run.smithi088.stdout:/usr/bin/ceph: stderr
2024-04-19T22:10:07.667+0000 7f9e47b66700 1 -- 172.21.15.88:0/2833848709 wait complete.
2024-04-19T22:10:09.178 INFO:teuthology.orchestra.run.smithi088.stdout:/usr/bin/ceph: stderr
2024-04-19T22:10:07.668+0000 7f9e47b66700 1 Processor -- start
2024-04-19T22:10:09.178 INFO:teuthology.orchestra.run.smithi088.stdout:/usr/bin/ceph: stderr
2024-04-19T22:10:07.668+0000 7f9e47b66700 1 -- start start
2024-04-19T22:10:09.178 INFO:teuthology.orchestra.run.smithi088.stdout:/usr/bin/ceph: stderr
2024-04-19T22:10:07.668+0000 7f9e47b66700 1 --2- >> [v2:172.21.15.88:3300/0,v1:172.21.15.88:6789/0] conn(0x7f9e40103df0 0x7f9e40106780 unknown :-1 s=NONE pgs=0 cs=0 l=1 rev1=0 crypto rx=0 tx=0 comp rx=0 tx=0).connect
2024-04-19T22:10:09.178 INFO:teuthology.orchestra.run.smithi088.stdout:/usr/bin/ceph: stderr
2024-04-19T22:10:07.668+0000 7f9e47b66700 1 -- --> [v2:172.21.15.88:3300/0,v1:172.21.15.88:6789/0] -- mon_getmap magic: 0 v1 -- 0x7f9e40106cc0 con 0x7f9e40103df0
2024-04-19T22:10:09.178 INFO:teuthology.orchestra.run.smithi088.stdout:/usr/bin/ceph: stderr
2024-04-19T22:10:07.668+0000 7f9e45902700 1 --2- >> [v2:172.21.15.88:3300/0,v1:172.21.15.88:6789/0] conn(0x7f9e40103df0 0x7f9e40106780 unknown :-1 s=BANNER_CONNECTING pgs=0 cs=0 l=1 rev1=0 crypto rx=0 tx=0 comp rx=0 tx=0)._handle_peer_banner_payload supported=3 required=0
2024-04-19T22:10:09.178 INFO:teuthology.orchestra.run.smithi088.stdout:/usr/bin/ceph: stderr
2024-04-19T22:10:07.668+0000 7f9e45902700 1 --2- >> [v2:172.21.15.88:3300/0,v1:172.21.15.88:6789/0] conn(0x7f9e40103df0 0x7f9e40106780 unknown :-1 s=HELLO_CONNECTING pgs=0 cs=0 l=1 rev1=1 crypto rx=0 tx=0 comp rx=0 tx=0).handle_hello peer v2:172.21.15.88:3300/0 says I am v2:172.21.15.88:55016/0 (socket says 172.21.15.88:55016)
2024-04-19T22:10:09.178 INFO:teuthology.orchestra.run.smithi088.stdout:/usr/bin/ceph: stderr
2024-04-19T22:10:07.668+0000 7f9e45902700 1 -- 172.21.15.88:0/1034752378 learned_addr learned my addr 172.21.15.88:0/1034752378 (peer_addr_for_me v2:172.21.15.88:0/0)
2024-04-19T22:10:09.178 INFO:teuthology.orchestra.run.smithi088.stdout:/usr/bin/ceph: stderr
2024-04-19T22:10:07.668+0000 7f9e45902700 1 -- 172.21.15.88:0/1034752378 --> [v2:172.21.15.88:3300/0,v1:172.21.15.88:6789/0] -- mon_subscribe({config=0+,monmap=0+}) v3 -- 0x7f9e3c009550 con 0x7f9e40103df0
2024-04-19T22:10:09.179 INFO:teuthology.orchestra.run.smithi088.stdout:/usr/bin/ceph: stderr
2024-04-19T22:10:07.668+0000 7f9e45902700 1 --2- 172.21.15.88:0/1034752378 >> [v2:172.21.15.88:3300/0,v1:172.21.15.88:6789/0] conn(0x7f9e40103df0 0x7f9e40106780 secure :-1 s=READY pgs=83 cs=0 l=1 rev1=1 crypto rx=0x7f9e3c000c00 tx=0x7f9e3c011b50 comp rx=0 tx=0).ready entity=mon.0 client_cookie=0 server_cookie=0 in_seq=0 out_seq=0
2024-04-19T22:10:09.179 INFO:teuthology.orchestra.run.smithi088.stdout:/usr/bin/ceph: stderr
2024-04-19T22:10:07.669+0000 7f9e36ffd700 1 -- 172.21.15.88:0/1034752378 <== mon.0 v2:172.21.15.88:3300/0 1 ==== mon_map magic: 0 v1 ==== 229+0+0 (secure 0 0 0) 0x7f9e3c003a70 con 0x7f9e40103df0
2024-04-19T22:10:09.179 INFO:teuthology.orchestra.run.smithi088.stdout:/usr/bin/ceph: stderr
2024-04-19T22:10:07.669+0000 7f9e36ffd700 1 -- 172.21.15.88:0/1034752378 <== mon.0 v2:172.21.15.88:3300/0 2 ==== config(27 keys) v1 ==== 1101+0+0 (secure 0 0 0) 0x7f9e3c003bd0 con 0x7f9e40103df0
2024-04-19T22:10:09.179 INFO:teuthology.orchestra.run.smithi088.stdout:/usr/bin/ceph: stderr
2024-04-19T22:10:07.669+0000 7f9e47b66700 1 -- 172.21.15.88:0/1034752378 --> [v2:172.21.15.88:3300/0,v1:172.21.15.88:6789/0] -- mon_subscribe({mgrmap=0+}) v3 -- 0x7f9e40104dd0 con 0x7f9e40103df0
2024-04-19T22:10:09.179 INFO:teuthology.orchestra.run.smithi088.stdout:/usr/bin/ceph: stderr
2024-04-19T22:10:07.669+0000 7f9e36ffd700 1 -- 172.21.15.88:0/1034752378 <== mon.0 v2:172.21.15.88:3300/0 3 ==== mon_map magic: 0 v1 ==== 229+0+0 (secure 0 0 0) 0x7f9e3c0238c0 con 0x7f9e40103df0
2024-04-19T22:10:09.179 INFO:teuthology.orchestra.run.smithi088.stdout:/usr/bin/ceph: stderr
2024-04-19T22:10:07.669+0000 7f9e47b66700 1 -- 172.21.15.88:0/1034752378 --> [v2:172.21.15.88:3300/0,v1:172.21.15.88:6789/0] -- mon_subscribe({osdmap=0}) v3 -- 0x7f9e401051f0 con 0x7f9e40103df0
2024-04-19T22:10:09.179 INFO:teuthology.orchestra.run.smithi088.stdout:/usr/bin/ceph: stderr
2024-04-19T22:10:07.670+0000 7f9e36ffd700 1 -- 172.21.15.88:0/1034752378 <== mon.0 v2:172.21.15.88:3300/0 4 ==== mgrmap(e 12) v1 ==== 45097+0+0 (secure 0 0 0) 0x7f9e3c023b80 con 0x7f9e40103df0
2024-04-19T22:10:09.179 INFO:teuthology.orchestra.run.smithi088.stdout:/usr/bin/ceph: stderr
2024-04-19T22:10:07.670+0000 7f9e47b66700 1 -- 172.21.15.88:0/1034752378 --> [v2:172.21.15.88:3300/0,v1:172.21.15.88:6789/0] -- mon_command({"prefix": "get_command_descriptions"} v 0) v1 -- 0x7f9e40062380 con 0x7f9e40103df0
2024-04-19T22:10:09.179 INFO:teuthology.orchestra.run.smithi088.stdout:/usr/bin/ceph: stderr
2024-04-19T22:10:07.670+0000 7f9e36ffd700 1 --2- 172.21.15.88:0/1034752378 >> [v2:172.21.15.88:6800/37283811,v1:172.21.15.88:6801/37283811] conn(0x7f9e2c038440 0x7f9e2c03a8f0 unknown :-1 s=NONE pgs=0 cs=0 l=1 rev1=0 crypto rx=0 tx=0 comp rx=0 tx=0).connect
2024-04-19T22:10:09.179 INFO:teuthology.orchestra.run.smithi088.stdout:/usr/bin/ceph: stderr
2024-04-19T22:10:07.670+0000 7f9e36ffd700 1 -- 172.21.15.88:0/1034752378 <== mon.0 v2:172.21.15.88:3300/0 5 ==== osd_map(3..3 src has 1..3) v4 ==== 1155+0+0 (secure 0 0 0) 0x7f9e3c04c330 con 0x7f9e40103df0
2024-04-19T22:10:09.179 INFO:teuthology.orchestra.run.smithi088.stdout:/usr/bin/ceph: stderr
2024-04-19T22:10:07.670+0000 7f9e45101700 1 --2- 172.21.15.88:0/1034752378 >> [v2:172.21.15.88:6800/37283811,v1:172.21.15.88:6801/37283811] conn(0x7f9e2c038440 0x7f9e2c03a8f0 unknown :-1 s=BANNER_CONNECTING pgs=0 cs=0 l=1 rev1=0 crypto rx=0 tx=0 comp rx=0 tx=0)._handle_peer_banner_payload supported=3 required=0
2024-04-19T22:10:09.180 INFO:teuthology.orchestra.run.smithi088.stdout:/usr/bin/ceph: stderr
2024-04-19T22:10:07.670+0000 7f9e45101700 1 --2- 172.21.15.88:0/1034752378 >> [v2:172.21.15.88:6800/37283811,v1:172.21.15.88:6801/37283811] conn(0x7f9e2c038440 0x7f9e2c03a8f0 secure :-1 s=READY pgs=8 cs=0 l=1 rev1=1 crypto rx=0x7f9e30006fd0 tx=0x7f9e30006e40 comp rx=0 tx=0).ready entity=mgr.14162 client_cookie=0 server_cookie=0 in_seq=0 out_seq=0
2024-04-19T22:10:09.180 INFO:teuthology.orchestra.run.smithi088.stdout:/usr/bin/ceph: stderr
2024-04-19T22:10:07.675+0000 7f9e36ffd700 1 -- 172.21.15.88:0/1034752378 <== mon.0 v2:172.21.15.88:3300/0 6 ==== mon_command_ack([{"prefix": "get_command_descriptions"}]=0 v0) v1 ==== 72+0+177933 (secure 0 0 0) 0x7f9e3c02b300 con 0x7f9e40103df0
2024-04-19T22:10:09.180 INFO:teuthology.orchestra.run.smithi088.stdout:/usr/bin/ceph: stderr
2024-04-19T22:10:07.887+0000 7f9e47b66700 1 -- 172.21.15.88:0/1034752378 --> [v2:172.21.15.88:6800/37283811,v1:172.21.15.88:6801/37283811] -- mgr_command(tid 0: {"prefix": "dashboard ac-user-create", "username": "admin", "rolename": "administrator", "force_password": true, "pwd_update_required": true, "target": ["mon-mgr", ""]}) v1 -- 0x7f9e400621a0 con 0x7f9e2c038440
2024-04-19T22:10:09.180 INFO:teuthology.orchestra.run.smithi088.stdout:/usr/bin/ceph: stderr
2024-04-19T22:10:08.110+0000 7f9e36ffd700 1 -- 172.21.15.88:0/1034752378 <== mgr.14162 v2:172.21.15.88:6800/37283811 1 ==== mgr_command_reply(tid 0: 0 ) v1 ==== 8+0+252 (secure 0 0 0) 0x7f9e400621a0 con 0x7f9e2c038440
2024-04-19T22:10:09.180 INFO:teuthology.orchestra.run.smithi088.stdout:/usr/bin/ceph: stderr
2024-04-19T22:10:08.112+0000 7f9e47b66700 1 -- 172.21.15.88:0/1034752378 >> [v2:172.21.15.88:6800/37283811,v1:172.21.15.88:6801/37283811] conn(0x7f9e2c038440 msgr2=0x7f9e2c03a8f0 secure :-1 s=STATE_CONNECTION_ESTABLISHED l=1).mark_down
2024-04-19T22:10:09.180 INFO:teuthology.orchestra.run.smithi088.stdout:/usr/bin/ceph: stderr
2024-04-19T22:10:08.112+0000 7f9e47b66700 1 --2- 172.21.15.88:0/1034752378 >> [v2:172.21.15.88:6800/37283811,v1:172.21.15.88:6801/37283811] conn(0x7f9e2c038440 0x7f9e2c03a8f0 secure :-1 s=READY pgs=8 cs=0 l=1 rev1=1 crypto rx=0x7f9e30006fd0 tx=0x7f9e30006e40 comp rx=0 tx=0).stop
2024-04-19T22:10:09.180 INFO:teuthology.orchestra.run.smithi088.stdout:/usr/bin/ceph: stderr
2024-04-19T22:10:08.112+0000 7f9e47b66700 1 -- 172.21.15.88:0/1034752378 >> [v2:172.21.15.88:3300/0,v1:172.21.15.88:6789/0] conn(0x7f9e40103df0 msgr2=0x7f9e40106780 secure :-1 s=STATE_CONNECTION_ESTABLISHED l=1).mark_down
2024-04-19T22:10:09.180 INFO:teuthology.orchestra.run.smithi088.stdout:/usr/bin/ceph: stderr
2024-04-19T22:10:08.112+0000 7f9e47b66700 1 --2- 172.21.15.88:0/1034752378 >> [v2:172.21.15.88:3300/0,v1:172.21.15.88:6789/0] conn(0x7f9e40103df0 0x7f9e40106780 secure :-1 s=READY pgs=83 cs=0 l=1 rev1=1 crypto rx=0x7f9e3c000c00 tx=0x7f9e3c011b50 comp rx=0 tx=0).stop
2024-04-19T22:10:09.180 INFO:teuthology.orchestra.run.smithi088.stdout:/usr/bin/ceph: stderr
2024-04-19T22:10:08.112+0000 7f9e47b66700 1 -- 172.21.15.88:0/1034752378 shutdown_connections
2024-04-19T22:10:09.180 INFO:teuthology.orchestra.run.smithi088.stdout:/usr/bin/ceph: stderr
2024-04-19T22:10:08.112+0000 7f9e47b66700 1 --2- 172.21.15.88:0/1034752378 >> [v2:172.21.15.88:6800/37283811,v1:172.21.15.88:6801/37283811] conn(0x7f9e2c038440 0x7f9e2c03a8f0 unknown :-1 s=CLOSED pgs=8 cs=0 l=1 rev1=1 crypto rx=0 tx=0 comp rx=0 tx=0).stop
2024-04-19T22:10:09.180 INFO:teuthology.orchestra.run.smithi088.stdout:/usr/bin/ceph: stderr
2024-04-19T22:10:08.112+0000 7f9e47b66700 1 --2- 172.21.15.88:0/1034752378 >> [v2:172.21.15.88:3300/0,v1:172.21.15.88:6789/0] conn(0x7f9e40103df0 0x7f9e40106780 unknown :-1 s=CLOSED pgs=83 cs=0 l=1 rev1=1 crypto rx=0 tx=0 comp rx=0 tx=0).stop
2024-04-19T22:10:09.180 INFO:teuthology.orchestra.run.smithi088.stdout:/usr/bin/ceph: stderr
2024-04-19T22:10:08.112+0000 7f9e47b66700 1 -- 172.21.15.88:0/1034752378 >> 172.21.15.88:0/1034752378 conn(0x7f9e400ff810 msgr2=0x7f9e40100ec0 unknown :-1 s=STATE_NONE l=0).mark_down
2024-04-19T22:10:09.181 INFO:teuthology.orchestra.run.smithi088.stdout:/usr/bin/ceph: stderr
2024-04-19T22:10:08.112+0000 7f9e47b66700 1 -- 172.21.15.88:0/1034752378 shutdown_connections
2024-04-19T22:10:09.181 INFO:teuthology.orchestra.run.smithi088.stdout:/usr/bin/ceph: stderr
2024-04-19T22:10:08.112+0000 7f9e47b66700 1 -- 172.21.15.88:0/1034752378 wait complete.
2024-04-19T22:10:09.181 INFO:teuthology.orchestra.run.smithi088.stdout:Fetching dashboard port number...
2024-04-19T22:10:09.300 INFO:journalctl@ceph.mon.smithi088.smithi088.stdout:Apr 19 22:10:09 smithi088 ceph-mon[17215]: from='client.14176 -' entity='client.admin' cmd=[{"prefix": "dashboard ac-user-create", "username": "admin", "rolename": "administrator", "force_password": true, "pwd_update_required": true, "target": ["mon-mgr", ""]}]: dispatch
2024-04-19T22:10:09.300 INFO:journalctl@ceph.mon.smithi088.smithi088.stdout:Apr 19 22:10:09 smithi088 ceph-mon[17215]: from='mgr.14162 172.21.15.88:0/2831327402' entity='mgr.smithi088.hrejmt'
2024-04-19T22:10:10.422 INFO:journalctl@ceph.mon.smithi088.smithi088.stdout:Apr 19 22:10:10 smithi088 ceph-mon[17215]: from='client.? 172.21.15.88:0/3216890976' entity='client.admin' cmd=[{"prefix": "config get", "who": "mgr", "key": "mgr/dashboard/ssl_server_port"}]: dispatch
2024-04-19T22:10:10.448 INFO:teuthology.orchestra.run.smithi088.stdout:/usr/bin/ceph: stdout 8443
2024-04-19T22:10:10.448 INFO:teuthology.orchestra.run.smithi088.stdout:/usr/bin/ceph: stderr
2024-04-19T22:10:09.655+0000 7f248597a700 1 Processor -- start
2024-04-19T22:10:10.448 INFO:teuthology.orchestra.run.smithi088.stdout:/usr/bin/ceph: stderr
2024-04-19T22:10:09.655+0000 7f248597a700 1 -- start start
2024-04-19T22:10:10.448 INFO:teuthology.orchestra.run.smithi088.stdout:/usr/bin/ceph: stderr
2024-04-19T22:10:09.656+0000 7f248597a700 1 --2- >> [v2:172.21.15.88:3300/0,v1:172.21.15.88:6789/0] conn(0x7f24801049f0 0x7f2480104e00 unknown :-1 s=NONE pgs=0 cs=0 l=0 rev1=0 crypto rx=0 tx=0 comp rx=0 tx=0).connect
2024-04-19T22:10:10.448 INFO:teuthology.orchestra.run.smithi088.stdout:/usr/bin/ceph: stderr
2024-04-19T22:10:09.656+0000 7f248597a700 1 -- --> [v2:172.21.15.88:3300/0,v1:172.21.15.88:6789/0] -- mon_getmap magic: 0 v1 -- 0x7f2480105340 con 0x7f24801049f0
2024-04-19T22:10:10.448 INFO:teuthology.orchestra.run.smithi088.stdout:/usr/bin/ceph: stderr
2024-04-19T22:10:09.656+0000 7f247effd700 1 --2- >> [v2:172.21.15.88:3300/0,v1:172.21.15.88:6789/0] conn(0x7f24801049f0 0x7f2480104e00 unknown :-1 s=BANNER_CONNECTING pgs=0 cs=0 l=0 rev1=0 crypto rx=0 tx=0 comp rx=0 tx=0)._handle_peer_banner_payload supported=3 required=0
2024-04-19T22:10:10.448 INFO:teuthology.orchestra.run.smithi088.stdout:/usr/bin/ceph: stderr
2024-04-19T22:10:09.656+0000 7f247effd700 1 --2- >> [v2:172.21.15.88:3300/0,v1:172.21.15.88:6789/0] conn(0x7f24801049f0 0x7f2480104e00 unknown :-1 s=HELLO_CONNECTING pgs=0 cs=0 l=0 rev1=1 crypto rx=0 tx=0 comp rx=0 tx=0).handle_hello peer v2:172.21.15.88:3300/0 says I am v2:172.21.15.88:55028/0 (socket says 172.21.15.88:55028)
2024-04-19T22:10:10.448 INFO:teuthology.orchestra.run.smithi088.stdout:/usr/bin/ceph: stderr
2024-04-19T22:10:09.656+0000 7f247effd700 1 -- 172.21.15.88:0/1659019622 learned_addr learned my addr 172.21.15.88:0/1659019622 (peer_addr_for_me v2:172.21.15.88:0/0)
2024-04-19T22:10:10.448 INFO:teuthology.orchestra.run.smithi088.stdout:/usr/bin/ceph: stderr
2024-04-19T22:10:09.656+0000 7f247effd700 1 -- 172.21.15.88:0/1659019622 --> [v2:172.21.15.88:3300/0,v1:172.21.15.88:6789/0] -- mon_subscribe({config=0+,monmap=0+}) v3 -- 0x7f2480105480 con 0x7f24801049f0
2024-04-19T22:10:10.448 INFO:teuthology.orchestra.run.smithi088.stdout:/usr/bin/ceph: stderr
2024-04-19T22:10:09.656+0000 7f247effd700 1 --2- 172.21.15.88:0/1659019622 >> [v2:172.21.15.88:3300/0,v1:172.21.15.88:6789/0] conn(0x7f24801049f0 0x7f2480104e00 secure :-1 s=READY pgs=84 cs=0 l=1 rev1=1 crypto rx=0x7f247800d180 tx=0x7f247800d490 comp rx=0 tx=0).ready entity=mon.0 client_cookie=a8e190103dee8f0b server_cookie=0 in_seq=0 out_seq=0
2024-04-19T22:10:10.448 INFO:teuthology.orchestra.run.smithi088.stdout:/usr/bin/ceph: stderr
2024-04-19T22:10:09.656+0000 7f247dffb700 1 -- 172.21.15.88:0/1659019622 <== mon.0 v2:172.21.15.88:3300/0 1 ==== mon_map magic: 0 v1 ==== 229+0+0 (secure 0 0 0) 0x7f2478010070 con 0x7f24801049f0
2024-04-19T22:10:10.449 INFO:teuthology.orchestra.run.smithi088.stdout:/usr/bin/ceph: stderr
2024-04-19T22:10:09.656+0000 7f247dffb700 1 -- 172.21.15.88:0/1659019622 <== mon.0 v2:172.21.15.88:3300/0 2 ==== config(27 keys) v1 ==== 1101+0+0 (secure 0 0 0) 0x7f247800dcf0 con 0x7f24801049f0
2024-04-19T22:10:10.449 INFO:teuthology.orchestra.run.smithi088.stdout:/usr/bin/ceph: stderr
2024-04-19T22:10:09.656+0000 7f247dffb700 1 -- 172.21.15.88:0/1659019622 <== mon.0 v2:172.21.15.88:3300/0 3 ==== mon_map magic: 0 v1 ==== 229+0+0 (secure 0 0 0) 0x7f24780099e0 con 0x7f24801049f0
2024-04-19T22:10:10.449 INFO:teuthology.orchestra.run.smithi088.stdout:/usr/bin/ceph: stderr
2024-04-19T22:10:09.657+0000 7f248597a700 1 -- 172.21.15.88:0/1659019622 >> [v2:172.21.15.88:3300/0,v1:172.21.15.88:6789/0] conn(0x7f24801049f0 msgr2=0x7f2480104e00 secure :-1 s=STATE_CONNECTION_ESTABLISHED l=1).mark_down
2024-04-19T22:10:10.449 INFO:teuthology.orchestra.run.smithi088.stdout:/usr/bin/ceph: stderr
2024-04-19T22:10:09.657+0000 7f248597a700 1 --2- 172.21.15.88:0/1659019622 >> [v2:172.21.15.88:3300/0,v1:172.21.15.88:6789/0] conn(0x7f24801049f0 0x7f2480104e00 secure :-1 s=READY pgs=84 cs=0 l=1 rev1=1 crypto rx=0x7f247800d180 tx=0x7f247800d490 comp rx=0 tx=0).stop
2024-04-19T22:10:10.449 INFO:teuthology.orchestra.run.smithi088.stdout:/usr/bin/ceph: stderr
2024-04-19T22:10:09.657+0000 7f248597a700 1 -- 172.21.15.88:0/1659019622 shutdown_connections
2024-04-19T22:10:10.449 INFO:teuthology.orchestra.run.smithi088.stdout:/usr/bin/ceph: stderr
2024-04-19T22:10:09.657+0000 7f248597a700 1 --2- 172.21.15.88:0/1659019622 >> [v2:172.21.15.88:3300/0,v1:172.21.15.88:6789/0] conn(0x7f24801049f0 0x7f2480104e00 unknown :-1 s=CLOSED pgs=84 cs=0 l=1 rev1=1 crypto rx=0 tx=0 comp rx=0 tx=0).stop
2024-04-19T22:10:10.449 INFO:teuthology.orchestra.run.smithi088.stdout:/usr/bin/ceph: stderr
2024-04-19T22:10:09.657+0000 7f248597a700 1 -- 172.21.15.88:0/1659019622 >> 172.21.15.88:0/1659019622 conn(0x7f2480100080 msgr2=0x7f2480102490 unknown :-1 s=STATE_NONE l=0).mark_down
2024-04-19T22:10:10.449 INFO:teuthology.orchestra.run.smithi088.stdout:/usr/bin/ceph: stderr
2024-04-19T22:10:09.657+0000 7f248597a700 1 -- 172.21.15.88:0/1659019622 shutdown_connections
2024-04-19T22:10:10.449 INFO:teuthology.orchestra.run.smithi088.stdout:/usr/bin/ceph: stderr
2024-04-19T22:10:09.657+0000 7f248597a700 1 -- 172.21.15.88:0/1659019622 wait complete.
2024-04-19T22:10:10.449 INFO:teuthology.orchestra.run.smithi088.stdout:/usr/bin/ceph: stderr
2024-04-19T22:10:09.658+0000 7f248597a700 1 Processor -- start
2024-04-19T22:10:10.449 INFO:teuthology.orchestra.run.smithi088.stdout:/usr/bin/ceph: stderr
2024-04-19T22:10:09.658+0000 7f248597a700 1 -- start start
2024-04-19T22:10:10.449 INFO:teuthology.orchestra.run.smithi088.stdout:/usr/bin/ceph: stderr
2024-04-19T22:10:09.658+0000 7f248597a700 1 --2- >> [v2:172.21.15.88:3300/0,v1:172.21.15.88:6789/0] conn(0x7f24801049f0 0x7f2480197570 unknown :-1 s=NONE pgs=0 cs=0 l=1 rev1=0 crypto rx=0 tx=0 comp rx=0 tx=0).connect
2024-04-19T22:10:10.449 INFO:teuthology.orchestra.run.smithi088.stdout:/usr/bin/ceph: stderr
2024-04-19T22:10:09.658+0000 7f248597a700 1 -- --> [v2:172.21.15.88:3300/0,v1:172.21.15.88:6789/0] -- mon_getmap magic: 0 v1 -- 0x7f2480197ab0 con 0x7f24801049f0
2024-04-19T22:10:10.450 INFO:teuthology.orchestra.run.smithi088.stdout:/usr/bin/ceph: stderr
2024-04-19T22:10:09.658+0000 7f247effd700 1 --2- >> [v2:172.21.15.88:3300/0,v1:172.21.15.88:6789/0] conn(0x7f24801049f0 0x7f2480197570 unknown :-1 s=BANNER_CONNECTING pgs=0 cs=0 l=1 rev1=0 crypto rx=0 tx=0 comp rx=0 tx=0)._handle_peer_banner_payload supported=3 required=0
2024-04-19T22:10:10.450 INFO:teuthology.orchestra.run.smithi088.stdout:/usr/bin/ceph: stderr
2024-04-19T22:10:09.658+0000 7f247effd700 1 --2- >> [v2:172.21.15.88:3300/0,v1:172.21.15.88:6789/0] conn(0x7f24801049f0 0x7f2480197570 unknown :-1 s=HELLO_CONNECTING pgs=0 cs=0 l=1 rev1=1 crypto rx=0 tx=0 comp rx=0 tx=0).handle_hello peer v2:172.21.15.88:3300/0 says I am v2:172.21.15.88:55030/0 (socket says 172.21.15.88:55030)
2024-04-19T22:10:10.450 INFO:teuthology.orchestra.run.smithi088.stdout:/usr/bin/ceph: stderr
2024-04-19T22:10:09.658+0000 7f247effd700 1 -- 172.21.15.88:0/3216890976 learned_addr learned my addr 172.21.15.88:0/3216890976 (peer_addr_for_me v2:172.21.15.88:0/0)
2024-04-19T22:10:10.450 INFO:teuthology.orchestra.run.smithi088.stdout:/usr/bin/ceph: stderr
2024-04-19T22:10:09.658+0000 7f247effd700 1 -- 172.21.15.88:0/3216890976 --> [v2:172.21.15.88:3300/0,v1:172.21.15.88:6789/0] -- mon_subscribe({config=0+,monmap=0+}) v3 -- 0x7f247800bd40 con 0x7f24801049f0
2024-04-19T22:10:10.450 INFO:teuthology.orchestra.run.smithi088.stdout:/usr/bin/ceph: stderr
2024-04-19T22:10:09.658+0000 7f247effd700 1 --2- 172.21.15.88:0/3216890976 >> [v2:172.21.15.88:3300/0,v1:172.21.15.88:6789/0] conn(0x7f24801049f0 0x7f2480197570 secure :-1 s=READY pgs=85 cs=0 l=1 rev1=1 crypto rx=0x7f247800bbf0 tx=0x7f247800b3b0 comp rx=0 tx=0).ready entity=mon.0 client_cookie=0 server_cookie=0 in_seq=0 out_seq=0
2024-04-19T22:10:10.450 INFO:teuthology.orchestra.run.smithi088.stdout:/usr/bin/ceph: stderr
2024-04-19T22:10:09.659+0000 7f2484978700 1 -- 172.21.15.88:0/3216890976 <== mon.0 v2:172.21.15.88:3300/0 1 ==== mon_map magic: 0 v1 ==== 229+0+0 (secure 0 0 0) 0x7f2478010050 con 0x7f24801049f0
2024-04-19T22:10:10.450 INFO:teuthology.orchestra.run.smithi088.stdout:/usr/bin/ceph: stderr
2024-04-19T22:10:09.659+0000 7f248597a700 1 -- 172.21.15.88:0/3216890976 --> [v2:172.21.15.88:3300/0,v1:172.21.15.88:6789/0] -- mon_subscribe({mgrmap=0+}) v3 -- 0x7f2480197cb0 con 0x7f24801049f0
2024-04-19T22:10:10.450 INFO:teuthology.orchestra.run.smithi088.stdout:/usr/bin/ceph: stderr
2024-04-19T22:10:09.659+0000 7f2484978700 1 -- 172.21.15.88:0/3216890976 <== mon.0 v2:172.21.15.88:3300/0 2 ==== config(27 keys) v1 ==== 1101+0+0 (secure 0 0 0) 0x7f247800b6e0 con 0x7f24801049f0
2024-04-19T22:10:10.450 INFO:teuthology.orchestra.run.smithi088.stdout:/usr/bin/ceph: stderr
2024-04-19T22:10:09.659+0000 7f2484978700 1 -- 172.21.15.88:0/3216890976 <== mon.0 v2:172.21.15.88:3300/0 3 ==== mon_map magic: 0 v1 ==== 229+0+0 (secure 0 0 0) 0x7f247801fb40 con 0x7f24801049f0
2024-04-19T22:10:10.450 INFO:teuthology.orchestra.run.smithi088.stdout:/usr/bin/ceph: stderr
2024-04-19T22:10:09.659+0000 7f248597a700 1 -- 172.21.15.88:0/3216890976 --> [v2:172.21.15.88:3300/0,v1:172.21.15.88:6789/0] -- mon_subscribe({osdmap=0}) v3 -- 0x7f24801980d0 con 0x7f24801049f0
2024-04-19T22:10:10.450 INFO:teuthology.orchestra.run.smithi088.stdout:/usr/bin/ceph: stderr
2024-04-19T22:10:09.660+0000 7f2484978700 1 -- 172.21.15.88:0/3216890976 <== mon.0 v2:172.21.15.88:3300/0 4 ==== mgrmap(e 12) v1 ==== 45097+0+0 (secure 0 0 0) 0x7f247801b070 con 0x7f24801049f0
2024-04-19T22:10:10.450 INFO:teuthology.orchestra.run.smithi088.stdout:/usr/bin/ceph: stderr
2024-04-19T22:10:09.660+0000 7f248597a700 1 -- 172.21.15.88:0/3216890976 --> [v2:172.21.15.88:3300/0,v1:172.21.15.88:6789/0] -- mon_command({"prefix": "get_command_descriptions"} v 0) v1 -- 0x7f2480191320 con 0x7f24801049f0
2024-04-19T22:10:10.450 INFO:teuthology.orchestra.run.smithi088.stdout:/usr/bin/ceph: stderr
2024-04-19T22:10:09.660+0000 7f2484978700 1 --2- 172.21.15.88:0/3216890976 >> [v2:172.21.15.88:6800/37283811,v1:172.21.15.88:6801/37283811] conn(0x7f2468038400 0x7f246803a8b0 unknown :-1 s=NONE pgs=0 cs=0 l=1 rev1=0 crypto rx=0 tx=0 comp rx=0 tx=0).connect
2024-04-19T22:10:10.451 INFO:teuthology.orchestra.run.smithi088.stdout:/usr/bin/ceph: stderr
2024-04-19T22:10:09.660+0000 7f2484978700 1 -- 172.21.15.88:0/3216890976 <== mon.0 v2:172.21.15.88:3300/0 5 ==== osd_map(3..3 src has 1..3) v4 ==== 1155+0+0 (secure 0 0 0) 0x7f247804e910 con 0x7f24801049f0
2024-04-19T22:10:10.451 INFO:teuthology.orchestra.run.smithi088.stdout:/usr/bin/ceph: stderr
2024-04-19T22:10:09.660+0000 7f247e7fc700 1 --2- 172.21.15.88:0/3216890976 >> [v2:172.21.15.88:6800/37283811,v1:172.21.15.88:6801/37283811] conn(0x7f2468038400 0x7f246803a8b0 unknown :-1 s=BANNER_CONNECTING pgs=0 cs=0 l=1 rev1=0 crypto rx=0 tx=0 comp rx=0 tx=0)._handle_peer_banner_payload supported=3 required=0
2024-04-19T22:10:10.451 INFO:teuthology.orchestra.run.smithi088.stdout:/usr/bin/ceph: stderr
2024-04-19T22:10:09.660+0000 7f247e7fc700 1 --2- 172.21.15.88:0/3216890976 >> [v2:172.21.15.88:6800/37283811,v1:172.21.15.88:6801/37283811] conn(0x7f2468038400 0x7f246803a8b0 secure :-1 s=READY pgs=9 cs=0 l=1 rev1=1 crypto rx=0x7f2474006fd0 tx=0x7f2474006e40 comp rx=0 tx=0).ready entity=mgr.14162 client_cookie=0 server_cookie=0 in_seq=0 out_seq=0
2024-04-19T22:10:10.451 INFO:teuthology.orchestra.run.smithi088.stdout:/usr/bin/ceph: stderr
2024-04-19T22:10:09.665+0000 7f2484978700 1 -- 172.21.15.88:0/3216890976 <== mon.0 v2:172.21.15.88:3300/0 6 ==== mon_command_ack([{"prefix": "get_command_descriptions"}]=0 v0) v1 ==== 72+0+177933 (secure 0 0 0) 0x7f2478028a10 con 0x7f24801049f0
2024-04-19T22:10:10.451 INFO:teuthology.orchestra.run.smithi088.stdout:/usr/bin/ceph: stderr
2024-04-19T22:10:09.858+0000 7f248597a700 1 -- 172.21.15.88:0/3216890976 --> [v2:172.21.15.88:3300/0,v1:172.21.15.88:6789/0] -- mon_command({"prefix": "config get", "who": "mgr", "key": "mgr/dashboard/ssl_server_port"} v 0) v1 -- 0x7f24801068a0 con 0x7f24801049f0
2024-04-19T22:10:10.451 INFO:teuthology.orchestra.run.smithi088.stdout:/usr/bin/ceph: stderr
2024-04-19T22:10:09.858+0000 7f2484978700 1 -- 172.21.15.88:0/3216890976 <== mon.0 v2:172.21.15.88:3300/0 7 ==== mon_command_ack([{"prefix": "config get", "who": "mgr", "key": "mgr/dashboard/ssl_server_port"}]=0 v8) v1 ==== 112+0+5 (secure 0 0 0) 0x7f247804e1a0 con 0x7f24801049f0
2024-04-19T22:10:10.451 INFO:teuthology.orchestra.run.smithi088.stdout:/usr/bin/ceph: stderr
2024-04-19T22:10:09.860+0000 7f248597a700 1 -- 172.21.15.88:0/3216890976 >> [v2:172.21.15.88:6800/37283811,v1:172.21.15.88:6801/37283811] conn(0x7f2468038400 msgr2=0x7f246803a8b0 secure :-1 s=STATE_CONNECTION_ESTABLISHED l=1).mark_down
2024-04-19T22:10:10.451 INFO:teuthology.orchestra.run.smithi088.stdout:/usr/bin/ceph: stderr
2024-04-19T22:10:09.860+0000 7f248597a700 1 --2- 172.21.15.88:0/3216890976 >> [v2:172.21.15.88:6800/37283811,v1:172.21.15.88:6801/37283811] conn(0x7f2468038400 0x7f246803a8b0 secure :-1 s=READY pgs=9 cs=0 l=1 rev1=1 crypto rx=0x7f2474006fd0 tx=0x7f2474006e40 comp rx=0 tx=0).stop
2024-04-19T22:10:10.451 INFO:teuthology.orchestra.run.smithi088.stdout:/usr/bin/ceph: stderr
2024-04-19T22:10:09.860+0000 7f248597a700 1 -- 172.21.15.88:0/3216890976 >> [v2:172.21.15.88:3300/0,v1:172.21.15.88:6789/0] conn(0x7f24801049f0 msgr2=0x7f2480197570 secure :-1 s=STATE_CONNECTION_ESTABLISHED l=1).mark_down
2024-04-19T22:10:10.451 INFO:teuthology.orchestra.run.smithi088.stdout:/usr/bin/ceph: stderr
2024-04-19T22:10:09.860+0000 7f248597a700 1 --2- 172.21.15.88:0/3216890976 >> [v2:172.21.15.88:3300/0,v1:172.21.15.88:6789/0] conn(0x7f24801049f0 0x7f2480197570 secure :-1 s=READY pgs=85 cs=0 l=1 rev1=1 crypto rx=0x7f247800bbf0 tx=0x7f247800b3b0 comp rx=0 tx=0).stop
2024-04-19T22:10:10.451 INFO:teuthology.orchestra.run.smithi088.stdout:/usr/bin/ceph: stderr
2024-04-19T22:10:09.860+0000 7f248597a700 1 -- 172.21.15.88:0/3216890976 shutdown_connections
2024-04-19T22:10:10.451 INFO:teuthology.orchestra.run.smithi088.stdout:/usr/bin/ceph: stderr
2024-04-19T22:10:09.860+0000 7f248597a700 1 --2- 172.21.15.88:0/3216890976 >> [v2:172.21.15.88:6800/37283811,v1:172.21.15.88:6801/37283811] conn(0x7f2468038400 0x7f246803a8b0 unknown :-1 s=CLOSED pgs=9 cs=0 l=1 rev1=1 crypto rx=0 tx=0 comp rx=0 tx=0).stop
2024-04-19T22:10:10.451 INFO:teuthology.orchestra.run.smithi088.stdout:/usr/bin/ceph: stderr
2024-04-19T22:10:09.860+0000 7f248597a700 1 --2- 172.21.15.88:0/3216890976 >> [v2:172.21.15.88:3300/0,v1:172.21.15.88:6789/0] conn(0x7f24801049f0 0x7f2480197570 unknown :-1 s=CLOSED pgs=85 cs=0 l=1 rev1=1 crypto rx=0 tx=0 comp rx=0 tx=0).stop
2024-04-19T22:10:10.452 INFO:teuthology.orchestra.run.smithi088.stdout:/usr/bin/ceph: stderr
2024-04-19T22:10:09.860+0000 7f248597a700 1 -- 172.21.15.88:0/3216890976 >> 172.21.15.88:0/3216890976 conn(0x7f2480100080 msgr2=0x7f248018e460 unknown :-1 s=STATE_NONE l=0).mark_down
2024-04-19T22:10:10.452 INFO:teuthology.orchestra.run.smithi088.stdout:/usr/bin/ceph: stderr
2024-04-19T22:10:09.860+0000 7f248597a700 1 -- 172.21.15.88:0/3216890976 shutdown_connections
2024-04-19T22:10:10.452 INFO:teuthology.orchestra.run.smithi088.stdout:/usr/bin/ceph: stderr
2024-04-19T22:10:09.860+0000 7f248597a700 1 -- 172.21.15.88:0/3216890976 wait complete.
2024-04-19T22:10:10.454 INFO:teuthology.orchestra.run.smithi088.stdout:Non-zero exit code 1 from systemctl is-enabled firewalld.service
2024-04-19T22:10:10.454 INFO:teuthology.orchestra.run.smithi088.stdout:systemctl: stdout disabled
2024-04-19T22:10:10.461 INFO:teuthology.orchestra.run.smithi088.stdout:Non-zero exit code 3 from systemctl is-active firewalld.service
2024-04-19T22:10:10.461 INFO:teuthology.orchestra.run.smithi088.stdout:systemctl: stdout inactive
2024-04-19T22:10:10.461 INFO:teuthology.orchestra.run.smithi088.stdout:firewalld.service is not enabled
2024-04-19T22:10:10.461 INFO:teuthology.orchestra.run.smithi088.stdout:Not possible to open ports <[8443]>. firewalld.service is not available
2024-04-19T22:10:10.462 INFO:teuthology.orchestra.run.smithi088.stdout:Ceph Dashboard is now available at:
2024-04-19T22:10:10.462 INFO:teuthology.orchestra.run.smithi088.stdout:
2024-04-19T22:10:10.463 INFO:teuthology.orchestra.run.smithi088.stdout: URL: https://smithi088:8443/
2024-04-19T22:10:10.463 INFO:teuthology.orchestra.run.smithi088.stdout: User: admin
2024-04-19T22:10:10.463 INFO:teuthology.orchestra.run.smithi088.stdout: Password: 7a00g0h2ov
2024-04-19T22:10:10.463 INFO:teuthology.orchestra.run.smithi088.stdout:
2024-04-19T22:10:10.463 INFO:teuthology.orchestra.run.smithi088.stdout:Saving cluster configuration to /var/lib/ceph/522229de-fe99-11ee-bc92-c7b262605968/config directory
2024-04-19T22:10:10.463 INFO:teuthology.orchestra.run.smithi088.stdout:Enabling autotune for osd_memory_target
2024-04-19T22:10:11.688 INFO:teuthology.orchestra.run.smithi088.stdout:/usr/bin/ceph: stderr
2024-04-19T22:10:10.948+0000 7ff9e0de1700 1 Processor -- start
2024-04-19T22:10:11.688 INFO:teuthology.orchestra.run.smithi088.stdout:/usr/bin/ceph: stderr
2024-04-19T22:10:10.948+0000 7ff9e0de1700 1 -- start start
2024-04-19T22:10:11.689 INFO:teuthology.orchestra.run.smithi088.stdout:/usr/bin/ceph: stderr
2024-04-19T22:10:10.948+0000 7ff9e0de1700 1 --2- >> [v2:172.21.15.88:3300/0,v1:172.21.15.88:6789/0] conn(0x7ff9dc105b10 0x7ff9dc105f20 unknown :-1 s=NONE pgs=0 cs=0 l=0 rev1=0 crypto rx=0 tx=0 comp rx=0 tx=0).connect
2024-04-19T22:10:11.689 INFO:teuthology.orchestra.run.smithi088.stdout:/usr/bin/ceph: stderr
2024-04-19T22:10:10.948+0000 7ff9e0de1700 1 -- --> [v2:172.21.15.88:3300/0,v1:172.21.15.88:6789/0] -- mon_getmap magic: 0 v1 -- 0x7ff9dc106460 con 0x7ff9dc105b10
2024-04-19T22:10:11.689 INFO:teuthology.orchestra.run.smithi088.stdout:/usr/bin/ceph: stderr
2024-04-19T22:10:10.948+0000 7ff9da59c700 1 --2- >> [v2:172.21.15.88:3300/0,v1:172.21.15.88:6789/0] conn(0x7ff9dc105b10 0x7ff9dc105f20 unknown :-1 s=BANNER_CONNECTING pgs=0 cs=0 l=0 rev1=0 crypto rx=0 tx=0 comp rx=0 tx=0)._handle_peer_banner_payload supported=3 required=0
2024-04-19T22:10:11.689 INFO:teuthology.orchestra.run.smithi088.stdout:/usr/bin/ceph: stderr
2024-04-19T22:10:10.949+0000 7ff9da59c700 1 --2- >> [v2:172.21.15.88:3300/0,v1:172.21.15.88:6789/0] conn(0x7ff9dc105b10 0x7ff9dc105f20 unknown :-1 s=HELLO_CONNECTING pgs=0 cs=0 l=0 rev1=1 crypto rx=0 tx=0 comp rx=0 tx=0).handle_hello peer v2:172.21.15.88:3300/0 says I am v2:172.21.15.88:55032/0 (socket says 172.21.15.88:55032)
2024-04-19T22:10:11.689 INFO:teuthology.orchestra.run.smithi088.stdout:/usr/bin/ceph: stderr
2024-04-19T22:10:10.949+0000 7ff9da59c700 1 -- 172.21.15.88:0/2717573000 learned_addr learned my addr 172.21.15.88:0/2717573000 (peer_addr_for_me v2:172.21.15.88:0/0)
2024-04-19T22:10:11.689 INFO:teuthology.orchestra.run.smithi088.stdout:/usr/bin/ceph: stderr
2024-04-19T22:10:10.949+0000 7ff9da59c700 1 -- 172.21.15.88:0/2717573000 --> [v2:172.21.15.88:3300/0,v1:172.21.15.88:6789/0] -- mon_subscribe({config=0+,monmap=0+}) v3 -- 0x7ff9dc1065a0 con 0x7ff9dc105b10
2024-04-19T22:10:11.689 INFO:teuthology.orchestra.run.smithi088.stdout:/usr/bin/ceph: stderr
2024-04-19T22:10:10.949+0000 7ff9da59c700 1 --2- 172.21.15.88:0/2717573000 >> [v2:172.21.15.88:3300/0,v1:172.21.15.88:6789/0] conn(0x7ff9dc105b10 0x7ff9dc105f20 secure :-1 s=READY pgs=86 cs=0 l=1 rev1=1 crypto rx=0x7ff9cc0098a0 tx=0x7ff9cc009bb0 comp rx=0 tx=0).ready entity=mon.0 client_cookie=194b1f11409d4b28 server_cookie=0 in_seq=0 out_seq=0
2024-04-19T22:10:11.689 INFO:teuthology.orchestra.run.smithi088.stdout:/usr/bin/ceph: stderr
2024-04-19T22:10:10.949+0000 7ff9d9d9b700 1 -- 172.21.15.88:0/2717573000 <== mon.0 v2:172.21.15.88:3300/0 1 ==== mon_map magic: 0 v1 ==== 229+0+0 (secure 0 0 0) 0x7ff9cc004180 con 0x7ff9dc105b10
2024-04-19T22:10:11.689 INFO:teuthology.orchestra.run.smithi088.stdout:/usr/bin/ceph: stderr
2024-04-19T22:10:10.949+0000 7ff9d9d9b700 1 -- 172.21.15.88:0/2717573000 <== mon.0 v2:172.21.15.88:3300/0 2 ==== config(27 keys) v1 ==== 1101+0+0 (secure 0 0 0) 0x7ff9cc0042e0 con 0x7ff9dc105b10
2024-04-19T22:10:11.689 INFO:teuthology.orchestra.run.smithi088.stdout:/usr/bin/ceph: stderr
2024-04-19T22:10:10.949+0000 7ff9d9d9b700 1 -- 172.21.15.88:0/2717573000 <== mon.0 v2:172.21.15.88:3300/0 3 ==== mon_map magic: 0 v1 ==== 229+0+0 (secure 0 0 0) 0x7ff9cc011af0 con 0x7ff9dc105b10
2024-04-19T22:10:11.689 INFO:teuthology.orchestra.run.smithi088.stdout:/usr/bin/ceph: stderr
2024-04-19T22:10:10.950+0000 7ff9e0de1700 1 -- 172.21.15.88:0/2717573000 >> [v2:172.21.15.88:3300/0,v1:172.21.15.88:6789/0] conn(0x7ff9dc105b10 msgr2=0x7ff9dc105f20 secure :-1 s=STATE_CONNECTION_ESTABLISHED l=1).mark_down
2024-04-19T22:10:11.689 INFO:teuthology.orchestra.run.smithi088.stdout:/usr/bin/ceph: stderr
2024-04-19T22:10:10.950+0000 7ff9e0de1700 1 --2- 172.21.15.88:0/2717573000 >> [v2:172.21.15.88:3300/0,v1:172.21.15.88:6789/0] conn(0x7ff9dc105b10 0x7ff9dc105f20 secure :-1 s=READY pgs=86 cs=0 l=1 rev1=1 crypto rx=0x7ff9cc0098a0 tx=0x7ff9cc009bb0 comp rx=0 tx=0).stop
2024-04-19T22:10:11.690 INFO:teuthology.orchestra.run.smithi088.stdout:/usr/bin/ceph: stderr
2024-04-19T22:10:10.950+0000 7ff9e0de1700 1 -- 172.21.15.88:0/2717573000 shutdown_connections
2024-04-19T22:10:11.690 INFO:teuthology.orchestra.run.smithi088.stdout:/usr/bin/ceph: stderr
2024-04-19T22:10:10.950+0000 7ff9e0de1700 1 --2- 172.21.15.88:0/2717573000 >> [v2:172.21.15.88:3300/0,v1:172.21.15.88:6789/0] conn(0x7ff9dc105b10 0x7ff9dc105f20 unknown :-1 s=CLOSED pgs=86 cs=0 l=1 rev1=1 crypto rx=0 tx=0 comp rx=0 tx=0).stop
2024-04-19T22:10:11.690 INFO:teuthology.orchestra.run.smithi088.stdout:/usr/bin/ceph: stderr
2024-04-19T22:10:10.950+0000 7ff9e0de1700 1 -- 172.21.15.88:0/2717573000 >> 172.21.15.88:0/2717573000 conn(0x7ff9dc101180 msgr2=0x7ff9dc103590 unknown :-1 s=STATE_NONE l=0).mark_down
2024-04-19T22:10:11.690 INFO:teuthology.orchestra.run.smithi088.stdout:/usr/bin/ceph: stderr
2024-04-19T22:10:10.950+0000 7ff9e0de1700 1 -- 172.21.15.88:0/2717573000 shutdown_connections
2024-04-19T22:10:11.690 INFO:teuthology.orchestra.run.smithi088.stdout:/usr/bin/ceph: stderr
2024-04-19T22:10:10.950+0000 7ff9e0de1700 1 -- 172.21.15.88:0/2717573000 wait complete.
2024-04-19T22:10:11.690 INFO:teuthology.orchestra.run.smithi088.stdout:/usr/bin/ceph: stderr
2024-04-19T22:10:10.950+0000 7ff9e0de1700 1 Processor -- start
2024-04-19T22:10:11.690 INFO:teuthology.orchestra.run.smithi088.stdout:/usr/bin/ceph: stderr
2024-04-19T22:10:10.951+0000 7ff9e0de1700 1 -- start start
2024-04-19T22:10:11.690 INFO:teuthology.orchestra.run.smithi088.stdout:/usr/bin/ceph: stderr
2024-04-19T22:10:10.951+0000 7ff9e0de1700 1 --2- >> [v2:172.21.15.88:3300/0,v1:172.21.15.88:6789/0] conn(0x7ff9dc105b10 0x7ff9dc1998a0 unknown :-1 s=NONE pgs=0 cs=0 l=1 rev1=0 crypto rx=0 tx=0 comp rx=0 tx=0).connect
2024-04-19T22:10:11.690 INFO:teuthology.orchestra.run.smithi088.stdout:/usr/bin/ceph: stderr
2024-04-19T22:10:10.951+0000 7ff9e0de1700 1 -- --> [v2:172.21.15.88:3300/0,v1:172.21.15.88:6789/0] -- mon_getmap magic: 0 v1 -- 0x7ff9dc199de0 con 0x7ff9dc105b10
2024-04-19T22:10:11.690 INFO:teuthology.orchestra.run.smithi088.stdout:/usr/bin/ceph: stderr
2024-04-19T22:10:10.951+0000 7ff9da59c700 1 --2- >> [v2:172.21.15.88:3300/0,v1:172.21.15.88:6789/0] conn(0x7ff9dc105b10 0x7ff9dc1998a0 unknown :-1 s=BANNER_CONNECTING pgs=0 cs=0 l=1 rev1=0 crypto rx=0 tx=0 comp rx=0 tx=0)._handle_peer_banner_payload supported=3 required=0
2024-04-19T22:10:11.690 INFO:teuthology.orchestra.run.smithi088.stdout:/usr/bin/ceph: stderr
2024-04-19T22:10:10.951+0000 7ff9da59c700 1 --2- >> [v2:172.21.15.88:3300/0,v1:172.21.15.88:6789/0] conn(0x7ff9dc105b10 0x7ff9dc1998a0 unknown :-1 s=HELLO_CONNECTING pgs=0 cs=0 l=1 rev1=1 crypto rx=0 tx=0 comp rx=0 tx=0).handle_hello peer v2:172.21.15.88:3300/0 says I am v2:172.21.15.88:55044/0 (socket says 172.21.15.88:55044)
2024-04-19T22:10:11.690 INFO:teuthology.orchestra.run.smithi088.stdout:/usr/bin/ceph: stderr
2024-04-19T22:10:10.951+0000 7ff9da59c700 1 -- 172.21.15.88:0/1594103721 learned_addr learned my addr 172.21.15.88:0/1594103721 (peer_addr_for_me v2:172.21.15.88:0/0)
2024-04-19T22:10:11.691 INFO:teuthology.orchestra.run.smithi088.stdout:/usr/bin/ceph: stderr
2024-04-19T22:10:10.951+0000 7ff9da59c700 1 -- 172.21.15.88:0/1594103721 --> [v2:172.21.15.88:3300/0,v1:172.21.15.88:6789/0] -- mon_subscribe({config=0+,monmap=0+}) v3 -- 0x7ff9cc009550 con 0x7ff9dc105b10
2024-04-19T22:10:11.691 INFO:teuthology.orchestra.run.smithi088.stdout:/usr/bin/ceph: stderr
2024-04-19T22:10:10.951+0000 7ff9da59c700 1 --2- 172.21.15.88:0/1594103721 >> [v2:172.21.15.88:3300/0,v1:172.21.15.88:6789/0] conn(0x7ff9dc105b10 0x7ff9dc1998a0 secure :-1 s=READY pgs=87 cs=0 l=1 rev1=1 crypto rx=0x7ff9cc006ba0 tx=0x7ff9cc011b50 comp rx=0 tx=0).ready entity=mon.0 client_cookie=0 server_cookie=0 in_seq=0 out_seq=0
2024-04-19T22:10:11.691 INFO:teuthology.orchestra.run.smithi088.stdout:/usr/bin/ceph: stderr
2024-04-19T22:10:10.951+0000 7ff9d3fff700 1 -- 172.21.15.88:0/1594103721 <== mon.0 v2:172.21.15.88:3300/0 1 ==== mon_map magic: 0 v1 ==== 229+0+0 (secure 0 0 0) 0x7ff9cc003b00 con 0x7ff9dc105b10
2024-04-19T22:10:11.691 INFO:teuthology.orchestra.run.smithi088.stdout:/usr/bin/ceph: stderr
2024-04-19T22:10:10.951+0000 7ff9d3fff700 1 -- 172.21.15.88:0/1594103721 <== mon.0 v2:172.21.15.88:3300/0 2 ==== config(27 keys) v1 ==== 1101+0+0 (secure 0 0 0) 0x7ff9cc01a8e0 con 0x7ff9dc105b10
2024-04-19T22:10:11.691 INFO:teuthology.orchestra.run.smithi088.stdout:/usr/bin/ceph: stderr
2024-04-19T22:10:10.951+0000 7ff9e0de1700 1 -- 172.21.15.88:0/1594103721 --> [v2:172.21.15.88:3300/0,v1:172.21.15.88:6789/0] -- mon_subscribe({mgrmap=0+}) v3 -- 0x7ff9dc199fe0 con 0x7ff9dc105b10
2024-04-19T22:10:11.691 INFO:teuthology.orchestra.run.smithi088.stdout:/usr/bin/ceph: stderr
2024-04-19T22:10:10.951+0000 7ff9d3fff700 1 -- 172.21.15.88:0/1594103721 <== mon.0 v2:172.21.15.88:3300/0 3 ==== mon_map magic: 0 v1 ==== 229+0+0 (secure 0 0 0) 0x7ff9cc0199c0 con 0x7ff9dc105b10
2024-04-19T22:10:11.691 INFO:teuthology.orchestra.run.smithi088.stdout:/usr/bin/ceph: stderr
2024-04-19T22:10:10.952+0000 7ff9e0de1700 1 -- 172.21.15.88:0/1594103721 --> [v2:172.21.15.88:3300/0,v1:172.21.15.88:6789/0] -- mon_subscribe({osdmap=0}) v3 -- 0x7ff9dc19a400 con 0x7ff9dc105b10
2024-04-19T22:10:11.691 INFO:teuthology.orchestra.run.smithi088.stdout:/usr/bin/ceph: stderr
2024-04-19T22:10:10.952+0000 7ff9d3fff700 1 -- 172.21.15.88:0/1594103721 <== mon.0 v2:172.21.15.88:3300/0 4 ==== mgrmap(e 12) v1 ==== 45097+0+0 (secure 0 0 0) 0x7ff9cc019c80 con 0x7ff9dc105b10
2024-04-19T22:10:11.691 INFO:teuthology.orchestra.run.smithi088.stdout:/usr/bin/ceph: stderr
2024-04-19T22:10:10.952+0000 7ff9d3fff700 1 --2- 172.21.15.88:0/1594103721 >> [v2:172.21.15.88:6800/37283811,v1:172.21.15.88:6801/37283811] conn(0x7ff9c80383f0 0x7ff9c803a8a0 unknown :-1 s=NONE pgs=0 cs=0 l=1 rev1=0 crypto rx=0 tx=0 comp rx=0 tx=0).connect
2024-04-19T22:10:11.691 INFO:teuthology.orchestra.run.smithi088.stdout:/usr/bin/ceph: stderr
2024-04-19T22:10:10.952+0000 7ff9e0de1700 1 -- 172.21.15.88:0/1594103721 --> [v2:172.21.15.88:3300/0,v1:172.21.15.88:6789/0] -- mon_command({"prefix": "get_command_descriptions"} v 0) v1 -- 0x7ff9dc062380 con 0x7ff9dc105b10
2024-04-19T22:10:11.691 INFO:teuthology.orchestra.run.smithi088.stdout:/usr/bin/ceph: stderr
2024-04-19T22:10:10.953+0000 7ff9d3fff700 1 -- 172.21.15.88:0/1594103721 <== mon.0 v2:172.21.15.88:3300/0 5 ==== osd_map(3..3 src has 1..3) v4 ==== 1155+0+0 (secure 0 0 0) 0x7ff9cc04c9a0 con 0x7ff9dc105b10
2024-04-19T22:10:11.691 INFO:teuthology.orchestra.run.smithi088.stdout:/usr/bin/ceph: stderr
2024-04-19T22:10:10.953+0000 7ff9d1d9b700 1 --2- 172.21.15.88:0/1594103721 >> [v2:172.21.15.88:6800/37283811,v1:172.21.15.88:6801/37283811] conn(0x7ff9c80383f0 0x7ff9c803a8a0 unknown :-1 s=BANNER_CONNECTING pgs=0 cs=0 l=1 rev1=0 crypto rx=0 tx=0 comp rx=0 tx=0)._handle_peer_banner_payload supported=3 required=0
2024-04-19T22:10:11.691 INFO:teuthology.orchestra.run.smithi088.stdout:/usr/bin/ceph: stderr
2024-04-19T22:10:10.953+0000 7ff9d1d9b700 1 --2- 172.21.15.88:0/1594103721 >> [v2:172.21.15.88:6800/37283811,v1:172.21.15.88:6801/37283811] conn(0x7ff9c80383f0 0x7ff9c803a8a0 secure :-1 s=READY pgs=10 cs=0 l=1 rev1=1 crypto rx=0x7ff9c4006fd0 tx=0x7ff9c4006e40 comp rx=0 tx=0).ready entity=mgr.14162 client_cookie=0 server_cookie=0 in_seq=0 out_seq=0
2024-04-19T22:10:11.691 INFO:teuthology.orchestra.run.smithi088.stdout:/usr/bin/ceph: stderr
2024-04-19T22:10:10.957+0000 7ff9d3fff700 1 -- 172.21.15.88:0/1594103721 <== mon.0 v2:172.21.15.88:3300/0 6 ==== mon_command_ack([{"prefix": "get_command_descriptions"}]=0 v0) v1 ==== 72+0+177933 (secure 0 0 0) 0x7ff9cc02b340 con 0x7ff9dc105b10
2024-04-19T22:10:11.692 INFO:teuthology.orchestra.run.smithi088.stdout:/usr/bin/ceph: stderr
2024-04-19T22:10:11.112+0000 7ff9d3fff700 1 -- 172.21.15.88:0/1594103721 <== mon.0 v2:172.21.15.88:3300/0 7 ==== mgrmap(e 13) v1 ==== 45140+0+0 (secure 0 0 0) 0x7ff9cc02c3a0 con 0x7ff9dc105b10
2024-04-19T22:10:11.692 INFO:teuthology.orchestra.run.smithi088.stdout:/usr/bin/ceph: stderr
2024-04-19T22:10:11.147+0000 7ff9e0de1700 1 -- 172.21.15.88:0/1594103721 --> [v2:172.21.15.88:3300/0,v1:172.21.15.88:6789/0] -- mon_command([{prefix=config set, name=osd_memory_target_autotune}] v 0) v1 -- 0x7ff9dc19d2d0 con 0x7ff9dc105b10
2024-04-19T22:10:11.692 INFO:teuthology.orchestra.run.smithi088.stdout:/usr/bin/ceph: stderr
2024-04-19T22:10:11.147+0000 7ff9d3fff700 1 -- 172.21.15.88:0/1594103721 <== mon.0 v2:172.21.15.88:3300/0 8 ==== mon_command_ack([{prefix=config set, name=osd_memory_target_autotune}]=0 v8)=0 v8) v1 ==== 127+0+0 (secure 0 0 0) 0x7ff9cc018350 con 0x7ff9dc105b10
2024-04-19T22:10:11.692 INFO:teuthology.orchestra.run.smithi088.stdout:/usr/bin/ceph: stderr
2024-04-19T22:10:11.149+0000 7ff9e0de1700 1 -- 172.21.15.88:0/1594103721 >> [v2:172.21.15.88:6800/37283811,v1:172.21.15.88:6801/37283811] conn(0x7ff9c80383f0 msgr2=0x7ff9c803a8a0 secure :-1 s=STATE_CONNECTION_ESTABLISHED l=1).mark_down
2024-04-19T22:10:11.692 INFO:teuthology.orchestra.run.smithi088.stdout:/usr/bin/ceph: stderr
2024-04-19T22:10:11.149+0000 7ff9e0de1700 1 --2- 172.21.15.88:0/1594103721 >> [v2:172.21.15.88:6800/37283811,v1:172.21.15.88:6801/37283811] conn(0x7ff9c80383f0 0x7ff9c803a8a0 secure :-1 s=READY pgs=10 cs=0 l=1 rev1=1 crypto rx=0x7ff9c4006fd0 tx=0x7ff9c4006e40 comp rx=0 tx=0).stop
2024-04-19T22:10:11.692 INFO:teuthology.orchestra.run.smithi088.stdout:/usr/bin/ceph: stderr
2024-04-19T22:10:11.149+0000 7ff9e0de1700 1 -- 172.21.15.88:0/1594103721 >> [v2:172.21.15.88:3300/0,v1:172.21.15.88:6789/0] conn(0x7ff9dc105b10 msgr2=0x7ff9dc1998a0 secure :-1 s=STATE_CONNECTION_ESTABLISHED l=1).mark_down
2024-04-19T22:10:11.692 INFO:teuthology.orchestra.run.smithi088.stdout:/usr/bin/ceph: stderr
2024-04-19T22:10:11.149+0000 7ff9e0de1700 1 --2- 172.21.15.88:0/1594103721 >> [v2:172.21.15.88:3300/0,v1:172.21.15.88:6789/0] conn(0x7ff9dc105b10 0x7ff9dc1998a0 secure :-1 s=READY pgs=87 cs=0 l=1 rev1=1 crypto rx=0x7ff9cc006ba0 tx=0x7ff9cc011b50 comp rx=0 tx=0).stop
2024-04-19T22:10:11.692 INFO:teuthology.orchestra.run.smithi088.stdout:/usr/bin/ceph: stderr
2024-04-19T22:10:11.149+0000 7ff9e0de1700 1 -- 172.21.15.88:0/1594103721 shutdown_connections
2024-04-19T22:10:11.692 INFO:teuthology.orchestra.run.smithi088.stdout:/usr/bin/ceph: stderr
2024-04-19T22:10:11.149+0000 7ff9e0de1700 1 --2- 172.21.15.88:0/1594103721 >> [v2:172.21.15.88:6800/37283811,v1:172.21.15.88:6801/37283811] conn(0x7ff9c80383f0 0x7ff9c803a8a0 unknown :-1 s=CLOSED pgs=10 cs=0 l=1 rev1=1 crypto rx=0 tx=0 comp rx=0 tx=0).stop
2024-04-19T22:10:11.692 INFO:teuthology.orchestra.run.smithi088.stdout:/usr/bin/ceph: stderr
2024-04-19T22:10:11.149+0000 7ff9e0de1700 1 --2- 172.21.15.88:0/1594103721 >> [v2:172.21.15.88:3300/0,v1:172.21.15.88:6789/0] conn(0x7ff9dc105b10 0x7ff9dc1998a0 unknown :-1 s=CLOSED pgs=87 cs=0 l=1 rev1=1 crypto rx=0 tx=0 comp rx=0 tx=0).stop
2024-04-19T22:10:11.692 INFO:teuthology.orchestra.run.smithi088.stdout:/usr/bin/ceph: stderr
2024-04-19T22:10:11.149+0000 7ff9e0de1700 1 -- 172.21.15.88:0/1594103721 >> 172.21.15.88:0/1594103721 conn(0x7ff9dc101180 msgr2=0x7ff9dc1027c0 unknown :-1 s=STATE_NONE l=0).mark_down
2024-04-19T22:10:11.692 INFO:teuthology.orchestra.run.smithi088.stdout:/usr/bin/ceph: stderr
2024-04-19T22:10:11.150+0000 7ff9e0de1700 1 -- 172.21.15.88:0/1594103721 shutdown_connections
2024-04-19T22:10:11.692 INFO:teuthology.orchestra.run.smithi088.stdout:/usr/bin/ceph: stderr
2024-04-19T22:10:11.150+0000 7ff9e0de1700 1 -- 172.21.15.88:0/1594103721 wait complete.
2024-04-19T22:10:12.422 INFO:journalctl@ceph.mon.smithi088.smithi088.stdout:Apr 19 22:10:12 smithi088 ceph-mon[17215]: mgrmap e13: smithi088.hrejmt(active, since 6s)
2024-04-19T22:10:12.995 INFO:teuthology.orchestra.run.smithi088.stdout:/usr/bin/ceph: stderr
2024-04-19T22:10:12.145+0000 7f7eb2059700 1 Processor -- start
2024-04-19T22:10:12.995 INFO:teuthology.orchestra.run.smithi088.stdout:/usr/bin/ceph: stderr
2024-04-19T22:10:12.145+0000 7f7eb2059700 1 -- start start
2024-04-19T22:10:12.995 INFO:teuthology.orchestra.run.smithi088.stdout:/usr/bin/ceph: stderr
2024-04-19T22:10:12.145+0000 7f7eb2059700 1 --2- >> [v2:172.21.15.88:3300/0,v1:172.21.15.88:6789/0] conn(0x7f7eac104a10 0x7f7eac104e20 unknown :-1 s=NONE pgs=0 cs=0 l=0 rev1=0 crypto rx=0 tx=0 comp rx=0 tx=0).connect
2024-04-19T22:10:12.995 INFO:teuthology.orchestra.run.smithi088.stdout:/usr/bin/ceph: stderr
2024-04-19T22:10:12.145+0000 7f7eb2059700 1 -- --> [v2:172.21.15.88:3300/0,v1:172.21.15.88:6789/0] -- mon_getmap magic: 0 v1 -- 0x7f7eac105360 con 0x7f7eac104a10
2024-04-19T22:10:12.995 INFO:teuthology.orchestra.run.smithi088.stdout:/usr/bin/ceph: stderr
2024-04-19T22:10:12.145+0000 7f7eab7fe700 1 --2- >> [v2:172.21.15.88:3300/0,v1:172.21.15.88:6789/0] conn(0x7f7eac104a10 0x7f7eac104e20 unknown :-1 s=BANNER_CONNECTING pgs=0 cs=0 l=0 rev1=0 crypto rx=0 tx=0 comp rx=0 tx=0)._handle_peer_banner_payload supported=3 required=0
2024-04-19T22:10:12.995 INFO:teuthology.orchestra.run.smithi088.stdout:/usr/bin/ceph: stderr
2024-04-19T22:10:12.145+0000 7f7eab7fe700 1 --2- >> [v2:172.21.15.88:3300/0,v1:172.21.15.88:6789/0] conn(0x7f7eac104a10 0x7f7eac104e20 unknown :-1 s=HELLO_CONNECTING pgs=0 cs=0 l=0 rev1=1 crypto rx=0 tx=0 comp rx=0 tx=0).handle_hello peer v2:172.21.15.88:3300/0 says I am v2:172.21.15.88:55054/0 (socket says 172.21.15.88:55054)
2024-04-19T22:10:12.996 INFO:teuthology.orchestra.run.smithi088.stdout:/usr/bin/ceph: stderr
2024-04-19T22:10:12.145+0000 7f7eab7fe700 1 -- 172.21.15.88:0/3987206348 learned_addr learned my addr 172.21.15.88:0/3987206348 (peer_addr_for_me v2:172.21.15.88:0/0)
2024-04-19T22:10:12.996 INFO:teuthology.orchestra.run.smithi088.stdout:/usr/bin/ceph: stderr
2024-04-19T22:10:12.146+0000 7f7eab7fe700 1 -- 172.21.15.88:0/3987206348 --> [v2:172.21.15.88:3300/0,v1:172.21.15.88:6789/0] -- mon_subscribe({config=0+,monmap=0+}) v3 -- 0x7f7eac1054a0 con 0x7f7eac104a10
2024-04-19T22:10:12.996 INFO:teuthology.orchestra.run.smithi088.stdout:/usr/bin/ceph: stderr
2024-04-19T22:10:12.146+0000 7f7eab7fe700 1 --2- 172.21.15.88:0/3987206348 >> [v2:172.21.15.88:3300/0,v1:172.21.15.88:6789/0] conn(0x7f7eac104a10 0x7f7eac104e20 secure :-1 s=READY pgs=88 cs=0 l=1 rev1=1 crypto rx=0x7f7e9c0098a0 tx=0x7f7e9c009bb0 comp rx=0 tx=0).ready entity=mon.0 client_cookie=d06c16bb8ee3a96 server_cookie=0 in_seq=0 out_seq=0
2024-04-19T22:10:12.996 INFO:teuthology.orchestra.run.smithi088.stdout:/usr/bin/ceph: stderr
2024-04-19T22:10:12.146+0000 7f7eaa7fc700 1 -- 172.21.15.88:0/3987206348 <== mon.0 v2:172.21.15.88:3300/0 1 ==== mon_map magic: 0 v1 ==== 229+0+0 (secure 0 0 0) 0x7f7e9c004180 con 0x7f7eac104a10
2024-04-19T22:10:12.996 INFO:teuthology.orchestra.run.smithi088.stdout:/usr/bin/ceph: stderr
2024-04-19T22:10:12.146+0000 7f7eaa7fc700 1 -- 172.21.15.88:0/3987206348 <== mon.0 v2:172.21.15.88:3300/0 2 ==== config(27 keys) v1 ==== 1101+0+0 (secure 0 0 0) 0x7f7e9c0042e0 con 0x7f7eac104a10
2024-04-19T22:10:12.996 INFO:teuthology.orchestra.run.smithi088.stdout:/usr/bin/ceph: stderr
2024-04-19T22:10:12.146+0000 7f7eaa7fc700 1 -- 172.21.15.88:0/3987206348 <== mon.0 v2:172.21.15.88:3300/0 3 ==== mon_map magic: 0 v1 ==== 229+0+0 (secure 0 0 0) 0x7f7e9c011af0 con 0x7f7eac104a10
2024-04-19T22:10:12.997 INFO:teuthology.orchestra.run.smithi088.stdout:/usr/bin/ceph: stderr
2024-04-19T22:10:12.147+0000 7f7eb2059700 1 -- 172.21.15.88:0/3987206348 >> [v2:172.21.15.88:3300/0,v1:172.21.15.88:6789/0] conn(0x7f7eac104a10 msgr2=0x7f7eac104e20 secure :-1 s=STATE_CONNECTION_ESTABLISHED l=1).mark_down
2024-04-19T22:10:12.997 INFO:teuthology.orchestra.run.smithi088.stdout:/usr/bin/ceph: stderr
2024-04-19T22:10:12.147+0000 7f7eb2059700 1 --2- 172.21.15.88:0/3987206348 >> [v2:172.21.15.88:3300/0,v1:172.21.15.88:6789/0] conn(0x7f7eac104a10 0x7f7eac104e20 secure :-1 s=READY pgs=88 cs=0 l=1 rev1=1 crypto rx=0x7f7e9c0098a0 tx=0x7f7e9c009bb0 comp rx=0 tx=0).stop
2024-04-19T22:10:12.997 INFO:teuthology.orchestra.run.smithi088.stdout:/usr/bin/ceph: stderr
2024-04-19T22:10:12.147+0000 7f7eb2059700 1 -- 172.21.15.88:0/3987206348 shutdown_connections
2024-04-19T22:10:12.997 INFO:teuthology.orchestra.run.smithi088.stdout:/usr/bin/ceph: stderr
2024-04-19T22:10:12.147+0000 7f7eb2059700 1 --2- 172.21.15.88:0/3987206348 >> [v2:172.21.15.88:3300/0,v1:172.21.15.88:6789/0] conn(0x7f7eac104a10 0x7f7eac104e20 unknown :-1 s=CLOSED pgs=88 cs=0 l=1 rev1=1 crypto rx=0 tx=0 comp rx=0 tx=0).stop
2024-04-19T22:10:12.997 INFO:teuthology.orchestra.run.smithi088.stdout:/usr/bin/ceph: stderr
