2024-04-19T22:09:54.358+0000 7f6206039700 1 --2- 172.21.15.88:0/3318890891 >> [v2:172.21.15.88:3300/0,v1:172.21.15.88:6789/0] conn(0x7f620007be10 0x7f620019bb10 secure :-1 s=READY pgs=62 cs=0 l=1 rev1=1 crypto rx=0x7f61f4006ba0 tx=0x7f61f4011b50 comp rx=0 tx=0).stop
2024-04-19T22:09:54.939 INFO:teuthology.orchestra.run.smithi088.stdout:/usr/bin/ceph: stderr
2024-04-19T22:09:54.358+0000 7f6206039700 1 -- 172.21.15.88:0/3318890891 shutdown_connections
2024-04-19T22:09:54.939 INFO:teuthology.orchestra.run.smithi088.stdout:/usr/bin/ceph: stderr
2024-04-19T22:09:54.358+0000 7f6206039700 1 --2- 172.21.15.88:0/3318890891 >> [v2:172.21.15.88:6800/35308071,v1:172.21.15.88:6801/35308071] conn(0x7f61e80383a0 0x7f61e803a850 unknown :-1 s=CLOSED pgs=20 cs=0 l=1 rev1=1 crypto rx=0 tx=0 comp rx=0 tx=0).stop
2024-04-19T22:09:54.939 INFO:teuthology.orchestra.run.smithi088.stdout:/usr/bin/ceph: stderr
2024-04-19T22:09:54.358+0000 7f6206039700 1 --2- 172.21.15.88:0/3318890891 >> [v2:172.21.15.88:3300/0,v1:172.21.15.88:6789/0] conn(0x7f620007be10 0x7f620019bb10 unknown :-1 s=CLOSED pgs=62 cs=0 l=1 rev1=1 crypto rx=0 tx=0 comp rx=0 tx=0).stop
2024-04-19T22:09:54.939 INFO:teuthology.orchestra.run.smithi088.stdout:/usr/bin/ceph: stderr
2024-04-19T22:09:54.358+0000 7f6206039700 1 -- 172.21.15.88:0/3318890891 >> 172.21.15.88:0/3318890891 conn(0x7f6200101180 msgr2=0x7f6200102820 unknown :-1 s=STATE_NONE l=0).mark_down
2024-04-19T22:09:54.939 INFO:teuthology.orchestra.run.smithi088.stdout:/usr/bin/ceph: stderr
2024-04-19T22:09:54.358+0000 7f6206039700 1 -- 172.21.15.88:0/3318890891 shutdown_connections
2024-04-19T22:09:54.939 INFO:teuthology.orchestra.run.smithi088.stdout:/usr/bin/ceph: stderr
2024-04-19T22:09:54.359+0000 7f6206039700 1 -- 172.21.15.88:0/3318890891 wait complete.
2024-04-19T22:09:55.351 INFO:journalctl@ceph.mon.smithi088.smithi088.stdout:Apr 19 22:09:55 smithi088 ceph-mon[17215]: pgmap v4: 0 pgs: ; 0 B data, 0 B used, 0 B / 0 B avail
2024-04-19T22:09:55.351 INFO:journalctl@ceph.mon.smithi088.smithi088.stdout:Apr 19 22:09:55 smithi088 ceph-mon[17215]: from='client.? 172.21.15.88:0/3318890891' entity='client.admin'
2024-04-19T22:09:56.274 INFO:teuthology.orchestra.run.smithi088.stdout:/usr/bin/ceph: stderr
2024-04-19T22:09:55.370+0000 7fc447017700 1 Processor -- start
2024-04-19T22:09:56.274 INFO:teuthology.orchestra.run.smithi088.stdout:/usr/bin/ceph: stderr
2024-04-19T22:09:55.370+0000 7fc447017700 1 -- start start
2024-04-19T22:09:56.275 INFO:teuthology.orchestra.run.smithi088.stdout:/usr/bin/ceph: stderr
2024-04-19T22:09:55.370+0000 7fc447017700 1 --2- >> [v2:172.21.15.88:3300/0,v1:172.21.15.88:6789/0] conn(0x7fc440107d20 0x7fc440108130 unknown :-1 s=NONE pgs=0 cs=0 l=0 rev1=0 crypto rx=0 tx=0 comp rx=0 tx=0).connect
2024-04-19T22:09:56.275 INFO:teuthology.orchestra.run.smithi088.stdout:/usr/bin/ceph: stderr
2024-04-19T22:09:55.370+0000 7fc447017700 1 -- --> [v2:172.21.15.88:3300/0,v1:172.21.15.88:6789/0] -- mon_getmap magic: 0 v1 -- 0x7fc440108670 con 0x7fc440107d20
2024-04-19T22:09:56.275 INFO:teuthology.orchestra.run.smithi088.stdout:/usr/bin/ceph: stderr
2024-04-19T22:09:55.371+0000 7fc444db3700 1 --2- >> [v2:172.21.15.88:3300/0,v1:172.21.15.88:6789/0] conn(0x7fc440107d20 0x7fc440108130 unknown :-1 s=BANNER_CONNECTING pgs=0 cs=0 l=0 rev1=0 crypto rx=0 tx=0 comp rx=0 tx=0)._handle_peer_banner_payload supported=3 required=0
2024-04-19T22:09:56.275 INFO:teuthology.orchestra.run.smithi088.stdout:/usr/bin/ceph: stderr
2024-04-19T22:09:55.371+0000 7fc444db3700 1 --2- >> [v2:172.21.15.88:3300/0,v1:172.21.15.88:6789/0] conn(0x7fc440107d20 0x7fc440108130 unknown :-1 s=HELLO_CONNECTING pgs=0 cs=0 l=0 rev1=1 crypto rx=0 tx=0 comp rx=0 tx=0).handle_hello peer v2:172.21.15.88:3300/0 says I am v2:172.21.15.88:58626/0 (socket says 172.21.15.88:58626)
2024-04-19T22:09:56.275 INFO:teuthology.orchestra.run.smithi088.stdout:/usr/bin/ceph: stderr
2024-04-19T22:09:55.371+0000 7fc444db3700 1 -- 172.21.15.88:0/2977841721 learned_addr learned my addr 172.21.15.88:0/2977841721 (peer_addr_for_me v2:172.21.15.88:0/0)
2024-04-19T22:09:56.275 INFO:teuthology.orchestra.run.smithi088.stdout:/usr/bin/ceph: stderr
2024-04-19T22:09:55.371+0000 7fc444db3700 1 -- 172.21.15.88:0/2977841721 --> [v2:172.21.15.88:3300/0,v1:172.21.15.88:6789/0] -- mon_subscribe({config=0+,monmap=0+}) v3 -- 0x7fc4401087b0 con 0x7fc440107d20
2024-04-19T22:09:56.275 INFO:teuthology.orchestra.run.smithi088.stdout:/usr/bin/ceph: stderr
2024-04-19T22:09:55.371+0000 7fc444db3700 1 --2- 172.21.15.88:0/2977841721 >> [v2:172.21.15.88:3300/0,v1:172.21.15.88:6789/0] conn(0x7fc440107d20 0x7fc440108130 secure :-1 s=READY pgs=63 cs=0 l=1 rev1=1 crypto rx=0x7fc4340098a0 tx=0x7fc434009bb0 comp rx=0 tx=0).ready entity=mon.0 client_cookie=6331e133b2aa2161 server_cookie=0 in_seq=0 out_seq=0
2024-04-19T22:09:56.275 INFO:teuthology.orchestra.run.smithi088.stdout:/usr/bin/ceph: stderr
2024-04-19T22:09:55.371+0000 7fc43f7fe700 1 -- 172.21.15.88:0/2977841721 <== mon.0 v2:172.21.15.88:3300/0 1 ==== mon_map magic: 0 v1 ==== 229+0+0 (secure 0 0 0) 0x7fc434004180 con 0x7fc440107d20
2024-04-19T22:09:56.275 INFO:teuthology.orchestra.run.smithi088.stdout:/usr/bin/ceph: stderr
2024-04-19T22:09:55.371+0000 7fc43f7fe700 1 -- 172.21.15.88:0/2977841721 <== mon.0 v2:172.21.15.88:3300/0 2 ==== config(27 keys) v1 ==== 1101+0+0 (secure 0 0 0) 0x7fc4340042e0 con 0x7fc440107d20
2024-04-19T22:09:56.275 INFO:teuthology.orchestra.run.smithi088.stdout:/usr/bin/ceph: stderr
2024-04-19T22:09:55.371+0000 7fc43f7fe700 1 -- 172.21.15.88:0/2977841721 <== mon.0 v2:172.21.15.88:3300/0 3 ==== mon_map magic: 0 v1 ==== 229+0+0 (secure 0 0 0) 0x7fc434011af0 con 0x7fc440107d20
2024-04-19T22:09:56.275 INFO:teuthology.orchestra.run.smithi088.stdout:/usr/bin/ceph: stderr
2024-04-19T22:09:55.372+0000 7fc447017700 1 -- 172.21.15.88:0/2977841721 >> [v2:172.21.15.88:3300/0,v1:172.21.15.88:6789/0] conn(0x7fc440107d20 msgr2=0x7fc440108130 secure :-1 s=STATE_CONNECTION_ESTABLISHED l=1).mark_down
2024-04-19T22:09:56.275 INFO:teuthology.orchestra.run.smithi088.stdout:/usr/bin/ceph: stderr
2024-04-19T22:09:55.372+0000 7fc447017700 1 --2- 172.21.15.88:0/2977841721 >> [v2:172.21.15.88:3300/0,v1:172.21.15.88:6789/0] conn(0x7fc440107d20 0x7fc440108130 secure :-1 s=READY pgs=63 cs=0 l=1 rev1=1 crypto rx=0x7fc4340098a0 tx=0x7fc434009bb0 comp rx=0 tx=0).stop
2024-04-19T22:09:56.275 INFO:teuthology.orchestra.run.smithi088.stdout:/usr/bin/ceph: stderr
2024-04-19T22:09:55.372+0000 7fc447017700 1 -- 172.21.15.88:0/2977841721 shutdown_connections
2024-04-19T22:09:56.276 INFO:teuthology.orchestra.run.smithi088.stdout:/usr/bin/ceph: stderr
2024-04-19T22:09:55.372+0000 7fc447017700 1 --2- 172.21.15.88:0/2977841721 >> [v2:172.21.15.88:3300/0,v1:172.21.15.88:6789/0] conn(0x7fc440107d20 0x7fc440108130 unknown :-1 s=CLOSED pgs=63 cs=0 l=1 rev1=1 crypto rx=0 tx=0 comp rx=0 tx=0).stop
2024-04-19T22:09:56.276 INFO:teuthology.orchestra.run.smithi088.stdout:/usr/bin/ceph: stderr
2024-04-19T22:09:55.372+0000 7fc447017700 1 -- 172.21.15.88:0/2977841721 >> 172.21.15.88:0/2977841721 conn(0x7fc44007b220 msgr2=0x7fc44007b660 unknown :-1 s=STATE_NONE l=0).mark_down
2024-04-19T22:09:56.276 INFO:teuthology.orchestra.run.smithi088.stdout:/usr/bin/ceph: stderr
2024-04-19T22:09:55.372+0000 7fc447017700 1 -- 172.21.15.88:0/2977841721 shutdown_connections
2024-04-19T22:09:56.276 INFO:teuthology.orchestra.run.smithi088.stdout:/usr/bin/ceph: stderr
2024-04-19T22:09:55.372+0000 7fc447017700 1 -- 172.21.15.88:0/2977841721 wait complete.
2024-04-19T22:09:56.276 INFO:teuthology.orchestra.run.smithi088.stdout:/usr/bin/ceph: stderr
2024-04-19T22:09:55.373+0000 7fc447017700 1 Processor -- start
2024-04-19T22:09:56.276 INFO:teuthology.orchestra.run.smithi088.stdout:/usr/bin/ceph: stderr
2024-04-19T22:09:55.373+0000 7fc447017700 1 -- start start
2024-04-19T22:09:56.276 INFO:teuthology.orchestra.run.smithi088.stdout:/usr/bin/ceph: stderr
2024-04-19T22:09:55.373+0000 7fc447017700 1 --2- >> [v2:172.21.15.88:3300/0,v1:172.21.15.88:6789/0] conn(0x7fc440107d20 0x7fc44019baf0 unknown :-1 s=NONE pgs=0 cs=0 l=1 rev1=0 crypto rx=0 tx=0 comp rx=0 tx=0).connect
2024-04-19T22:09:56.276 INFO:teuthology.orchestra.run.smithi088.stdout:/usr/bin/ceph: stderr
2024-04-19T22:09:55.373+0000 7fc447017700 1 -- --> [v2:172.21.15.88:3300/0,v1:172.21.15.88:6789/0] -- mon_getmap magic: 0 v1 -- 0x7fc44019c030 con 0x7fc440107d20
2024-04-19T22:09:56.276 INFO:teuthology.orchestra.run.smithi088.stdout:/usr/bin/ceph: stderr
2024-04-19T22:09:55.373+0000 7fc444db3700 1 --2- >> [v2:172.21.15.88:3300/0,v1:172.21.15.88:6789/0] conn(0x7fc440107d20 0x7fc44019baf0 unknown :-1 s=BANNER_CONNECTING pgs=0 cs=0 l=1 rev1=0 crypto rx=0 tx=0 comp rx=0 tx=0)._handle_peer_banner_payload supported=3 required=0
2024-04-19T22:09:56.276 INFO:teuthology.orchestra.run.smithi088.stdout:/usr/bin/ceph: stderr
2024-04-19T22:09:55.373+0000 7fc444db3700 1 --2- >> [v2:172.21.15.88:3300/0,v1:172.21.15.88:6789/0] conn(0x7fc440107d20 0x7fc44019baf0 unknown :-1 s=HELLO_CONNECTING pgs=0 cs=0 l=1 rev1=1 crypto rx=0 tx=0 comp rx=0 tx=0).handle_hello peer v2:172.21.15.88:3300/0 says I am v2:172.21.15.88:58638/0 (socket says 172.21.15.88:58638)
2024-04-19T22:09:56.276 INFO:teuthology.orchestra.run.smithi088.stdout:/usr/bin/ceph: stderr
2024-04-19T22:09:55.373+0000 7fc444db3700 1 -- 172.21.15.88:0/3191083445 learned_addr learned my addr 172.21.15.88:0/3191083445 (peer_addr_for_me v2:172.21.15.88:0/0)
2024-04-19T22:09:56.276 INFO:teuthology.orchestra.run.smithi088.stdout:/usr/bin/ceph: stderr
2024-04-19T22:09:55.373+0000 7fc444db3700 1 -- 172.21.15.88:0/3191083445 --> [v2:172.21.15.88:3300/0,v1:172.21.15.88:6789/0] -- mon_subscribe({config=0+,monmap=0+}) v3 -- 0x7fc434009550 con 0x7fc440107d20
2024-04-19T22:09:56.276 INFO:teuthology.orchestra.run.smithi088.stdout:/usr/bin/ceph: stderr
2024-04-19T22:09:55.373+0000 7fc444db3700 1 --2- 172.21.15.88:0/3191083445 >> [v2:172.21.15.88:3300/0,v1:172.21.15.88:6789/0] conn(0x7fc440107d20 0x7fc44019baf0 secure :-1 s=READY pgs=64 cs=0 l=1 rev1=1 crypto rx=0x7fc434011670 tx=0x7fc434011b50 comp rx=0 tx=0).ready entity=mon.0 client_cookie=0 server_cookie=0 in_seq=0 out_seq=0
2024-04-19T22:09:56.277 INFO:teuthology.orchestra.run.smithi088.stdout:/usr/bin/ceph: stderr
2024-04-19T22:09:55.373+0000 7fc43dffb700 1 -- 172.21.15.88:0/3191083445 <== mon.0 v2:172.21.15.88:3300/0 1 ==== mon_map magic: 0 v1 ==== 229+0+0 (secure 0 0 0) 0x7fc434003a40 con 0x7fc440107d20
2024-04-19T22:09:56.277 INFO:teuthology.orchestra.run.smithi088.stdout:/usr/bin/ceph: stderr
2024-04-19T22:09:55.373+0000 7fc43dffb700 1 -- 172.21.15.88:0/3191083445 <== mon.0 v2:172.21.15.88:3300/0 2 ==== config(27 keys) v1 ==== 1101+0+0 (secure 0 0 0) 0x7fc434003ba0 con 0x7fc440107d20
2024-04-19T22:09:56.277 INFO:teuthology.orchestra.run.smithi088.stdout:/usr/bin/ceph: stderr
2024-04-19T22:09:55.373+0000 7fc447017700 1 -- 172.21.15.88:0/3191083445 --> [v2:172.21.15.88:3300/0,v1:172.21.15.88:6789/0] -- mon_subscribe({mgrmap=0+}) v3 -- 0x7fc44019c230 con 0x7fc440107d20
2024-04-19T22:09:56.277 INFO:teuthology.orchestra.run.smithi088.stdout:/usr/bin/ceph: stderr
2024-04-19T22:09:55.373+0000 7fc43dffb700 1 -- 172.21.15.88:0/3191083445 <== mon.0 v2:172.21.15.88:3300/0 3 ==== mon_map magic: 0 v1 ==== 229+0+0 (secure 0 0 0) 0x7fc434024790 con 0x7fc440107d20
2024-04-19T22:09:56.277 INFO:teuthology.orchestra.run.smithi088.stdout:/usr/bin/ceph: stderr
2024-04-19T22:09:55.374+0000 7fc447017700 1 -- 172.21.15.88:0/3191083445 --> [v2:172.21.15.88:3300/0,v1:172.21.15.88:6789/0] -- mon_subscribe({osdmap=0}) v3 -- 0x7fc44019c650 con 0x7fc440107d20
2024-04-19T22:09:56.277 INFO:teuthology.orchestra.run.smithi088.stdout:/usr/bin/ceph: stderr
2024-04-19T22:09:55.374+0000 7fc43dffb700 1 -- 172.21.15.88:0/3191083445 <== mon.0 v2:172.21.15.88:3300/0 4 ==== mgrmap(e 8) v1 ==== 45084+0+0 (secure 0 0 0) 0x7fc43402d3f0 con 0x7fc440107d20
2024-04-19T22:09:56.277 INFO:teuthology.orchestra.run.smithi088.stdout:/usr/bin/ceph: stderr
2024-04-19T22:09:55.374+0000 7fc43dffb700 1 --2- 172.21.15.88:0/3191083445 >> [v2:172.21.15.88:6800/35308071,v1:172.21.15.88:6801/35308071] conn(0x7fc4300383f0 0x7fc43003a8a0 unknown :-1 s=NONE pgs=0 cs=0 l=1 rev1=0 crypto rx=0 tx=0 comp rx=0 tx=0).connect
2024-04-19T22:09:56.277 INFO:teuthology.orchestra.run.smithi088.stdout:/usr/bin/ceph: stderr
2024-04-19T22:09:55.375+0000 7fc43dffb700 1 -- 172.21.15.88:0/3191083445 <== mon.0 v2:172.21.15.88:3300/0 5 ==== osd_map(2..2 src has 1..2) v4 ==== 940+0+0 (secure 0 0 0) 0x7fc43404d570 con 0x7fc440107d20
2024-04-19T22:09:56.277 INFO:teuthology.orchestra.run.smithi088.stdout:/usr/bin/ceph: stderr
2024-04-19T22:09:55.375+0000 7fc43ffff700 1 --2- 172.21.15.88:0/3191083445 >> [v2:172.21.15.88:6800/35308071,v1:172.21.15.88:6801/35308071] conn(0x7fc4300383f0 0x7fc43003a8a0 unknown :-1 s=BANNER_CONNECTING pgs=0 cs=0 l=1 rev1=0 crypto rx=0 tx=0 comp rx=0 tx=0)._handle_peer_banner_payload supported=3 required=0
2024-04-19T22:09:56.277 INFO:teuthology.orchestra.run.smithi088.stdout:/usr/bin/ceph: stderr
2024-04-19T22:09:55.375+0000 7fc447017700 1 -- 172.21.15.88:0/3191083445 --> [v2:172.21.15.88:3300/0,v1:172.21.15.88:6789/0] -- mon_command({"prefix": "get_command_descriptions"} v 0) v1 -- 0x7fc44010c1b0 con 0x7fc440107d20
2024-04-19T22:09:56.277 INFO:teuthology.orchestra.run.smithi088.stdout:/usr/bin/ceph: stderr
2024-04-19T22:09:55.375+0000 7fc43ffff700 1 --2- 172.21.15.88:0/3191083445 >> [v2:172.21.15.88:6800/35308071,v1:172.21.15.88:6801/35308071] conn(0x7fc4300383f0 0x7fc43003a8a0 secure :-1 s=READY pgs=21 cs=0 l=1 rev1=1 crypto rx=0x7fc42c006fd0 tx=0x7fc42c006e40 comp rx=0 tx=0).ready entity=mgr.14118 client_cookie=0 server_cookie=0 in_seq=0 out_seq=0
2024-04-19T22:09:56.277 INFO:teuthology.orchestra.run.smithi088.stdout:/usr/bin/ceph: stderr
2024-04-19T22:09:55.379+0000 7fc43dffb700 1 -- 172.21.15.88:0/3191083445 <== mon.0 v2:172.21.15.88:3300/0 6 ==== mon_command_ack([{"prefix": "get_command_descriptions"}]=0 v0) v1 ==== 72+0+177933 (secure 0 0 0) 0x7fc43402d6f0 con 0x7fc440107d20
2024-04-19T22:09:56.277 INFO:teuthology.orchestra.run.smithi088.stdout:/usr/bin/ceph: stderr
2024-04-19T22:09:55.567+0000 7fc447017700 1 -- 172.21.15.88:0/3191083445 --> [v2:172.21.15.88:3300/0,v1:172.21.15.88:6789/0] -- mon_command([{prefix=config set, name=mgr/dashboard/ssl_server_port}] v 0) v1 -- 0x7fc440062380 con 0x7fc440107d20
2024-04-19T22:09:56.278 INFO:teuthology.orchestra.run.smithi088.stdout:/usr/bin/ceph: stderr
2024-04-19T22:09:55.570+0000 7fc43dffb700 1 -- 172.21.15.88:0/3191083445 <== mon.0 v2:172.21.15.88:3300/0 7 ==== mon_command_ack([{prefix=config set, name=mgr/dashboard/ssl_server_port}]=0 v8)=0 v8) v1 ==== 130+0+0 (secure 0 0 0) 0x7fc434020220 con 0x7fc440107d20
2024-04-19T22:09:56.278 INFO:teuthology.orchestra.run.smithi088.stdout:/usr/bin/ceph: stderr
2024-04-19T22:09:55.573+0000 7fc447017700 1 -- 172.21.15.88:0/3191083445 >> [v2:172.21.15.88:6800/35308071,v1:172.21.15.88:6801/35308071] conn(0x7fc4300383f0 msgr2=0x7fc43003a8a0 secure :-1 s=STATE_CONNECTION_ESTABLISHED l=1).mark_down
2024-04-19T22:09:56.278 INFO:teuthology.orchestra.run.smithi088.stdout:/usr/bin/ceph: stderr
2024-04-19T22:09:55.573+0000 7fc447017700 1 --2- 172.21.15.88:0/3191083445 >> [v2:172.21.15.88:6800/35308071,v1:172.21.15.88:6801/35308071] conn(0x7fc4300383f0 0x7fc43003a8a0 secure :-1 s=READY pgs=21 cs=0 l=1 rev1=1 crypto rx=0x7fc42c006fd0 tx=0x7fc42c006e40 comp rx=0 tx=0).stop
2024-04-19T22:09:56.278 INFO:teuthology.orchestra.run.smithi088.stdout:/usr/bin/ceph: stderr
2024-04-19T22:09:55.573+0000 7fc447017700 1 -- 172.21.15.88:0/3191083445 >> [v2:172.21.15.88:3300/0,v1:172.21.15.88:6789/0] conn(0x7fc440107d20 msgr2=0x7fc44019baf0 secure :-1 s=STATE_CONNECTION_ESTABLISHED l=1).mark_down
2024-04-19T22:09:56.278 INFO:teuthology.orchestra.run.smithi088.stdout:/usr/bin/ceph: stderr
2024-04-19T22:09:55.573+0000 7fc447017700 1 --2- 172.21.15.88:0/3191083445 >> [v2:172.21.15.88:3300/0,v1:172.21.15.88:6789/0] conn(0x7fc440107d20 0x7fc44019baf0 secure :-1 s=READY pgs=64 cs=0 l=1 rev1=1 crypto rx=0x7fc434011670 tx=0x7fc434011b50 comp rx=0 tx=0).stop
2024-04-19T22:09:56.278 INFO:teuthology.orchestra.run.smithi088.stdout:/usr/bin/ceph: stderr
2024-04-19T22:09:55.573+0000 7fc447017700 1 -- 172.21.15.88:0/3191083445 shutdown_connections
2024-04-19T22:09:56.278 INFO:teuthology.orchestra.run.smithi088.stdout:/usr/bin/ceph: stderr
2024-04-19T22:09:55.573+0000 7fc447017700 1 --2- 172.21.15.88:0/3191083445 >> [v2:172.21.15.88:6800/35308071,v1:172.21.15.88:6801/35308071] conn(0x7fc4300383f0 0x7fc43003a8a0 unknown :-1 s=CLOSED pgs=21 cs=0 l=1 rev1=1 crypto rx=0 tx=0 comp rx=0 tx=0).stop
2024-04-19T22:09:56.278 INFO:teuthology.orchestra.run.smithi088.stdout:/usr/bin/ceph: stderr
2024-04-19T22:09:55.573+0000 7fc447017700 1 --2- 172.21.15.88:0/3191083445 >> [v2:172.21.15.88:3300/0,v1:172.21.15.88:6789/0] conn(0x7fc440107d20 0x7fc44019baf0 unknown :-1 s=CLOSED pgs=64 cs=0 l=1 rev1=1 crypto rx=0 tx=0 comp rx=0 tx=0).stop
2024-04-19T22:09:56.278 INFO:teuthology.orchestra.run.smithi088.stdout:/usr/bin/ceph: stderr
2024-04-19T22:09:55.573+0000 7fc447017700 1 -- 172.21.15.88:0/3191083445 >> 172.21.15.88:0/3191083445 conn(0x7fc44007b220 msgr2=0x7fc440106060 unknown :-1 s=STATE_NONE l=0).mark_down
2024-04-19T22:09:56.279 INFO:teuthology.orchestra.run.smithi088.stdout:/usr/bin/ceph: stderr
2024-04-19T22:09:55.573+0000 7fc447017700 1 -- 172.21.15.88:0/3191083445 shutdown_connections
2024-04-19T22:09:56.279 INFO:teuthology.orchestra.run.smithi088.stdout:/usr/bin/ceph: stderr
2024-04-19T22:09:55.573+0000 7fc447017700 1 -- 172.21.15.88:0/3191083445 wait complete.
2024-04-19T22:09:56.279 INFO:teuthology.orchestra.run.smithi088.stdout:Enabling the dashboard module...
2024-04-19T22:09:56.922 INFO:journalctl@ceph.mon.smithi088.smithi088.stdout:Apr 19 22:09:56 smithi088 ceph-mon[17215]: from='client.? 172.21.15.88:0/3191083445' entity='client.admin'
2024-04-19T22:09:56.922 INFO:journalctl@ceph.mon.smithi088.smithi088.stdout:Apr 19 22:09:56 smithi088 ceph-mon[17215]: pgmap v5: 0 pgs: ; 0 B data, 0 B used, 0 B / 0 B avail
2024-04-19T22:09:57.864 INFO:journalctl@ceph.mon.smithi088.smithi088.stdout:Apr 19 22:09:57 smithi088 ceph-mon[17215]: from='client.? 172.21.15.88:0/4232026059' entity='client.admin' cmd=[{"prefix": "mgr module enable", "module": "dashboard"}]: dispatch
2024-04-19T22:09:58.198 INFO:teuthology.orchestra.run.smithi088.stdout:/usr/bin/ceph: stderr
2024-04-19T22:09:56.706+0000 7fbb50516700 1 Processor -- start
2024-04-19T22:09:58.198 INFO:teuthology.orchestra.run.smithi088.stdout:/usr/bin/ceph: stderr
2024-04-19T22:09:56.706+0000 7fbb50516700 1 -- start start
2024-04-19T22:09:58.198 INFO:teuthology.orchestra.run.smithi088.stdout:/usr/bin/ceph: stderr
2024-04-19T22:09:56.706+0000 7fbb50516700 1 --2- >> [v2:172.21.15.88:3300/0,v1:172.21.15.88:6789/0] conn(0x7fbb48105b10 0x7fbb48105f20 unknown :-1 s=NONE pgs=0 cs=0 l=0 rev1=0 crypto rx=0 tx=0 comp rx=0 tx=0).connect
2024-04-19T22:09:58.198 INFO:teuthology.orchestra.run.smithi088.stdout:/usr/bin/ceph: stderr
2024-04-19T22:09:56.706+0000 7fbb50516700 1 -- --> [v2:172.21.15.88:3300/0,v1:172.21.15.88:6789/0] -- mon_getmap magic: 0 v1 -- 0x7fbb48106460 con 0x7fbb48105b10
2024-04-19T22:09:58.198 INFO:teuthology.orchestra.run.smithi088.stdout:/usr/bin/ceph: stderr
2024-04-19T22:09:56.706+0000 7fbb4e2b2700 1 --2- >> [v2:172.21.15.88:3300/0,v1:172.21.15.88:6789/0] conn(0x7fbb48105b10 0x7fbb48105f20 unknown :-1 s=BANNER_CONNECTING pgs=0 cs=0 l=0 rev1=0 crypto rx=0 tx=0 comp rx=0 tx=0)._handle_peer_banner_payload supported=3 required=0
2024-04-19T22:09:58.198 INFO:teuthology.orchestra.run.smithi088.stdout:/usr/bin/ceph: stderr
2024-04-19T22:09:56.706+0000 7fbb4e2b2700 1 --2- >> [v2:172.21.15.88:3300/0,v1:172.21.15.88:6789/0] conn(0x7fbb48105b10 0x7fbb48105f20 unknown :-1 s=HELLO_CONNECTING pgs=0 cs=0 l=0 rev1=1 crypto rx=0 tx=0 comp rx=0 tx=0).handle_hello peer v2:172.21.15.88:3300/0 says I am v2:172.21.15.88:55682/0 (socket says 172.21.15.88:55682)
2024-04-19T22:09:58.198 INFO:teuthology.orchestra.run.smithi088.stdout:/usr/bin/ceph: stderr
2024-04-19T22:09:56.706+0000 7fbb4e2b2700 1 -- 172.21.15.88:0/2236804253 learned_addr learned my addr 172.21.15.88:0/2236804253 (peer_addr_for_me v2:172.21.15.88:0/0)
2024-04-19T22:09:58.198 INFO:teuthology.orchestra.run.smithi088.stdout:/usr/bin/ceph: stderr
2024-04-19T22:09:56.706+0000 7fbb4e2b2700 1 -- 172.21.15.88:0/2236804253 --> [v2:172.21.15.88:3300/0,v1:172.21.15.88:6789/0] -- mon_subscribe({config=0+,monmap=0+}) v3 -- 0x7fbb481065a0 con 0x7fbb48105b10
2024-04-19T22:09:58.198 INFO:teuthology.orchestra.run.smithi088.stdout:/usr/bin/ceph: stderr
2024-04-19T22:09:56.707+0000 7fbb4e2b2700 1 --2- 172.21.15.88:0/2236804253 >> [v2:172.21.15.88:3300/0,v1:172.21.15.88:6789/0] conn(0x7fbb48105b10 0x7fbb48105f20 secure :-1 s=READY pgs=65 cs=0 l=1 rev1=1 crypto rx=0x7fbb440098a0 tx=0x7fbb44009bb0 comp rx=0 tx=0).ready entity=mon.0 client_cookie=b343d1d485fd29ff server_cookie=0 in_seq=0 out_seq=0
2024-04-19T22:09:58.199 INFO:teuthology.orchestra.run.smithi088.stdout:/usr/bin/ceph: stderr
2024-04-19T22:09:56.707+0000 7fbb4d2b0700 1 -- 172.21.15.88:0/2236804253 <== mon.0 v2:172.21.15.88:3300/0 1 ==== mon_map magic: 0 v1 ==== 229+0+0 (secure 0 0 0) 0x7fbb44004180 con 0x7fbb48105b10
2024-04-19T22:09:58.199 INFO:teuthology.orchestra.run.smithi088.stdout:/usr/bin/ceph: stderr
2024-04-19T22:09:56.707+0000 7fbb4d2b0700 1 -- 172.21.15.88:0/2236804253 <== mon.0 v2:172.21.15.88:3300/0 2 ==== config(27 keys) v1 ==== 1101+0+0 (secure 0 0 0) 0x7fbb440042e0 con 0x7fbb48105b10
2024-04-19T22:09:58.199 INFO:teuthology.orchestra.run.smithi088.stdout:/usr/bin/ceph: stderr
2024-04-19T22:09:56.707+0000 7fbb4d2b0700 1 -- 172.21.15.88:0/2236804253 <== mon.0 v2:172.21.15.88:3300/0 3 ==== mon_map magic: 0 v1 ==== 229+0+0 (secure 0 0 0) 0x7fbb44011af0 con 0x7fbb48105b10
2024-04-19T22:09:58.199 INFO:teuthology.orchestra.run.smithi088.stdout:/usr/bin/ceph: stderr
2024-04-19T22:09:56.707+0000 7fbb50516700 1 -- 172.21.15.88:0/2236804253 >> [v2:172.21.15.88:3300/0,v1:172.21.15.88:6789/0] conn(0x7fbb48105b10 msgr2=0x7fbb48105f20 secure :-1 s=STATE_CONNECTION_ESTABLISHED l=1).mark_down
2024-04-19T22:09:58.199 INFO:teuthology.orchestra.run.smithi088.stdout:/usr/bin/ceph: stderr
2024-04-19T22:09:56.707+0000 7fbb50516700 1 --2- 172.21.15.88:0/2236804253 >> [v2:172.21.15.88:3300/0,v1:172.21.15.88:6789/0] conn(0x7fbb48105b10 0x7fbb48105f20 secure :-1 s=READY pgs=65 cs=0 l=1 rev1=1 crypto rx=0x7fbb440098a0 tx=0x7fbb44009bb0 comp rx=0 tx=0).stop
2024-04-19T22:09:58.199 INFO:teuthology.orchestra.run.smithi088.stdout:/usr/bin/ceph: stderr
2024-04-19T22:09:56.707+0000 7fbb50516700 1 -- 172.21.15.88:0/2236804253 shutdown_connections
2024-04-19T22:09:58.199 INFO:teuthology.orchestra.run.smithi088.stdout:/usr/bin/ceph: stderr
2024-04-19T22:09:56.707+0000 7fbb50516700 1 --2- 172.21.15.88:0/2236804253 >> [v2:172.21.15.88:3300/0,v1:172.21.15.88:6789/0] conn(0x7fbb48105b10 0x7fbb48105f20 unknown :-1 s=CLOSED pgs=65 cs=0 l=1 rev1=1 crypto rx=0 tx=0 comp rx=0 tx=0).stop
2024-04-19T22:09:58.199 INFO:teuthology.orchestra.run.smithi088.stdout:/usr/bin/ceph: stderr
2024-04-19T22:09:56.707+0000 7fbb50516700 1 -- 172.21.15.88:0/2236804253 >> 172.21.15.88:0/2236804253 conn(0x7fbb48101180 msgr2=0x7fbb48103590 unknown :-1 s=STATE_NONE l=0).mark_down
2024-04-19T22:09:58.199 INFO:teuthology.orchestra.run.smithi088.stdout:/usr/bin/ceph: stderr
2024-04-19T22:09:56.707+0000 7fbb50516700 1 -- 172.21.15.88:0/2236804253 shutdown_connections
2024-04-19T22:09:58.199 INFO:teuthology.orchestra.run.smithi088.stdout:/usr/bin/ceph: stderr
2024-04-19T22:09:56.708+0000 7fbb50516700 1 -- 172.21.15.88:0/2236804253 wait complete.
2024-04-19T22:09:58.199 INFO:teuthology.orchestra.run.smithi088.stdout:/usr/bin/ceph: stderr
2024-04-19T22:09:56.708+0000 7fbb50516700 1 Processor -- start
2024-04-19T22:09:58.199 INFO:teuthology.orchestra.run.smithi088.stdout:/usr/bin/ceph: stderr
2024-04-19T22:09:56.708+0000 7fbb50516700 1 -- start start
2024-04-19T22:09:58.200 INFO:teuthology.orchestra.run.smithi088.stdout:/usr/bin/ceph: stderr
2024-04-19T22:09:56.708+0000 7fbb50516700 1 --2- >> [v2:172.21.15.88:3300/0,v1:172.21.15.88:6789/0] conn(0x7fbb48105b10 0x7fbb48199890 unknown :-1 s=NONE pgs=0 cs=0 l=1 rev1=0 crypto rx=0 tx=0 comp rx=0 tx=0).connect
2024-04-19T22:09:58.200 INFO:teuthology.orchestra.run.smithi088.stdout:/usr/bin/ceph: stderr
2024-04-19T22:09:56.708+0000 7fbb50516700 1 -- --> [v2:172.21.15.88:3300/0,v1:172.21.15.88:6789/0] -- mon_getmap magic: 0 v1 -- 0x7fbb48199dd0 con 0x7fbb48105b10
2024-04-19T22:09:58.200 INFO:teuthology.orchestra.run.smithi088.stdout:/usr/bin/ceph: stderr
2024-04-19T22:09:56.708+0000 7fbb4e2b2700 1 --2- >> [v2:172.21.15.88:3300/0,v1:172.21.15.88:6789/0] conn(0x7fbb48105b10 0x7fbb48199890 unknown :-1 s=BANNER_CONNECTING pgs=0 cs=0 l=1 rev1=0 crypto rx=0 tx=0 comp rx=0 tx=0)._handle_peer_banner_payload supported=3 required=0
2024-04-19T22:09:58.200 INFO:teuthology.orchestra.run.smithi088.stdout:/usr/bin/ceph: stderr
2024-04-19T22:09:56.708+0000 7fbb4e2b2700 1 --2- >> [v2:172.21.15.88:3300/0,v1:172.21.15.88:6789/0] conn(0x7fbb48105b10 0x7fbb48199890 unknown :-1 s=HELLO_CONNECTING pgs=0 cs=0 l=1 rev1=1 crypto rx=0 tx=0 comp rx=0 tx=0).handle_hello peer v2:172.21.15.88:3300/0 says I am v2:172.21.15.88:55694/0 (socket says 172.21.15.88:55694)
2024-04-19T22:09:58.200 INFO:teuthology.orchestra.run.smithi088.stdout:/usr/bin/ceph: stderr
2024-04-19T22:09:56.708+0000 7fbb4e2b2700 1 -- 172.21.15.88:0/4232026059 learned_addr learned my addr 172.21.15.88:0/4232026059 (peer_addr_for_me v2:172.21.15.88:0/0)
2024-04-19T22:09:58.200 INFO:teuthology.orchestra.run.smithi088.stdout:/usr/bin/ceph: stderr
2024-04-19T22:09:56.709+0000 7fbb4e2b2700 1 -- 172.21.15.88:0/4232026059 --> [v2:172.21.15.88:3300/0,v1:172.21.15.88:6789/0] -- mon_subscribe({config=0+,monmap=0+}) v3 -- 0x7fbb44009550 con 0x7fbb48105b10
2024-04-19T22:09:58.200 INFO:teuthology.orchestra.run.smithi088.stdout:/usr/bin/ceph: stderr
2024-04-19T22:09:56.709+0000 7fbb4e2b2700 1 --2- 172.21.15.88:0/4232026059 >> [v2:172.21.15.88:3300/0,v1:172.21.15.88:6789/0] conn(0x7fbb48105b10 0x7fbb48199890 secure :-1 s=READY pgs=66 cs=0 l=1 rev1=1 crypto rx=0x7fbb44011ad0 tx=0x7fbb44011bb0 comp rx=0 tx=0).ready entity=mon.0 client_cookie=0 server_cookie=0 in_seq=0 out_seq=0
2024-04-19T22:09:58.200 INFO:teuthology.orchestra.run.smithi088.stdout:/usr/bin/ceph: stderr
2024-04-19T22:09:56.709+0000 7fbb3f7fe700 1 -- 172.21.15.88:0/4232026059 <== mon.0 v2:172.21.15.88:3300/0 1 ==== mon_map magic: 0 v1 ==== 229+0+0 (secure 0 0 0) 0x7fbb44003ab0 con 0x7fbb48105b10
2024-04-19T22:09:58.200 INFO:teuthology.orchestra.run.smithi088.stdout:/usr/bin/ceph: stderr
2024-04-19T22:09:56.709+0000 7fbb3f7fe700 1 -- 172.21.15.88:0/4232026059 <== mon.0 v2:172.21.15.88:3300/0 2 ==== config(27 keys) v1 ==== 1101+0+0 (secure 0 0 0) 0x7fbb44003c10 con 0x7fbb48105b10
2024-04-19T22:09:58.200 INFO:teuthology.orchestra.run.smithi088.stdout:/usr/bin/ceph: stderr
2024-04-19T22:09:56.709+0000 7fbb50516700 1 -- 172.21.15.88:0/4232026059 --> [v2:172.21.15.88:3300/0,v1:172.21.15.88:6789/0] -- mon_subscribe({mgrmap=0+}) v3 -- 0x7fbb48199fd0 con 0x7fbb48105b10
2024-04-19T22:09:58.200 INFO:teuthology.orchestra.run.smithi088.stdout:/usr/bin/ceph: stderr
2024-04-19T22:09:56.709+0000 7fbb3f7fe700 1 -- 172.21.15.88:0/4232026059 <== mon.0 v2:172.21.15.88:3300/0 3 ==== mon_map magic: 0 v1 ==== 229+0+0 (secure 0 0 0) 0x7fbb440198e0 con 0x7fbb48105b10
2024-04-19T22:09:58.200 INFO:teuthology.orchestra.run.smithi088.stdout:/usr/bin/ceph: stderr
2024-04-19T22:09:56.709+0000 7fbb50516700 1 -- 172.21.15.88:0/4232026059 --> [v2:172.21.15.88:3300/0,v1:172.21.15.88:6789/0] -- mon_subscribe({osdmap=0}) v3 -- 0x7fbb4819a3f0 con 0x7fbb48105b10
2024-04-19T22:09:58.200 INFO:teuthology.orchestra.run.smithi088.stdout:/usr/bin/ceph: stderr
2024-04-19T22:09:56.710+0000 7fbb3f7fe700 1 -- 172.21.15.88:0/4232026059 <== mon.0 v2:172.21.15.88:3300/0 4 ==== mgrmap(e 8) v1 ==== 45084+0+0 (secure 0 0 0) 0x7fbb44019ba0 con 0x7fbb48105b10
2024-04-19T22:09:58.201 INFO:teuthology.orchestra.run.smithi088.stdout:/usr/bin/ceph: stderr
2024-04-19T22:09:56.710+0000 7fbb50516700 1 -- 172.21.15.88:0/4232026059 --> [v2:172.21.15.88:3300/0,v1:172.21.15.88:6789/0] -- mon_command({"prefix": "get_command_descriptions"} v 0) v1 -- 0x7fbb48062380 con 0x7fbb48105b10
2024-04-19T22:09:58.201 INFO:teuthology.orchestra.run.smithi088.stdout:/usr/bin/ceph: stderr
2024-04-19T22:09:56.710+0000 7fbb3f7fe700 1 --2- 172.21.15.88:0/4232026059 >> [v2:172.21.15.88:6800/35308071,v1:172.21.15.88:6801/35308071] conn(0x7fbb340383f0 0x7fbb3403a8a0 unknown :-1 s=NONE pgs=0 cs=0 l=1 rev1=0 crypto rx=0 tx=0 comp rx=0 tx=0).connect
2024-04-19T22:09:58.201 INFO:teuthology.orchestra.run.smithi088.stdout:/usr/bin/ceph: stderr
2024-04-19T22:09:56.710+0000 7fbb3f7fe700 1 -- 172.21.15.88:0/4232026059 <== mon.0 v2:172.21.15.88:3300/0 5 ==== osd_map(2..2 src has 1..2) v4 ==== 940+0+0 (secure 0 0 0) 0x7fbb4404c1a0 con 0x7fbb48105b10
2024-04-19T22:09:58.201 INFO:teuthology.orchestra.run.smithi088.stdout:/usr/bin/ceph: stderr
2024-04-19T22:09:56.710+0000 7fbb4dab1700 1 --2- 172.21.15.88:0/4232026059 >> [v2:172.21.15.88:6800/35308071,v1:172.21.15.88:6801/35308071] conn(0x7fbb340383f0 0x7fbb3403a8a0 unknown :-1 s=BANNER_CONNECTING pgs=0 cs=0 l=1 rev1=0 crypto rx=0 tx=0 comp rx=0 tx=0)._handle_peer_banner_payload supported=3 required=0
2024-04-19T22:09:58.201 INFO:teuthology.orchestra.run.smithi088.stdout:/usr/bin/ceph: stderr
2024-04-19T22:09:56.710+0000 7fbb4dab1700 1 --2- 172.21.15.88:0/4232026059 >> [v2:172.21.15.88:6800/35308071,v1:172.21.15.88:6801/35308071] conn(0x7fbb340383f0 0x7fbb3403a8a0 secure :-1 s=READY pgs=22 cs=0 l=1 rev1=1 crypto rx=0x7fbb38006fd0 tx=0x7fbb38006e40 comp rx=0 tx=0).ready entity=mgr.14118 client_cookie=0 server_cookie=0 in_seq=0 out_seq=0
2024-04-19T22:09:58.201 INFO:teuthology.orchestra.run.smithi088.stdout:/usr/bin/ceph: stderr
2024-04-19T22:09:56.715+0000 7fbb3f7fe700 1 -- 172.21.15.88:0/4232026059 <== mon.0 v2:172.21.15.88:3300/0 6 ==== mon_command_ack([{"prefix": "get_command_descriptions"}]=0 v0) v1 ==== 72+0+177933 (secure 0 0 0) 0x7fbb4401a430 con 0x7fbb48105b10
2024-04-19T22:09:58.201 INFO:teuthology.orchestra.run.smithi088.stdout:/usr/bin/ceph: stderr
2024-04-19T22:09:56.956+0000 7fbb50516700 1 -- 172.21.15.88:0/4232026059 --> [v2:172.21.15.88:3300/0,v1:172.21.15.88:6789/0] -- mon_command({"prefix": "mgr module enable", "module": "dashboard"} v 0) v1 -- 0x7fbb481079c0 con 0x7fbb48105b10
2024-04-19T22:09:58.201 INFO:teuthology.orchestra.run.smithi088.stdout:/usr/bin/ceph: stderr
2024-04-19T22:09:57.576+0000 7fbb3f7fe700 1 -- 172.21.15.88:0/4232026059 <== mon.0 v2:172.21.15.88:3300/0 7 ==== mgrmap(e 9) v1 ==== 45097+0+0 (secure 0 0 0) 0x7fbb4401a7b0 con 0x7fbb48105b10
2024-04-19T22:09:58.201 INFO:teuthology.orchestra.run.smithi088.stdout:/usr/bin/ceph: stderr
2024-04-19T22:09:57.577+0000 7fbb3f7fe700 1 -- 172.21.15.88:0/4232026059 <== mon.0 v2:172.21.15.88:3300/0 8 ==== mon_command_ack([{"prefix": "mgr module enable", "module": "dashboard"}]=0 v9) v1 ==== 88+0+0 (secure 0 0 0) 0x7fbb4401ad10 con 0x7fbb48105b10
2024-04-19T22:09:58.201 INFO:teuthology.orchestra.run.smithi088.stdout:/usr/bin/ceph: stderr
2024-04-19T22:09:57.579+0000 7fbb50516700 1 -- 172.21.15.88:0/4232026059 >> [v2:172.21.15.88:6800/35308071,v1:172.21.15.88:6801/35308071] conn(0x7fbb340383f0 msgr2=0x7fbb3403a8a0 secure :-1 s=STATE_CONNECTION_ESTABLISHED l=1).mark_down
2024-04-19T22:09:58.201 INFO:teuthology.orchestra.run.smithi088.stdout:/usr/bin/ceph: stderr
2024-04-19T22:09:57.579+0000 7fbb50516700 1 --2- 172.21.15.88:0/4232026059 >> [v2:172.21.15.88:6800/35308071,v1:172.21.15.88:6801/35308071] conn(0x7fbb340383f0 0x7fbb3403a8a0 secure :-1 s=READY pgs=22 cs=0 l=1 rev1=1 crypto rx=0x7fbb38006fd0 tx=0x7fbb38006e40 comp rx=0 tx=0).stop
2024-04-19T22:09:58.201 INFO:teuthology.orchestra.run.smithi088.stdout:/usr/bin/ceph: stderr
2024-04-19T22:09:57.579+0000 7fbb50516700 1 -- 172.21.15.88:0/4232026059 >> [v2:172.21.15.88:3300/0,v1:172.21.15.88:6789/0] conn(0x7fbb48105b10 msgr2=0x7fbb48199890 secure :-1 s=STATE_CONNECTION_ESTABLISHED l=1).mark_down
2024-04-19T22:09:58.201 INFO:teuthology.orchestra.run.smithi088.stdout:/usr/bin/ceph: stderr
2024-04-19T22:09:57.579+0000 7fbb50516700 1 --2- 172.21.15.88:0/4232026059 >> [v2:172.21.15.88:3300/0,v1:172.21.15.88:6789/0] conn(0x7fbb48105b10 0x7fbb48199890 secure :-1 s=READY pgs=66 cs=0 l=1 rev1=1 crypto rx=0x7fbb44011ad0 tx=0x7fbb44011bb0 comp rx=0 tx=0).stop
2024-04-19T22:09:58.202 INFO:teuthology.orchestra.run.smithi088.stdout:/usr/bin/ceph: stderr
2024-04-19T22:09:57.579+0000 7fbb50516700 1 -- 172.21.15.88:0/4232026059 shutdown_connections
2024-04-19T22:09:58.202 INFO:teuthology.orchestra.run.smithi088.stdout:/usr/bin/ceph: stderr
2024-04-19T22:09:57.579+0000 7fbb50516700 1 --2- 172.21.15.88:0/4232026059 >> [v2:172.21.15.88:6800/35308071,v1:172.21.15.88:6801/35308071] conn(0x7fbb340383f0 0x7fbb3403a8a0 unknown :-1 s=CLOSED pgs=22 cs=0 l=1 rev1=1 crypto rx=0 tx=0 comp rx=0 tx=0).stop
2024-04-19T22:09:58.202 INFO:teuthology.orchestra.run.smithi088.stdout:/usr/bin/ceph: stderr
2024-04-19T22:09:57.579+0000 7fbb50516700 1 --2- 172.21.15.88:0/4232026059 >> [v2:172.21.15.88:3300/0,v1:172.21.15.88:6789/0] conn(0x7fbb48105b10 0x7fbb48199890 unknown :-1 s=CLOSED pgs=66 cs=0 l=1 rev1=1 crypto rx=0 tx=0 comp rx=0 tx=0).stop
2024-04-19T22:09:58.202 INFO:teuthology.orchestra.run.smithi088.stdout:/usr/bin/ceph: stderr
2024-04-19T22:09:57.579+0000 7fbb50516700 1 -- 172.21.15.88:0/4232026059 >> 172.21.15.88:0/4232026059 conn(0x7fbb48101180 msgr2=0x7fbb48101f10 unknown :-1 s=STATE_NONE l=0).mark_down
2024-04-19T22:09:58.202 INFO:teuthology.orchestra.run.smithi088.stdout:/usr/bin/ceph: stderr
2024-04-19T22:09:57.580+0000 7fbb50516700 1 -- 172.21.15.88:0/4232026059 shutdown_connections
2024-04-19T22:09:58.202 INFO:teuthology.orchestra.run.smithi088.stdout:/usr/bin/ceph: stderr
2024-04-19T22:09:57.580+0000 7fbb50516700 1 -- 172.21.15.88:0/4232026059 wait complete.
2024-04-19T22:09:58.839 INFO:journalctl@ceph.mon.smithi088.smithi088.stdout:Apr 19 22:09:58 smithi088 ceph-mon[17215]: from='client.? 172.21.15.88:0/4232026059' entity='client.admin' cmd='[{"prefix": "mgr module enable", "module": "dashboard"}]': finished
2024-04-19T22:09:58.839 INFO:journalctl@ceph.mon.smithi088.smithi088.stdout:Apr 19 22:09:58 smithi088 ceph-mon[17215]: mgrmap e9: smithi088.hrejmt(active, since 25s)
2024-04-19T22:09:59.529 INFO:teuthology.orchestra.run.smithi088.stdout:/usr/bin/ceph: stdout {
2024-04-19T22:09:59.529 INFO:teuthology.orchestra.run.smithi088.stdout:/usr/bin/ceph: stdout "epoch": 9,
2024-04-19T22:09:59.529 INFO:teuthology.orchestra.run.smithi088.stdout:/usr/bin/ceph: stdout "available": true,
2024-04-19T22:09:59.529 INFO:teuthology.orchestra.run.smithi088.stdout:/usr/bin/ceph: stdout "active_name": "smithi088.hrejmt",
2024-04-19T22:09:59.529 INFO:teuthology.orchestra.run.smithi088.stdout:/usr/bin/ceph: stdout "num_standby": 0
2024-04-19T22:09:59.529 INFO:teuthology.orchestra.run.smithi088.stdout:/usr/bin/ceph: stdout }
2024-04-19T22:09:59.529 INFO:teuthology.orchestra.run.smithi088.stdout:/usr/bin/ceph: stderr
2024-04-19T22:09:58.653+0000 7f74e13ed700 1 Processor -- start
2024-04-19T22:09:59.529 INFO:teuthology.orchestra.run.smithi088.stdout:/usr/bin/ceph: stderr
2024-04-19T22:09:58.653+0000 7f74e13ed700 1 -- start start
2024-04-19T22:09:59.529 INFO:teuthology.orchestra.run.smithi088.stdout:/usr/bin/ceph: stderr
2024-04-19T22:09:58.654+0000 7f74e13ed700 1 --2- >> [v2:172.21.15.88:3300/0,v1:172.21.15.88:6789/0] conn(0x7f74dc079cb0 0x7f74dc1086d0 unknown :-1 s=NONE pgs=0 cs=0 l=0 rev1=0 crypto rx=0 tx=0 comp rx=0 tx=0).connect
2024-04-19T22:09:59.530 INFO:teuthology.orchestra.run.smithi088.stdout:/usr/bin/ceph: stderr
2024-04-19T22:09:58.654+0000 7f74e13ed700 1 -- --> [v2:172.21.15.88:3300/0,v1:172.21.15.88:6789/0] -- mon_getmap magic: 0 v1 -- 0x7f74dc108c10 con 0x7f74dc079cb0
2024-04-19T22:09:59.530 INFO:teuthology.orchestra.run.smithi088.stdout:/usr/bin/ceph: stderr
2024-04-19T22:09:58.654+0000 7f74daffd700 1 --2- >> [v2:172.21.15.88:3300/0,v1:172.21.15.88:6789/0] conn(0x7f74dc079cb0 0x7f74dc1086d0 unknown :-1 s=BANNER_CONNECTING pgs=0 cs=0 l=0 rev1=0 crypto rx=0 tx=0 comp rx=0 tx=0)._handle_peer_banner_payload supported=3 required=0
2024-04-19T22:09:59.530 INFO:teuthology.orchestra.run.smithi088.stdout:/usr/bin/ceph: stderr
2024-04-19T22:09:58.654+0000 7f74daffd700 1 --2- >> [v2:172.21.15.88:3300/0,v1:172.21.15.88:6789/0] conn(0x7f74dc079cb0 0x7f74dc1086d0 unknown :-1 s=HELLO_CONNECTING pgs=0 cs=0 l=0 rev1=1 crypto rx=0 tx=0 comp rx=0 tx=0).handle_hello peer v2:172.21.15.88:3300/0 says I am v2:172.21.15.88:55724/0 (socket says 172.21.15.88:55724)
2024-04-19T22:09:59.530 INFO:teuthology.orchestra.run.smithi088.stdout:/usr/bin/ceph: stderr
2024-04-19T22:09:58.654+0000 7f74daffd700 1 -- 172.21.15.88:0/2914864646 learned_addr learned my addr 172.21.15.88:0/2914864646 (peer_addr_for_me v2:172.21.15.88:0/0)
2024-04-19T22:09:59.530 INFO:teuthology.orchestra.run.smithi088.stdout:/usr/bin/ceph: stderr
2024-04-19T22:09:58.654+0000 7f74daffd700 1 -- 172.21.15.88:0/2914864646 --> [v2:172.21.15.88:3300/0,v1:172.21.15.88:6789/0] -- mon_subscribe({config=0+,monmap=0+}) v3 -- 0x7f74dc108d50 con 0x7f74dc079cb0
2024-04-19T22:09:59.530 INFO:teuthology.orchestra.run.smithi088.stdout:/usr/bin/ceph: stderr
2024-04-19T22:09:58.654+0000 7f74daffd700 1 --2- 172.21.15.88:0/2914864646 >> [v2:172.21.15.88:3300/0,v1:172.21.15.88:6789/0] conn(0x7f74dc079cb0 0x7f74dc1086d0 secure :-1 s=READY pgs=69 cs=0 l=1 rev1=1 crypto rx=0x7f74cc0098a0 tx=0x7f74cc009bb0 comp rx=0 tx=0).ready entity=mon.0 client_cookie=4348044f4d06f772 server_cookie=0 in_seq=0 out_seq=0
2024-04-19T22:09:59.530 INFO:teuthology.orchestra.run.smithi088.stdout:/usr/bin/ceph: stderr
2024-04-19T22:09:58.654+0000 7f74d9ffb700 1 -- 172.21.15.88:0/2914864646 <== mon.0 v2:172.21.15.88:3300/0 1 ==== mon_map magic: 0 v1 ==== 229+0+0 (secure 0 0 0) 0x7f74cc004180 con 0x7f74dc079cb0
2024-04-19T22:09:59.530 INFO:teuthology.orchestra.run.smithi088.stdout:/usr/bin/ceph: stderr
2024-04-19T22:09:58.654+0000 7f74d9ffb700 1 -- 172.21.15.88:0/2914864646 <== mon.0 v2:172.21.15.88:3300/0 2 ==== config(27 keys) v1 ==== 1101+0+0 (secure 0 0 0) 0x7f74cc0042e0 con 0x7f74dc079cb0
2024-04-19T22:09:59.530 INFO:teuthology.orchestra.run.smithi088.stdout:/usr/bin/ceph: stderr
2024-04-19T22:09:58.654+0000 7f74d9ffb700 1 -- 172.21.15.88:0/2914864646 <== mon.0 v2:172.21.15.88:3300/0 3 ==== mon_map magic: 0 v1 ==== 229+0+0 (secure 0 0 0) 0x7f74cc011af0 con 0x7f74dc079cb0
2024-04-19T22:09:59.530 INFO:teuthology.orchestra.run.smithi088.stdout:/usr/bin/ceph: stderr
2024-04-19T22:09:58.655+0000 7f74e13ed700 1 -- 172.21.15.88:0/2914864646 >> [v2:172.21.15.88:3300/0,v1:172.21.15.88:6789/0] conn(0x7f74dc079cb0 msgr2=0x7f74dc1086d0 secure :-1 s=STATE_CONNECTION_ESTABLISHED l=1).mark_down
2024-04-19T22:09:59.530 INFO:teuthology.orchestra.run.smithi088.stdout:/usr/bin/ceph: stderr
2024-04-19T22:09:58.655+0000 7f74e13ed700 1 --2- 172.21.15.88:0/2914864646 >> [v2:172.21.15.88:3300/0,v1:172.21.15.88:6789/0] conn(0x7f74dc079cb0 0x7f74dc1086d0 secure :-1 s=READY pgs=69 cs=0 l=1 rev1=1 crypto rx=0x7f74cc0098a0 tx=0x7f74cc009bb0 comp rx=0 tx=0).stop
2024-04-19T22:09:59.530 INFO:teuthology.orchestra.run.smithi088.stdout:/usr/bin/ceph: stderr
2024-04-19T22:09:58.655+0000 7f74e13ed700 1 -- 172.21.15.88:0/2914864646 shutdown_connections
2024-04-19T22:09:59.530 INFO:teuthology.orchestra.run.smithi088.stdout:/usr/bin/ceph: stderr
2024-04-19T22:09:58.655+0000 7f74e13ed700 1 --2- 172.21.15.88:0/2914864646 >> [v2:172.21.15.88:3300/0,v1:172.21.15.88:6789/0] conn(0x7f74dc079cb0 0x7f74dc1086d0 unknown :-1 s=CLOSED pgs=69 cs=0 l=1 rev1=1 crypto rx=0 tx=0 comp rx=0 tx=0).stop
2024-04-19T22:09:59.531 INFO:teuthology.orchestra.run.smithi088.stdout:/usr/bin/ceph: stderr
2024-04-19T22:09:58.655+0000 7f74e13ed700 1 -- 172.21.15.88:0/2914864646 >> 172.21.15.88:0/2914864646 conn(0x7f74dc100080 msgr2=0x7f74dc102490 unknown :-1 s=STATE_NONE l=0).mark_down
2024-04-19T22:09:59.531 INFO:teuthology.orchestra.run.smithi088.stdout:/usr/bin/ceph: stderr
2024-04-19T22:09:58.655+0000 7f74e13ed700 1 -- 172.21.15.88:0/2914864646 shutdown_connections
2024-04-19T22:09:59.531 INFO:teuthology.orchestra.run.smithi088.stdout:/usr/bin/ceph: stderr
2024-04-19T22:09:58.655+0000 7f74e13ed700 1 -- 172.21.15.88:0/2914864646 wait complete.
2024-04-19T22:09:59.531 INFO:teuthology.orchestra.run.smithi088.stdout:/usr/bin/ceph: stderr
2024-04-19T22:09:58.656+0000 7f74e13ed700 1 Processor -- start
2024-04-19T22:09:59.531 INFO:teuthology.orchestra.run.smithi088.stdout:/usr/bin/ceph: stderr
2024-04-19T22:09:58.656+0000 7f74e13ed700 1 -- start start
2024-04-19T22:09:59.531 INFO:teuthology.orchestra.run.smithi088.stdout:/usr/bin/ceph: stderr
2024-04-19T22:09:58.656+0000 7f74e13ed700 1 --2- >> [v2:172.21.15.88:3300/0,v1:172.21.15.88:6789/0] conn(0x7f74dc079cb0 0x7f74dc106020 unknown :-1 s=NONE pgs=0 cs=0 l=1 rev1=0 crypto rx=0 tx=0 comp rx=0 tx=0).connect
2024-04-19T22:09:59.531 INFO:teuthology.orchestra.run.smithi088.stdout:/usr/bin/ceph: stderr
2024-04-19T22:09:58.656+0000 7f74e13ed700 1 -- --> [v2:172.21.15.88:3300/0,v1:172.21.15.88:6789/0] -- mon_getmap magic: 0 v1 -- 0x7f74dc106560 con 0x7f74dc079cb0
2024-04-19T22:09:59.531 INFO:teuthology.orchestra.run.smithi088.stdout:/usr/bin/ceph: stderr
2024-04-19T22:09:58.656+0000 7f74daffd700 1 --2- >> [v2:172.21.15.88:3300/0,v1:172.21.15.88:6789/0] conn(0x7f74dc079cb0 0x7f74dc106020 unknown :-1 s=BANNER_CONNECTING pgs=0 cs=0 l=1 rev1=0 crypto rx=0 tx=0 comp rx=0 tx=0)._handle_peer_banner_payload supported=3 required=0
2024-04-19T22:09:59.531 INFO:teuthology.orchestra.run.smithi088.stdout:/usr/bin/ceph: stderr
2024-04-19T22:09:58.656+0000 7f74daffd700 1 --2- >> [v2:172.21.15.88:3300/0,v1:172.21.15.88:6789/0] conn(0x7f74dc079cb0 0x7f74dc106020 unknown :-1 s=HELLO_CONNECTING pgs=0 cs=0 l=1 rev1=1 crypto rx=0 tx=0 comp rx=0 tx=0).handle_hello peer v2:172.21.15.88:3300/0 says I am v2:172.21.15.88:55736/0 (socket says 172.21.15.88:55736)
2024-04-19T22:09:59.531 INFO:teuthology.orchestra.run.smithi088.stdout:/usr/bin/ceph: stderr
2024-04-19T22:09:58.656+0000 7f74daffd700 1 -- 172.21.15.88:0/763526642 learned_addr learned my addr 172.21.15.88:0/763526642 (peer_addr_for_me v2:172.21.15.88:0/0)
2024-04-19T22:09:59.531 INFO:teuthology.orchestra.run.smithi088.stdout:/usr/bin/ceph: stderr
2024-04-19T22:09:58.656+0000 7f74daffd700 1 -- 172.21.15.88:0/763526642 --> [v2:172.21.15.88:3300/0,v1:172.21.15.88:6789/0] -- mon_subscribe({config=0+,monmap=0+}) v3 -- 0x7f74cc009550 con 0x7f74dc079cb0
2024-04-19T22:09:59.532 INFO:teuthology.orchestra.run.smithi088.stdout:/usr/bin/ceph: stderr
2024-04-19T22:09:58.657+0000 7f74daffd700 1 --2- 172.21.15.88:0/763526642 >> [v2:172.21.15.88:3300/0,v1:172.21.15.88:6789/0] conn(0x7f74dc079cb0 0x7f74dc106020 secure :-1 s=READY pgs=70 cs=0 l=1 rev1=1 crypto rx=0x7f74cc011aa0 tx=0x7f74cc011b80 comp rx=0 tx=0).ready entity=mon.0 client_cookie=0 server_cookie=0 in_seq=0 out_seq=0
2024-04-19T22:09:59.532 INFO:teuthology.orchestra.run.smithi088.stdout:/usr/bin/ceph: stderr
2024-04-19T22:09:58.657+0000 7f74c3fff700 1 -- 172.21.15.88:0/763526642 <== mon.0 v2:172.21.15.88:3300/0 1 ==== mon_map magic: 0 v1 ==== 229+0+0 (secure 0 0 0) 0x7f74cc0039f0 con 0x7f74dc079cb0
2024-04-19T22:09:59.532 INFO:teuthology.orchestra.run.smithi088.stdout:/usr/bin/ceph: stderr
2024-04-19T22:09:58.657+0000 7f74e13ed700 1 -- 172.21.15.88:0/763526642 --> [v2:172.21.15.88:3300/0,v1:172.21.15.88:6789/0] -- mon_subscribe({mgrmap=0+}) v3 -- 0x7f74dc104670 con 0x7f74dc079cb0
2024-04-19T22:09:59.532 INFO:teuthology.orchestra.run.smithi088.stdout:/usr/bin/ceph: stderr
2024-04-19T22:09:58.657+0000 7f74c3fff700 1 -- 172.21.15.88:0/763526642 <== mon.0 v2:172.21.15.88:3300/0 2 ==== config(27 keys) v1 ==== 1101+0+0 (secure 0 0 0) 0x7f74cc003b50 con 0x7f74dc079cb0
2024-04-19T22:09:59.532 INFO:teuthology.orchestra.run.smithi088.stdout:/usr/bin/ceph: stderr
2024-04-19T22:09:58.657+0000 7f74c3fff700 1 -- 172.21.15.88:0/763526642 <== mon.0 v2:172.21.15.88:3300/0 3 ==== mon_map magic: 0 v1 ==== 229+0+0 (secure 0 0 0) 0x7f74cc019850 con 0x7f74dc079cb0
2024-04-19T22:09:59.532 INFO:teuthology.orchestra.run.smithi088.stdout:/usr/bin/ceph: stderr
2024-04-19T22:09:58.657+0000 7f74e13ed700 1 -- 172.21.15.88:0/763526642 --> [v2:172.21.15.88:3300/0,v1:172.21.15.88:6789/0] -- mon_subscribe({osdmap=0}) v3 -- 0x7f74dc104a90 con 0x7f74dc079cb0
2024-04-19T22:09:59.532 INFO:teuthology.orchestra.run.smithi088.stdout:/usr/bin/ceph: stderr
2024-04-19T22:09:58.658+0000 7f74c3fff700 1 -- 172.21.15.88:0/763526642 <== mon.0 v2:172.21.15.88:3300/0 4 ==== mgrmap(e 9) v1 ==== 45097+0+0 (secure 0 0 0) 0x7f74cc0199b0 con 0x7f74dc079cb0
2024-04-19T22:09:59.532 INFO:teuthology.orchestra.run.smithi088.stdout:/usr/bin/ceph: stderr
2024-04-19T22:09:58.658+0000 7f74e13ed700 1 -- 172.21.15.88:0/763526642 --> [v2:172.21.15.88:3300/0,v1:172.21.15.88:6789/0] -- mon_command({"prefix": "get_command_descriptions"} v 0) v1 -- 0x7f74dc109c00 con 0x7f74dc079cb0
2024-04-19T22:09:59.532 INFO:teuthology.orchestra.run.smithi088.stdout:/usr/bin/ceph: stderr
2024-04-19T22:09:58.658+0000 7f74c3fff700 1 --2- 172.21.15.88:0/763526642 >> [v2:172.21.15.88:6800/35308071,v1:172.21.15.88:6801/35308071] conn(0x7f74c4038450 0x7f74c403a900 unknown :-1 s=NONE pgs=0 cs=0 l=1 rev1=0 crypto rx=0 tx=0 comp rx=0 tx=0).connect
2024-04-19T22:09:59.532 INFO:teuthology.orchestra.run.smithi088.stdout:/usr/bin/ceph: stderr
2024-04-19T22:09:58.658+0000 7f74c3fff700 1 -- 172.21.15.88:0/763526642 <== mon.0 v2:172.21.15.88:3300/0 5 ==== osd_map(2..2 src has 1..2) v4 ==== 940+0+0 (secure 0 0 0) 0x7f74cc04c5c0 con 0x7f74dc079cb0
2024-04-19T22:09:59.532 INFO:teuthology.orchestra.run.smithi088.stdout:/usr/bin/ceph: stderr
2024-04-19T22:09:58.658+0000 7f74da7fc700 1 -- 172.21.15.88:0/763526642 >> [v2:172.21.15.88:6800/35308071,v1:172.21.15.88:6801/35308071] conn(0x7f74c4038450 msgr2=0x7f74c403a900 unknown :-1 s=STATE_CONNECTING_RE l=1).process reconnect failed to v2:172.21.15.88:6800/35308071
2024-04-19T22:09:59.532 INFO:teuthology.orchestra.run.smithi088.stdout:/usr/bin/ceph: stderr
2024-04-19T22:09:58.658+0000 7f74da7fc700 1 --2- 172.21.15.88:0/763526642 >> [v2:172.21.15.88:6800/35308071,v1:172.21.15.88:6801/35308071] conn(0x7f74c4038450 0x7f74c403a900 unknown :-1 s=START_CONNECT pgs=0 cs=0 l=1 rev1=0 crypto rx=0 tx=0 comp rx=0 tx=0)._fault waiting 0.200000
2024-04-19T22:09:59.532 INFO:teuthology.orchestra.run.smithi088.stdout:/usr/bin/ceph: stderr
2024-04-19T22:09:58.663+0000 7f74c3fff700 1 -- 172.21.15.88:0/763526642 <== mon.0 v2:172.21.15.88:3300/0 6 ==== mon_command_ack([{"prefix": "get_command_descriptions"}]=0 v0) v1 ==== 72+0+177933 (secure 0 0 0) 0x7f74cc010380 con 0x7f74dc079cb0
2024-04-19T22:09:59.533 INFO:teuthology.orchestra.run.smithi088.stdout:/usr/bin/ceph: stderr
2024-04-19T22:09:58.859+0000 7f74da7fc700 1 -- 172.21.15.88:0/763526642 >> [v2:172.21.15.88:6800/35308071,v1:172.21.15.88:6801/35308071] conn(0x7f74c4038450 msgr2=0x7f74c403a900 unknown :-1 s=STATE_CONNECTING_RE l=1).process reconnect failed to v2:172.21.15.88:6800/35308071
2024-04-19T22:09:59.533 INFO:teuthology.orchestra.run.smithi088.stdout:/usr/bin/ceph: stderr
2024-04-19T22:09:58.859+0000 7f74da7fc700 1 --2- 172.21.15.88:0/763526642 >> [v2:172.21.15.88:6800/35308071,v1:172.21.15.88:6801/35308071] conn(0x7f74c4038450 0x7f74c403a900 unknown :-1 s=START_CONNECT pgs=0 cs=0 l=1 rev1=0 crypto rx=0 tx=0 comp rx=0 tx=0)._fault waiting 0.400000
2024-04-19T22:09:59.533 INFO:teuthology.orchestra.run.smithi088.stdout:/usr/bin/ceph: stderr
2024-04-19T22:09:58.951+0000 7f74e13ed700 1 -- 172.21.15.88:0/763526642 --> [v2:172.21.15.88:3300/0,v1:172.21.15.88:6789/0] -- mon_command({"prefix": "mgr stat"} v 0) v1 -- 0x7f74dc105550 con 0x7f74dc079cb0
2024-04-19T22:09:59.533 INFO:teuthology.orchestra.run.smithi088.stdout:/usr/bin/ceph: stderr
2024-04-19T22:09:58.952+0000 7f74c3fff700 1 -- 172.21.15.88:0/763526642 <== mon.0 v2:172.21.15.88:3300/0 7 ==== mon_command_ack([{"prefix": "mgr stat"}]=0 v9) v1 ==== 56+0+103 (secure 0 0 0) 0x7f74cc022ac0 con 0x7f74dc079cb0
2024-04-19T22:09:59.533 INFO:teuthology.orchestra.run.smithi088.stdout:/usr/bin/ceph: stderr
2024-04-19T22:09:58.953+0000 7f74e13ed700 1 -- 172.21.15.88:0/763526642 >> [v2:172.21.15.88:6800/35308071,v1:172.21.15.88:6801/35308071] conn(0x7f74c4038450 msgr2=0x7f74c403a900 unknown :-1 s=STATE_CONNECTING l=1).mark_down
2024-04-19T22:09:59.533 INFO:teuthology.orchestra.run.smithi088.stdout:/usr/bin/ceph: stderr
2024-04-19T22:09:58.953+0000 7f74e13ed700 1 --2- 172.21.15.88:0/763526642 >> [v2:172.21.15.88:6800/35308071,v1:172.21.15.88:6801/35308071] conn(0x7f74c4038450 0x7f74c403a900 unknown :-1 s=START_CONNECT pgs=0 cs=0 l=1 rev1=0 crypto rx=0 tx=0 comp rx=0 tx=0).stop
2024-04-19T22:09:59.533 INFO:teuthology.orchestra.run.smithi088.stdout:/usr/bin/ceph: stderr
2024-04-19T22:09:58.953+0000 7f74e13ed700 1 -- 172.21.15.88:0/763526642 >> [v2:172.21.15.88:3300/0,v1:172.21.15.88:6789/0] conn(0x7f74dc079cb0 msgr2=0x7f74dc106020 secure :-1 s=STATE_CONNECTION_ESTABLISHED l=1).mark_down
2024-04-19T22:09:59.533 INFO:teuthology.orchestra.run.smithi088.stdout:/usr/bin/ceph: stderr
2024-04-19T22:09:58.953+0000 7f74e13ed700 1 --2- 172.21.15.88:0/763526642 >> [v2:172.21.15.88:3300/0,v1:172.21.15.88:6789/0] conn(0x7f74dc079cb0 0x7f74dc106020 secure :-1 s=READY pgs=70 cs=0 l=1 rev1=1 crypto rx=0x7f74cc011aa0 tx=0x7f74cc011b80 comp rx=0 tx=0).stop
2024-04-19T22:09:59.533 INFO:teuthology.orchestra.run.smithi088.stdout:/usr/bin/ceph: stderr
2024-04-19T22:09:58.954+0000 7f74e13ed700 1 -- 172.21.15.88:0/763526642 shutdown_connections
2024-04-19T22:09:59.533 INFO:teuthology.orchestra.run.smithi088.stdout:/usr/bin/ceph: stderr
