2024-04-19T22:09:15.424 INFO:journalctl@ceph.mon.smithi088.smithi088.stdout:Apr 19 22:09:15 smithi088 ceph-mon[17215]: from='mgr.14100 172.21.15.88:0/1430652188' entity='mgr.smithi088.hrejmt'
2024-04-19T22:09:15.424 INFO:journalctl@ceph.mon.smithi088.smithi088.stdout:Apr 19 22:09:15 smithi088 ceph-mon[17215]: from='mgr.14100 172.21.15.88:0/1430652188' entity='mgr.smithi088.hrejmt'
2024-04-19T22:09:16.673 INFO:journalctl@ceph.mon.smithi088.smithi088.stdout:Apr 19 22:09:16 smithi088 ceph-mon[17215]: mgrmap e3: smithi088.hrejmt(active, since 1.00701s)
2024-04-19T22:09:18.173 INFO:journalctl@ceph.mon.smithi088.smithi088.stdout:Apr 19 22:09:17 smithi088 ceph-mon[17215]: mgrmap e4: smithi088.hrejmt(active, since 2s)
2024-04-19T22:09:19.809 INFO:teuthology.orchestra.run.smithi088.stdout:/usr/bin/ceph: stdout
2024-04-19T22:09:19.809 INFO:teuthology.orchestra.run.smithi088.stdout:/usr/bin/ceph: stdout {
2024-04-19T22:09:19.809 INFO:teuthology.orchestra.run.smithi088.stdout:/usr/bin/ceph: stdout "fsid": "522229de-fe99-11ee-bc92-c7b262605968",
2024-04-19T22:09:19.809 INFO:teuthology.orchestra.run.smithi088.stdout:/usr/bin/ceph: stdout "health": {
2024-04-19T22:09:19.809 INFO:teuthology.orchestra.run.smithi088.stdout:/usr/bin/ceph: stdout "status": "HEALTH_OK",
2024-04-19T22:09:19.809 INFO:teuthology.orchestra.run.smithi088.stdout:/usr/bin/ceph: stdout "checks": {},
2024-04-19T22:09:19.809 INFO:teuthology.orchestra.run.smithi088.stdout:/usr/bin/ceph: stdout "mutes": []
2024-04-19T22:09:19.809 INFO:teuthology.orchestra.run.smithi088.stdout:/usr/bin/ceph: stdout },
2024-04-19T22:09:19.809 INFO:teuthology.orchestra.run.smithi088.stdout:/usr/bin/ceph: stdout "election_epoch": 5,
2024-04-19T22:09:19.809 INFO:teuthology.orchestra.run.smithi088.stdout:/usr/bin/ceph: stdout "quorum": [
2024-04-19T22:09:19.810 INFO:teuthology.orchestra.run.smithi088.stdout:/usr/bin/ceph: stdout 0
2024-04-19T22:09:19.810 INFO:teuthology.orchestra.run.smithi088.stdout:/usr/bin/ceph: stdout ],
2024-04-19T22:09:19.810 INFO:teuthology.orchestra.run.smithi088.stdout:/usr/bin/ceph: stdout "quorum_names": [
2024-04-19T22:09:19.810 INFO:teuthology.orchestra.run.smithi088.stdout:/usr/bin/ceph: stdout "smithi088"
2024-04-19T22:09:19.810 INFO:teuthology.orchestra.run.smithi088.stdout:/usr/bin/ceph: stdout ],
2024-04-19T22:09:19.810 INFO:teuthology.orchestra.run.smithi088.stdout:/usr/bin/ceph: stdout "quorum_age": 8,
2024-04-19T22:09:19.810 INFO:teuthology.orchestra.run.smithi088.stdout:/usr/bin/ceph: stdout "monmap": {
2024-04-19T22:09:19.810 INFO:teuthology.orchestra.run.smithi088.stdout:/usr/bin/ceph: stdout "epoch": 1,
2024-04-19T22:09:19.810 INFO:teuthology.orchestra.run.smithi088.stdout:/usr/bin/ceph: stdout "min_mon_release_name": "reef",
2024-04-19T22:09:19.810 INFO:teuthology.orchestra.run.smithi088.stdout:/usr/bin/ceph: stdout "num_mons": 1
2024-04-19T22:09:19.810 INFO:teuthology.orchestra.run.smithi088.stdout:/usr/bin/ceph: stdout },
2024-04-19T22:09:19.810 INFO:teuthology.orchestra.run.smithi088.stdout:/usr/bin/ceph: stdout "osdmap": {
2024-04-19T22:09:19.810 INFO:teuthology.orchestra.run.smithi088.stdout:/usr/bin/ceph: stdout "epoch": 1,
2024-04-19T22:09:19.810 INFO:teuthology.orchestra.run.smithi088.stdout:/usr/bin/ceph: stdout "num_osds": 0,
2024-04-19T22:09:19.811 INFO:teuthology.orchestra.run.smithi088.stdout:/usr/bin/ceph: stdout "num_up_osds": 0,
2024-04-19T22:09:19.811 INFO:teuthology.orchestra.run.smithi088.stdout:/usr/bin/ceph: stdout "osd_up_since": 0,
2024-04-19T22:09:19.818 INFO:teuthology.orchestra.run.smithi088.stdout:/usr/bin/ceph: stdout "num_in_osds": 0,
2024-04-19T22:09:19.819 INFO:teuthology.orchestra.run.smithi088.stdout:/usr/bin/ceph: stdout "osd_in_since": 0,
2024-04-19T22:09:19.819 INFO:teuthology.orchestra.run.smithi088.stdout:/usr/bin/ceph: stdout "num_remapped_pgs": 0
2024-04-19T22:09:19.819 INFO:teuthology.orchestra.run.smithi088.stdout:/usr/bin/ceph: stdout },
2024-04-19T22:09:19.819 INFO:teuthology.orchestra.run.smithi088.stdout:/usr/bin/ceph: stdout "pgmap": {
2024-04-19T22:09:19.819 INFO:teuthology.orchestra.run.smithi088.stdout:/usr/bin/ceph: stdout "pgs_by_state": [],
2024-04-19T22:09:19.819 INFO:teuthology.orchestra.run.smithi088.stdout:/usr/bin/ceph: stdout "num_pgs": 0,
2024-04-19T22:09:19.819 INFO:teuthology.orchestra.run.smithi088.stdout:/usr/bin/ceph: stdout "num_pools": 0,
2024-04-19T22:09:19.819 INFO:teuthology.orchestra.run.smithi088.stdout:/usr/bin/ceph: stdout "num_objects": 0,
2024-04-19T22:09:19.819 INFO:teuthology.orchestra.run.smithi088.stdout:/usr/bin/ceph: stdout "data_bytes": 0,
2024-04-19T22:09:19.819 INFO:teuthology.orchestra.run.smithi088.stdout:/usr/bin/ceph: stdout "bytes_used": 0,
2024-04-19T22:09:19.819 INFO:teuthology.orchestra.run.smithi088.stdout:/usr/bin/ceph: stdout "bytes_avail": 0,
2024-04-19T22:09:19.819 INFO:teuthology.orchestra.run.smithi088.stdout:/usr/bin/ceph: stdout "bytes_total": 0
2024-04-19T22:09:19.819 INFO:teuthology.orchestra.run.smithi088.stdout:/usr/bin/ceph: stdout },
2024-04-19T22:09:19.819 INFO:teuthology.orchestra.run.smithi088.stdout:/usr/bin/ceph: stdout "fsmap": {
2024-04-19T22:09:19.820 INFO:teuthology.orchestra.run.smithi088.stdout:/usr/bin/ceph: stdout "epoch": 1,
2024-04-19T22:09:19.820 INFO:teuthology.orchestra.run.smithi088.stdout:/usr/bin/ceph: stdout "by_rank": [],
2024-04-19T22:09:19.820 INFO:teuthology.orchestra.run.smithi088.stdout:/usr/bin/ceph: stdout "up:standby": 0
2024-04-19T22:09:19.820 INFO:teuthology.orchestra.run.smithi088.stdout:/usr/bin/ceph: stdout },
2024-04-19T22:09:19.820 INFO:teuthology.orchestra.run.smithi088.stdout:/usr/bin/ceph: stdout "mgrmap": {
2024-04-19T22:09:19.820 INFO:teuthology.orchestra.run.smithi088.stdout:/usr/bin/ceph: stdout "available": false,
2024-04-19T22:09:19.820 INFO:teuthology.orchestra.run.smithi088.stdout:/usr/bin/ceph: stdout "num_standbys": 0,
2024-04-19T22:09:19.820 INFO:teuthology.orchestra.run.smithi088.stdout:/usr/bin/ceph: stdout "modules": [
2024-04-19T22:09:19.820 INFO:teuthology.orchestra.run.smithi088.stdout:/usr/bin/ceph: stdout "iostat",
2024-04-19T22:09:19.820 INFO:teuthology.orchestra.run.smithi088.stdout:/usr/bin/ceph: stdout "nfs",
2024-04-19T22:09:19.820 INFO:teuthology.orchestra.run.smithi088.stdout:/usr/bin/ceph: stdout "restful"
2024-04-19T22:09:19.820 INFO:teuthology.orchestra.run.smithi088.stdout:/usr/bin/ceph: stdout ],
2024-04-19T22:09:19.820 INFO:teuthology.orchestra.run.smithi088.stdout:/usr/bin/ceph: stdout "services": {}
2024-04-19T22:09:19.820 INFO:teuthology.orchestra.run.smithi088.stdout:/usr/bin/ceph: stdout },
2024-04-19T22:09:19.820 INFO:teuthology.orchestra.run.smithi088.stdout:/usr/bin/ceph: stdout "servicemap": {
2024-04-19T22:09:19.821 INFO:teuthology.orchestra.run.smithi088.stdout:/usr/bin/ceph: stdout "epoch": 1,
2024-04-19T22:09:19.821 INFO:teuthology.orchestra.run.smithi088.stdout:/usr/bin/ceph: stdout "modified": "2024-04-19T22:09:00.993706+0000",
2024-04-19T22:09:19.821 INFO:teuthology.orchestra.run.smithi088.stdout:/usr/bin/ceph: stdout "services": {}
2024-04-19T22:09:19.821 INFO:teuthology.orchestra.run.smithi088.stdout:/usr/bin/ceph: stdout },
2024-04-19T22:09:19.821 INFO:teuthology.orchestra.run.smithi088.stdout:/usr/bin/ceph: stdout "progress_events": {}
2024-04-19T22:09:19.821 INFO:teuthology.orchestra.run.smithi088.stdout:/usr/bin/ceph: stdout }
2024-04-19T22:09:19.821 INFO:teuthology.orchestra.run.smithi088.stdout:/usr/bin/ceph: stderr
2024-04-19T22:09:14.193+0000 7f57ad930700 1 Processor -- start
2024-04-19T22:09:19.821 INFO:teuthology.orchestra.run.smithi088.stdout:/usr/bin/ceph: stderr
2024-04-19T22:09:14.194+0000 7f57ad930700 1 -- start start
2024-04-19T22:09:19.821 INFO:teuthology.orchestra.run.smithi088.stdout:/usr/bin/ceph: stderr
2024-04-19T22:09:14.194+0000 7f57ad930700 1 --2- >> [v2:172.21.15.88:3300/0,v1:172.21.15.88:6789/0] conn(0x7f57a8079cb0 0x7f57a81086d0 unknown :-1 s=NONE pgs=0 cs=0 l=0 rev1=0 crypto rx=0 tx=0 comp rx=0 tx=0).connect
2024-04-19T22:09:19.821 INFO:teuthology.orchestra.run.smithi088.stdout:/usr/bin/ceph: stderr
2024-04-19T22:09:14.194+0000 7f57ad930700 1 -- --> [v2:172.21.15.88:3300/0,v1:172.21.15.88:6789/0] -- mon_getmap magic: 0 v1 -- 0x7f57a8108c10 con 0x7f57a8079cb0
2024-04-19T22:09:19.821 INFO:teuthology.orchestra.run.smithi088.stdout:/usr/bin/ceph: stderr
2024-04-19T22:09:14.194+0000 7f57a6ffd700 1 --2- >> [v2:172.21.15.88:3300/0,v1:172.21.15.88:6789/0] conn(0x7f57a8079cb0 0x7f57a81086d0 unknown :-1 s=BANNER_CONNECTING pgs=0 cs=0 l=0 rev1=0 crypto rx=0 tx=0 comp rx=0 tx=0)._handle_peer_banner_payload supported=3 required=0
2024-04-19T22:09:19.821 INFO:teuthology.orchestra.run.smithi088.stdout:/usr/bin/ceph: stderr
2024-04-19T22:09:14.194+0000 7f57a6ffd700 1 --2- >> [v2:172.21.15.88:3300/0,v1:172.21.15.88:6789/0] conn(0x7f57a8079cb0 0x7f57a81086d0 unknown :-1 s=HELLO_CONNECTING pgs=0 cs=0 l=0 rev1=1 crypto rx=0 tx=0 comp rx=0 tx=0).handle_hello peer v2:172.21.15.88:3300/0 says I am v2:172.21.15.88:56064/0 (socket says 172.21.15.88:56064)
2024-04-19T22:09:19.821 INFO:teuthology.orchestra.run.smithi088.stdout:/usr/bin/ceph: stderr
2024-04-19T22:09:14.194+0000 7f57a6ffd700 1 -- 172.21.15.88:0/1053781393 learned_addr learned my addr 172.21.15.88:0/1053781393 (peer_addr_for_me v2:172.21.15.88:0/0)
2024-04-19T22:09:19.822 INFO:teuthology.orchestra.run.smithi088.stdout:/usr/bin/ceph: stderr
2024-04-19T22:09:14.194+0000 7f57a6ffd700 1 -- 172.21.15.88:0/1053781393 --> [v2:172.21.15.88:3300/0,v1:172.21.15.88:6789/0] -- mon_subscribe({config=0+,monmap=0+}) v3 -- 0x7f57a8108d50 con 0x7f57a8079cb0
2024-04-19T22:09:19.822 INFO:teuthology.orchestra.run.smithi088.stdout:/usr/bin/ceph: stderr
2024-04-19T22:09:14.194+0000 7f57a6ffd700 1 --2- 172.21.15.88:0/1053781393 >> [v2:172.21.15.88:3300/0,v1:172.21.15.88:6789/0] conn(0x7f57a8079cb0 0x7f57a81086d0 secure :-1 s=READY pgs=7 cs=0 l=1 rev1=1 crypto rx=0x7f579c0098a0 tx=0x7f579c009bb0 comp rx=0 tx=0).ready entity=mon.0 client_cookie=8bbf050324ca56c1 server_cookie=0 in_seq=0 out_seq=0
2024-04-19T22:09:19.822 INFO:teuthology.orchestra.run.smithi088.stdout:/usr/bin/ceph: stderr
2024-04-19T22:09:14.194+0000 7f57a5ffb700 1 -- 172.21.15.88:0/1053781393 <== mon.0 v2:172.21.15.88:3300/0 1 ==== mon_map magic: 0 v1 ==== 229+0+0 (secure 0 0 0) 0x7f579c004180 con 0x7f57a8079cb0
2024-04-19T22:09:19.822 INFO:teuthology.orchestra.run.smithi088.stdout:/usr/bin/ceph: stderr
2024-04-19T22:09:14.195+0000 7f57a5ffb700 1 -- 172.21.15.88:0/1053781393 <== mon.0 v2:172.21.15.88:3300/0 2 ==== config(27 keys) v1 ==== 1037+0+0 (secure 0 0 0) 0x7f579c0042e0 con 0x7f57a8079cb0
2024-04-19T22:09:19.822 INFO:teuthology.orchestra.run.smithi088.stdout:/usr/bin/ceph: stderr
2024-04-19T22:09:14.195+0000 7f57a5ffb700 1 -- 172.21.15.88:0/1053781393 <== mon.0 v2:172.21.15.88:3300/0 3 ==== mon_map magic: 0 v1 ==== 229+0+0 (secure 0 0 0) 0x7f579c011a50 con 0x7f57a8079cb0
2024-04-19T22:09:19.822 INFO:teuthology.orchestra.run.smithi088.stdout:/usr/bin/ceph: stderr
2024-04-19T22:09:14.195+0000 7f57ad930700 1 -- 172.21.15.88:0/1053781393 >> [v2:172.21.15.88:3300/0,v1:172.21.15.88:6789/0] conn(0x7f57a8079cb0 msgr2=0x7f57a81086d0 secure :-1 s=STATE_CONNECTION_ESTABLISHED l=1).mark_down
2024-04-19T22:09:19.822 INFO:teuthology.orchestra.run.smithi088.stdout:/usr/bin/ceph: stderr
2024-04-19T22:09:14.195+0000 7f57ad930700 1 --2- 172.21.15.88:0/1053781393 >> [v2:172.21.15.88:3300/0,v1:172.21.15.88:6789/0] conn(0x7f57a8079cb0 0x7f57a81086d0 secure :-1 s=READY pgs=7 cs=0 l=1 rev1=1 crypto rx=0x7f579c0098a0 tx=0x7f579c009bb0 comp rx=0 tx=0).stop
2024-04-19T22:09:19.822 INFO:teuthology.orchestra.run.smithi088.stdout:/usr/bin/ceph: stderr
2024-04-19T22:09:14.195+0000 7f57ad930700 1 -- 172.21.15.88:0/1053781393 shutdown_connections
2024-04-19T22:09:19.822 INFO:teuthology.orchestra.run.smithi088.stdout:/usr/bin/ceph: stderr
2024-04-19T22:09:14.195+0000 7f57ad930700 1 --2- 172.21.15.88:0/1053781393 >> [v2:172.21.15.88:3300/0,v1:172.21.15.88:6789/0] conn(0x7f57a8079cb0 0x7f57a81086d0 unknown :-1 s=CLOSED pgs=7 cs=0 l=1 rev1=1 crypto rx=0 tx=0 comp rx=0 tx=0).stop
2024-04-19T22:09:19.822 INFO:teuthology.orchestra.run.smithi088.stdout:/usr/bin/ceph: stderr
2024-04-19T22:09:14.195+0000 7f57ad930700 1 -- 172.21.15.88:0/1053781393 >> 172.21.15.88:0/1053781393 conn(0x7f57a8100080 msgr2=0x7f57a8102490 unknown :-1 s=STATE_NONE l=0).mark_down
2024-04-19T22:09:19.822 INFO:teuthology.orchestra.run.smithi088.stdout:/usr/bin/ceph: stderr
2024-04-19T22:09:14.195+0000 7f57ad930700 1 -- 172.21.15.88:0/1053781393 shutdown_connections
2024-04-19T22:09:19.822 INFO:teuthology.orchestra.run.smithi088.stdout:/usr/bin/ceph: stderr
2024-04-19T22:09:14.195+0000 7f57ad930700 1 -- 172.21.15.88:0/1053781393 wait complete.
2024-04-19T22:09:19.822 INFO:teuthology.orchestra.run.smithi088.stdout:/usr/bin/ceph: stderr
2024-04-19T22:09:14.196+0000 7f57ad930700 1 Processor -- start
2024-04-19T22:09:19.822 INFO:teuthology.orchestra.run.smithi088.stdout:/usr/bin/ceph: stderr
2024-04-19T22:09:14.196+0000 7f57ad930700 1 -- start start
2024-04-19T22:09:19.823 INFO:teuthology.orchestra.run.smithi088.stdout:/usr/bin/ceph: stderr
2024-04-19T22:09:14.196+0000 7f57ad930700 1 --2- >> [v2:172.21.15.88:3300/0,v1:172.21.15.88:6789/0] conn(0x7f57a8079cb0 0x7f57a8199880 unknown :-1 s=NONE pgs=0 cs=0 l=1 rev1=0 crypto rx=0 tx=0 comp rx=0 tx=0).connect
2024-04-19T22:09:19.823 INFO:teuthology.orchestra.run.smithi088.stdout:/usr/bin/ceph: stderr
2024-04-19T22:09:14.196+0000 7f57ad930700 1 -- --> [v2:172.21.15.88:3300/0,v1:172.21.15.88:6789/0] -- mon_getmap magic: 0 v1 -- 0x7f57a8199dc0 con 0x7f57a8079cb0
2024-04-19T22:09:19.823 INFO:teuthology.orchestra.run.smithi088.stdout:/usr/bin/ceph: stderr
2024-04-19T22:09:14.196+0000 7f57a6ffd700 1 --2- >> [v2:172.21.15.88:3300/0,v1:172.21.15.88:6789/0] conn(0x7f57a8079cb0 0x7f57a8199880 unknown :-1 s=BANNER_CONNECTING pgs=0 cs=0 l=1 rev1=0 crypto rx=0 tx=0 comp rx=0 tx=0)._handle_peer_banner_payload supported=3 required=0
2024-04-19T22:09:19.823 INFO:teuthology.orchestra.run.smithi088.stdout:/usr/bin/ceph: stderr
2024-04-19T22:09:14.196+0000 7f57a6ffd700 1 --2- >> [v2:172.21.15.88:3300/0,v1:172.21.15.88:6789/0] conn(0x7f57a8079cb0 0x7f57a8199880 unknown :-1 s=HELLO_CONNECTING pgs=0 cs=0 l=1 rev1=1 crypto rx=0 tx=0 comp rx=0 tx=0).handle_hello peer v2:172.21.15.88:3300/0 says I am v2:172.21.15.88:56080/0 (socket says 172.21.15.88:56080)
2024-04-19T22:09:19.823 INFO:teuthology.orchestra.run.smithi088.stdout:/usr/bin/ceph: stderr
2024-04-19T22:09:14.196+0000 7f57a6ffd700 1 -- 172.21.15.88:0/3703373757 learned_addr learned my addr 172.21.15.88:0/3703373757 (peer_addr_for_me v2:172.21.15.88:0/0)
2024-04-19T22:09:19.823 INFO:teuthology.orchestra.run.smithi088.stdout:/usr/bin/ceph: stderr
2024-04-19T22:09:14.197+0000 7f57a6ffd700 1 -- 172.21.15.88:0/3703373757 --> [v2:172.21.15.88:3300/0,v1:172.21.15.88:6789/0] -- mon_subscribe({config=0+,monmap=0+}) v3 -- 0x7f579c009550 con 0x7f57a8079cb0
2024-04-19T22:09:19.823 INFO:teuthology.orchestra.run.smithi088.stdout:/usr/bin/ceph: stderr
2024-04-19T22:09:14.197+0000 7f57a6ffd700 1 --2- 172.21.15.88:0/3703373757 >> [v2:172.21.15.88:3300/0,v1:172.21.15.88:6789/0] conn(0x7f57a8079cb0 0x7f57a8199880 secure :-1 s=READY pgs=8 cs=0 l=1 rev1=1 crypto rx=0x7f579c003de0 tx=0x7f579c011ab0 comp rx=0 tx=0).ready entity=mon.0 client_cookie=0 server_cookie=0 in_seq=0 out_seq=0
2024-04-19T22:09:19.823 INFO:teuthology.orchestra.run.smithi088.stdout:/usr/bin/ceph: stderr
2024-04-19T22:09:14.197+0000 7f57ac92e700 1 -- 172.21.15.88:0/3703373757 <== mon.0 v2:172.21.15.88:3300/0 1 ==== mon_map magic: 0 v1 ==== 229+0+0 (secure 0 0 0) 0x7f579c0039c0 con 0x7f57a8079cb0
2024-04-19T22:09:19.823 INFO:teuthology.orchestra.run.smithi088.stdout:/usr/bin/ceph: stderr
2024-04-19T22:09:14.197+0000 7f57ac92e700 1 -- 172.21.15.88:0/3703373757 <== mon.0 v2:172.21.15.88:3300/0 2 ==== config(27 keys) v1 ==== 1037+0+0 (secure 0 0 0) 0x7f579c003b20 con 0x7f57a8079cb0
2024-04-19T22:09:19.823 INFO:teuthology.orchestra.run.smithi088.stdout:/usr/bin/ceph: stderr
2024-04-19T22:09:14.197+0000 7f57ad930700 1 -- 172.21.15.88:0/3703373757 --> [v2:172.21.15.88:3300/0,v1:172.21.15.88:6789/0] -- mon_subscribe({mgrmap=0+}) v3 -- 0x7f57a8199fc0 con 0x7f57a8079cb0
2024-04-19T22:09:19.823 INFO:teuthology.orchestra.run.smithi088.stdout:/usr/bin/ceph: stderr
2024-04-19T22:09:14.197+0000 7f57ac92e700 1 -- 172.21.15.88:0/3703373757 <== mon.0 v2:172.21.15.88:3300/0 3 ==== mon_map magic: 0 v1 ==== 229+0+0 (secure 0 0 0) 0x7f579c019750 con 0x7f57a8079cb0
2024-04-19T22:09:19.823 INFO:teuthology.orchestra.run.smithi088.stdout:/usr/bin/ceph: stderr
2024-04-19T22:09:14.197+0000 7f57ad930700 1 -- 172.21.15.88:0/3703373757 --> [v2:172.21.15.88:3300/0,v1:172.21.15.88:6789/0] -- mon_subscribe({osdmap=0}) v3 -- 0x7f57a819a3e0 con 0x7f57a8079cb0
2024-04-19T22:09:19.823 INFO:teuthology.orchestra.run.smithi088.stdout:/usr/bin/ceph: stderr
2024-04-19T22:09:14.197+0000 7f57ac92e700 1 -- 172.21.15.88:0/3703373757 <== mon.0 v2:172.21.15.88:3300/0 4 ==== mgrmap(e 1) v1 ==== 660+0+0 (secure 0 0 0) 0x7f579c0199c0 con 0x7f57a8079cb0
2024-04-19T22:09:19.823 INFO:teuthology.orchestra.run.smithi088.stdout:/usr/bin/ceph: stderr
2024-04-19T22:09:14.197+0000 7f57ac92e700 1 -- 172.21.15.88:0/3703373757 <== mon.0 v2:172.21.15.88:3300/0 5 ==== osd_map(1..1 src has 1..1) v4 ==== 725+0+0 (secure 0 0 0) 0x7f579c025de0 con 0x7f57a8079cb0
2024-04-19T22:09:19.824 INFO:teuthology.orchestra.run.smithi088.stdout:/usr/bin/ceph: stderr
2024-04-19T22:09:14.198+0000 7f57ad930700 1 -- 172.21.15.88:0/3703373757 --> [v2:172.21.15.88:3300/0,v1:172.21.15.88:6789/0] -- mon_command({"prefix": "get_command_descriptions"} v 0) v1 -- 0x7f57a8062380 con 0x7f57a8079cb0
2024-04-19T22:09:19.824 INFO:teuthology.orchestra.run.smithi088.stdout:/usr/bin/ceph: stderr
2024-04-19T22:09:14.200+0000 7f57ac92e700 1 -- 172.21.15.88:0/3703373757 <== mon.0 v2:172.21.15.88:3300/0 6 ==== mon_command_ack([{"prefix": "get_command_descriptions"}]=0 v0) v1 ==== 72+0+72422 (secure 0 0 0) 0x7f579c02a060 con 0x7f57a8079cb0
2024-04-19T22:09:19.824 INFO:teuthology.orchestra.run.smithi088.stdout:/usr/bin/ceph: stderr
2024-04-19T22:09:14.272+0000 7f57ad930700 1 -- 172.21.15.88:0/3703373757 --> [v2:172.21.15.88:3300/0,v1:172.21.15.88:6789/0] -- mon_command({"prefix": "status", "format": "json-pretty"} v 0) v1 -- 0x7f57a819cf10 con 0x7f57a8079cb0
2024-04-19T22:09:19.824 INFO:teuthology.orchestra.run.smithi088.stdout:/usr/bin/ceph: stderr
2024-04-19T22:09:14.273+0000 7f57ac92e700 1 -- 172.21.15.88:0/3703373757 <== mon.0 v2:172.21.15.88:3300/0 7 ==== mon_command_ack([{"prefix": "status", "format": "json-pretty"}]=0 v0) v1 ==== 79+0+1246 (secure 0 0 0) 0x7f579c033090 con 0x7f57a8079cb0
2024-04-19T22:09:19.824 INFO:teuthology.orchestra.run.smithi088.stdout:/usr/bin/ceph: stderr
2024-04-19T22:09:14.274+0000 7f57ad930700 1 -- 172.21.15.88:0/3703373757 >> [v2:172.21.15.88:3300/0,v1:172.21.15.88:6789/0] conn(0x7f57a8079cb0 msgr2=0x7f57a8199880 secure :-1 s=STATE_CONNECTION_ESTABLISHED l=1).mark_down
2024-04-19T22:09:19.824 INFO:teuthology.orchestra.run.smithi088.stdout:/usr/bin/ceph: stderr
2024-04-19T22:09:14.274+0000 7f57ad930700 1 --2- 172.21.15.88:0/3703373757 >> [v2:172.21.15.88:3300/0,v1:172.21.15.88:6789/0] conn(0x7f57a8079cb0 0x7f57a8199880 secure :-1 s=READY pgs=8 cs=0 l=1 rev1=1 crypto rx=0x7f579c003de0 tx=0x7f579c011ab0 comp rx=0 tx=0).stop
2024-04-19T22:09:19.824 INFO:teuthology.orchestra.run.smithi088.stdout:/usr/bin/ceph: stderr
2024-04-19T22:09:14.274+0000 7f57ad930700 1 -- 172.21.15.88:0/3703373757 shutdown_connections
2024-04-19T22:09:19.824 INFO:teuthology.orchestra.run.smithi088.stdout:/usr/bin/ceph: stderr
2024-04-19T22:09:14.274+0000 7f57ad930700 1 --2- 172.21.15.88:0/3703373757 >> [v2:172.21.15.88:3300/0,v1:172.21.15.88:6789/0] conn(0x7f57a8079cb0 0x7f57a8199880 unknown :-1 s=CLOSED pgs=8 cs=0 l=1 rev1=1 crypto rx=0 tx=0 comp rx=0 tx=0).stop
2024-04-19T22:09:19.824 INFO:teuthology.orchestra.run.smithi088.stdout:/usr/bin/ceph: stderr
2024-04-19T22:09:14.274+0000 7f57ad930700 1 -- 172.21.15.88:0/3703373757 >> 172.21.15.88:0/3703373757 conn(0x7f57a8100080 msgr2=0x7f57a8101730 unknown :-1 s=STATE_NONE l=0).mark_down
2024-04-19T22:09:19.824 INFO:teuthology.orchestra.run.smithi088.stdout:/usr/bin/ceph: stderr
2024-04-19T22:09:14.274+0000 7f57ad930700 1 -- 172.21.15.88:0/3703373757 shutdown_connections
2024-04-19T22:09:19.824 INFO:teuthology.orchestra.run.smithi088.stdout:/usr/bin/ceph: stderr
2024-04-19T22:09:14.274+0000 7f57ad930700 1 -- 172.21.15.88:0/3703373757 wait complete.
2024-04-19T22:09:19.824 INFO:teuthology.orchestra.run.smithi088.stdout:mgr not available, waiting (2/15)...
2024-04-19T22:09:22.923 INFO:journalctl@ceph.mon.smithi088.smithi088.stdout:Apr 19 22:09:22 smithi088 ceph-mon[17215]: from='client.? 172.21.15.88:0/3550494843' entity='client.admin' cmd=[{"prefix": "status", "format": "json-pretty"}]: dispatch
2024-04-19T22:09:23.120 INFO:teuthology.orchestra.run.smithi088.stdout:/usr/bin/ceph: stdout
2024-04-19T22:09:23.135 INFO:teuthology.orchestra.run.smithi088.stdout:/usr/bin/ceph: stdout {
2024-04-19T22:09:23.135 INFO:teuthology.orchestra.run.smithi088.stdout:/usr/bin/ceph: stdout "fsid": "522229de-fe99-11ee-bc92-c7b262605968",
2024-04-19T22:09:23.135 INFO:teuthology.orchestra.run.smithi088.stdout:/usr/bin/ceph: stdout "health": {
2024-04-19T22:09:23.135 INFO:teuthology.orchestra.run.smithi088.stdout:/usr/bin/ceph: stdout "status": "HEALTH_OK",
2024-04-19T22:09:23.135 INFO:teuthology.orchestra.run.smithi088.stdout:/usr/bin/ceph: stdout "checks": {},
2024-04-19T22:09:23.135 INFO:teuthology.orchestra.run.smithi088.stdout:/usr/bin/ceph: stdout "mutes": []
2024-04-19T22:09:23.135 INFO:teuthology.orchestra.run.smithi088.stdout:/usr/bin/ceph: stdout },
2024-04-19T22:09:23.135 INFO:teuthology.orchestra.run.smithi088.stdout:/usr/bin/ceph: stdout "election_epoch": 5,
2024-04-19T22:09:23.135 INFO:teuthology.orchestra.run.smithi088.stdout:/usr/bin/ceph: stdout "quorum": [
2024-04-19T22:09:23.135 INFO:teuthology.orchestra.run.smithi088.stdout:/usr/bin/ceph: stdout 0
2024-04-19T22:09:23.135 INFO:teuthology.orchestra.run.smithi088.stdout:/usr/bin/ceph: stdout ],
2024-04-19T22:09:23.136 INFO:teuthology.orchestra.run.smithi088.stdout:/usr/bin/ceph: stdout "quorum_names": [
2024-04-19T22:09:23.136 INFO:teuthology.orchestra.run.smithi088.stdout:/usr/bin/ceph: stdout "smithi088"
2024-04-19T22:09:23.136 INFO:teuthology.orchestra.run.smithi088.stdout:/usr/bin/ceph: stdout ],
2024-04-19T22:09:23.136 INFO:teuthology.orchestra.run.smithi088.stdout:/usr/bin/ceph: stdout "quorum_age": 16,
2024-04-19T22:09:23.136 INFO:teuthology.orchestra.run.smithi088.stdout:/usr/bin/ceph: stdout "monmap": {
2024-04-19T22:09:23.136 INFO:teuthology.orchestra.run.smithi088.stdout:/usr/bin/ceph: stdout "epoch": 1,
2024-04-19T22:09:23.136 INFO:teuthology.orchestra.run.smithi088.stdout:/usr/bin/ceph: stdout "min_mon_release_name": "reef",
2024-04-19T22:09:23.136 INFO:teuthology.orchestra.run.smithi088.stdout:/usr/bin/ceph: stdout "num_mons": 1
2024-04-19T22:09:23.136 INFO:teuthology.orchestra.run.smithi088.stdout:/usr/bin/ceph: stdout },
2024-04-19T22:09:23.136 INFO:teuthology.orchestra.run.smithi088.stdout:/usr/bin/ceph: stdout "osdmap": {
2024-04-19T22:09:23.136 INFO:teuthology.orchestra.run.smithi088.stdout:/usr/bin/ceph: stdout "epoch": 1,
2024-04-19T22:09:23.136 INFO:teuthology.orchestra.run.smithi088.stdout:/usr/bin/ceph: stdout "num_osds": 0,
2024-04-19T22:09:23.136 INFO:teuthology.orchestra.run.smithi088.stdout:/usr/bin/ceph: stdout "num_up_osds": 0,
2024-04-19T22:09:23.136 INFO:teuthology.orchestra.run.smithi088.stdout:/usr/bin/ceph: stdout "osd_up_since": 0,
2024-04-19T22:09:23.136 INFO:teuthology.orchestra.run.smithi088.stdout:/usr/bin/ceph: stdout "num_in_osds": 0,
2024-04-19T22:09:23.137 INFO:teuthology.orchestra.run.smithi088.stdout:/usr/bin/ceph: stdout "osd_in_since": 0,
2024-04-19T22:09:23.137 INFO:teuthology.orchestra.run.smithi088.stdout:/usr/bin/ceph: stdout "num_remapped_pgs": 0
2024-04-19T22:09:23.137 INFO:teuthology.orchestra.run.smithi088.stdout:/usr/bin/ceph: stdout },
2024-04-19T22:09:23.137 INFO:teuthology.orchestra.run.smithi088.stdout:/usr/bin/ceph: stdout "pgmap": {
2024-04-19T22:09:23.137 INFO:teuthology.orchestra.run.smithi088.stdout:/usr/bin/ceph: stdout "pgs_by_state": [],
2024-04-19T22:09:23.137 INFO:teuthology.orchestra.run.smithi088.stdout:/usr/bin/ceph: stdout "num_pgs": 0,
2024-04-19T22:09:23.137 INFO:teuthology.orchestra.run.smithi088.stdout:/usr/bin/ceph: stdout "num_pools": 0,
2024-04-19T22:09:23.137 INFO:teuthology.orchestra.run.smithi088.stdout:/usr/bin/ceph: stdout "num_objects": 0,
2024-04-19T22:09:23.137 INFO:teuthology.orchestra.run.smithi088.stdout:/usr/bin/ceph: stdout "data_bytes": 0,
2024-04-19T22:09:23.137 INFO:teuthology.orchestra.run.smithi088.stdout:/usr/bin/ceph: stdout "bytes_used": 0,
2024-04-19T22:09:23.137 INFO:teuthology.orchestra.run.smithi088.stdout:/usr/bin/ceph: stdout "bytes_avail": 0,
2024-04-19T22:09:23.137 INFO:teuthology.orchestra.run.smithi088.stdout:/usr/bin/ceph: stdout "bytes_total": 0
2024-04-19T22:09:23.137 INFO:teuthology.orchestra.run.smithi088.stdout:/usr/bin/ceph: stdout },
2024-04-19T22:09:23.137 INFO:teuthology.orchestra.run.smithi088.stdout:/usr/bin/ceph: stdout "fsmap": {
2024-04-19T22:09:23.138 INFO:teuthology.orchestra.run.smithi088.stdout:/usr/bin/ceph: stdout "epoch": 1,
2024-04-19T22:09:23.138 INFO:teuthology.orchestra.run.smithi088.stdout:/usr/bin/ceph: stdout "by_rank": [],
2024-04-19T22:09:23.138 INFO:teuthology.orchestra.run.smithi088.stdout:/usr/bin/ceph: stdout "up:standby": 0
2024-04-19T22:09:23.138 INFO:teuthology.orchestra.run.smithi088.stdout:/usr/bin/ceph: stdout },
2024-04-19T22:09:23.138 INFO:teuthology.orchestra.run.smithi088.stdout:/usr/bin/ceph: stdout "mgrmap": {
2024-04-19T22:09:23.138 INFO:teuthology.orchestra.run.smithi088.stdout:/usr/bin/ceph: stdout "available": true,
2024-04-19T22:09:23.138 INFO:teuthology.orchestra.run.smithi088.stdout:/usr/bin/ceph: stdout "num_standbys": 0,
2024-04-19T22:09:23.138 INFO:teuthology.orchestra.run.smithi088.stdout:/usr/bin/ceph: stdout "modules": [
2024-04-19T22:09:23.138 INFO:teuthology.orchestra.run.smithi088.stdout:/usr/bin/ceph: stdout "iostat",
2024-04-19T22:09:23.139 INFO:teuthology.orchestra.run.smithi088.stdout:/usr/bin/ceph: stdout "nfs",
2024-04-19T22:09:23.139 INFO:teuthology.orchestra.run.smithi088.stdout:/usr/bin/ceph: stdout "restful"
2024-04-19T22:09:23.139 INFO:teuthology.orchestra.run.smithi088.stdout:/usr/bin/ceph: stdout ],
2024-04-19T22:09:23.139 INFO:teuthology.orchestra.run.smithi088.stdout:/usr/bin/ceph: stdout "services": {}
2024-04-19T22:09:23.139 INFO:teuthology.orchestra.run.smithi088.stdout:/usr/bin/ceph: stdout },
2024-04-19T22:09:23.139 INFO:teuthology.orchestra.run.smithi088.stdout:/usr/bin/ceph: stdout "servicemap": {
2024-04-19T22:09:23.139 INFO:teuthology.orchestra.run.smithi088.stdout:/usr/bin/ceph: stdout "epoch": 1,
2024-04-19T22:09:23.139 INFO:teuthology.orchestra.run.smithi088.stdout:/usr/bin/ceph: stdout "modified": "2024-04-19T22:09:00.993706+0000",
2024-04-19T22:09:23.139 INFO:teuthology.orchestra.run.smithi088.stdout:/usr/bin/ceph: stdout "services": {}
2024-04-19T22:09:23.139 INFO:teuthology.orchestra.run.smithi088.stdout:/usr/bin/ceph: stdout },
2024-04-19T22:09:23.139 INFO:teuthology.orchestra.run.smithi088.stdout:/usr/bin/ceph: stdout "progress_events": {}
2024-04-19T22:09:23.139 INFO:teuthology.orchestra.run.smithi088.stdout:/usr/bin/ceph: stdout }
2024-04-19T22:09:23.139 INFO:teuthology.orchestra.run.smithi088.stdout:/usr/bin/ceph: stderr
2024-04-19T22:09:22.247+0000 7f5048d5d700 1 Processor -- start
2024-04-19T22:09:23.139 INFO:teuthology.orchestra.run.smithi088.stdout:/usr/bin/ceph: stderr
2024-04-19T22:09:22.247+0000 7f5048d5d700 1 -- start start
2024-04-19T22:09:23.140 INFO:teuthology.orchestra.run.smithi088.stdout:/usr/bin/ceph: stderr
2024-04-19T22:09:22.248+0000 7f5048d5d700 1 --2- >> [v2:172.21.15.88:3300/0,v1:172.21.15.88:6789/0] conn(0x7f5044105b10 0x7f5044105f20 unknown :-1 s=NONE pgs=0 cs=0 l=0 rev1=0 crypto rx=0 tx=0 comp rx=0 tx=0).connect
2024-04-19T22:09:23.140 INFO:teuthology.orchestra.run.smithi088.stdout:/usr/bin/ceph: stderr
2024-04-19T22:09:22.248+0000 7f5048d5d700 1 -- --> [v2:172.21.15.88:3300/0,v1:172.21.15.88:6789/0] -- mon_getmap magic: 0 v1 -- 0x7f5044106460 con 0x7f5044105b10
2024-04-19T22:09:23.140 INFO:teuthology.orchestra.run.smithi088.stdout:/usr/bin/ceph: stderr
2024-04-19T22:09:22.248+0000 7f504259c700 1 --2- >> [v2:172.21.15.88:3300/0,v1:172.21.15.88:6789/0] conn(0x7f5044105b10 0x7f5044105f20 unknown :-1 s=BANNER_CONNECTING pgs=0 cs=0 l=0 rev1=0 crypto rx=0 tx=0 comp rx=0 tx=0)._handle_peer_banner_payload supported=3 required=0
2024-04-19T22:09:23.140 INFO:teuthology.orchestra.run.smithi088.stdout:/usr/bin/ceph: stderr
2024-04-19T22:09:22.248+0000 7f504259c700 1 --2- >> [v2:172.21.15.88:3300/0,v1:172.21.15.88:6789/0] conn(0x7f5044105b10 0x7f5044105f20 unknown :-1 s=HELLO_CONNECTING pgs=0 cs=0 l=0 rev1=1 crypto rx=0 tx=0 comp rx=0 tx=0).handle_hello peer v2:172.21.15.88:3300/0 says I am v2:172.21.15.88:55302/0 (socket says 172.21.15.88:55302)
2024-04-19T22:09:23.140 INFO:teuthology.orchestra.run.smithi088.stdout:/usr/bin/ceph: stderr
2024-04-19T22:09:22.248+0000 7f504259c700 1 -- 172.21.15.88:0/982000730 learned_addr learned my addr 172.21.15.88:0/982000730 (peer_addr_for_me v2:172.21.15.88:0/0)
2024-04-19T22:09:23.140 INFO:teuthology.orchestra.run.smithi088.stdout:/usr/bin/ceph: stderr
2024-04-19T22:09:22.248+0000 7f504259c700 1 -- 172.21.15.88:0/982000730 --> [v2:172.21.15.88:3300/0,v1:172.21.15.88:6789/0] -- mon_subscribe({config=0+,monmap=0+}) v3 -- 0x7f50441065a0 con 0x7f5044105b10
2024-04-19T22:09:23.140 INFO:teuthology.orchestra.run.smithi088.stdout:/usr/bin/ceph: stderr
2024-04-19T22:09:22.249+0000 7f504259c700 1 --2- 172.21.15.88:0/982000730 >> [v2:172.21.15.88:3300/0,v1:172.21.15.88:6789/0] conn(0x7f5044105b10 0x7f5044105f20 secure :-1 s=READY pgs=16 cs=0 l=1 rev1=1 crypto rx=0x7f50340098a0 tx=0x7f5034009bb0 comp rx=0 tx=0).ready entity=mon.0 client_cookie=606b3da23f8b61f9 server_cookie=0 in_seq=0 out_seq=0
2024-04-19T22:09:23.140 INFO:teuthology.orchestra.run.smithi088.stdout:/usr/bin/ceph: stderr
2024-04-19T22:09:22.249+0000 7f504159a700 1 -- 172.21.15.88:0/982000730 <== mon.0 v2:172.21.15.88:3300/0 1 ==== mon_map magic: 0 v1 ==== 229+0+0 (secure 0 0 0) 0x7f5034004180 con 0x7f5044105b10
2024-04-19T22:09:23.140 INFO:teuthology.orchestra.run.smithi088.stdout:/usr/bin/ceph: stderr
2024-04-19T22:09:22.249+0000 7f504159a700 1 -- 172.21.15.88:0/982000730 <== mon.0 v2:172.21.15.88:3300/0 2 ==== config(27 keys) v1 ==== 1037+0+0 (secure 0 0 0) 0x7f50340042e0 con 0x7f5044105b10
2024-04-19T22:09:23.140 INFO:teuthology.orchestra.run.smithi088.stdout:/usr/bin/ceph: stderr
2024-04-19T22:09:22.249+0000 7f504159a700 1 -- 172.21.15.88:0/982000730 <== mon.0 v2:172.21.15.88:3300/0 3 ==== mon_map magic: 0 v1 ==== 229+0+0 (secure 0 0 0) 0x7f5034011a50 con 0x7f5044105b10
2024-04-19T22:09:23.140 INFO:teuthology.orchestra.run.smithi088.stdout:/usr/bin/ceph: stderr
2024-04-19T22:09:22.249+0000 7f5048d5d700 1 -- 172.21.15.88:0/982000730 >> [v2:172.21.15.88:3300/0,v1:172.21.15.88:6789/0] conn(0x7f5044105b10 msgr2=0x7f5044105f20 secure :-1 s=STATE_CONNECTION_ESTABLISHED l=1).mark_down
2024-04-19T22:09:23.141 INFO:teuthology.orchestra.run.smithi088.stdout:/usr/bin/ceph: stderr
2024-04-19T22:09:22.249+0000 7f5048d5d700 1 --2- 172.21.15.88:0/982000730 >> [v2:172.21.15.88:3300/0,v1:172.21.15.88:6789/0] conn(0x7f5044105b10 0x7f5044105f20 secure :-1 s=READY pgs=16 cs=0 l=1 rev1=1 crypto rx=0x7f50340098a0 tx=0x7f5034009bb0 comp rx=0 tx=0).stop
2024-04-19T22:09:23.141 INFO:teuthology.orchestra.run.smithi088.stdout:/usr/bin/ceph: stderr
2024-04-19T22:09:22.250+0000 7f5048d5d700 1 -- 172.21.15.88:0/982000730 shutdown_connections
2024-04-19T22:09:23.141 INFO:teuthology.orchestra.run.smithi088.stdout:/usr/bin/ceph: stderr
2024-04-19T22:09:22.250+0000 7f5048d5d700 1 --2- 172.21.15.88:0/982000730 >> [v2:172.21.15.88:3300/0,v1:172.21.15.88:6789/0] conn(0x7f5044105b10 0x7f5044105f20 unknown :-1 s=CLOSED pgs=16 cs=0 l=1 rev1=1 crypto rx=0 tx=0 comp rx=0 tx=0).stop
2024-04-19T22:09:23.141 INFO:teuthology.orchestra.run.smithi088.stdout:/usr/bin/ceph: stderr
2024-04-19T22:09:22.250+0000 7f5048d5d700 1 -- 172.21.15.88:0/982000730 >> 172.21.15.88:0/982000730 conn(0x7f5044101180 msgr2=0x7f5044103590 unknown :-1 s=STATE_NONE l=0).mark_down
2024-04-19T22:09:23.141 INFO:teuthology.orchestra.run.smithi088.stdout:/usr/bin/ceph: stderr
2024-04-19T22:09:22.250+0000 7f5048d5d700 1 -- 172.21.15.88:0/982000730 shutdown_connections
2024-04-19T22:09:23.141 INFO:teuthology.orchestra.run.smithi088.stdout:/usr/bin/ceph: stderr
2024-04-19T22:09:22.250+0000 7f5048d5d700 1 -- 172.21.15.88:0/982000730 wait complete.
2024-04-19T22:09:23.141 INFO:teuthology.orchestra.run.smithi088.stdout:/usr/bin/ceph: stderr
2024-04-19T22:09:22.250+0000 7f5048d5d700 1 Processor -- start
2024-04-19T22:09:23.141 INFO:teuthology.orchestra.run.smithi088.stdout:/usr/bin/ceph: stderr
2024-04-19T22:09:22.250+0000 7f5048d5d700 1 -- start start
2024-04-19T22:09:23.141 INFO:teuthology.orchestra.run.smithi088.stdout:/usr/bin/ceph: stderr
2024-04-19T22:09:22.251+0000 7f5048d5d700 1 --2- >> [v2:172.21.15.88:3300/0,v1:172.21.15.88:6789/0] conn(0x7f5044105b10 0x7f5044199810 unknown :-1 s=NONE pgs=0 cs=0 l=1 rev1=0 crypto rx=0 tx=0 comp rx=0 tx=0).connect
2024-04-19T22:09:23.141 INFO:teuthology.orchestra.run.smithi088.stdout:/usr/bin/ceph: stderr
2024-04-19T22:09:22.251+0000 7f5048d5d700 1 -- --> [v2:172.21.15.88:3300/0,v1:172.21.15.88:6789/0] -- mon_getmap magic: 0 v1 -- 0x7f5044199d50 con 0x7f5044105b10
2024-04-19T22:09:23.141 INFO:teuthology.orchestra.run.smithi088.stdout:/usr/bin/ceph: stderr
2024-04-19T22:09:22.251+0000 7f504259c700 1 --2- >> [v2:172.21.15.88:3300/0,v1:172.21.15.88:6789/0] conn(0x7f5044105b10 0x7f5044199810 unknown :-1 s=BANNER_CONNECTING pgs=0 cs=0 l=1 rev1=0 crypto rx=0 tx=0 comp rx=0 tx=0)._handle_peer_banner_payload supported=3 required=0
2024-04-19T22:09:23.141 INFO:teuthology.orchestra.run.smithi088.stdout:/usr/bin/ceph: stderr
2024-04-19T22:09:22.251+0000 7f504259c700 1 --2- >> [v2:172.21.15.88:3300/0,v1:172.21.15.88:6789/0] conn(0x7f5044105b10 0x7f5044199810 unknown :-1 s=HELLO_CONNECTING pgs=0 cs=0 l=1 rev1=1 crypto rx=0 tx=0 comp rx=0 tx=0).handle_hello peer v2:172.21.15.88:3300/0 says I am v2:172.21.15.88:55316/0 (socket says 172.21.15.88:55316)
2024-04-19T22:09:23.141 INFO:teuthology.orchestra.run.smithi088.stdout:/usr/bin/ceph: stderr
2024-04-19T22:09:22.251+0000 7f504259c700 1 -- 172.21.15.88:0/3550494843 learned_addr learned my addr 172.21.15.88:0/3550494843 (peer_addr_for_me v2:172.21.15.88:0/0)
2024-04-19T22:09:23.142 INFO:teuthology.orchestra.run.smithi088.stdout:/usr/bin/ceph: stderr
2024-04-19T22:09:22.251+0000 7f504259c700 1 -- 172.21.15.88:0/3550494843 --> [v2:172.21.15.88:3300/0,v1:172.21.15.88:6789/0] -- mon_subscribe({config=0+,monmap=0+}) v3 -- 0x7f5034009550 con 0x7f5044105b10
2024-04-19T22:09:23.142 INFO:teuthology.orchestra.run.smithi088.stdout:/usr/bin/ceph: stderr
2024-04-19T22:09:22.251+0000 7f504259c700 1 --2- 172.21.15.88:0/3550494843 >> [v2:172.21.15.88:3300/0,v1:172.21.15.88:6789/0] conn(0x7f5044105b10 0x7f5044199810 secure :-1 s=READY pgs=17 cs=0 l=1 rev1=1 crypto rx=0x7f50340119e0 tx=0x7f5034011ac0 comp rx=0 tx=0).ready entity=mon.0 client_cookie=0 server_cookie=0 in_seq=0 out_seq=0
2024-04-19T22:09:23.142 INFO:teuthology.orchestra.run.smithi088.stdout:/usr/bin/ceph: stderr
2024-04-19T22:09:22.251+0000 7f50337fe700 1 -- 172.21.15.88:0/3550494843 <== mon.0 v2:172.21.15.88:3300/0 1 ==== mon_map magic: 0 v1 ==== 229+0+0 (secure 0 0 0) 0x7f5034003b90 con 0x7f5044105b10
2024-04-19T22:09:23.142 INFO:teuthology.orchestra.run.smithi088.stdout:/usr/bin/ceph: stderr
2024-04-19T22:09:22.251+0000 7f5048d5d700 1 -- 172.21.15.88:0/3550494843 --> [v2:172.21.15.88:3300/0,v1:172.21.15.88:6789/0] -- mon_subscribe({mgrmap=0+}) v3 -- 0x7f5044199f50 con 0x7f5044105b10
2024-04-19T22:09:23.142 INFO:teuthology.orchestra.run.smithi088.stdout:/usr/bin/ceph: stderr
2024-04-19T22:09:22.251+0000 7f50337fe700 1 -- 172.21.15.88:0/3550494843 <== mon.0 v2:172.21.15.88:3300/0 2 ==== config(27 keys) v1 ==== 1037+0+0 (secure 0 0 0) 0x7f503401a8a0 con 0x7f5044105b10
2024-04-19T22:09:23.142 INFO:teuthology.orchestra.run.smithi088.stdout:/usr/bin/ceph: stderr
2024-04-19T22:09:22.251+0000 7f50337fe700 1 -- 172.21.15.88:0/3550494843 <== mon.0 v2:172.21.15.88:3300/0 3 ==== mon_map magic: 0 v1 ==== 229+0+0 (secure 0 0 0) 0x7f5034019930 con 0x7f5044105b10
2024-04-19T22:09:23.142 INFO:teuthology.orchestra.run.smithi088.stdout:/usr/bin/ceph: stderr
2024-04-19T22:09:22.251+0000 7f5048d5d700 1 -- 172.21.15.88:0/3550494843 --> [v2:172.21.15.88:3300/0,v1:172.21.15.88:6789/0] -- mon_subscribe({osdmap=0}) v3 -- 0x7f504419a370 con 0x7f5044105b10
2024-04-19T22:09:23.142 INFO:teuthology.orchestra.run.smithi088.stdout:/usr/bin/ceph: stderr
2024-04-19T22:09:22.252+0000 7f50337fe700 1 -- 172.21.15.88:0/3550494843 <== mon.0 v2:172.21.15.88:3300/0 4 ==== mgrmap(e 4) v1 ==== 45073+0+0 (secure 0 0 0) 0x7f5034019bf0 con 0x7f5044105b10
2024-04-19T22:09:23.142 INFO:teuthology.orchestra.run.smithi088.stdout:/usr/bin/ceph: stderr
2024-04-19T22:09:22.252+0000 7f50337fe700 1 --2- 172.21.15.88:0/3550494843 >> [v2:172.21.15.88:6800/1610342770,v1:172.21.15.88:6801/1610342770] conn(0x7f502c038360 0x7f502c03a810 unknown :-1 s=NONE pgs=0 cs=0 l=1 rev1=0 crypto rx=0 tx=0 comp rx=0 tx=0).connect
2024-04-19T22:09:23.142 INFO:teuthology.orchestra.run.smithi088.stdout:/usr/bin/ceph: stderr
2024-04-19T22:09:22.252+0000 7f50337fe700 1 -- 172.21.15.88:0/3550494843 <== mon.0 v2:172.21.15.88:3300/0 5 ==== osd_map(1..1 src has 1..1) v4 ==== 725+0+0 (secure 0 0 0) 0x7f503404c870 con 0x7f5044105b10
2024-04-19T22:09:23.142 INFO:teuthology.orchestra.run.smithi088.stdout:/usr/bin/ceph: stderr
2024-04-19T22:09:22.253+0000 7f5041d9b700 1 --2- 172.21.15.88:0/3550494843 >> [v2:172.21.15.88:6800/1610342770,v1:172.21.15.88:6801/1610342770] conn(0x7f502c038360 0x7f502c03a810 unknown :-1 s=BANNER_CONNECTING pgs=0 cs=0 l=1 rev1=0 crypto rx=0 tx=0 comp rx=0 tx=0)._handle_peer_banner_payload supported=3 required=0
2024-04-19T22:09:23.142 INFO:teuthology.orchestra.run.smithi088.stdout:/usr/bin/ceph: stderr
2024-04-19T22:09:22.253+0000 7f5048d5d700 1 -- 172.21.15.88:0/3550494843 --> [v2:172.21.15.88:3300/0,v1:172.21.15.88:6789/0] -- mon_command({"prefix": "get_command_descriptions"} v 0) v1 -- 0x7f5044062380 con 0x7f5044105b10
2024-04-19T22:09:23.142 INFO:teuthology.orchestra.run.smithi088.stdout:/usr/bin/ceph: stderr
2024-04-19T22:09:22.253+0000 7f5041d9b700 1 --2- 172.21.15.88:0/3550494843 >> [v2:172.21.15.88:6800/1610342770,v1:172.21.15.88:6801/1610342770] conn(0x7f502c038360 0x7f502c03a810 secure :-1 s=READY pgs=6 cs=0 l=1 rev1=1 crypto rx=0x7f5038006fd0 tx=0x7f5038006e40 comp rx=0 tx=0).ready entity=mgr.14100 client_cookie=0 server_cookie=0 in_seq=0 out_seq=0
2024-04-19T22:09:23.143 INFO:teuthology.orchestra.run.smithi088.stdout:/usr/bin/ceph: stderr
2024-04-19T22:09:22.258+0000 7f50337fe700 1 -- 172.21.15.88:0/3550494843 <== mon.0 v2:172.21.15.88:3300/0 6 ==== mon_command_ack([{"prefix": "get_command_descriptions"}]=0 v0) v1 ==== 72+0+177933 (secure 0 0 0) 0x7f503402d440 con 0x7f5044105b10
2024-04-19T22:09:23.143 INFO:teuthology.orchestra.run.smithi088.stdout:/usr/bin/ceph: stderr
2024-04-19T22:09:22.521+0000 7f5048d5d700 1 -- 172.21.15.88:0/3550494843 --> [v2:172.21.15.88:3300/0,v1:172.21.15.88:6789/0] -- mon_command({"prefix": "status", "format": "json-pretty"} v 0) v1 -- 0x7f504419d3a0 con 0x7f5044105b10
2024-04-19T22:09:23.143 INFO:teuthology.orchestra.run.smithi088.stdout:/usr/bin/ceph: stderr
2024-04-19T22:09:22.522+0000 7f50337fe700 1 -- 172.21.15.88:0/3550494843 <== mon.0 v2:172.21.15.88:3300/0 7 ==== mon_command_ack([{"prefix": "status", "format": "json-pretty"}]=0 v0) v1 ==== 79+0+1246 (secure 0 0 0) 0x7f503404c390 con 0x7f5044105b10
2024-04-19T22:09:23.143 INFO:teuthology.orchestra.run.smithi088.stdout:/usr/bin/ceph: stderr
2024-04-19T22:09:22.524+0000 7f5048d5d700 1 -- 172.21.15.88:0/3550494843 >> [v2:172.21.15.88:6800/1610342770,v1:172.21.15.88:6801/1610342770] conn(0x7f502c038360 msgr2=0x7f502c03a810 secure :-1 s=STATE_CONNECTION_ESTABLISHED l=1).mark_down
2024-04-19T22:09:23.143 INFO:teuthology.orchestra.run.smithi088.stdout:/usr/bin/ceph: stderr
2024-04-19T22:09:22.524+0000 7f5048d5d700 1 --2- 172.21.15.88:0/3550494843 >> [v2:172.21.15.88:6800/1610342770,v1:172.21.15.88:6801/1610342770] conn(0x7f502c038360 0x7f502c03a810 secure :-1 s=READY pgs=6 cs=0 l=1 rev1=1 crypto rx=0x7f5038006fd0 tx=0x7f5038006e40 comp rx=0 tx=0).stop
2024-04-19T22:09:23.143 INFO:teuthology.orchestra.run.smithi088.stdout:/usr/bin/ceph: stderr
2024-04-19T22:09:22.524+0000 7f5048d5d700 1 -- 172.21.15.88:0/3550494843 >> [v2:172.21.15.88:3300/0,v1:172.21.15.88:6789/0] conn(0x7f5044105b10 msgr2=0x7f5044199810 secure :-1 s=STATE_CONNECTION_ESTABLISHED l=1).mark_down
2024-04-19T22:09:23.143 INFO:teuthology.orchestra.run.smithi088.stdout:/usr/bin/ceph: stderr
2024-04-19T22:09:22.524+0000 7f5048d5d700 1 --2- 172.21.15.88:0/3550494843 >> [v2:172.21.15.88:3300/0,v1:172.21.15.88:6789/0] conn(0x7f5044105b10 0x7f5044199810 secure :-1 s=READY pgs=17 cs=0 l=1 rev1=1 crypto rx=0x7f50340119e0 tx=0x7f5034011ac0 comp rx=0 tx=0).stop
2024-04-19T22:09:23.143 INFO:teuthology.orchestra.run.smithi088.stdout:/usr/bin/ceph: stderr
2024-04-19T22:09:22.524+0000 7f5048d5d700 1 -- 172.21.15.88:0/3550494843 shutdown_connections
2024-04-19T22:09:23.143 INFO:teuthology.orchestra.run.smithi088.stdout:/usr/bin/ceph: stderr
2024-04-19T22:09:22.524+0000 7f5048d5d700 1 --2- 172.21.15.88:0/3550494843 >> [v2:172.21.15.88:6800/1610342770,v1:172.21.15.88:6801/1610342770] conn(0x7f502c038360 0x7f502c03a810 unknown :-1 s=CLOSED pgs=6 cs=0 l=1 rev1=1 crypto rx=0 tx=0 comp rx=0 tx=0).stop
2024-04-19T22:09:23.143 INFO:teuthology.orchestra.run.smithi088.stdout:/usr/bin/ceph: stderr
2024-04-19T22:09:22.524+0000 7f5048d5d700 1 --2- 172.21.15.88:0/3550494843 >> [v2:172.21.15.88:3300/0,v1:172.21.15.88:6789/0] conn(0x7f5044105b10 0x7f5044199810 unknown :-1 s=CLOSED pgs=17 cs=0 l=1 rev1=1 crypto rx=0 tx=0 comp rx=0 tx=0).stop
2024-04-19T22:09:23.143 INFO:teuthology.orchestra.run.smithi088.stdout:/usr/bin/ceph: stderr
2024-04-19T22:09:22.524+0000 7f5048d5d700 1 -- 172.21.15.88:0/3550494843 >> 172.21.15.88:0/3550494843 conn(0x7f5044101180 msgr2=0x7f5044101f00 unknown :-1 s=STATE_NONE l=0).mark_down
2024-04-19T22:09:23.143 INFO:teuthology.orchestra.run.smithi088.stdout:/usr/bin/ceph: stderr
2024-04-19T22:09:22.524+0000 7f5048d5d700 1 -- 172.21.15.88:0/3550494843 shutdown_connections
2024-04-19T22:09:23.143 INFO:teuthology.orchestra.run.smithi088.stdout:/usr/bin/ceph: stderr
2024-04-19T22:09:22.524+0000 7f5048d5d700 1 -- 172.21.15.88:0/3550494843 wait complete.
2024-04-19T22:09:23.144 INFO:teuthology.orchestra.run.smithi088.stdout:mgr is available
2024-04-19T22:09:24.106 INFO:journalctl@ceph.mon.smithi088.smithi088.stdout:Apr 19 22:09:23 smithi088 ceph-mon[17215]: from='client.? 172.21.15.88:0/3763811482' entity='client.admin' cmd=[{"prefix": "config assimilate-conf"}]: dispatch
2024-04-19T22:09:24.366 INFO:teuthology.orchestra.run.smithi088.stdout:/usr/bin/ceph: stdout
2024-04-19T22:09:24.366 INFO:teuthology.orchestra.run.smithi088.stdout:/usr/bin/ceph: stdout [global]
2024-04-19T22:09:24.366 INFO:teuthology.orchestra.run.smithi088.stdout:/usr/bin/ceph: stdout fsid = 522229de-fe99-11ee-bc92-c7b262605968
2024-04-19T22:09:24.366 INFO:teuthology.orchestra.run.smithi088.stdout:/usr/bin/ceph: stdout mon_osd_allow_pg_remap = true
2024-04-19T22:09:24.366 INFO:teuthology.orchestra.run.smithi088.stdout:/usr/bin/ceph: stdout mon_osd_allow_primary_affinity = true
2024-04-19T22:09:24.367 INFO:teuthology.orchestra.run.smithi088.stdout:/usr/bin/ceph: stdout mon_warn_on_no_sortbitwise = false
2024-04-19T22:09:24.367 INFO:teuthology.orchestra.run.smithi088.stdout:/usr/bin/ceph: stdout osd_crush_chooseleaf_type = 0
2024-04-19T22:09:24.367 INFO:teuthology.orchestra.run.smithi088.stdout:/usr/bin/ceph: stdout
2024-04-19T22:09:24.367 INFO:teuthology.orchestra.run.smithi088.stdout:/usr/bin/ceph: stdout [mgr]
2024-04-19T22:09:24.367 INFO:teuthology.orchestra.run.smithi088.stdout:/usr/bin/ceph: stdout mgr/telemetry/nag = false
2024-04-19T22:09:24.367 INFO:teuthology.orchestra.run.smithi088.stdout:/usr/bin/ceph: stdout
2024-04-19T22:09:24.367 INFO:teuthology.orchestra.run.smithi088.stdout:/usr/bin/ceph: stdout [osd]
2024-04-19T22:09:24.367 INFO:teuthology.orchestra.run.smithi088.stdout:/usr/bin/ceph: stdout mon_osd_backfillfull_ratio = 0.85
2024-04-19T22:09:24.367 INFO:teuthology.orchestra.run.smithi088.stdout:/usr/bin/ceph: stdout mon_osd_full_ratio = 0.9
2024-04-19T22:09:24.367 INFO:teuthology.orchestra.run.smithi088.stdout:/usr/bin/ceph: stdout mon_osd_nearfull_ratio = 0.8
2024-04-19T22:09:24.367 INFO:teuthology.orchestra.run.smithi088.stdout:/usr/bin/ceph: stdout osd_map_max_advance = 10
2024-04-19T22:09:24.367 INFO:teuthology.orchestra.run.smithi088.stdout:/usr/bin/ceph: stdout osd_sloppy_crc = true
2024-04-19T22:09:24.367 INFO:teuthology.orchestra.run.smithi088.stdout:/usr/bin/ceph: stderr
2024-04-19T22:09:23.571+0000 7fd39d069700 1 Processor -- start
2024-04-19T22:09:24.367 INFO:teuthology.orchestra.run.smithi088.stdout:/usr/bin/ceph: stderr
2024-04-19T22:09:23.571+0000 7fd39d069700 1 -- start start
2024-04-19T22:09:24.367 INFO:teuthology.orchestra.run.smithi088.stdout:/usr/bin/ceph: stderr
2024-04-19T22:09:23.571+0000 7fd39d069700 1 --2- >> [v2:172.21.15.88:3300/0,v1:172.21.15.88:6789/0] conn(0x7fd398104a30 0x7fd398104e40 unknown :-1 s=NONE pgs=0 cs=0 l=0 rev1=0 crypto rx=0 tx=0 comp rx=0 tx=0).connect
2024-04-19T22:09:24.368 INFO:teuthology.orchestra.run.smithi088.stdout:/usr/bin/ceph: stderr
2024-04-19T22:09:23.571+0000 7fd39d069700 1 -- --> [v2:172.21.15.88:3300/0,v1:172.21.15.88:6789/0] -- mon_getmap magic: 0 v1 -- 0x7fd398105380 con 0x7fd398104a30
2024-04-19T22:09:24.368 INFO:teuthology.orchestra.run.smithi088.stdout:/usr/bin/ceph: stderr
2024-04-19T22:09:23.571+0000 7fd396d9d700 1 --2- >> [v2:172.21.15.88:3300/0,v1:172.21.15.88:6789/0] conn(0x7fd398104a30 0x7fd398104e40 unknown :-1 s=BANNER_CONNECTING pgs=0 cs=0 l=0 rev1=0 crypto rx=0 tx=0 comp rx=0 tx=0)._handle_peer_banner_payload supported=3 required=0
2024-04-19T22:09:24.368 INFO:teuthology.orchestra.run.smithi088.stdout:/usr/bin/ceph: stderr
2024-04-19T22:09:23.572+0000 7fd396d9d700 1 --2- >> [v2:172.21.15.88:3300/0,v1:172.21.15.88:6789/0] conn(0x7fd398104a30 0x7fd398104e40 unknown :-1 s=HELLO_CONNECTING pgs=0 cs=0 l=0 rev1=1 crypto rx=0 tx=0 comp rx=0 tx=0).handle_hello peer v2:172.21.15.88:3300/0 says I am v2:172.21.15.88:55318/0 (socket says 172.21.15.88:55318)
2024-04-19T22:09:24.368 INFO:teuthology.orchestra.run.smithi088.stdout:/usr/bin/ceph: stderr
2024-04-19T22:09:23.572+0000 7fd396d9d700 1 -- 172.21.15.88:0/2583334255 learned_addr learned my addr 172.21.15.88:0/2583334255 (peer_addr_for_me v2:172.21.15.88:0/0)
2024-04-19T22:09:24.368 INFO:teuthology.orchestra.run.smithi088.stdout:/usr/bin/ceph: stderr
2024-04-19T22:09:23.572+0000 7fd396d9d700 1 -- 172.21.15.88:0/2583334255 --> [v2:172.21.15.88:3300/0,v1:172.21.15.88:6789/0] -- mon_subscribe({config=0+,monmap=0+}) v3 -- 0x7fd3981054c0 con 0x7fd398104a30
2024-04-19T22:09:24.368 INFO:teuthology.orchestra.run.smithi088.stdout:/usr/bin/ceph: stderr
2024-04-19T22:09:23.572+0000 7fd396d9d700 1 --2- 172.21.15.88:0/2583334255 >> [v2:172.21.15.88:3300/0,v1:172.21.15.88:6789/0] conn(0x7fd398104a30 0x7fd398104e40 secure :-1 s=READY pgs=18 cs=0 l=1 rev1=1 crypto rx=0x7fd38c0098a0 tx=0x7fd38c009bb0 comp rx=0 tx=0).ready entity=mon.0 client_cookie=a8446078a124461f server_cookie=0 in_seq=0 out_seq=0
2024-04-19T22:09:24.368 INFO:teuthology.orchestra.run.smithi088.stdout:/usr/bin/ceph: stderr
2024-04-19T22:09:23.572+0000 7fd395d9b700 1 -- 172.21.15.88:0/2583334255 <== mon.0 v2:172.21.15.88:3300/0 1 ==== mon_map magic: 0 v1 ==== 229+0+0 (secure 0 0 0) 0x7fd38c004180 con 0x7fd398104a30
2024-04-19T22:09:24.368 INFO:teuthology.orchestra.run.smithi088.stdout:/usr/bin/ceph: stderr
2024-04-19T22:09:23.572+0000 7fd395d9b700 1 -- 172.21.15.88:0/2583334255 <== mon.0 v2:172.21.15.88:3300/0 2 ==== config(27 keys) v1 ==== 1037+0+0 (secure 0 0 0) 0x7fd38c0042e0 con 0x7fd398104a30
2024-04-19T22:09:24.368 INFO:teuthology.orchestra.run.smithi088.stdout:/usr/bin/ceph: stderr
2024-04-19T22:09:23.572+0000 7fd395d9b700 1 -- 172.21.15.88:0/2583334255 <== mon.0 v2:172.21.15.88:3300/0 3 ==== mon_map magic: 0 v1 ==== 229+0+0 (secure 0 0 0) 0x7fd38c011a50 con 0x7fd398104a30
2024-04-19T22:09:24.368 INFO:teuthology.orchestra.run.smithi088.stdout:/usr/bin/ceph: stderr
2024-04-19T22:09:23.573+0000 7fd39d069700 1 -- 172.21.15.88:0/2583334255 >> [v2:172.21.15.88:3300/0,v1:172.21.15.88:6789/0] conn(0x7fd398104a30 msgr2=0x7fd398104e40 secure :-1 s=STATE_CONNECTION_ESTABLISHED l=1).mark_down
2024-04-19T22:09:24.368 INFO:teuthology.orchestra.run.smithi088.stdout:/usr/bin/ceph: stderr
2024-04-19T22:09:23.573+0000 7fd39d069700 1 --2- 172.21.15.88:0/2583334255 >> [v2:172.21.15.88:3300/0,v1:172.21.15.88:6789/0] conn(0x7fd398104a30 0x7fd398104e40 secure :-1 s=READY pgs=18 cs=0 l=1 rev1=1 crypto rx=0x7fd38c0098a0 tx=0x7fd38c009bb0 comp rx=0 tx=0).stop
2024-04-19T22:09:24.368 INFO:teuthology.orchestra.run.smithi088.stdout:/usr/bin/ceph: stderr
2024-04-19T22:09:23.573+0000 7fd39d069700 1 -- 172.21.15.88:0/2583334255 shutdown_connections
2024-04-19T22:09:24.368 INFO:teuthology.orchestra.run.smithi088.stdout:/usr/bin/ceph: stderr
2024-04-19T22:09:23.573+0000 7fd39d069700 1 --2- 172.21.15.88:0/2583334255 >> [v2:172.21.15.88:3300/0,v1:172.21.15.88:6789/0] conn(0x7fd398104a30 0x7fd398104e40 unknown :-1 s=CLOSED pgs=18 cs=0 l=1 rev1=1 crypto rx=0 tx=0 comp rx=0 tx=0).stop
