2024-04-19T22:35:15.056+0000 7f7e0ffff700 1 -- 172.21.15.113:0/3832643196 <== mon.0 v2:172.21.15.113:3300/0 1 ==== mon_map magic: 0 ==== 205+0+0 (secure 0 0 0) 0x7f7e1c003af0 con 0x7f7e28104ac0
2024-04-19T22:35:21.458 INFO:teuthology.orchestra.run.smithi113.stdout:/usr/bin/ceph: stderr
2024-04-19T22:35:15.056+0000 7f7e0ffff700 1 -- 172.21.15.113:0/3832643196 <== mon.0 v2:172.21.15.113:3300/0 2 ==== config(26 keys) ==== 1062+0+0 (secure 0 0 0) 0x7f7e1c01a8c0 con 0x7f7e28104ac0
2024-04-19T22:35:21.458 INFO:teuthology.orchestra.run.smithi113.stdout:/usr/bin/ceph: stderr
2024-04-19T22:35:15.056+0000 7f7e2d1f5700 1 -- 172.21.15.113:0/3832643196 --> [v2:172.21.15.113:3300/0,v1:172.21.15.113:6789/0] -- mon_subscribe({mgrmap=0+}) -- 0x7f7e2819cac0 con 0x7f7e28104ac0
2024-04-19T22:35:21.459 INFO:teuthology.orchestra.run.smithi113.stdout:/usr/bin/ceph: stderr
2024-04-19T22:35:15.056+0000 7f7e0ffff700 1 -- 172.21.15.113:0/3832643196 <== mon.0 v2:172.21.15.113:3300/0 3 ==== mon_map magic: 0 ==== 205+0+0 (secure 0 0 0) 0x7f7e1c019960 con 0x7f7e28104ac0
2024-04-19T22:35:21.459 INFO:teuthology.orchestra.run.smithi113.stdout:/usr/bin/ceph: stderr
2024-04-19T22:35:15.056+0000 7f7e2d1f5700 1 -- 172.21.15.113:0/3832643196 --> [v2:172.21.15.113:3300/0,v1:172.21.15.113:6789/0] -- mon_subscribe({osdmap=0}) -- 0x7f7e2819f7b0 con 0x7f7e28104ac0
2024-04-19T22:35:21.459 INFO:teuthology.orchestra.run.smithi113.stdout:/usr/bin/ceph: stderr
2024-04-19T22:35:15.056+0000 7f7e0ffff700 1 -- 172.21.15.113:0/3832643196 <== mon.0 v2:172.21.15.113:3300/0 4 ==== mgrmap(e 5) ==== 46252+0+0 (secure 0 0 0) 0x7f7e1c022020 con 0x7f7e28104ac0
2024-04-19T22:35:21.459 INFO:teuthology.orchestra.run.smithi113.stdout:/usr/bin/ceph: stderr
2024-04-19T22:35:15.056+0000 7f7e0ffff700 1 --2- 172.21.15.113:0/3832643196 >> v2:172.21.15.113:6800/2885784740 conn(0x7f7e10038fc0 0x7f7e1003b480 unknown :-1 s=NONE pgs=0 cs=0 l=1 rev1=0 crypto rx=0 tx=0 comp rx=0 tx=0).connect
2024-04-19T22:35:21.459 INFO:teuthology.orchestra.run.smithi113.stdout:/usr/bin/ceph: stderr
2024-04-19T22:35:15.056+0000 7f7e0ffff700 1 -- 172.21.15.113:0/3832643196 <== mon.0 v2:172.21.15.113:3300/0 5 ==== osd_map(1..1 src has 1..1) ==== 725+0+0 (secure 0 0 0) 0x7f7e1c04e7d0 con 0x7f7e28104ac0
2024-04-19T22:35:21.459 INFO:teuthology.orchestra.run.smithi113.stdout:/usr/bin/ceph: stderr
2024-04-19T22:35:15.056+0000 7f7e2659c700 1 -- 172.21.15.113:0/3832643196 >> v2:172.21.15.113:6800/2885784740 conn(0x7f7e10038fc0 msgr2=0x7f7e1003b480 unknown :-1 s=STATE_CONNECTING_RE l=1).process reconnect failed to v2:172.21.15.113:6800/2885784740
2024-04-19T22:35:21.459 INFO:teuthology.orchestra.run.smithi113.stdout:/usr/bin/ceph: stderr
2024-04-19T22:35:15.056+0000 7f7e2659c700 1 --2- 172.21.15.113:0/3832643196 >> v2:172.21.15.113:6800/2885784740 conn(0x7f7e10038fc0 0x7f7e1003b480 unknown :-1 s=START_CONNECT pgs=0 cs=0 l=1 rev1=0 crypto rx=0 tx=0 comp rx=0 tx=0)._fault waiting 0.200000
2024-04-19T22:35:21.459 INFO:teuthology.orchestra.run.smithi113.stdout:/usr/bin/ceph: stderr
2024-04-19T22:35:15.056+0000 7f7e2d1f5700 1 -- 172.21.15.113:0/3832643196 --> v2:172.21.15.113:6800/2885784740 -- command(tid 0: {"prefix": "get_command_descriptions"}) -- 0x7f7e28063890 con 0x7f7e10038fc0
2024-04-19T22:35:21.459 INFO:teuthology.orchestra.run.smithi113.stdout:/usr/bin/ceph: stderr
2024-04-19T22:35:15.260+0000 7f7e2659c700 1 -- 172.21.15.113:0/3832643196 >> v2:172.21.15.113:6800/2885784740 conn(0x7f7e10038fc0 msgr2=0x7f7e1003b480 unknown :-1 s=STATE_CONNECTING_RE l=1).process reconnect failed to v2:172.21.15.113:6800/2885784740
2024-04-19T22:35:21.459 INFO:teuthology.orchestra.run.smithi113.stdout:/usr/bin/ceph: stderr
2024-04-19T22:35:15.260+0000 7f7e2659c700 1 --2- 172.21.15.113:0/3832643196 >> v2:172.21.15.113:6800/2885784740 conn(0x7f7e10038fc0 0x7f7e1003b480 unknown :-1 s=START_CONNECT pgs=0 cs=0 l=1 rev1=0 crypto rx=0 tx=0 comp rx=0 tx=0)._fault waiting 0.400000
2024-04-19T22:35:21.459 INFO:teuthology.orchestra.run.smithi113.stdout:/usr/bin/ceph: stderr
2024-04-19T22:35:15.664+0000 7f7e2659c700 1 -- 172.21.15.113:0/3832643196 >> v2:172.21.15.113:6800/2885784740 conn(0x7f7e10038fc0 msgr2=0x7f7e1003b480 unknown :-1 s=STATE_CONNECTING_RE l=1).process reconnect failed to v2:172.21.15.113:6800/2885784740
2024-04-19T22:35:21.459 INFO:teuthology.orchestra.run.smithi113.stdout:/usr/bin/ceph: stderr
2024-04-19T22:35:15.664+0000 7f7e2659c700 1 --2- 172.21.15.113:0/3832643196 >> v2:172.21.15.113:6800/2885784740 conn(0x7f7e10038fc0 0x7f7e1003b480 unknown :-1 s=START_CONNECT pgs=0 cs=0 l=1 rev1=0 crypto rx=0 tx=0 comp rx=0 tx=0)._fault waiting 0.800000
2024-04-19T22:35:21.460 INFO:teuthology.orchestra.run.smithi113.stdout:/usr/bin/ceph: stderr
2024-04-19T22:35:16.468+0000 7f7e2659c700 1 -- 172.21.15.113:0/3832643196 >> v2:172.21.15.113:6800/2885784740 conn(0x7f7e10038fc0 msgr2=0x7f7e1003b480 unknown :-1 s=STATE_CONNECTING_RE l=1).process reconnect failed to v2:172.21.15.113:6800/2885784740
2024-04-19T22:35:21.460 INFO:teuthology.orchestra.run.smithi113.stdout:/usr/bin/ceph: stderr
2024-04-19T22:35:16.468+0000 7f7e2659c700 1 --2- 172.21.15.113:0/3832643196 >> v2:172.21.15.113:6800/2885784740 conn(0x7f7e10038fc0 0x7f7e1003b480 unknown :-1 s=START_CONNECT pgs=0 cs=0 l=1 rev1=0 crypto rx=0 tx=0 comp rx=0 tx=0)._fault waiting 1.600000
2024-04-19T22:35:21.460 INFO:teuthology.orchestra.run.smithi113.stdout:/usr/bin/ceph: stderr
2024-04-19T22:35:18.072+0000 7f7e2659c700 1 -- 172.21.15.113:0/3832643196 >> v2:172.21.15.113:6800/2885784740 conn(0x7f7e10038fc0 msgr2=0x7f7e1003b480 unknown :-1 s=STATE_CONNECTING_RE l=1).process reconnect failed to v2:172.21.15.113:6800/2885784740
2024-04-19T22:35:21.460 INFO:teuthology.orchestra.run.smithi113.stdout:/usr/bin/ceph: stderr
2024-04-19T22:35:18.072+0000 7f7e2659c700 1 --2- 172.21.15.113:0/3832643196 >> v2:172.21.15.113:6800/2885784740 conn(0x7f7e10038fc0 0x7f7e1003b480 unknown :-1 s=START_CONNECT pgs=0 cs=0 l=1 rev1=0 crypto rx=0 tx=0 comp rx=0 tx=0)._fault waiting 3.200000
2024-04-19T22:35:21.460 INFO:teuthology.orchestra.run.smithi113.stdout:/usr/bin/ceph: stderr
2024-04-19T22:35:19.771+0000 7f7e0ffff700 1 -- 172.21.15.113:0/3832643196 <== mon.0 v2:172.21.15.113:3300/0 6 ==== mgrmap(e 6) ==== 46054+0+0 (secure 0 0 0) 0x7f7e1c00b430 con 0x7f7e28104ac0
2024-04-19T22:35:21.460 INFO:teuthology.orchestra.run.smithi113.stdout:/usr/bin/ceph: stderr
2024-04-19T22:35:19.771+0000 7f7e0ffff700 1 -- 172.21.15.113:0/3832643196 >> v2:172.21.15.113:6800/2885784740 conn(0x7f7e10038fc0 msgr2=0x7f7e1003b480 unknown :-1 s=STATE_CONNECTING l=1).mark_down
2024-04-19T22:35:21.460 INFO:teuthology.orchestra.run.smithi113.stdout:/usr/bin/ceph: stderr
2024-04-19T22:35:19.771+0000 7f7e0ffff700 1 --2- 172.21.15.113:0/3832643196 >> v2:172.21.15.113:6800/2885784740 conn(0x7f7e10038fc0 0x7f7e1003b480 unknown :-1 s=START_CONNECT pgs=0 cs=0 l=1 rev1=0 crypto rx=0 tx=0 comp rx=0 tx=0).stop
2024-04-19T22:35:21.460 INFO:teuthology.orchestra.run.smithi113.stdout:/usr/bin/ceph: stderr
2024-04-19T22:35:20.775+0000 7f7e0ffff700 1 -- 172.21.15.113:0/3832643196 <== mon.0 v2:172.21.15.113:3300/0 7 ==== mgrmap(e 7) ==== 46146+0+0 (secure 0 0 0) 0x7f7e1c0375e0 con 0x7f7e28104ac0
2024-04-19T22:35:21.460 INFO:teuthology.orchestra.run.smithi113.stdout:/usr/bin/ceph: stderr
2024-04-19T22:35:20.775+0000 7f7e0ffff700 1 --2- 172.21.15.113:0/3832643196 >> v2:172.21.15.113:6800/2227053540 conn(0x7f7e1003c710 0x7f7e1003eb00 unknown :-1 s=NONE pgs=0 cs=0 l=1 rev1=0 crypto rx=0 tx=0 comp rx=0 tx=0).connect
2024-04-19T22:35:21.461 INFO:teuthology.orchestra.run.smithi113.stdout:/usr/bin/ceph: stderr
2024-04-19T22:35:20.775+0000 7f7e0ffff700 1 -- 172.21.15.113:0/3832643196 --> v2:172.21.15.113:6800/2227053540 -- command(tid 0: {"prefix": "get_command_descriptions"}) -- 0x7f7e1c04fe50 con 0x7f7e1003c710
2024-04-19T22:35:21.461 INFO:teuthology.orchestra.run.smithi113.stdout:/usr/bin/ceph: stderr
2024-04-19T22:35:20.775+0000 7f7e2659c700 1 --2- 172.21.15.113:0/3832643196 >> v2:172.21.15.113:6800/2227053540 conn(0x7f7e1003c710 0x7f7e1003eb00 unknown :-1 s=BANNER_CONNECTING pgs=0 cs=0 l=1 rev1=0 crypto rx=0 tx=0 comp rx=0 tx=0)._handle_peer_banner_payload supported=3 required=0
2024-04-19T22:35:21.461 INFO:teuthology.orchestra.run.smithi113.stdout:/usr/bin/ceph: stderr
2024-04-19T22:35:20.779+0000 7f7e2659c700 1 --2- 172.21.15.113:0/3832643196 >> v2:172.21.15.113:6800/2227053540 conn(0x7f7e1003c710 0x7f7e1003eb00 secure :-1 s=READY pgs=2 cs=0 l=1 rev1=1 crypto rx=0x7f7e18003a10 tx=0x7f7e18009290 comp rx=0 tx=0).ready entity=mgr.14120 client_cookie=0 server_cookie=0 in_seq=0 out_seq=0
2024-04-19T22:35:21.461 INFO:teuthology.orchestra.run.smithi113.stdout:/usr/bin/ceph: stderr
2024-04-19T22:35:20.779+0000 7f7e0ffff700 1 -- 172.21.15.113:0/3832643196 <== mgr.14120 v2:172.21.15.113:6800/2227053540 1 ==== command_reply(tid 0: 0 ) ==== 8+0+7774 (secure 0 0 0) 0x7f7e1c04fe50 con 0x7f7e1003c710
2024-04-19T22:35:21.461 INFO:teuthology.orchestra.run.smithi113.stdout:/usr/bin/ceph: stderr
2024-04-19T22:35:20.791+0000 7f7e2d1f5700 1 -- 172.21.15.113:0/3832643196 --> v2:172.21.15.113:6800/2227053540 -- command(tid 1: {"prefix": "mgr_status"}) -- 0x7f7e28062670 con 0x7f7e1003c710
2024-04-19T22:35:21.461 INFO:teuthology.orchestra.run.smithi113.stdout:/usr/bin/ceph: stderr
2024-04-19T22:35:20.791+0000 7f7e0ffff700 1 -- 172.21.15.113:0/3832643196 <== mgr.14120 v2:172.21.15.113:6800/2227053540 2 ==== command_reply(tid 1: 0 ) ==== 8+0+51 (secure 0 0 0) 0x7f7e28062670 con 0x7f7e1003c710
2024-04-19T22:35:21.461 INFO:teuthology.orchestra.run.smithi113.stdout:/usr/bin/ceph: stderr
2024-04-19T22:35:20.791+0000 7f7e2d1f5700 1 -- 172.21.15.113:0/3832643196 >> v2:172.21.15.113:6800/2227053540 conn(0x7f7e1003c710 msgr2=0x7f7e1003eb00 secure :-1 s=STATE_CONNECTION_ESTABLISHED l=1).mark_down
2024-04-19T22:35:21.461 INFO:teuthology.orchestra.run.smithi113.stdout:/usr/bin/ceph: stderr
2024-04-19T22:35:20.791+0000 7f7e2d1f5700 1 --2- 172.21.15.113:0/3832643196 >> v2:172.21.15.113:6800/2227053540 conn(0x7f7e1003c710 0x7f7e1003eb00 secure :-1 s=READY pgs=2 cs=0 l=1 rev1=1 crypto rx=0x7f7e18003a10 tx=0x7f7e18009290 comp rx=0 tx=0).stop
2024-04-19T22:35:21.461 INFO:teuthology.orchestra.run.smithi113.stdout:/usr/bin/ceph: stderr
2024-04-19T22:35:20.791+0000 7f7e2d1f5700 1 -- 172.21.15.113:0/3832643196 >> [v2:172.21.15.113:3300/0,v1:172.21.15.113:6789/0] conn(0x7f7e28104ac0 msgr2=0x7f7e2819c2f0 secure :-1 s=STATE_CONNECTION_ESTABLISHED l=1).mark_down
2024-04-19T22:35:21.462 INFO:teuthology.orchestra.run.smithi113.stdout:/usr/bin/ceph: stderr
2024-04-19T22:35:20.791+0000 7f7e2d1f5700 1 --2- 172.21.15.113:0/3832643196 >> [v2:172.21.15.113:3300/0,v1:172.21.15.113:6789/0] conn(0x7f7e28104ac0 0x7f7e2819c2f0 secure :-1 s=READY pgs=29 cs=0 l=1 rev1=1 crypto rx=0x7f7e1c009870 tx=0x7f7e1c011ae0 comp rx=0 tx=0).stop
2024-04-19T22:35:21.462 INFO:teuthology.orchestra.run.smithi113.stdout:/usr/bin/ceph: stderr
2024-04-19T22:35:20.791+0000 7f7e2d1f5700 1 -- 172.21.15.113:0/3832643196 shutdown_connections
2024-04-19T22:35:21.462 INFO:teuthology.orchestra.run.smithi113.stdout:/usr/bin/ceph: stderr
2024-04-19T22:35:20.791+0000 7f7e2d1f5700 1 --2- 172.21.15.113:0/3832643196 >> v2:172.21.15.113:6800/2227053540 conn(0x7f7e1003c710 0x7f7e1003eb00 unknown :-1 s=CLOSED pgs=2 cs=0 l=1 rev1=1 crypto rx=0 tx=0 comp rx=0 tx=0).stop
2024-04-19T22:35:21.462 INFO:teuthology.orchestra.run.smithi113.stdout:/usr/bin/ceph: stderr
2024-04-19T22:35:20.791+0000 7f7e2d1f5700 1 --2- 172.21.15.113:0/3832643196 >> [v2:172.21.15.113:3300/0,v1:172.21.15.113:6789/0] conn(0x7f7e28104ac0 0x7f7e2819c2f0 unknown :-1 s=CLOSED pgs=29 cs=0 l=1 rev1=1 crypto rx=0 tx=0 comp rx=0 tx=0).stop
2024-04-19T22:35:21.462 INFO:teuthology.orchestra.run.smithi113.stdout:/usr/bin/ceph: stderr
2024-04-19T22:35:20.791+0000 7f7e2d1f5700 1 --2- 172.21.15.113:0/3832643196 >> v2:172.21.15.113:6800/2885784740 conn(0x7f7e10038fc0 0x7f7e1003b480 unknown :-1 s=CLOSED pgs=0 cs=0 l=1 rev1=0 crypto rx=0 tx=0 comp rx=0 tx=0).stop
2024-04-19T22:35:21.462 INFO:teuthology.orchestra.run.smithi113.stdout:/usr/bin/ceph: stderr
2024-04-19T22:35:20.791+0000 7f7e2d1f5700 1 -- 172.21.15.113:0/3832643196 >> 172.21.15.113:0/3832643196 conn(0x7f7e281006a0 msgr2=0x7f7e28192ed0 unknown :-1 s=STATE_NONE l=0).mark_down
2024-04-19T22:35:21.462 INFO:teuthology.orchestra.run.smithi113.stdout:/usr/bin/ceph: stderr
2024-04-19T22:35:20.791+0000 7f7e2d1f5700 1 -- 172.21.15.113:0/3832643196 shutdown_connections
2024-04-19T22:35:21.462 INFO:teuthology.orchestra.run.smithi113.stdout:/usr/bin/ceph: stderr
2024-04-19T22:35:20.791+0000 7f7e2d1f5700 1 -- 172.21.15.113:0/3832643196 wait complete.
2024-04-19T22:35:21.462 INFO:teuthology.orchestra.run.smithi113.stdout:mgr epoch 5 is available
2024-04-19T22:35:21.462 INFO:teuthology.orchestra.run.smithi113.stdout:Setting orchestrator backend to cephadm...
2024-04-19T22:35:22.103 INFO:journalctl@ceph.mon.a.smithi113.stdout:Apr 19 22:35:21 smithi113 bash[21528]: audit
2024-04-19T22:35:20.783630+0000 mgr.y (mgr.14120) 2 : audit 0 from='client.14124 -' entity='client.admin' cmd=[{"prefix": "get_command_descriptions"}]: dispatch
2024-04-19T22:35:22.104 INFO:journalctl@ceph.mon.a.smithi113.stdout:Apr 19 22:35:21 smithi113 bash[21528]: audit
2024-04-19T22:35:20.795915+0000 mgr.y (mgr.14120) 3 : audit 0 from='client.14124 -' entity='client.admin' cmd=[{"prefix": "mgr_status"}]: dispatch
2024-04-19T22:35:22.104 INFO:journalctl@ceph.mon.a.smithi113.stdout:Apr 19 22:35:21 smithi113 bash[21528]: cephadm
2024-04-19T22:35:20.819098+0000 mgr.y (mgr.14120) 4 : cephadm 1 [19/Apr/2024:22:35:20] ENGINE Bus STARTING
2024-04-19T22:35:22.104 INFO:journalctl@ceph.mon.a.smithi113.stdout:Apr 19 22:35:21 smithi113 bash[21528]: cephadm
2024-04-19T22:35:20.934339+0000 mgr.y (mgr.14120) 5 : cephadm 1 [19/Apr/2024:22:35:20] ENGINE Serving on https://172.21.15.113:7150
2024-04-19T22:35:22.104 INFO:journalctl@ceph.mon.a.smithi113.stdout:Apr 19 22:35:21 smithi113 bash[21528]: cephadm
2024-04-19T22:35:21.035610+0000 mgr.y (mgr.14120) 6 : cephadm 1 [19/Apr/2024:22:35:21] ENGINE Serving on http://172.21.15.113:8765
2024-04-19T22:35:22.104 INFO:journalctl@ceph.mon.a.smithi113.stdout:Apr 19 22:35:21 smithi113 bash[21528]: cephadm
2024-04-19T22:35:21.035764+0000 mgr.y (mgr.14120) 7 : cephadm 1 [19/Apr/2024:22:35:21] ENGINE Bus STARTED
2024-04-19T22:35:22.104 INFO:journalctl@ceph.mon.a.smithi113.stdout:Apr 19 22:35:21 smithi113 bash[21528]: audit
2024-04-19T22:35:21.066592+0000 mon.a (mon.0) 56 : audit 0 from='mgr.14120 172.21.15.113:0/2518519650' entity='mgr.y' cmd=[{"prefix": "config dump", "format": "json"}]: dispatch
2024-04-19T22:35:23.038 INFO:journalctl@ceph.mon.a.smithi113.stdout:Apr 19 22:35:22 smithi113 bash[21528]: cluster
2024-04-19T22:35:21.851516+0000 mon.a (mon.0) 57 : cluster 0 mgrmap e8: y(active, since 2s)
2024-04-19T22:35:23.038 INFO:journalctl@ceph.mon.a.smithi113.stdout:Apr 19 22:35:22 smithi113 bash[21528]: audit
2024-04-19T22:35:22.741235+0000 mon.a (mon.0) 58 : audit 1 from='mgr.14120 172.21.15.113:0/2518519650' entity='mgr.y'
2024-04-19T22:35:23.038 INFO:journalctl@ceph.mon.a.smithi113.stdout:Apr 19 22:35:22 smithi113 bash[21528]: audit
2024-04-19T22:35:22.788336+0000 mon.a (mon.0) 59 : audit 0 from='mgr.14120 172.21.15.113:0/2518519650' entity='mgr.y' cmd=[{"prefix": "config dump", "format": "json"}]: dispatch
2024-04-19T22:35:23.374 INFO:teuthology.orchestra.run.smithi113.stdout:/usr/bin/ceph: stderr
2024-04-19T22:35:22.311+0000 7f65d3397700 1 Processor -- start
2024-04-19T22:35:23.374 INFO:teuthology.orchestra.run.smithi113.stdout:/usr/bin/ceph: stderr
2024-04-19T22:35:22.311+0000 7f65d3397700 1 -- start start
2024-04-19T22:35:23.374 INFO:teuthology.orchestra.run.smithi113.stdout:/usr/bin/ceph: stderr
2024-04-19T22:35:22.315+0000 7f65d3397700 1 --2- >> [v2:172.21.15.113:3300/0,v1:172.21.15.113:6789/0] conn(0x7f65cc105110 0x7f65cc105530 unknown :-1 s=NONE pgs=0 cs=0 l=0 rev1=0 crypto rx=0 tx=0 comp rx=0 tx=0).connect
2024-04-19T22:35:23.374 INFO:teuthology.orchestra.run.smithi113.stdout:/usr/bin/ceph: stderr
2024-04-19T22:35:22.315+0000 7f65d3397700 1 -- --> [v2:172.21.15.113:3300/0,v1:172.21.15.113:6789/0] -- mon_getmap magic: 0 -- 0x7f65cc105b00 con 0x7f65cc105110
2024-04-19T22:35:23.374 INFO:teuthology.orchestra.run.smithi113.stdout:/usr/bin/ceph: stderr
2024-04-19T22:35:22.315+0000 7f65d1133700 1 --2- >> [v2:172.21.15.113:3300/0,v1:172.21.15.113:6789/0] conn(0x7f65cc105110 0x7f65cc105530 unknown :-1 s=BANNER_CONNECTING pgs=0 cs=0 l=0 rev1=0 crypto rx=0 tx=0 comp rx=0 tx=0)._handle_peer_banner_payload supported=3 required=0
2024-04-19T22:35:23.374 INFO:teuthology.orchestra.run.smithi113.stdout:/usr/bin/ceph: stderr
2024-04-19T22:35:22.315+0000 7f65d1133700 1 --2- >> [v2:172.21.15.113:3300/0,v1:172.21.15.113:6789/0] conn(0x7f65cc105110 0x7f65cc105530 unknown :-1 s=HELLO_CONNECTING pgs=0 cs=0 l=0 rev1=1 crypto rx=0 tx=0 comp rx=0 tx=0).handle_hello peer v2:172.21.15.113:3300/0 says I am v2:172.21.15.113:34928/0 (socket says 172.21.15.113:34928)
2024-04-19T22:35:23.374 INFO:teuthology.orchestra.run.smithi113.stdout:/usr/bin/ceph: stderr
2024-04-19T22:35:22.315+0000 7f65d1133700 1 -- 172.21.15.113:0/2870389574 learned_addr learned my addr 172.21.15.113:0/2870389574 (peer_addr_for_me v2:172.21.15.113:0/0)
2024-04-19T22:35:23.374 INFO:teuthology.orchestra.run.smithi113.stdout:/usr/bin/ceph: stderr
2024-04-19T22:35:22.315+0000 7f65d1133700 1 -- 172.21.15.113:0/2870389574 --> [v2:172.21.15.113:3300/0,v1:172.21.15.113:6789/0] -- mon_subscribe({config=0+,monmap=0+}) -- 0x7f65cc106310 con 0x7f65cc105110
2024-04-19T22:35:23.374 INFO:teuthology.orchestra.run.smithi113.stdout:/usr/bin/ceph: stderr
2024-04-19T22:35:22.315+0000 7f65d1133700 1 --2- 172.21.15.113:0/2870389574 >> [v2:172.21.15.113:3300/0,v1:172.21.15.113:6789/0] conn(0x7f65cc105110 0x7f65cc105530 secure :-1 s=READY pgs=37 cs=0 l=1 rev1=1 crypto rx=0x7f65bc009e80 tx=0x7f65bc00b330 comp rx=0 tx=0).ready entity=mon.0 client_cookie=6c04c02d27b84b0d server_cookie=0 in_seq=0 out_seq=0
2024-04-19T22:35:23.374 INFO:teuthology.orchestra.run.smithi113.stdout:/usr/bin/ceph: stderr
2024-04-19T22:35:22.315+0000 7f65cbfff700 1 -- 172.21.15.113:0/2870389574 <== mon.0 v2:172.21.15.113:3300/0 1 ==== mon_map magic: 0 ==== 205+0+0 (secure 0 0 0) 0x7f65bc017070 con 0x7f65cc105110
2024-04-19T22:35:23.375 INFO:teuthology.orchestra.run.smithi113.stdout:/usr/bin/ceph: stderr
2024-04-19T22:35:22.315+0000 7f65cbfff700 1 -- 172.21.15.113:0/2870389574 <== mon.0 v2:172.21.15.113:3300/0 2 ==== config(26 keys) ==== 1062+0+0 (secure 0 0 0) 0x7f65bc00b8c0 con 0x7f65cc105110
2024-04-19T22:35:23.375 INFO:teuthology.orchestra.run.smithi113.stdout:/usr/bin/ceph: stderr
2024-04-19T22:35:22.315+0000 7f65cbfff700 1 -- 172.21.15.113:0/2870389574 <== mon.0 v2:172.21.15.113:3300/0 3 ==== mon_map magic: 0 ==== 205+0+0 (secure 0 0 0) 0x7f65bc004470 con 0x7f65cc105110
2024-04-19T22:35:23.375 INFO:teuthology.orchestra.run.smithi113.stdout:/usr/bin/ceph: stderr
2024-04-19T22:35:22.315+0000 7f65d3397700 1 -- 172.21.15.113:0/2870389574 >> [v2:172.21.15.113:3300/0,v1:172.21.15.113:6789/0] conn(0x7f65cc105110 msgr2=0x7f65cc105530 secure :-1 s=STATE_CONNECTION_ESTABLISHED l=1).mark_down
2024-04-19T22:35:23.375 INFO:teuthology.orchestra.run.smithi113.stdout:/usr/bin/ceph: stderr
2024-04-19T22:35:22.315+0000 7f65d3397700 1 --2- 172.21.15.113:0/2870389574 >> [v2:172.21.15.113:3300/0,v1:172.21.15.113:6789/0] conn(0x7f65cc105110 0x7f65cc105530 secure :-1 s=READY pgs=37 cs=0 l=1 rev1=1 crypto rx=0x7f65bc009e80 tx=0x7f65bc00b330 comp rx=0 tx=0).stop
2024-04-19T22:35:23.375 INFO:teuthology.orchestra.run.smithi113.stdout:/usr/bin/ceph: stderr
2024-04-19T22:35:22.315+0000 7f65d3397700 1 -- 172.21.15.113:0/2870389574 shutdown_connections
2024-04-19T22:35:23.375 INFO:teuthology.orchestra.run.smithi113.stdout:/usr/bin/ceph: stderr
2024-04-19T22:35:22.315+0000 7f65d3397700 1 --2- 172.21.15.113:0/2870389574 >> [v2:172.21.15.113:3300/0,v1:172.21.15.113:6789/0] conn(0x7f65cc105110 0x7f65cc105530 unknown :-1 s=CLOSED pgs=37 cs=0 l=1 rev1=1 crypto rx=0 tx=0 comp rx=0 tx=0).stop
2024-04-19T22:35:23.375 INFO:teuthology.orchestra.run.smithi113.stdout:/usr/bin/ceph: stderr
2024-04-19T22:35:22.315+0000 7f65d3397700 1 -- 172.21.15.113:0/2870389574 >> 172.21.15.113:0/2870389574 conn(0x7f65cc100690 msgr2=0x7f65cc102af0 unknown :-1 s=STATE_NONE l=0).mark_down
2024-04-19T22:35:23.375 INFO:teuthology.orchestra.run.smithi113.stdout:/usr/bin/ceph: stderr
2024-04-19T22:35:22.315+0000 7f65d3397700 1 -- 172.21.15.113:0/2870389574 shutdown_connections
2024-04-19T22:35:23.375 INFO:teuthology.orchestra.run.smithi113.stdout:/usr/bin/ceph: stderr
2024-04-19T22:35:22.315+0000 7f65d3397700 1 -- 172.21.15.113:0/2870389574 wait complete.
2024-04-19T22:35:23.375 INFO:teuthology.orchestra.run.smithi113.stdout:/usr/bin/ceph: stderr
2024-04-19T22:35:22.315+0000 7f65d3397700 1 Processor -- start
2024-04-19T22:35:23.375 INFO:teuthology.orchestra.run.smithi113.stdout:/usr/bin/ceph: stderr
2024-04-19T22:35:22.315+0000 7f65d3397700 1 -- start start
2024-04-19T22:35:23.375 INFO:teuthology.orchestra.run.smithi113.stdout:/usr/bin/ceph: stderr
2024-04-19T22:35:22.315+0000 7f65d3397700 1 --2- >> [v2:172.21.15.113:3300/0,v1:172.21.15.113:6789/0] conn(0x7f65cc105110 0x7f65cc19c400 unknown :-1 s=NONE pgs=0 cs=0 l=1 rev1=0 crypto rx=0 tx=0 comp rx=0 tx=0).connect
2024-04-19T22:35:23.375 INFO:teuthology.orchestra.run.smithi113.stdout:/usr/bin/ceph: stderr
2024-04-19T22:35:22.315+0000 7f65d3397700 1 -- --> [v2:172.21.15.113:3300/0,v1:172.21.15.113:6789/0] -- mon_getmap magic: 0 -- 0x7f65cc1096c0 con 0x7f65cc105110
2024-04-19T22:35:23.375 INFO:teuthology.orchestra.run.smithi113.stdout:/usr/bin/ceph: stderr
2024-04-19T22:35:22.315+0000 7f65d1133700 1 --2- >> [v2:172.21.15.113:3300/0,v1:172.21.15.113:6789/0] conn(0x7f65cc105110 0x7f65cc19c400 unknown :-1 s=BANNER_CONNECTING pgs=0 cs=0 l=1 rev1=0 crypto rx=0 tx=0 comp rx=0 tx=0)._handle_peer_banner_payload supported=3 required=0
2024-04-19T22:35:23.376 INFO:teuthology.orchestra.run.smithi113.stdout:/usr/bin/ceph: stderr
2024-04-19T22:35:22.315+0000 7f65d1133700 1 --2- >> [v2:172.21.15.113:3300/0,v1:172.21.15.113:6789/0] conn(0x7f65cc105110 0x7f65cc19c400 unknown :-1 s=HELLO_CONNECTING pgs=0 cs=0 l=1 rev1=1 crypto rx=0 tx=0 comp rx=0 tx=0).handle_hello peer v2:172.21.15.113:3300/0 says I am v2:172.21.15.113:34936/0 (socket says 172.21.15.113:34936)
2024-04-19T22:35:23.376 INFO:teuthology.orchestra.run.smithi113.stdout:/usr/bin/ceph: stderr
2024-04-19T22:35:22.315+0000 7f65d1133700 1 -- 172.21.15.113:0/1948417520 learned_addr learned my addr 172.21.15.113:0/1948417520 (peer_addr_for_me v2:172.21.15.113:0/0)
2024-04-19T22:35:23.376 INFO:teuthology.orchestra.run.smithi113.stdout:/usr/bin/ceph: stderr
2024-04-19T22:35:22.315+0000 7f65d1133700 1 -- 172.21.15.113:0/1948417520 --> [v2:172.21.15.113:3300/0,v1:172.21.15.113:6789/0] -- mon_subscribe({config=0+,monmap=0+}) -- 0x7f65cc19c940 con 0x7f65cc105110
2024-04-19T22:35:23.376 INFO:teuthology.orchestra.run.smithi113.stdout:/usr/bin/ceph: stderr
2024-04-19T22:35:22.315+0000 7f65d1133700 1 --2- 172.21.15.113:0/1948417520 >> [v2:172.21.15.113:3300/0,v1:172.21.15.113:6789/0] conn(0x7f65cc105110 0x7f65cc19c400 secure :-1 s=READY pgs=38 cs=0 l=1 rev1=1 crypto rx=0x7f65bc009fd0 tx=0x7f65bc00be90 comp rx=0 tx=0).ready entity=mon.0 client_cookie=0 server_cookie=0 in_seq=0 out_seq=0
2024-04-19T22:35:23.376 INFO:teuthology.orchestra.run.smithi113.stdout:/usr/bin/ceph: stderr
2024-04-19T22:35:22.315+0000 7f65ca7fc700 1 -- 172.21.15.113:0/1948417520 <== mon.0 v2:172.21.15.113:3300/0 1 ==== mon_map magic: 0 ==== 205+0+0 (secure 0 0 0) 0x7f65bc021020 con 0x7f65cc105110
2024-04-19T22:35:23.376 INFO:teuthology.orchestra.run.smithi113.stdout:/usr/bin/ceph: stderr
2024-04-19T22:35:22.315+0000 7f65ca7fc700 1 -- 172.21.15.113:0/1948417520 <== mon.0 v2:172.21.15.113:3300/0 2 ==== config(26 keys) ==== 1062+0+0 (secure 0 0 0) 0x7f65bc003d00 con 0x7f65cc105110
2024-04-19T22:35:23.376 INFO:teuthology.orchestra.run.smithi113.stdout:/usr/bin/ceph: stderr
2024-04-19T22:35:22.315+0000 7f65d3397700 1 -- 172.21.15.113:0/1948417520 --> [v2:172.21.15.113:3300/0,v1:172.21.15.113:6789/0] -- mon_subscribe({mgrmap=0+}) -- 0x7f65cc19cbd0 con 0x7f65cc105110
2024-04-19T22:35:23.376 INFO:teuthology.orchestra.run.smithi113.stdout:/usr/bin/ceph: stderr
2024-04-19T22:35:22.315+0000 7f65ca7fc700 1 -- 172.21.15.113:0/1948417520 <== mon.0 v2:172.21.15.113:3300/0 3 ==== mon_map magic: 0 ==== 205+0+0 (secure 0 0 0) 0x7f65bc017040 con 0x7f65cc105110
2024-04-19T22:35:23.376 INFO:teuthology.orchestra.run.smithi113.stdout:/usr/bin/ceph: stderr
2024-04-19T22:35:22.315+0000 7f65d3397700 1 -- 172.21.15.113:0/1948417520 --> [v2:172.21.15.113:3300/0,v1:172.21.15.113:6789/0] -- mon_subscribe({osdmap=0}) -- 0x7f65cc19f8c0 con 0x7f65cc105110
2024-04-19T22:35:23.376 INFO:teuthology.orchestra.run.smithi113.stdout:/usr/bin/ceph: stderr
2024-04-19T22:35:22.319+0000 7f65ca7fc700 1 -- 172.21.15.113:0/1948417520 <== mon.0 v2:172.21.15.113:3300/0 4 ==== mgrmap(e 8) ==== 46252+0+0 (secure 0 0 0) 0x7f65bc024020 con 0x7f65cc105110
2024-04-19T22:35:23.376 INFO:teuthology.orchestra.run.smithi113.stdout:/usr/bin/ceph: stderr
2024-04-19T22:35:22.319+0000 7f65d3397700 1 -- 172.21.15.113:0/1948417520 --> [v2:172.21.15.113:3300/0,v1:172.21.15.113:6789/0] -- mon_command({"prefix": "get_command_descriptions"} v 0) -- 0x7f65b8005120 con 0x7f65cc105110
2024-04-19T22:35:23.376 INFO:teuthology.orchestra.run.smithi113.stdout:/usr/bin/ceph: stderr
2024-04-19T22:35:22.319+0000 7f65ca7fc700 1 --2- 172.21.15.113:0/1948417520 >> v2:172.21.15.113:6800/2227053540 conn(0x7f65b4039000 0x7f65b403b4c0 unknown :-1 s=NONE pgs=0 cs=0 l=1 rev1=0 crypto rx=0 tx=0 comp rx=0 tx=0).connect
2024-04-19T22:35:23.376 INFO:teuthology.orchestra.run.smithi113.stdout:/usr/bin/ceph: stderr
2024-04-19T22:35:22.319+0000 7f65ca7fc700 1 -- 172.21.15.113:0/1948417520 <== mon.0 v2:172.21.15.113:3300/0 5 ==== osd_map(2..2 src has 1..2) ==== 897+0+0 (secure 0 0 0) 0x7f65bc00f050 con 0x7f65cc105110
2024-04-19T22:35:23.376 INFO:teuthology.orchestra.run.smithi113.stdout:/usr/bin/ceph: stderr
2024-04-19T22:35:22.319+0000 7f65d0932700 1 --2- 172.21.15.113:0/1948417520 >> v2:172.21.15.113:6800/2227053540 conn(0x7f65b4039000 0x7f65b403b4c0 unknown :-1 s=BANNER_CONNECTING pgs=0 cs=0 l=1 rev1=0 crypto rx=0 tx=0 comp rx=0 tx=0)._handle_peer_banner_payload supported=3 required=0
2024-04-19T22:35:23.377 INFO:teuthology.orchestra.run.smithi113.stdout:/usr/bin/ceph: stderr
2024-04-19T22:35:22.319+0000 7f65d0932700 1 --2- 172.21.15.113:0/1948417520 >> v2:172.21.15.113:6800/2227053540 conn(0x7f65b4039000 0x7f65b403b4c0 secure :-1 s=READY pgs=7 cs=0 l=1 rev1=1 crypto rx=0x7f65c0006fd0 tx=0x7f65c0006e40 comp rx=0 tx=0).ready entity=mgr.14120 client_cookie=0 server_cookie=0 in_seq=0 out_seq=0
2024-04-19T22:35:23.377 INFO:teuthology.orchestra.run.smithi113.stdout:/usr/bin/ceph: stderr
2024-04-19T22:35:22.323+0000 7f65ca7fc700 1 -- 172.21.15.113:0/1948417520 <== mon.0 v2:172.21.15.113:3300/0 6 ==== mon_command_ack([{"prefix": "get_command_descriptions"}]=0 v0) ==== 72+0+186074 (secure 0 0 0) 0x7f65bc02b020 con 0x7f65cc105110
2024-04-19T22:35:23.377 INFO:teuthology.orchestra.run.smithi113.stdout:/usr/bin/ceph: stderr
2024-04-19T22:35:22.727+0000 7f65d3397700 1 -- 172.21.15.113:0/1948417520 --> v2:172.21.15.113:6800/2227053540 -- mgr_command(tid 0: {"prefix": "orch set backend", "module_name": "cephadm", "target": ["mon-mgr", ""]}) -- 0x7f65b8000bc0 con 0x7f65b4039000
2024-04-19T22:35:23.377 INFO:teuthology.orchestra.run.smithi113.stdout:/usr/bin/ceph: stderr
2024-04-19T22:35:22.735+0000 7f65ca7fc700 1 -- 172.21.15.113:0/1948417520 <== mgr.14120 v2:172.21.15.113:6800/2227053540 1 ==== mgr_command_reply(tid 0: 0 ) ==== 8+0+0 (secure 0 0 0) 0x7f65b8000bc0 con 0x7f65b4039000
2024-04-19T22:35:23.377 INFO:teuthology.orchestra.run.smithi113.stdout:/usr/bin/ceph: stderr
2024-04-19T22:35:22.739+0000 7f65d3397700 1 -- 172.21.15.113:0/1948417520 >> v2:172.21.15.113:6800/2227053540 conn(0x7f65b4039000 msgr2=0x7f65b403b4c0 secure :-1 s=STATE_CONNECTION_ESTABLISHED l=1).mark_down
2024-04-19T22:35:23.377 INFO:teuthology.orchestra.run.smithi113.stdout:/usr/bin/ceph: stderr
2024-04-19T22:35:22.739+0000 7f65d3397700 1 --2- 172.21.15.113:0/1948417520 >> v2:172.21.15.113:6800/2227053540 conn(0x7f65b4039000 0x7f65b403b4c0 secure :-1 s=READY pgs=7 cs=0 l=1 rev1=1 crypto rx=0x7f65c0006fd0 tx=0x7f65c0006e40 comp rx=0 tx=0).stop
2024-04-19T22:35:23.377 INFO:teuthology.orchestra.run.smithi113.stdout:/usr/bin/ceph: stderr
2024-04-19T22:35:22.739+0000 7f65d3397700 1 -- 172.21.15.113:0/1948417520 >> [v2:172.21.15.113:3300/0,v1:172.21.15.113:6789/0] conn(0x7f65cc105110 msgr2=0x7f65cc19c400 secure :-1 s=STATE_CONNECTION_ESTABLISHED l=1).mark_down
2024-04-19T22:35:23.377 INFO:teuthology.orchestra.run.smithi113.stdout:/usr/bin/ceph: stderr
2024-04-19T22:35:22.739+0000 7f65d3397700 1 --2- 172.21.15.113:0/1948417520 >> [v2:172.21.15.113:3300/0,v1:172.21.15.113:6789/0] conn(0x7f65cc105110 0x7f65cc19c400 secure :-1 s=READY pgs=38 cs=0 l=1 rev1=1 crypto rx=0x7f65bc009fd0 tx=0x7f65bc00be90 comp rx=0 tx=0).stop
2024-04-19T22:35:23.377 INFO:teuthology.orchestra.run.smithi113.stdout:/usr/bin/ceph: stderr
2024-04-19T22:35:22.739+0000 7f65d3397700 1 -- 172.21.15.113:0/1948417520 shutdown_connections
2024-04-19T22:35:23.377 INFO:teuthology.orchestra.run.smithi113.stdout:/usr/bin/ceph: stderr
2024-04-19T22:35:22.739+0000 7f65d3397700 1 --2- 172.21.15.113:0/1948417520 >> v2:172.21.15.113:6800/2227053540 conn(0x7f65b4039000 0x7f65b403b4c0 unknown :-1 s=CLOSED pgs=7 cs=0 l=1 rev1=1 crypto rx=0 tx=0 comp rx=0 tx=0).stop
2024-04-19T22:35:23.377 INFO:teuthology.orchestra.run.smithi113.stdout:/usr/bin/ceph: stderr
2024-04-19T22:35:22.739+0000 7f65d3397700 1 --2- 172.21.15.113:0/1948417520 >> [v2:172.21.15.113:3300/0,v1:172.21.15.113:6789/0] conn(0x7f65cc105110 0x7f65cc19c400 unknown :-1 s=CLOSED pgs=38 cs=0 l=1 rev1=1 crypto rx=0 tx=0 comp rx=0 tx=0).stop
2024-04-19T22:35:23.377 INFO:teuthology.orchestra.run.smithi113.stdout:/usr/bin/ceph: stderr
2024-04-19T22:35:22.739+0000 7f65d3397700 1 -- 172.21.15.113:0/1948417520 >> 172.21.15.113:0/1948417520 conn(0x7f65cc100690 msgr2=0x7f65cc1015a0 unknown :-1 s=STATE_NONE l=0).mark_down
2024-04-19T22:35:23.377 INFO:teuthology.orchestra.run.smithi113.stdout:/usr/bin/ceph: stderr
2024-04-19T22:35:22.739+0000 7f65d3397700 1 -- 172.21.15.113:0/1948417520 shutdown_connections
2024-04-19T22:35:23.377 INFO:teuthology.orchestra.run.smithi113.stdout:/usr/bin/ceph: stderr
2024-04-19T22:35:22.739+0000 7f65d3397700 1 -- 172.21.15.113:0/1948417520 wait complete.
2024-04-19T22:35:24.288 INFO:journalctl@ceph.mon.a.smithi113.stdout:Apr 19 22:35:23 smithi113 bash[21528]: audit
2024-04-19T22:35:22.733398+0000 mgr.y (mgr.14120) 8 : audit 0 from='client.14132 -' entity='client.admin' cmd=[{"prefix": "orch set backend", "module_name": "cephadm", "target": ["mon-mgr", ""]}]: dispatch
2024-04-19T22:35:25.132 INFO:teuthology.orchestra.run.smithi113.stdout:/usr/bin/ceph: stdout value unchanged
2024-04-19T22:35:25.132 INFO:teuthology.orchestra.run.smithi113.stdout:/usr/bin/ceph: stderr
2024-04-19T22:35:24.183+0000 7f956fbe6700 1 Processor -- start
2024-04-19T22:35:25.132 INFO:teuthology.orchestra.run.smithi113.stdout:/usr/bin/ceph: stderr
2024-04-19T22:35:24.183+0000 7f956fbe6700 1 -- start start
2024-04-19T22:35:25.132 INFO:teuthology.orchestra.run.smithi113.stdout:/usr/bin/ceph: stderr
2024-04-19T22:35:24.183+0000 7f956fbe6700 1 --2- >> [v2:172.21.15.113:3300/0,v1:172.21.15.113:6789/0] conn(0x7f956810d050 0x7f956810f440 unknown :-1 s=NONE pgs=0 cs=0 l=0 rev1=0 crypto rx=0 tx=0 comp rx=0 tx=0).connect
2024-04-19T22:35:25.132 INFO:teuthology.orchestra.run.smithi113.stdout:/usr/bin/ceph: stderr
2024-04-19T22:35:24.183+0000 7f956fbe6700 1 -- --> [v2:172.21.15.113:3300/0,v1:172.21.15.113:6789/0] -- mon_getmap magic: 0 -- 0x7f956810fa10 con 0x7f956810d050
2024-04-19T22:35:25.132 INFO:teuthology.orchestra.run.smithi113.stdout:/usr/bin/ceph: stderr
2024-04-19T22:35:24.183+0000 7f956d982700 1 --2- >> [v2:172.21.15.113:3300/0,v1:172.21.15.113:6789/0] conn(0x7f956810d050 0x7f956810f440 unknown :-1 s=BANNER_CONNECTING pgs=0 cs=0 l=0 rev1=0 crypto rx=0 tx=0 comp rx=0 tx=0)._handle_peer_banner_payload supported=3 required=0
2024-04-19T22:35:25.132 INFO:teuthology.orchestra.run.smithi113.stdout:/usr/bin/ceph: stderr
2024-04-19T22:35:24.183+0000 7f956d982700 1 --2- >> [v2:172.21.15.113:3300/0,v1:172.21.15.113:6789/0] conn(0x7f956810d050 0x7f956810f440 unknown :-1 s=HELLO_CONNECTING pgs=0 cs=0 l=0 rev1=1 crypto rx=0 tx=0 comp rx=0 tx=0).handle_hello peer v2:172.21.15.113:3300/0 says I am v2:172.21.15.113:34946/0 (socket says 172.21.15.113:34946)
2024-04-19T22:35:25.132 INFO:teuthology.orchestra.run.smithi113.stdout:/usr/bin/ceph: stderr
2024-04-19T22:35:24.183+0000 7f956d982700 1 -- 172.21.15.113:0/4089644630 learned_addr learned my addr 172.21.15.113:0/4089644630 (peer_addr_for_me v2:172.21.15.113:0/0)
2024-04-19T22:35:25.133 INFO:teuthology.orchestra.run.smithi113.stdout:/usr/bin/ceph: stderr
2024-04-19T22:35:24.183+0000 7f956d982700 1 -- 172.21.15.113:0/4089644630 --> [v2:172.21.15.113:3300/0,v1:172.21.15.113:6789/0] -- mon_subscribe({config=0+,monmap=0+}) -- 0x7f956810fb90 con 0x7f956810d050
2024-04-19T22:35:25.133 INFO:teuthology.orchestra.run.smithi113.stdout:/usr/bin/ceph: stderr
2024-04-19T22:35:24.183+0000 7f956d982700 1 --2- 172.21.15.113:0/4089644630 >> [v2:172.21.15.113:3300/0,v1:172.21.15.113:6789/0] conn(0x7f956810d050 0x7f956810f440 secure :-1 s=READY pgs=39 cs=0 l=1 rev1=1 crypto rx=0x7f95580098a0 tx=0x7f9558009bb0 comp rx=0 tx=0).ready entity=mon.0 client_cookie=a4e221816085689b server_cookie=0 in_seq=0 out_seq=0
2024-04-19T22:35:25.133 INFO:teuthology.orchestra.run.smithi113.stdout:/usr/bin/ceph: stderr
2024-04-19T22:35:24.183+0000 7f956c980700 1 -- 172.21.15.113:0/4089644630 <== mon.0 v2:172.21.15.113:3300/0 1 ==== mon_map magic: 0 ==== 205+0+0 (secure 0 0 0) 0x7f9558004160 con 0x7f956810d050
2024-04-19T22:35:25.133 INFO:teuthology.orchestra.run.smithi113.stdout:/usr/bin/ceph: stderr
2024-04-19T22:35:24.183+0000 7f956c980700 1 -- 172.21.15.113:0/4089644630 <== mon.0 v2:172.21.15.113:3300/0 2 ==== config(26 keys) ==== 1062+0+0 (secure 0 0 0) 0x7f9558004300 con 0x7f956810d050
2024-04-19T22:35:25.133 INFO:teuthology.orchestra.run.smithi113.stdout:/usr/bin/ceph: stderr
2024-04-19T22:35:24.183+0000 7f956c980700 1 -- 172.21.15.113:0/4089644630 <== mon.0 v2:172.21.15.113:3300/0 3 ==== mon_map magic: 0 ==== 205+0+0 (secure 0 0 0) 0x7f9558011a60 con 0x7f956810d050
2024-04-19T22:35:25.133 INFO:teuthology.orchestra.run.smithi113.stdout:/usr/bin/ceph: stderr
2024-04-19T22:35:24.187+0000 7f956fbe6700 1 -- 172.21.15.113:0/4089644630 >> [v2:172.21.15.113:3300/0,v1:172.21.15.113:6789/0] conn(0x7f956810d050 msgr2=0x7f956810f440 secure :-1 s=STATE_CONNECTION_ESTABLISHED l=1).mark_down
2024-04-19T22:35:25.133 INFO:teuthology.orchestra.run.smithi113.stdout:/usr/bin/ceph: stderr
2024-04-19T22:35:24.187+0000 7f956fbe6700 1 --2- 172.21.15.113:0/4089644630 >> [v2:172.21.15.113:3300/0,v1:172.21.15.113:6789/0] conn(0x7f956810d050 0x7f956810f440 secure :-1 s=READY pgs=39 cs=0 l=1 rev1=1 crypto rx=0x7f95580098a0 tx=0x7f9558009bb0 comp rx=0 tx=0).stop
2024-04-19T22:35:25.133 INFO:teuthology.orchestra.run.smithi113.stdout:/usr/bin/ceph: stderr
2024-04-19T22:35:24.187+0000 7f956fbe6700 1 -- 172.21.15.113:0/4089644630 shutdown_connections
2024-04-19T22:35:25.133 INFO:teuthology.orchestra.run.smithi113.stdout:/usr/bin/ceph: stderr
2024-04-19T22:35:24.187+0000 7f956fbe6700 1 --2- 172.21.15.113:0/4089644630 >> [v2:172.21.15.113:3300/0,v1:172.21.15.113:6789/0] conn(0x7f956810d050 0x7f956810f440 unknown :-1 s=CLOSED pgs=39 cs=0 l=1 rev1=1 crypto rx=0 tx=0 comp rx=0 tx=0).stop
2024-04-19T22:35:25.133 INFO:teuthology.orchestra.run.smithi113.stdout:/usr/bin/ceph: stderr
2024-04-19T22:35:24.187+0000 7f956fbe6700 1 -- 172.21.15.113:0/4089644630 >> 172.21.15.113:0/4089644630 conn(0x7f956807b820 msgr2=0x7f956807dc60 unknown :-1 s=STATE_NONE l=0).mark_down
2024-04-19T22:35:25.133 INFO:teuthology.orchestra.run.smithi113.stdout:/usr/bin/ceph: stderr
2024-04-19T22:35:24.187+0000 7f956fbe6700 1 -- 172.21.15.113:0/4089644630 shutdown_connections
2024-04-19T22:35:25.134 INFO:teuthology.orchestra.run.smithi113.stdout:/usr/bin/ceph: stderr
2024-04-19T22:35:24.187+0000 7f956fbe6700 1 -- 172.21.15.113:0/4089644630 wait complete.
2024-04-19T22:35:25.134 INFO:teuthology.orchestra.run.smithi113.stdout:/usr/bin/ceph: stderr
2024-04-19T22:35:24.187+0000 7f956fbe6700 1 Processor -- start
2024-04-19T22:35:25.134 INFO:teuthology.orchestra.run.smithi113.stdout:/usr/bin/ceph: stderr
2024-04-19T22:35:24.187+0000 7f956fbe6700 1 -- start start
2024-04-19T22:35:25.134 INFO:teuthology.orchestra.run.smithi113.stdout:/usr/bin/ceph: stderr
2024-04-19T22:35:24.187+0000 7f956fbe6700 1 --2- >> [v2:172.21.15.113:3300/0,v1:172.21.15.113:6789/0] conn(0x7f956810d050 0x7f95681a0710 unknown :-1 s=NONE pgs=0 cs=0 l=1 rev1=0 crypto rx=0 tx=0 comp rx=0 tx=0).connect
2024-04-19T22:35:25.134 INFO:teuthology.orchestra.run.smithi113.stdout:/usr/bin/ceph: stderr
2024-04-19T22:35:24.187+0000 7f956fbe6700 1 -- --> [v2:172.21.15.113:3300/0,v1:172.21.15.113:6789/0] -- mon_getmap magic: 0 -- 0x7f9568110bc0 con 0x7f956810d050
2024-04-19T22:35:25.134 INFO:teuthology.orchestra.run.smithi113.stdout:/usr/bin/ceph: stderr
2024-04-19T22:35:24.187+0000 7f956d982700 1 --2- >> [v2:172.21.15.113:3300/0,v1:172.21.15.113:6789/0] conn(0x7f956810d050 0x7f95681a0710 unknown :-1 s=BANNER_CONNECTING pgs=0 cs=0 l=1 rev1=0 crypto rx=0 tx=0 comp rx=0 tx=0)._handle_peer_banner_payload supported=3 required=0
2024-04-19T22:35:25.134 INFO:teuthology.orchestra.run.smithi113.stdout:/usr/bin/ceph: stderr
2024-04-19T22:35:24.187+0000 7f956d982700 1 --2- >> [v2:172.21.15.113:3300/0,v1:172.21.15.113:6789/0] conn(0x7f956810d050 0x7f95681a0710 unknown :-1 s=HELLO_CONNECTING pgs=0 cs=0 l=1 rev1=1 crypto rx=0 tx=0 comp rx=0 tx=0).handle_hello peer v2:172.21.15.113:3300/0 says I am v2:172.21.15.113:34954/0 (socket says 172.21.15.113:34954)
2024-04-19T22:35:25.134 INFO:teuthology.orchestra.run.smithi113.stdout:/usr/bin/ceph: stderr
2024-04-19T22:35:24.187+0000 7f956d982700 1 -- 172.21.15.113:0/2153236569 learned_addr learned my addr 172.21.15.113:0/2153236569 (peer_addr_for_me v2:172.21.15.113:0/0)
2024-04-19T22:35:25.134 INFO:teuthology.orchestra.run.smithi113.stdout:/usr/bin/ceph: stderr
2024-04-19T22:35:24.187+0000 7f956d982700 1 -- 172.21.15.113:0/2153236569 --> [v2:172.21.15.113:3300/0,v1:172.21.15.113:6789/0] -- mon_subscribe({config=0+,monmap=0+}) -- 0x7f95681a0c50 con 0x7f956810d050
2024-04-19T22:35:25.134 INFO:teuthology.orchestra.run.smithi113.stdout:/usr/bin/ceph: stderr
2024-04-19T22:35:24.187+0000 7f956d982700 1 --2- 172.21.15.113:0/2153236569 >> [v2:172.21.15.113:3300/0,v1:172.21.15.113:6789/0] conn(0x7f956810d050 0x7f95681a0710 secure :-1 s=READY pgs=40 cs=0 l=1 rev1=1 crypto rx=0x7f9558011700 tx=0x7f9558011ae0 comp rx=0 tx=0).ready entity=mon.0 client_cookie=0 server_cookie=0 in_seq=0 out_seq=0
2024-04-19T22:35:25.134 INFO:teuthology.orchestra.run.smithi113.stdout:/usr/bin/ceph: stderr
2024-04-19T22:35:24.187+0000 7f9566ffd700 1 -- 172.21.15.113:0/2153236569 <== mon.0 v2:172.21.15.113:3300/0 1 ==== mon_map magic: 0 ==== 205+0+0 (secure 0 0 0) 0x7f9558003aa0 con 0x7f956810d050
2024-04-19T22:35:25.134 INFO:teuthology.orchestra.run.smithi113.stdout:/usr/bin/ceph: stderr
2024-04-19T22:35:24.187+0000 7f9566ffd700 1 -- 172.21.15.113:0/2153236569 <== mon.0 v2:172.21.15.113:3300/0 2 ==== config(26 keys) ==== 1062+0+0 (secure 0 0 0) 0x7f955801a8c0 con 0x7f956810d050
2024-04-19T22:35:25.134 INFO:teuthology.orchestra.run.smithi113.stdout:/usr/bin/ceph: stderr
2024-04-19T22:35:24.187+0000 7f956fbe6700 1 -- 172.21.15.113:0/2153236569 --> [v2:172.21.15.113:3300/0,v1:172.21.15.113:6789/0] -- mon_subscribe({mgrmap=0+}) -- 0x7f95681a0ee0 con 0x7f956810d050
2024-04-19T22:35:25.134 INFO:teuthology.orchestra.run.smithi113.stdout:/usr/bin/ceph: stderr
2024-04-19T22:35:24.187+0000 7f9566ffd700 1 -- 172.21.15.113:0/2153236569 <== mon.0 v2:172.21.15.113:3300/0 3 ==== mon_map magic: 0 ==== 205+0+0 (secure 0 0 0) 0x7f95580248a0 con 0x7f956810d050
2024-04-19T22:35:25.135 INFO:teuthology.orchestra.run.smithi113.stdout:/usr/bin/ceph: stderr
2024-04-19T22:35:24.187+0000 7f956fbe6700 1 -- 172.21.15.113:0/2153236569 --> [v2:172.21.15.113:3300/0,v1:172.21.15.113:6789/0] -- mon_subscribe({osdmap=0}) -- 0x7f95681a3bd0 con 0x7f956810d050
2024-04-19T22:35:25.135 INFO:teuthology.orchestra.run.smithi113.stdout:/usr/bin/ceph: stderr
2024-04-19T22:35:24.187+0000 7f9566ffd700 1 -- 172.21.15.113:0/2153236569 <== mon.0 v2:172.21.15.113:3300/0 4 ==== mgrmap(e 8) ==== 46252+0+0 (secure 0 0 0) 0x7f9558022020 con 0x7f956810d050
2024-04-19T22:35:25.135 INFO:teuthology.orchestra.run.smithi113.stdout:/usr/bin/ceph: stderr
2024-04-19T22:35:24.187+0000 7f956fbe6700 1 -- 172.21.15.113:0/2153236569 --> [v2:172.21.15.113:3300/0,v1:172.21.15.113:6789/0] -- mon_command({"prefix": "get_command_descriptions"} v 0) -- 0x7f9568063890 con 0x7f956810d050
2024-04-19T22:35:25.135 INFO:teuthology.orchestra.run.smithi113.stdout:/usr/bin/ceph: stderr
2024-04-19T22:35:24.187+0000 7f9566ffd700 1 --2- 172.21.15.113:0/2153236569 >> v2:172.21.15.113:6800/2227053540 conn(0x7f9550039060 0x7f955003b520 unknown :-1 s=NONE pgs=0 cs=0 l=1 rev1=0 crypto rx=0 tx=0 comp rx=0 tx=0).connect
2024-04-19T22:35:25.135 INFO:teuthology.orchestra.run.smithi113.stdout:/usr/bin/ceph: stderr
2024-04-19T22:35:24.187+0000 7f9566ffd700 1 -- 172.21.15.113:0/2153236569 <== mon.0 v2:172.21.15.113:3300/0 5 ==== osd_map(2..2 src has 1..2) ==== 897+0+0 (secure 0 0 0) 0x7f955804d0b0 con 0x7f956810d050
2024-04-19T22:35:25.135 INFO:teuthology.orchestra.run.smithi113.stdout:/usr/bin/ceph: stderr
2024-04-19T22:35:24.187+0000 7f956d181700 1 --2- 172.21.15.113:0/2153236569 >> v2:172.21.15.113:6800/2227053540 conn(0x7f9550039060 0x7f955003b520 unknown :-1 s=BANNER_CONNECTING pgs=0 cs=0 l=1 rev1=0 crypto rx=0 tx=0 comp rx=0 tx=0)._handle_peer_banner_payload supported=3 required=0
2024-04-19T22:35:25.135 INFO:teuthology.orchestra.run.smithi113.stdout:/usr/bin/ceph: stderr
2024-04-19T22:35:24.187+0000 7f956d181700 1 --2- 172.21.15.113:0/2153236569 >> v2:172.21.15.113:6800/2227053540 conn(0x7f9550039060 0x7f955003b520 secure :-1 s=READY pgs=8 cs=0 l=1 rev1=1 crypto rx=0x7f955c006fd0 tx=0x7f955c006e40 comp rx=0 tx=0).ready entity=mgr.14120 client_cookie=0 server_cookie=0 in_seq=0 out_seq=0
2024-04-19T22:35:25.135 INFO:teuthology.orchestra.run.smithi113.stdout:/usr/bin/ceph: stderr
2024-04-19T22:35:24.195+0000 7f9566ffd700 1 -- 172.21.15.113:0/2153236569 <== mon.0 v2:172.21.15.113:3300/0 6 ==== mon_command_ack([{"prefix": "get_command_descriptions"}]=0 v0) ==== 72+0+186074 (secure 0 0 0) 0x7f95580212c0 con 0x7f956810d050
2024-04-19T22:35:25.135 INFO:teuthology.orchestra.run.smithi113.stdout:/usr/bin/ceph: stderr
2024-04-19T22:35:24.559+0000 7f956fbe6700 1 -- 172.21.15.113:0/2153236569 --> v2:172.21.15.113:6800/2227053540 -- mgr_command(tid 0: {"prefix": "cephadm set-user", "user": "root", "target": ["mon-mgr", ""]}) -- 0x7f956807c9f0 con 0x7f9550039060
2024-04-19T22:35:25.135 INFO:teuthology.orchestra.run.smithi113.stdout:/usr/bin/ceph: stderr
2024-04-19T22:35:24.559+0000 7f9566ffd700 1 -- 172.21.15.113:0/2153236569 <== mgr.14120 v2:172.21.15.113:6800/2227053540 1 ==== mgr_command_reply(tid 0: 0 ) ==== 8+0+16 (secure 0 0 0) 0x7f956807c9f0 con 0x7f9550039060
2024-04-19T22:35:25.135 INFO:teuthology.orchestra.run.smithi113.stdout:/usr/bin/ceph: stderr
2024-04-19T22:35:24.563+0000 7f956fbe6700 1 -- 172.21.15.113:0/2153236569 >> v2:172.21.15.113:6800/2227053540 conn(0x7f9550039060 msgr2=0x7f955003b520 secure :-1 s=STATE_CONNECTION_ESTABLISHED l=1).mark_down
2024-04-19T22:35:25.135 INFO:teuthology.orchestra.run.smithi113.stdout:/usr/bin/ceph: stderr
2024-04-19T22:35:24.563+0000 7f956fbe6700 1 --2- 172.21.15.113:0/2153236569 >> v2:172.21.15.113:6800/2227053540 conn(0x7f9550039060 0x7f955003b520 secure :-1 s=READY pgs=8 cs=0 l=1 rev1=1 crypto rx=0x7f955c006fd0 tx=0x7f955c006e40 comp rx=0 tx=0).stop
2024-04-19T22:35:25.135 INFO:teuthology.orchestra.run.smithi113.stdout:/usr/bin/ceph: stderr
2024-04-19T22:35:24.563+0000 7f956fbe6700 1 -- 172.21.15.113:0/2153236569 >> [v2:172.21.15.113:3300/0,v1:172.21.15.113:6789/0] conn(0x7f956810d050 msgr2=0x7f95681a0710 secure :-1 s=STATE_CONNECTION_ESTABLISHED l=1).mark_down
2024-04-19T22:35:25.136 INFO:teuthology.orchestra.run.smithi113.stdout:/usr/bin/ceph: stderr
2024-04-19T22:35:24.563+0000 7f956fbe6700 1 --2- 172.21.15.113:0/2153236569 >> [v2:172.21.15.113:3300/0,v1:172.21.15.113:6789/0] conn(0x7f956810d050 0x7f95681a0710 secure :-1 s=READY pgs=40 cs=0 l=1 rev1=1 crypto rx=0x7f9558011700 tx=0x7f9558011ae0 comp rx=0 tx=0).stop
2024-04-19T22:35:25.136 INFO:teuthology.orchestra.run.smithi113.stdout:/usr/bin/ceph: stderr
2024-04-19T22:35:24.563+0000 7f956fbe6700 1 -- 172.21.15.113:0/2153236569 shutdown_connections
2024-04-19T22:35:25.136 INFO:teuthology.orchestra.run.smithi113.stdout:/usr/bin/ceph: stderr
2024-04-19T22:35:24.563+0000 7f956fbe6700 1 --2- 172.21.15.113:0/2153236569 >> v2:172.21.15.113:6800/2227053540 conn(0x7f9550039060 0x7f955003b520 unknown :-1 s=CLOSED pgs=8 cs=0 l=1 rev1=1 crypto rx=0 tx=0 comp rx=0 tx=0).stop
2024-04-19T22:35:25.136 INFO:teuthology.orchestra.run.smithi113.stdout:/usr/bin/ceph: stderr
2024-04-19T22:35:24.563+0000 7f956fbe6700 1 --2- 172.21.15.113:0/2153236569 >> [v2:172.21.15.113:3300/0,v1:172.21.15.113:6789/0] conn(0x7f956810d050 0x7f95681a0710 unknown :-1 s=CLOSED pgs=40 cs=0 l=1 rev1=1 crypto rx=0 tx=0 comp rx=0 tx=0).stop
2024-04-19T22:35:25.136 INFO:teuthology.orchestra.run.smithi113.stdout:/usr/bin/ceph: stderr
2024-04-19T22:35:24.563+0000 7f956fbe6700 1 -- 172.21.15.113:0/2153236569 >> 172.21.15.113:0/2153236569 conn(0x7f956807b820 msgr2=0x7f956807c2e0 unknown :-1 s=STATE_NONE l=0).mark_down
2024-04-19T22:35:25.136 INFO:teuthology.orchestra.run.smithi113.stdout:/usr/bin/ceph: stderr
2024-04-19T22:35:24.563+0000 7f956fbe6700 1 -- 172.21.15.113:0/2153236569 shutdown_connections
2024-04-19T22:35:25.136 INFO:teuthology.orchestra.run.smithi113.stdout:/usr/bin/ceph: stderr
2024-04-19T22:35:24.563+0000 7f956fbe6700 1 -- 172.21.15.113:0/2153236569 wait complete.
2024-04-19T22:35:25.136 INFO:teuthology.orchestra.run.smithi113.stdout:Generating ssh key...
2024-04-19T22:35:25.150 INFO:journalctl@ceph.mon.a.smithi113.stdout:Apr 19 22:35:24 smithi113 bash[21528]: audit
2024-04-19T22:35:24.565780+0000 mgr.y (mgr.14120) 9 : audit 0 from='client.14134 -' entity='client.admin' cmd=[{"prefix": "cephadm set-user", "user": "root", "target": ["mon-mgr", ""]}]: dispatch
2024-04-19T22:35:26.554 INFO:journalctl@ceph.mgr.y.smithi113.stdout:Apr 19 22:35:26 smithi113 bash[21785]: Generating public/private rsa key pair.
2024-04-19T22:35:26.554 INFO:journalctl@ceph.mgr.y.smithi113.stdout:Apr 19 22:35:26 smithi113 bash[21785]: Your identification has been saved in /tmp/tmp0z664bdz/key.
2024-04-19T22:35:26.554 INFO:journalctl@ceph.mgr.y.smithi113.stdout:Apr 19 22:35:26 smithi113 bash[21785]: Your public key has been saved in /tmp/tmp0z664bdz/key.pub.
2024-04-19T22:35:26.554 INFO:journalctl@ceph.mgr.y.smithi113.stdout:Apr 19 22:35:26 smithi113 bash[21785]: The key fingerprint is:
2024-04-19T22:35:26.554 INFO:journalctl@ceph.mgr.y.smithi113.stdout:Apr 19 22:35:26 smithi113 bash[21785]: SHA256:s5fsKqpNmTBY3fA7x8NKmb9LSHgPYKCoxkNHp8GR09I ceph-dd3df874-fe9c-11ee-bc92-c7b262605968
2024-04-19T22:35:26.554 INFO:journalctl@ceph.mgr.y.smithi113.stdout:Apr 19 22:35:26 smithi113 bash[21785]: The key's randomart image is:
2024-04-19T22:35:26.554 INFO:journalctl@ceph.mgr.y.smithi113.stdout:Apr 19 22:35:26 smithi113 bash[21785]: +---[RSA 3072]----+
2024-04-19T22:35:26.555 INFO:journalctl@ceph.mgr.y.smithi113.stdout:Apr 19 22:35:26 smithi113 bash[21785]: | o+*. |
2024-04-19T22:35:26.555 INFO:journalctl@ceph.mgr.y.smithi113.stdout:Apr 19 22:35:26 smithi113 bash[21785]: |...B+E |
2024-04-19T22:35:26.555 INFO:journalctl@ceph.mgr.y.smithi113.stdout:Apr 19 22:35:26 smithi113 bash[21785]: |o..o* o |
2024-04-19T22:35:26.555 INFO:journalctl@ceph.mgr.y.smithi113.stdout:Apr 19 22:35:26 smithi113 bash[21785]: |+o.. o * |
2024-04-19T22:35:26.555 INFO:journalctl@ceph.mgr.y.smithi113.stdout:Apr 19 22:35:26 smithi113 bash[21785]: |o+o . X S |
2024-04-19T22:35:26.555 INFO:journalctl@ceph.mgr.y.smithi113.stdout:Apr 19 22:35:26 smithi113 bash[21785]: |. .o * O = . |
2024-04-19T22:35:26.555 INFO:journalctl@ceph.mgr.y.smithi113.stdout:Apr 19 22:35:26 smithi113 bash[21785]: | + o = + |
2024-04-19T22:35:26.555 INFO:journalctl@ceph.mgr.y.smithi113.stdout:Apr 19 22:35:26 smithi113 bash[21785]: | o .. + |
2024-04-19T22:35:26.555 INFO:journalctl@ceph.mgr.y.smithi113.stdout:Apr 19 22:35:26 smithi113 bash[21785]: | ..o. .+o. |
2024-04-19T22:35:26.555 INFO:journalctl@ceph.mgr.y.smithi113.stdout:Apr 19 22:35:26 smithi113 bash[21785]: +----[SHA256]-----+
2024-04-19T22:35:27.202 INFO:teuthology.orchestra.run.smithi113.stdout:/usr/bin/ceph: stderr
2024-04-19T22:35:26.067+0000 7f7507095700 1 Processor -- start
2024-04-19T22:35:27.202 INFO:teuthology.orchestra.run.smithi113.stdout:/usr/bin/ceph: stderr
2024-04-19T22:35:26.067+0000 7f7507095700 1 -- start start
2024-04-19T22:35:27.202 INFO:teuthology.orchestra.run.smithi113.stdout:/usr/bin/ceph: stderr
2024-04-19T22:35:26.067+0000 7f7507095700 1 --2- >> [v2:172.21.15.113:3300/0,v1:172.21.15.113:6789/0] conn(0x7f7500108420 0x7f7500108840 unknown :-1 s=NONE pgs=0 cs=0 l=0 rev1=0 crypto rx=0 tx=0 comp rx=0 tx=0).connect
2024-04-19T22:35:27.202 INFO:teuthology.orchestra.run.smithi113.stdout:/usr/bin/ceph: stderr
2024-04-19T22:35:26.067+0000 7f7507095700 1 -- --> [v2:172.21.15.113:3300/0,v1:172.21.15.113:6789/0] -- mon_getmap magic: 0 -- 0x7f7500108e10 con 0x7f7500108420
