2024-04-20T03:24:21.148 INFO:journalctl@ceph.mon.smithi033.smithi033.stdout:Apr 20 03:24:20 smithi033 ceph-mon[16976]: from='mgr.14162 172.21.15.33:0/3720317825' entity='mgr.smithi033.nczamh' cmd=[{"prefix": "mon metadata"}]: dispatch
2024-04-20T03:24:21.148 INFO:journalctl@ceph.mon.smithi033.smithi033.stdout:Apr 20 03:24:20 smithi033 ceph-mon[16976]: Manager daemon smithi033.nczamh is now available
2024-04-20T03:24:21.148 INFO:journalctl@ceph.mon.smithi033.smithi033.stdout:Apr 20 03:24:20 smithi033 ceph-mon[16976]: from='mgr.14162 172.21.15.33:0/3720317825' entity='mgr.smithi033.nczamh' cmd=[{"prefix": "config dump", "format": "json"}]: dispatch
2024-04-20T03:24:21.148 INFO:journalctl@ceph.mon.smithi033.smithi033.stdout:Apr 20 03:24:20 smithi033 ceph-mon[16976]: from='mgr.14162 172.21.15.33:0/3720317825' entity='mgr.smithi033.nczamh' cmd=[{"prefix": "config dump", "format": "json"}]: dispatch
2024-04-20T03:24:21.149 INFO:journalctl@ceph.mon.smithi033.smithi033.stdout:Apr 20 03:24:20 smithi033 ceph-mon[16976]: from='mgr.14162 172.21.15.33:0/3720317825' entity='mgr.smithi033.nczamh' cmd=[{"prefix":"config rm","who":"mgr","name":"mgr/rbd_support/smithi033.nczamh/mirror_snapshot_schedule"}]: dispatch
2024-04-20T03:24:21.149 INFO:journalctl@ceph.mon.smithi033.smithi033.stdout:Apr 20 03:24:20 smithi033 ceph-mon[16976]: from='mgr.14162 172.21.15.33:0/3720317825' entity='mgr.smithi033.nczamh' cmd=[{"prefix":"config rm","who":"mgr","name":"mgr/rbd_support/smithi033.nczamh/trash_purge_schedule"}]: dispatch
2024-04-20T03:24:22.227 INFO:teuthology.orchestra.run.smithi033.stdout:/usr/bin/ceph: stdout {
2024-04-20T03:24:22.227 INFO:teuthology.orchestra.run.smithi033.stdout:/usr/bin/ceph: stdout "mgrmap_epoch": 11,
2024-04-20T03:24:22.227 INFO:teuthology.orchestra.run.smithi033.stdout:/usr/bin/ceph: stdout "initialized": true
2024-04-20T03:24:22.228 INFO:teuthology.orchestra.run.smithi033.stdout:/usr/bin/ceph: stdout }
2024-04-20T03:24:22.228 INFO:teuthology.orchestra.run.smithi033.stdout:/usr/bin/ceph: stderr
2024-04-20T03:24:16.281+0000 7fdfdc9fd700 1 Processor -- start
2024-04-20T03:24:22.228 INFO:teuthology.orchestra.run.smithi033.stdout:/usr/bin/ceph: stderr
2024-04-20T03:24:16.281+0000 7fdfdc9fd700 1 -- start start
2024-04-20T03:24:22.228 INFO:teuthology.orchestra.run.smithi033.stdout:/usr/bin/ceph: stderr
2024-04-20T03:24:16.281+0000 7fdfdc9fd700 1 --2- >> [v2:172.21.15.33:3300/0,v1:172.21.15.33:6789/0] conn(0x7fdfd8102920 0x7fdfd8102d30 unknown :-1 s=NONE pgs=0 cs=0 l=0 rev1=0 crypto rx=0 tx=0 comp rx=0 tx=0).connect
2024-04-20T03:24:22.228 INFO:teuthology.orchestra.run.smithi033.stdout:/usr/bin/ceph: stderr
2024-04-20T03:24:16.281+0000 7fdfdc9fd700 1 -- --> [v2:172.21.15.33:3300/0,v1:172.21.15.33:6789/0] -- mon_getmap magic: 0 v1 -- 0x7fdfd8103270 con 0x7fdfd8102920
2024-04-20T03:24:22.228 INFO:teuthology.orchestra.run.smithi033.stdout:/usr/bin/ceph: stderr
2024-04-20T03:24:16.282+0000 7fdfd659c700 1 --2- >> [v2:172.21.15.33:3300/0,v1:172.21.15.33:6789/0] conn(0x7fdfd8102920 0x7fdfd8102d30 unknown :-1 s=BANNER_CONNECTING pgs=0 cs=0 l=0 rev1=0 crypto rx=0 tx=0 comp rx=0 tx=0)._handle_peer_banner_payload supported=3 required=0
2024-04-20T03:24:22.228 INFO:teuthology.orchestra.run.smithi033.stdout:/usr/bin/ceph: stderr
2024-04-20T03:24:16.282+0000 7fdfd659c700 1 --2- >> [v2:172.21.15.33:3300/0,v1:172.21.15.33:6789/0] conn(0x7fdfd8102920 0x7fdfd8102d30 unknown :-1 s=HELLO_CONNECTING pgs=0 cs=0 l=0 rev1=1 crypto rx=0 tx=0 comp rx=0 tx=0).handle_hello peer v2:172.21.15.33:3300/0 says I am v2:172.21.15.33:33744/0 (socket says 172.21.15.33:33744)
2024-04-20T03:24:22.228 INFO:teuthology.orchestra.run.smithi033.stdout:/usr/bin/ceph: stderr
2024-04-20T03:24:16.282+0000 7fdfd659c700 1 -- 172.21.15.33:0/2605094022 learned_addr learned my addr 172.21.15.33:0/2605094022 (peer_addr_for_me v2:172.21.15.33:0/0)
2024-04-20T03:24:22.228 INFO:teuthology.orchestra.run.smithi033.stdout:/usr/bin/ceph: stderr
2024-04-20T03:24:16.282+0000 7fdfd659c700 1 -- 172.21.15.33:0/2605094022 --> [v2:172.21.15.33:3300/0,v1:172.21.15.33:6789/0] -- mon_subscribe({config=0+,monmap=0+}) v3 -- 0x7fdfd81033b0 con 0x7fdfd8102920
2024-04-20T03:24:22.228 INFO:teuthology.orchestra.run.smithi033.stdout:/usr/bin/ceph: stderr
2024-04-20T03:24:16.282+0000 7fdfd659c700 1 --2- 172.21.15.33:0/2605094022 >> [v2:172.21.15.33:3300/0,v1:172.21.15.33:6789/0] conn(0x7fdfd8102920 0x7fdfd8102d30 secure :-1 s=READY pgs=71 cs=0 l=1 rev1=1 crypto rx=0x7fdfc80098e0 tx=0x7fdfc8009250 comp rx=0 tx=0).ready entity=mon.0 client_cookie=3dafdcaa52c1cb5c server_cookie=0 in_seq=0 out_seq=0
2024-04-20T03:24:22.228 INFO:teuthology.orchestra.run.smithi033.stdout:/usr/bin/ceph: stderr
2024-04-20T03:24:16.282+0000 7fdfd559a700 1 -- 172.21.15.33:0/2605094022 <== mon.0 v2:172.21.15.33:3300/0 1 ==== mon_map magic: 0 v1 ==== 229+0+0 (secure 0 0 0) 0x7fdfc800b860 con 0x7fdfd8102920
2024-04-20T03:24:22.228 INFO:teuthology.orchestra.run.smithi033.stdout:/usr/bin/ceph: stderr
2024-04-20T03:24:16.282+0000 7fdfd559a700 1 -- 172.21.15.33:0/2605094022 <== mon.0 v2:172.21.15.33:3300/0 2 ==== config(27 keys) v1 ==== 1109+0+0 (secure 0 0 0) 0x7fdfc800be90 con 0x7fdfd8102920
2024-04-20T03:24:22.228 INFO:teuthology.orchestra.run.smithi033.stdout:/usr/bin/ceph: stderr
2024-04-20T03:24:16.282+0000 7fdfd559a700 1 -- 172.21.15.33:0/2605094022 <== mon.0 v2:172.21.15.33:3300/0 3 ==== mon_map magic: 0 v1 ==== 229+0+0 (secure 0 0 0) 0x7fdfc80103c0 con 0x7fdfd8102920
2024-04-20T03:24:22.229 INFO:teuthology.orchestra.run.smithi033.stdout:/usr/bin/ceph: stderr
2024-04-20T03:24:16.283+0000 7fdfdc9fd700 1 -- 172.21.15.33:0/2605094022 >> [v2:172.21.15.33:3300/0,v1:172.21.15.33:6789/0] conn(0x7fdfd8102920 msgr2=0x7fdfd8102d30 secure :-1 s=STATE_CONNECTION_ESTABLISHED l=1).mark_down
2024-04-20T03:24:22.229 INFO:teuthology.orchestra.run.smithi033.stdout:/usr/bin/ceph: stderr
2024-04-20T03:24:16.283+0000 7fdfdc9fd700 1 --2- 172.21.15.33:0/2605094022 >> [v2:172.21.15.33:3300/0,v1:172.21.15.33:6789/0] conn(0x7fdfd8102920 0x7fdfd8102d30 secure :-1 s=READY pgs=71 cs=0 l=1 rev1=1 crypto rx=0x7fdfc80098e0 tx=0x7fdfc8009250 comp rx=0 tx=0).stop
2024-04-20T03:24:22.229 INFO:teuthology.orchestra.run.smithi033.stdout:/usr/bin/ceph: stderr
2024-04-20T03:24:16.283+0000 7fdfdc9fd700 1 -- 172.21.15.33:0/2605094022 shutdown_connections
2024-04-20T03:24:22.229 INFO:teuthology.orchestra.run.smithi033.stdout:/usr/bin/ceph: stderr
2024-04-20T03:24:16.283+0000 7fdfdc9fd700 1 --2- 172.21.15.33:0/2605094022 >> [v2:172.21.15.33:3300/0,v1:172.21.15.33:6789/0] conn(0x7fdfd8102920 0x7fdfd8102d30 unknown :-1 s=CLOSED pgs=71 cs=0 l=1 rev1=1 crypto rx=0 tx=0 comp rx=0 tx=0).stop
2024-04-20T03:24:22.229 INFO:teuthology.orchestra.run.smithi033.stdout:/usr/bin/ceph: stderr
2024-04-20T03:24:16.283+0000 7fdfdc9fd700 1 -- 172.21.15.33:0/2605094022 >> 172.21.15.33:0/2605094022 conn(0x7fdfd80fe0e0 msgr2=0x7fdfd81004f0 unknown :-1 s=STATE_NONE l=0).mark_down
2024-04-20T03:24:22.229 INFO:teuthology.orchestra.run.smithi033.stdout:/usr/bin/ceph: stderr
2024-04-20T03:24:16.283+0000 7fdfdc9fd700 1 -- 172.21.15.33:0/2605094022 shutdown_connections
2024-04-20T03:24:22.229 INFO:teuthology.orchestra.run.smithi033.stdout:/usr/bin/ceph: stderr
2024-04-20T03:24:16.283+0000 7fdfdc9fd700 1 -- 172.21.15.33:0/2605094022 wait complete.
2024-04-20T03:24:22.229 INFO:teuthology.orchestra.run.smithi033.stdout:/usr/bin/ceph: stderr
2024-04-20T03:24:16.284+0000 7fdfdc9fd700 1 Processor -- start
2024-04-20T03:24:22.229 INFO:teuthology.orchestra.run.smithi033.stdout:/usr/bin/ceph: stderr
2024-04-20T03:24:16.284+0000 7fdfdc9fd700 1 -- start start
2024-04-20T03:24:22.229 INFO:teuthology.orchestra.run.smithi033.stdout:/usr/bin/ceph: stderr
2024-04-20T03:24:16.284+0000 7fdfdc9fd700 1 --2- >> [v2:172.21.15.33:3300/0,v1:172.21.15.33:6789/0] conn(0x7fdfd8102920 0x7fdfd8077b40 unknown :-1 s=NONE pgs=0 cs=0 l=1 rev1=0 crypto rx=0 tx=0 comp rx=0 tx=0).connect
2024-04-20T03:24:22.229 INFO:teuthology.orchestra.run.smithi033.stdout:/usr/bin/ceph: stderr
2024-04-20T03:24:16.284+0000 7fdfdc9fd700 1 -- --> [v2:172.21.15.33:3300/0,v1:172.21.15.33:6789/0] -- mon_getmap magic: 0 v1 -- 0x7fdfd8078080 con 0x7fdfd8102920
2024-04-20T03:24:22.229 INFO:teuthology.orchestra.run.smithi033.stdout:/usr/bin/ceph: stderr
2024-04-20T03:24:16.284+0000 7fdfd659c700 1 --2- >> [v2:172.21.15.33:3300/0,v1:172.21.15.33:6789/0] conn(0x7fdfd8102920 0x7fdfd8077b40 unknown :-1 s=BANNER_CONNECTING pgs=0 cs=0 l=1 rev1=0 crypto rx=0 tx=0 comp rx=0 tx=0)._handle_peer_banner_payload supported=3 required=0
2024-04-20T03:24:22.229 INFO:teuthology.orchestra.run.smithi033.stdout:/usr/bin/ceph: stderr
2024-04-20T03:24:16.284+0000 7fdfd659c700 1 --2- >> [v2:172.21.15.33:3300/0,v1:172.21.15.33:6789/0] conn(0x7fdfd8102920 0x7fdfd8077b40 unknown :-1 s=HELLO_CONNECTING pgs=0 cs=0 l=1 rev1=1 crypto rx=0 tx=0 comp rx=0 tx=0).handle_hello peer v2:172.21.15.33:3300/0 says I am v2:172.21.15.33:33748/0 (socket says 172.21.15.33:33748)
2024-04-20T03:24:22.229 INFO:teuthology.orchestra.run.smithi033.stdout:/usr/bin/ceph: stderr
2024-04-20T03:24:16.284+0000 7fdfd659c700 1 -- 172.21.15.33:0/4235319678 learned_addr learned my addr 172.21.15.33:0/4235319678 (peer_addr_for_me v2:172.21.15.33:0/0)
2024-04-20T03:24:22.230 INFO:teuthology.orchestra.run.smithi033.stdout:/usr/bin/ceph: stderr
2024-04-20T03:24:16.284+0000 7fdfd659c700 1 -- 172.21.15.33:0/4235319678 --> [v2:172.21.15.33:3300/0,v1:172.21.15.33:6789/0] -- mon_subscribe({config=0+,monmap=0+}) v3 -- 0x7fdfc80094f0 con 0x7fdfd8102920
2024-04-20T03:24:22.230 INFO:teuthology.orchestra.run.smithi033.stdout:/usr/bin/ceph: stderr
2024-04-20T03:24:16.285+0000 7fdfd659c700 1 --2- 172.21.15.33:0/4235319678 >> [v2:172.21.15.33:3300/0,v1:172.21.15.33:6789/0] conn(0x7fdfd8102920 0x7fdfd8077b40 secure :-1 s=READY pgs=72 cs=0 l=1 rev1=1 crypto rx=0x7fdfc8006b00 tx=0x7fdfc8009250 comp rx=0 tx=0).ready entity=mon.0 client_cookie=0 server_cookie=0 in_seq=0 out_seq=0
2024-04-20T03:24:22.230 INFO:teuthology.orchestra.run.smithi033.stdout:/usr/bin/ceph: stderr
2024-04-20T03:24:16.285+0000 7fdfceffd700 1 -- 172.21.15.33:0/4235319678 <== mon.0 v2:172.21.15.33:3300/0 1 ==== mon_map magic: 0 v1 ==== 229+0+0 (secure 0 0 0) 0x7fdfc8010840 con 0x7fdfd8102920
2024-04-20T03:24:22.230 INFO:teuthology.orchestra.run.smithi033.stdout:/usr/bin/ceph: stderr
2024-04-20T03:24:16.285+0000 7fdfceffd700 1 -- 172.21.15.33:0/4235319678 <== mon.0 v2:172.21.15.33:3300/0 2 ==== config(27 keys) v1 ==== 1109+0+0 (secure 0 0 0) 0x7fdfc8010e70 con 0x7fdfd8102920
2024-04-20T03:24:22.230 INFO:teuthology.orchestra.run.smithi033.stdout:/usr/bin/ceph: stderr
2024-04-20T03:24:16.285+0000 7fdfdc9fd700 1 -- 172.21.15.33:0/4235319678 --> [v2:172.21.15.33:3300/0,v1:172.21.15.33:6789/0] -- mon_subscribe({mgrmap=0+}) v3 -- 0x7fdfd80760f0 con 0x7fdfd8102920
2024-04-20T03:24:22.230 INFO:teuthology.orchestra.run.smithi033.stdout:/usr/bin/ceph: stderr
2024-04-20T03:24:16.285+0000 7fdfceffd700 1 -- 172.21.15.33:0/4235319678 <== mon.0 v2:172.21.15.33:3300/0 3 ==== mon_map magic: 0 v1 ==== 229+0+0 (secure 0 0 0) 0x7fdfc801ae70 con 0x7fdfd8102920
2024-04-20T03:24:22.230 INFO:teuthology.orchestra.run.smithi033.stdout:/usr/bin/ceph: stderr
2024-04-20T03:24:16.285+0000 7fdfdc9fd700 1 -- 172.21.15.33:0/4235319678 --> [v2:172.21.15.33:3300/0,v1:172.21.15.33:6789/0] -- mon_subscribe({osdmap=0}) v3 -- 0x7fdfd80765e0 con 0x7fdfd8102920
2024-04-20T03:24:22.230 INFO:teuthology.orchestra.run.smithi033.stdout:/usr/bin/ceph: stderr
2024-04-20T03:24:16.286+0000 7fdfceffd700 1 -- 172.21.15.33:0/4235319678 <== mon.0 v2:172.21.15.33:3300/0 4 ==== mgrmap(e 9) v1 ==== 43389+0+0 (secure 0 0 0) 0x7fdfc8024510 con 0x7fdfd8102920
2024-04-20T03:24:22.230 INFO:teuthology.orchestra.run.smithi033.stdout:/usr/bin/ceph: stderr
2024-04-20T03:24:16.286+0000 7fdfceffd700 1 --2- 172.21.15.33:0/4235319678 >> [v2:172.21.15.33:6800/2943128784,v1:172.21.15.33:6801/2943128784] conn(0x7fdfc40367e0 0x7fdfc4038c90 unknown :-1 s=NONE pgs=0 cs=0 l=1 rev1=0 crypto rx=0 tx=0 comp rx=0 tx=0).connect
2024-04-20T03:24:22.230 INFO:teuthology.orchestra.run.smithi033.stdout:/usr/bin/ceph: stderr
2024-04-20T03:24:16.286+0000 7fdfceffd700 1 -- 172.21.15.33:0/4235319678 <== mon.0 v2:172.21.15.33:3300/0 5 ==== osd_map(2..2 src has 1..2) v4 ==== 936+0+0 (secure 0 0 0) 0x7fdfc804abb0 con 0x7fdfd8102920
2024-04-20T03:24:22.230 INFO:teuthology.orchestra.run.smithi033.stdout:/usr/bin/ceph: stderr
2024-04-20T03:24:16.286+0000 7fdfd5d9b700 1 -- 172.21.15.33:0/4235319678 >> [v2:172.21.15.33:6800/2943128784,v1:172.21.15.33:6801/2943128784] conn(0x7fdfc40367e0 msgr2=0x7fdfc4038c90 unknown :-1 s=STATE_CONNECTING_RE l=1).process reconnect failed to v2:172.21.15.33:6800/2943128784
2024-04-20T03:24:22.230 INFO:teuthology.orchestra.run.smithi033.stdout:/usr/bin/ceph: stderr
2024-04-20T03:24:16.286+0000 7fdfd5d9b700 1 --2- 172.21.15.33:0/4235319678 >> [v2:172.21.15.33:6800/2943128784,v1:172.21.15.33:6801/2943128784] conn(0x7fdfc40367e0 0x7fdfc4038c90 unknown :-1 s=START_CONNECT pgs=0 cs=0 l=1 rev1=0 crypto rx=0 tx=0 comp rx=0 tx=0)._fault waiting 0.200000
2024-04-20T03:24:22.230 INFO:teuthology.orchestra.run.smithi033.stdout:/usr/bin/ceph: stderr
2024-04-20T03:24:16.286+0000 7fdfdc9fd700 1 -- 172.21.15.33:0/4235319678 --> [v2:172.21.15.33:6800/2943128784,v1:172.21.15.33:6801/2943128784] -- command(tid 0: {"prefix": "get_command_descriptions"}) v1 -- 0x7fdfd804bed0 con 0x7fdfc40367e0
2024-04-20T03:24:22.231 INFO:teuthology.orchestra.run.smithi033.stdout:/usr/bin/ceph: stderr
2024-04-20T03:24:16.487+0000 7fdfd5d9b700 1 -- 172.21.15.33:0/4235319678 >> [v2:172.21.15.33:6800/2943128784,v1:172.21.15.33:6801/2943128784] conn(0x7fdfc40367e0 msgr2=0x7fdfc4038c90 unknown :-1 s=STATE_CONNECTING_RE l=1).process reconnect failed to v2:172.21.15.33:6800/2943128784
2024-04-20T03:24:22.231 INFO:teuthology.orchestra.run.smithi033.stdout:/usr/bin/ceph: stderr
2024-04-20T03:24:16.487+0000 7fdfd5d9b700 1 --2- 172.21.15.33:0/4235319678 >> [v2:172.21.15.33:6800/2943128784,v1:172.21.15.33:6801/2943128784] conn(0x7fdfc40367e0 0x7fdfc4038c90 unknown :-1 s=START_CONNECT pgs=0 cs=0 l=1 rev1=0 crypto rx=0 tx=0 comp rx=0 tx=0)._fault waiting 0.400000
2024-04-20T03:24:22.231 INFO:teuthology.orchestra.run.smithi033.stdout:/usr/bin/ceph: stderr
2024-04-20T03:24:16.888+0000 7fdfd5d9b700 1 -- 172.21.15.33:0/4235319678 >> [v2:172.21.15.33:6800/2943128784,v1:172.21.15.33:6801/2943128784] conn(0x7fdfc40367e0 msgr2=0x7fdfc4038c90 unknown :-1 s=STATE_CONNECTING_RE l=1).process reconnect failed to v2:172.21.15.33:6800/2943128784
2024-04-20T03:24:22.231 INFO:teuthology.orchestra.run.smithi033.stdout:/usr/bin/ceph: stderr
2024-04-20T03:24:16.888+0000 7fdfd5d9b700 1 --2- 172.21.15.33:0/4235319678 >> [v2:172.21.15.33:6800/2943128784,v1:172.21.15.33:6801/2943128784] conn(0x7fdfc40367e0 0x7fdfc4038c90 unknown :-1 s=START_CONNECT pgs=0 cs=0 l=1 rev1=0 crypto rx=0 tx=0 comp rx=0 tx=0)._fault waiting 0.800000
2024-04-20T03:24:22.231 INFO:teuthology.orchestra.run.smithi033.stdout:/usr/bin/ceph: stderr
2024-04-20T03:24:17.689+0000 7fdfd5d9b700 1 -- 172.21.15.33:0/4235319678 >> [v2:172.21.15.33:6800/2943128784,v1:172.21.15.33:6801/2943128784] conn(0x7fdfc40367e0 msgr2=0x7fdfc4038c90 unknown :-1 s=STATE_CONNECTING_RE l=1).process reconnect failed to v2:172.21.15.33:6800/2943128784
2024-04-20T03:24:22.231 INFO:teuthology.orchestra.run.smithi033.stdout:/usr/bin/ceph: stderr
2024-04-20T03:24:17.689+0000 7fdfd5d9b700 1 --2- 172.21.15.33:0/4235319678 >> [v2:172.21.15.33:6800/2943128784,v1:172.21.15.33:6801/2943128784] conn(0x7fdfc40367e0 0x7fdfc4038c90 unknown :-1 s=START_CONNECT pgs=0 cs=0 l=1 rev1=0 crypto rx=0 tx=0 comp rx=0 tx=0)._fault waiting 1.600000
2024-04-20T03:24:22.231 INFO:teuthology.orchestra.run.smithi033.stdout:/usr/bin/ceph: stderr
2024-04-20T03:24:19.290+0000 7fdfd5d9b700 1 -- 172.21.15.33:0/4235319678 >> [v2:172.21.15.33:6800/2943128784,v1:172.21.15.33:6801/2943128784] conn(0x7fdfc40367e0 msgr2=0x7fdfc4038c90 unknown :-1 s=STATE_CONNECTING_RE l=1).process reconnect failed to v2:172.21.15.33:6800/2943128784
2024-04-20T03:24:22.231 INFO:teuthology.orchestra.run.smithi033.stdout:/usr/bin/ceph: stderr
2024-04-20T03:24:19.290+0000 7fdfd5d9b700 1 --2- 172.21.15.33:0/4235319678 >> [v2:172.21.15.33:6800/2943128784,v1:172.21.15.33:6801/2943128784] conn(0x7fdfc40367e0 0x7fdfc4038c90 unknown :-1 s=START_CONNECT pgs=0 cs=0 l=1 rev1=0 crypto rx=0 tx=0 comp rx=0 tx=0)._fault waiting 3.200000
2024-04-20T03:24:22.231 INFO:teuthology.orchestra.run.smithi033.stdout:/usr/bin/ceph: stderr
2024-04-20T03:24:20.650+0000 7fdfceffd700 1 -- 172.21.15.33:0/4235319678 <== mon.0 v2:172.21.15.33:3300/0 6 ==== mgrmap(e 10) v1 ==== 43156+0+0 (secure 0 0 0) 0x7fdfc801a780 con 0x7fdfd8102920
2024-04-20T03:24:22.231 INFO:teuthology.orchestra.run.smithi033.stdout:/usr/bin/ceph: stderr
2024-04-20T03:24:20.650+0000 7fdfceffd700 1 -- 172.21.15.33:0/4235319678 >> [v2:172.21.15.33:6800/2943128784,v1:172.21.15.33:6801/2943128784] conn(0x7fdfc40367e0 msgr2=0x7fdfc4038c90 unknown :-1 s=STATE_CONNECTING l=1).mark_down
2024-04-20T03:24:22.231 INFO:teuthology.orchestra.run.smithi033.stdout:/usr/bin/ceph: stderr
2024-04-20T03:24:20.650+0000 7fdfceffd700 1 --2- 172.21.15.33:0/4235319678 >> [v2:172.21.15.33:6800/2943128784,v1:172.21.15.33:6801/2943128784] conn(0x7fdfc40367e0 0x7fdfc4038c90 unknown :-1 s=START_CONNECT pgs=0 cs=0 l=1 rev1=0 crypto rx=0 tx=0 comp rx=0 tx=0).stop
2024-04-20T03:24:22.231 INFO:teuthology.orchestra.run.smithi033.stdout:/usr/bin/ceph: stderr
2024-04-20T03:24:21.652+0000 7fdfceffd700 1 -- 172.21.15.33:0/4235319678 <== mon.0 v2:172.21.15.33:3300/0 7 ==== mgrmap(e 11) v1 ==== 43283+0+0 (secure 0 0 0) 0x7fdfc802e7c0 con 0x7fdfd8102920
2024-04-20T03:24:22.231 INFO:teuthology.orchestra.run.smithi033.stdout:/usr/bin/ceph: stderr
2024-04-20T03:24:21.652+0000 7fdfceffd700 1 --2- 172.21.15.33:0/4235319678 >> [v2:172.21.15.33:6800/4190551515,v1:172.21.15.33:6801/4190551515] conn(0x7fdfc4039ff0 0x7fdfc403c3d0 unknown :-1 s=NONE pgs=0 cs=0 l=1 rev1=0 crypto rx=0 tx=0 comp rx=0 tx=0).connect
2024-04-20T03:24:22.231 INFO:teuthology.orchestra.run.smithi033.stdout:/usr/bin/ceph: stderr
2024-04-20T03:24:21.652+0000 7fdfceffd700 1 -- 172.21.15.33:0/4235319678 --> [v2:172.21.15.33:6800/4190551515,v1:172.21.15.33:6801/4190551515] -- command(tid 0: {"prefix": "get_command_descriptions"}) v1 -- 0x7fdfd804bed0 con 0x7fdfc4039ff0
2024-04-20T03:24:22.231 INFO:teuthology.orchestra.run.smithi033.stdout:/usr/bin/ceph: stderr
2024-04-20T03:24:21.652+0000 7fdfd5d9b700 1 --2- 172.21.15.33:0/4235319678 >> [v2:172.21.15.33:6800/4190551515,v1:172.21.15.33:6801/4190551515] conn(0x7fdfc4039ff0 0x7fdfc403c3d0 unknown :-1 s=BANNER_CONNECTING pgs=0 cs=0 l=1 rev1=0 crypto rx=0 tx=0 comp rx=0 tx=0)._handle_peer_banner_payload supported=3 required=0
2024-04-20T03:24:22.231 INFO:teuthology.orchestra.run.smithi033.stdout:/usr/bin/ceph: stderr
2024-04-20T03:24:21.653+0000 7fdfd5d9b700 1 --2- 172.21.15.33:0/4235319678 >> [v2:172.21.15.33:6800/4190551515,v1:172.21.15.33:6801/4190551515] conn(0x7fdfc4039ff0 0x7fdfc403c3d0 secure :-1 s=READY pgs=1 cs=0 l=1 rev1=1 crypto rx=0x7fdfc00039d0 tx=0x7fdfc00092f0 comp rx=0 tx=0).ready entity=mgr.14162 client_cookie=0 server_cookie=0 in_seq=0 out_seq=0
2024-04-20T03:24:22.232 INFO:teuthology.orchestra.run.smithi033.stdout:/usr/bin/ceph: stderr
2024-04-20T03:24:21.653+0000 7fdfceffd700 1 -- 172.21.15.33:0/4235319678 <== mgr.14162 v2:172.21.15.33:6800/4190551515 1 ==== command_reply(tid 0: 0 ) v1 ==== 8+0+6549 (secure 0 0 0) 0x7fdfd804bed0 con 0x7fdfc4039ff0
2024-04-20T03:24:22.232 INFO:teuthology.orchestra.run.smithi033.stdout:/usr/bin/ceph: stderr
2024-04-20T03:24:21.660+0000 7fdfdc9fd700 1 -- 172.21.15.33:0/4235319678 --> [v2:172.21.15.33:6800/4190551515,v1:172.21.15.33:6801/4190551515] -- command(tid 1: {"prefix": "mgr_status"}) v1 -- 0x7fdfd8104670 con 0x7fdfc4039ff0
2024-04-20T03:24:22.232 INFO:teuthology.orchestra.run.smithi033.stdout:/usr/bin/ceph: stderr
2024-04-20T03:24:21.660+0000 7fdfceffd700 1 -- 172.21.15.33:0/4235319678 <== mgr.14162 v2:172.21.15.33:6800/4190551515 2 ==== command_reply(tid 1: 0 ) v1 ==== 8+0+52 (secure 0 0 0) 0x7fdfd8104670 con 0x7fdfc4039ff0
2024-04-20T03:24:22.232 INFO:teuthology.orchestra.run.smithi033.stdout:/usr/bin/ceph: stderr
2024-04-20T03:24:21.660+0000 7fdfdc9fd700 1 -- 172.21.15.33:0/4235319678 >> [v2:172.21.15.33:6800/4190551515,v1:172.21.15.33:6801/4190551515] conn(0x7fdfc4039ff0 msgr2=0x7fdfc403c3d0 secure :-1 s=STATE_CONNECTION_ESTABLISHED l=1).mark_down
2024-04-20T03:24:22.232 INFO:teuthology.orchestra.run.smithi033.stdout:/usr/bin/ceph: stderr
2024-04-20T03:24:21.660+0000 7fdfdc9fd700 1 --2- 172.21.15.33:0/4235319678 >> [v2:172.21.15.33:6800/4190551515,v1:172.21.15.33:6801/4190551515] conn(0x7fdfc4039ff0 0x7fdfc403c3d0 secure :-1 s=READY pgs=1 cs=0 l=1 rev1=1 crypto rx=0x7fdfc00039d0 tx=0x7fdfc00092f0 comp rx=0 tx=0).stop
2024-04-20T03:24:22.232 INFO:teuthology.orchestra.run.smithi033.stdout:/usr/bin/ceph: stderr
2024-04-20T03:24:21.660+0000 7fdfdc9fd700 1 -- 172.21.15.33:0/4235319678 >> [v2:172.21.15.33:3300/0,v1:172.21.15.33:6789/0] conn(0x7fdfd8102920 msgr2=0x7fdfd8077b40 secure :-1 s=STATE_CONNECTION_ESTABLISHED l=1).mark_down
2024-04-20T03:24:22.232 INFO:teuthology.orchestra.run.smithi033.stdout:/usr/bin/ceph: stderr
2024-04-20T03:24:21.660+0000 7fdfdc9fd700 1 --2- 172.21.15.33:0/4235319678 >> [v2:172.21.15.33:3300/0,v1:172.21.15.33:6789/0] conn(0x7fdfd8102920 0x7fdfd8077b40 secure :-1 s=READY pgs=72 cs=0 l=1 rev1=1 crypto rx=0x7fdfc8006b00 tx=0x7fdfc8009250 comp rx=0 tx=0).stop
2024-04-20T03:24:22.232 INFO:teuthology.orchestra.run.smithi033.stdout:/usr/bin/ceph: stderr
2024-04-20T03:24:21.660+0000 7fdfdc9fd700 1 -- 172.21.15.33:0/4235319678 shutdown_connections
2024-04-20T03:24:22.232 INFO:teuthology.orchestra.run.smithi033.stdout:/usr/bin/ceph: stderr
2024-04-20T03:24:21.660+0000 7fdfdc9fd700 1 --2- 172.21.15.33:0/4235319678 >> [v2:172.21.15.33:6800/4190551515,v1:172.21.15.33:6801/4190551515] conn(0x7fdfc4039ff0 0x7fdfc403c3d0 unknown :-1 s=CLOSED pgs=1 cs=0 l=1 rev1=1 crypto rx=0 tx=0 comp rx=0 tx=0).stop
2024-04-20T03:24:22.232 INFO:teuthology.orchestra.run.smithi033.stdout:/usr/bin/ceph: stderr
2024-04-20T03:24:21.660+0000 7fdfdc9fd700 1 --2- 172.21.15.33:0/4235319678 >> [v2:172.21.15.33:3300/0,v1:172.21.15.33:6789/0] conn(0x7fdfd8102920 0x7fdfd8077b40 unknown :-1 s=CLOSED pgs=72 cs=0 l=1 rev1=1 crypto rx=0 tx=0 comp rx=0 tx=0).stop
2024-04-20T03:24:22.232 INFO:teuthology.orchestra.run.smithi033.stdout:/usr/bin/ceph: stderr
2024-04-20T03:24:21.660+0000 7fdfdc9fd700 1 --2- 172.21.15.33:0/4235319678 >> [v2:172.21.15.33:6800/2943128784,v1:172.21.15.33:6801/2943128784] conn(0x7fdfc40367e0 0x7fdfc4038c90 unknown :-1 s=CLOSED pgs=0 cs=0 l=1 rev1=0 crypto rx=0 tx=0 comp rx=0 tx=0).stop
2024-04-20T03:24:22.232 INFO:teuthology.orchestra.run.smithi033.stdout:/usr/bin/ceph: stderr
2024-04-20T03:24:21.660+0000 7fdfdc9fd700 1 -- 172.21.15.33:0/4235319678 >> 172.21.15.33:0/4235319678 conn(0x7fdfd80fe0e0 msgr2=0x7fdfd80fec30 unknown :-1 s=STATE_NONE l=0).mark_down
2024-04-20T03:24:22.232 INFO:teuthology.orchestra.run.smithi033.stdout:/usr/bin/ceph: stderr
2024-04-20T03:24:21.660+0000 7fdfdc9fd700 1 -- 172.21.15.33:0/4235319678 shutdown_connections
2024-04-20T03:24:22.232 INFO:teuthology.orchestra.run.smithi033.stdout:/usr/bin/ceph: stderr
2024-04-20T03:24:21.660+0000 7fdfdc9fd700 1 -- 172.21.15.33:0/4235319678 wait complete.
2024-04-20T03:24:22.232 INFO:teuthology.orchestra.run.smithi033.stdout:mgr epoch 9 is available
2024-04-20T03:24:22.233 INFO:teuthology.orchestra.run.smithi033.stdout:Generating a dashboard self-signed certificate...
2024-04-20T03:24:22.869 INFO:journalctl@ceph.mon.smithi033.smithi033.stdout:Apr 20 03:24:22 smithi033 ceph-mon[16976]: [20/Apr/2024:03:24:21] ENGINE Bus STARTING
2024-04-20T03:24:22.869 INFO:journalctl@ceph.mon.smithi033.smithi033.stdout:Apr 20 03:24:22 smithi033 ceph-mon[16976]: [20/Apr/2024:03:24:21] ENGINE Serving on https://172.21.15.33:7150
2024-04-20T03:24:22.869 INFO:journalctl@ceph.mon.smithi033.smithi033.stdout:Apr 20 03:24:22 smithi033 ceph-mon[16976]: [20/Apr/2024:03:24:21] ENGINE Bus STARTED
2024-04-20T03:24:22.869 INFO:journalctl@ceph.mon.smithi033.smithi033.stdout:Apr 20 03:24:22 smithi033 ceph-mon[16976]: from='mgr.14162 172.21.15.33:0/3720317825' entity='mgr.smithi033.nczamh'
2024-04-20T03:24:22.869 INFO:journalctl@ceph.mon.smithi033.smithi033.stdout:Apr 20 03:24:22 smithi033 ceph-mon[16976]: from='client.14166 -' entity='client.admin' cmd=[{"prefix": "get_command_descriptions"}]: dispatch
2024-04-20T03:24:22.869 INFO:journalctl@ceph.mon.smithi033.smithi033.stdout:Apr 20 03:24:22 smithi033 ceph-mon[16976]: mgrmap e11: smithi033.nczamh(active, since 1.00617s)
2024-04-20T03:24:22.869 INFO:journalctl@ceph.mon.smithi033.smithi033.stdout:Apr 20 03:24:22 smithi033 ceph-mon[16976]: from='client.14166 -' entity='client.admin' cmd=[{"prefix": "mgr_status"}]: dispatch
2024-04-20T03:24:22.869 INFO:journalctl@ceph.mon.smithi033.smithi033.stdout:Apr 20 03:24:22 smithi033 ceph-mon[16976]: from='mgr.14162 172.21.15.33:0/3720317825' entity='mgr.smithi033.nczamh'
2024-04-20T03:24:23.558 INFO:teuthology.orchestra.run.smithi033.stdout:/usr/bin/ceph: stdout Self-signed certificate created
2024-04-20T03:24:23.558 INFO:teuthology.orchestra.run.smithi033.stdout:/usr/bin/ceph: stderr
2024-04-20T03:24:22.650+0000 7feb5f442700 1 Processor -- start
2024-04-20T03:24:23.559 INFO:teuthology.orchestra.run.smithi033.stdout:/usr/bin/ceph: stderr
2024-04-20T03:24:22.650+0000 7feb5f442700 1 -- start start
2024-04-20T03:24:23.559 INFO:teuthology.orchestra.run.smithi033.stdout:/usr/bin/ceph: stderr
2024-04-20T03:24:22.651+0000 7feb5f442700 1 --2- >> [v2:172.21.15.33:3300/0,v1:172.21.15.33:6789/0] conn(0x7feb581029c0 0x7feb58102dd0 unknown :-1 s=NONE pgs=0 cs=0 l=0 rev1=0 crypto rx=0 tx=0 comp rx=0 tx=0).connect
2024-04-20T03:24:23.559 INFO:teuthology.orchestra.run.smithi033.stdout:/usr/bin/ceph: stderr
2024-04-20T03:24:22.651+0000 7feb5f442700 1 -- --> [v2:172.21.15.33:3300/0,v1:172.21.15.33:6789/0] -- mon_getmap magic: 0 v1 -- 0x7feb58103310 con 0x7feb581029c0
2024-04-20T03:24:23.559 INFO:teuthology.orchestra.run.smithi033.stdout:/usr/bin/ceph: stderr
2024-04-20T03:24:22.651+0000 7feb5d1de700 1 --2- >> [v2:172.21.15.33:3300/0,v1:172.21.15.33:6789/0] conn(0x7feb581029c0 0x7feb58102dd0 unknown :-1 s=BANNER_CONNECTING pgs=0 cs=0 l=0 rev1=0 crypto rx=0 tx=0 comp rx=0 tx=0)._handle_peer_banner_payload supported=3 required=0
2024-04-20T03:24:23.559 INFO:teuthology.orchestra.run.smithi033.stdout:/usr/bin/ceph: stderr
2024-04-20T03:24:22.651+0000 7feb5d1de700 1 --2- >> [v2:172.21.15.33:3300/0,v1:172.21.15.33:6789/0] conn(0x7feb581029c0 0x7feb58102dd0 unknown :-1 s=HELLO_CONNECTING pgs=0 cs=0 l=0 rev1=1 crypto rx=0 tx=0 comp rx=0 tx=0).handle_hello peer v2:172.21.15.33:3300/0 says I am v2:172.21.15.33:33820/0 (socket says 172.21.15.33:33820)
2024-04-20T03:24:23.559 INFO:teuthology.orchestra.run.smithi033.stdout:/usr/bin/ceph: stderr
2024-04-20T03:24:22.651+0000 7feb5d1de700 1 -- 172.21.15.33:0/1007961233 learned_addr learned my addr 172.21.15.33:0/1007961233 (peer_addr_for_me v2:172.21.15.33:0/0)
2024-04-20T03:24:23.559 INFO:teuthology.orchestra.run.smithi033.stdout:/usr/bin/ceph: stderr
2024-04-20T03:24:22.651+0000 7feb5d1de700 1 -- 172.21.15.33:0/1007961233 --> [v2:172.21.15.33:3300/0,v1:172.21.15.33:6789/0] -- mon_subscribe({config=0+,monmap=0+}) v3 -- 0x7feb58103450 con 0x7feb581029c0
2024-04-20T03:24:23.559 INFO:teuthology.orchestra.run.smithi033.stdout:/usr/bin/ceph: stderr
2024-04-20T03:24:22.651+0000 7feb5d1de700 1 --2- 172.21.15.33:0/1007961233 >> [v2:172.21.15.33:3300/0,v1:172.21.15.33:6789/0] conn(0x7feb581029c0 0x7feb58102dd0 secure :-1 s=READY pgs=80 cs=0 l=1 rev1=1 crypto rx=0x7feb540098e0 tx=0x7feb54009250 comp rx=0 tx=0).ready entity=mon.0 client_cookie=3e812135a552ff06 server_cookie=0 in_seq=0 out_seq=0
2024-04-20T03:24:23.559 INFO:teuthology.orchestra.run.smithi033.stdout:/usr/bin/ceph: stderr
2024-04-20T03:24:22.651+0000 7feb4ffff700 1 -- 172.21.15.33:0/1007961233 <== mon.0 v2:172.21.15.33:3300/0 1 ==== mon_map magic: 0 v1 ==== 229+0+0 (secure 0 0 0) 0x7feb5400b8f0 con 0x7feb581029c0
2024-04-20T03:24:23.559 INFO:teuthology.orchestra.run.smithi033.stdout:/usr/bin/ceph: stderr
2024-04-20T03:24:22.652+0000 7feb4ffff700 1 -- 172.21.15.33:0/1007961233 <== mon.0 v2:172.21.15.33:3300/0 2 ==== config(27 keys) v1 ==== 1109+0+0 (secure 0 0 0) 0x7feb54011420 con 0x7feb581029c0
2024-04-20T03:24:23.559 INFO:teuthology.orchestra.run.smithi033.stdout:/usr/bin/ceph: stderr
2024-04-20T03:24:22.652+0000 7feb4ffff700 1 -- 172.21.15.33:0/1007961233 <== mon.0 v2:172.21.15.33:3300/0 3 ==== mon_map magic: 0 v1 ==== 229+0+0 (secure 0 0 0) 0x7feb54010540 con 0x7feb581029c0
2024-04-20T03:24:23.559 INFO:teuthology.orchestra.run.smithi033.stdout:/usr/bin/ceph: stderr
2024-04-20T03:24:22.652+0000 7feb5f442700 1 -- 172.21.15.33:0/1007961233 >> [v2:172.21.15.33:3300/0,v1:172.21.15.33:6789/0] conn(0x7feb581029c0 msgr2=0x7feb58102dd0 secure :-1 s=STATE_CONNECTION_ESTABLISHED l=1).mark_down
2024-04-20T03:24:23.560 INFO:teuthology.orchestra.run.smithi033.stdout:/usr/bin/ceph: stderr
2024-04-20T03:24:22.652+0000 7feb5f442700 1 --2- 172.21.15.33:0/1007961233 >> [v2:172.21.15.33:3300/0,v1:172.21.15.33:6789/0] conn(0x7feb581029c0 0x7feb58102dd0 secure :-1 s=READY pgs=80 cs=0 l=1 rev1=1 crypto rx=0x7feb540098e0 tx=0x7feb54009250 comp rx=0 tx=0).stop
2024-04-20T03:24:23.560 INFO:teuthology.orchestra.run.smithi033.stdout:/usr/bin/ceph: stderr
2024-04-20T03:24:22.652+0000 7feb5f442700 1 -- 172.21.15.33:0/1007961233 shutdown_connections
2024-04-20T03:24:23.560 INFO:teuthology.orchestra.run.smithi033.stdout:/usr/bin/ceph: stderr
2024-04-20T03:24:22.652+0000 7feb5f442700 1 --2- 172.21.15.33:0/1007961233 >> [v2:172.21.15.33:3300/0,v1:172.21.15.33:6789/0] conn(0x7feb581029c0 0x7feb58102dd0 unknown :-1 s=CLOSED pgs=80 cs=0 l=1 rev1=1 crypto rx=0 tx=0 comp rx=0 tx=0).stop
2024-04-20T03:24:23.560 INFO:teuthology.orchestra.run.smithi033.stdout:/usr/bin/ceph: stderr
2024-04-20T03:24:22.652+0000 7feb5f442700 1 -- 172.21.15.33:0/1007961233 >> 172.21.15.33:0/1007961233 conn(0x7feb580fe140 msgr2=0x7feb58100550 unknown :-1 s=STATE_NONE l=0).mark_down
2024-04-20T03:24:23.560 INFO:teuthology.orchestra.run.smithi033.stdout:/usr/bin/ceph: stderr
2024-04-20T03:24:22.652+0000 7feb5f442700 1 -- 172.21.15.33:0/1007961233 shutdown_connections
2024-04-20T03:24:23.560 INFO:teuthology.orchestra.run.smithi033.stdout:/usr/bin/ceph: stderr
2024-04-20T03:24:22.652+0000 7feb5f442700 1 -- 172.21.15.33:0/1007961233 wait complete.
2024-04-20T03:24:23.560 INFO:teuthology.orchestra.run.smithi033.stdout:/usr/bin/ceph: stderr
2024-04-20T03:24:22.653+0000 7feb5f442700 1 Processor -- start
2024-04-20T03:24:23.560 INFO:teuthology.orchestra.run.smithi033.stdout:/usr/bin/ceph: stderr
2024-04-20T03:24:22.653+0000 7feb5f442700 1 -- start start
2024-04-20T03:24:23.560 INFO:teuthology.orchestra.run.smithi033.stdout:/usr/bin/ceph: stderr
2024-04-20T03:24:22.653+0000 7feb5f442700 1 --2- >> [v2:172.21.15.33:3300/0,v1:172.21.15.33:6789/0] conn(0x7feb581029c0 0x7feb58113980 unknown :-1 s=NONE pgs=0 cs=0 l=1 rev1=0 crypto rx=0 tx=0 comp rx=0 tx=0).connect
2024-04-20T03:24:23.560 INFO:teuthology.orchestra.run.smithi033.stdout:/usr/bin/ceph: stderr
2024-04-20T03:24:22.653+0000 7feb5f442700 1 -- --> [v2:172.21.15.33:3300/0,v1:172.21.15.33:6789/0] -- mon_getmap magic: 0 v1 -- 0x7feb58113ec0 con 0x7feb581029c0
2024-04-20T03:24:23.560 INFO:teuthology.orchestra.run.smithi033.stdout:/usr/bin/ceph: stderr
2024-04-20T03:24:22.653+0000 7feb5d1de700 1 --2- >> [v2:172.21.15.33:3300/0,v1:172.21.15.33:6789/0] conn(0x7feb581029c0 0x7feb58113980 unknown :-1 s=BANNER_CONNECTING pgs=0 cs=0 l=1 rev1=0 crypto rx=0 tx=0 comp rx=0 tx=0)._handle_peer_banner_payload supported=3 required=0
2024-04-20T03:24:23.560 INFO:teuthology.orchestra.run.smithi033.stdout:/usr/bin/ceph: stderr
2024-04-20T03:24:22.653+0000 7feb5d1de700 1 --2- >> [v2:172.21.15.33:3300/0,v1:172.21.15.33:6789/0] conn(0x7feb581029c0 0x7feb58113980 unknown :-1 s=HELLO_CONNECTING pgs=0 cs=0 l=1 rev1=1 crypto rx=0 tx=0 comp rx=0 tx=0).handle_hello peer v2:172.21.15.33:3300/0 says I am v2:172.21.15.33:33828/0 (socket says 172.21.15.33:33828)
2024-04-20T03:24:23.561 INFO:teuthology.orchestra.run.smithi033.stdout:/usr/bin/ceph: stderr
2024-04-20T03:24:22.653+0000 7feb5d1de700 1 -- 172.21.15.33:0/4148574854 learned_addr learned my addr 172.21.15.33:0/4148574854 (peer_addr_for_me v2:172.21.15.33:0/0)
2024-04-20T03:24:23.561 INFO:teuthology.orchestra.run.smithi033.stdout:/usr/bin/ceph: stderr
2024-04-20T03:24:22.654+0000 7feb5d1de700 1 -- 172.21.15.33:0/4148574854 --> [v2:172.21.15.33:3300/0,v1:172.21.15.33:6789/0] -- mon_subscribe({config=0+,monmap=0+}) v3 -- 0x7feb540094f0 con 0x7feb581029c0
2024-04-20T03:24:23.561 INFO:teuthology.orchestra.run.smithi033.stdout:/usr/bin/ceph: stderr
2024-04-20T03:24:22.654+0000 7feb5d1de700 1 --2- 172.21.15.33:0/4148574854 >> [v2:172.21.15.33:3300/0,v1:172.21.15.33:6789/0] conn(0x7feb581029c0 0x7feb58113980 secure :-1 s=READY pgs=81 cs=0 l=1 rev1=1 crypto rx=0x7feb54000c00 tx=0x7feb54009250 comp rx=0 tx=0).ready entity=mon.0 client_cookie=0 server_cookie=0 in_seq=0 out_seq=0
2024-04-20T03:24:23.561 INFO:teuthology.orchestra.run.smithi033.stdout:/usr/bin/ceph: stderr
2024-04-20T03:24:22.654+0000 7feb4dffb700 1 -- 172.21.15.33:0/4148574854 <== mon.0 v2:172.21.15.33:3300/0 1 ==== mon_map magic: 0 v1 ==== 229+0+0 (secure 0 0 0) 0x7feb54010800 con 0x7feb581029c0
2024-04-20T03:24:23.561 INFO:teuthology.orchestra.run.smithi033.stdout:/usr/bin/ceph: stderr
2024-04-20T03:24:22.654+0000 7feb4dffb700 1 -- 172.21.15.33:0/4148574854 <== mon.0 v2:172.21.15.33:3300/0 2 ==== config(27 keys) v1 ==== 1109+0+0 (secure 0 0 0) 0x7feb54010e30 con 0x7feb581029c0
2024-04-20T03:24:23.561 INFO:teuthology.orchestra.run.smithi033.stdout:/usr/bin/ceph: stderr
2024-04-20T03:24:22.654+0000 7feb5f442700 1 -- 172.21.15.33:0/4148574854 --> [v2:172.21.15.33:3300/0,v1:172.21.15.33:6789/0] -- mon_subscribe({mgrmap=0+}) v3 -- 0x7feb581140c0 con 0x7feb581029c0
2024-04-20T03:24:23.561 INFO:teuthology.orchestra.run.smithi033.stdout:/usr/bin/ceph: stderr
2024-04-20T03:24:22.654+0000 7feb4dffb700 1 -- 172.21.15.33:0/4148574854 <== mon.0 v2:172.21.15.33:3300/0 3 ==== mon_map magic: 0 v1 ==== 229+0+0 (secure 0 0 0) 0x7feb5401ade0 con 0x7feb581029c0
2024-04-20T03:24:23.561 INFO:teuthology.orchestra.run.smithi033.stdout:/usr/bin/ceph: stderr
2024-04-20T03:24:22.654+0000 7feb5f442700 1 -- 172.21.15.33:0/4148574854 --> [v2:172.21.15.33:3300/0,v1:172.21.15.33:6789/0] -- mon_subscribe({osdmap=0}) v3 -- 0x7feb58114c30 con 0x7feb581029c0
2024-04-20T03:24:23.561 INFO:teuthology.orchestra.run.smithi033.stdout:/usr/bin/ceph: stderr
2024-04-20T03:24:22.655+0000 7feb4dffb700 1 -- 172.21.15.33:0/4148574854 <== mon.0 v2:172.21.15.33:3300/0 4 ==== mgrmap(e 11) v1 ==== 43283+0+0 (secure 0 0 0) 0x7feb5402d3f0 con 0x7feb581029c0
2024-04-20T03:24:23.561 INFO:teuthology.orchestra.run.smithi033.stdout:/usr/bin/ceph: stderr
2024-04-20T03:24:22.655+0000 7feb4dffb700 1 --2- 172.21.15.33:0/4148574854 >> [v2:172.21.15.33:6800/4190551515,v1:172.21.15.33:6801/4190551515] conn(0x7feb440366b0 0x7feb44038b60 unknown :-1 s=NONE pgs=0 cs=0 l=1 rev1=0 crypto rx=0 tx=0 comp rx=0 tx=0).connect
2024-04-20T03:24:23.561 INFO:teuthology.orchestra.run.smithi033.stdout:/usr/bin/ceph: stderr
2024-04-20T03:24:22.655+0000 7feb5f442700 1 -- 172.21.15.33:0/4148574854 --> [v2:172.21.15.33:3300/0,v1:172.21.15.33:6789/0] -- mon_command({"prefix": "get_command_descriptions"} v 0) v1 -- 0x7feb5805f5f0 con 0x7feb581029c0
2024-04-20T03:24:23.561 INFO:teuthology.orchestra.run.smithi033.stdout:/usr/bin/ceph: stderr
2024-04-20T03:24:22.655+0000 7feb4dffb700 1 -- 172.21.15.33:0/4148574854 <== mon.0 v2:172.21.15.33:3300/0 5 ==== osd_map(3..3 src has 1..3) v4 ==== 1151+0+0 (secure 0 0 0) 0x7feb5404b130 con 0x7feb581029c0
2024-04-20T03:24:23.562 INFO:teuthology.orchestra.run.smithi033.stdout:/usr/bin/ceph: stderr
2024-04-20T03:24:22.655+0000 7feb5c9dd700 1 --2- 172.21.15.33:0/4148574854 >> [v2:172.21.15.33:6800/4190551515,v1:172.21.15.33:6801/4190551515] conn(0x7feb440366b0 0x7feb44038b60 unknown :-1 s=BANNER_CONNECTING pgs=0 cs=0 l=1 rev1=0 crypto rx=0 tx=0 comp rx=0 tx=0)._handle_peer_banner_payload supported=3 required=0
2024-04-20T03:24:23.562 INFO:teuthology.orchestra.run.smithi033.stdout:/usr/bin/ceph: stderr
2024-04-20T03:24:22.656+0000 7feb5c9dd700 1 --2- 172.21.15.33:0/4148574854 >> [v2:172.21.15.33:6800/4190551515,v1:172.21.15.33:6801/4190551515] conn(0x7feb440366b0 0x7feb44038b60 secure :-1 s=READY pgs=7 cs=0 l=1 rev1=1 crypto rx=0x7feb48009990 tx=0x7feb48006e40 comp rx=0 tx=0).ready entity=mgr.14162 client_cookie=0 server_cookie=0 in_seq=0 out_seq=0
2024-04-20T03:24:23.562 INFO:teuthology.orchestra.run.smithi033.stdout:/usr/bin/ceph: stderr
2024-04-20T03:24:22.661+0000 7feb4dffb700 1 -- 172.21.15.33:0/4148574854 <== mon.0 v2:172.21.15.33:3300/0 6 ==== mon_command_ack([{"prefix": "get_command_descriptions"}]=0 v0) v1 ==== 72+0+176702 (secure 0 0 0) 0x7feb5402b8e0 con 0x7feb581029c0
2024-04-20T03:24:23.562 INFO:teuthology.orchestra.run.smithi033.stdout:/usr/bin/ceph: stderr
2024-04-20T03:24:22.869+0000 7feb5f442700 1 -- 172.21.15.33:0/4148574854 --> [v2:172.21.15.33:6800/4190551515,v1:172.21.15.33:6801/4190551515] -- mgr_command(tid 0: {"prefix": "dashboard create-self-signed-cert", "target": ["mon-mgr", ""]}) v1 -- 0x7feb580ff370 con 0x7feb440366b0
2024-04-20T03:24:23.562 INFO:teuthology.orchestra.run.smithi033.stdout:/usr/bin/ceph: stderr
2024-04-20T03:24:23.019+0000 7feb4dffb700 1 -- 172.21.15.33:0/4148574854 <== mgr.14162 v2:172.21.15.33:6800/4190551515 1 ==== mgr_command_reply(tid 0: 0 ) v1 ==== 8+0+32 (secure 0 0 0) 0x7feb580ff370 con 0x7feb440366b0
2024-04-20T03:24:23.562 INFO:teuthology.orchestra.run.smithi033.stdout:/usr/bin/ceph: stderr
2024-04-20T03:24:23.021+0000 7feb5f442700 1 -- 172.21.15.33:0/4148574854 >> [v2:172.21.15.33:6800/4190551515,v1:172.21.15.33:6801/4190551515] conn(0x7feb440366b0 msgr2=0x7feb44038b60 secure :-1 s=STATE_CONNECTION_ESTABLISHED l=1).mark_down
2024-04-20T03:24:23.562 INFO:teuthology.orchestra.run.smithi033.stdout:/usr/bin/ceph: stderr
2024-04-20T03:24:23.021+0000 7feb5f442700 1 --2- 172.21.15.33:0/4148574854 >> [v2:172.21.15.33:6800/4190551515,v1:172.21.15.33:6801/4190551515] conn(0x7feb440366b0 0x7feb44038b60 secure :-1 s=READY pgs=7 cs=0 l=1 rev1=1 crypto rx=0x7feb48009990 tx=0x7feb48006e40 comp rx=0 tx=0).stop
2024-04-20T03:24:23.562 INFO:teuthology.orchestra.run.smithi033.stdout:/usr/bin/ceph: stderr
2024-04-20T03:24:23.021+0000 7feb5f442700 1 -- 172.21.15.33:0/4148574854 >> [v2:172.21.15.33:3300/0,v1:172.21.15.33:6789/0] conn(0x7feb581029c0 msgr2=0x7feb58113980 secure :-1 s=STATE_CONNECTION_ESTABLISHED l=1).mark_down
2024-04-20T03:24:23.562 INFO:teuthology.orchestra.run.smithi033.stdout:/usr/bin/ceph: stderr
2024-04-20T03:24:23.021+0000 7feb5f442700 1 --2- 172.21.15.33:0/4148574854 >> [v2:172.21.15.33:3300/0,v1:172.21.15.33:6789/0] conn(0x7feb581029c0 0x7feb58113980 secure :-1 s=READY pgs=81 cs=0 l=1 rev1=1 crypto rx=0x7feb54000c00 tx=0x7feb54009250 comp rx=0 tx=0).stop
2024-04-20T03:24:23.562 INFO:teuthology.orchestra.run.smithi033.stdout:/usr/bin/ceph: stderr
2024-04-20T03:24:23.021+0000 7feb5f442700 1 -- 172.21.15.33:0/4148574854 shutdown_connections
2024-04-20T03:24:23.562 INFO:teuthology.orchestra.run.smithi033.stdout:/usr/bin/ceph: stderr
2024-04-20T03:24:23.021+0000 7feb5f442700 1 --2- 172.21.15.33:0/4148574854 >> [v2:172.21.15.33:6800/4190551515,v1:172.21.15.33:6801/4190551515] conn(0x7feb440366b0 0x7feb44038b60 unknown :-1 s=CLOSED pgs=7 cs=0 l=1 rev1=1 crypto rx=0 tx=0 comp rx=0 tx=0).stop
2024-04-20T03:24:23.562 INFO:teuthology.orchestra.run.smithi033.stdout:/usr/bin/ceph: stderr
2024-04-20T03:24:23.021+0000 7feb5f442700 1 --2- 172.21.15.33:0/4148574854 >> [v2:172.21.15.33:3300/0,v1:172.21.15.33:6789/0] conn(0x7feb581029c0 0x7feb58113980 secure :-1 s=CLOSED pgs=81 cs=0 l=1 rev1=1 crypto rx=0x7feb54000c00 tx=0x7feb54009250 comp rx=0 tx=0).stop
2024-04-20T03:24:23.563 INFO:teuthology.orchestra.run.smithi033.stdout:/usr/bin/ceph: stderr
2024-04-20T03:24:23.021+0000 7feb5f442700 1 -- 172.21.15.33:0/4148574854 >> 172.21.15.33:0/4148574854 conn(0x7feb580fe140 msgr2=0x7feb580fec60 unknown :-1 s=STATE_NONE l=0).mark_down
2024-04-20T03:24:23.563 INFO:teuthology.orchestra.run.smithi033.stdout:/usr/bin/ceph: stderr
2024-04-20T03:24:23.022+0000 7feb5f442700 1 -- 172.21.15.33:0/4148574854 shutdown_connections
2024-04-20T03:24:23.563 INFO:teuthology.orchestra.run.smithi033.stdout:/usr/bin/ceph: stderr
2024-04-20T03:24:23.022+0000 7feb5f442700 1 -- 172.21.15.33:0/4148574854 wait complete.
2024-04-20T03:24:23.563 INFO:teuthology.orchestra.run.smithi033.stdout:Creating initial admin user...
2024-04-20T03:24:23.620 INFO:journalctl@ceph.mon.smithi033.smithi033.stdout:Apr 20 03:24:23 smithi033 ceph-mon[16976]: from='client.14174 -' entity='client.admin' cmd=[{"prefix": "dashboard create-self-signed-cert", "target": ["mon-mgr", ""]}]: dispatch
2024-04-20T03:24:23.620 INFO:journalctl@ceph.mon.smithi033.smithi033.stdout:Apr 20 03:24:23 smithi033 ceph-mon[16976]: from='mgr.14162 172.21.15.33:0/3720317825' entity='mgr.smithi033.nczamh'
2024-04-20T03:24:23.620 INFO:journalctl@ceph.mon.smithi033.smithi033.stdout:Apr 20 03:24:23 smithi033 ceph-mon[16976]: from='mgr.14162 172.21.15.33:0/3720317825' entity='mgr.smithi033.nczamh'
2024-04-20T03:24:23.620 INFO:journalctl@ceph.mon.smithi033.smithi033.stdout:Apr 20 03:24:23 smithi033 ceph-mon[16976]: from='mgr.14162 172.21.15.33:0/3720317825' entity='mgr.smithi033.nczamh'
2024-04-20T03:24:24.897 INFO:journalctl@ceph.mon.smithi033.smithi033.stdout:Apr 20 03:24:24 smithi033 ceph-mon[16976]: mgrmap e12: smithi033.nczamh(active, since 2s)
2024-04-20T03:24:24.897 INFO:journalctl@ceph.mon.smithi033.smithi033.stdout:Apr 20 03:24:24 smithi033 ceph-mon[16976]: from='mgr.14162 172.21.15.33:0/3720317825' entity='mgr.smithi033.nczamh'
2024-04-20T03:24:25.532 INFO:teuthology.orchestra.run.smithi033.stdout:/usr/bin/ceph: stdout {"username": "admin", "password": "$2b$12$7AN99dPS73lHk/01BFW2Y.VKE3jhXcvgSGXfiIGQASOC99wX1HYVu", "roles": ["administrator"], "name": null, "email": null, "lastUpdate": 1713583464, "enabled": true, "pwdExpirationDate": null, "pwdUpdateRequired": true}
2024-04-20T03:24:25.532 INFO:teuthology.orchestra.run.smithi033.stdout:/usr/bin/ceph: stderr
2024-04-20T03:24:23.989+0000 7f261a197700 1 Processor -- start
2024-04-20T03:24:25.532 INFO:teuthology.orchestra.run.smithi033.stdout:/usr/bin/ceph: stderr
2024-04-20T03:24:23.989+0000 7f261a197700 1 -- start start
2024-04-20T03:24:25.532 INFO:teuthology.orchestra.run.smithi033.stdout:/usr/bin/ceph: stderr
2024-04-20T03:24:23.989+0000 7f261a197700 1 --2- >> [v2:172.21.15.33:3300/0,v1:172.21.15.33:6789/0] conn(0x7f2614100cd0 0x7f26141010e0 unknown :-1 s=NONE pgs=0 cs=0 l=0 rev1=0 crypto rx=0 tx=0 comp rx=0 tx=0).connect
2024-04-20T03:24:25.532 INFO:teuthology.orchestra.run.smithi033.stdout:/usr/bin/ceph: stderr
2024-04-20T03:24:23.989+0000 7f261a197700 1 -- --> [v2:172.21.15.33:3300/0,v1:172.21.15.33:6789/0] -- mon_getmap magic: 0 v1 -- 0x7f2614101620 con 0x7f2614100cd0
2024-04-20T03:24:25.532 INFO:teuthology.orchestra.run.smithi033.stdout:/usr/bin/ceph: stderr
2024-04-20T03:24:23.990+0000 7f26137fe700 1 --2- >> [v2:172.21.15.33:3300/0,v1:172.21.15.33:6789/0] conn(0x7f2614100cd0 0x7f26141010e0 unknown :-1 s=BANNER_CONNECTING pgs=0 cs=0 l=0 rev1=0 crypto rx=0 tx=0 comp rx=0 tx=0)._handle_peer_banner_payload supported=3 required=0
2024-04-20T03:24:25.532 INFO:teuthology.orchestra.run.smithi033.stdout:/usr/bin/ceph: stderr
2024-04-20T03:24:23.990+0000 7f26137fe700 1 --2- >> [v2:172.21.15.33:3300/0,v1:172.21.15.33:6789/0] conn(0x7f2614100cd0 0x7f26141010e0 unknown :-1 s=HELLO_CONNECTING pgs=0 cs=0 l=0 rev1=1 crypto rx=0 tx=0 comp rx=0 tx=0).handle_hello peer v2:172.21.15.33:3300/0 says I am v2:172.21.15.33:33842/0 (socket says 172.21.15.33:33842)
2024-04-20T03:24:25.532 INFO:teuthology.orchestra.run.smithi033.stdout:/usr/bin/ceph: stderr
2024-04-20T03:24:23.990+0000 7f26137fe700 1 -- 172.21.15.33:0/3227729158 learned_addr learned my addr 172.21.15.33:0/3227729158 (peer_addr_for_me v2:172.21.15.33:0/0)
2024-04-20T03:24:25.532 INFO:teuthology.orchestra.run.smithi033.stdout:/usr/bin/ceph: stderr
2024-04-20T03:24:23.990+0000 7f26137fe700 1 -- 172.21.15.33:0/3227729158 --> [v2:172.21.15.33:3300/0,v1:172.21.15.33:6789/0] -- mon_subscribe({config=0+,monmap=0+}) v3 -- 0x7f2614101760 con 0x7f2614100cd0
2024-04-20T03:24:25.532 INFO:teuthology.orchestra.run.smithi033.stdout:/usr/bin/ceph: stderr
2024-04-20T03:24:23.990+0000 7f26137fe700 1 --2- 172.21.15.33:0/3227729158 >> [v2:172.21.15.33:3300/0,v1:172.21.15.33:6789/0] conn(0x7f2614100cd0 0x7f26141010e0 secure :-1 s=READY pgs=82 cs=0 l=1 rev1=1 crypto rx=0x7f26040098e0 tx=0x7f2604009250 comp rx=0 tx=0).ready entity=mon.0 client_cookie=4f5ce308f908939b server_cookie=0 in_seq=0 out_seq=0
2024-04-20T03:24:25.532 INFO:teuthology.orchestra.run.smithi033.stdout:/usr/bin/ceph: stderr
2024-04-20T03:24:23.990+0000 7f2612ffd700 1 -- 172.21.15.33:0/3227729158 <== mon.0 v2:172.21.15.33:3300/0 1 ==== mon_map magic: 0 v1 ==== 229+0+0 (secure 0 0 0) 0x7f260400b860 con 0x7f2614100cd0
2024-04-20T03:24:25.533 INFO:teuthology.orchestra.run.smithi033.stdout:/usr/bin/ceph: stderr
2024-04-20T03:24:23.990+0000 7f2612ffd700 1 -- 172.21.15.33:0/3227729158 <== mon.0 v2:172.21.15.33:3300/0 2 ==== config(27 keys) v1 ==== 1109+0+0 (secure 0 0 0) 0x7f260400be90 con 0x7f2614100cd0
2024-04-20T03:24:25.533 INFO:teuthology.orchestra.run.smithi033.stdout:/usr/bin/ceph: stderr
2024-04-20T03:24:23.990+0000 7f2612ffd700 1 -- 172.21.15.33:0/3227729158 <== mon.0 v2:172.21.15.33:3300/0 3 ==== mon_map magic: 0 v1 ==== 229+0+0 (secure 0 0 0) 0x7f26040103c0 con 0x7f2614100cd0
2024-04-20T03:24:25.533 INFO:teuthology.orchestra.run.smithi033.stdout:/usr/bin/ceph: stderr
2024-04-20T03:24:23.991+0000 7f261a197700 1 -- 172.21.15.33:0/3227729158 >> [v2:172.21.15.33:3300/0,v1:172.21.15.33:6789/0] conn(0x7f2614100cd0 msgr2=0x7f26141010e0 secure :-1 s=STATE_CONNECTION_ESTABLISHED l=1).mark_down
2024-04-20T03:24:25.533 INFO:teuthology.orchestra.run.smithi033.stdout:/usr/bin/ceph: stderr
2024-04-20T03:24:23.991+0000 7f261a197700 1 --2- 172.21.15.33:0/3227729158 >> [v2:172.21.15.33:3300/0,v1:172.21.15.33:6789/0] conn(0x7f2614100cd0 0x7f26141010e0 secure :-1 s=READY pgs=82 cs=0 l=1 rev1=1 crypto rx=0x7f26040098e0 tx=0x7f2604009250 comp rx=0 tx=0).stop
2024-04-20T03:24:25.533 INFO:teuthology.orchestra.run.smithi033.stdout:/usr/bin/ceph: stderr
2024-04-20T03:24:23.991+0000 7f261a197700 1 -- 172.21.15.33:0/3227729158 shutdown_connections
2024-04-20T03:24:25.533 INFO:teuthology.orchestra.run.smithi033.stdout:/usr/bin/ceph: stderr
2024-04-20T03:24:23.991+0000 7f261a197700 1 --2- 172.21.15.33:0/3227729158 >> [v2:172.21.15.33:3300/0,v1:172.21.15.33:6789/0] conn(0x7f2614100cd0 0x7f26141010e0 unknown :-1 s=CLOSED pgs=82 cs=0 l=1 rev1=1 crypto rx=0 tx=0 comp rx=0 tx=0).stop
2024-04-20T03:24:25.533 INFO:teuthology.orchestra.run.smithi033.stdout:/usr/bin/ceph: stderr
2024-04-20T03:24:23.991+0000 7f261a197700 1 -- 172.21.15.33:0/3227729158 >> 172.21.15.33:0/3227729158 conn(0x7f26140fc730 msgr2=0x7f26140feb40 unknown :-1 s=STATE_NONE l=0).mark_down
2024-04-20T03:24:25.533 INFO:teuthology.orchestra.run.smithi033.stdout:/usr/bin/ceph: stderr
2024-04-20T03:24:23.991+0000 7f261a197700 1 -- 172.21.15.33:0/3227729158 shutdown_connections
2024-04-20T03:24:25.533 INFO:teuthology.orchestra.run.smithi033.stdout:/usr/bin/ceph: stderr
2024-04-20T03:24:23.991+0000 7f261a197700 1 -- 172.21.15.33:0/3227729158 wait complete.
2024-04-20T03:24:25.533 INFO:teuthology.orchestra.run.smithi033.stdout:/usr/bin/ceph: stderr
2024-04-20T03:24:23.992+0000 7f261a197700 1 Processor -- start
2024-04-20T03:24:25.533 INFO:teuthology.orchestra.run.smithi033.stdout:/usr/bin/ceph: stderr
2024-04-20T03:24:23.992+0000 7f261a197700 1 -- start start
2024-04-20T03:24:25.533 INFO:teuthology.orchestra.run.smithi033.stdout:/usr/bin/ceph: stderr
2024-04-20T03:24:23.992+0000 7f261a197700 1 --2- >> [v2:172.21.15.33:3300/0,v1:172.21.15.33:6789/0] conn(0x7f2614100cd0 0x7f26141116c0 unknown :-1 s=NONE pgs=0 cs=0 l=1 rev1=0 crypto rx=0 tx=0 comp rx=0 tx=0).connect
2024-04-20T03:24:25.533 INFO:teuthology.orchestra.run.smithi033.stdout:/usr/bin/ceph: stderr
2024-04-20T03:24:23.992+0000 7f261a197700 1 -- --> [v2:172.21.15.33:3300/0,v1:172.21.15.33:6789/0] -- mon_getmap magic: 0 v1 -- 0x7f2614111c00 con 0x7f2614100cd0
2024-04-20T03:24:25.533 INFO:teuthology.orchestra.run.smithi033.stdout:/usr/bin/ceph: stderr
2024-04-20T03:24:23.992+0000 7f26137fe700 1 --2- >> [v2:172.21.15.33:3300/0,v1:172.21.15.33:6789/0] conn(0x7f2614100cd0 0x7f26141116c0 unknown :-1 s=BANNER_CONNECTING pgs=0 cs=0 l=1 rev1=0 crypto rx=0 tx=0 comp rx=0 tx=0)._handle_peer_banner_payload supported=3 required=0
2024-04-20T03:24:25.534 INFO:teuthology.orchestra.run.smithi033.stdout:/usr/bin/ceph: stderr
2024-04-20T03:24:23.992+0000 7f26137fe700 1 --2- >> [v2:172.21.15.33:3300/0,v1:172.21.15.33:6789/0] conn(0x7f2614100cd0 0x7f26141116c0 unknown :-1 s=HELLO_CONNECTING pgs=0 cs=0 l=1 rev1=1 crypto rx=0 tx=0 comp rx=0 tx=0).handle_hello peer v2:172.21.15.33:3300/0 says I am v2:172.21.15.33:33852/0 (socket says 172.21.15.33:33852)
2024-04-20T03:24:25.534 INFO:teuthology.orchestra.run.smithi033.stdout:/usr/bin/ceph: stderr
2024-04-20T03:24:23.992+0000 7f26137fe700 1 -- 172.21.15.33:0/3783710380 learned_addr learned my addr 172.21.15.33:0/3783710380 (peer_addr_for_me v2:172.21.15.33:0/0)
2024-04-20T03:24:25.534 INFO:teuthology.orchestra.run.smithi033.stdout:/usr/bin/ceph: stderr
2024-04-20T03:24:23.992+0000 7f26137fe700 1 -- 172.21.15.33:0/3783710380 --> [v2:172.21.15.33:3300/0,v1:172.21.15.33:6789/0] -- mon_subscribe({config=0+,monmap=0+}) v3 -- 0x7f26040094f0 con 0x7f2614100cd0
