2024-04-20T03:23:53.047 INFO:journalctl@ceph.mon.smithi033.smithi033.stdout:Apr 20 03:23:52 smithi033 ceph-mon[16976]: [20/Apr/2024:03:23:51] ENGINE Bus STARTING
2024-04-20T03:23:53.047 INFO:journalctl@ceph.mon.smithi033.smithi033.stdout:Apr 20 03:23:52 smithi033 ceph-mon[16976]: mgrmap e8: smithi033.nczamh(active, since 2s)
2024-04-20T03:23:53.047 INFO:journalctl@ceph.mon.smithi033.smithi033.stdout:Apr 20 03:23:52 smithi033 ceph-mon[16976]: [20/Apr/2024:03:23:51] ENGINE Serving on https://172.21.15.33:7150
2024-04-20T03:23:53.047 INFO:journalctl@ceph.mon.smithi033.smithi033.stdout:Apr 20 03:23:52 smithi033 ceph-mon[16976]: [20/Apr/2024:03:23:51] ENGINE Bus STARTED
2024-04-20T03:23:53.047 INFO:journalctl@ceph.mon.smithi033.smithi033.stdout:Apr 20 03:23:52 smithi033 ceph-mon[16976]: from='mgr.14120 172.21.15.33:0/51151910' entity='mgr.smithi033.nczamh'
2024-04-20T03:23:53.047 INFO:journalctl@ceph.mon.smithi033.smithi033.stdout:Apr 20 03:23:52 smithi033 ceph-mon[16976]: from='mgr.14120 172.21.15.33:0/51151910' entity='mgr.smithi033.nczamh' cmd=[{"prefix": "config dump", "format": "json"}]: dispatch
2024-04-20T03:23:53.047 INFO:journalctl@ceph.mon.smithi033.smithi033.stdout:Apr 20 03:23:52 smithi033 ceph-mon[16976]: from='mgr.14120 172.21.15.33:0/51151910' entity='mgr.smithi033.nczamh'
2024-04-20T03:23:53.047 INFO:journalctl@ceph.mon.smithi033.smithi033.stdout:Apr 20 03:23:52 smithi033 ceph-mon[16976]: from='mgr.14120 172.21.15.33:0/51151910' entity='mgr.smithi033.nczamh' cmd=[{"prefix": "config dump", "format": "json"}]: dispatch
2024-04-20T03:23:53.894 INFO:journalctl@ceph.mon.smithi033.smithi033.stdout:Apr 20 03:23:53 smithi033 ceph-mon[16976]: from='client.14132 -' entity='client.admin' cmd=[{"prefix": "orch set backend", "module_name": "cephadm", "target": ["mon-mgr", ""]}]: dispatch
2024-04-20T03:23:53.900 INFO:teuthology.orchestra.run.smithi033.stdout:/usr/bin/ceph: stdout value unchanged
2024-04-20T03:23:53.900 INFO:teuthology.orchestra.run.smithi033.stdout:/usr/bin/ceph: stderr
2024-04-20T03:23:53.066+0000 7f4d59efc700 1 Processor -- start
2024-04-20T03:23:53.900 INFO:teuthology.orchestra.run.smithi033.stdout:/usr/bin/ceph: stderr
2024-04-20T03:23:53.066+0000 7f4d59efc700 1 -- start start
2024-04-20T03:23:53.900 INFO:teuthology.orchestra.run.smithi033.stdout:/usr/bin/ceph: stderr
2024-04-20T03:23:53.066+0000 7f4d59efc700 1 --2- >> [v2:172.21.15.33:3300/0,v1:172.21.15.33:6789/0] conn(0x7f4d54076b80 0x7f4d54105550 unknown :-1 s=NONE pgs=0 cs=0 l=0 rev1=0 crypto rx=0 tx=0 comp rx=0 tx=0).connect
2024-04-20T03:23:53.900 INFO:teuthology.orchestra.run.smithi033.stdout:/usr/bin/ceph: stderr
2024-04-20T03:23:53.066+0000 7f4d59efc700 1 -- --> [v2:172.21.15.33:3300/0,v1:172.21.15.33:6789/0] -- mon_getmap magic: 0 v1 -- 0x7f4d54076f90 con 0x7f4d54076b80
2024-04-20T03:23:53.900 INFO:teuthology.orchestra.run.smithi033.stdout:/usr/bin/ceph: stderr
2024-04-20T03:23:53.066+0000 7f4d537fe700 1 --2- >> [v2:172.21.15.33:3300/0,v1:172.21.15.33:6789/0] conn(0x7f4d54076b80 0x7f4d54105550 unknown :-1 s=BANNER_CONNECTING pgs=0 cs=0 l=0 rev1=0 crypto rx=0 tx=0 comp rx=0 tx=0)._handle_peer_banner_payload supported=3 required=0
2024-04-20T03:23:53.900 INFO:teuthology.orchestra.run.smithi033.stdout:/usr/bin/ceph: stderr
2024-04-20T03:23:53.066+0000 7f4d537fe700 1 --2- >> [v2:172.21.15.33:3300/0,v1:172.21.15.33:6789/0] conn(0x7f4d54076b80 0x7f4d54105550 unknown :-1 s=HELLO_CONNECTING pgs=0 cs=0 l=0 rev1=1 crypto rx=0 tx=0 comp rx=0 tx=0).handle_hello peer v2:172.21.15.33:3300/0 says I am v2:172.21.15.33:53514/0 (socket says 172.21.15.33:53514)
2024-04-20T03:23:53.900 INFO:teuthology.orchestra.run.smithi033.stdout:/usr/bin/ceph: stderr
2024-04-20T03:23:53.067+0000 7f4d537fe700 1 -- 172.21.15.33:0/3250254105 learned_addr learned my addr 172.21.15.33:0/3250254105 (peer_addr_for_me v2:172.21.15.33:0/0)
2024-04-20T03:23:53.900 INFO:teuthology.orchestra.run.smithi033.stdout:/usr/bin/ceph: stderr
2024-04-20T03:23:53.067+0000 7f4d537fe700 1 -- 172.21.15.33:0/3250254105 --> [v2:172.21.15.33:3300/0,v1:172.21.15.33:6789/0] -- mon_subscribe({config=0+,monmap=0+}) v3 -- 0x7f4d54105a90 con 0x7f4d54076b80
2024-04-20T03:23:53.901 INFO:teuthology.orchestra.run.smithi033.stdout:/usr/bin/ceph: stderr
2024-04-20T03:23:53.067+0000 7f4d537fe700 1 --2- 172.21.15.33:0/3250254105 >> [v2:172.21.15.33:3300/0,v1:172.21.15.33:6789/0] conn(0x7f4d54076b80 0x7f4d54105550 secure :-1 s=READY pgs=39 cs=0 l=1 rev1=1 crypto rx=0x7f4d440098e0 tx=0x7f4d44009250 comp rx=0 tx=0).ready entity=mon.0 client_cookie=456b28a966c989a7 server_cookie=0 in_seq=0 out_seq=0
2024-04-20T03:23:53.901 INFO:teuthology.orchestra.run.smithi033.stdout:/usr/bin/ceph: stderr
2024-04-20T03:23:53.067+0000 7f4d527fc700 1 -- 172.21.15.33:0/3250254105 <== mon.0 v2:172.21.15.33:3300/0 1 ==== mon_map magic: 0 v1 ==== 229+0+0 (secure 0 0 0) 0x7f4d4400b860 con 0x7f4d54076b80
2024-04-20T03:23:53.901 INFO:teuthology.orchestra.run.smithi033.stdout:/usr/bin/ceph: stderr
2024-04-20T03:23:53.067+0000 7f4d527fc700 1 -- 172.21.15.33:0/3250254105 <== mon.0 v2:172.21.15.33:3300/0 2 ==== config(27 keys) v1 ==== 1044+0+0 (secure 0 0 0) 0x7f4d4400be50 con 0x7f4d54076b80
2024-04-20T03:23:53.901 INFO:teuthology.orchestra.run.smithi033.stdout:/usr/bin/ceph: stderr
2024-04-20T03:23:53.067+0000 7f4d527fc700 1 -- 172.21.15.33:0/3250254105 <== mon.0 v2:172.21.15.33:3300/0 3 ==== mon_map magic: 0 v1 ==== 229+0+0 (secure 0 0 0) 0x7f4d44010380 con 0x7f4d54076b80
2024-04-20T03:23:53.901 INFO:teuthology.orchestra.run.smithi033.stdout:/usr/bin/ceph: stderr
2024-04-20T03:23:53.068+0000 7f4d59efc700 1 -- 172.21.15.33:0/3250254105 >> [v2:172.21.15.33:3300/0,v1:172.21.15.33:6789/0] conn(0x7f4d54076b80 msgr2=0x7f4d54105550 secure :-1 s=STATE_CONNECTION_ESTABLISHED l=1).mark_down
2024-04-20T03:23:53.901 INFO:teuthology.orchestra.run.smithi033.stdout:/usr/bin/ceph: stderr
2024-04-20T03:23:53.068+0000 7f4d59efc700 1 --2- 172.21.15.33:0/3250254105 >> [v2:172.21.15.33:3300/0,v1:172.21.15.33:6789/0] conn(0x7f4d54076b80 0x7f4d54105550 secure :-1 s=READY pgs=39 cs=0 l=1 rev1=1 crypto rx=0x7f4d440098e0 tx=0x7f4d44009250 comp rx=0 tx=0).stop
2024-04-20T03:23:53.901 INFO:teuthology.orchestra.run.smithi033.stdout:/usr/bin/ceph: stderr
2024-04-20T03:23:53.068+0000 7f4d59efc700 1 -- 172.21.15.33:0/3250254105 shutdown_connections
2024-04-20T03:23:53.901 INFO:teuthology.orchestra.run.smithi033.stdout:/usr/bin/ceph: stderr
2024-04-20T03:23:53.068+0000 7f4d59efc700 1 --2- 172.21.15.33:0/3250254105 >> [v2:172.21.15.33:3300/0,v1:172.21.15.33:6789/0] conn(0x7f4d54076b80 0x7f4d54105550 unknown :-1 s=CLOSED pgs=39 cs=0 l=1 rev1=1 crypto rx=0 tx=0 comp rx=0 tx=0).stop
2024-04-20T03:23:53.901 INFO:teuthology.orchestra.run.smithi033.stdout:/usr/bin/ceph: stderr
2024-04-20T03:23:53.068+0000 7f4d59efc700 1 -- 172.21.15.33:0/3250254105 >> 172.21.15.33:0/3250254105 conn(0x7f4d540fcfe0 msgr2=0x7f4d540ff3f0 unknown :-1 s=STATE_NONE l=0).mark_down
2024-04-20T03:23:53.901 INFO:teuthology.orchestra.run.smithi033.stdout:/usr/bin/ceph: stderr
2024-04-20T03:23:53.068+0000 7f4d59efc700 1 -- 172.21.15.33:0/3250254105 shutdown_connections
2024-04-20T03:23:53.901 INFO:teuthology.orchestra.run.smithi033.stdout:/usr/bin/ceph: stderr
2024-04-20T03:23:53.068+0000 7f4d59efc700 1 -- 172.21.15.33:0/3250254105 wait complete.
2024-04-20T03:23:53.901 INFO:teuthology.orchestra.run.smithi033.stdout:/usr/bin/ceph: stderr
2024-04-20T03:23:53.068+0000 7f4d59efc700 1 Processor -- start
2024-04-20T03:23:53.901 INFO:teuthology.orchestra.run.smithi033.stdout:/usr/bin/ceph: stderr
2024-04-20T03:23:53.069+0000 7f4d59efc700 1 -- start start
2024-04-20T03:23:53.901 INFO:teuthology.orchestra.run.smithi033.stdout:/usr/bin/ceph: stderr
2024-04-20T03:23:53.069+0000 7f4d59efc700 1 --2- >> [v2:172.21.15.33:3300/0,v1:172.21.15.33:6789/0] conn(0x7f4d54076b80 0x7f4d54102ea0 unknown :-1 s=NONE pgs=0 cs=0 l=1 rev1=0 crypto rx=0 tx=0 comp rx=0 tx=0).connect
2024-04-20T03:23:53.902 INFO:teuthology.orchestra.run.smithi033.stdout:/usr/bin/ceph: stderr
2024-04-20T03:23:53.069+0000 7f4d59efc700 1 -- --> [v2:172.21.15.33:3300/0,v1:172.21.15.33:6789/0] -- mon_getmap magic: 0 v1 -- 0x7f4d541033e0 con 0x7f4d54076b80
2024-04-20T03:23:53.902 INFO:teuthology.orchestra.run.smithi033.stdout:/usr/bin/ceph: stderr
2024-04-20T03:23:53.069+0000 7f4d537fe700 1 --2- >> [v2:172.21.15.33:3300/0,v1:172.21.15.33:6789/0] conn(0x7f4d54076b80 0x7f4d54102ea0 unknown :-1 s=BANNER_CONNECTING pgs=0 cs=0 l=1 rev1=0 crypto rx=0 tx=0 comp rx=0 tx=0)._handle_peer_banner_payload supported=3 required=0
2024-04-20T03:23:53.902 INFO:teuthology.orchestra.run.smithi033.stdout:/usr/bin/ceph: stderr
2024-04-20T03:23:53.069+0000 7f4d537fe700 1 --2- >> [v2:172.21.15.33:3300/0,v1:172.21.15.33:6789/0] conn(0x7f4d54076b80 0x7f4d54102ea0 unknown :-1 s=HELLO_CONNECTING pgs=0 cs=0 l=1 rev1=1 crypto rx=0 tx=0 comp rx=0 tx=0).handle_hello peer v2:172.21.15.33:3300/0 says I am v2:172.21.15.33:53518/0 (socket says 172.21.15.33:53518)
2024-04-20T03:23:53.902 INFO:teuthology.orchestra.run.smithi033.stdout:/usr/bin/ceph: stderr
2024-04-20T03:23:53.069+0000 7f4d537fe700 1 -- 172.21.15.33:0/4059118896 learned_addr learned my addr 172.21.15.33:0/4059118896 (peer_addr_for_me v2:172.21.15.33:0/0)
2024-04-20T03:23:53.902 INFO:teuthology.orchestra.run.smithi033.stdout:/usr/bin/ceph: stderr
2024-04-20T03:23:53.069+0000 7f4d537fe700 1 -- 172.21.15.33:0/4059118896 --> [v2:172.21.15.33:3300/0,v1:172.21.15.33:6789/0] -- mon_subscribe({config=0+,monmap=0+}) v3 -- 0x7f4d440094f0 con 0x7f4d54076b80
2024-04-20T03:23:53.902 INFO:teuthology.orchestra.run.smithi033.stdout:/usr/bin/ceph: stderr
2024-04-20T03:23:53.069+0000 7f4d537fe700 1 --2- 172.21.15.33:0/4059118896 >> [v2:172.21.15.33:3300/0,v1:172.21.15.33:6789/0] conn(0x7f4d54076b80 0x7f4d54102ea0 secure :-1 s=READY pgs=40 cs=0 l=1 rev1=1 crypto rx=0x7f4d44011bd0 tx=0x7f4d44009250 comp rx=0 tx=0).ready entity=mon.0 client_cookie=0 server_cookie=0 in_seq=0 out_seq=0
2024-04-20T03:23:53.902 INFO:teuthology.orchestra.run.smithi033.stdout:/usr/bin/ceph: stderr
2024-04-20T03:23:53.070+0000 7f4d3bfff700 1 -- 172.21.15.33:0/4059118896 <== mon.0 v2:172.21.15.33:3300/0 1 ==== mon_map magic: 0 v1 ==== 229+0+0 (secure 0 0 0) 0x7f4d440107c0 con 0x7f4d54076b80
2024-04-20T03:23:53.902 INFO:teuthology.orchestra.run.smithi033.stdout:/usr/bin/ceph: stderr
2024-04-20T03:23:53.070+0000 7f4d3bfff700 1 -- 172.21.15.33:0/4059118896 <== mon.0 v2:172.21.15.33:3300/0 2 ==== config(27 keys) v1 ==== 1044+0+0 (secure 0 0 0) 0x7f4d44010db0 con 0x7f4d54076b80
2024-04-20T03:23:53.902 INFO:teuthology.orchestra.run.smithi033.stdout:/usr/bin/ceph: stderr
2024-04-20T03:23:53.070+0000 7f4d59efc700 1 -- 172.21.15.33:0/4059118896 --> [v2:172.21.15.33:3300/0,v1:172.21.15.33:6789/0] -- mon_subscribe({mgrmap=0+}) v3 -- 0x7f4d54101450 con 0x7f4d54076b80
2024-04-20T03:23:53.902 INFO:teuthology.orchestra.run.smithi033.stdout:/usr/bin/ceph: stderr
2024-04-20T03:23:53.070+0000 7f4d59efc700 1 -- 172.21.15.33:0/4059118896 --> [v2:172.21.15.33:3300/0,v1:172.21.15.33:6789/0] -- mon_subscribe({osdmap=0}) v3 -- 0x7f4d54101940 con 0x7f4d54076b80
2024-04-20T03:23:53.902 INFO:teuthology.orchestra.run.smithi033.stdout:/usr/bin/ceph: stderr
2024-04-20T03:23:53.070+0000 7f4d3bfff700 1 -- 172.21.15.33:0/4059118896 <== mon.0 v2:172.21.15.33:3300/0 3 ==== mon_map magic: 0 v1 ==== 229+0+0 (secure 0 0 0) 0x7f4d4401ad60 con 0x7f4d54076b80
2024-04-20T03:23:53.902 INFO:teuthology.orchestra.run.smithi033.stdout:/usr/bin/ceph: stderr
2024-04-20T03:23:53.070+0000 7f4d3bfff700 1 -- 172.21.15.33:0/4059118896 <== mon.0 v2:172.21.15.33:3300/0 4 ==== mgrmap(e 8) v1 ==== 43376+0+0 (secure 0 0 0) 0x7f4d4402e440 con 0x7f4d54076b80
2024-04-20T03:23:53.902 INFO:teuthology.orchestra.run.smithi033.stdout:/usr/bin/ceph: stderr
2024-04-20T03:23:53.071+0000 7f4d3bfff700 1 --2- 172.21.15.33:0/4059118896 >> [v2:172.21.15.33:6800/2943128784,v1:172.21.15.33:6801/2943128784] conn(0x7f4d3c0367e0 0x7f4d3c038c90 unknown :-1 s=NONE pgs=0 cs=0 l=1 rev1=0 crypto rx=0 tx=0 comp rx=0 tx=0).connect
2024-04-20T03:23:53.902 INFO:teuthology.orchestra.run.smithi033.stdout:/usr/bin/ceph: stderr
2024-04-20T03:23:53.071+0000 7f4d3bfff700 1 -- 172.21.15.33:0/4059118896 <== mon.0 v2:172.21.15.33:3300/0 5 ==== osd_map(2..2 src has 1..2) v4 ==== 936+0+0 (secure 0 0 0) 0x7f4d4404aac0 con 0x7f4d54076b80
2024-04-20T03:23:53.903 INFO:teuthology.orchestra.run.smithi033.stdout:/usr/bin/ceph: stderr
2024-04-20T03:23:53.071+0000 7f4d59efc700 1 -- 172.21.15.33:0/4059118896 --> [v2:172.21.15.33:3300/0,v1:172.21.15.33:6789/0] -- mon_command({"prefix": "get_command_descriptions"} v 0) v1 -- 0x7f4d400052e0 con 0x7f4d54076b80
2024-04-20T03:23:53.903 INFO:teuthology.orchestra.run.smithi033.stdout:/usr/bin/ceph: stderr
2024-04-20T03:23:53.071+0000 7f4d52ffd700 1 --2- 172.21.15.33:0/4059118896 >> [v2:172.21.15.33:6800/2943128784,v1:172.21.15.33:6801/2943128784] conn(0x7f4d3c0367e0 0x7f4d3c038c90 unknown :-1 s=BANNER_CONNECTING pgs=0 cs=0 l=1 rev1=0 crypto rx=0 tx=0 comp rx=0 tx=0)._handle_peer_banner_payload supported=3 required=0
2024-04-20T03:23:53.903 INFO:teuthology.orchestra.run.smithi033.stdout:/usr/bin/ceph: stderr
2024-04-20T03:23:53.071+0000 7f4d52ffd700 1 --2- 172.21.15.33:0/4059118896 >> [v2:172.21.15.33:6800/2943128784,v1:172.21.15.33:6801/2943128784] conn(0x7f4d3c0367e0 0x7f4d3c038c90 secure :-1 s=READY pgs=8 cs=0 l=1 rev1=1 crypto rx=0x7f4d48009990 tx=0x7f4d48006e40 comp rx=0 tx=0).ready entity=mgr.14120 client_cookie=0 server_cookie=0 in_seq=0 out_seq=0
2024-04-20T03:23:53.903 INFO:teuthology.orchestra.run.smithi033.stdout:/usr/bin/ceph: stderr
2024-04-20T03:23:53.076+0000 7f4d3bfff700 1 -- 172.21.15.33:0/4059118896 <== mon.0 v2:172.21.15.33:3300/0 6 ==== mon_command_ack([{"prefix": "get_command_descriptions"}]=0 v0) v1 ==== 72+0+176702 (secure 0 0 0) 0x7f4d4402ecb0 con 0x7f4d54076b80
2024-04-20T03:23:53.903 INFO:teuthology.orchestra.run.smithi033.stdout:/usr/bin/ceph: stderr
2024-04-20T03:23:53.271+0000 7f4d59efc700 1 -- 172.21.15.33:0/4059118896 --> [v2:172.21.15.33:6800/2943128784,v1:172.21.15.33:6801/2943128784] -- mgr_command(tid 0: {"prefix": "cephadm set-user", "user": "root", "target": ["mon-mgr", ""]}) v1 -- 0x7f4d40000bf0 con 0x7f4d3c0367e0
2024-04-20T03:23:53.903 INFO:teuthology.orchestra.run.smithi033.stdout:/usr/bin/ceph: stderr
2024-04-20T03:23:53.272+0000 7f4d3bfff700 1 -- 172.21.15.33:0/4059118896 <== mgr.14120 v2:172.21.15.33:6800/2943128784 1 ==== mgr_command_reply(tid 0: 0 ) v1 ==== 8+0+16 (secure 0 0 0) 0x7f4d40000bf0 con 0x7f4d3c0367e0
2024-04-20T03:23:53.903 INFO:teuthology.orchestra.run.smithi033.stdout:/usr/bin/ceph: stderr
2024-04-20T03:23:53.274+0000 7f4d59efc700 1 -- 172.21.15.33:0/4059118896 >> [v2:172.21.15.33:6800/2943128784,v1:172.21.15.33:6801/2943128784] conn(0x7f4d3c0367e0 msgr2=0x7f4d3c038c90 secure :-1 s=STATE_CONNECTION_ESTABLISHED l=1).mark_down
2024-04-20T03:23:53.903 INFO:teuthology.orchestra.run.smithi033.stdout:/usr/bin/ceph: stderr
2024-04-20T03:23:53.274+0000 7f4d59efc700 1 --2- 172.21.15.33:0/4059118896 >> [v2:172.21.15.33:6800/2943128784,v1:172.21.15.33:6801/2943128784] conn(0x7f4d3c0367e0 0x7f4d3c038c90 secure :-1 s=READY pgs=8 cs=0 l=1 rev1=1 crypto rx=0x7f4d48009990 tx=0x7f4d48006e40 comp rx=0 tx=0).stop
2024-04-20T03:23:53.903 INFO:teuthology.orchestra.run.smithi033.stdout:/usr/bin/ceph: stderr
2024-04-20T03:23:53.274+0000 7f4d59efc700 1 -- 172.21.15.33:0/4059118896 >> [v2:172.21.15.33:3300/0,v1:172.21.15.33:6789/0] conn(0x7f4d54076b80 msgr2=0x7f4d54102ea0 secure :-1 s=STATE_CONNECTION_ESTABLISHED l=1).mark_down
2024-04-20T03:23:53.903 INFO:teuthology.orchestra.run.smithi033.stdout:/usr/bin/ceph: stderr
2024-04-20T03:23:53.274+0000 7f4d59efc700 1 --2- 172.21.15.33:0/4059118896 >> [v2:172.21.15.33:3300/0,v1:172.21.15.33:6789/0] conn(0x7f4d54076b80 0x7f4d54102ea0 secure :-1 s=READY pgs=40 cs=0 l=1 rev1=1 crypto rx=0x7f4d44011bd0 tx=0x7f4d44009250 comp rx=0 tx=0).stop
2024-04-20T03:23:53.903 INFO:teuthology.orchestra.run.smithi033.stdout:/usr/bin/ceph: stderr
2024-04-20T03:23:53.274+0000 7f4d59efc700 1 -- 172.21.15.33:0/4059118896 shutdown_connections
2024-04-20T03:23:53.903 INFO:teuthology.orchestra.run.smithi033.stdout:/usr/bin/ceph: stderr
2024-04-20T03:23:53.274+0000 7f4d59efc700 1 --2- 172.21.15.33:0/4059118896 >> [v2:172.21.15.33:6800/2943128784,v1:172.21.15.33:6801/2943128784] conn(0x7f4d3c0367e0 0x7f4d3c038c90 unknown :-1 s=CLOSED pgs=8 cs=0 l=1 rev1=1 crypto rx=0 tx=0 comp rx=0 tx=0).stop
2024-04-20T03:23:53.903 INFO:teuthology.orchestra.run.smithi033.stdout:/usr/bin/ceph: stderr
2024-04-20T03:23:53.274+0000 7f4d59efc700 1 --2- 172.21.15.33:0/4059118896 >> [v2:172.21.15.33:3300/0,v1:172.21.15.33:6789/0] conn(0x7f4d54076b80 0x7f4d54102ea0 unknown :-1 s=CLOSED pgs=40 cs=0 l=1 rev1=1 crypto rx=0 tx=0 comp rx=0 tx=0).stop
2024-04-20T03:23:53.903 INFO:teuthology.orchestra.run.smithi033.stdout:/usr/bin/ceph: stderr
2024-04-20T03:23:53.274+0000 7f4d59efc700 1 -- 172.21.15.33:0/4059118896 >> 172.21.15.33:0/4059118896 conn(0x7f4d540fcfe0 msgr2=0x7f4d540fdbd0 unknown :-1 s=STATE_NONE l=0).mark_down
2024-04-20T03:23:53.904 INFO:teuthology.orchestra.run.smithi033.stdout:/usr/bin/ceph: stderr
2024-04-20T03:23:53.275+0000 7f4d59efc700 1 -- 172.21.15.33:0/4059118896 shutdown_connections
2024-04-20T03:23:53.904 INFO:teuthology.orchestra.run.smithi033.stdout:/usr/bin/ceph: stderr
2024-04-20T03:23:53.275+0000 7f4d59efc700 1 -- 172.21.15.33:0/4059118896 wait complete.
2024-04-20T03:23:53.904 INFO:teuthology.orchestra.run.smithi033.stdout:Generating ssh key...
2024-04-20T03:23:55.147 INFO:journalctl@ceph.mon.smithi033.smithi033.stdout:Apr 20 03:23:54 smithi033 ceph-mon[16976]: from='client.14134 -' entity='client.admin' cmd=[{"prefix": "cephadm set-user", "user": "root", "target": ["mon-mgr", ""]}]: dispatch
2024-04-20T03:23:55.615 INFO:teuthology.orchestra.run.smithi033.stdout:/usr/bin/ceph: stderr
2024-04-20T03:23:54.292+0000 7fbd98359700 1 Processor -- start
2024-04-20T03:23:55.615 INFO:teuthology.orchestra.run.smithi033.stdout:/usr/bin/ceph: stderr
2024-04-20T03:23:54.293+0000 7fbd98359700 1 -- start start
2024-04-20T03:23:55.615 INFO:teuthology.orchestra.run.smithi033.stdout:/usr/bin/ceph: stderr
2024-04-20T03:23:54.293+0000 7fbd98359700 1 --2- >> [v2:172.21.15.33:3300/0,v1:172.21.15.33:6789/0] conn(0x7fbd90101820 0x7fbd90101c30 unknown :-1 s=NONE pgs=0 cs=0 l=0 rev1=0 crypto rx=0 tx=0 comp rx=0 tx=0).connect
2024-04-20T03:23:55.615 INFO:teuthology.orchestra.run.smithi033.stdout:/usr/bin/ceph: stderr
2024-04-20T03:23:54.293+0000 7fbd98359700 1 -- --> [v2:172.21.15.33:3300/0,v1:172.21.15.33:6789/0] -- mon_getmap magic: 0 v1 -- 0x7fbd90102170 con 0x7fbd90101820
2024-04-20T03:23:55.615 INFO:teuthology.orchestra.run.smithi033.stdout:/usr/bin/ceph: stderr
2024-04-20T03:23:54.293+0000 7fbd960f5700 1 --2- >> [v2:172.21.15.33:3300/0,v1:172.21.15.33:6789/0] conn(0x7fbd90101820 0x7fbd90101c30 unknown :-1 s=BANNER_CONNECTING pgs=0 cs=0 l=0 rev1=0 crypto rx=0 tx=0 comp rx=0 tx=0)._handle_peer_banner_payload supported=3 required=0
2024-04-20T03:23:55.615 INFO:teuthology.orchestra.run.smithi033.stdout:/usr/bin/ceph: stderr
2024-04-20T03:23:54.293+0000 7fbd960f5700 1 --2- >> [v2:172.21.15.33:3300/0,v1:172.21.15.33:6789/0] conn(0x7fbd90101820 0x7fbd90101c30 unknown :-1 s=HELLO_CONNECTING pgs=0 cs=0 l=0 rev1=1 crypto rx=0 tx=0 comp rx=0 tx=0).handle_hello peer v2:172.21.15.33:3300/0 says I am v2:172.21.15.33:53528/0 (socket says 172.21.15.33:53528)
2024-04-20T03:23:55.615 INFO:teuthology.orchestra.run.smithi033.stdout:/usr/bin/ceph: stderr
2024-04-20T03:23:54.293+0000 7fbd960f5700 1 -- 172.21.15.33:0/800652037 learned_addr learned my addr 172.21.15.33:0/800652037 (peer_addr_for_me v2:172.21.15.33:0/0)
2024-04-20T03:23:55.615 INFO:teuthology.orchestra.run.smithi033.stdout:/usr/bin/ceph: stderr
2024-04-20T03:23:54.293+0000 7fbd960f5700 1 -- 172.21.15.33:0/800652037 --> [v2:172.21.15.33:3300/0,v1:172.21.15.33:6789/0] -- mon_subscribe({config=0+,monmap=0+}) v3 -- 0x7fbd901022b0 con 0x7fbd90101820
2024-04-20T03:23:55.615 INFO:teuthology.orchestra.run.smithi033.stdout:/usr/bin/ceph: stderr
2024-04-20T03:23:54.294+0000 7fbd960f5700 1 --2- 172.21.15.33:0/800652037 >> [v2:172.21.15.33:3300/0,v1:172.21.15.33:6789/0] conn(0x7fbd90101820 0x7fbd90101c30 secure :-1 s=READY pgs=41 cs=0 l=1 rev1=1 crypto rx=0x7fbd8000bb80 tx=0x7fbd8000b4f0 comp rx=0 tx=0).ready entity=mon.0 client_cookie=6b6adbb9bb55268c server_cookie=0 in_seq=0 out_seq=0
2024-04-20T03:23:55.615 INFO:teuthology.orchestra.run.smithi033.stdout:/usr/bin/ceph: stderr
2024-04-20T03:23:54.294+0000 7fbd950f3700 1 -- 172.21.15.33:0/800652037 <== mon.0 v2:172.21.15.33:3300/0 1 ==== mon_map magic: 0 v1 ==== 229+0+0 (secure 0 0 0) 0x7fbd8000dd00 con 0x7fbd90101820
2024-04-20T03:23:55.615 INFO:teuthology.orchestra.run.smithi033.stdout:/usr/bin/ceph: stderr
2024-04-20T03:23:54.294+0000 7fbd950f3700 1 -- 172.21.15.33:0/800652037 <== mon.0 v2:172.21.15.33:3300/0 2 ==== config(27 keys) v1 ==== 1044+0+0 (secure 0 0 0) 0x7fbd8000de60 con 0x7fbd90101820
2024-04-20T03:23:55.616 INFO:teuthology.orchestra.run.smithi033.stdout:/usr/bin/ceph: stderr
2024-04-20T03:23:54.294+0000 7fbd950f3700 1 -- 172.21.15.33:0/800652037 <== mon.0 v2:172.21.15.33:3300/0 3 ==== mon_map magic: 0 v1 ==== 229+0+0 (secure 0 0 0) 0x7fbd800188a0 con 0x7fbd90101820
2024-04-20T03:23:55.616 INFO:teuthology.orchestra.run.smithi033.stdout:/usr/bin/ceph: stderr
2024-04-20T03:23:54.294+0000 7fbd98359700 1 -- 172.21.15.33:0/800652037 >> [v2:172.21.15.33:3300/0,v1:172.21.15.33:6789/0] conn(0x7fbd90101820 msgr2=0x7fbd90101c30 secure :-1 s=STATE_CONNECTION_ESTABLISHED l=1).mark_down
2024-04-20T03:23:55.616 INFO:teuthology.orchestra.run.smithi033.stdout:/usr/bin/ceph: stderr
2024-04-20T03:23:54.294+0000 7fbd98359700 1 --2- 172.21.15.33:0/800652037 >> [v2:172.21.15.33:3300/0,v1:172.21.15.33:6789/0] conn(0x7fbd90101820 0x7fbd90101c30 secure :-1 s=READY pgs=41 cs=0 l=1 rev1=1 crypto rx=0x7fbd8000bb80 tx=0x7fbd8000b4f0 comp rx=0 tx=0).stop
2024-04-20T03:23:55.616 INFO:teuthology.orchestra.run.smithi033.stdout:/usr/bin/ceph: stderr
2024-04-20T03:23:54.294+0000 7fbd98359700 1 -- 172.21.15.33:0/800652037 shutdown_connections
2024-04-20T03:23:55.616 INFO:teuthology.orchestra.run.smithi033.stdout:/usr/bin/ceph: stderr
2024-04-20T03:23:54.294+0000 7fbd98359700 1 --2- 172.21.15.33:0/800652037 >> [v2:172.21.15.33:3300/0,v1:172.21.15.33:6789/0] conn(0x7fbd90101820 0x7fbd90101c30 unknown :-1 s=CLOSED pgs=41 cs=0 l=1 rev1=1 crypto rx=0 tx=0 comp rx=0 tx=0).stop
2024-04-20T03:23:55.616 INFO:teuthology.orchestra.run.smithi033.stdout:/usr/bin/ceph: stderr
2024-04-20T03:23:54.294+0000 7fbd98359700 1 -- 172.21.15.33:0/800652037 >> 172.21.15.33:0/800652037 conn(0x7fbd900fcfe0 msgr2=0x7fbd900ff3f0 unknown :-1 s=STATE_NONE l=0).mark_down
2024-04-20T03:23:55.616 INFO:teuthology.orchestra.run.smithi033.stdout:/usr/bin/ceph: stderr
2024-04-20T03:23:54.294+0000 7fbd98359700 1 -- 172.21.15.33:0/800652037 shutdown_connections
2024-04-20T03:23:55.616 INFO:teuthology.orchestra.run.smithi033.stdout:/usr/bin/ceph: stderr
2024-04-20T03:23:54.295+0000 7fbd98359700 1 -- 172.21.15.33:0/800652037 wait complete.
2024-04-20T03:23:55.616 INFO:teuthology.orchestra.run.smithi033.stdout:/usr/bin/ceph: stderr
2024-04-20T03:23:54.295+0000 7fbd98359700 1 Processor -- start
2024-04-20T03:23:55.616 INFO:teuthology.orchestra.run.smithi033.stdout:/usr/bin/ceph: stderr
2024-04-20T03:23:54.295+0000 7fbd98359700 1 -- start start
2024-04-20T03:23:55.616 INFO:teuthology.orchestra.run.smithi033.stdout:/usr/bin/ceph: stderr
2024-04-20T03:23:54.295+0000 7fbd98359700 1 --2- >> [v2:172.21.15.33:3300/0,v1:172.21.15.33:6789/0] conn(0x7fbd90101820 0x7fbd9010f480 unknown :-1 s=NONE pgs=0 cs=0 l=1 rev1=0 crypto rx=0 tx=0 comp rx=0 tx=0).connect
2024-04-20T03:23:55.616 INFO:teuthology.orchestra.run.smithi033.stdout:/usr/bin/ceph: stderr
2024-04-20T03:23:54.295+0000 7fbd98359700 1 -- --> [v2:172.21.15.33:3300/0,v1:172.21.15.33:6789/0] -- mon_getmap magic: 0 v1 -- 0x7fbd9010f9c0 con 0x7fbd90101820
2024-04-20T03:23:55.616 INFO:teuthology.orchestra.run.smithi033.stdout:/usr/bin/ceph: stderr
2024-04-20T03:23:54.295+0000 7fbd960f5700 1 --2- >> [v2:172.21.15.33:3300/0,v1:172.21.15.33:6789/0] conn(0x7fbd90101820 0x7fbd9010f480 unknown :-1 s=BANNER_CONNECTING pgs=0 cs=0 l=1 rev1=0 crypto rx=0 tx=0 comp rx=0 tx=0)._handle_peer_banner_payload supported=3 required=0
2024-04-20T03:23:55.616 INFO:teuthology.orchestra.run.smithi033.stdout:/usr/bin/ceph: stderr
2024-04-20T03:23:54.295+0000 7fbd960f5700 1 --2- >> [v2:172.21.15.33:3300/0,v1:172.21.15.33:6789/0] conn(0x7fbd90101820 0x7fbd9010f480 unknown :-1 s=HELLO_CONNECTING pgs=0 cs=0 l=1 rev1=1 crypto rx=0 tx=0 comp rx=0 tx=0).handle_hello peer v2:172.21.15.33:3300/0 says I am v2:172.21.15.33:53538/0 (socket says 172.21.15.33:53538)
2024-04-20T03:23:55.617 INFO:teuthology.orchestra.run.smithi033.stdout:/usr/bin/ceph: stderr
2024-04-20T03:23:54.295+0000 7fbd960f5700 1 -- 172.21.15.33:0/1203934044 learned_addr learned my addr 172.21.15.33:0/1203934044 (peer_addr_for_me v2:172.21.15.33:0/0)
2024-04-20T03:23:55.617 INFO:teuthology.orchestra.run.smithi033.stdout:/usr/bin/ceph: stderr
2024-04-20T03:23:54.296+0000 7fbd960f5700 1 -- 172.21.15.33:0/1203934044 --> [v2:172.21.15.33:3300/0,v1:172.21.15.33:6789/0] -- mon_subscribe({config=0+,monmap=0+}) v3 -- 0x7fbd8000b790 con 0x7fbd90101820
2024-04-20T03:23:55.617 INFO:teuthology.orchestra.run.smithi033.stdout:/usr/bin/ceph: stderr
2024-04-20T03:23:54.296+0000 7fbd960f5700 1 --2- 172.21.15.33:0/1203934044 >> [v2:172.21.15.33:3300/0,v1:172.21.15.33:6789/0] conn(0x7fbd90101820 0x7fbd9010f480 secure :-1 s=READY pgs=42 cs=0 l=1 rev1=1 crypto rx=0x7fbd80018600 tx=0x7fbd8000b4f0 comp rx=0 tx=0).ready entity=mon.0 client_cookie=0 server_cookie=0 in_seq=0 out_seq=0
2024-04-20T03:23:55.617 INFO:teuthology.orchestra.run.smithi033.stdout:/usr/bin/ceph: stderr
2024-04-20T03:23:54.296+0000 7fbd86ffd700 1 -- 172.21.15.33:0/1203934044 <== mon.0 v2:172.21.15.33:3300/0 1 ==== mon_map magic: 0 v1 ==== 229+0+0 (secure 0 0 0) 0x7fbd80010bd0 con 0x7fbd90101820
2024-04-20T03:23:55.617 INFO:teuthology.orchestra.run.smithi033.stdout:/usr/bin/ceph: stderr
2024-04-20T03:23:54.296+0000 7fbd86ffd700 1 -- 172.21.15.33:0/1203934044 <== mon.0 v2:172.21.15.33:3300/0 2 ==== config(27 keys) v1 ==== 1044+0+0 (secure 0 0 0) 0x7fbd8001d050 con 0x7fbd90101820
2024-04-20T03:23:55.617 INFO:teuthology.orchestra.run.smithi033.stdout:/usr/bin/ceph: stderr
2024-04-20T03:23:54.296+0000 7fbd98359700 1 -- 172.21.15.33:0/1203934044 --> [v2:172.21.15.33:3300/0,v1:172.21.15.33:6789/0] -- mon_subscribe({mgrmap=0+}) v3 -- 0x7fbd9010fbc0 con 0x7fbd90101820
2024-04-20T03:23:55.617 INFO:teuthology.orchestra.run.smithi033.stdout:/usr/bin/ceph: stderr
2024-04-20T03:23:54.296+0000 7fbd86ffd700 1 -- 172.21.15.33:0/1203934044 <== mon.0 v2:172.21.15.33:3300/0 3 ==== mon_map magic: 0 v1 ==== 229+0+0 (secure 0 0 0) 0x7fbd80022670 con 0x7fbd90101820
2024-04-20T03:23:55.617 INFO:teuthology.orchestra.run.smithi033.stdout:/usr/bin/ceph: stderr
2024-04-20T03:23:54.296+0000 7fbd98359700 1 -- 172.21.15.33:0/1203934044 --> [v2:172.21.15.33:3300/0,v1:172.21.15.33:6789/0] -- mon_subscribe({osdmap=0}) v3 -- 0x7fbd90110730 con 0x7fbd90101820
2024-04-20T03:23:55.617 INFO:teuthology.orchestra.run.smithi033.stdout:/usr/bin/ceph: stderr
2024-04-20T03:23:54.297+0000 7fbd86ffd700 1 -- 172.21.15.33:0/1203934044 <== mon.0 v2:172.21.15.33:3300/0 4 ==== mgrmap(e 8) v1 ==== 43376+0+0 (secure 0 0 0) 0x7fbd80022820 con 0x7fbd90101820
2024-04-20T03:23:55.617 INFO:teuthology.orchestra.run.smithi033.stdout:/usr/bin/ceph: stderr
2024-04-20T03:23:54.297+0000 7fbd86ffd700 1 --2- 172.21.15.33:0/1203934044 >> [v2:172.21.15.33:6800/2943128784,v1:172.21.15.33:6801/2943128784] conn(0x7fbd7c0367e0 0x7fbd7c038c90 unknown :-1 s=NONE pgs=0 cs=0 l=1 rev1=0 crypto rx=0 tx=0 comp rx=0 tx=0).connect
2024-04-20T03:23:55.617 INFO:teuthology.orchestra.run.smithi033.stdout:/usr/bin/ceph: stderr
2024-04-20T03:23:54.297+0000 7fbd86ffd700 1 -- 172.21.15.33:0/1203934044 <== mon.0 v2:172.21.15.33:3300/0 5 ==== osd_map(2..2 src has 1..2) v4 ==== 936+0+0 (secure 0 0 0) 0x7fbd80014070 con 0x7fbd90101820
2024-04-20T03:23:55.617 INFO:teuthology.orchestra.run.smithi033.stdout:/usr/bin/ceph: stderr
2024-04-20T03:23:54.297+0000 7fbd958f4700 1 --2- 172.21.15.33:0/1203934044 >> [v2:172.21.15.33:6800/2943128784,v1:172.21.15.33:6801/2943128784] conn(0x7fbd7c0367e0 0x7fbd7c038c90 unknown :-1 s=BANNER_CONNECTING pgs=0 cs=0 l=1 rev1=0 crypto rx=0 tx=0 comp rx=0 tx=0)._handle_peer_banner_payload supported=3 required=0
2024-04-20T03:23:55.617 INFO:teuthology.orchestra.run.smithi033.stdout:/usr/bin/ceph: stderr
2024-04-20T03:23:54.297+0000 7fbd98359700 1 -- 172.21.15.33:0/1203934044 --> [v2:172.21.15.33:3300/0,v1:172.21.15.33:6789/0] -- mon_command({"prefix": "get_command_descriptions"} v 0) v1 -- 0x7fbd9005f5f0 con 0x7fbd90101820
2024-04-20T03:23:55.617 INFO:teuthology.orchestra.run.smithi033.stdout:/usr/bin/ceph: stderr
2024-04-20T03:23:54.298+0000 7fbd958f4700 1 --2- 172.21.15.33:0/1203934044 >> [v2:172.21.15.33:6800/2943128784,v1:172.21.15.33:6801/2943128784] conn(0x7fbd7c0367e0 0x7fbd7c038c90 secure :-1 s=READY pgs=9 cs=0 l=1 rev1=1 crypto rx=0x7fbd8c009990 tx=0x7fbd8c006e40 comp rx=0 tx=0).ready entity=mgr.14120 client_cookie=0 server_cookie=0 in_seq=0 out_seq=0
2024-04-20T03:23:55.618 INFO:teuthology.orchestra.run.smithi033.stdout:/usr/bin/ceph: stderr
2024-04-20T03:23:54.302+0000 7fbd86ffd700 1 -- 172.21.15.33:0/1203934044 <== mon.0 v2:172.21.15.33:3300/0 6 ==== mon_command_ack([{"prefix": "get_command_descriptions"}]=0 v0) v1 ==== 72+0+176702 (secure 0 0 0) 0x7fbd80021d70 con 0x7fbd90101820
2024-04-20T03:23:55.618 INFO:teuthology.orchestra.run.smithi033.stdout:/usr/bin/ceph: stderr
2024-04-20T03:23:54.498+0000 7fbd98359700 1 -- 172.21.15.33:0/1203934044 --> [v2:172.21.15.33:6800/2943128784,v1:172.21.15.33:6801/2943128784] -- mgr_command(tid 0: {"prefix": "cephadm generate-key", "target": ["mon-mgr", ""]}) v1 -- 0x7fbd901109e0 con 0x7fbd7c0367e0
2024-04-20T03:23:55.618 INFO:teuthology.orchestra.run.smithi033.stdout:/usr/bin/ceph: stderr
2024-04-20T03:23:54.997+0000 7fbd86ffd700 1 -- 172.21.15.33:0/1203934044 <== mgr.14120 v2:172.21.15.33:6800/2943128784 1 ==== mgr_command_reply(tid 0: 0 ) v1 ==== 8+0+0 (secure 0 0 0) 0x7fbd901109e0 con 0x7fbd7c0367e0
2024-04-20T03:23:55.618 INFO:teuthology.orchestra.run.smithi033.stdout:/usr/bin/ceph: stderr
2024-04-20T03:23:54.999+0000 7fbd98359700 1 -- 172.21.15.33:0/1203934044 >> [v2:172.21.15.33:6800/2943128784,v1:172.21.15.33:6801/2943128784] conn(0x7fbd7c0367e0 msgr2=0x7fbd7c038c90 secure :-1 s=STATE_CONNECTION_ESTABLISHED l=1).mark_down
2024-04-20T03:23:55.618 INFO:teuthology.orchestra.run.smithi033.stdout:/usr/bin/ceph: stderr
2024-04-20T03:23:54.999+0000 7fbd98359700 1 --2- 172.21.15.33:0/1203934044 >> [v2:172.21.15.33:6800/2943128784,v1:172.21.15.33:6801/2943128784] conn(0x7fbd7c0367e0 0x7fbd7c038c90 secure :-1 s=READY pgs=9 cs=0 l=1 rev1=1 crypto rx=0x7fbd8c009990 tx=0x7fbd8c006e40 comp rx=0 tx=0).stop
2024-04-20T03:23:55.618 INFO:teuthology.orchestra.run.smithi033.stdout:/usr/bin/ceph: stderr
2024-04-20T03:23:54.999+0000 7fbd98359700 1 -- 172.21.15.33:0/1203934044 >> [v2:172.21.15.33:3300/0,v1:172.21.15.33:6789/0] conn(0x7fbd90101820 msgr2=0x7fbd9010f480 secure :-1 s=STATE_CONNECTION_ESTABLISHED l=1).mark_down
2024-04-20T03:23:55.618 INFO:teuthology.orchestra.run.smithi033.stdout:/usr/bin/ceph: stderr
2024-04-20T03:23:54.999+0000 7fbd98359700 1 --2- 172.21.15.33:0/1203934044 >> [v2:172.21.15.33:3300/0,v1:172.21.15.33:6789/0] conn(0x7fbd90101820 0x7fbd9010f480 secure :-1 s=READY pgs=42 cs=0 l=1 rev1=1 crypto rx=0x7fbd80018600 tx=0x7fbd8000b4f0 comp rx=0 tx=0).stop
2024-04-20T03:23:55.618 INFO:teuthology.orchestra.run.smithi033.stdout:/usr/bin/ceph: stderr
2024-04-20T03:23:54.999+0000 7fbd98359700 1 -- 172.21.15.33:0/1203934044 shutdown_connections
2024-04-20T03:23:55.618 INFO:teuthology.orchestra.run.smithi033.stdout:/usr/bin/ceph: stderr
2024-04-20T03:23:54.999+0000 7fbd98359700 1 --2- 172.21.15.33:0/1203934044 >> [v2:172.21.15.33:6800/2943128784,v1:172.21.15.33:6801/2943128784] conn(0x7fbd7c0367e0 0x7fbd7c038c90 unknown :-1 s=CLOSED pgs=9 cs=0 l=1 rev1=1 crypto rx=0 tx=0 comp rx=0 tx=0).stop
2024-04-20T03:23:55.618 INFO:teuthology.orchestra.run.smithi033.stdout:/usr/bin/ceph: stderr
2024-04-20T03:23:54.999+0000 7fbd98359700 1 --2- 172.21.15.33:0/1203934044 >> [v2:172.21.15.33:3300/0,v1:172.21.15.33:6789/0] conn(0x7fbd90101820 0x7fbd9010f480 unknown :-1 s=CLOSED pgs=42 cs=0 l=1 rev1=1 crypto rx=0 tx=0 comp rx=0 tx=0).stop
2024-04-20T03:23:55.618 INFO:teuthology.orchestra.run.smithi033.stdout:/usr/bin/ceph: stderr
2024-04-20T03:23:54.999+0000 7fbd98359700 1 -- 172.21.15.33:0/1203934044 >> 172.21.15.33:0/1203934044 conn(0x7fbd900fcfe0 msgr2=0x7fbd90105c70 unknown :-1 s=STATE_NONE l=0).mark_down
2024-04-20T03:23:55.618 INFO:teuthology.orchestra.run.smithi033.stdout:/usr/bin/ceph: stderr
2024-04-20T03:23:54.999+0000 7fbd98359700 1 -- 172.21.15.33:0/1203934044 shutdown_connections
2024-04-20T03:23:55.618 INFO:teuthology.orchestra.run.smithi033.stdout:/usr/bin/ceph: stderr
2024-04-20T03:23:54.999+0000 7fbd98359700 1 -- 172.21.15.33:0/1203934044 wait complete.
2024-04-20T03:23:56.147 INFO:journalctl@ceph.mon.smithi033.smithi033.stdout:Apr 20 03:23:55 smithi033 ceph-mon[16976]: from='client.14136 -' entity='client.admin' cmd=[{"prefix": "cephadm generate-key", "target": ["mon-mgr", ""]}]: dispatch
2024-04-20T03:23:56.147 INFO:journalctl@ceph.mon.smithi033.smithi033.stdout:Apr 20 03:23:55 smithi033 ceph-mon[16976]: Generating ssh key...
2024-04-20T03:23:56.148 INFO:journalctl@ceph.mon.smithi033.smithi033.stdout:Apr 20 03:23:55 smithi033 ceph-mon[16976]: from='mgr.14120 172.21.15.33:0/51151910' entity='mgr.smithi033.nczamh'
2024-04-20T03:23:56.148 INFO:journalctl@ceph.mon.smithi033.smithi033.stdout:Apr 20 03:23:55 smithi033 ceph-mon[16976]: from='mgr.14120 172.21.15.33:0/51151910' entity='mgr.smithi033.nczamh'
2024-04-20T03:23:56.971 INFO:teuthology.orchestra.run.smithi033.stdout:/usr/bin/ceph: stdout ssh-rsa AAAAB3NzaC1yc2EAAAADAQABAAABgQCb7n+Ilx49bXgrNVhO8hVeBZMHwYCLo7LvVK7k8tKxP3G5I/YNAKsh03eJtjLGuU/JhyrKy66GxUQgUU6Rnj1OxhlAycBwdyU2j8DLbiApLBWLP9ZQivQPN3LAbIrj5cQJamIkygi0pvyfnomrIqOxoT8tmrJaVAFT3MxkKh4SG8xEhrTQp/sMBcHrsUOa62TRf3HWOvI94s6SQ6fkYFtGg/lmyghxgKRbzGwp1M/BeKpZcvHPyd46Cn1RFvsVvzyKAt5uNZm2xAfGiEn9PzjlJu4/XxOeIv1l+VZ11X2C+ld5i4p+8NSimgCfkac5BO+P0NQWSCo90a+CknFIo3yaW6OuKfzE9mW62HuKcd7ubzTlGIcCYhuPrRmJCgk7uJVNlzA1zPHO6GYVy3K/B/X0zNeP1HI3KFQeosNmgPUeDWLQpRjzpCovZ7+jcBk8qD3zEYWvx5+GKDhkvevKKas6Fm8hE7je2Y9RVElSNSPjbM+LRQutP8CnSBv3S4hPJ8M= ceph-1bcc66e8-fec5-11ee-bc92-c7b262605968
2024-04-20T03:23:56.971 INFO:teuthology.orchestra.run.smithi033.stdout:/usr/bin/ceph: stderr
2024-04-20T03:23:56.068+0000 7f009b499700 1 Processor -- start
2024-04-20T03:23:56.971 INFO:teuthology.orchestra.run.smithi033.stdout:/usr/bin/ceph: stderr
2024-04-20T03:23:56.068+0000 7f009b499700 1 -- start start
2024-04-20T03:23:56.971 INFO:teuthology.orchestra.run.smithi033.stdout:/usr/bin/ceph: stderr
2024-04-20T03:23:56.068+0000 7f009b499700 1 --2- >> [v2:172.21.15.33:3300/0,v1:172.21.15.33:6789/0] conn(0x7f0094078bb0 0x7f0094077240 unknown :-1 s=NONE pgs=0 cs=0 l=0 rev1=0 crypto rx=0 tx=0 comp rx=0 tx=0).connect
2024-04-20T03:23:56.971 INFO:teuthology.orchestra.run.smithi033.stdout:/usr/bin/ceph: stderr
2024-04-20T03:23:56.068+0000 7f009b499700 1 -- --> [v2:172.21.15.33:3300/0,v1:172.21.15.33:6789/0] -- mon_getmap magic: 0 v1 -- 0x7f0094078fc0 con 0x7f0094078bb0
2024-04-20T03:23:56.971 INFO:teuthology.orchestra.run.smithi033.stdout:/usr/bin/ceph: stderr
2024-04-20T03:23:56.069+0000 7f0099235700 1 --2- >> [v2:172.21.15.33:3300/0,v1:172.21.15.33:6789/0] conn(0x7f0094078bb0 0x7f0094077240 unknown :-1 s=BANNER_CONNECTING pgs=0 cs=0 l=0 rev1=0 crypto rx=0 tx=0 comp rx=0 tx=0)._handle_peer_banner_payload supported=3 required=0
2024-04-20T03:23:56.971 INFO:teuthology.orchestra.run.smithi033.stdout:/usr/bin/ceph: stderr
2024-04-20T03:23:56.069+0000 7f0099235700 1 --2- >> [v2:172.21.15.33:3300/0,v1:172.21.15.33:6789/0] conn(0x7f0094078bb0 0x7f0094077240 unknown :-1 s=HELLO_CONNECTING pgs=0 cs=0 l=0 rev1=1 crypto rx=0 tx=0 comp rx=0 tx=0).handle_hello peer v2:172.21.15.33:3300/0 says I am v2:172.21.15.33:33736/0 (socket says 172.21.15.33:33736)
2024-04-20T03:23:56.971 INFO:teuthology.orchestra.run.smithi033.stdout:/usr/bin/ceph: stderr
2024-04-20T03:23:56.069+0000 7f0099235700 1 -- 172.21.15.33:0/3681213175 learned_addr learned my addr 172.21.15.33:0/3681213175 (peer_addr_for_me v2:172.21.15.33:0/0)
2024-04-20T03:23:56.971 INFO:teuthology.orchestra.run.smithi033.stdout:/usr/bin/ceph: stderr
2024-04-20T03:23:56.069+0000 7f0099235700 1 -- 172.21.15.33:0/3681213175 --> [v2:172.21.15.33:3300/0,v1:172.21.15.33:6789/0] -- mon_subscribe({config=0+,monmap=0+}) v3 -- 0x7f0094079100 con 0x7f0094078bb0
2024-04-20T03:23:56.971 INFO:teuthology.orchestra.run.smithi033.stdout:/usr/bin/ceph: stderr
2024-04-20T03:23:56.069+0000 7f0099235700 1 --2- 172.21.15.33:0/3681213175 >> [v2:172.21.15.33:3300/0,v1:172.21.15.33:6789/0] conn(0x7f0094078bb0 0x7f0094077240 secure :-1 s=READY pgs=43 cs=0 l=1 rev1=1 crypto rx=0x7f00880098e0 tx=0x7f0088009250 comp rx=0 tx=0).ready entity=mon.0 client_cookie=f5228ef98b2ace34 server_cookie=0 in_seq=0 out_seq=0
2024-04-20T03:23:56.971 INFO:teuthology.orchestra.run.smithi033.stdout:/usr/bin/ceph: stderr
2024-04-20T03:23:56.069+0000 7f0087fff700 1 -- 172.21.15.33:0/3681213175 <== mon.0 v2:172.21.15.33:3300/0 1 ==== mon_map magic: 0 v1 ==== 229+0+0 (secure 0 0 0) 0x7f008800b8f0 con 0x7f0094078bb0
2024-04-20T03:23:56.972 INFO:teuthology.orchestra.run.smithi033.stdout:/usr/bin/ceph: stderr
2024-04-20T03:23:56.069+0000 7f0087fff700 1 -- 172.21.15.33:0/3681213175 <== mon.0 v2:172.21.15.33:3300/0 2 ==== config(27 keys) v1 ==== 1044+0+0 (secure 0 0 0) 0x7f0088011420 con 0x7f0094078bb0
2024-04-20T03:23:56.972 INFO:teuthology.orchestra.run.smithi033.stdout:/usr/bin/ceph: stderr
2024-04-20T03:23:56.069+0000 7f0087fff700 1 -- 172.21.15.33:0/3681213175 <== mon.0 v2:172.21.15.33:3300/0 3 ==== mon_map magic: 0 v1 ==== 229+0+0 (secure 0 0 0) 0x7f0088010540 con 0x7f0094078bb0
2024-04-20T03:23:56.972 INFO:teuthology.orchestra.run.smithi033.stdout:/usr/bin/ceph: stderr
2024-04-20T03:23:56.070+0000 7f009b499700 1 -- 172.21.15.33:0/3681213175 >> [v2:172.21.15.33:3300/0,v1:172.21.15.33:6789/0] conn(0x7f0094078bb0 msgr2=0x7f0094077240 secure :-1 s=STATE_CONNECTION_ESTABLISHED l=1).mark_down
2024-04-20T03:23:56.972 INFO:teuthology.orchestra.run.smithi033.stdout:/usr/bin/ceph: stderr
2024-04-20T03:23:56.070+0000 7f009b499700 1 --2- 172.21.15.33:0/3681213175 >> [v2:172.21.15.33:3300/0,v1:172.21.15.33:6789/0] conn(0x7f0094078bb0 0x7f0094077240 secure :-1 s=READY pgs=43 cs=0 l=1 rev1=1 crypto rx=0x7f00880098e0 tx=0x7f0088009250 comp rx=0 tx=0).stop
2024-04-20T03:23:56.972 INFO:teuthology.orchestra.run.smithi033.stdout:/usr/bin/ceph: stderr
2024-04-20T03:23:56.070+0000 7f009b499700 1 -- 172.21.15.33:0/3681213175 shutdown_connections
2024-04-20T03:23:56.972 INFO:teuthology.orchestra.run.smithi033.stdout:/usr/bin/ceph: stderr
2024-04-20T03:23:56.070+0000 7f009b499700 1 --2- 172.21.15.33:0/3681213175 >> [v2:172.21.15.33:3300/0,v1:172.21.15.33:6789/0] conn(0x7f0094078bb0 0x7f0094077240 unknown :-1 s=CLOSED pgs=43 cs=0 l=1 rev1=1 crypto rx=0 tx=0 comp rx=0 tx=0).stop
2024-04-20T03:23:56.972 INFO:teuthology.orchestra.run.smithi033.stdout:/usr/bin/ceph: stderr
2024-04-20T03:23:56.070+0000 7f009b499700 1 -- 172.21.15.33:0/3681213175 >> 172.21.15.33:0/3681213175 conn(0x7f00940fe140 msgr2=0x7f0094100550 unknown :-1 s=STATE_NONE l=0).mark_down
2024-04-20T03:23:56.972 INFO:teuthology.orchestra.run.smithi033.stdout:/usr/bin/ceph: stderr
2024-04-20T03:23:56.070+0000 7f009b499700 1 -- 172.21.15.33:0/3681213175 shutdown_connections
2024-04-20T03:23:56.972 INFO:teuthology.orchestra.run.smithi033.stdout:/usr/bin/ceph: stderr
2024-04-20T03:23:56.070+0000 7f009b499700 1 -- 172.21.15.33:0/3681213175 wait complete.
2024-04-20T03:23:56.972 INFO:teuthology.orchestra.run.smithi033.stdout:/usr/bin/ceph: stderr
2024-04-20T03:23:56.071+0000 7f009b499700 1 Processor -- start
2024-04-20T03:23:56.972 INFO:teuthology.orchestra.run.smithi033.stdout:/usr/bin/ceph: stderr
2024-04-20T03:23:56.071+0000 7f009b499700 1 -- start start
2024-04-20T03:23:56.972 INFO:teuthology.orchestra.run.smithi033.stdout:/usr/bin/ceph: stderr
2024-04-20T03:23:56.071+0000 7f009b499700 1 --2- >> [v2:172.21.15.33:3300/0,v1:172.21.15.33:6789/0] conn(0x7f0094078bb0 0x7f0094113970 unknown :-1 s=NONE pgs=0 cs=0 l=1 rev1=0 crypto rx=0 tx=0 comp rx=0 tx=0).connect
2024-04-20T03:23:56.972 INFO:teuthology.orchestra.run.smithi033.stdout:/usr/bin/ceph: stderr
2024-04-20T03:23:56.071+0000 7f009b499700 1 -- --> [v2:172.21.15.33:3300/0,v1:172.21.15.33:6789/0] -- mon_getmap magic: 0 v1 -- 0x7f0094113eb0 con 0x7f0094078bb0
2024-04-20T03:23:56.972 INFO:teuthology.orchestra.run.smithi033.stdout:/usr/bin/ceph: stderr
2024-04-20T03:23:56.071+0000 7f0099235700 1 --2- >> [v2:172.21.15.33:3300/0,v1:172.21.15.33:6789/0] conn(0x7f0094078bb0 0x7f0094113970 unknown :-1 s=BANNER_CONNECTING pgs=0 cs=0 l=1 rev1=0 crypto rx=0 tx=0 comp rx=0 tx=0)._handle_peer_banner_payload supported=3 required=0
2024-04-20T03:23:56.972 INFO:teuthology.orchestra.run.smithi033.stdout:/usr/bin/ceph: stderr
2024-04-20T03:23:56.071+0000 7f0099235700 1 --2- >> [v2:172.21.15.33:3300/0,v1:172.21.15.33:6789/0] conn(0x7f0094078bb0 0x7f0094113970 unknown :-1 s=HELLO_CONNECTING pgs=0 cs=0 l=1 rev1=1 crypto rx=0 tx=0 comp rx=0 tx=0).handle_hello peer v2:172.21.15.33:3300/0 says I am v2:172.21.15.33:33750/0 (socket says 172.21.15.33:33750)
2024-04-20T03:23:56.973 INFO:teuthology.orchestra.run.smithi033.stdout:/usr/bin/ceph: stderr
2024-04-20T03:23:56.071+0000 7f0099235700 1 -- 172.21.15.33:0/4027045059 learned_addr learned my addr 172.21.15.33:0/4027045059 (peer_addr_for_me v2:172.21.15.33:0/0)
2024-04-20T03:23:56.973 INFO:teuthology.orchestra.run.smithi033.stdout:/usr/bin/ceph: stderr
2024-04-20T03:23:56.071+0000 7f0099235700 1 -- 172.21.15.33:0/4027045059 --> [v2:172.21.15.33:3300/0,v1:172.21.15.33:6789/0] -- mon_subscribe({config=0+,monmap=0+}) v3 -- 0x7f00880094f0 con 0x7f0094078bb0
2024-04-20T03:23:56.973 INFO:teuthology.orchestra.run.smithi033.stdout:/usr/bin/ceph: stderr
2024-04-20T03:23:56.071+0000 7f0099235700 1 --2- 172.21.15.33:0/4027045059 >> [v2:172.21.15.33:3300/0,v1:172.21.15.33:6789/0] conn(0x7f0094078bb0 0x7f0094113970 secure :-1 s=READY pgs=44 cs=0 l=1 rev1=1 crypto rx=0x7f0088000c00 tx=0x7f0088009250 comp rx=0 tx=0).ready entity=mon.0 client_cookie=0 server_cookie=0 in_seq=0 out_seq=0
2024-04-20T03:23:56.973 INFO:teuthology.orchestra.run.smithi033.stdout:/usr/bin/ceph: stderr
2024-04-20T03:23:56.071+0000 7f0085ffb700 1 -- 172.21.15.33:0/4027045059 <== mon.0 v2:172.21.15.33:3300/0 1 ==== mon_map magic: 0 v1 ==== 229+0+0 (secure 0 0 0) 0x7f00880107b0 con 0x7f0094078bb0
2024-04-20T03:23:56.973 INFO:teuthology.orchestra.run.smithi033.stdout:/usr/bin/ceph: stderr
2024-04-20T03:23:56.072+0000 7f0085ffb700 1 -- 172.21.15.33:0/4027045059 <== mon.0 v2:172.21.15.33:3300/0 2 ==== config(27 keys) v1 ==== 1044+0+0 (secure 0 0 0) 0x7f0088010da0 con 0x7f0094078bb0
2024-04-20T03:23:56.973 INFO:teuthology.orchestra.run.smithi033.stdout:/usr/bin/ceph: stderr
2024-04-20T03:23:56.072+0000 7f009b499700 1 -- 172.21.15.33:0/4027045059 --> [v2:172.21.15.33:3300/0,v1:172.21.15.33:6789/0] -- mon_subscribe({mgrmap=0+}) v3 -- 0x7f00941140b0 con 0x7f0094078bb0
2024-04-20T03:23:56.973 INFO:teuthology.orchestra.run.smithi033.stdout:/usr/bin/ceph: stderr
2024-04-20T03:23:56.072+0000 7f0085ffb700 1 -- 172.21.15.33:0/4027045059 <== mon.0 v2:172.21.15.33:3300/0 3 ==== mon_map magic: 0 v1 ==== 229+0+0 (secure 0 0 0) 0x7f008801add0 con 0x7f0094078bb0
2024-04-20T03:23:56.973 INFO:teuthology.orchestra.run.smithi033.stdout:/usr/bin/ceph: stderr
2024-04-20T03:23:56.072+0000 7f009b499700 1 -- 172.21.15.33:0/4027045059 --> [v2:172.21.15.33:3300/0,v1:172.21.15.33:6789/0] -- mon_subscribe({osdmap=0}) v3 -- 0x7f0094114c20 con 0x7f0094078bb0
2024-04-20T03:23:56.973 INFO:teuthology.orchestra.run.smithi033.stdout:/usr/bin/ceph: stderr
2024-04-20T03:23:56.073+0000 7f0085ffb700 1 -- 172.21.15.33:0/4027045059 <== mon.0 v2:172.21.15.33:3300/0 4 ==== mgrmap(e 8) v1 ==== 43376+0+0 (secure 0 0 0) 0x7f008802e440 con 0x7f0094078bb0
2024-04-20T03:23:56.973 INFO:teuthology.orchestra.run.smithi033.stdout:/usr/bin/ceph: stderr
2024-04-20T03:23:56.073+0000 7f009b499700 1 -- 172.21.15.33:0/4027045059 --> [v2:172.21.15.33:3300/0,v1:172.21.15.33:6789/0] -- mon_command({"prefix": "get_command_descriptions"} v 0) v1 -- 0x7f009405f5f0 con 0x7f0094078bb0
2024-04-20T03:23:56.973 INFO:teuthology.orchestra.run.smithi033.stdout:/usr/bin/ceph: stderr
2024-04-20T03:23:56.073+0000 7f0085ffb700 1 --2- 172.21.15.33:0/4027045059 >> [v2:172.21.15.33:6800/2943128784,v1:172.21.15.33:6801/2943128784] conn(0x7f0080036790 0x7f0080038c40 unknown :-1 s=NONE pgs=0 cs=0 l=1 rev1=0 crypto rx=0 tx=0 comp rx=0 tx=0).connect
2024-04-20T03:23:56.973 INFO:teuthology.orchestra.run.smithi033.stdout:/usr/bin/ceph: stderr
2024-04-20T03:23:56.073+0000 7f0085ffb700 1 -- 172.21.15.33:0/4027045059 <== mon.0 v2:172.21.15.33:3300/0 5 ==== osd_map(2..2 src has 1..2) v4 ==== 936+0+0 (secure 0 0 0) 0x7f008804ac60 con 0x7f0094078bb0
2024-04-20T03:23:56.973 INFO:teuthology.orchestra.run.smithi033.stdout:/usr/bin/ceph: stderr
2024-04-20T03:23:56.073+0000 7f0098a34700 1 --2- 172.21.15.33:0/4027045059 >> [v2:172.21.15.33:6800/2943128784,v1:172.21.15.33:6801/2943128784] conn(0x7f0080036790 0x7f0080038c40 unknown :-1 s=BANNER_CONNECTING pgs=0 cs=0 l=1 rev1=0 crypto rx=0 tx=0 comp rx=0 tx=0)._handle_peer_banner_payload supported=3 required=0
2024-04-20T03:23:56.973 INFO:teuthology.orchestra.run.smithi033.stdout:/usr/bin/ceph: stderr
2024-04-20T03:23:56.073+0000 7f0098a34700 1 --2- 172.21.15.33:0/4027045059 >> [v2:172.21.15.33:6800/2943128784,v1:172.21.15.33:6801/2943128784] conn(0x7f0080036790 0x7f0080038c40 secure :-1 s=READY pgs=10 cs=0 l=1 rev1=1 crypto rx=0x7f0090009990 tx=0x7f0090006e40 comp rx=0 tx=0).ready entity=mgr.14120 client_cookie=0 server_cookie=0 in_seq=0 out_seq=0
2024-04-20T03:23:56.973 INFO:teuthology.orchestra.run.smithi033.stdout:/usr/bin/ceph: stderr
2024-04-20T03:23:56.078+0000 7f0085ffb700 1 -- 172.21.15.33:0/4027045059 <== mon.0 v2:172.21.15.33:3300/0 6 ==== mon_command_ack([{"prefix": "get_command_descriptions"}]=0 v0) v1 ==== 72+0+176702 (secure 0 0 0) 0x7f00880247c0 con 0x7f0094078bb0
2024-04-20T03:23:56.973 INFO:teuthology.orchestra.run.smithi033.stdout:/usr/bin/ceph: stderr
2024-04-20T03:23:56.277+0000 7f009b499700 1 -- 172.21.15.33:0/4027045059 --> [v2:172.21.15.33:6800/2943128784,v1:172.21.15.33:6801/2943128784] -- mgr_command(tid 0: {"prefix": "cephadm get-pub-key", "target": ["mon-mgr", ""]}) v1 -- 0x7f00940ff5e0 con 0x7f0080036790
2024-04-20T03:23:56.973 INFO:teuthology.orchestra.run.smithi033.stdout:/usr/bin/ceph: stderr
2024-04-20T03:23:56.278+0000 7f0085ffb700 1 -- 172.21.15.33:0/4027045059 <== mgr.14120 v2:172.21.15.33:6800/2943128784 1 ==== mgr_command_reply(tid 0: 0 ) v1 ==== 8+0+595 (secure 0 0 0) 0x7f00940ff5e0 con 0x7f0080036790
2024-04-20T03:23:56.974 INFO:teuthology.orchestra.run.smithi033.stdout:/usr/bin/ceph: stderr
2024-04-20T03:23:56.280+0000 7f009b499700 1 -- 172.21.15.33:0/4027045059 >> [v2:172.21.15.33:6800/2943128784,v1:172.21.15.33:6801/2943128784] conn(0x7f0080036790 msgr2=0x7f0080038c40 secure :-1 s=STATE_CONNECTION_ESTABLISHED l=1).mark_down
2024-04-20T03:23:56.974 INFO:teuthology.orchestra.run.smithi033.stdout:/usr/bin/ceph: stderr
2024-04-20T03:23:56.280+0000 7f009b499700 1 --2- 172.21.15.33:0/4027045059 >> [v2:172.21.15.33:6800/2943128784,v1:172.21.15.33:6801/2943128784] conn(0x7f0080036790 0x7f0080038c40 secure :-1 s=READY pgs=10 cs=0 l=1 rev1=1 crypto rx=0x7f0090009990 tx=0x7f0090006e40 comp rx=0 tx=0).stop
2024-04-20T03:23:56.974 INFO:teuthology.orchestra.run.smithi033.stdout:/usr/bin/ceph: stderr
2024-04-20T03:23:56.280+0000 7f009b499700 1 -- 172.21.15.33:0/4027045059 >> [v2:172.21.15.33:3300/0,v1:172.21.15.33:6789/0] conn(0x7f0094078bb0 msgr2=0x7f0094113970 secure :-1 s=STATE_CONNECTION_ESTABLISHED l=1).mark_down
2024-04-20T03:23:56.974 INFO:teuthology.orchestra.run.smithi033.stdout:/usr/bin/ceph: stderr
2024-04-20T03:23:56.280+0000 7f009b499700 1 --2- 172.21.15.33:0/4027045059 >> [v2:172.21.15.33:3300/0,v1:172.21.15.33:6789/0] conn(0x7f0094078bb0 0x7f0094113970 secure :-1 s=READY pgs=44 cs=0 l=1 rev1=1 crypto rx=0x7f0088000c00 tx=0x7f0088009250 comp rx=0 tx=0).stop
2024-04-20T03:23:56.974 INFO:teuthology.orchestra.run.smithi033.stdout:/usr/bin/ceph: stderr
2024-04-20T03:23:56.280+0000 7f009b499700 1 -- 172.21.15.33:0/4027045059 shutdown_connections
2024-04-20T03:23:56.974 INFO:teuthology.orchestra.run.smithi033.stdout:/usr/bin/ceph: stderr
2024-04-20T03:23:56.280+0000 7f009b499700 1 --2- 172.21.15.33:0/4027045059 >> [v2:172.21.15.33:6800/2943128784,v1:172.21.15.33:6801/2943128784] conn(0x7f0080036790 0x7f0080038c40 unknown :-1 s=CLOSED pgs=10 cs=0 l=1 rev1=1 crypto rx=0 tx=0 comp rx=0 tx=0).stop
2024-04-20T03:23:56.974 INFO:teuthology.orchestra.run.smithi033.stdout:/usr/bin/ceph: stderr
2024-04-20T03:23:56.280+0000 7f009b499700 1 --2- 172.21.15.33:0/4027045059 >> [v2:172.21.15.33:3300/0,v1:172.21.15.33:6789/0] conn(0x7f0094078bb0 0x7f0094113970 unknown :-1 s=CLOSED pgs=44 cs=0 l=1 rev1=1 crypto rx=0 tx=0 comp rx=0 tx=0).stop
2024-04-20T03:23:56.974 INFO:teuthology.orchestra.run.smithi033.stdout:/usr/bin/ceph: stderr
2024-04-20T03:23:56.280+0000 7f009b499700 1 -- 172.21.15.33:0/4027045059 >> 172.21.15.33:0/4027045059 conn(0x7f00940fe140 msgr2=0x7f00940fedf0 unknown :-1 s=STATE_NONE l=0).mark_down
2024-04-20T03:23:56.974 INFO:teuthology.orchestra.run.smithi033.stdout:/usr/bin/ceph: stderr
2024-04-20T03:23:56.280+0000 7f009b499700 1 -- 172.21.15.33:0/4027045059 shutdown_connections
