2024-04-21T22:05:55.623+0000 7fe26a800700 1 --2- 172.21.15.106:0/4246325120 >> [v2:172.21.15.106:3300/0,v1:172.21.15.106:6789/0] conn(0x7fe264106520 0x7fe264106940 secure :-1 s=READY pgs=55 cs=0 l=1 rev1=1 crypto rx=0x7fe2580098a0 tx=0x7fe258009bb0 comp rx=0 tx=0).stop
2024-04-21T22:05:57.828 INFO:teuthology.orchestra.run.smithi106.stdout:/usr/bin/ceph: stderr
2024-04-21T22:05:55.623+0000 7fe26a800700 1 -- 172.21.15.106:0/4246325120 shutdown_connections
2024-04-21T22:05:57.828 INFO:teuthology.orchestra.run.smithi106.stdout:/usr/bin/ceph: stderr
2024-04-21T22:05:55.623+0000 7fe26a800700 1 --2- 172.21.15.106:0/4246325120 >> [v2:172.21.15.106:3300/0,v1:172.21.15.106:6789/0] conn(0x7fe264106520 0x7fe264106940 unknown :-1 s=CLOSED pgs=55 cs=0 l=1 rev1=1 crypto rx=0 tx=0 comp rx=0 tx=0).stop
2024-04-21T22:05:57.828 INFO:teuthology.orchestra.run.smithi106.stdout:/usr/bin/ceph: stderr
2024-04-21T22:05:55.623+0000 7fe26a800700 1 -- 172.21.15.106:0/4246325120 >> 172.21.15.106:0/4246325120 conn(0x7fe2641020e0 msgr2=0x7fe264104540 unknown :-1 s=STATE_NONE l=0).mark_down
2024-04-21T22:05:57.828 INFO:teuthology.orchestra.run.smithi106.stdout:/usr/bin/ceph: stderr
2024-04-21T22:05:55.623+0000 7fe26a800700 1 -- 172.21.15.106:0/4246325120 shutdown_connections
2024-04-21T22:05:57.828 INFO:teuthology.orchestra.run.smithi106.stdout:/usr/bin/ceph: stderr
2024-04-21T22:05:55.623+0000 7fe26a800700 1 -- 172.21.15.106:0/4246325120 wait complete.
2024-04-21T22:05:57.828 INFO:teuthology.orchestra.run.smithi106.stdout:/usr/bin/ceph: stderr
2024-04-21T22:05:55.624+0000 7fe26a800700 1 Processor -- start
2024-04-21T22:05:57.828 INFO:teuthology.orchestra.run.smithi106.stdout:/usr/bin/ceph: stderr
2024-04-21T22:05:55.624+0000 7fe26a800700 1 -- start start
2024-04-21T22:05:57.829 INFO:teuthology.orchestra.run.smithi106.stdout:/usr/bin/ceph: stderr
2024-04-21T22:05:55.625+0000 7fe26a800700 1 --2- >> [v2:172.21.15.106:3300/0,v1:172.21.15.106:6789/0] conn(0x7fe264106520 0x7fe26419dda0 unknown :-1 s=NONE pgs=0 cs=0 l=1 rev1=0 crypto rx=0 tx=0 comp rx=0 tx=0).connect
2024-04-21T22:05:57.829 INFO:teuthology.orchestra.run.smithi106.stdout:/usr/bin/ceph: stderr
2024-04-21T22:05:55.625+0000 7fe26a800700 1 -- --> [v2:172.21.15.106:3300/0,v1:172.21.15.106:6789/0] -- mon_getmap magic: 0 -- 0x7fe264107f50 con 0x7fe264106520
2024-04-21T22:05:57.829 INFO:teuthology.orchestra.run.smithi106.stdout:/usr/bin/ceph: stderr
2024-04-21T22:05:55.625+0000 7fe269400700 1 --2- >> [v2:172.21.15.106:3300/0,v1:172.21.15.106:6789/0] conn(0x7fe264106520 0x7fe26419dda0 unknown :-1 s=BANNER_CONNECTING pgs=0 cs=0 l=1 rev1=0 crypto rx=0 tx=0 comp rx=0 tx=0)._handle_peer_banner_payload supported=3 required=0
2024-04-21T22:05:57.829 INFO:teuthology.orchestra.run.smithi106.stdout:/usr/bin/ceph: stderr
2024-04-21T22:05:55.625+0000 7fe269400700 1 --2- >> [v2:172.21.15.106:3300/0,v1:172.21.15.106:6789/0] conn(0x7fe264106520 0x7fe26419dda0 unknown :-1 s=HELLO_CONNECTING pgs=0 cs=0 l=1 rev1=1 crypto rx=0 tx=0 comp rx=0 tx=0).handle_hello peer v2:172.21.15.106:3300/0 says I am v2:172.21.15.106:48234/0 (socket says 172.21.15.106:48234)
2024-04-21T22:05:57.829 INFO:teuthology.orchestra.run.smithi106.stdout:/usr/bin/ceph: stderr
2024-04-21T22:05:55.625+0000 7fe269400700 1 -- 172.21.15.106:0/2887913248 learned_addr learned my addr 172.21.15.106:0/2887913248 (peer_addr_for_me v2:172.21.15.106:0/0)
2024-04-21T22:05:57.829 INFO:teuthology.orchestra.run.smithi106.stdout:/usr/bin/ceph: stderr
2024-04-21T22:05:55.625+0000 7fe269400700 1 -- 172.21.15.106:0/2887913248 --> [v2:172.21.15.106:3300/0,v1:172.21.15.106:6789/0] -- mon_subscribe({config=0+,monmap=0+}) -- 0x7fe26419e2e0 con 0x7fe264106520
2024-04-21T22:05:57.829 INFO:teuthology.orchestra.run.smithi106.stdout:/usr/bin/ceph: stderr
2024-04-21T22:05:55.626+0000 7fe269400700 1 --2- 172.21.15.106:0/2887913248 >> [v2:172.21.15.106:3300/0,v1:172.21.15.106:6789/0] conn(0x7fe264106520 0x7fe26419dda0 secure :-1 s=READY pgs=56 cs=0 l=1 rev1=1 crypto rx=0x7fe258011b60 tx=0x7fe258011c40 comp rx=0 tx=0).ready entity=mon.0 client_cookie=0 server_cookie=0 in_seq=0 out_seq=0
2024-04-21T22:05:57.829 INFO:teuthology.orchestra.run.smithi106.stdout:/usr/bin/ceph: stderr
2024-04-21T22:05:55.626+0000 7fe262000700 1 -- 172.21.15.106:0/2887913248 <== mon.0 v2:172.21.15.106:3300/0 1 ==== mon_map magic: 0 ==== 205+0+0 (secure 0 0 0) 0x7fe258003b60 con 0x7fe264106520
2024-04-21T22:05:57.829 INFO:teuthology.orchestra.run.smithi106.stdout:/usr/bin/ceph: stderr
2024-04-21T22:05:55.626+0000 7fe262000700 1 -- 172.21.15.106:0/2887913248 <== mon.0 v2:172.21.15.106:3300/0 2 ==== config(27 keys) ==== 1140+0+0 (secure 0 0 0) 0x7fe25801a910 con 0x7fe264106520
2024-04-21T22:05:57.829 INFO:teuthology.orchestra.run.smithi106.stdout:/usr/bin/ceph: stderr
2024-04-21T22:05:55.626+0000 7fe26a800700 1 -- 172.21.15.106:0/2887913248 --> [v2:172.21.15.106:3300/0,v1:172.21.15.106:6789/0] -- mon_subscribe({mgrmap=0+}) -- 0x7fe26419e570 con 0x7fe264106520
2024-04-21T22:05:57.829 INFO:teuthology.orchestra.run.smithi106.stdout:/usr/bin/ceph: stderr
2024-04-21T22:05:55.626+0000 7fe262000700 1 -- 172.21.15.106:0/2887913248 <== mon.0 v2:172.21.15.106:3300/0 3 ==== mon_map magic: 0 ==== 205+0+0 (secure 0 0 0) 0x7fe258024930 con 0x7fe264106520
2024-04-21T22:05:57.829 INFO:teuthology.orchestra.run.smithi106.stdout:/usr/bin/ceph: stderr
2024-04-21T22:05:55.626+0000 7fe26a800700 1 -- 172.21.15.106:0/2887913248 --> [v2:172.21.15.106:3300/0,v1:172.21.15.106:6789/0] -- mon_subscribe({osdmap=0}) -- 0x7fe26419e9d0 con 0x7fe264106520
2024-04-21T22:05:57.829 INFO:teuthology.orchestra.run.smithi106.stdout:/usr/bin/ceph: stderr
2024-04-21T22:05:55.627+0000 7fe26a800700 1 -- 172.21.15.106:0/2887913248 --> [v2:172.21.15.106:3300/0,v1:172.21.15.106:6789/0] -- mon_command({"prefix": "get_command_descriptions"} v 0) -- 0x7fe264069390 con 0x7fe264106520
2024-04-21T22:05:57.829 INFO:teuthology.orchestra.run.smithi106.stdout:/usr/bin/ceph: stderr
2024-04-21T22:05:55.627+0000 7fe262000700 1 -- 172.21.15.106:0/2887913248 <== mon.0 v2:172.21.15.106:3300/0 4 ==== mgrmap(e 8) ==== 46287+0+0 (secure 0 0 0) 0x7fe258022020 con 0x7fe264106520
2024-04-21T22:05:57.829 INFO:teuthology.orchestra.run.smithi106.stdout:/usr/bin/ceph: stderr
2024-04-21T22:05:55.628+0000 7fe262000700 1 --2- 172.21.15.106:0/2887913248 >> [v2:172.21.15.106:6800/457811839,v1:172.21.15.106:6801/457811839] conn(0x7fe24c0390a0 0x7fe24c03b560 unknown :-1 s=NONE pgs=0 cs=0 l=1 rev1=0 crypto rx=0 tx=0 comp rx=0 tx=0).connect
2024-04-21T22:05:57.830 INFO:teuthology.orchestra.run.smithi106.stdout:/usr/bin/ceph: stderr
2024-04-21T22:05:55.628+0000 7fe262000700 1 -- 172.21.15.106:0/2887913248 <== mon.0 v2:172.21.15.106:3300/0 5 ==== osd_map(2..2 src has 1..2) ==== 940+0+0 (secure 0 0 0) 0x7fe25804d380 con 0x7fe264106520
2024-04-21T22:05:57.830 INFO:teuthology.orchestra.run.smithi106.stdout:/usr/bin/ceph: stderr
2024-04-21T22:05:55.629+0000 7fe268a00700 1 --2- 172.21.15.106:0/2887913248 >> [v2:172.21.15.106:6800/457811839,v1:172.21.15.106:6801/457811839] conn(0x7fe24c0390a0 0x7fe24c03b560 unknown :-1 s=BANNER_CONNECTING pgs=0 cs=0 l=1 rev1=0 crypto rx=0 tx=0 comp rx=0 tx=0)._handle_peer_banner_payload supported=3 required=0
2024-04-21T22:05:57.830 INFO:teuthology.orchestra.run.smithi106.stdout:/usr/bin/ceph: stderr
2024-04-21T22:05:55.629+0000 7fe268a00700 1 --2- 172.21.15.106:0/2887913248 >> [v2:172.21.15.106:6800/457811839,v1:172.21.15.106:6801/457811839] conn(0x7fe24c0390a0 0x7fe24c03b560 secure :-1 s=READY pgs=16 cs=0 l=1 rev1=1 crypto rx=0x7fe250006fd0 tx=0x7fe250006e40 comp rx=0 tx=0).ready entity=mgr.14120 client_cookie=0 server_cookie=0 in_seq=0 out_seq=0
2024-04-21T22:05:57.830 INFO:teuthology.orchestra.run.smithi106.stdout:/usr/bin/ceph: stderr
2024-04-21T22:05:55.634+0000 7fe262000700 1 -- 172.21.15.106:0/2887913248 <== mon.0 v2:172.21.15.106:3300/0 6 ==== mon_command_ack([{"prefix": "get_command_descriptions"}]=0 v0) ==== 72+0+186074 (secure 0 0 0) 0x7fe25802d770 con 0x7fe264106520
2024-04-21T22:05:57.830 INFO:teuthology.orchestra.run.smithi106.stdout:/usr/bin/ceph: stderr
2024-04-21T22:05:55.925+0000 7fe26a800700 1 -- 172.21.15.106:0/2887913248 --> [v2:172.21.15.106:3300/0,v1:172.21.15.106:6789/0] -- mon_command({"prefix": "mgr module enable", "module": "dashboard"} v 0) -- 0x7fe264062e40 con 0x7fe264106520
2024-04-21T22:05:57.830 INFO:teuthology.orchestra.run.smithi106.stdout:/usr/bin/ceph: stderr
2024-04-21T22:05:56.568+0000 7fe262000700 1 -- 172.21.15.106:0/2887913248 <== mon.0 v2:172.21.15.106:3300/0 7 ==== mon_command_ack([{"prefix": "mgr module enable", "module": "dashboard"}]=0 v9) ==== 88+0+0 (secure 0 0 0) 0x7fe258012040 con 0x7fe264106520
2024-04-21T22:05:57.830 INFO:teuthology.orchestra.run.smithi106.stdout:/usr/bin/ceph: stderr
2024-04-21T22:05:56.573+0000 7fe262000700 1 -- 172.21.15.106:0/2887913248 <== mon.0 v2:172.21.15.106:3300/0 8 ==== mgrmap(e 9) ==== 46300+0+0 (secure 0 0 0) 0x7fe258024ad0 con 0x7fe264106520
2024-04-21T22:05:57.830 INFO:teuthology.orchestra.run.smithi106.stdout:/usr/bin/ceph: stderr
2024-04-21T22:05:56.573+0000 7fe26a800700 1 -- 172.21.15.106:0/2887913248 >> [v2:172.21.15.106:6800/457811839,v1:172.21.15.106:6801/457811839] conn(0x7fe24c0390a0 msgr2=0x7fe24c03b560 secure :-1 s=STATE_CONNECTION_ESTABLISHED l=1).mark_down
2024-04-21T22:05:57.830 INFO:teuthology.orchestra.run.smithi106.stdout:/usr/bin/ceph: stderr
2024-04-21T22:05:56.573+0000 7fe26a800700 1 --2- 172.21.15.106:0/2887913248 >> [v2:172.21.15.106:6800/457811839,v1:172.21.15.106:6801/457811839] conn(0x7fe24c0390a0 0x7fe24c03b560 secure :-1 s=READY pgs=16 cs=0 l=1 rev1=1 crypto rx=0x7fe250006fd0 tx=0x7fe250006e40 comp rx=0 tx=0).stop
2024-04-21T22:05:57.830 INFO:teuthology.orchestra.run.smithi106.stdout:/usr/bin/ceph: stderr
2024-04-21T22:05:56.573+0000 7fe26a800700 1 -- 172.21.15.106:0/2887913248 >> [v2:172.21.15.106:3300/0,v1:172.21.15.106:6789/0] conn(0x7fe264106520 msgr2=0x7fe26419dda0 secure :-1 s=STATE_CONNECTION_ESTABLISHED l=1).mark_down
2024-04-21T22:05:57.830 INFO:teuthology.orchestra.run.smithi106.stdout:/usr/bin/ceph: stderr
2024-04-21T22:05:56.573+0000 7fe26a800700 1 --2- 172.21.15.106:0/2887913248 >> [v2:172.21.15.106:3300/0,v1:172.21.15.106:6789/0] conn(0x7fe264106520 0x7fe26419dda0 secure :-1 s=READY pgs=56 cs=0 l=1 rev1=1 crypto rx=0x7fe258011b60 tx=0x7fe258011c40 comp rx=0 tx=0).stop
2024-04-21T22:05:57.830 INFO:teuthology.orchestra.run.smithi106.stdout:/usr/bin/ceph: stderr
2024-04-21T22:05:56.574+0000 7fe26a800700 1 -- 172.21.15.106:0/2887913248 shutdown_connections
2024-04-21T22:05:57.830 INFO:teuthology.orchestra.run.smithi106.stdout:/usr/bin/ceph: stderr
2024-04-21T22:05:56.574+0000 7fe26a800700 1 --2- 172.21.15.106:0/2887913248 >> [v2:172.21.15.106:6800/457811839,v1:172.21.15.106:6801/457811839] conn(0x7fe24c0390a0 0x7fe24c03b560 unknown :-1 s=CLOSED pgs=16 cs=0 l=1 rev1=1 crypto rx=0 tx=0 comp rx=0 tx=0).stop
2024-04-21T22:05:57.831 INFO:teuthology.orchestra.run.smithi106.stdout:/usr/bin/ceph: stderr
2024-04-21T22:05:56.574+0000 7fe26a800700 1 --2- 172.21.15.106:0/2887913248 >> [v2:172.21.15.106:3300/0,v1:172.21.15.106:6789/0] conn(0x7fe264106520 0x7fe26419dda0 unknown :-1 s=CLOSED pgs=56 cs=0 l=1 rev1=1 crypto rx=0 tx=0 comp rx=0 tx=0).stop
2024-04-21T22:05:57.831 INFO:teuthology.orchestra.run.smithi106.stdout:/usr/bin/ceph: stderr
2024-04-21T22:05:56.574+0000 7fe26a800700 1 -- 172.21.15.106:0/2887913248 >> 172.21.15.106:0/2887913248 conn(0x7fe2641020e0 msgr2=0x7fe2641949e0 unknown :-1 s=STATE_NONE l=0).mark_down
2024-04-21T22:05:57.831 INFO:teuthology.orchestra.run.smithi106.stdout:/usr/bin/ceph: stderr
2024-04-21T22:05:56.574+0000 7fe26a800700 1 -- 172.21.15.106:0/2887913248 shutdown_connections
2024-04-21T22:05:57.831 INFO:teuthology.orchestra.run.smithi106.stdout:/usr/bin/ceph: stderr
2024-04-21T22:05:56.574+0000 7fe26a800700 1 -- 172.21.15.106:0/2887913248 wait complete.
2024-04-21T22:05:58.028 INFO:journalctl@ceph.mgr.x.smithi106.stdout:Apr 21 22:05:57 smithi106 ceph-0a4cbdf2-002b-11ef-bc93-c7b262605968-mgr-x[26859]:
2024-04-21T22:05:57.771+0000 7f4c4a6d2200 -1 mgr[py] Module influx has missing NOTIFY_TYPES member
2024-04-21T22:05:59.509 INFO:journalctl@ceph.mon.a.smithi106.stdout:Apr 21 22:05:59 smithi106 ceph-mon[26622]: from='client.? 172.21.15.106:0/1980589029' entity='client.admin' cmd=[{"prefix": "mgr stat"}]: dispatch
2024-04-21T22:05:59.509 INFO:journalctl@ceph.mgr.x.smithi106.stdout:Apr 21 22:05:59 smithi106 ceph-0a4cbdf2-002b-11ef-bc93-c7b262605968-mgr-x[26859]:
2024-04-21T22:05:59.354+0000 7f4c4a6d2200 -1 mgr[py] Module telegraf has missing NOTIFY_TYPES member
2024-04-21T22:05:59.778 INFO:journalctl@ceph.mgr.x.smithi106.stdout:Apr 21 22:05:59 smithi106 ceph-0a4cbdf2-002b-11ef-bc93-c7b262605968-mgr-x[26859]:
2024-04-21T22:05:59.595+0000 7f4c4a6d2200 -1 mgr[py] Module osd_support has missing NOTIFY_TYPES member
2024-04-21T22:05:59.845 INFO:teuthology.orchestra.run.smithi106.stdout:/usr/bin/ceph: stdout {
2024-04-21T22:05:59.845 INFO:teuthology.orchestra.run.smithi106.stdout:/usr/bin/ceph: stdout "epoch": 9,
2024-04-21T22:05:59.845 INFO:teuthology.orchestra.run.smithi106.stdout:/usr/bin/ceph: stdout "available": true,
2024-04-21T22:05:59.845 INFO:teuthology.orchestra.run.smithi106.stdout:/usr/bin/ceph: stdout "active_name": "x",
2024-04-21T22:05:59.845 INFO:teuthology.orchestra.run.smithi106.stdout:/usr/bin/ceph: stdout "num_standby": 0
2024-04-21T22:05:59.845 INFO:teuthology.orchestra.run.smithi106.stdout:/usr/bin/ceph: stdout }
2024-04-21T22:05:59.846 INFO:teuthology.orchestra.run.smithi106.stdout:/usr/bin/ceph: stderr
2024-04-21T22:05:58.872+0000 7fe130e00700 1 Processor -- start
2024-04-21T22:05:59.846 INFO:teuthology.orchestra.run.smithi106.stdout:/usr/bin/ceph: stderr
2024-04-21T22:05:58.872+0000 7fe130e00700 1 -- start start
2024-04-21T22:05:59.846 INFO:teuthology.orchestra.run.smithi106.stdout:/usr/bin/ceph: stderr
2024-04-21T22:05:58.872+0000 7fe130e00700 1 --2- >> [v2:172.21.15.106:3300/0,v1:172.21.15.106:6789/0] conn(0x7fe12c106d00 0x7fe12c107120 unknown :-1 s=NONE pgs=0 cs=0 l=0 rev1=0 crypto rx=0 tx=0 comp rx=0 tx=0).connect
2024-04-21T22:05:59.846 INFO:teuthology.orchestra.run.smithi106.stdout:/usr/bin/ceph: stderr
2024-04-21T22:05:58.872+0000 7fe130e00700 1 -- --> [v2:172.21.15.106:3300/0,v1:172.21.15.106:6789/0] -- mon_getmap magic: 0 -- 0x7fe12c1076f0 con 0x7fe12c106d00
2024-04-21T22:05:59.846 INFO:teuthology.orchestra.run.smithi106.stdout:/usr/bin/ceph: stderr
2024-04-21T22:05:58.873+0000 7fe129e00700 1 --2- >> [v2:172.21.15.106:3300/0,v1:172.21.15.106:6789/0] conn(0x7fe12c106d00 0x7fe12c107120 unknown :-1 s=BANNER_CONNECTING pgs=0 cs=0 l=0 rev1=0 crypto rx=0 tx=0 comp rx=0 tx=0)._handle_peer_banner_payload supported=3 required=0
2024-04-21T22:05:59.846 INFO:teuthology.orchestra.run.smithi106.stdout:/usr/bin/ceph: stderr
2024-04-21T22:05:58.873+0000 7fe129e00700 1 --2- >> [v2:172.21.15.106:3300/0,v1:172.21.15.106:6789/0] conn(0x7fe12c106d00 0x7fe12c107120 unknown :-1 s=HELLO_CONNECTING pgs=0 cs=0 l=0 rev1=1 crypto rx=0 tx=0 comp rx=0 tx=0).handle_hello peer v2:172.21.15.106:3300/0 says I am v2:172.21.15.106:48266/0 (socket says 172.21.15.106:48266)
2024-04-21T22:05:59.846 INFO:teuthology.orchestra.run.smithi106.stdout:/usr/bin/ceph: stderr
2024-04-21T22:05:58.873+0000 7fe129e00700 1 -- 172.21.15.106:0/616047006 learned_addr learned my addr 172.21.15.106:0/616047006 (peer_addr_for_me v2:172.21.15.106:0/0)
2024-04-21T22:05:59.846 INFO:teuthology.orchestra.run.smithi106.stdout:/usr/bin/ceph: stderr
2024-04-21T22:05:58.873+0000 7fe129e00700 1 -- 172.21.15.106:0/616047006 --> [v2:172.21.15.106:3300/0,v1:172.21.15.106:6789/0] -- mon_subscribe({config=0+,monmap=0+}) -- 0x7fe12c107f00 con 0x7fe12c106d00
2024-04-21T22:05:59.846 INFO:teuthology.orchestra.run.smithi106.stdout:/usr/bin/ceph: stderr
2024-04-21T22:05:58.874+0000 7fe129e00700 1 --2- 172.21.15.106:0/616047006 >> [v2:172.21.15.106:3300/0,v1:172.21.15.106:6789/0] conn(0x7fe12c106d00 0x7fe12c107120 secure :-1 s=READY pgs=59 cs=0 l=1 rev1=1 crypto rx=0x7fe11c0098a0 tx=0x7fe11c009bb0 comp rx=0 tx=0).ready entity=mon.0 client_cookie=b8d31f737621fca9 server_cookie=0 in_seq=0 out_seq=0
2024-04-21T22:05:59.846 INFO:teuthology.orchestra.run.smithi106.stdout:/usr/bin/ceph: stderr
2024-04-21T22:05:58.874+0000 7fe128a00700 1 -- 172.21.15.106:0/616047006 <== mon.0 v2:172.21.15.106:3300/0 1 ==== mon_map magic: 0 ==== 205+0+0 (secure 0 0 0) 0x7fe11c004160 con 0x7fe12c106d00
2024-04-21T22:05:59.846 INFO:teuthology.orchestra.run.smithi106.stdout:/usr/bin/ceph: stderr
2024-04-21T22:05:58.874+0000 7fe128a00700 1 -- 172.21.15.106:0/616047006 <== mon.0 v2:172.21.15.106:3300/0 2 ==== config(27 keys) ==== 1140+0+0 (secure 0 0 0) 0x7fe11c004300 con 0x7fe12c106d00
2024-04-21T22:05:59.846 INFO:teuthology.orchestra.run.smithi106.stdout:/usr/bin/ceph: stderr
2024-04-21T22:05:58.874+0000 7fe128a00700 1 -- 172.21.15.106:0/616047006 <== mon.0 v2:172.21.15.106:3300/0 3 ==== mon_map magic: 0 ==== 205+0+0 (secure 0 0 0) 0x7fe11c011b20 con 0x7fe12c106d00
2024-04-21T22:05:59.846 INFO:teuthology.orchestra.run.smithi106.stdout:/usr/bin/ceph: stderr
2024-04-21T22:05:58.875+0000 7fe130e00700 1 -- 172.21.15.106:0/616047006 >> [v2:172.21.15.106:3300/0,v1:172.21.15.106:6789/0] conn(0x7fe12c106d00 msgr2=0x7fe12c107120 secure :-1 s=STATE_CONNECTION_ESTABLISHED l=1).mark_down
2024-04-21T22:05:59.847 INFO:teuthology.orchestra.run.smithi106.stdout:/usr/bin/ceph: stderr
2024-04-21T22:05:58.875+0000 7fe130e00700 1 --2- 172.21.15.106:0/616047006 >> [v2:172.21.15.106:3300/0,v1:172.21.15.106:6789/0] conn(0x7fe12c106d00 0x7fe12c107120 secure :-1 s=READY pgs=59 cs=0 l=1 rev1=1 crypto rx=0x7fe11c0098a0 tx=0x7fe11c009bb0 comp rx=0 tx=0).stop
2024-04-21T22:05:59.847 INFO:teuthology.orchestra.run.smithi106.stdout:/usr/bin/ceph: stderr
2024-04-21T22:05:58.875+0000 7fe130e00700 1 -- 172.21.15.106:0/616047006 shutdown_connections
2024-04-21T22:05:59.847 INFO:teuthology.orchestra.run.smithi106.stdout:/usr/bin/ceph: stderr
2024-04-21T22:05:58.875+0000 7fe130e00700 1 --2- 172.21.15.106:0/616047006 >> [v2:172.21.15.106:3300/0,v1:172.21.15.106:6789/0] conn(0x7fe12c106d00 0x7fe12c107120 unknown :-1 s=CLOSED pgs=59 cs=0 l=1 rev1=1 crypto rx=0 tx=0 comp rx=0 tx=0).stop
2024-04-21T22:05:59.847 INFO:teuthology.orchestra.run.smithi106.stdout:/usr/bin/ceph: stderr
2024-04-21T22:05:58.875+0000 7fe130e00700 1 -- 172.21.15.106:0/616047006 >> 172.21.15.106:0/616047006 conn(0x7fe12c102280 msgr2=0x7fe12c1046e0 unknown :-1 s=STATE_NONE l=0).mark_down
2024-04-21T22:05:59.847 INFO:teuthology.orchestra.run.smithi106.stdout:/usr/bin/ceph: stderr
2024-04-21T22:05:58.875+0000 7fe130e00700 1 -- 172.21.15.106:0/616047006 shutdown_connections
2024-04-21T22:05:59.847 INFO:teuthology.orchestra.run.smithi106.stdout:/usr/bin/ceph: stderr
2024-04-21T22:05:58.875+0000 7fe130e00700 1 -- 172.21.15.106:0/616047006 wait complete.
2024-04-21T22:05:59.847 INFO:teuthology.orchestra.run.smithi106.stdout:/usr/bin/ceph: stderr
2024-04-21T22:05:58.876+0000 7fe130e00700 1 Processor -- start
2024-04-21T22:05:59.847 INFO:teuthology.orchestra.run.smithi106.stdout:/usr/bin/ceph: stderr
2024-04-21T22:05:58.876+0000 7fe130e00700 1 -- start start
2024-04-21T22:05:59.847 INFO:teuthology.orchestra.run.smithi106.stdout:/usr/bin/ceph: stderr
2024-04-21T22:05:58.876+0000 7fe130e00700 1 --2- >> [v2:172.21.15.106:3300/0,v1:172.21.15.106:6789/0] conn(0x7fe12c106d00 0x7fe12c19e0f0 unknown :-1 s=NONE pgs=0 cs=0 l=1 rev1=0 crypto rx=0 tx=0 comp rx=0 tx=0).connect
2024-04-21T22:05:59.847 INFO:teuthology.orchestra.run.smithi106.stdout:/usr/bin/ceph: stderr
2024-04-21T22:05:58.876+0000 7fe130e00700 1 -- --> [v2:172.21.15.106:3300/0,v1:172.21.15.106:6789/0] -- mon_getmap magic: 0 -- 0x7fe12c10b2b0 con 0x7fe12c106d00
2024-04-21T22:05:59.847 INFO:teuthology.orchestra.run.smithi106.stdout:/usr/bin/ceph: stderr
2024-04-21T22:05:58.877+0000 7fe129e00700 1 --2- >> [v2:172.21.15.106:3300/0,v1:172.21.15.106:6789/0] conn(0x7fe12c106d00 0x7fe12c19e0f0 unknown :-1 s=BANNER_CONNECTING pgs=0 cs=0 l=1 rev1=0 crypto rx=0 tx=0 comp rx=0 tx=0)._handle_peer_banner_payload supported=3 required=0
2024-04-21T22:05:59.847 INFO:teuthology.orchestra.run.smithi106.stdout:/usr/bin/ceph: stderr
2024-04-21T22:05:58.877+0000 7fe129e00700 1 --2- >> [v2:172.21.15.106:3300/0,v1:172.21.15.106:6789/0] conn(0x7fe12c106d00 0x7fe12c19e0f0 unknown :-1 s=HELLO_CONNECTING pgs=0 cs=0 l=1 rev1=1 crypto rx=0 tx=0 comp rx=0 tx=0).handle_hello peer v2:172.21.15.106:3300/0 says I am v2:172.21.15.106:48270/0 (socket says 172.21.15.106:48270)
2024-04-21T22:05:59.847 INFO:teuthology.orchestra.run.smithi106.stdout:/usr/bin/ceph: stderr
2024-04-21T22:05:58.877+0000 7fe129e00700 1 -- 172.21.15.106:0/1980589029 learned_addr learned my addr 172.21.15.106:0/1980589029 (peer_addr_for_me v2:172.21.15.106:0/0)
2024-04-21T22:05:59.847 INFO:teuthology.orchestra.run.smithi106.stdout:/usr/bin/ceph: stderr
2024-04-21T22:05:58.877+0000 7fe129e00700 1 -- 172.21.15.106:0/1980589029 --> [v2:172.21.15.106:3300/0,v1:172.21.15.106:6789/0] -- mon_subscribe({config=0+,monmap=0+}) -- 0x7fe12c19e630 con 0x7fe12c106d00
2024-04-21T22:05:59.848 INFO:teuthology.orchestra.run.smithi106.stdout:/usr/bin/ceph: stderr
2024-04-21T22:05:58.877+0000 7fe129e00700 1 --2- 172.21.15.106:0/1980589029 >> [v2:172.21.15.106:3300/0,v1:172.21.15.106:6789/0] conn(0x7fe12c106d00 0x7fe12c19e0f0 secure :-1 s=READY pgs=60 cs=0 l=1 rev1=1 crypto rx=0x7fe11c011740 tx=0x7fe11c011ba0 comp rx=0 tx=0).ready entity=mon.0 client_cookie=0 server_cookie=0 in_seq=0 out_seq=0
2024-04-21T22:05:59.848 INFO:teuthology.orchestra.run.smithi106.stdout:/usr/bin/ceph: stderr
2024-04-21T22:05:58.878+0000 7fe122a00700 1 -- 172.21.15.106:0/1980589029 <== mon.0 v2:172.21.15.106:3300/0 1 ==== mon_map magic: 0 ==== 205+0+0 (secure 0 0 0) 0x7fe11c003a40 con 0x7fe12c106d00
2024-04-21T22:05:59.848 INFO:teuthology.orchestra.run.smithi106.stdout:/usr/bin/ceph: stderr
2024-04-21T22:05:58.878+0000 7fe122a00700 1 -- 172.21.15.106:0/1980589029 <== mon.0 v2:172.21.15.106:3300/0 2 ==== config(27 keys) ==== 1140+0+0 (secure 0 0 0) 0x7fe11c003be0 con 0x7fe12c106d00
2024-04-21T22:05:59.848 INFO:teuthology.orchestra.run.smithi106.stdout:/usr/bin/ceph: stderr
2024-04-21T22:05:58.878+0000 7fe130e00700 1 -- 172.21.15.106:0/1980589029 --> [v2:172.21.15.106:3300/0,v1:172.21.15.106:6789/0] -- mon_subscribe({mgrmap=0+}) -- 0x7fe12c19e8c0 con 0x7fe12c106d00
2024-04-21T22:05:59.848 INFO:teuthology.orchestra.run.smithi106.stdout:/usr/bin/ceph: stderr
2024-04-21T22:05:58.878+0000 7fe122a00700 1 -- 172.21.15.106:0/1980589029 <== mon.0 v2:172.21.15.106:3300/0 3 ==== mon_map magic: 0 ==== 205+0+0 (secure 0 0 0) 0x7fe11c01a720 con 0x7fe12c106d00
2024-04-21T22:05:59.848 INFO:teuthology.orchestra.run.smithi106.stdout:/usr/bin/ceph: stderr
2024-04-21T22:05:58.878+0000 7fe130e00700 1 -- 172.21.15.106:0/1980589029 --> [v2:172.21.15.106:3300/0,v1:172.21.15.106:6789/0] -- mon_subscribe({osdmap=0}) -- 0x7fe12c19f3e0 con 0x7fe12c106d00
2024-04-21T22:05:59.848 INFO:teuthology.orchestra.run.smithi106.stdout:/usr/bin/ceph: stderr
2024-04-21T22:05:58.879+0000 7fe130e00700 1 -- 172.21.15.106:0/1980589029 --> [v2:172.21.15.106:3300/0,v1:172.21.15.106:6789/0] -- mon_command({"prefix": "get_command_descriptions"} v 0) -- 0x7fe12c063890 con 0x7fe12c106d00
2024-04-21T22:05:59.848 INFO:teuthology.orchestra.run.smithi106.stdout:/usr/bin/ceph: stderr
2024-04-21T22:05:58.879+0000 7fe122a00700 1 -- 172.21.15.106:0/1980589029 <== mon.0 v2:172.21.15.106:3300/0 4 ==== mgrmap(e 9) ==== 46300+0+0 (secure 0 0 0) 0x7fe11c024aa0 con 0x7fe12c106d00
2024-04-21T22:05:59.848 INFO:teuthology.orchestra.run.smithi106.stdout:/usr/bin/ceph: stderr
2024-04-21T22:05:58.880+0000 7fe122a00700 1 --2- 172.21.15.106:0/1980589029 >> [v2:172.21.15.106:6800/457811839,v1:172.21.15.106:6801/457811839] conn(0x7fe110039050 0x7fe11003b510 unknown :-1 s=NONE pgs=0 cs=0 l=1 rev1=0 crypto rx=0 tx=0 comp rx=0 tx=0).connect
2024-04-21T22:05:59.848 INFO:teuthology.orchestra.run.smithi106.stdout:/usr/bin/ceph: stderr
2024-04-21T22:05:58.880+0000 7fe122a00700 1 -- 172.21.15.106:0/1980589029 <== mon.0 v2:172.21.15.106:3300/0 5 ==== osd_map(2..2 src has 1..2) ==== 940+0+0 (secure 0 0 0) 0x7fe11c04d6c0 con 0x7fe12c106d00
2024-04-21T22:05:59.848 INFO:teuthology.orchestra.run.smithi106.stdout:/usr/bin/ceph: stderr
2024-04-21T22:05:58.880+0000 7fe129400700 1 -- 172.21.15.106:0/1980589029 >> [v2:172.21.15.106:6800/457811839,v1:172.21.15.106:6801/457811839] conn(0x7fe110039050 msgr2=0x7fe11003b510 unknown :-1 s=STATE_CONNECTING_RE l=1).process reconnect failed to v2:172.21.15.106:6800/457811839
2024-04-21T22:05:59.848 INFO:teuthology.orchestra.run.smithi106.stdout:/usr/bin/ceph: stderr
2024-04-21T22:05:58.880+0000 7fe129400700 1 --2- 172.21.15.106:0/1980589029 >> [v2:172.21.15.106:6800/457811839,v1:172.21.15.106:6801/457811839] conn(0x7fe110039050 0x7fe11003b510 unknown :-1 s=START_CONNECT pgs=0 cs=0 l=1 rev1=0 crypto rx=0 tx=0 comp rx=0 tx=0)._fault waiting 0.200000
2024-04-21T22:05:59.848 INFO:teuthology.orchestra.run.smithi106.stdout:/usr/bin/ceph: stderr
2024-04-21T22:05:58.885+0000 7fe122a00700 1 -- 172.21.15.106:0/1980589029 <== mon.0 v2:172.21.15.106:3300/0 6 ==== mon_command_ack([{"prefix": "get_command_descriptions"}]=0 v0) ==== 72+0+186074 (secure 0 0 0) 0x7fe11c011e20 con 0x7fe12c106d00
2024-04-21T22:05:59.849 INFO:teuthology.orchestra.run.smithi106.stdout:/usr/bin/ceph: stderr
2024-04-21T22:05:59.081+0000 7fe129400700 1 -- 172.21.15.106:0/1980589029 >> [v2:172.21.15.106:6800/457811839,v1:172.21.15.106:6801/457811839] conn(0x7fe110039050 msgr2=0x7fe11003b510 unknown :-1 s=STATE_CONNECTING_RE l=1).process reconnect failed to v2:172.21.15.106:6800/457811839
2024-04-21T22:05:59.849 INFO:teuthology.orchestra.run.smithi106.stdout:/usr/bin/ceph: stderr
2024-04-21T22:05:59.081+0000 7fe129400700 1 --2- 172.21.15.106:0/1980589029 >> [v2:172.21.15.106:6800/457811839,v1:172.21.15.106:6801/457811839] conn(0x7fe110039050 0x7fe11003b510 unknown :-1 s=START_CONNECT pgs=0 cs=0 l=1 rev1=0 crypto rx=0 tx=0 comp rx=0 tx=0)._fault waiting 0.400000
2024-04-21T22:05:59.849 INFO:teuthology.orchestra.run.smithi106.stdout:/usr/bin/ceph: stderr
2024-04-21T22:05:59.167+0000 7fe130e00700 1 -- 172.21.15.106:0/1980589029 --> [v2:172.21.15.106:3300/0,v1:172.21.15.106:6789/0] -- mon_command({"prefix": "mgr stat"} v 0) -- 0x7fe12c19ffc0 con 0x7fe12c106d00
2024-04-21T22:05:59.849 INFO:teuthology.orchestra.run.smithi106.stdout:/usr/bin/ceph: stderr
2024-04-21T22:05:59.168+0000 7fe122a00700 1 -- 172.21.15.106:0/1980589029 <== mon.0 v2:172.21.15.106:3300/0 7 ==== mon_command_ack([{"prefix": "mgr stat"}]=0 v9) ==== 56+0+88 (secure 0 0 0) 0x7fe11c02d770 con 0x7fe12c106d00
2024-04-21T22:05:59.849 INFO:teuthology.orchestra.run.smithi106.stdout:/usr/bin/ceph: stderr
2024-04-21T22:05:59.171+0000 7fe130e00700 1 -- 172.21.15.106:0/1980589029 >> [v2:172.21.15.106:6800/457811839,v1:172.21.15.106:6801/457811839] conn(0x7fe110039050 msgr2=0x7fe11003b510 unknown :-1 s=STATE_CONNECTING l=1).mark_down
2024-04-21T22:05:59.849 INFO:teuthology.orchestra.run.smithi106.stdout:/usr/bin/ceph: stderr
2024-04-21T22:05:59.171+0000 7fe130e00700 1 --2- 172.21.15.106:0/1980589029 >> [v2:172.21.15.106:6800/457811839,v1:172.21.15.106:6801/457811839] conn(0x7fe110039050 0x7fe11003b510 unknown :-1 s=START_CONNECT pgs=0 cs=0 l=1 rev1=0 crypto rx=0 tx=0 comp rx=0 tx=0).stop
2024-04-21T22:05:59.849 INFO:teuthology.orchestra.run.smithi106.stdout:/usr/bin/ceph: stderr
2024-04-21T22:05:59.171+0000 7fe130e00700 1 -- 172.21.15.106:0/1980589029 >> [v2:172.21.15.106:3300/0,v1:172.21.15.106:6789/0] conn(0x7fe12c106d00 msgr2=0x7fe12c19e0f0 secure :-1 s=STATE_CONNECTION_ESTABLISHED l=1).mark_down
2024-04-21T22:05:59.849 INFO:teuthology.orchestra.run.smithi106.stdout:/usr/bin/ceph: stderr
2024-04-21T22:05:59.171+0000 7fe130e00700 1 --2- 172.21.15.106:0/1980589029 >> [v2:172.21.15.106:3300/0,v1:172.21.15.106:6789/0] conn(0x7fe12c106d00 0x7fe12c19e0f0 secure :-1 s=READY pgs=60 cs=0 l=1 rev1=1 crypto rx=0x7fe11c011740 tx=0x7fe11c011ba0 comp rx=0 tx=0).stop
2024-04-21T22:05:59.849 INFO:teuthology.orchestra.run.smithi106.stdout:/usr/bin/ceph: stderr
2024-04-21T22:05:59.172+0000 7fe130e00700 1 -- 172.21.15.106:0/1980589029 shutdown_connections
2024-04-21T22:05:59.849 INFO:teuthology.orchestra.run.smithi106.stdout:/usr/bin/ceph: stderr
2024-04-21T22:05:59.172+0000 7fe130e00700 1 --2- 172.21.15.106:0/1980589029 >> [v2:172.21.15.106:6800/457811839,v1:172.21.15.106:6801/457811839] conn(0x7fe110039050 0x7fe11003b510 unknown :-1 s=CLOSED pgs=0 cs=0 l=1 rev1=0 crypto rx=0 tx=0 comp rx=0 tx=0).stop
2024-04-21T22:05:59.849 INFO:teuthology.orchestra.run.smithi106.stdout:/usr/bin/ceph: stderr
2024-04-21T22:05:59.172+0000 7fe130e00700 1 --2- 172.21.15.106:0/1980589029 >> [v2:172.21.15.106:3300/0,v1:172.21.15.106:6789/0] conn(0x7fe12c106d00 0x7fe12c19e0f0 unknown :-1 s=CLOSED pgs=60 cs=0 l=1 rev1=1 crypto rx=0 tx=0 comp rx=0 tx=0).stop
2024-04-21T22:05:59.849 INFO:teuthology.orchestra.run.smithi106.stdout:/usr/bin/ceph: stderr
2024-04-21T22:05:59.172+0000 7fe130e00700 1 -- 172.21.15.106:0/1980589029 >> 172.21.15.106:0/1980589029 conn(0x7fe12c102280 msgr2=0x7fe12c103100 unknown :-1 s=STATE_NONE l=0).mark_down
2024-04-21T22:05:59.849 INFO:teuthology.orchestra.run.smithi106.stdout:/usr/bin/ceph: stderr
2024-04-21T22:05:59.172+0000 7fe130e00700 1 -- 172.21.15.106:0/1980589029 shutdown_connections
2024-04-21T22:05:59.849 INFO:teuthology.orchestra.run.smithi106.stdout:/usr/bin/ceph: stderr
2024-04-21T22:05:59.172+0000 7fe130e00700 1 -- 172.21.15.106:0/1980589029 wait complete.
2024-04-21T22:05:59.850 INFO:teuthology.orchestra.run.smithi106.stdout:Waiting for the mgr to restart...
2024-04-21T22:05:59.850 INFO:teuthology.orchestra.run.smithi106.stdout:Waiting for mgr epoch 9...
2024-04-21T22:06:00.143 INFO:journalctl@ceph.mgr.x.smithi106.stdout:Apr 21 22:05:59 smithi106 ceph-0a4cbdf2-002b-11ef-bc93-c7b262605968-mgr-x[26859]:
2024-04-21T22:05:59.823+0000 7f4c4a6d2200 -1 mgr[py] Module iostat has missing NOTIFY_TYPES member
2024-04-21T22:06:00.407 INFO:journalctl@ceph.mgr.x.smithi106.stdout:Apr 21 22:06:00 smithi106 ceph-0a4cbdf2-002b-11ef-bc93-c7b262605968-mgr-x[26859]:
2024-04-21T22:06:00.233+0000 7f4c4a6d2200 -1 mgr[py] Module alerts has missing NOTIFY_TYPES member
2024-04-21T22:06:00.408 INFO:journalctl@ceph.mgr.x.smithi106.stdout:Apr 21 22:06:00 smithi106 ceph-0a4cbdf2-002b-11ef-bc93-c7b262605968-mgr-x[26859]:
2024-04-21T22:06:00.359+0000 7f4c4a6d2200 -1 mgr[py] Module selftest has missing NOTIFY_TYPES member
2024-04-21T22:06:00.778 INFO:journalctl@ceph.mgr.x.smithi106.stdout:Apr 21 22:06:00 smithi106 ceph-0a4cbdf2-002b-11ef-bc93-c7b262605968-mgr-x[26859]:
2024-04-21T22:06:00.614+0000 7f4c4a6d2200 -1 mgr[py] Module pg_autoscaler has missing NOTIFY_TYPES member
2024-04-21T22:06:01.279 INFO:journalctl@ceph.mgr.x.smithi106.stdout:Apr 21 22:06:00 smithi106 ceph-0a4cbdf2-002b-11ef-bc93-c7b262605968-mgr-x[26859]:
2024-04-21T22:06:00.870+0000 7f4c4a6d2200 -1 mgr[py] Module test_orchestrator has missing NOTIFY_TYPES member
2024-04-21T22:06:02.028 INFO:journalctl@ceph.mgr.x.smithi106.stdout:Apr 21 22:06:01 smithi106 ceph-0a4cbdf2-002b-11ef-bc93-c7b262605968-mgr-x[26859]:
2024-04-21T22:06:01.673+0000 7f4c4a6d2200 -1 mgr[py] Module rook has missing NOTIFY_TYPES member
2024-04-21T22:06:02.528 INFO:journalctl@ceph.mgr.x.smithi106.stdout:Apr 21 22:06:02 smithi106 ceph-0a4cbdf2-002b-11ef-bc93-c7b262605968-mgr-x[26859]:
2024-04-21T22:06:02.222+0000 7f4c4a6d2200 -1 mgr[py] Module volumes has missing NOTIFY_TYPES member
2024-04-21T22:06:02.528 INFO:journalctl@ceph.mgr.x.smithi106.stdout:Apr 21 22:06:02 smithi106 ceph-0a4cbdf2-002b-11ef-bc93-c7b262605968-mgr-x[26859]:
2024-04-21T22:06:02.346+0000 7f4c4a6d2200 -1 mgr[py] Module crash has missing NOTIFY_TYPES member
2024-04-21T22:06:03.028 INFO:journalctl@ceph.mgr.x.smithi106.stdout:Apr 21 22:06:02 smithi106 ceph-0a4cbdf2-002b-11ef-bc93-c7b262605968-mgr-x[26859]:
2024-04-21T22:06:02.604+0000 7f4c4a6d2200 -1 mgr[py] Module rgw has missing NOTIFY_TYPES member
2024-04-21T22:06:03.528 INFO:journalctl@ceph.mgr.x.smithi106.stdout:Apr 21 22:06:03 smithi106 ceph-0a4cbdf2-002b-11ef-bc93-c7b262605968-mgr-x[26859]:
2024-04-21T22:06:03.240+0000 7f4c4a6d2200 -1 mgr[py] Module prometheus has missing NOTIFY_TYPES member
2024-04-21T22:06:03.528 INFO:journalctl@ceph.mgr.x.smithi106.stdout:Apr 21 22:06:03 smithi106 ceph-0a4cbdf2-002b-11ef-bc93-c7b262605968-mgr-x[26859]:
2024-04-21T22:06:03.361+0000 7f4c4a6d2200 -1 mgr[py] Module devicehealth has missing NOTIFY_TYPES member
2024-04-21T22:06:03.981 INFO:journalctl@ceph.mgr.x.smithi106.stdout:Apr 21 22:06:03 smithi106 ceph-0a4cbdf2-002b-11ef-bc93-c7b262605968-mgr-x[26859]:
2024-04-21T22:06:03.676+0000 7f4c4a6d2200 -1 mgr[py] Module telemetry has missing NOTIFY_TYPES member
2024-04-21T22:06:03.981 INFO:journalctl@ceph.mgr.x.smithi106.stdout:Apr 21 22:06:03 smithi106 ceph-0a4cbdf2-002b-11ef-bc93-c7b262605968-mgr-x[26859]:
2024-04-21T22:06:03.853+0000 7f4c4a6d2200 -1 mgr[py] Module diskprediction_local has missing NOTIFY_TYPES member
2024-04-21T22:06:03.981 INFO:journalctl@ceph.mgr.x.smithi106.stdout:Apr 21 22:06:03 smithi106 ceph-0a4cbdf2-002b-11ef-bc93-c7b262605968-mgr-x[26859]:
2024-04-21T22:06:03.979+0000 7f4c4a6d2200 -1 mgr[py] Module osd_perf_query has missing NOTIFY_TYPES member
2024-04-21T22:06:04.251 INFO:journalctl@ceph.mgr.x.smithi106.stdout:Apr 21 22:06:04 smithi106 ceph-0a4cbdf2-002b-11ef-bc93-c7b262605968-mgr-x[26859]:
2024-04-21T22:06:04.129+0000 7f4c4a6d2200 -1 mgr[py] Module rbd_support has missing NOTIFY_TYPES member
2024-04-21T22:06:04.528 INFO:journalctl@ceph.mgr.x.smithi106.stdout:Apr 21 22:06:04 smithi106 ceph-0a4cbdf2-002b-11ef-bc93-c7b262605968-mgr-x[26859]:
2024-04-21T22:06:04.250+0000 7f4c4a6d2200 -1 mgr[py] Module zabbix has missing NOTIFY_TYPES member
2024-04-21T22:06:05.528 INFO:journalctl@ceph.mgr.x.smithi106.stdout:Apr 21 22:06:05 smithi106 ceph-0a4cbdf2-002b-11ef-bc93-c7b262605968-mgr-x[26859]:
2024-04-21T22:06:05.242+0000 7f4c4a6d2200 -1 mgr[py] Module status has missing NOTIFY_TYPES member
2024-04-21T22:06:05.903 INFO:journalctl@ceph.mgr.x.smithi106.stdout:Apr 21 22:06:05 smithi106 ceph-0a4cbdf2-002b-11ef-bc93-c7b262605968-mgr-x[26859]:
2024-04-21T22:06:05.535+0000 7f4c4a6d2200 -1 mgr[py] Module nfs has missing NOTIFY_TYPES member
2024-04-21T22:06:06.085 INFO:journalctl@ceph.mon.a.smithi106.stdout:Apr 21 22:06:05 smithi106 ceph-mon[26622]: Active manager daemon x restarted
2024-04-21T22:06:06.086 INFO:journalctl@ceph.mon.a.smithi106.stdout:Apr 21 22:06:05 smithi106 ceph-mon[26622]: Activating manager daemon x
2024-04-21T22:06:06.086 INFO:journalctl@ceph.mon.a.smithi106.stdout:Apr 21 22:06:05 smithi106 ceph-mon[26622]: osdmap e3: 0 total, 0 up, 0 in
2024-04-21T22:06:06.086 INFO:journalctl@ceph.mon.a.smithi106.stdout:Apr 21 22:06:05 smithi106 ceph-mon[26622]: mgrmap e10: x(active, starting, since 0.00511152s)
2024-04-21T22:06:06.086 INFO:journalctl@ceph.mon.a.smithi106.stdout:Apr 21 22:06:05 smithi106 ceph-mon[26622]: from='mgr.14152 172.21.15.106:0/1975153044' entity='mgr.x' cmd=[{"prefix": "mon metadata", "id": "a"}]: dispatch
2024-04-21T22:06:06.086 INFO:journalctl@ceph.mon.a.smithi106.stdout:Apr 21 22:06:05 smithi106 ceph-mon[26622]: from='mgr.14152 172.21.15.106:0/1975153044' entity='mgr.x' cmd=[{"prefix": "mgr metadata", "who": "x", "id": "x"}]: dispatch
2024-04-21T22:06:06.086 INFO:journalctl@ceph.mon.a.smithi106.stdout:Apr 21 22:06:05 smithi106 ceph-mon[26622]: from='mgr.14152 172.21.15.106:0/1975153044' entity='mgr.x' cmd=[{"prefix": "mds metadata"}]: dispatch
2024-04-21T22:06:06.086 INFO:journalctl@ceph.mon.a.smithi106.stdout:Apr 21 22:06:05 smithi106 ceph-mon[26622]: from='mgr.14152 172.21.15.106:0/1975153044' entity='mgr.x' cmd=[{"prefix": "osd metadata"}]: dispatch
2024-04-21T22:06:06.087 INFO:journalctl@ceph.mon.a.smithi106.stdout:Apr 21 22:06:05 smithi106 ceph-mon[26622]: from='mgr.14152 172.21.15.106:0/1975153044' entity='mgr.x' cmd=[{"prefix": "mon metadata"}]: dispatch
2024-04-21T22:06:06.087 INFO:journalctl@ceph.mon.a.smithi106.stdout:Apr 21 22:06:05 smithi106 ceph-mon[26622]: Manager daemon x is now available
2024-04-21T22:06:06.087 INFO:journalctl@ceph.mon.a.smithi106.stdout:Apr 21 22:06:05 smithi106 ceph-mon[26622]: from='mgr.14152 172.21.15.106:0/1975153044' entity='mgr.x' cmd=[{"prefix": "config dump", "format": "json"}]: dispatch
2024-04-21T22:06:06.810 INFO:journalctl@ceph.mon.a.smithi106.stdout:Apr 21 22:06:06 smithi106 ceph-mon[26622]: from='mgr.14152 172.21.15.106:0/1975153044' entity='mgr.x' cmd=[{"prefix":"config rm","who":"mgr","name":"mgr/rbd_support/x/mirror_snapshot_schedule"}]: dispatch
2024-04-21T22:06:06.810 INFO:journalctl@ceph.mon.a.smithi106.stdout:Apr 21 22:06:06 smithi106 ceph-mon[26622]: from='mgr.14152 172.21.15.106:0/1975153044' entity='mgr.x' cmd=[{"prefix":"config rm","who":"mgr","name":"mgr/rbd_support/x/trash_purge_schedule"}]: dispatch
2024-04-21T22:06:06.810 INFO:journalctl@ceph.mon.a.smithi106.stdout:Apr 21 22:06:06 smithi106 ceph-mon[26622]: mgrmap e11: x(active, since 1.01121s)
2024-04-21T22:06:07.445 INFO:teuthology.orchestra.run.smithi106.stdout:/usr/bin/ceph: stdout {
2024-04-21T22:06:07.445 INFO:teuthology.orchestra.run.smithi106.stdout:/usr/bin/ceph: stdout "mgrmap_epoch": 11,
2024-04-21T22:06:07.445 INFO:teuthology.orchestra.run.smithi106.stdout:/usr/bin/ceph: stdout "initialized": true
2024-04-21T22:06:07.445 INFO:teuthology.orchestra.run.smithi106.stdout:/usr/bin/ceph: stdout }
2024-04-21T22:06:07.446 INFO:teuthology.orchestra.run.smithi106.stdout:/usr/bin/ceph: stderr
2024-04-21T22:06:00.440+0000 7f1c7be00700 1 Processor -- start
2024-04-21T22:06:07.446 INFO:teuthology.orchestra.run.smithi106.stdout:/usr/bin/ceph: stderr
2024-04-21T22:06:00.440+0000 7f1c7be00700 1 -- start start
2024-04-21T22:06:07.446 INFO:teuthology.orchestra.run.smithi106.stdout:/usr/bin/ceph: stderr
2024-04-21T22:06:00.441+0000 7f1c7be00700 1 --2- >> [v2:172.21.15.106:3300/0,v1:172.21.15.106:6789/0] conn(0x7f1c7407de20 0x7f1c7407c280 unknown :-1 s=NONE pgs=0 cs=0 l=0 rev1=0 crypto rx=0 tx=0 comp rx=0 tx=0).connect
2024-04-21T22:06:07.446 INFO:teuthology.orchestra.run.smithi106.stdout:/usr/bin/ceph: stderr
2024-04-21T22:06:00.441+0000 7f1c7be00700 1 -- --> [v2:172.21.15.106:3300/0,v1:172.21.15.106:6789/0] -- mon_getmap magic: 0 -- 0x7f1c7407c850 con 0x7f1c7407de20
2024-04-21T22:06:07.446 INFO:teuthology.orchestra.run.smithi106.stdout:/usr/bin/ceph: stderr
2024-04-21T22:06:00.441+0000 7f1c79400700 1 --2- >> [v2:172.21.15.106:3300/0,v1:172.21.15.106:6789/0] conn(0x7f1c7407de20 0x7f1c7407c280 unknown :-1 s=BANNER_CONNECTING pgs=0 cs=0 l=0 rev1=0 crypto rx=0 tx=0 comp rx=0 tx=0)._handle_peer_banner_payload supported=3 required=0
2024-04-21T22:06:07.446 INFO:teuthology.orchestra.run.smithi106.stdout:/usr/bin/ceph: stderr
2024-04-21T22:06:00.441+0000 7f1c79400700 1 --2- >> [v2:172.21.15.106:3300/0,v1:172.21.15.106:6789/0] conn(0x7f1c7407de20 0x7f1c7407c280 unknown :-1 s=HELLO_CONNECTING pgs=0 cs=0 l=0 rev1=1 crypto rx=0 tx=0 comp rx=0 tx=0).handle_hello peer v2:172.21.15.106:3300/0 says I am v2:172.21.15.106:48272/0 (socket says 172.21.15.106:48272)
2024-04-21T22:06:07.446 INFO:teuthology.orchestra.run.smithi106.stdout:/usr/bin/ceph: stderr
2024-04-21T22:06:00.441+0000 7f1c79400700 1 -- 172.21.15.106:0/1766560774 learned_addr learned my addr 172.21.15.106:0/1766560774 (peer_addr_for_me v2:172.21.15.106:0/0)
2024-04-21T22:06:07.446 INFO:teuthology.orchestra.run.smithi106.stdout:/usr/bin/ceph: stderr
2024-04-21T22:06:00.441+0000 7f1c79400700 1 -- 172.21.15.106:0/1766560774 --> [v2:172.21.15.106:3300/0,v1:172.21.15.106:6789/0] -- mon_subscribe({config=0+,monmap=0+}) -- 0x7f1c7407c9d0 con 0x7f1c7407de20
2024-04-21T22:06:07.446 INFO:teuthology.orchestra.run.smithi106.stdout:/usr/bin/ceph: stderr
2024-04-21T22:06:00.442+0000 7f1c79400700 1 --2- 172.21.15.106:0/1766560774 >> [v2:172.21.15.106:3300/0,v1:172.21.15.106:6789/0] conn(0x7f1c7407de20 0x7f1c7407c280 secure :-1 s=READY pgs=61 cs=0 l=1 rev1=1 crypto rx=0x7f1c680098a0 tx=0x7f1c68009bb0 comp rx=0 tx=0).ready entity=mon.0 client_cookie=faf72d7887bba1e5 server_cookie=0 in_seq=0 out_seq=0
2024-04-21T22:06:07.446 INFO:teuthology.orchestra.run.smithi106.stdout:/usr/bin/ceph: stderr
2024-04-21T22:06:00.442+0000 7f1c73e00700 1 -- 172.21.15.106:0/1766560774 <== mon.0 v2:172.21.15.106:3300/0 1 ==== mon_map magic: 0 ==== 205+0+0 (secure 0 0 0) 0x7f1c68004160 con 0x7f1c7407de20
2024-04-21T22:06:07.446 INFO:teuthology.orchestra.run.smithi106.stdout:/usr/bin/ceph: stderr
2024-04-21T22:06:00.442+0000 7f1c73e00700 1 -- 172.21.15.106:0/1766560774 <== mon.0 v2:172.21.15.106:3300/0 2 ==== config(27 keys) ==== 1140+0+0 (secure 0 0 0) 0x7f1c68004300 con 0x7f1c7407de20
2024-04-21T22:06:07.446 INFO:teuthology.orchestra.run.smithi106.stdout:/usr/bin/ceph: stderr
2024-04-21T22:06:00.442+0000 7f1c73e00700 1 -- 172.21.15.106:0/1766560774 <== mon.0 v2:172.21.15.106:3300/0 3 ==== mon_map magic: 0 ==== 205+0+0 (secure 0 0 0) 0x7f1c68011b20 con 0x7f1c7407de20
2024-04-21T22:06:07.447 INFO:teuthology.orchestra.run.smithi106.stdout:/usr/bin/ceph: stderr
2024-04-21T22:06:00.443+0000 7f1c7be00700 1 -- 172.21.15.106:0/1766560774 >> [v2:172.21.15.106:3300/0,v1:172.21.15.106:6789/0] conn(0x7f1c7407de20 msgr2=0x7f1c7407c280 secure :-1 s=STATE_CONNECTION_ESTABLISHED l=1).mark_down
2024-04-21T22:06:07.447 INFO:teuthology.orchestra.run.smithi106.stdout:/usr/bin/ceph: stderr
2024-04-21T22:06:00.443+0000 7f1c7be00700 1 --2- 172.21.15.106:0/1766560774 >> [v2:172.21.15.106:3300/0,v1:172.21.15.106:6789/0] conn(0x7f1c7407de20 0x7f1c7407c280 secure :-1 s=READY pgs=61 cs=0 l=1 rev1=1 crypto rx=0x7f1c680098a0 tx=0x7f1c68009bb0 comp rx=0 tx=0).stop
2024-04-21T22:06:07.447 INFO:teuthology.orchestra.run.smithi106.stdout:/usr/bin/ceph: stderr
2024-04-21T22:06:00.443+0000 7f1c7be00700 1 -- 172.21.15.106:0/1766560774 shutdown_connections
2024-04-21T22:06:07.447 INFO:teuthology.orchestra.run.smithi106.stdout:/usr/bin/ceph: stderr
2024-04-21T22:06:00.443+0000 7f1c7be00700 1 --2- 172.21.15.106:0/1766560774 >> [v2:172.21.15.106:3300/0,v1:172.21.15.106:6789/0] conn(0x7f1c7407de20 0x7f1c7407c280 unknown :-1 s=CLOSED pgs=61 cs=0 l=1 rev1=1 crypto rx=0 tx=0 comp rx=0 tx=0).stop
2024-04-21T22:06:07.447 INFO:teuthology.orchestra.run.smithi106.stdout:/usr/bin/ceph: stderr
2024-04-21T22:06:00.443+0000 7f1c7be00700 1 -- 172.21.15.106:0/1766560774 >> 172.21.15.106:0/1766560774 conn(0x7f1c741033e0 msgr2=0x7f1c74105800 unknown :-1 s=STATE_NONE l=0).mark_down
2024-04-21T22:06:07.447 INFO:teuthology.orchestra.run.smithi106.stdout:/usr/bin/ceph: stderr
2024-04-21T22:06:00.443+0000 7f1c7be00700 1 -- 172.21.15.106:0/1766560774 shutdown_connections
2024-04-21T22:06:07.447 INFO:teuthology.orchestra.run.smithi106.stdout:/usr/bin/ceph: stderr
2024-04-21T22:06:00.443+0000 7f1c7be00700 1 -- 172.21.15.106:0/1766560774 wait complete.
2024-04-21T22:06:07.447 INFO:teuthology.orchestra.run.smithi106.stdout:/usr/bin/ceph: stderr
2024-04-21T22:06:00.444+0000 7f1c7be00700 1 Processor -- start
2024-04-21T22:06:07.447 INFO:teuthology.orchestra.run.smithi106.stdout:/usr/bin/ceph: stderr
2024-04-21T22:06:00.444+0000 7f1c7be00700 1 -- start start
2024-04-21T22:06:07.447 INFO:teuthology.orchestra.run.smithi106.stdout:/usr/bin/ceph: stderr
2024-04-21T22:06:00.444+0000 7f1c7be00700 1 --2- >> [v2:172.21.15.106:3300/0,v1:172.21.15.106:6789/0] conn(0x7f1c7407de20 0x7f1c7419df50 unknown :-1 s=NONE pgs=0 cs=0 l=1 rev1=0 crypto rx=0 tx=0 comp rx=0 tx=0).connect
2024-04-21T22:06:07.447 INFO:teuthology.orchestra.run.smithi106.stdout:/usr/bin/ceph: stderr
2024-04-21T22:06:00.444+0000 7f1c7be00700 1 -- --> [v2:172.21.15.106:3300/0,v1:172.21.15.106:6789/0] -- mon_getmap magic: 0 -- 0x7f1c7410e480 con 0x7f1c7407de20
2024-04-21T22:06:07.447 INFO:teuthology.orchestra.run.smithi106.stdout:/usr/bin/ceph: stderr
2024-04-21T22:06:00.445+0000 7f1c79400700 1 --2- >> [v2:172.21.15.106:3300/0,v1:172.21.15.106:6789/0] conn(0x7f1c7407de20 0x7f1c7419df50 unknown :-1 s=BANNER_CONNECTING pgs=0 cs=0 l=1 rev1=0 crypto rx=0 tx=0 comp rx=0 tx=0)._handle_peer_banner_payload supported=3 required=0
2024-04-21T22:06:07.447 INFO:teuthology.orchestra.run.smithi106.stdout:/usr/bin/ceph: stderr
2024-04-21T22:06:00.445+0000 7f1c79400700 1 --2- >> [v2:172.21.15.106:3300/0,v1:172.21.15.106:6789/0] conn(0x7f1c7407de20 0x7f1c7419df50 unknown :-1 s=HELLO_CONNECTING pgs=0 cs=0 l=1 rev1=1 crypto rx=0 tx=0 comp rx=0 tx=0).handle_hello peer v2:172.21.15.106:3300/0 says I am v2:172.21.15.106:48288/0 (socket says 172.21.15.106:48288)
2024-04-21T22:06:07.447 INFO:teuthology.orchestra.run.smithi106.stdout:/usr/bin/ceph: stderr
2024-04-21T22:06:00.445+0000 7f1c79400700 1 -- 172.21.15.106:0/1081727750 learned_addr learned my addr 172.21.15.106:0/1081727750 (peer_addr_for_me v2:172.21.15.106:0/0)
2024-04-21T22:06:07.448 INFO:teuthology.orchestra.run.smithi106.stdout:/usr/bin/ceph: stderr
2024-04-21T22:06:00.445+0000 7f1c79400700 1 -- 172.21.15.106:0/1081727750 --> [v2:172.21.15.106:3300/0,v1:172.21.15.106:6789/0] -- mon_subscribe({config=0+,monmap=0+}) -- 0x7f1c7419e490 con 0x7f1c7407de20
2024-04-21T22:06:07.448 INFO:teuthology.orchestra.run.smithi106.stdout:/usr/bin/ceph: stderr
2024-04-21T22:06:00.445+0000 7f1c79400700 1 --2- 172.21.15.106:0/1081727750 >> [v2:172.21.15.106:3300/0,v1:172.21.15.106:6789/0] conn(0x7f1c7407de20 0x7f1c7419df50 secure :-1 s=READY pgs=62 cs=0 l=1 rev1=1 crypto rx=0x7f1c68011b60 tx=0x7f1c68011c40 comp rx=0 tx=0).ready entity=mon.0 client_cookie=0 server_cookie=0 in_seq=0 out_seq=0
2024-04-21T22:06:07.448 INFO:teuthology.orchestra.run.smithi106.stdout:/usr/bin/ceph: stderr
2024-04-21T22:06:00.445+0000 7f1c72000700 1 -- 172.21.15.106:0/1081727750 <== mon.0 v2:172.21.15.106:3300/0 1 ==== mon_map magic: 0 ==== 205+0+0 (secure 0 0 0) 0x7f1c68003b60 con 0x7f1c7407de20
2024-04-21T22:06:07.448 INFO:teuthology.orchestra.run.smithi106.stdout:/usr/bin/ceph: stderr
2024-04-21T22:06:00.446+0000 7f1c72000700 1 -- 172.21.15.106:0/1081727750 <== mon.0 v2:172.21.15.106:3300/0 2 ==== config(27 keys) ==== 1140+0+0 (secure 0 0 0) 0x7f1c6801a910 con 0x7f1c7407de20
2024-04-21T22:06:07.448 INFO:teuthology.orchestra.run.smithi106.stdout:/usr/bin/ceph: stderr
2024-04-21T22:06:00.446+0000 7f1c72000700 1 -- 172.21.15.106:0/1081727750 <== mon.0 v2:172.21.15.106:3300/0 3 ==== mon_map magic: 0 ==== 205+0+0 (secure 0 0 0) 0x7f1c68024930 con 0x7f1c7407de20
2024-04-21T22:06:07.448 INFO:teuthology.orchestra.run.smithi106.stdout:/usr/bin/ceph: stderr
2024-04-21T22:06:00.446+0000 7f1c7be00700 1 -- 172.21.15.106:0/1081727750 --> [v2:172.21.15.106:3300/0,v1:172.21.15.106:6789/0] -- mon_subscribe({mgrmap=0+}) -- 0x7f1c7419e720 con 0x7f1c7407de20
2024-04-21T22:06:07.448 INFO:teuthology.orchestra.run.smithi106.stdout:/usr/bin/ceph: stderr
2024-04-21T22:06:00.446+0000 7f1c7be00700 1 -- 172.21.15.106:0/1081727750 --> [v2:172.21.15.106:3300/0,v1:172.21.15.106:6789/0] -- mon_subscribe({osdmap=0}) -- 0x7f1c7419eb80 con 0x7f1c7407de20
2024-04-21T22:06:07.448 INFO:teuthology.orchestra.run.smithi106.stdout:/usr/bin/ceph: stderr
2024-04-21T22:06:00.447+0000 7f1c72000700 1 -- 172.21.15.106:0/1081727750 <== mon.0 v2:172.21.15.106:3300/0 4 ==== mgrmap(e 9) ==== 46300+0+0 (secure 0 0 0) 0x7f1c68022020 con 0x7f1c7407de20
2024-04-21T22:06:07.448 INFO:teuthology.orchestra.run.smithi106.stdout:/usr/bin/ceph: stderr
2024-04-21T22:06:00.448+0000 7f1c72000700 1 --2- 172.21.15.106:0/1081727750 >> [v2:172.21.15.106:6800/457811839,v1:172.21.15.106:6801/457811839] conn(0x7f1c5c039100 0x7f1c5c03b5c0 unknown :-1 s=NONE pgs=0 cs=0 l=1 rev1=0 crypto rx=0 tx=0 comp rx=0 tx=0).connect
2024-04-21T22:06:07.448 INFO:teuthology.orchestra.run.smithi106.stdout:/usr/bin/ceph: stderr
2024-04-21T22:06:00.448+0000 7f1c72000700 1 -- 172.21.15.106:0/1081727750 --> [v2:172.21.15.106:6800/457811839,v1:172.21.15.106:6801/457811839] -- command(tid 0: {"prefix": "get_command_descriptions"}) -- 0x7f1c5c03bcd0 con 0x7f1c5c039100
2024-04-21T22:06:07.448 INFO:teuthology.orchestra.run.smithi106.stdout:/usr/bin/ceph: stderr
2024-04-21T22:06:00.448+0000 7f1c72000700 1 -- 172.21.15.106:0/1081727750 <== mon.0 v2:172.21.15.106:3300/0 5 ==== osd_map(2..2 src has 1..2) ==== 940+0+0 (secure 0 0 0) 0x7f1c6804d550 con 0x7f1c7407de20
2024-04-21T22:06:07.448 INFO:teuthology.orchestra.run.smithi106.stdout:/usr/bin/ceph: stderr
2024-04-21T22:06:00.448+0000 7f1c78a00700 1 -- 172.21.15.106:0/1081727750 >> [v2:172.21.15.106:6800/457811839,v1:172.21.15.106:6801/457811839] conn(0x7f1c5c039100 msgr2=0x7f1c5c03b5c0 unknown :-1 s=STATE_CONNECTING_RE l=1).process reconnect failed to v2:172.21.15.106:6800/457811839
2024-04-21T22:06:07.448 INFO:teuthology.orchestra.run.smithi106.stdout:/usr/bin/ceph: stderr
2024-04-21T22:06:00.448+0000 7f1c78a00700 1 --2- 172.21.15.106:0/1081727750 >> [v2:172.21.15.106:6800/457811839,v1:172.21.15.106:6801/457811839] conn(0x7f1c5c039100 0x7f1c5c03b5c0 unknown :-1 s=START_CONNECT pgs=0 cs=0 l=1 rev1=0 crypto rx=0 tx=0 comp rx=0 tx=0)._fault waiting 0.200000
2024-04-21T22:06:07.449 INFO:teuthology.orchestra.run.smithi106.stdout:/usr/bin/ceph: stderr
2024-04-21T22:06:00.649+0000 7f1c78a00700 1 -- 172.21.15.106:0/1081727750 >> [v2:172.21.15.106:6800/457811839,v1:172.21.15.106:6801/457811839] conn(0x7f1c5c039100 msgr2=0x7f1c5c03b5c0 unknown :-1 s=STATE_CONNECTING_RE l=1).process reconnect failed to v2:172.21.15.106:6800/457811839
2024-04-21T22:06:07.449 INFO:teuthology.orchestra.run.smithi106.stdout:/usr/bin/ceph: stderr
2024-04-21T22:06:00.649+0000 7f1c78a00700 1 --2- 172.21.15.106:0/1081727750 >> [v2:172.21.15.106:6800/457811839,v1:172.21.15.106:6801/457811839] conn(0x7f1c5c039100 0x7f1c5c03b5c0 unknown :-1 s=START_CONNECT pgs=0 cs=0 l=1 rev1=0 crypto rx=0 tx=0 comp rx=0 tx=0)._fault waiting 0.400000
2024-04-21T22:06:07.449 INFO:teuthology.orchestra.run.smithi106.stdout:/usr/bin/ceph: stderr
