2024-04-21T22:22:47.560+0000 7fd8e0e00700 1 -- 172.21.15.18:0/1547812380 learned_addr learned my addr 172.21.15.18:0/1547812380 (peer_addr_for_me v2:172.21.15.18:0/0)
2024-04-21T22:22:48.516 INFO:teuthology.orchestra.run.smithi018.stdout:/usr/bin/ceph: stderr
2024-04-21T22:22:47.560+0000 7fd8e0e00700 1 -- 172.21.15.18:0/1547812380 --> [v2:172.21.15.18:3300/0,v1:172.21.15.18:6789/0] -- mon_subscribe({config=0+,monmap=0+}) -- 0x7fd8dc19e400 con 0x7fd8dc07de70
2024-04-21T22:22:48.516 INFO:teuthology.orchestra.run.smithi018.stdout:/usr/bin/ceph: stderr
2024-04-21T22:22:47.561+0000 7fd8e0e00700 1 --2- 172.21.15.18:0/1547812380 >> [v2:172.21.15.18:3300/0,v1:172.21.15.18:6789/0] conn(0x7fd8dc07de70 0x7fd8dc19dec0 secure :-1 s=READY pgs=44 cs=0 l=1 rev1=1 crypto rx=0x7fd8d0009fb0 tx=0x7fd8d0011bf0 comp rx=0 tx=0).ready entity=mon.0 client_cookie=0 server_cookie=0 in_seq=0 out_seq=0
2024-04-21T22:22:48.516 INFO:teuthology.orchestra.run.smithi018.stdout:/usr/bin/ceph: stderr
2024-04-21T22:22:47.561+0000 7fd8d9600700 1 -- 172.21.15.18:0/1547812380 <== mon.0 v2:172.21.15.18:3300/0 1 ==== mon_map magic: 0 ==== 205+0+0 (secure 0 0 0) 0x7fd8d00038b0 con 0x7fd8dc07de70
2024-04-21T22:22:48.516 INFO:teuthology.orchestra.run.smithi018.stdout:/usr/bin/ceph: stderr
2024-04-21T22:22:47.561+0000 7fd8d9600700 1 -- 172.21.15.18:0/1547812380 <== mon.0 v2:172.21.15.18:3300/0 2 ==== config(27 keys) ==== 1109+0+0 (secure 0 0 0) 0x7fd8d0011e50 con 0x7fd8dc07de70
2024-04-21T22:22:48.516 INFO:teuthology.orchestra.run.smithi018.stdout:/usr/bin/ceph: stderr
2024-04-21T22:22:47.561+0000 7fd8d9600700 1 -- 172.21.15.18:0/1547812380 <== mon.0 v2:172.21.15.18:3300/0 3 ==== mon_map magic: 0 ==== 205+0+0 (secure 0 0 0) 0x7fd8d0019420 con 0x7fd8dc07de70
2024-04-21T22:22:48.516 INFO:teuthology.orchestra.run.smithi018.stdout:/usr/bin/ceph: stderr
2024-04-21T22:22:47.561+0000 7fd8e2200700 1 -- 172.21.15.18:0/1547812380 --> [v2:172.21.15.18:3300/0,v1:172.21.15.18:6789/0] -- mon_subscribe({mgrmap=0+}) -- 0x7fd8dc19e690 con 0x7fd8dc07de70
2024-04-21T22:22:48.516 INFO:teuthology.orchestra.run.smithi018.stdout:/usr/bin/ceph: stderr
2024-04-21T22:22:47.561+0000 7fd8e2200700 1 -- 172.21.15.18:0/1547812380 --> [v2:172.21.15.18:3300/0,v1:172.21.15.18:6789/0] -- mon_subscribe({osdmap=0}) -- 0x7fd8dc1a1380 con 0x7fd8dc07de70
2024-04-21T22:22:48.516 INFO:teuthology.orchestra.run.smithi018.stdout:/usr/bin/ceph: stderr
2024-04-21T22:22:47.562+0000 7fd8e2200700 1 -- 172.21.15.18:0/1547812380 --> [v2:172.21.15.18:3300/0,v1:172.21.15.18:6789/0] -- mon_command({"prefix": "get_command_descriptions"} v 0) -- 0x7fd8dc0693b0 con 0x7fd8dc07de70
2024-04-21T22:22:48.516 INFO:teuthology.orchestra.run.smithi018.stdout:/usr/bin/ceph: stderr
2024-04-21T22:22:47.563+0000 7fd8d9600700 1 -- 172.21.15.18:0/1547812380 <== mon.0 v2:172.21.15.18:3300/0 4 ==== mgrmap(e 8) ==== 46287+0+0 (secure 0 0 0) 0x7fd8d001a430 con 0x7fd8dc07de70
2024-04-21T22:22:48.516 INFO:teuthology.orchestra.run.smithi018.stdout:/usr/bin/ceph: stderr
2024-04-21T22:22:47.563+0000 7fd8d9600700 1 --2- 172.21.15.18:0/1547812380 >> [v2:172.21.15.18:6800/3876986128,v1:172.21.15.18:6801/3876986128] conn(0x7fd8c4039050 0x7fd8c403b510 unknown :-1 s=NONE pgs=0 cs=0 l=1 rev1=0 crypto rx=0 tx=0 comp rx=0 tx=0).connect
2024-04-21T22:22:48.516 INFO:teuthology.orchestra.run.smithi018.stdout:/usr/bin/ceph: stderr
2024-04-21T22:22:47.563+0000 7fd8d9600700 1 -- 172.21.15.18:0/1547812380 <== mon.0 v2:172.21.15.18:3300/0 5 ==== osd_map(2..2 src has 1..2) ==== 940+0+0 (secure 0 0 0) 0x7fd8d004d320 con 0x7fd8dc07de70
2024-04-21T22:22:48.516 INFO:teuthology.orchestra.run.smithi018.stdout:/usr/bin/ceph: stderr
2024-04-21T22:22:47.564+0000 7fd8dbe00700 1 --2- 172.21.15.18:0/1547812380 >> [v2:172.21.15.18:6800/3876986128,v1:172.21.15.18:6801/3876986128] conn(0x7fd8c4039050 0x7fd8c403b510 unknown :-1 s=BANNER_CONNECTING pgs=0 cs=0 l=1 rev1=0 crypto rx=0 tx=0 comp rx=0 tx=0)._handle_peer_banner_payload supported=3 required=0
2024-04-21T22:22:48.516 INFO:teuthology.orchestra.run.smithi018.stdout:/usr/bin/ceph: stderr
2024-04-21T22:22:47.564+0000 7fd8dbe00700 1 --2- 172.21.15.18:0/1547812380 >> [v2:172.21.15.18:6800/3876986128,v1:172.21.15.18:6801/3876986128] conn(0x7fd8c4039050 0x7fd8c403b510 secure :-1 s=READY pgs=10 cs=0 l=1 rev1=1 crypto rx=0x7fd8cc006fd0 tx=0x7fd8cc006e40 comp rx=0 tx=0).ready entity=mgr.14120 client_cookie=0 server_cookie=0 in_seq=0 out_seq=0
2024-04-21T22:22:48.516 INFO:teuthology.orchestra.run.smithi018.stdout:/usr/bin/ceph: stderr
2024-04-21T22:22:47.568+0000 7fd8d9600700 1 -- 172.21.15.18:0/1547812380 <== mon.0 v2:172.21.15.18:3300/0 6 ==== mon_command_ack([{"prefix": "get_command_descriptions"}]=0 v0) ==== 72+0+186074 (secure 0 0 0) 0x7fd8d0029260 con 0x7fd8dc07de70
2024-04-21T22:22:48.517 INFO:teuthology.orchestra.run.smithi018.stdout:/usr/bin/ceph: stderr
2024-04-21T22:22:47.790+0000 7fd8e2200700 1 -- 172.21.15.18:0/1547812380 --> [v2:172.21.15.18:6800/3876986128,v1:172.21.15.18:6801/3876986128] -- mgr_command(tid 0: {"prefix": "cephadm get-pub-key", "target": ["mon-mgr", ""]}) -- 0x7fd8dc104680 con 0x7fd8c4039050
2024-04-21T22:22:48.517 INFO:teuthology.orchestra.run.smithi018.stdout:/usr/bin/ceph: stderr
2024-04-21T22:22:47.791+0000 7fd8d9600700 1 -- 172.21.15.18:0/1547812380 <== mgr.14120 v2:172.21.15.18:6800/3876986128 1 ==== mgr_command_reply(tid 0: 0 ) ==== 8+0+595 (secure 0 0 0) 0x7fd8dc104680 con 0x7fd8c4039050
2024-04-21T22:22:48.517 INFO:teuthology.orchestra.run.smithi018.stdout:/usr/bin/ceph: stderr
2024-04-21T22:22:47.795+0000 7fd8e2200700 1 -- 172.21.15.18:0/1547812380 >> [v2:172.21.15.18:6800/3876986128,v1:172.21.15.18:6801/3876986128] conn(0x7fd8c4039050 msgr2=0x7fd8c403b510 secure :-1 s=STATE_CONNECTION_ESTABLISHED l=1).mark_down
2024-04-21T22:22:48.517 INFO:teuthology.orchestra.run.smithi018.stdout:/usr/bin/ceph: stderr
2024-04-21T22:22:47.795+0000 7fd8e2200700 1 --2- 172.21.15.18:0/1547812380 >> [v2:172.21.15.18:6800/3876986128,v1:172.21.15.18:6801/3876986128] conn(0x7fd8c4039050 0x7fd8c403b510 secure :-1 s=READY pgs=10 cs=0 l=1 rev1=1 crypto rx=0x7fd8cc006fd0 tx=0x7fd8cc006e40 comp rx=0 tx=0).stop
2024-04-21T22:22:48.517 INFO:teuthology.orchestra.run.smithi018.stdout:/usr/bin/ceph: stderr
2024-04-21T22:22:47.795+0000 7fd8e2200700 1 -- 172.21.15.18:0/1547812380 >> [v2:172.21.15.18:3300/0,v1:172.21.15.18:6789/0] conn(0x7fd8dc07de70 msgr2=0x7fd8dc19dec0 secure :-1 s=STATE_CONNECTION_ESTABLISHED l=1).mark_down
2024-04-21T22:22:48.517 INFO:teuthology.orchestra.run.smithi018.stdout:/usr/bin/ceph: stderr
2024-04-21T22:22:47.795+0000 7fd8e2200700 1 --2- 172.21.15.18:0/1547812380 >> [v2:172.21.15.18:3300/0,v1:172.21.15.18:6789/0] conn(0x7fd8dc07de70 0x7fd8dc19dec0 secure :-1 s=READY pgs=44 cs=0 l=1 rev1=1 crypto rx=0x7fd8d0009fb0 tx=0x7fd8d0011bf0 comp rx=0 tx=0).stop
2024-04-21T22:22:48.517 INFO:teuthology.orchestra.run.smithi018.stdout:/usr/bin/ceph: stderr
2024-04-21T22:22:47.795+0000 7fd8e2200700 1 -- 172.21.15.18:0/1547812380 shutdown_connections
2024-04-21T22:22:48.517 INFO:teuthology.orchestra.run.smithi018.stdout:/usr/bin/ceph: stderr
2024-04-21T22:22:47.795+0000 7fd8e2200700 1 --2- 172.21.15.18:0/1547812380 >> [v2:172.21.15.18:6800/3876986128,v1:172.21.15.18:6801/3876986128] conn(0x7fd8c4039050 0x7fd8c403b510 unknown :-1 s=CLOSED pgs=10 cs=0 l=1 rev1=1 crypto rx=0 tx=0 comp rx=0 tx=0).stop
2024-04-21T22:22:48.517 INFO:teuthology.orchestra.run.smithi018.stdout:/usr/bin/ceph: stderr
2024-04-21T22:22:47.795+0000 7fd8e2200700 1 --2- 172.21.15.18:0/1547812380 >> [v2:172.21.15.18:3300/0,v1:172.21.15.18:6789/0] conn(0x7fd8dc07de70 0x7fd8dc19dec0 unknown :-1 s=CLOSED pgs=44 cs=0 l=1 rev1=1 crypto rx=0 tx=0 comp rx=0 tx=0).stop
2024-04-21T22:22:48.517 INFO:teuthology.orchestra.run.smithi018.stdout:/usr/bin/ceph: stderr
2024-04-21T22:22:47.795+0000 7fd8e2200700 1 -- 172.21.15.18:0/1547812380 >> 172.21.15.18:0/1547812380 conn(0x7fd8dc1033c0 msgr2=0x7fd8dc103f70 unknown :-1 s=STATE_NONE l=0).mark_down
2024-04-21T22:22:48.517 INFO:teuthology.orchestra.run.smithi018.stdout:/usr/bin/ceph: stderr
2024-04-21T22:22:47.795+0000 7fd8e2200700 1 -- 172.21.15.18:0/1547812380 shutdown_connections
2024-04-21T22:22:48.517 INFO:teuthology.orchestra.run.smithi018.stdout:/usr/bin/ceph: stderr
2024-04-21T22:22:47.795+0000 7fd8e2200700 1 -- 172.21.15.18:0/1547812380 wait complete.
2024-04-21T22:22:48.517 INFO:teuthology.orchestra.run.smithi018.stdout:Wrote public SSH key to /home/ubuntu/cephtest/ceph.pub
2024-04-21T22:22:48.517 INFO:teuthology.orchestra.run.smithi018.stdout:Adding key to root@localhost authorized_keys...
2024-04-21T22:22:48.524 INFO:teuthology.orchestra.run.smithi018.stdout:Adding host smithi018...
2024-04-21T22:22:49.092 INFO:journalctl@ceph.mon.a.smithi018.stdout:Apr 21 22:22:48 smithi018 ceph-mon[26614]: from='client.14138 -' entity='client.admin' cmd=[{"prefix": "cephadm get-pub-key", "target": ["mon-mgr", ""]}]: dispatch
2024-04-21T22:22:50.081 INFO:journalctl@ceph.mon.a.smithi018.stdout:Apr 21 22:22:49 smithi018 ceph-mon[26614]: from='client.14140 -' entity='client.admin' cmd=[{"prefix": "orch host add", "hostname": "smithi018", "addr": "172.21.15.18", "target": ["mon-mgr", ""]}]: dispatch
2024-04-21T22:22:51.097 INFO:journalctl@ceph.mon.a.smithi018.stdout:Apr 21 22:22:50 smithi018 ceph-mon[26614]: Deploying cephadm binary to smithi018
2024-04-21T22:22:56.672 INFO:teuthology.orchestra.run.smithi018.stdout:/usr/bin/ceph: stdout Added host 'smithi018' with addr '172.21.15.18'
2024-04-21T22:22:56.672 INFO:teuthology.orchestra.run.smithi018.stdout:/usr/bin/ceph: stderr
2024-04-21T22:22:49.164+0000 7f68dce00700 1 Processor -- start
2024-04-21T22:22:56.673 INFO:teuthology.orchestra.run.smithi018.stdout:/usr/bin/ceph: stderr
2024-04-21T22:22:49.164+0000 7f68dce00700 1 -- start start
2024-04-21T22:22:56.673 INFO:teuthology.orchestra.run.smithi018.stdout:/usr/bin/ceph: stderr
2024-04-21T22:22:49.165+0000 7f68dce00700 1 --2- >> [v2:172.21.15.18:3300/0,v1:172.21.15.18:6789/0] conn(0x7f68d8109fc0 0x7f68d810a3e0 unknown :-1 s=NONE pgs=0 cs=0 l=0 rev1=0 crypto rx=0 tx=0 comp rx=0 tx=0).connect
2024-04-21T22:22:56.673 INFO:teuthology.orchestra.run.smithi018.stdout:/usr/bin/ceph: stderr
2024-04-21T22:22:49.165+0000 7f68dce00700 1 -- --> [v2:172.21.15.18:3300/0,v1:172.21.15.18:6789/0] -- mon_getmap magic: 0 -- 0x7f68d810a920 con 0x7f68d8109fc0
2024-04-21T22:22:56.673 INFO:teuthology.orchestra.run.smithi018.stdout:/usr/bin/ceph: stderr
2024-04-21T22:22:49.165+0000 7f68d7400700 1 --2- >> [v2:172.21.15.18:3300/0,v1:172.21.15.18:6789/0] conn(0x7f68d8109fc0 0x7f68d810a3e0 unknown :-1 s=BANNER_CONNECTING pgs=0 cs=0 l=0 rev1=0 crypto rx=0 tx=0 comp rx=0 tx=0)._handle_peer_banner_payload supported=3 required=0
2024-04-21T22:22:56.673 INFO:teuthology.orchestra.run.smithi018.stdout:/usr/bin/ceph: stderr
2024-04-21T22:22:49.165+0000 7f68d7400700 1 --2- >> [v2:172.21.15.18:3300/0,v1:172.21.15.18:6789/0] conn(0x7f68d8109fc0 0x7f68d810a3e0 unknown :-1 s=HELLO_CONNECTING pgs=0 cs=0 l=0 rev1=1 crypto rx=0 tx=0 comp rx=0 tx=0).handle_hello peer v2:172.21.15.18:3300/0 says I am v2:172.21.15.18:53014/0 (socket says 172.21.15.18:53014)
2024-04-21T22:22:56.673 INFO:teuthology.orchestra.run.smithi018.stdout:/usr/bin/ceph: stderr
2024-04-21T22:22:49.165+0000 7f68d7400700 1 -- 172.21.15.18:0/775104604 learned_addr learned my addr 172.21.15.18:0/775104604 (peer_addr_for_me v2:172.21.15.18:0/0)
2024-04-21T22:22:56.673 INFO:teuthology.orchestra.run.smithi018.stdout:/usr/bin/ceph: stderr
2024-04-21T22:22:49.166+0000 7f68d7400700 1 -- 172.21.15.18:0/775104604 --> [v2:172.21.15.18:3300/0,v1:172.21.15.18:6789/0] -- mon_subscribe({config=0+,monmap=0+}) -- 0x7f68d810aaa0 con 0x7f68d8109fc0
2024-04-21T22:22:56.673 INFO:teuthology.orchestra.run.smithi018.stdout:/usr/bin/ceph: stderr
2024-04-21T22:22:49.166+0000 7f68d7400700 1 --2- 172.21.15.18:0/775104604 >> [v2:172.21.15.18:3300/0,v1:172.21.15.18:6789/0] conn(0x7f68d8109fc0 0x7f68d810a3e0 secure :-1 s=READY pgs=45 cs=0 l=1 rev1=1 crypto rx=0x7f68c80098a0 tx=0x7f68c8009bb0 comp rx=0 tx=0).ready entity=mon.0 client_cookie=769de70e16e2b5f6 server_cookie=0 in_seq=0 out_seq=0
2024-04-21T22:22:56.673 INFO:teuthology.orchestra.run.smithi018.stdout:/usr/bin/ceph: stderr
2024-04-21T22:22:49.166+0000 7f68d6000700 1 -- 172.21.15.18:0/775104604 <== mon.0 v2:172.21.15.18:3300/0 1 ==== mon_map magic: 0 ==== 205+0+0 (secure 0 0 0) 0x7f68c8004160 con 0x7f68d8109fc0
2024-04-21T22:22:56.673 INFO:teuthology.orchestra.run.smithi018.stdout:/usr/bin/ceph: stderr
2024-04-21T22:22:49.166+0000 7f68d6000700 1 -- 172.21.15.18:0/775104604 <== mon.0 v2:172.21.15.18:3300/0 2 ==== config(27 keys) ==== 1109+0+0 (secure 0 0 0) 0x7f68c8004300 con 0x7f68d8109fc0
2024-04-21T22:22:56.673 INFO:teuthology.orchestra.run.smithi018.stdout:/usr/bin/ceph: stderr
2024-04-21T22:22:49.166+0000 7f68d6000700 1 -- 172.21.15.18:0/775104604 <== mon.0 v2:172.21.15.18:3300/0 3 ==== mon_map magic: 0 ==== 205+0+0 (secure 0 0 0) 0x7f68c8011b50 con 0x7f68d8109fc0
2024-04-21T22:22:56.673 INFO:teuthology.orchestra.run.smithi018.stdout:/usr/bin/ceph: stderr
2024-04-21T22:22:49.167+0000 7f68dce00700 1 -- 172.21.15.18:0/775104604 >> [v2:172.21.15.18:3300/0,v1:172.21.15.18:6789/0] conn(0x7f68d8109fc0 msgr2=0x7f68d810a3e0 secure :-1 s=STATE_CONNECTION_ESTABLISHED l=1).mark_down
2024-04-21T22:22:56.673 INFO:teuthology.orchestra.run.smithi018.stdout:/usr/bin/ceph: stderr
2024-04-21T22:22:49.167+0000 7f68dce00700 1 --2- 172.21.15.18:0/775104604 >> [v2:172.21.15.18:3300/0,v1:172.21.15.18:6789/0] conn(0x7f68d8109fc0 0x7f68d810a3e0 secure :-1 s=READY pgs=45 cs=0 l=1 rev1=1 crypto rx=0x7f68c80098a0 tx=0x7f68c8009bb0 comp rx=0 tx=0).stop
2024-04-21T22:22:56.674 INFO:teuthology.orchestra.run.smithi018.stdout:/usr/bin/ceph: stderr
2024-04-21T22:22:49.167+0000 7f68dce00700 1 -- 172.21.15.18:0/775104604 shutdown_connections
2024-04-21T22:22:56.674 INFO:teuthology.orchestra.run.smithi018.stdout:/usr/bin/ceph: stderr
2024-04-21T22:22:49.167+0000 7f68dce00700 1 --2- 172.21.15.18:0/775104604 >> [v2:172.21.15.18:3300/0,v1:172.21.15.18:6789/0] conn(0x7f68d8109fc0 0x7f68d810a3e0 unknown :-1 s=CLOSED pgs=45 cs=0 l=1 rev1=1 crypto rx=0 tx=0 comp rx=0 tx=0).stop
2024-04-21T22:22:56.674 INFO:teuthology.orchestra.run.smithi018.stdout:/usr/bin/ceph: stderr
2024-04-21T22:22:49.167+0000 7f68dce00700 1 -- 172.21.15.18:0/775104604 >> 172.21.15.18:0/775104604 conn(0x7f68d807d450 msgr2=0x7f68d807d860 unknown :-1 s=STATE_NONE l=0).mark_down
2024-04-21T22:22:56.674 INFO:teuthology.orchestra.run.smithi018.stdout:/usr/bin/ceph: stderr
2024-04-21T22:22:49.167+0000 7f68dce00700 1 -- 172.21.15.18:0/775104604 shutdown_connections
2024-04-21T22:22:56.674 INFO:teuthology.orchestra.run.smithi018.stdout:/usr/bin/ceph: stderr
2024-04-21T22:22:49.167+0000 7f68dce00700 1 -- 172.21.15.18:0/775104604 wait complete.
2024-04-21T22:22:56.674 INFO:teuthology.orchestra.run.smithi018.stdout:/usr/bin/ceph: stderr
2024-04-21T22:22:49.168+0000 7f68dce00700 1 Processor -- start
2024-04-21T22:22:56.674 INFO:teuthology.orchestra.run.smithi018.stdout:/usr/bin/ceph: stderr
2024-04-21T22:22:49.168+0000 7f68dce00700 1 -- start start
2024-04-21T22:22:56.674 INFO:teuthology.orchestra.run.smithi018.stdout:/usr/bin/ceph: stderr
2024-04-21T22:22:49.169+0000 7f68dce00700 1 --2- >> [v2:172.21.15.18:3300/0,v1:172.21.15.18:6789/0] conn(0x7f68d8109fc0 0x7f68d819dec0 unknown :-1 s=NONE pgs=0 cs=0 l=1 rev1=0 crypto rx=0 tx=0 comp rx=0 tx=0).connect
2024-04-21T22:22:56.674 INFO:teuthology.orchestra.run.smithi018.stdout:/usr/bin/ceph: stderr
2024-04-21T22:22:49.169+0000 7f68dce00700 1 -- --> [v2:172.21.15.18:3300/0,v1:172.21.15.18:6789/0] -- mon_getmap magic: 0 -- 0x7f68d810bf40 con 0x7f68d8109fc0
2024-04-21T22:22:56.674 INFO:teuthology.orchestra.run.smithi018.stdout:/usr/bin/ceph: stderr
2024-04-21T22:22:49.169+0000 7f68d7400700 1 --2- >> [v2:172.21.15.18:3300/0,v1:172.21.15.18:6789/0] conn(0x7f68d8109fc0 0x7f68d819dec0 unknown :-1 s=BANNER_CONNECTING pgs=0 cs=0 l=1 rev1=0 crypto rx=0 tx=0 comp rx=0 tx=0)._handle_peer_banner_payload supported=3 required=0
2024-04-21T22:22:56.674 INFO:teuthology.orchestra.run.smithi018.stdout:/usr/bin/ceph: stderr
2024-04-21T22:22:49.169+0000 7f68d7400700 1 --2- >> [v2:172.21.15.18:3300/0,v1:172.21.15.18:6789/0] conn(0x7f68d8109fc0 0x7f68d819dec0 unknown :-1 s=HELLO_CONNECTING pgs=0 cs=0 l=1 rev1=1 crypto rx=0 tx=0 comp rx=0 tx=0).handle_hello peer v2:172.21.15.18:3300/0 says I am v2:172.21.15.18:53020/0 (socket says 172.21.15.18:53020)
2024-04-21T22:22:56.674 INFO:teuthology.orchestra.run.smithi018.stdout:/usr/bin/ceph: stderr
2024-04-21T22:22:49.169+0000 7f68d7400700 1 -- 172.21.15.18:0/3187339079 learned_addr learned my addr 172.21.15.18:0/3187339079 (peer_addr_for_me v2:172.21.15.18:0/0)
2024-04-21T22:22:56.674 INFO:teuthology.orchestra.run.smithi018.stdout:/usr/bin/ceph: stderr
2024-04-21T22:22:49.169+0000 7f68d7400700 1 -- 172.21.15.18:0/3187339079 --> [v2:172.21.15.18:3300/0,v1:172.21.15.18:6789/0] -- mon_subscribe({config=0+,monmap=0+}) -- 0x7f68d819e400 con 0x7f68d8109fc0
2024-04-21T22:22:56.675 INFO:teuthology.orchestra.run.smithi018.stdout:/usr/bin/ceph: stderr
2024-04-21T22:22:49.170+0000 7f68d7400700 1 --2- 172.21.15.18:0/3187339079 >> [v2:172.21.15.18:3300/0,v1:172.21.15.18:6789/0] conn(0x7f68d8109fc0 0x7f68d819dec0 secure :-1 s=READY pgs=46 cs=0 l=1 rev1=1 crypto rx=0x7f68c8011b60 tx=0x7f68c8011c40 comp rx=0 tx=0).ready entity=mon.0 client_cookie=0 server_cookie=0 in_seq=0 out_seq=0
2024-04-21T22:22:56.675 INFO:teuthology.orchestra.run.smithi018.stdout:/usr/bin/ceph: stderr
2024-04-21T22:22:49.170+0000 7f68cfe00700 1 -- 172.21.15.18:0/3187339079 <== mon.0 v2:172.21.15.18:3300/0 1 ==== mon_map magic: 0 ==== 205+0+0 (secure 0 0 0) 0x7f68c8003970 con 0x7f68d8109fc0
2024-04-21T22:22:56.675 INFO:teuthology.orchestra.run.smithi018.stdout:/usr/bin/ceph: stderr
2024-04-21T22:22:49.170+0000 7f68cfe00700 1 -- 172.21.15.18:0/3187339079 <== mon.0 v2:172.21.15.18:3300/0 2 ==== config(27 keys) ==== 1109+0+0 (secure 0 0 0) 0x7f68c8003b10 con 0x7f68d8109fc0
2024-04-21T22:22:56.675 INFO:teuthology.orchestra.run.smithi018.stdout:/usr/bin/ceph: stderr
2024-04-21T22:22:49.170+0000 7f68cfe00700 1 -- 172.21.15.18:0/3187339079 <== mon.0 v2:172.21.15.18:3300/0 3 ==== mon_map magic: 0 ==== 205+0+0 (secure 0 0 0) 0x7f68c8024610 con 0x7f68d8109fc0
2024-04-21T22:22:56.675 INFO:teuthology.orchestra.run.smithi018.stdout:/usr/bin/ceph: stderr
2024-04-21T22:22:49.170+0000 7f68dce00700 1 -- 172.21.15.18:0/3187339079 --> [v2:172.21.15.18:3300/0,v1:172.21.15.18:6789/0] -- mon_subscribe({mgrmap=0+}) -- 0x7f68d819e690 con 0x7f68d8109fc0
2024-04-21T22:22:56.675 INFO:teuthology.orchestra.run.smithi018.stdout:/usr/bin/ceph: stderr
2024-04-21T22:22:49.170+0000 7f68dce00700 1 -- 172.21.15.18:0/3187339079 --> [v2:172.21.15.18:3300/0,v1:172.21.15.18:6789/0] -- mon_subscribe({osdmap=0}) -- 0x7f68d81a1380 con 0x7f68d8109fc0
2024-04-21T22:22:56.675 INFO:teuthology.orchestra.run.smithi018.stdout:/usr/bin/ceph: stderr
2024-04-21T22:22:49.171+0000 7f68cfe00700 1 -- 172.21.15.18:0/3187339079 <== mon.0 v2:172.21.15.18:3300/0 4 ==== mgrmap(e 8) ==== 46287+0+0 (secure 0 0 0) 0x7f68c80248c0 con 0x7f68d8109fc0
2024-04-21T22:22:56.675 INFO:teuthology.orchestra.run.smithi018.stdout:/usr/bin/ceph: stderr
2024-04-21T22:22:49.171+0000 7f68dce00700 1 -- 172.21.15.18:0/3187339079 --> [v2:172.21.15.18:3300/0,v1:172.21.15.18:6789/0] -- mon_command({"prefix": "get_command_descriptions"} v 0) -- 0x7f68d80693b0 con 0x7f68d8109fc0
2024-04-21T22:22:56.675 INFO:teuthology.orchestra.run.smithi018.stdout:/usr/bin/ceph: stderr
2024-04-21T22:22:49.172+0000 7f68cfe00700 1 --2- 172.21.15.18:0/3187339079 >> [v2:172.21.15.18:6800/3876986128,v1:172.21.15.18:6801/3876986128] conn(0x7f68bc0390a0 0x7f68bc03b560 unknown :-1 s=NONE pgs=0 cs=0 l=1 rev1=0 crypto rx=0 tx=0 comp rx=0 tx=0).connect
2024-04-21T22:22:56.675 INFO:teuthology.orchestra.run.smithi018.stdout:/usr/bin/ceph: stderr
2024-04-21T22:22:49.172+0000 7f68cfe00700 1 -- 172.21.15.18:0/3187339079 <== mon.0 v2:172.21.15.18:3300/0 5 ==== osd_map(2..2 src has 1..2) ==== 940+0+0 (secure 0 0 0) 0x7f68c8011e00 con 0x7f68d8109fc0
2024-04-21T22:22:56.675 INFO:teuthology.orchestra.run.smithi018.stdout:/usr/bin/ceph: stderr
2024-04-21T22:22:49.172+0000 7f68d6a00700 1 --2- 172.21.15.18:0/3187339079 >> [v2:172.21.15.18:6800/3876986128,v1:172.21.15.18:6801/3876986128] conn(0x7f68bc0390a0 0x7f68bc03b560 unknown :-1 s=BANNER_CONNECTING pgs=0 cs=0 l=1 rev1=0 crypto rx=0 tx=0 comp rx=0 tx=0)._handle_peer_banner_payload supported=3 required=0
2024-04-21T22:22:56.675 INFO:teuthology.orchestra.run.smithi018.stdout:/usr/bin/ceph: stderr
2024-04-21T22:22:49.173+0000 7f68d6a00700 1 --2- 172.21.15.18:0/3187339079 >> [v2:172.21.15.18:6800/3876986128,v1:172.21.15.18:6801/3876986128] conn(0x7f68bc0390a0 0x7f68bc03b560 secure :-1 s=READY pgs=11 cs=0 l=1 rev1=1 crypto rx=0x7f68c4006fd0 tx=0x7f68c4006e40 comp rx=0 tx=0).ready entity=mgr.14120 client_cookie=0 server_cookie=0 in_seq=0 out_seq=0
2024-04-21T22:22:56.675 INFO:teuthology.orchestra.run.smithi018.stdout:/usr/bin/ceph: stderr
2024-04-21T22:22:49.178+0000 7f68cfe00700 1 -- 172.21.15.18:0/3187339079 <== mon.0 v2:172.21.15.18:3300/0 6 ==== mon_command_ack([{"prefix": "get_command_descriptions"}]=0 v0) ==== 72+0+186074 (secure 0 0 0) 0x7f68c800b3e0 con 0x7f68d8109fc0
2024-04-21T22:22:56.675 INFO:teuthology.orchestra.run.smithi018.stdout:/usr/bin/ceph: stderr
2024-04-21T22:22:49.410+0000 7f68dce00700 1 -- 172.21.15.18:0/3187339079 --> [v2:172.21.15.18:6800/3876986128,v1:172.21.15.18:6801/3876986128] -- mgr_command(tid 0: {"prefix": "orch host add", "hostname": "smithi018", "addr": "172.21.15.18", "target": ["mon-mgr", ""]}) -- 0x7f68d8107c40 con 0x7f68bc0390a0
2024-04-21T22:22:56.676 INFO:teuthology.orchestra.run.smithi018.stdout:/usr/bin/ceph: stderr
2024-04-21T22:22:55.939+0000 7f68cfe00700 1 -- 172.21.15.18:0/3187339079 <== mgr.14120 v2:172.21.15.18:6800/3876986128 1 ==== mgr_command_reply(tid 0: 0 ) ==== 8+0+48 (secure 0 0 0) 0x7f68d8107c40 con 0x7f68bc0390a0
2024-04-21T22:22:56.676 INFO:teuthology.orchestra.run.smithi018.stdout:/usr/bin/ceph: stderr
2024-04-21T22:22:55.944+0000 7f68dce00700 1 -- 172.21.15.18:0/3187339079 >> [v2:172.21.15.18:6800/3876986128,v1:172.21.15.18:6801/3876986128] conn(0x7f68bc0390a0 msgr2=0x7f68bc03b560 secure :-1 s=STATE_CONNECTION_ESTABLISHED l=1).mark_down
2024-04-21T22:22:56.676 INFO:teuthology.orchestra.run.smithi018.stdout:/usr/bin/ceph: stderr
2024-04-21T22:22:55.944+0000 7f68dce00700 1 --2- 172.21.15.18:0/3187339079 >> [v2:172.21.15.18:6800/3876986128,v1:172.21.15.18:6801/3876986128] conn(0x7f68bc0390a0 0x7f68bc03b560 secure :-1 s=READY pgs=11 cs=0 l=1 rev1=1 crypto rx=0x7f68c4006fd0 tx=0x7f68c4006e40 comp rx=0 tx=0).stop
2024-04-21T22:22:56.676 INFO:teuthology.orchestra.run.smithi018.stdout:/usr/bin/ceph: stderr
2024-04-21T22:22:55.944+0000 7f68dce00700 1 -- 172.21.15.18:0/3187339079 >> [v2:172.21.15.18:3300/0,v1:172.21.15.18:6789/0] conn(0x7f68d8109fc0 msgr2=0x7f68d819dec0 secure :-1 s=STATE_CONNECTION_ESTABLISHED l=1).mark_down
2024-04-21T22:22:56.676 INFO:teuthology.orchestra.run.smithi018.stdout:/usr/bin/ceph: stderr
2024-04-21T22:22:55.944+0000 7f68dce00700 1 --2- 172.21.15.18:0/3187339079 >> [v2:172.21.15.18:3300/0,v1:172.21.15.18:6789/0] conn(0x7f68d8109fc0 0x7f68d819dec0 secure :-1 s=READY pgs=46 cs=0 l=1 rev1=1 crypto rx=0x7f68c8011b60 tx=0x7f68c8011c40 comp rx=0 tx=0).stop
2024-04-21T22:22:56.676 INFO:teuthology.orchestra.run.smithi018.stdout:/usr/bin/ceph: stderr
2024-04-21T22:22:55.945+0000 7f68dce00700 1 -- 172.21.15.18:0/3187339079 shutdown_connections
2024-04-21T22:22:56.676 INFO:teuthology.orchestra.run.smithi018.stdout:/usr/bin/ceph: stderr
2024-04-21T22:22:55.945+0000 7f68dce00700 1 --2- 172.21.15.18:0/3187339079 >> [v2:172.21.15.18:6800/3876986128,v1:172.21.15.18:6801/3876986128] conn(0x7f68bc0390a0 0x7f68bc03b560 unknown :-1 s=CLOSED pgs=11 cs=0 l=1 rev1=1 crypto rx=0 tx=0 comp rx=0 tx=0).stop
2024-04-21T22:22:56.676 INFO:teuthology.orchestra.run.smithi018.stdout:/usr/bin/ceph: stderr
2024-04-21T22:22:55.945+0000 7f68dce00700 1 --2- 172.21.15.18:0/3187339079 >> [v2:172.21.15.18:3300/0,v1:172.21.15.18:6789/0] conn(0x7f68d8109fc0 0x7f68d819dec0 unknown :-1 s=CLOSED pgs=46 cs=0 l=1 rev1=1 crypto rx=0 tx=0 comp rx=0 tx=0).stop
2024-04-21T22:22:56.676 INFO:teuthology.orchestra.run.smithi018.stdout:/usr/bin/ceph: stderr
2024-04-21T22:22:55.945+0000 7f68dce00700 1 -- 172.21.15.18:0/3187339079 >> 172.21.15.18:0/3187339079 conn(0x7f68d807d450 msgr2=0x7f68d8107530 unknown :-1 s=STATE_NONE l=0).mark_down
2024-04-21T22:22:56.676 INFO:teuthology.orchestra.run.smithi018.stdout:/usr/bin/ceph: stderr
2024-04-21T22:22:55.945+0000 7f68dce00700 1 -- 172.21.15.18:0/3187339079 shutdown_connections
2024-04-21T22:22:56.676 INFO:teuthology.orchestra.run.smithi018.stdout:/usr/bin/ceph: stderr
2024-04-21T22:22:55.945+0000 7f68dce00700 1 -- 172.21.15.18:0/3187339079 wait complete.
2024-04-21T22:22:56.676 INFO:teuthology.orchestra.run.smithi018.stdout:Deploying unmanaged mon service...
2024-04-21T22:22:57.236 INFO:journalctl@ceph.mon.a.smithi018.stdout:Apr 21 22:22:56 smithi018 ceph-mon[26614]: from='mgr.14120 172.21.15.18:0/1017716961' entity='mgr.x'
2024-04-21T22:22:57.237 INFO:journalctl@ceph.mon.a.smithi018.stdout:Apr 21 22:22:56 smithi018 ceph-mon[26614]: Added host smithi018
2024-04-21T22:22:57.237 INFO:journalctl@ceph.mon.a.smithi018.stdout:Apr 21 22:22:56 smithi018 ceph-mon[26614]: from='mgr.14120 172.21.15.18:0/1017716961' entity='mgr.x' cmd=[{"prefix": "config dump", "format": "json"}]: dispatch
2024-04-21T22:22:58.489 INFO:teuthology.orchestra.run.smithi018.stdout:/usr/bin/ceph: stdout Scheduled mon update...
2024-04-21T22:22:58.489 INFO:teuthology.orchestra.run.smithi018.stdout:/usr/bin/ceph: stderr
2024-04-21T22:22:57.414+0000 7f829a800700 1 Processor -- start
2024-04-21T22:22:58.489 INFO:teuthology.orchestra.run.smithi018.stdout:/usr/bin/ceph: stderr
2024-04-21T22:22:57.414+0000 7f829a800700 1 -- start start
2024-04-21T22:22:58.489 INFO:teuthology.orchestra.run.smithi018.stdout:/usr/bin/ceph: stderr
2024-04-21T22:22:57.414+0000 7f829a800700 1 --2- >> [v2:172.21.15.18:3300/0,v1:172.21.15.18:6789/0] conn(0x7f829407dd80 0x7f829407c340 unknown :-1 s=NONE pgs=0 cs=0 l=0 rev1=0 crypto rx=0 tx=0 comp rx=0 tx=0).connect
2024-04-21T22:22:58.489 INFO:teuthology.orchestra.run.smithi018.stdout:/usr/bin/ceph: stderr
2024-04-21T22:22:57.414+0000 7f829a800700 1 -- --> [v2:172.21.15.18:3300/0,v1:172.21.15.18:6789/0] -- mon_getmap magic: 0 -- 0x7f829407c880 con 0x7f829407dd80
2024-04-21T22:22:58.493 INFO:teuthology.orchestra.run.smithi018.stdout:/usr/bin/ceph: stderr
2024-04-21T22:22:57.415+0000 7f8293400700 1 --2- >> [v2:172.21.15.18:3300/0,v1:172.21.15.18:6789/0] conn(0x7f829407dd80 0x7f829407c340 unknown :-1 s=BANNER_CONNECTING pgs=0 cs=0 l=0 rev1=0 crypto rx=0 tx=0 comp rx=0 tx=0)._handle_peer_banner_payload supported=3 required=0
2024-04-21T22:22:58.493 INFO:teuthology.orchestra.run.smithi018.stdout:/usr/bin/ceph: stderr
2024-04-21T22:22:57.415+0000 7f8293400700 1 --2- >> [v2:172.21.15.18:3300/0,v1:172.21.15.18:6789/0] conn(0x7f829407dd80 0x7f829407c340 unknown :-1 s=HELLO_CONNECTING pgs=0 cs=0 l=0 rev1=1 crypto rx=0 tx=0 comp rx=0 tx=0).handle_hello peer v2:172.21.15.18:3300/0 says I am v2:172.21.15.18:33298/0 (socket says 172.21.15.18:33298)
2024-04-21T22:22:58.493 INFO:teuthology.orchestra.run.smithi018.stdout:/usr/bin/ceph: stderr
2024-04-21T22:22:57.415+0000 7f8293400700 1 -- 172.21.15.18:0/2733866614 learned_addr learned my addr 172.21.15.18:0/2733866614 (peer_addr_for_me v2:172.21.15.18:0/0)
2024-04-21T22:22:58.493 INFO:teuthology.orchestra.run.smithi018.stdout:/usr/bin/ceph: stderr
2024-04-21T22:22:57.415+0000 7f8293400700 1 -- 172.21.15.18:0/2733866614 --> [v2:172.21.15.18:3300/0,v1:172.21.15.18:6789/0] -- mon_subscribe({config=0+,monmap=0+}) -- 0x7f829407ca00 con 0x7f829407dd80
2024-04-21T22:22:58.493 INFO:teuthology.orchestra.run.smithi018.stdout:/usr/bin/ceph: stderr
2024-04-21T22:22:57.416+0000 7f8293400700 1 --2- 172.21.15.18:0/2733866614 >> [v2:172.21.15.18:3300/0,v1:172.21.15.18:6789/0] conn(0x7f829407dd80 0x7f829407c340 secure :-1 s=READY pgs=47 cs=0 l=1 rev1=1 crypto rx=0x7f8284009e80 tx=0x7f828400b330 comp rx=0 tx=0).ready entity=mon.0 client_cookie=f6a34b3cdab7c5c2 server_cookie=0 in_seq=0 out_seq=0
2024-04-21T22:22:58.493 INFO:teuthology.orchestra.run.smithi018.stdout:/usr/bin/ceph: stderr
2024-04-21T22:22:57.416+0000 7f8292000700 1 -- 172.21.15.18:0/2733866614 <== mon.0 v2:172.21.15.18:3300/0 1 ==== mon_map magic: 0 ==== 205+0+0 (secure 0 0 0) 0x7f8284017070 con 0x7f829407dd80
2024-04-21T22:22:58.493 INFO:teuthology.orchestra.run.smithi018.stdout:/usr/bin/ceph: stderr
2024-04-21T22:22:57.416+0000 7f8292000700 1 -- 172.21.15.18:0/2733866614 <== mon.0 v2:172.21.15.18:3300/0 2 ==== config(27 keys) ==== 1109+0+0 (secure 0 0 0) 0x7f828400b8c0 con 0x7f829407dd80
2024-04-21T22:22:58.493 INFO:teuthology.orchestra.run.smithi018.stdout:/usr/bin/ceph: stderr
2024-04-21T22:22:57.416+0000 7f8292000700 1 -- 172.21.15.18:0/2733866614 <== mon.0 v2:172.21.15.18:3300/0 3 ==== mon_map magic: 0 ==== 205+0+0 (secure 0 0 0) 0x7f82840045c0 con 0x7f829407dd80
2024-04-21T22:22:58.493 INFO:teuthology.orchestra.run.smithi018.stdout:/usr/bin/ceph: stderr
2024-04-21T22:22:57.417+0000 7f829a800700 1 -- 172.21.15.18:0/2733866614 >> [v2:172.21.15.18:3300/0,v1:172.21.15.18:6789/0] conn(0x7f829407dd80 msgr2=0x7f829407c340 secure :-1 s=STATE_CONNECTION_ESTABLISHED l=1).mark_down
2024-04-21T22:22:58.493 INFO:teuthology.orchestra.run.smithi018.stdout:/usr/bin/ceph: stderr
2024-04-21T22:22:57.417+0000 7f829a800700 1 --2- 172.21.15.18:0/2733866614 >> [v2:172.21.15.18:3300/0,v1:172.21.15.18:6789/0] conn(0x7f829407dd80 0x7f829407c340 secure :-1 s=READY pgs=47 cs=0 l=1 rev1=1 crypto rx=0x7f8284009e80 tx=0x7f828400b330 comp rx=0 tx=0).stop
2024-04-21T22:22:58.493 INFO:teuthology.orchestra.run.smithi018.stdout:/usr/bin/ceph: stderr
2024-04-21T22:22:57.417+0000 7f829a800700 1 -- 172.21.15.18:0/2733866614 shutdown_connections
2024-04-21T22:22:58.494 INFO:teuthology.orchestra.run.smithi018.stdout:/usr/bin/ceph: stderr
2024-04-21T22:22:57.417+0000 7f829a800700 1 --2- 172.21.15.18:0/2733866614 >> [v2:172.21.15.18:3300/0,v1:172.21.15.18:6789/0] conn(0x7f829407dd80 0x7f829407c340 unknown :-1 s=CLOSED pgs=47 cs=0 l=1 rev1=1 crypto rx=0 tx=0 comp rx=0 tx=0).stop
2024-04-21T22:22:58.494 INFO:teuthology.orchestra.run.smithi018.stdout:/usr/bin/ceph: stderr
2024-04-21T22:22:57.417+0000 7f829a800700 1 -- 172.21.15.18:0/2733866614 >> 172.21.15.18:0/2733866614 conn(0x7f8294103630 msgr2=0x7f8294105a70 unknown :-1 s=STATE_NONE l=0).mark_down
2024-04-21T22:22:58.494 INFO:teuthology.orchestra.run.smithi018.stdout:/usr/bin/ceph: stderr
2024-04-21T22:22:57.417+0000 7f829a800700 1 -- 172.21.15.18:0/2733866614 shutdown_connections
2024-04-21T22:22:58.494 INFO:teuthology.orchestra.run.smithi018.stdout:/usr/bin/ceph: stderr
2024-04-21T22:22:57.417+0000 7f829a800700 1 -- 172.21.15.18:0/2733866614 wait complete.
2024-04-21T22:22:58.494 INFO:teuthology.orchestra.run.smithi018.stdout:/usr/bin/ceph: stderr
2024-04-21T22:22:57.418+0000 7f829a800700 1 Processor -- start
2024-04-21T22:22:58.494 INFO:teuthology.orchestra.run.smithi018.stdout:/usr/bin/ceph: stderr
2024-04-21T22:22:57.418+0000 7f829a800700 1 -- start start
2024-04-21T22:22:58.494 INFO:teuthology.orchestra.run.smithi018.stdout:/usr/bin/ceph: stderr
2024-04-21T22:22:57.418+0000 7f829a800700 1 --2- >> [v2:172.21.15.18:3300/0,v1:172.21.15.18:6789/0] conn(0x7f829407dd80 0x7f829419dfa0 unknown :-1 s=NONE pgs=0 cs=0 l=1 rev1=0 crypto rx=0 tx=0 comp rx=0 tx=0).connect
2024-04-21T22:22:58.494 INFO:teuthology.orchestra.run.smithi018.stdout:/usr/bin/ceph: stderr
2024-04-21T22:22:57.418+0000 7f829a800700 1 -- --> [v2:172.21.15.18:3300/0,v1:172.21.15.18:6789/0] -- mon_getmap magic: 0 -- 0x7f829410e3a0 con 0x7f829407dd80
2024-04-21T22:22:58.494 INFO:teuthology.orchestra.run.smithi018.stdout:/usr/bin/ceph: stderr
2024-04-21T22:22:57.419+0000 7f8293400700 1 --2- >> [v2:172.21.15.18:3300/0,v1:172.21.15.18:6789/0] conn(0x7f829407dd80 0x7f829419dfa0 unknown :-1 s=BANNER_CONNECTING pgs=0 cs=0 l=1 rev1=0 crypto rx=0 tx=0 comp rx=0 tx=0)._handle_peer_banner_payload supported=3 required=0
2024-04-21T22:22:58.494 INFO:teuthology.orchestra.run.smithi018.stdout:/usr/bin/ceph: stderr
2024-04-21T22:22:57.419+0000 7f8293400700 1 --2- >> [v2:172.21.15.18:3300/0,v1:172.21.15.18:6789/0] conn(0x7f829407dd80 0x7f829419dfa0 unknown :-1 s=HELLO_CONNECTING pgs=0 cs=0 l=1 rev1=1 crypto rx=0 tx=0 comp rx=0 tx=0).handle_hello peer v2:172.21.15.18:3300/0 says I am v2:172.21.15.18:33304/0 (socket says 172.21.15.18:33304)
2024-04-21T22:22:58.494 INFO:teuthology.orchestra.run.smithi018.stdout:/usr/bin/ceph: stderr
2024-04-21T22:22:57.419+0000 7f8293400700 1 -- 172.21.15.18:0/2429319462 learned_addr learned my addr 172.21.15.18:0/2429319462 (peer_addr_for_me v2:172.21.15.18:0/0)
2024-04-21T22:22:58.494 INFO:teuthology.orchestra.run.smithi018.stdout:/usr/bin/ceph: stderr
2024-04-21T22:22:57.419+0000 7f8293400700 1 -- 172.21.15.18:0/2429319462 --> [v2:172.21.15.18:3300/0,v1:172.21.15.18:6789/0] -- mon_subscribe({config=0+,monmap=0+}) -- 0x7f829419e4e0 con 0x7f829407dd80
2024-04-21T22:22:58.494 INFO:teuthology.orchestra.run.smithi018.stdout:/usr/bin/ceph: stderr
2024-04-21T22:22:57.419+0000 7f8293400700 1 --2- 172.21.15.18:0/2429319462 >> [v2:172.21.15.18:3300/0,v1:172.21.15.18:6789/0] conn(0x7f829407dd80 0x7f829419dfa0 secure :-1 s=READY pgs=48 cs=0 l=1 rev1=1 crypto rx=0x7f8284004350 tx=0x7f828400bd50 comp rx=0 tx=0).ready entity=mon.0 client_cookie=0 server_cookie=0 in_seq=0 out_seq=0
2024-04-21T22:22:58.494 INFO:teuthology.orchestra.run.smithi018.stdout:/usr/bin/ceph: stderr
2024-04-21T22:22:57.420+0000 7f828be00700 1 -- 172.21.15.18:0/2429319462 <== mon.0 v2:172.21.15.18:3300/0 1 ==== mon_map magic: 0 ==== 205+0+0 (secure 0 0 0) 0x7f8284020020 con 0x7f829407dd80
2024-04-21T22:22:58.495 INFO:teuthology.orchestra.run.smithi018.stdout:/usr/bin/ceph: stderr
2024-04-21T22:22:57.420+0000 7f828be00700 1 -- 172.21.15.18:0/2429319462 <== mon.0 v2:172.21.15.18:3300/0 2 ==== config(27 keys) ==== 1109+0+0 (secure 0 0 0) 0x7f8284003c10 con 0x7f829407dd80
2024-04-21T22:22:58.495 INFO:teuthology.orchestra.run.smithi018.stdout:/usr/bin/ceph: stderr
2024-04-21T22:22:57.420+0000 7f828be00700 1 -- 172.21.15.18:0/2429319462 <== mon.0 v2:172.21.15.18:3300/0 3 ==== mon_map magic: 0 ==== 205+0+0 (secure 0 0 0) 0x7f8284017040 con 0x7f829407dd80
2024-04-21T22:22:58.495 INFO:teuthology.orchestra.run.smithi018.stdout:/usr/bin/ceph: stderr
2024-04-21T22:22:57.420+0000 7f829a800700 1 -- 172.21.15.18:0/2429319462 --> [v2:172.21.15.18:3300/0,v1:172.21.15.18:6789/0] -- mon_subscribe({mgrmap=0+}) -- 0x7f829419e770 con 0x7f829407dd80
2024-04-21T22:22:58.497 INFO:teuthology.orchestra.run.smithi018.stdout:/usr/bin/ceph: stderr
2024-04-21T22:22:57.420+0000 7f829a800700 1 -- 172.21.15.18:0/2429319462 --> [v2:172.21.15.18:3300/0,v1:172.21.15.18:6789/0] -- mon_subscribe({osdmap=0}) -- 0x7f82941a1460 con 0x7f829407dd80
2024-04-21T22:22:58.497 INFO:teuthology.orchestra.run.smithi018.stdout:/usr/bin/ceph: stderr
2024-04-21T22:22:57.421+0000 7f829a800700 1 -- 172.21.15.18:0/2429319462 --> [v2:172.21.15.18:3300/0,v1:172.21.15.18:6789/0] -- mon_command({"prefix": "get_command_descriptions"} v 0) -- 0x7f8294063890 con 0x7f829407dd80
2024-04-21T22:22:58.497 INFO:teuthology.orchestra.run.smithi018.stdout:/usr/bin/ceph: stderr
2024-04-21T22:22:57.421+0000 7f828be00700 1 -- 172.21.15.18:0/2429319462 <== mon.0 v2:172.21.15.18:3300/0 4 ==== mgrmap(e 8) ==== 46287+0+0 (secure 0 0 0) 0x7f8284023020 con 0x7f829407dd80
2024-04-21T22:22:58.497 INFO:teuthology.orchestra.run.smithi018.stdout:/usr/bin/ceph: stderr
2024-04-21T22:22:57.422+0000 7f828be00700 1 --2- 172.21.15.18:0/2429319462 >> [v2:172.21.15.18:6800/3876986128,v1:172.21.15.18:6801/3876986128] conn(0x7f82780390a0 0x7f827803b560 unknown :-1 s=NONE pgs=0 cs=0 l=1 rev1=0 crypto rx=0 tx=0 comp rx=0 tx=0).connect
2024-04-21T22:22:58.497 INFO:teuthology.orchestra.run.smithi018.stdout:/usr/bin/ceph: stderr
2024-04-21T22:22:57.422+0000 7f828be00700 1 -- 172.21.15.18:0/2429319462 <== mon.0 v2:172.21.15.18:3300/0 5 ==== osd_map(2..2 src has 1..2) ==== 940+0+0 (secure 0 0 0) 0x7f828400f050 con 0x7f829407dd80
2024-04-21T22:22:58.497 INFO:teuthology.orchestra.run.smithi018.stdout:/usr/bin/ceph: stderr
2024-04-21T22:22:57.422+0000 7f8292a00700 1 --2- 172.21.15.18:0/2429319462 >> [v2:172.21.15.18:6800/3876986128,v1:172.21.15.18:6801/3876986128] conn(0x7f82780390a0 0x7f827803b560 unknown :-1 s=BANNER_CONNECTING pgs=0 cs=0 l=1 rev1=0 crypto rx=0 tx=0 comp rx=0 tx=0)._handle_peer_banner_payload supported=3 required=0
2024-04-21T22:22:58.497 INFO:teuthology.orchestra.run.smithi018.stdout:/usr/bin/ceph: stderr
2024-04-21T22:22:57.423+0000 7f8292a00700 1 --2- 172.21.15.18:0/2429319462 >> [v2:172.21.15.18:6800/3876986128,v1:172.21.15.18:6801/3876986128] conn(0x7f82780390a0 0x7f827803b560 secure :-1 s=READY pgs=12 cs=0 l=1 rev1=1 crypto rx=0x7f827c006fd0 tx=0x7f827c006e40 comp rx=0 tx=0).ready entity=mgr.14120 client_cookie=0 server_cookie=0 in_seq=0 out_seq=0
2024-04-21T22:22:58.497 INFO:teuthology.orchestra.run.smithi018.stdout:/usr/bin/ceph: stderr
2024-04-21T22:22:57.427+0000 7f828be00700 1 -- 172.21.15.18:0/2429319462 <== mon.0 v2:172.21.15.18:3300/0 6 ==== mon_command_ack([{"prefix": "get_command_descriptions"}]=0 v0) ==== 72+0+186074 (secure 0 0 0) 0x7f828402a020 con 0x7f829407dd80
2024-04-21T22:22:58.497 INFO:teuthology.orchestra.run.smithi018.stdout:/usr/bin/ceph: stderr
2024-04-21T22:22:57.688+0000 7f829a800700 1 -- 172.21.15.18:0/2429319462 --> [v2:172.21.15.18:6800/3876986128,v1:172.21.15.18:6801/3876986128] -- mgr_command(tid 0: {"prefix": "orch apply", "service_type": "mon", "unmanaged": true, "target": ["mon-mgr", ""]}) -- 0x7f8294104830 con 0x7f82780390a0
2024-04-21T22:22:58.497 INFO:teuthology.orchestra.run.smithi018.stdout:/usr/bin/ceph: stderr
2024-04-21T22:22:57.700+0000 7f828be00700 1 -- 172.21.15.18:0/2429319462 <== mgr.14120 v2:172.21.15.18:6800/3876986128 1 ==== mgr_command_reply(tid 0: 0 ) ==== 8+0+24 (secure 0 0 0) 0x7f8294104830 con 0x7f82780390a0
2024-04-21T22:22:58.497 INFO:teuthology.orchestra.run.smithi018.stdout:/usr/bin/ceph: stderr
2024-04-21T22:22:57.703+0000 7f829a800700 1 -- 172.21.15.18:0/2429319462 >> [v2:172.21.15.18:6800/3876986128,v1:172.21.15.18:6801/3876986128] conn(0x7f82780390a0 msgr2=0x7f827803b560 secure :-1 s=STATE_CONNECTION_ESTABLISHED l=1).mark_down
2024-04-21T22:22:58.497 INFO:teuthology.orchestra.run.smithi018.stdout:/usr/bin/ceph: stderr
2024-04-21T22:22:57.703+0000 7f829a800700 1 --2- 172.21.15.18:0/2429319462 >> [v2:172.21.15.18:6800/3876986128,v1:172.21.15.18:6801/3876986128] conn(0x7f82780390a0 0x7f827803b560 secure :-1 s=READY pgs=12 cs=0 l=1 rev1=1 crypto rx=0x7f827c006fd0 tx=0x7f827c006e40 comp rx=0 tx=0).stop
2024-04-21T22:22:58.498 INFO:teuthology.orchestra.run.smithi018.stdout:/usr/bin/ceph: stderr
2024-04-21T22:22:57.703+0000 7f829a800700 1 -- 172.21.15.18:0/2429319462 >> [v2:172.21.15.18:3300/0,v1:172.21.15.18:6789/0] conn(0x7f829407dd80 msgr2=0x7f829419dfa0 secure :-1 s=STATE_CONNECTION_ESTABLISHED l=1).mark_down
2024-04-21T22:22:58.498 INFO:teuthology.orchestra.run.smithi018.stdout:/usr/bin/ceph: stderr
2024-04-21T22:22:57.703+0000 7f829a800700 1 --2- 172.21.15.18:0/2429319462 >> [v2:172.21.15.18:3300/0,v1:172.21.15.18:6789/0] conn(0x7f829407dd80 0x7f829419dfa0 secure :-1 s=READY pgs=48 cs=0 l=1 rev1=1 crypto rx=0x7f8284004350 tx=0x7f828400bd50 comp rx=0 tx=0).stop
2024-04-21T22:22:58.498 INFO:teuthology.orchestra.run.smithi018.stdout:/usr/bin/ceph: stderr
2024-04-21T22:22:57.703+0000 7f829a800700 1 -- 172.21.15.18:0/2429319462 shutdown_connections
2024-04-21T22:22:58.498 INFO:teuthology.orchestra.run.smithi018.stdout:/usr/bin/ceph: stderr
2024-04-21T22:22:57.703+0000 7f829a800700 1 --2- 172.21.15.18:0/2429319462 >> [v2:172.21.15.18:6800/3876986128,v1:172.21.15.18:6801/3876986128] conn(0x7f82780390a0 0x7f827803b560 unknown :-1 s=CLOSED pgs=12 cs=0 l=1 rev1=1 crypto rx=0 tx=0 comp rx=0 tx=0).stop
2024-04-21T22:22:58.498 INFO:teuthology.orchestra.run.smithi018.stdout:/usr/bin/ceph: stderr
2024-04-21T22:22:57.703+0000 7f829a800700 1 --2- 172.21.15.18:0/2429319462 >> [v2:172.21.15.18:3300/0,v1:172.21.15.18:6789/0] conn(0x7f829407dd80 0x7f829419dfa0 unknown :-1 s=CLOSED pgs=48 cs=0 l=1 rev1=1 crypto rx=0 tx=0 comp rx=0 tx=0).stop
2024-04-21T22:22:58.498 INFO:teuthology.orchestra.run.smithi018.stdout:/usr/bin/ceph: stderr
2024-04-21T22:22:57.703+0000 7f829a800700 1 -- 172.21.15.18:0/2429319462 >> 172.21.15.18:0/2429319462 conn(0x7f8294103630 msgr2=0x7f8294104120 unknown :-1 s=STATE_NONE l=0).mark_down
2024-04-21T22:22:58.498 INFO:teuthology.orchestra.run.smithi018.stdout:/usr/bin/ceph: stderr
2024-04-21T22:22:57.703+0000 7f829a800700 1 -- 172.21.15.18:0/2429319462 shutdown_connections
2024-04-21T22:22:58.498 INFO:teuthology.orchestra.run.smithi018.stdout:/usr/bin/ceph: stderr
2024-04-21T22:22:57.704+0000 7f829a800700 1 -- 172.21.15.18:0/2429319462 wait complete.
2024-04-21T22:22:58.498 INFO:teuthology.orchestra.run.smithi018.stdout:Deploying unmanaged mgr service...
2024-04-21T22:22:58.793 INFO:journalctl@ceph.mon.a.smithi018.stdout:Apr 21 22:22:58 smithi018 ceph-mon[26614]: from='client.14142 -' entity='client.admin' cmd=[{"prefix": "orch apply", "service_type": "mon", "unmanaged": true, "target": ["mon-mgr", ""]}]: dispatch
2024-04-21T22:22:58.793 INFO:journalctl@ceph.mon.a.smithi018.stdout:Apr 21 22:22:58 smithi018 ceph-mon[26614]: Saving service mon spec with placement count:5
2024-04-21T22:22:58.794 INFO:journalctl@ceph.mon.a.smithi018.stdout:Apr 21 22:22:58 smithi018 ceph-mon[26614]: from='mgr.14120 172.21.15.18:0/1017716961' entity='mgr.x'
2024-04-21T22:23:01.095 INFO:journalctl@ceph.mon.a.smithi018.stdout:Apr 21 22:23:00 smithi018 ceph-mon[26614]: from='mgr.14120 172.21.15.18:0/1017716961' entity='mgr.x'
2024-04-21T22:23:01.095 INFO:journalctl@ceph.mon.a.smithi018.stdout:Apr 21 22:23:00 smithi018 ceph-mon[26614]: from='mgr.14120 172.21.15.18:0/1017716961' entity='mgr.x'
2024-04-21T22:23:01.122 INFO:teuthology.orchestra.run.smithi018.stdout:/usr/bin/ceph: stdout Scheduled mgr update...
2024-04-21T22:23:01.123 INFO:teuthology.orchestra.run.smithi018.stdout:/usr/bin/ceph: stderr
2024-04-21T22:23:00.123+0000 7fc052e00700 1 Processor -- start
2024-04-21T22:23:01.123 INFO:teuthology.orchestra.run.smithi018.stdout:/usr/bin/ceph: stderr
2024-04-21T22:23:00.123+0000 7fc052e00700 1 -- start start
2024-04-21T22:23:01.124 INFO:teuthology.orchestra.run.smithi018.stdout:/usr/bin/ceph: stderr
2024-04-21T22:23:00.123+0000 7fc052e00700 1 --2- >> [v2:172.21.15.18:3300/0,v1:172.21.15.18:6789/0] conn(0x7fc04c07de30 0x7fc04c07c2e0 unknown :-1 s=NONE pgs=0 cs=0 l=0 rev1=0 crypto rx=0 tx=0 comp rx=0 tx=0).connect
2024-04-21T22:23:01.124 INFO:teuthology.orchestra.run.smithi018.stdout:/usr/bin/ceph: stderr
2024-04-21T22:23:00.123+0000 7fc052e00700 1 -- --> [v2:172.21.15.18:3300/0,v1:172.21.15.18:6789/0] -- mon_getmap magic: 0 -- 0x7fc04c07c820 con 0x7fc04c07de30
2024-04-21T22:23:01.125 INFO:teuthology.orchestra.run.smithi018.stdout:/usr/bin/ceph: stderr
2024-04-21T22:23:00.124+0000 7fc051a00700 1 --2- >> [v2:172.21.15.18:3300/0,v1:172.21.15.18:6789/0] conn(0x7fc04c07de30 0x7fc04c07c2e0 unknown :-1 s=BANNER_CONNECTING pgs=0 cs=0 l=0 rev1=0 crypto rx=0 tx=0 comp rx=0 tx=0)._handle_peer_banner_payload supported=3 required=0
2024-04-21T22:23:01.125 INFO:teuthology.orchestra.run.smithi018.stdout:/usr/bin/ceph: stderr
2024-04-21T22:23:00.124+0000 7fc051a00700 1 --2- >> [v2:172.21.15.18:3300/0,v1:172.21.15.18:6789/0] conn(0x7fc04c07de30 0x7fc04c07c2e0 unknown :-1 s=HELLO_CONNECTING pgs=0 cs=0 l=0 rev1=1 crypto rx=0 tx=0 comp rx=0 tx=0).handle_hello peer v2:172.21.15.18:3300/0 says I am v2:172.21.15.18:33318/0 (socket says 172.21.15.18:33318)
2024-04-21T22:23:01.125 INFO:teuthology.orchestra.run.smithi018.stdout:/usr/bin/ceph: stderr
2024-04-21T22:23:00.124+0000 7fc051a00700 1 -- 172.21.15.18:0/4270881155 learned_addr learned my addr 172.21.15.18:0/4270881155 (peer_addr_for_me v2:172.21.15.18:0/0)
2024-04-21T22:23:01.125 INFO:teuthology.orchestra.run.smithi018.stdout:/usr/bin/ceph: stderr
2024-04-21T22:23:00.124+0000 7fc051a00700 1 -- 172.21.15.18:0/4270881155 --> [v2:172.21.15.18:3300/0,v1:172.21.15.18:6789/0] -- mon_subscribe({config=0+,monmap=0+}) -- 0x7fc04c07c9a0 con 0x7fc04c07de30
2024-04-21T22:23:01.126 INFO:teuthology.orchestra.run.smithi018.stdout:/usr/bin/ceph: stderr
2024-04-21T22:23:00.125+0000 7fc051a00700 1 --2- 172.21.15.18:0/4270881155 >> [v2:172.21.15.18:3300/0,v1:172.21.15.18:6789/0] conn(0x7fc04c07de30 0x7fc04c07c2e0 secure :-1 s=READY pgs=49 cs=0 l=1 rev1=1 crypto rx=0x7fc0400098a0 tx=0x7fc040009bb0 comp rx=0 tx=0).ready entity=mon.0 client_cookie=5a4084a69a893073 server_cookie=0 in_seq=0 out_seq=0
2024-04-21T22:23:01.126 INFO:teuthology.orchestra.run.smithi018.stdout:/usr/bin/ceph: stderr
2024-04-21T22:23:00.125+0000 7fc04be00700 1 -- 172.21.15.18:0/4270881155 <== mon.0 v2:172.21.15.18:3300/0 1 ==== mon_map magic: 0 ==== 205+0+0 (secure 0 0 0) 0x7fc040004160 con 0x7fc04c07de30
2024-04-21T22:23:01.126 INFO:teuthology.orchestra.run.smithi018.stdout:/usr/bin/ceph: stderr
2024-04-21T22:23:00.125+0000 7fc04be00700 1 -- 172.21.15.18:0/4270881155 <== mon.0 v2:172.21.15.18:3300/0 2 ==== config(27 keys) ==== 1140+0+0 (secure 0 0 0) 0x7fc040004300 con 0x7fc04c07de30
2024-04-21T22:23:01.127 INFO:teuthology.orchestra.run.smithi018.stdout:/usr/bin/ceph: stderr
2024-04-21T22:23:00.125+0000 7fc04be00700 1 -- 172.21.15.18:0/4270881155 <== mon.0 v2:172.21.15.18:3300/0 3 ==== mon_map magic: 0 ==== 205+0+0 (secure 0 0 0) 0x7fc040011b20 con 0x7fc04c07de30
2024-04-21T22:23:01.127 INFO:teuthology.orchestra.run.smithi018.stdout:/usr/bin/ceph: stderr
2024-04-21T22:23:00.126+0000 7fc052e00700 1 -- 172.21.15.18:0/4270881155 >> [v2:172.21.15.18:3300/0,v1:172.21.15.18:6789/0] conn(0x7fc04c07de30 msgr2=0x7fc04c07c2e0 secure :-1 s=STATE_CONNECTION_ESTABLISHED l=1).mark_down
2024-04-21T22:23:01.127 INFO:teuthology.orchestra.run.smithi018.stdout:/usr/bin/ceph: stderr
2024-04-21T22:23:00.126+0000 7fc052e00700 1 --2- 172.21.15.18:0/4270881155 >> [v2:172.21.15.18:3300/0,v1:172.21.15.18:6789/0] conn(0x7fc04c07de30 0x7fc04c07c2e0 secure :-1 s=READY pgs=49 cs=0 l=1 rev1=1 crypto rx=0x7fc0400098a0 tx=0x7fc040009bb0 comp rx=0 tx=0).stop
2024-04-21T22:23:01.127 INFO:teuthology.orchestra.run.smithi018.stdout:/usr/bin/ceph: stderr
2024-04-21T22:23:00.126+0000 7fc052e00700 1 -- 172.21.15.18:0/4270881155 shutdown_connections
2024-04-21T22:23:01.127 INFO:teuthology.orchestra.run.smithi018.stdout:/usr/bin/ceph: stderr
2024-04-21T22:23:00.126+0000 7fc052e00700 1 --2- 172.21.15.18:0/4270881155 >> [v2:172.21.15.18:3300/0,v1:172.21.15.18:6789/0] conn(0x7fc04c07de30 0x7fc04c07c2e0 unknown :-1 s=CLOSED pgs=49 cs=0 l=1 rev1=1 crypto rx=0 tx=0 comp rx=0 tx=0).stop
2024-04-21T22:23:01.127 INFO:teuthology.orchestra.run.smithi018.stdout:/usr/bin/ceph: stderr
2024-04-21T22:23:00.126+0000 7fc052e00700 1 -- 172.21.15.18:0/4270881155 >> 172.21.15.18:0/4270881155 conn(0x7fc04c1033c0 msgr2=0x7fc04c1057e0 unknown :-1 s=STATE_NONE l=0).mark_down
2024-04-21T22:23:01.127 INFO:teuthology.orchestra.run.smithi018.stdout:/usr/bin/ceph: stderr
2024-04-21T22:23:00.126+0000 7fc052e00700 1 -- 172.21.15.18:0/4270881155 shutdown_connections
2024-04-21T22:23:01.128 INFO:teuthology.orchestra.run.smithi018.stdout:/usr/bin/ceph: stderr
2024-04-21T22:23:00.126+0000 7fc052e00700 1 -- 172.21.15.18:0/4270881155 wait complete.
2024-04-21T22:23:01.128 INFO:teuthology.orchestra.run.smithi018.stdout:/usr/bin/ceph: stderr
2024-04-21T22:23:00.127+0000 7fc052e00700 1 Processor -- start
2024-04-21T22:23:01.128 INFO:teuthology.orchestra.run.smithi018.stdout:/usr/bin/ceph: stderr
2024-04-21T22:23:00.128+0000 7fc052e00700 1 -- start start
2024-04-21T22:23:01.129 INFO:teuthology.orchestra.run.smithi018.stdout:/usr/bin/ceph: stderr
2024-04-21T22:23:00.128+0000 7fc052e00700 1 --2- >> [v2:172.21.15.18:3300/0,v1:172.21.15.18:6789/0] conn(0x7fc04c07de30 0x7fc04c19de80 unknown :-1 s=NONE pgs=0 cs=0 l=1 rev1=0 crypto rx=0 tx=0 comp rx=0 tx=0).connect
2024-04-21T22:23:01.129 INFO:teuthology.orchestra.run.smithi018.stdout:/usr/bin/ceph: stderr
2024-04-21T22:23:00.128+0000 7fc052e00700 1 -- --> [v2:172.21.15.18:3300/0,v1:172.21.15.18:6789/0] -- mon_getmap magic: 0 -- 0x7fc04c10e3a0 con 0x7fc04c07de30
2024-04-21T22:23:01.129 INFO:teuthology.orchestra.run.smithi018.stdout:/usr/bin/ceph: stderr
2024-04-21T22:23:00.128+0000 7fc051a00700 1 --2- >> [v2:172.21.15.18:3300/0,v1:172.21.15.18:6789/0] conn(0x7fc04c07de30 0x7fc04c19de80 unknown :-1 s=BANNER_CONNECTING pgs=0 cs=0 l=1 rev1=0 crypto rx=0 tx=0 comp rx=0 tx=0)._handle_peer_banner_payload supported=3 required=0
2024-04-21T22:23:01.129 INFO:teuthology.orchestra.run.smithi018.stdout:/usr/bin/ceph: stderr
2024-04-21T22:23:00.128+0000 7fc051a00700 1 --2- >> [v2:172.21.15.18:3300/0,v1:172.21.15.18:6789/0] conn(0x7fc04c07de30 0x7fc04c19de80 unknown :-1 s=HELLO_CONNECTING pgs=0 cs=0 l=1 rev1=1 crypto rx=0 tx=0 comp rx=0 tx=0).handle_hello peer v2:172.21.15.18:3300/0 says I am v2:172.21.15.18:33322/0 (socket says 172.21.15.18:33322)
2024-04-21T22:23:01.129 INFO:teuthology.orchestra.run.smithi018.stdout:/usr/bin/ceph: stderr
2024-04-21T22:23:00.128+0000 7fc051a00700 1 -- 172.21.15.18:0/4109542135 learned_addr learned my addr 172.21.15.18:0/4109542135 (peer_addr_for_me v2:172.21.15.18:0/0)
2024-04-21T22:23:01.129 INFO:teuthology.orchestra.run.smithi018.stdout:/usr/bin/ceph: stderr
2024-04-21T22:23:00.129+0000 7fc051a00700 1 -- 172.21.15.18:0/4109542135 --> [v2:172.21.15.18:3300/0,v1:172.21.15.18:6789/0] -- mon_subscribe({config=0+,monmap=0+}) -- 0x7fc04c19e3c0 con 0x7fc04c07de30
2024-04-21T22:23:01.129 INFO:teuthology.orchestra.run.smithi018.stdout:/usr/bin/ceph: stderr
