2024-04-21T22:24:24.212+0000 7fc292ffd700 1 -- 172.21.15.8:0/1515258287 <== mon.0 v2:172.21.15.8:3300/0 3 ==== mon_map magic: 0 v1 ==== 229+0+0 (secure 0 0 0) 0x7fc29801a8e0 con 0x7fc29c106f70
2024-04-21T22:24:25.047 INFO:teuthology.orchestra.run.smithi008.stdout:/usr/bin/ceph: stderr
2024-04-21T22:24:24.212+0000 7fc2a40dd700 1 -- 172.21.15.8:0/1515258287 --> [v2:172.21.15.8:3300/0,v1:172.21.15.8:6789/0] -- mon_subscribe({osdmap=0}) v3 -- 0x7fc29c19ced0 con 0x7fc29c106f70
2024-04-21T22:24:25.047 INFO:teuthology.orchestra.run.smithi008.stdout:/usr/bin/ceph: stderr
2024-04-21T22:24:24.213+0000 7fc2a40dd700 1 -- 172.21.15.8:0/1515258287 --> [v2:172.21.15.8:3300/0,v1:172.21.15.8:6789/0] -- mon_command({"prefix": "get_command_descriptions"} v 0) v1 -- 0x7fc29c10a5f0 con 0x7fc29c106f70
2024-04-21T22:24:25.047 INFO:teuthology.orchestra.run.smithi008.stdout:/usr/bin/ceph: stderr
2024-04-21T22:24:24.213+0000 7fc292ffd700 1 -- 172.21.15.8:0/1515258287 <== mon.0 v2:172.21.15.8:3300/0 4 ==== mgrmap(e 7) v1 ==== 45177+0+0 (secure 0 0 0) 0x7fc298024a20 con 0x7fc29c106f70
2024-04-21T22:24:25.047 INFO:teuthology.orchestra.run.smithi008.stdout:/usr/bin/ceph: stderr
2024-04-21T22:24:24.213+0000 7fc292ffd700 1 --2- 172.21.15.8:0/1515258287 >> [v2:172.21.15.8:6800/2066682928,v1:172.21.15.8:6801/2066682928] conn(0x7fc288038250 0x7fc28803a710 unknown :-1 s=NONE pgs=0 cs=0 l=1 rev1=0 crypto rx=0 tx=0 comp rx=0 tx=0).connect
2024-04-21T22:24:25.047 INFO:teuthology.orchestra.run.smithi008.stdout:/usr/bin/ceph: stderr
2024-04-21T22:24:24.213+0000 7fc292ffd700 1 -- 172.21.15.8:0/1515258287 <== mon.0 v2:172.21.15.8:3300/0 5 ==== osd_map(2..2 src has 1..2) v4 ==== 940+0+0 (secure 0 0 0) 0x7fc29804c1e0 con 0x7fc29c106f70
2024-04-21T22:24:25.047 INFO:teuthology.orchestra.run.smithi008.stdout:/usr/bin/ceph: stderr
2024-04-21T22:24:24.213+0000 7fc2a1678700 1 --2- 172.21.15.8:0/1515258287 >> [v2:172.21.15.8:6800/2066682928,v1:172.21.15.8:6801/2066682928] conn(0x7fc288038250 0x7fc28803a710 unknown :-1 s=BANNER_CONNECTING pgs=0 cs=0 l=1 rev1=0 crypto rx=0 tx=0 comp rx=0 tx=0)._handle_peer_banner_payload supported=3 required=0
2024-04-21T22:24:25.047 INFO:teuthology.orchestra.run.smithi008.stdout:/usr/bin/ceph: stderr
2024-04-21T22:24:24.214+0000 7fc2a1678700 1 --2- 172.21.15.8:0/1515258287 >> [v2:172.21.15.8:6800/2066682928,v1:172.21.15.8:6801/2066682928] conn(0x7fc288038250 0x7fc28803a710 secure :-1 s=READY pgs=7 cs=0 l=1 rev1=1 crypto rx=0x7fc28c006fd0 tx=0x7fc28c006e40 comp rx=0 tx=0).ready entity=mgr.14120 client_cookie=0 server_cookie=0 in_seq=0 out_seq=0
2024-04-21T22:24:25.047 INFO:teuthology.orchestra.run.smithi008.stdout:/usr/bin/ceph: stderr
2024-04-21T22:24:24.218+0000 7fc292ffd700 1 -- 172.21.15.8:0/1515258287 <== mon.0 v2:172.21.15.8:3300/0 6 ==== mon_command_ack([{"prefix": "get_command_descriptions"}]=0 v0) v1 ==== 72+0+180422 (secure 0 0 0) 0x7fc298024db0 con 0x7fc29c106f70
2024-04-21T22:24:25.047 INFO:teuthology.orchestra.run.smithi008.stdout:/usr/bin/ceph: stderr
2024-04-21T22:24:24.409+0000 7fc292ffd700 1 -- 172.21.15.8:0/1515258287 <== mon.0 v2:172.21.15.8:3300/0 7 ==== mgrmap(e 8) v1 ==== 45283+0+0 (secure 0 0 0) 0x7fc29802d910 con 0x7fc29c106f70
2024-04-21T22:24:25.047 INFO:teuthology.orchestra.run.smithi008.stdout:/usr/bin/ceph: stderr
2024-04-21T22:24:24.434+0000 7fc2a40dd700 1 -- 172.21.15.8:0/1515258287 --> [v2:172.21.15.8:6800/2066682928,v1:172.21.15.8:6801/2066682928] -- mgr_command(tid 0: {"prefix": "orch set backend", "module_name": "cephadm", "target": ["mon-mgr", ""]}) v1 -- 0x7fc29c101dd0 con 0x7fc288038250
2024-04-21T22:24:25.047 INFO:teuthology.orchestra.run.smithi008.stdout:/usr/bin/ceph: stderr
2024-04-21T22:24:24.441+0000 7fc292ffd700 1 -- 172.21.15.8:0/1515258287 <== mgr.14120 v2:172.21.15.8:6800/2066682928 1 ==== mgr_command_reply(tid 0: 0 ) v1 ==== 8+0+0 (secure 0 0 0) 0x7fc29c101dd0 con 0x7fc288038250
2024-04-21T22:24:25.048 INFO:teuthology.orchestra.run.smithi008.stdout:/usr/bin/ceph: stderr
2024-04-21T22:24:24.443+0000 7fc2a40dd700 1 -- 172.21.15.8:0/1515258287 >> [v2:172.21.15.8:6800/2066682928,v1:172.21.15.8:6801/2066682928] conn(0x7fc288038250 msgr2=0x7fc28803a710 secure :-1 s=STATE_CONNECTION_ESTABLISHED l=1).mark_down
2024-04-21T22:24:25.048 INFO:teuthology.orchestra.run.smithi008.stdout:/usr/bin/ceph: stderr
2024-04-21T22:24:24.443+0000 7fc2a40dd700 1 --2- 172.21.15.8:0/1515258287 >> [v2:172.21.15.8:6800/2066682928,v1:172.21.15.8:6801/2066682928] conn(0x7fc288038250 0x7fc28803a710 secure :-1 s=READY pgs=7 cs=0 l=1 rev1=1 crypto rx=0x7fc28c006fd0 tx=0x7fc28c006e40 comp rx=0 tx=0).stop
2024-04-21T22:24:25.048 INFO:teuthology.orchestra.run.smithi008.stdout:/usr/bin/ceph: stderr
2024-04-21T22:24:24.443+0000 7fc2a40dd700 1 -- 172.21.15.8:0/1515258287 >> [v2:172.21.15.8:3300/0,v1:172.21.15.8:6789/0] conn(0x7fc29c106f70 msgr2=0x7fc29c19c2f0 secure :-1 s=STATE_CONNECTION_ESTABLISHED l=1).mark_down
2024-04-21T22:24:25.048 INFO:teuthology.orchestra.run.smithi008.stdout:/usr/bin/ceph: stderr
2024-04-21T22:24:24.443+0000 7fc2a40dd700 1 --2- 172.21.15.8:0/1515258287 >> [v2:172.21.15.8:3300/0,v1:172.21.15.8:6789/0] conn(0x7fc29c106f70 0x7fc29c19c2f0 secure :-1 s=READY pgs=38 cs=0 l=1 rev1=1 crypto rx=0x7fc298000c00 tx=0x7fc298011ab0 comp rx=0 tx=0).stop
2024-04-21T22:24:25.048 INFO:teuthology.orchestra.run.smithi008.stdout:/usr/bin/ceph: stderr
2024-04-21T22:24:24.443+0000 7fc2a40dd700 1 -- 172.21.15.8:0/1515258287 shutdown_connections
2024-04-21T22:24:25.048 INFO:teuthology.orchestra.run.smithi008.stdout:/usr/bin/ceph: stderr
2024-04-21T22:24:24.443+0000 7fc2a40dd700 1 --2- 172.21.15.8:0/1515258287 >> [v2:172.21.15.8:6800/2066682928,v1:172.21.15.8:6801/2066682928] conn(0x7fc288038250 0x7fc28803a710 unknown :-1 s=CLOSED pgs=7 cs=0 l=1 rev1=1 crypto rx=0 tx=0 comp rx=0 tx=0).stop
2024-04-21T22:24:25.048 INFO:teuthology.orchestra.run.smithi008.stdout:/usr/bin/ceph: stderr
2024-04-21T22:24:24.443+0000 7fc2a40dd700 1 --2- 172.21.15.8:0/1515258287 >> [v2:172.21.15.8:3300/0,v1:172.21.15.8:6789/0] conn(0x7fc29c106f70 0x7fc29c19c2f0 unknown :-1 s=CLOSED pgs=38 cs=0 l=1 rev1=1 crypto rx=0 tx=0 comp rx=0 tx=0).stop
2024-04-21T22:24:25.048 INFO:teuthology.orchestra.run.smithi008.stdout:/usr/bin/ceph: stderr
2024-04-21T22:24:24.443+0000 7fc2a40dd700 1 -- 172.21.15.8:0/1515258287 >> 172.21.15.8:0/1515258287 conn(0x7fc29c100940 msgr2=0x7fc29c1016c0 unknown :-1 s=STATE_NONE l=0).mark_down
2024-04-21T22:24:25.048 INFO:teuthology.orchestra.run.smithi008.stdout:/usr/bin/ceph: stderr
2024-04-21T22:24:24.443+0000 7fc2a40dd700 1 -- 172.21.15.8:0/1515258287 shutdown_connections
2024-04-21T22:24:25.048 INFO:teuthology.orchestra.run.smithi008.stdout:/usr/bin/ceph: stderr
2024-04-21T22:24:24.443+0000 7fc2a40dd700 1 -- 172.21.15.8:0/1515258287 wait complete.
2024-04-21T22:24:25.707 INFO:journalctl@ceph.mon.smithi008.smithi008.stdout:Apr 21 22:24:25 smithi008 ceph-mon[26630]: [21/Apr/2024:22:24:24] ENGINE Bus STARTING
2024-04-21T22:24:25.708 INFO:journalctl@ceph.mon.smithi008.smithi008.stdout:Apr 21 22:24:25 smithi008 ceph-mon[26630]: [21/Apr/2024:22:24:24] ENGINE Serving on http://172.21.15.8:8765
2024-04-21T22:24:25.708 INFO:journalctl@ceph.mon.smithi008.smithi008.stdout:Apr 21 22:24:25 smithi008 ceph-mon[26630]: mgrmap e8: smithi008.ebltsz(active, since 2s)
2024-04-21T22:24:25.708 INFO:journalctl@ceph.mon.smithi008.smithi008.stdout:Apr 21 22:24:25 smithi008 ceph-mon[26630]: from='mgr.14120 172.21.15.8:0/3107048069' entity='mgr.smithi008.ebltsz'
2024-04-21T22:24:25.708 INFO:journalctl@ceph.mon.smithi008.smithi008.stdout:Apr 21 22:24:25 smithi008 ceph-mon[26630]: from='mgr.14120 172.21.15.8:0/3107048069' entity='mgr.smithi008.ebltsz' cmd=[{"prefix": "config dump", "format": "json"}]: dispatch
2024-04-21T22:24:25.708 INFO:journalctl@ceph.mon.smithi008.smithi008.stdout:Apr 21 22:24:25 smithi008 ceph-mon[26630]: from='mgr.14120 172.21.15.8:0/3107048069' entity='mgr.smithi008.ebltsz' cmd=[{"prefix": "config dump", "format": "json"}]: dispatch
2024-04-21T22:24:26.283 INFO:teuthology.orchestra.run.smithi008.stdout:/usr/bin/ceph: stdout value unchanged
2024-04-21T22:24:26.284 INFO:teuthology.orchestra.run.smithi008.stdout:/usr/bin/ceph: stderr
2024-04-21T22:24:25.500+0000 7f3662da2700 1 Processor -- start
2024-04-21T22:24:26.284 INFO:teuthology.orchestra.run.smithi008.stdout:/usr/bin/ceph: stderr
2024-04-21T22:24:25.500+0000 7f3662da2700 1 -- start start
2024-04-21T22:24:26.284 INFO:teuthology.orchestra.run.smithi008.stdout:/usr/bin/ceph: stderr
2024-04-21T22:24:25.500+0000 7f3662da2700 1 --2- >> [v2:172.21.15.8:3300/0,v1:172.21.15.8:6789/0] conn(0x7f365c104840 0x7f365c104c60 unknown :-1 s=NONE pgs=0 cs=0 l=0 rev1=0 crypto rx=0 tx=0 comp rx=0 tx=0).connect
2024-04-21T22:24:26.284 INFO:teuthology.orchestra.run.smithi008.stdout:/usr/bin/ceph: stderr
2024-04-21T22:24:25.500+0000 7f3662da2700 1 -- --> [v2:172.21.15.8:3300/0,v1:172.21.15.8:6789/0] -- mon_getmap magic: 0 v1 -- 0x7f365c105230 con 0x7f365c104840
2024-04-21T22:24:26.284 INFO:teuthology.orchestra.run.smithi008.stdout:/usr/bin/ceph: stderr
2024-04-21T22:24:25.500+0000 7f3660b3e700 1 --2- >> [v2:172.21.15.8:3300/0,v1:172.21.15.8:6789/0] conn(0x7f365c104840 0x7f365c104c60 unknown :-1 s=BANNER_CONNECTING pgs=0 cs=0 l=0 rev1=0 crypto rx=0 tx=0 comp rx=0 tx=0)._handle_peer_banner_payload supported=3 required=0
2024-04-21T22:24:26.284 INFO:teuthology.orchestra.run.smithi008.stdout:/usr/bin/ceph: stderr
2024-04-21T22:24:25.500+0000 7f3660b3e700 1 --2- >> [v2:172.21.15.8:3300/0,v1:172.21.15.8:6789/0] conn(0x7f365c104840 0x7f365c104c60 unknown :-1 s=HELLO_CONNECTING pgs=0 cs=0 l=0 rev1=1 crypto rx=0 tx=0 comp rx=0 tx=0).handle_hello peer v2:172.21.15.8:3300/0 says I am v2:172.21.15.8:49714/0 (socket says 172.21.15.8:49714)
2024-04-21T22:24:26.284 INFO:teuthology.orchestra.run.smithi008.stdout:/usr/bin/ceph: stderr
2024-04-21T22:24:25.500+0000 7f3660b3e700 1 -- 172.21.15.8:0/1155535944 learned_addr learned my addr 172.21.15.8:0/1155535944 (peer_addr_for_me v2:172.21.15.8:0/0)
2024-04-21T22:24:26.284 INFO:teuthology.orchestra.run.smithi008.stdout:/usr/bin/ceph: stderr
2024-04-21T22:24:25.500+0000 7f3660b3e700 1 -- 172.21.15.8:0/1155535944 --> [v2:172.21.15.8:3300/0,v1:172.21.15.8:6789/0] -- mon_subscribe({config=0+,monmap=0+}) v3 -- 0x7f365c1077d0 con 0x7f365c104840
2024-04-21T22:24:26.284 INFO:teuthology.orchestra.run.smithi008.stdout:/usr/bin/ceph: stderr
2024-04-21T22:24:25.500+0000 7f3660b3e700 1 --2- 172.21.15.8:0/1155535944 >> [v2:172.21.15.8:3300/0,v1:172.21.15.8:6789/0] conn(0x7f365c104840 0x7f365c104c60 secure :-1 s=READY pgs=39 cs=0 l=1 rev1=1 crypto rx=0x7f36500098a0 tx=0x7f3650009bb0 comp rx=0 tx=0).ready entity=mon.0 client_cookie=1a524d9f39836b42 server_cookie=0 in_seq=0 out_seq=0
2024-04-21T22:24:26.285 INFO:teuthology.orchestra.run.smithi008.stdout:/usr/bin/ceph: stderr
2024-04-21T22:24:25.501+0000 7f365b7fe700 1 -- 172.21.15.8:0/1155535944 <== mon.0 v2:172.21.15.8:3300/0 1 ==== mon_map magic: 0 v1 ==== 229+0+0 (secure 0 0 0) 0x7f3650004180 con 0x7f365c104840
2024-04-21T22:24:26.285 INFO:teuthology.orchestra.run.smithi008.stdout:/usr/bin/ceph: stderr
2024-04-21T22:24:25.501+0000 7f365b7fe700 1 -- 172.21.15.8:0/1155535944 <== mon.0 v2:172.21.15.8:3300/0 2 ==== config(27 keys) v1 ==== 1037+0+0 (secure 0 0 0) 0x7f36500042e0 con 0x7f365c104840
2024-04-21T22:24:26.285 INFO:teuthology.orchestra.run.smithi008.stdout:/usr/bin/ceph: stderr
2024-04-21T22:24:25.501+0000 7f365b7fe700 1 -- 172.21.15.8:0/1155535944 <== mon.0 v2:172.21.15.8:3300/0 3 ==== mon_map magic: 0 v1 ==== 229+0+0 (secure 0 0 0) 0x7f3650011a50 con 0x7f365c104840
2024-04-21T22:24:26.285 INFO:teuthology.orchestra.run.smithi008.stdout:/usr/bin/ceph: stderr
2024-04-21T22:24:25.501+0000 7f3662da2700 1 -- 172.21.15.8:0/1155535944 >> [v2:172.21.15.8:3300/0,v1:172.21.15.8:6789/0] conn(0x7f365c104840 msgr2=0x7f365c104c60 secure :-1 s=STATE_CONNECTION_ESTABLISHED l=1).mark_down
2024-04-21T22:24:26.285 INFO:teuthology.orchestra.run.smithi008.stdout:/usr/bin/ceph: stderr
2024-04-21T22:24:25.501+0000 7f3662da2700 1 --2- 172.21.15.8:0/1155535944 >> [v2:172.21.15.8:3300/0,v1:172.21.15.8:6789/0] conn(0x7f365c104840 0x7f365c104c60 secure :-1 s=READY pgs=39 cs=0 l=1 rev1=1 crypto rx=0x7f36500098a0 tx=0x7f3650009bb0 comp rx=0 tx=0).stop
2024-04-21T22:24:26.285 INFO:teuthology.orchestra.run.smithi008.stdout:/usr/bin/ceph: stderr
2024-04-21T22:24:25.501+0000 7f3662da2700 1 -- 172.21.15.8:0/1155535944 shutdown_connections
2024-04-21T22:24:26.285 INFO:teuthology.orchestra.run.smithi008.stdout:/usr/bin/ceph: stderr
2024-04-21T22:24:25.501+0000 7f3662da2700 1 --2- 172.21.15.8:0/1155535944 >> [v2:172.21.15.8:3300/0,v1:172.21.15.8:6789/0] conn(0x7f365c104840 0x7f365c104c60 unknown :-1 s=CLOSED pgs=39 cs=0 l=1 rev1=1 crypto rx=0 tx=0 comp rx=0 tx=0).stop
2024-04-21T22:24:26.285 INFO:teuthology.orchestra.run.smithi008.stdout:/usr/bin/ceph: stderr
2024-04-21T22:24:25.501+0000 7f3662da2700 1 -- 172.21.15.8:0/1155535944 >> 172.21.15.8:0/1155535944 conn(0x7f365c100170 msgr2=0x7f365c1025b0 unknown :-1 s=STATE_NONE l=0).mark_down
2024-04-21T22:24:26.285 INFO:teuthology.orchestra.run.smithi008.stdout:/usr/bin/ceph: stderr
2024-04-21T22:24:25.501+0000 7f3662da2700 1 -- 172.21.15.8:0/1155535944 shutdown_connections
2024-04-21T22:24:26.285 INFO:teuthology.orchestra.run.smithi008.stdout:/usr/bin/ceph: stderr
2024-04-21T22:24:25.501+0000 7f3662da2700 1 -- 172.21.15.8:0/1155535944 wait complete.
2024-04-21T22:24:26.285 INFO:teuthology.orchestra.run.smithi008.stdout:/usr/bin/ceph: stderr
2024-04-21T22:24:25.502+0000 7f3662da2700 1 Processor -- start
2024-04-21T22:24:26.285 INFO:teuthology.orchestra.run.smithi008.stdout:/usr/bin/ceph: stderr
2024-04-21T22:24:25.502+0000 7f3662da2700 1 -- start start
2024-04-21T22:24:26.285 INFO:teuthology.orchestra.run.smithi008.stdout:/usr/bin/ceph: stderr
2024-04-21T22:24:25.502+0000 7f3662da2700 1 --2- >> [v2:172.21.15.8:3300/0,v1:172.21.15.8:6789/0] conn(0x7f365c104840 0x7f365c19a200 unknown :-1 s=NONE pgs=0 cs=0 l=1 rev1=0 crypto rx=0 tx=0 comp rx=0 tx=0).connect
2024-04-21T22:24:26.286 INFO:teuthology.orchestra.run.smithi008.stdout:/usr/bin/ceph: stderr
2024-04-21T22:24:25.502+0000 7f3662da2700 1 -- --> [v2:172.21.15.8:3300/0,v1:172.21.15.8:6789/0] -- mon_getmap magic: 0 v1 -- 0x7f365c19a740 con 0x7f365c104840
2024-04-21T22:24:26.286 INFO:teuthology.orchestra.run.smithi008.stdout:/usr/bin/ceph: stderr
2024-04-21T22:24:25.502+0000 7f3660b3e700 1 --2- >> [v2:172.21.15.8:3300/0,v1:172.21.15.8:6789/0] conn(0x7f365c104840 0x7f365c19a200 unknown :-1 s=BANNER_CONNECTING pgs=0 cs=0 l=1 rev1=0 crypto rx=0 tx=0 comp rx=0 tx=0)._handle_peer_banner_payload supported=3 required=0
2024-04-21T22:24:26.286 INFO:teuthology.orchestra.run.smithi008.stdout:/usr/bin/ceph: stderr
2024-04-21T22:24:25.502+0000 7f3660b3e700 1 --2- >> [v2:172.21.15.8:3300/0,v1:172.21.15.8:6789/0] conn(0x7f365c104840 0x7f365c19a200 unknown :-1 s=HELLO_CONNECTING pgs=0 cs=0 l=1 rev1=1 crypto rx=0 tx=0 comp rx=0 tx=0).handle_hello peer v2:172.21.15.8:3300/0 says I am v2:172.21.15.8:49718/0 (socket says 172.21.15.8:49718)
2024-04-21T22:24:26.286 INFO:teuthology.orchestra.run.smithi008.stdout:/usr/bin/ceph: stderr
2024-04-21T22:24:25.502+0000 7f3660b3e700 1 -- 172.21.15.8:0/617768136 learned_addr learned my addr 172.21.15.8:0/617768136 (peer_addr_for_me v2:172.21.15.8:0/0)
2024-04-21T22:24:26.286 INFO:teuthology.orchestra.run.smithi008.stdout:/usr/bin/ceph: stderr
2024-04-21T22:24:25.502+0000 7f3660b3e700 1 -- 172.21.15.8:0/617768136 --> [v2:172.21.15.8:3300/0,v1:172.21.15.8:6789/0] -- mon_subscribe({config=0+,monmap=0+}) v3 -- 0x7f3650009550 con 0x7f365c104840
2024-04-21T22:24:26.286 INFO:teuthology.orchestra.run.smithi008.stdout:/usr/bin/ceph: stderr
2024-04-21T22:24:25.502+0000 7f3660b3e700 1 --2- 172.21.15.8:0/617768136 >> [v2:172.21.15.8:3300/0,v1:172.21.15.8:6789/0] conn(0x7f365c104840 0x7f365c19a200 secure :-1 s=READY pgs=40 cs=0 l=1 rev1=1 crypto rx=0x7f3650003de0 tx=0x7f3650011ab0 comp rx=0 tx=0).ready entity=mon.0 client_cookie=0 server_cookie=0 in_seq=0 out_seq=0
2024-04-21T22:24:26.286 INFO:teuthology.orchestra.run.smithi008.stdout:/usr/bin/ceph: stderr
2024-04-21T22:24:25.503+0000 7f3659ffb700 1 -- 172.21.15.8:0/617768136 <== mon.0 v2:172.21.15.8:3300/0 1 ==== mon_map magic: 0 v1 ==== 229+0+0 (secure 0 0 0) 0x7f3650003930 con 0x7f365c104840
2024-04-21T22:24:26.286 INFO:teuthology.orchestra.run.smithi008.stdout:/usr/bin/ceph: stderr
2024-04-21T22:24:25.503+0000 7f3659ffb700 1 -- 172.21.15.8:0/617768136 <== mon.0 v2:172.21.15.8:3300/0 2 ==== config(27 keys) v1 ==== 1037+0+0 (secure 0 0 0) 0x7f3650003a90 con 0x7f365c104840
2024-04-21T22:24:26.286 INFO:teuthology.orchestra.run.smithi008.stdout:/usr/bin/ceph: stderr
2024-04-21T22:24:25.503+0000 7f3662da2700 1 -- 172.21.15.8:0/617768136 --> [v2:172.21.15.8:3300/0,v1:172.21.15.8:6789/0] -- mon_subscribe({mgrmap=0+}) v3 -- 0x7f365c19a940 con 0x7f365c104840
2024-04-21T22:24:26.286 INFO:teuthology.orchestra.run.smithi008.stdout:/usr/bin/ceph: stderr
2024-04-21T22:24:25.503+0000 7f3659ffb700 1 -- 172.21.15.8:0/617768136 <== mon.0 v2:172.21.15.8:3300/0 3 ==== mon_map magic: 0 v1 ==== 229+0+0 (secure 0 0 0) 0x7f36500196c0 con 0x7f365c104840
2024-04-21T22:24:26.286 INFO:teuthology.orchestra.run.smithi008.stdout:/usr/bin/ceph: stderr
2024-04-21T22:24:25.503+0000 7f3662da2700 1 -- 172.21.15.8:0/617768136 --> [v2:172.21.15.8:3300/0,v1:172.21.15.8:6789/0] -- mon_subscribe({osdmap=0}) v3 -- 0x7f365c19ade0 con 0x7f365c104840
2024-04-21T22:24:26.287 INFO:teuthology.orchestra.run.smithi008.stdout:/usr/bin/ceph: stderr
2024-04-21T22:24:25.504+0000 7f3659ffb700 1 -- 172.21.15.8:0/617768136 <== mon.0 v2:172.21.15.8:3300/0 4 ==== mgrmap(e 8) v1 ==== 45283+0+0 (secure 0 0 0) 0x7f3650019930 con 0x7f365c104840
2024-04-21T22:24:26.287 INFO:teuthology.orchestra.run.smithi008.stdout:/usr/bin/ceph: stderr
2024-04-21T22:24:25.504+0000 7f3662da2700 1 -- 172.21.15.8:0/617768136 --> [v2:172.21.15.8:3300/0,v1:172.21.15.8:6789/0] -- mon_command({"prefix": "get_command_descriptions"} v 0) v1 -- 0x7f365c0623c0 con 0x7f365c104840
2024-04-21T22:24:26.287 INFO:teuthology.orchestra.run.smithi008.stdout:/usr/bin/ceph: stderr
2024-04-21T22:24:25.504+0000 7f3659ffb700 1 --2- 172.21.15.8:0/617768136 >> [v2:172.21.15.8:6800/2066682928,v1:172.21.15.8:6801/2066682928] conn(0x7f364c038370 0x7f364c03a830 unknown :-1 s=NONE pgs=0 cs=0 l=1 rev1=0 crypto rx=0 tx=0 comp rx=0 tx=0).connect
2024-04-21T22:24:26.287 INFO:teuthology.orchestra.run.smithi008.stdout:/usr/bin/ceph: stderr
2024-04-21T22:24:25.504+0000 7f3659ffb700 1 -- 172.21.15.8:0/617768136 <== mon.0 v2:172.21.15.8:3300/0 5 ==== osd_map(2..2 src has 1..2) v4 ==== 940+0+0 (secure 0 0 0) 0x7f365004c390 con 0x7f365c104840
2024-04-21T22:24:26.287 INFO:teuthology.orchestra.run.smithi008.stdout:/usr/bin/ceph: stderr
2024-04-21T22:24:25.504+0000 7f365bfff700 1 --2- 172.21.15.8:0/617768136 >> [v2:172.21.15.8:6800/2066682928,v1:172.21.15.8:6801/2066682928] conn(0x7f364c038370 0x7f364c03a830 unknown :-1 s=BANNER_CONNECTING pgs=0 cs=0 l=1 rev1=0 crypto rx=0 tx=0 comp rx=0 tx=0)._handle_peer_banner_payload supported=3 required=0
2024-04-21T22:24:26.287 INFO:teuthology.orchestra.run.smithi008.stdout:/usr/bin/ceph: stderr
2024-04-21T22:24:25.504+0000 7f365bfff700 1 --2- 172.21.15.8:0/617768136 >> [v2:172.21.15.8:6800/2066682928,v1:172.21.15.8:6801/2066682928] conn(0x7f364c038370 0x7f364c03a830 secure :-1 s=READY pgs=8 cs=0 l=1 rev1=1 crypto rx=0x7f3648006fd0 tx=0x7f3648006e40 comp rx=0 tx=0).ready entity=mgr.14120 client_cookie=0 server_cookie=0 in_seq=0 out_seq=0
2024-04-21T22:24:26.287 INFO:teuthology.orchestra.run.smithi008.stdout:/usr/bin/ceph: stderr
2024-04-21T22:24:25.509+0000 7f3659ffb700 1 -- 172.21.15.8:0/617768136 <== mon.0 v2:172.21.15.8:3300/0 6 ==== mon_command_ack([{"prefix": "get_command_descriptions"}]=0 v0) v1 ==== 72+0+180422 (secure 0 0 0) 0x7f3650010de0 con 0x7f365c104840
2024-04-21T22:24:26.287 INFO:teuthology.orchestra.run.smithi008.stdout:/usr/bin/ceph: stderr
2024-04-21T22:24:25.707+0000 7f3662da2700 1 -- 172.21.15.8:0/617768136 --> [v2:172.21.15.8:6800/2066682928,v1:172.21.15.8:6801/2066682928] -- mgr_command(tid 0: {"prefix": "cephadm set-user", "user": "root", "target": ["mon-mgr", ""]}) v1 -- 0x7f365c10a9d0 con 0x7f364c038370
2024-04-21T22:24:26.287 INFO:teuthology.orchestra.run.smithi008.stdout:/usr/bin/ceph: stderr
2024-04-21T22:24:25.708+0000 7f3659ffb700 1 -- 172.21.15.8:0/617768136 <== mgr.14120 v2:172.21.15.8:6800/2066682928 1 ==== mgr_command_reply(tid 0: 0 ) v1 ==== 8+0+16 (secure 0 0 0) 0x7f365c10a9d0 con 0x7f364c038370
2024-04-21T22:24:26.288 INFO:teuthology.orchestra.run.smithi008.stdout:/usr/bin/ceph: stderr
2024-04-21T22:24:25.710+0000 7f3662da2700 1 -- 172.21.15.8:0/617768136 >> [v2:172.21.15.8:6800/2066682928,v1:172.21.15.8:6801/2066682928] conn(0x7f364c038370 msgr2=0x7f364c03a830 secure :-1 s=STATE_CONNECTION_ESTABLISHED l=1).mark_down
2024-04-21T22:24:26.288 INFO:teuthology.orchestra.run.smithi008.stdout:/usr/bin/ceph: stderr
2024-04-21T22:24:25.710+0000 7f3662da2700 1 --2- 172.21.15.8:0/617768136 >> [v2:172.21.15.8:6800/2066682928,v1:172.21.15.8:6801/2066682928] conn(0x7f364c038370 0x7f364c03a830 secure :-1 s=READY pgs=8 cs=0 l=1 rev1=1 crypto rx=0x7f3648006fd0 tx=0x7f3648006e40 comp rx=0 tx=0).stop
2024-04-21T22:24:26.288 INFO:teuthology.orchestra.run.smithi008.stdout:/usr/bin/ceph: stderr
2024-04-21T22:24:25.710+0000 7f3662da2700 1 -- 172.21.15.8:0/617768136 >> [v2:172.21.15.8:3300/0,v1:172.21.15.8:6789/0] conn(0x7f365c104840 msgr2=0x7f365c19a200 secure :-1 s=STATE_CONNECTION_ESTABLISHED l=1).mark_down
2024-04-21T22:24:26.288 INFO:teuthology.orchestra.run.smithi008.stdout:/usr/bin/ceph: stderr
2024-04-21T22:24:25.710+0000 7f3662da2700 1 --2- 172.21.15.8:0/617768136 >> [v2:172.21.15.8:3300/0,v1:172.21.15.8:6789/0] conn(0x7f365c104840 0x7f365c19a200 secure :-1 s=READY pgs=40 cs=0 l=1 rev1=1 crypto rx=0x7f3650003de0 tx=0x7f3650011ab0 comp rx=0 tx=0).stop
2024-04-21T22:24:26.288 INFO:teuthology.orchestra.run.smithi008.stdout:/usr/bin/ceph: stderr
2024-04-21T22:24:25.710+0000 7f3662da2700 1 -- 172.21.15.8:0/617768136 shutdown_connections
2024-04-21T22:24:26.288 INFO:teuthology.orchestra.run.smithi008.stdout:/usr/bin/ceph: stderr
2024-04-21T22:24:25.710+0000 7f3662da2700 1 --2- 172.21.15.8:0/617768136 >> [v2:172.21.15.8:6800/2066682928,v1:172.21.15.8:6801/2066682928] conn(0x7f364c038370 0x7f364c03a830 unknown :-1 s=CLOSED pgs=8 cs=0 l=1 rev1=1 crypto rx=0 tx=0 comp rx=0 tx=0).stop
2024-04-21T22:24:26.288 INFO:teuthology.orchestra.run.smithi008.stdout:/usr/bin/ceph: stderr
2024-04-21T22:24:25.710+0000 7f3662da2700 1 --2- 172.21.15.8:0/617768136 >> [v2:172.21.15.8:3300/0,v1:172.21.15.8:6789/0] conn(0x7f365c104840 0x7f365c19a200 unknown :-1 s=CLOSED pgs=40 cs=0 l=1 rev1=1 crypto rx=0 tx=0 comp rx=0 tx=0).stop
2024-04-21T22:24:26.288 INFO:teuthology.orchestra.run.smithi008.stdout:/usr/bin/ceph: stderr
2024-04-21T22:24:25.710+0000 7f3662da2700 1 -- 172.21.15.8:0/617768136 >> 172.21.15.8:0/617768136 conn(0x7f365c100170 msgr2=0x7f365c101880 unknown :-1 s=STATE_NONE l=0).mark_down
2024-04-21T22:24:26.288 INFO:teuthology.orchestra.run.smithi008.stdout:/usr/bin/ceph: stderr
2024-04-21T22:24:25.710+0000 7f3662da2700 1 -- 172.21.15.8:0/617768136 shutdown_connections
2024-04-21T22:24:26.288 INFO:teuthology.orchestra.run.smithi008.stdout:/usr/bin/ceph: stderr
2024-04-21T22:24:25.710+0000 7f3662da2700 1 -- 172.21.15.8:0/617768136 wait complete.
2024-04-21T22:24:26.288 INFO:teuthology.orchestra.run.smithi008.stdout:Generating ssh key...
2024-04-21T22:24:26.525 INFO:journalctl@ceph.mon.smithi008.smithi008.stdout:Apr 21 22:24:26 smithi008 ceph-mon[26630]: from='client.14132 -' entity='client.admin' cmd=[{"prefix": "orch set backend", "module_name": "cephadm", "target": ["mon-mgr", ""]}]: dispatch
2024-04-21T22:24:26.526 INFO:journalctl@ceph.mon.smithi008.smithi008.stdout:Apr 21 22:24:26 smithi008 ceph-mon[26630]: [21/Apr/2024:22:24:24] ENGINE Serving on https://172.21.15.8:7150
2024-04-21T22:24:26.526 INFO:journalctl@ceph.mon.smithi008.smithi008.stdout:Apr 21 22:24:26 smithi008 ceph-mon[26630]: [21/Apr/2024:22:24:24] ENGINE Bus STARTED
2024-04-21T22:24:27.682 INFO:journalctl@ceph.mon.smithi008.smithi008.stdout:Apr 21 22:24:27 smithi008 ceph-mon[26630]: from='client.14134 -' entity='client.admin' cmd=[{"prefix": "cephadm set-user", "user": "root", "target": ["mon-mgr", ""]}]: dispatch
2024-04-21T22:24:27.682 INFO:journalctl@ceph.mon.smithi008.smithi008.stdout:Apr 21 22:24:27 smithi008 ceph-mon[26630]: from='client.14136 -' entity='client.admin' cmd=[{"prefix": "cephadm generate-key", "target": ["mon-mgr", ""]}]: dispatch
2024-04-21T22:24:27.682 INFO:journalctl@ceph.mon.smithi008.smithi008.stdout:Apr 21 22:24:27 smithi008 ceph-mon[26630]: Generating ssh key...
2024-04-21T22:24:27.682 INFO:journalctl@ceph.mon.smithi008.smithi008.stdout:Apr 21 22:24:27 smithi008 ceph-mon[26630]: from='mgr.14120 172.21.15.8:0/3107048069' entity='mgr.smithi008.ebltsz'
2024-04-21T22:24:27.682 INFO:journalctl@ceph.mon.smithi008.smithi008.stdout:Apr 21 22:24:27 smithi008 ceph-mon[26630]: from='mgr.14120 172.21.15.8:0/3107048069' entity='mgr.smithi008.ebltsz'
2024-04-21T22:24:27.691 INFO:teuthology.orchestra.run.smithi008.stdout:/usr/bin/ceph: stderr
2024-04-21T22:24:26.748+0000 7f369841d700 1 Processor -- start
2024-04-21T22:24:27.691 INFO:teuthology.orchestra.run.smithi008.stdout:/usr/bin/ceph: stderr
2024-04-21T22:24:26.749+0000 7f369841d700 1 -- start start
2024-04-21T22:24:27.691 INFO:teuthology.orchestra.run.smithi008.stdout:/usr/bin/ceph: stderr
2024-04-21T22:24:26.749+0000 7f369841d700 1 --2- >> [v2:172.21.15.8:3300/0,v1:172.21.15.8:6789/0] conn(0x7f3690106560 0x7f3690106980 unknown :-1 s=NONE pgs=0 cs=0 l=0 rev1=0 crypto rx=0 tx=0 comp rx=0 tx=0).connect
2024-04-21T22:24:27.691 INFO:teuthology.orchestra.run.smithi008.stdout:/usr/bin/ceph: stderr
2024-04-21T22:24:26.749+0000 7f369841d700 1 -- --> [v2:172.21.15.8:3300/0,v1:172.21.15.8:6789/0] -- mon_getmap magic: 0 v1 -- 0x7f3690106f50 con 0x7f3690106560
2024-04-21T22:24:27.691 INFO:teuthology.orchestra.run.smithi008.stdout:/usr/bin/ceph: stderr
2024-04-21T22:24:26.749+0000 7f36961b9700 1 --2- >> [v2:172.21.15.8:3300/0,v1:172.21.15.8:6789/0] conn(0x7f3690106560 0x7f3690106980 unknown :-1 s=BANNER_CONNECTING pgs=0 cs=0 l=0 rev1=0 crypto rx=0 tx=0 comp rx=0 tx=0)._handle_peer_banner_payload supported=3 required=0
2024-04-21T22:24:27.691 INFO:teuthology.orchestra.run.smithi008.stdout:/usr/bin/ceph: stderr
2024-04-21T22:24:26.749+0000 7f36961b9700 1 --2- >> [v2:172.21.15.8:3300/0,v1:172.21.15.8:6789/0] conn(0x7f3690106560 0x7f3690106980 unknown :-1 s=HELLO_CONNECTING pgs=0 cs=0 l=0 rev1=1 crypto rx=0 tx=0 comp rx=0 tx=0).handle_hello peer v2:172.21.15.8:3300/0 says I am v2:172.21.15.8:49722/0 (socket says 172.21.15.8:49722)
2024-04-21T22:24:27.691 INFO:teuthology.orchestra.run.smithi008.stdout:/usr/bin/ceph: stderr
2024-04-21T22:24:26.749+0000 7f36961b9700 1 -- 172.21.15.8:0/4082178069 learned_addr learned my addr 172.21.15.8:0/4082178069 (peer_addr_for_me v2:172.21.15.8:0/0)
2024-04-21T22:24:27.691 INFO:teuthology.orchestra.run.smithi008.stdout:/usr/bin/ceph: stderr
2024-04-21T22:24:26.749+0000 7f36961b9700 1 -- 172.21.15.8:0/4082178069 --> [v2:172.21.15.8:3300/0,v1:172.21.15.8:6789/0] -- mon_subscribe({config=0+,monmap=0+}) v3 -- 0x7f3690107760 con 0x7f3690106560
2024-04-21T22:24:27.691 INFO:teuthology.orchestra.run.smithi008.stdout:/usr/bin/ceph: stderr
2024-04-21T22:24:26.750+0000 7f36961b9700 1 --2- 172.21.15.8:0/4082178069 >> [v2:172.21.15.8:3300/0,v1:172.21.15.8:6789/0] conn(0x7f3690106560 0x7f3690106980 secure :-1 s=READY pgs=41 cs=0 l=1 rev1=1 crypto rx=0x7f36800098a0 tx=0x7f3680009bb0 comp rx=0 tx=0).ready entity=mon.0 client_cookie=cea2ad91f9db46a6 server_cookie=0 in_seq=0 out_seq=0
2024-04-21T22:24:27.691 INFO:teuthology.orchestra.run.smithi008.stdout:/usr/bin/ceph: stderr
2024-04-21T22:24:26.750+0000 7f36951b7700 1 -- 172.21.15.8:0/4082178069 <== mon.0 v2:172.21.15.8:3300/0 1 ==== mon_map magic: 0 v1 ==== 229+0+0 (secure 0 0 0) 0x7f3680004180 con 0x7f3690106560
2024-04-21T22:24:27.691 INFO:teuthology.orchestra.run.smithi008.stdout:/usr/bin/ceph: stderr
2024-04-21T22:24:26.750+0000 7f36951b7700 1 -- 172.21.15.8:0/4082178069 <== mon.0 v2:172.21.15.8:3300/0 2 ==== config(27 keys) v1 ==== 1037+0+0 (secure 0 0 0) 0x7f36800042e0 con 0x7f3690106560
2024-04-21T22:24:27.691 INFO:teuthology.orchestra.run.smithi008.stdout:/usr/bin/ceph: stderr
2024-04-21T22:24:26.750+0000 7f36951b7700 1 -- 172.21.15.8:0/4082178069 <== mon.0 v2:172.21.15.8:3300/0 3 ==== mon_map magic: 0 v1 ==== 229+0+0 (secure 0 0 0) 0x7f3680011a50 con 0x7f3690106560
2024-04-21T22:24:27.691 INFO:teuthology.orchestra.run.smithi008.stdout:/usr/bin/ceph: stderr
2024-04-21T22:24:26.750+0000 7f369841d700 1 -- 172.21.15.8:0/4082178069 >> [v2:172.21.15.8:3300/0,v1:172.21.15.8:6789/0] conn(0x7f3690106560 msgr2=0x7f3690106980 secure :-1 s=STATE_CONNECTION_ESTABLISHED l=1).mark_down
2024-04-21T22:24:27.692 INFO:teuthology.orchestra.run.smithi008.stdout:/usr/bin/ceph: stderr
2024-04-21T22:24:26.750+0000 7f369841d700 1 --2- 172.21.15.8:0/4082178069 >> [v2:172.21.15.8:3300/0,v1:172.21.15.8:6789/0] conn(0x7f3690106560 0x7f3690106980 secure :-1 s=READY pgs=41 cs=0 l=1 rev1=1 crypto rx=0x7f36800098a0 tx=0x7f3680009bb0 comp rx=0 tx=0).stop
2024-04-21T22:24:27.692 INFO:teuthology.orchestra.run.smithi008.stdout:/usr/bin/ceph: stderr
2024-04-21T22:24:26.750+0000 7f369841d700 1 -- 172.21.15.8:0/4082178069 shutdown_connections
2024-04-21T22:24:27.692 INFO:teuthology.orchestra.run.smithi008.stdout:/usr/bin/ceph: stderr
2024-04-21T22:24:26.750+0000 7f369841d700 1 --2- 172.21.15.8:0/4082178069 >> [v2:172.21.15.8:3300/0,v1:172.21.15.8:6789/0] conn(0x7f3690106560 0x7f3690106980 unknown :-1 s=CLOSED pgs=41 cs=0 l=1 rev1=1 crypto rx=0 tx=0 comp rx=0 tx=0).stop
2024-04-21T22:24:27.692 INFO:teuthology.orchestra.run.smithi008.stdout:/usr/bin/ceph: stderr
2024-04-21T22:24:26.750+0000 7f369841d700 1 -- 172.21.15.8:0/4082178069 >> 172.21.15.8:0/4082178069 conn(0x7f3690101b40 msgr2=0x7f3690103f60 unknown :-1 s=STATE_NONE l=0).mark_down
2024-04-21T22:24:27.692 INFO:teuthology.orchestra.run.smithi008.stdout:/usr/bin/ceph: stderr
2024-04-21T22:24:26.750+0000 7f369841d700 1 -- 172.21.15.8:0/4082178069 shutdown_connections
2024-04-21T22:24:27.692 INFO:teuthology.orchestra.run.smithi008.stdout:/usr/bin/ceph: stderr
2024-04-21T22:24:26.750+0000 7f369841d700 1 -- 172.21.15.8:0/4082178069 wait complete.
2024-04-21T22:24:27.692 INFO:teuthology.orchestra.run.smithi008.stdout:/usr/bin/ceph: stderr
2024-04-21T22:24:26.751+0000 7f369841d700 1 Processor -- start
2024-04-21T22:24:27.692 INFO:teuthology.orchestra.run.smithi008.stdout:/usr/bin/ceph: stderr
2024-04-21T22:24:26.751+0000 7f369841d700 1 -- start start
2024-04-21T22:24:27.692 INFO:teuthology.orchestra.run.smithi008.stdout:/usr/bin/ceph: stderr
2024-04-21T22:24:26.751+0000 7f369841d700 1 --2- >> [v2:172.21.15.8:3300/0,v1:172.21.15.8:6789/0] conn(0x7f3690106560 0x7f369019c3f0 unknown :-1 s=NONE pgs=0 cs=0 l=1 rev1=0 crypto rx=0 tx=0 comp rx=0 tx=0).connect
2024-04-21T22:24:27.692 INFO:teuthology.orchestra.run.smithi008.stdout:/usr/bin/ceph: stderr
2024-04-21T22:24:26.751+0000 7f369841d700 1 -- --> [v2:172.21.15.8:3300/0,v1:172.21.15.8:6789/0] -- mon_getmap magic: 0 v1 -- 0x7f369019c930 con 0x7f3690106560
2024-04-21T22:24:27.692 INFO:teuthology.orchestra.run.smithi008.stdout:/usr/bin/ceph: stderr
2024-04-21T22:24:26.751+0000 7f36961b9700 1 --2- >> [v2:172.21.15.8:3300/0,v1:172.21.15.8:6789/0] conn(0x7f3690106560 0x7f369019c3f0 unknown :-1 s=BANNER_CONNECTING pgs=0 cs=0 l=1 rev1=0 crypto rx=0 tx=0 comp rx=0 tx=0)._handle_peer_banner_payload supported=3 required=0
2024-04-21T22:24:27.692 INFO:teuthology.orchestra.run.smithi008.stdout:/usr/bin/ceph: stderr
2024-04-21T22:24:26.751+0000 7f36961b9700 1 --2- >> [v2:172.21.15.8:3300/0,v1:172.21.15.8:6789/0] conn(0x7f3690106560 0x7f369019c3f0 unknown :-1 s=HELLO_CONNECTING pgs=0 cs=0 l=1 rev1=1 crypto rx=0 tx=0 comp rx=0 tx=0).handle_hello peer v2:172.21.15.8:3300/0 says I am v2:172.21.15.8:49734/0 (socket says 172.21.15.8:49734)
2024-04-21T22:24:27.692 INFO:teuthology.orchestra.run.smithi008.stdout:/usr/bin/ceph: stderr
2024-04-21T22:24:26.751+0000 7f36961b9700 1 -- 172.21.15.8:0/2183947313 learned_addr learned my addr 172.21.15.8:0/2183947313 (peer_addr_for_me v2:172.21.15.8:0/0)
2024-04-21T22:24:27.692 INFO:teuthology.orchestra.run.smithi008.stdout:/usr/bin/ceph: stderr
2024-04-21T22:24:26.752+0000 7f36961b9700 1 -- 172.21.15.8:0/2183947313 --> [v2:172.21.15.8:3300/0,v1:172.21.15.8:6789/0] -- mon_subscribe({config=0+,monmap=0+}) v3 -- 0x7f3680009550 con 0x7f3690106560
2024-04-21T22:24:27.693 INFO:teuthology.orchestra.run.smithi008.stdout:/usr/bin/ceph: stderr
2024-04-21T22:24:26.752+0000 7f36961b9700 1 --2- 172.21.15.8:0/2183947313 >> [v2:172.21.15.8:3300/0,v1:172.21.15.8:6789/0] conn(0x7f3690106560 0x7f369019c3f0 secure :-1 s=READY pgs=42 cs=0 l=1 rev1=1 crypto rx=0x7f3680003de0 tx=0x7f3680011ab0 comp rx=0 tx=0).ready entity=mon.0 client_cookie=0 server_cookie=0 in_seq=0 out_seq=0
2024-04-21T22:24:27.693 INFO:teuthology.orchestra.run.smithi008.stdout:/usr/bin/ceph: stderr
2024-04-21T22:24:26.752+0000 7f36877fe700 1 -- 172.21.15.8:0/2183947313 <== mon.0 v2:172.21.15.8:3300/0 1 ==== mon_map magic: 0 v1 ==== 229+0+0 (secure 0 0 0) 0x7f3680003930 con 0x7f3690106560
2024-04-21T22:24:27.693 INFO:teuthology.orchestra.run.smithi008.stdout:/usr/bin/ceph: stderr
2024-04-21T22:24:26.752+0000 7f36877fe700 1 -- 172.21.15.8:0/2183947313 <== mon.0 v2:172.21.15.8:3300/0 2 ==== config(27 keys) v1 ==== 1037+0+0 (secure 0 0 0) 0x7f3680003a90 con 0x7f3690106560
2024-04-21T22:24:27.693 INFO:teuthology.orchestra.run.smithi008.stdout:/usr/bin/ceph: stderr
2024-04-21T22:24:26.752+0000 7f369841d700 1 -- 172.21.15.8:0/2183947313 --> [v2:172.21.15.8:3300/0,v1:172.21.15.8:6789/0] -- mon_subscribe({mgrmap=0+}) v3 -- 0x7f369019cb30 con 0x7f3690106560
2024-04-21T22:24:27.693 INFO:teuthology.orchestra.run.smithi008.stdout:/usr/bin/ceph: stderr
2024-04-21T22:24:26.752+0000 7f36877fe700 1 -- 172.21.15.8:0/2183947313 <== mon.0 v2:172.21.15.8:3300/0 3 ==== mon_map magic: 0 v1 ==== 229+0+0 (secure 0 0 0) 0x7f36800196c0 con 0x7f3690106560
2024-04-21T22:24:27.693 INFO:teuthology.orchestra.run.smithi008.stdout:/usr/bin/ceph: stderr
2024-04-21T22:24:26.752+0000 7f369841d700 1 -- 172.21.15.8:0/2183947313 --> [v2:172.21.15.8:3300/0,v1:172.21.15.8:6789/0] -- mon_subscribe({osdmap=0}) v3 -- 0x7f369019cfd0 con 0x7f3690106560
2024-04-21T22:24:27.693 INFO:teuthology.orchestra.run.smithi008.stdout:/usr/bin/ceph: stderr
2024-04-21T22:24:26.753+0000 7f36877fe700 1 -- 172.21.15.8:0/2183947313 <== mon.0 v2:172.21.15.8:3300/0 4 ==== mgrmap(e 8) v1 ==== 45283+0+0 (secure 0 0 0) 0x7f3680019930 con 0x7f3690106560
2024-04-21T22:24:27.693 INFO:teuthology.orchestra.run.smithi008.stdout:/usr/bin/ceph: stderr
2024-04-21T22:24:26.753+0000 7f369841d700 1 -- 172.21.15.8:0/2183947313 --> [v2:172.21.15.8:3300/0,v1:172.21.15.8:6789/0] -- mon_command({"prefix": "get_command_descriptions"} v 0) v1 -- 0x7f36900623c0 con 0x7f3690106560
2024-04-21T22:24:27.693 INFO:teuthology.orchestra.run.smithi008.stdout:/usr/bin/ceph: stderr
2024-04-21T22:24:26.753+0000 7f36877fe700 1 --2- 172.21.15.8:0/2183947313 >> [v2:172.21.15.8:6800/2066682928,v1:172.21.15.8:6801/2066682928] conn(0x7f367c038370 0x7f367c03a830 unknown :-1 s=NONE pgs=0 cs=0 l=1 rev1=0 crypto rx=0 tx=0 comp rx=0 tx=0).connect
2024-04-21T22:24:27.693 INFO:teuthology.orchestra.run.smithi008.stdout:/usr/bin/ceph: stderr
2024-04-21T22:24:26.753+0000 7f36877fe700 1 -- 172.21.15.8:0/2183947313 <== mon.0 v2:172.21.15.8:3300/0 5 ==== osd_map(2..2 src has 1..2) v4 ==== 940+0+0 (secure 0 0 0) 0x7f368004c500 con 0x7f3690106560
2024-04-21T22:24:27.693 INFO:teuthology.orchestra.run.smithi008.stdout:/usr/bin/ceph: stderr
2024-04-21T22:24:26.753+0000 7f36959b8700 1 --2- 172.21.15.8:0/2183947313 >> [v2:172.21.15.8:6800/2066682928,v1:172.21.15.8:6801/2066682928] conn(0x7f367c038370 0x7f367c03a830 unknown :-1 s=BANNER_CONNECTING pgs=0 cs=0 l=1 rev1=0 crypto rx=0 tx=0 comp rx=0 tx=0)._handle_peer_banner_payload supported=3 required=0
2024-04-21T22:24:27.693 INFO:teuthology.orchestra.run.smithi008.stdout:/usr/bin/ceph: stderr
2024-04-21T22:24:26.754+0000 7f36959b8700 1 --2- 172.21.15.8:0/2183947313 >> [v2:172.21.15.8:6800/2066682928,v1:172.21.15.8:6801/2066682928] conn(0x7f367c038370 0x7f367c03a830 secure :-1 s=READY pgs=9 cs=0 l=1 rev1=1 crypto rx=0x7f368c006fd0 tx=0x7f368c006e40 comp rx=0 tx=0).ready entity=mgr.14120 client_cookie=0 server_cookie=0 in_seq=0 out_seq=0
2024-04-21T22:24:27.693 INFO:teuthology.orchestra.run.smithi008.stdout:/usr/bin/ceph: stderr
2024-04-21T22:24:26.758+0000 7f36877fe700 1 -- 172.21.15.8:0/2183947313 <== mon.0 v2:172.21.15.8:3300/0 6 ==== mon_command_ack([{"prefix": "get_command_descriptions"}]=0 v0) v1 ==== 72+0+180422 (secure 0 0 0) 0x7f3680010560 con 0x7f3690106560
2024-04-21T22:24:27.694 INFO:teuthology.orchestra.run.smithi008.stdout:/usr/bin/ceph: stderr
2024-04-21T22:24:26.957+0000 7f369841d700 1 -- 172.21.15.8:0/2183947313 --> [v2:172.21.15.8:6800/2066682928,v1:172.21.15.8:6801/2066682928] -- mgr_command(tid 0: {"prefix": "cephadm generate-key", "target": ["mon-mgr", ""]}) v1 -- 0x7f369010a960 con 0x7f367c038370
2024-04-21T22:24:27.694 INFO:teuthology.orchestra.run.smithi008.stdout:/usr/bin/ceph: stderr
2024-04-21T22:24:27.038+0000 7f36877fe700 1 -- 172.21.15.8:0/2183947313 <== mgr.14120 v2:172.21.15.8:6800/2066682928 1 ==== mgr_command_reply(tid 0: 0 ) v1 ==== 8+0+0 (secure 0 0 0) 0x7f369010a960 con 0x7f367c038370
2024-04-21T22:24:27.694 INFO:teuthology.orchestra.run.smithi008.stdout:/usr/bin/ceph: stderr
2024-04-21T22:24:27.040+0000 7f369841d700 1 -- 172.21.15.8:0/2183947313 >> [v2:172.21.15.8:6800/2066682928,v1:172.21.15.8:6801/2066682928] conn(0x7f367c038370 msgr2=0x7f367c03a830 secure :-1 s=STATE_CONNECTION_ESTABLISHED l=1).mark_down
2024-04-21T22:24:27.694 INFO:teuthology.orchestra.run.smithi008.stdout:/usr/bin/ceph: stderr
2024-04-21T22:24:27.040+0000 7f369841d700 1 --2- 172.21.15.8:0/2183947313 >> [v2:172.21.15.8:6800/2066682928,v1:172.21.15.8:6801/2066682928] conn(0x7f367c038370 0x7f367c03a830 secure :-1 s=READY pgs=9 cs=0 l=1 rev1=1 crypto rx=0x7f368c006fd0 tx=0x7f368c006e40 comp rx=0 tx=0).stop
2024-04-21T22:24:27.694 INFO:teuthology.orchestra.run.smithi008.stdout:/usr/bin/ceph: stderr
2024-04-21T22:24:27.040+0000 7f369841d700 1 -- 172.21.15.8:0/2183947313 >> [v2:172.21.15.8:3300/0,v1:172.21.15.8:6789/0] conn(0x7f3690106560 msgr2=0x7f369019c3f0 secure :-1 s=STATE_CONNECTION_ESTABLISHED l=1).mark_down
2024-04-21T22:24:27.694 INFO:teuthology.orchestra.run.smithi008.stdout:/usr/bin/ceph: stderr
2024-04-21T22:24:27.040+0000 7f369841d700 1 --2- 172.21.15.8:0/2183947313 >> [v2:172.21.15.8:3300/0,v1:172.21.15.8:6789/0] conn(0x7f3690106560 0x7f369019c3f0 secure :-1 s=READY pgs=42 cs=0 l=1 rev1=1 crypto rx=0x7f3680003de0 tx=0x7f3680011ab0 comp rx=0 tx=0).stop
2024-04-21T22:24:27.694 INFO:teuthology.orchestra.run.smithi008.stdout:/usr/bin/ceph: stderr
2024-04-21T22:24:27.040+0000 7f369841d700 1 -- 172.21.15.8:0/2183947313 shutdown_connections
2024-04-21T22:24:27.694 INFO:teuthology.orchestra.run.smithi008.stdout:/usr/bin/ceph: stderr
2024-04-21T22:24:27.040+0000 7f369841d700 1 --2- 172.21.15.8:0/2183947313 >> [v2:172.21.15.8:6800/2066682928,v1:172.21.15.8:6801/2066682928] conn(0x7f367c038370 0x7f367c03a830 unknown :-1 s=CLOSED pgs=9 cs=0 l=1 rev1=1 crypto rx=0 tx=0 comp rx=0 tx=0).stop
2024-04-21T22:24:27.694 INFO:teuthology.orchestra.run.smithi008.stdout:/usr/bin/ceph: stderr
2024-04-21T22:24:27.040+0000 7f369841d700 1 --2- 172.21.15.8:0/2183947313 >> [v2:172.21.15.8:3300/0,v1:172.21.15.8:6789/0] conn(0x7f3690106560 0x7f369019c3f0 unknown :-1 s=CLOSED pgs=42 cs=0 l=1 rev1=1 crypto rx=0 tx=0 comp rx=0 tx=0).stop
2024-04-21T22:24:27.694 INFO:teuthology.orchestra.run.smithi008.stdout:/usr/bin/ceph: stderr
2024-04-21T22:24:27.040+0000 7f369841d700 1 -- 172.21.15.8:0/2183947313 >> 172.21.15.8:0/2183947313 conn(0x7f3690101b40 msgr2=0x7f36901028c0 unknown :-1 s=STATE_NONE l=0).mark_down
2024-04-21T22:24:27.694 INFO:teuthology.orchestra.run.smithi008.stdout:/usr/bin/ceph: stderr
2024-04-21T22:24:27.040+0000 7f369841d700 1 -- 172.21.15.8:0/2183947313 shutdown_connections
2024-04-21T22:24:27.694 INFO:teuthology.orchestra.run.smithi008.stdout:/usr/bin/ceph: stderr
2024-04-21T22:24:27.040+0000 7f369841d700 1 -- 172.21.15.8:0/2183947313 wait complete.
2024-04-21T22:24:28.742 INFO:journalctl@ceph.mon.smithi008.smithi008.stdout:Apr 21 22:24:28 smithi008 ceph-mon[26630]: from='client.14138 -' entity='client.admin' cmd=[{"prefix": "cephadm get-pub-key", "target": ["mon-mgr", ""]}]: dispatch
2024-04-21T22:24:28.847 INFO:teuthology.orchestra.run.smithi008.stdout:/usr/bin/ceph: stdout ssh-rsa AAAAB3NzaC1yc2EAAAADAQABAAABgQD+b0HIFklbhOjR9SQ+RSo/csfMvhu7P+DKCiAF4/Qk0QPUwPyOW0eozSPkmLQi+LZxMl3IGrQiHDmM8lW0rZlrx7U//naxqkmK2BwXHroBBSuq4KrNZJcR4p/U+f4R2JJ9s+DUokl+pv6DAvh3ItnBEuyk+nEuFG2yW1RRVZ3zopkSzjxMcjmMBAo9mwf0jHATFRRMZC4SyNzkwAXQmAn2iqEC4gVQHEnngH0/1wgQW+dof768hITsaRnMESsw0KWeD6bIOU/jvv9R4DanWj5qwCV/B5yNXLFjWm5nPqw0wy9Yrpqo6Ik/3Q6KO5q9pXdWypd9Cwmb2fbtWKS0p4D/OIibCe3xslN1aYa4SCMmAAifU+1oxIObu1B9QoYNOQgjcR5fJwpFsqifU+xlG/peUoNuQHJi4ul1y4PlXL+NP3T/AFQOKCPXlhDJtnf+AmELwwBmqc96IOYWwIr3FRebY/cegv2yUPkZHYQvoR6rX2uXoD7veOuksymwlRe9/kE= ceph-bef141fe-002d-11ef-bc93-c7b262605968
2024-04-21T22:24:28.847 INFO:teuthology.orchestra.run.smithi008.stdout:/usr/bin/ceph: stderr
2024-04-21T22:24:28.155+0000 7f6917fa7700 1 Processor -- start
2024-04-21T22:24:28.847 INFO:teuthology.orchestra.run.smithi008.stdout:/usr/bin/ceph: stderr
2024-04-21T22:24:28.155+0000 7f6917fa7700 1 -- start start
2024-04-21T22:24:28.847 INFO:teuthology.orchestra.run.smithi008.stdout:/usr/bin/ceph: stderr
2024-04-21T22:24:28.155+0000 7f6917fa7700 1 --2- >> [v2:172.21.15.8:3300/0,v1:172.21.15.8:6789/0] conn(0x7f6910107020 0x7f6910109410 unknown :-1 s=NONE pgs=0 cs=0 l=0 rev1=0 crypto rx=0 tx=0 comp rx=0 tx=0).connect
2024-04-21T22:24:28.847 INFO:teuthology.orchestra.run.smithi008.stdout:/usr/bin/ceph: stderr
2024-04-21T22:24:28.155+0000 7f6917fa7700 1 -- --> [v2:172.21.15.8:3300/0,v1:172.21.15.8:6789/0] -- mon_getmap magic: 0 v1 -- 0x7f6910079e30 con 0x7f6910107020
2024-04-21T22:24:28.847 INFO:teuthology.orchestra.run.smithi008.stdout:/usr/bin/ceph: stderr
2024-04-21T22:24:28.156+0000 7f6915d43700 1 --2- >> [v2:172.21.15.8:3300/0,v1:172.21.15.8:6789/0] conn(0x7f6910107020 0x7f6910109410 unknown :-1 s=BANNER_CONNECTING pgs=0 cs=0 l=0 rev1=0 crypto rx=0 tx=0 comp rx=0 tx=0)._handle_peer_banner_payload supported=3 required=0
2024-04-21T22:24:28.848 INFO:teuthology.orchestra.run.smithi008.stdout:/usr/bin/ceph: stderr
2024-04-21T22:24:28.156+0000 7f6915d43700 1 --2- >> [v2:172.21.15.8:3300/0,v1:172.21.15.8:6789/0] conn(0x7f6910107020 0x7f6910109410 unknown :-1 s=HELLO_CONNECTING pgs=0 cs=0 l=0 rev1=1 crypto rx=0 tx=0 comp rx=0 tx=0).handle_hello peer v2:172.21.15.8:3300/0 says I am v2:172.21.15.8:49748/0 (socket says 172.21.15.8:49748)
2024-04-21T22:24:28.848 INFO:teuthology.orchestra.run.smithi008.stdout:/usr/bin/ceph: stderr
2024-04-21T22:24:28.156+0000 7f6915d43700 1 -- 172.21.15.8:0/3977540427 learned_addr learned my addr 172.21.15.8:0/3977540427 (peer_addr_for_me v2:172.21.15.8:0/0)
2024-04-21T22:24:28.848 INFO:teuthology.orchestra.run.smithi008.stdout:/usr/bin/ceph: stderr
2024-04-21T22:24:28.156+0000 7f6915d43700 1 -- 172.21.15.8:0/3977540427 --> [v2:172.21.15.8:3300/0,v1:172.21.15.8:6789/0] -- mon_subscribe({config=0+,monmap=0+}) v3 -- 0x7f6910109950 con 0x7f6910107020
2024-04-21T22:24:28.848 INFO:teuthology.orchestra.run.smithi008.stdout:/usr/bin/ceph: stderr
2024-04-21T22:24:28.156+0000 7f6915d43700 1 --2- 172.21.15.8:0/3977540427 >> [v2:172.21.15.8:3300/0,v1:172.21.15.8:6789/0] conn(0x7f6910107020 0x7f6910109410 secure :-1 s=READY pgs=43 cs=0 l=1 rev1=1 crypto rx=0x7f690c0098a0 tx=0x7f690c009bb0 comp rx=0 tx=0).ready entity=mon.0 client_cookie=8ae07c5e848aa8d0 server_cookie=0 in_seq=0 out_seq=0
2024-04-21T22:24:28.848 INFO:teuthology.orchestra.run.smithi008.stdout:/usr/bin/ceph: stderr
2024-04-21T22:24:28.156+0000 7f6914d41700 1 -- 172.21.15.8:0/3977540427 <== mon.0 v2:172.21.15.8:3300/0 1 ==== mon_map magic: 0 v1 ==== 229+0+0 (secure 0 0 0) 0x7f690c004180 con 0x7f6910107020
2024-04-21T22:24:28.848 INFO:teuthology.orchestra.run.smithi008.stdout:/usr/bin/ceph: stderr
2024-04-21T22:24:28.156+0000 7f6914d41700 1 -- 172.21.15.8:0/3977540427 <== mon.0 v2:172.21.15.8:3300/0 2 ==== config(27 keys) v1 ==== 1037+0+0 (secure 0 0 0) 0x7f690c0042e0 con 0x7f6910107020
2024-04-21T22:24:28.848 INFO:teuthology.orchestra.run.smithi008.stdout:/usr/bin/ceph: stderr
2024-04-21T22:24:28.156+0000 7f6914d41700 1 -- 172.21.15.8:0/3977540427 <== mon.0 v2:172.21.15.8:3300/0 3 ==== mon_map magic: 0 v1 ==== 229+0+0 (secure 0 0 0) 0x7f690c011a50 con 0x7f6910107020
2024-04-21T22:24:28.848 INFO:teuthology.orchestra.run.smithi008.stdout:/usr/bin/ceph: stderr
2024-04-21T22:24:28.157+0000 7f6917fa7700 1 -- 172.21.15.8:0/3977540427 >> [v2:172.21.15.8:3300/0,v1:172.21.15.8:6789/0] conn(0x7f6910107020 msgr2=0x7f6910109410 secure :-1 s=STATE_CONNECTION_ESTABLISHED l=1).mark_down
2024-04-21T22:24:28.848 INFO:teuthology.orchestra.run.smithi008.stdout:/usr/bin/ceph: stderr
2024-04-21T22:24:28.157+0000 7f6917fa7700 1 --2- 172.21.15.8:0/3977540427 >> [v2:172.21.15.8:3300/0,v1:172.21.15.8:6789/0] conn(0x7f6910107020 0x7f6910109410 secure :-1 s=READY pgs=43 cs=0 l=1 rev1=1 crypto rx=0x7f690c0098a0 tx=0x7f690c009bb0 comp rx=0 tx=0).stop
2024-04-21T22:24:28.848 INFO:teuthology.orchestra.run.smithi008.stdout:/usr/bin/ceph: stderr
2024-04-21T22:24:28.157+0000 7f6917fa7700 1 -- 172.21.15.8:0/3977540427 shutdown_connections
2024-04-21T22:24:28.848 INFO:teuthology.orchestra.run.smithi008.stdout:/usr/bin/ceph: stderr
2024-04-21T22:24:28.157+0000 7f6917fa7700 1 --2- 172.21.15.8:0/3977540427 >> [v2:172.21.15.8:3300/0,v1:172.21.15.8:6789/0] conn(0x7f6910107020 0x7f6910109410 unknown :-1 s=CLOSED pgs=43 cs=0 l=1 rev1=1 crypto rx=0 tx=0 comp rx=0 tx=0).stop
2024-04-21T22:24:28.848 INFO:teuthology.orchestra.run.smithi008.stdout:/usr/bin/ceph: stderr
2024-04-21T22:24:28.157+0000 7f6917fa7700 1 -- 172.21.15.8:0/3977540427 >> 172.21.15.8:0/3977540427 conn(0x7f69101009b0 msgr2=0x7f6910102e30 unknown :-1 s=STATE_NONE l=0).mark_down
2024-04-21T22:24:28.848 INFO:teuthology.orchestra.run.smithi008.stdout:/usr/bin/ceph: stderr
2024-04-21T22:24:28.157+0000 7f6917fa7700 1 -- 172.21.15.8:0/3977540427 shutdown_connections
2024-04-21T22:24:28.849 INFO:teuthology.orchestra.run.smithi008.stdout:/usr/bin/ceph: stderr
2024-04-21T22:24:28.157+0000 7f6917fa7700 1 -- 172.21.15.8:0/3977540427 wait complete.
2024-04-21T22:24:28.849 INFO:teuthology.orchestra.run.smithi008.stdout:/usr/bin/ceph: stderr
2024-04-21T22:24:28.158+0000 7f6917fa7700 1 Processor -- start
2024-04-21T22:24:28.849 INFO:teuthology.orchestra.run.smithi008.stdout:/usr/bin/ceph: stderr
2024-04-21T22:24:28.158+0000 7f6917fa7700 1 -- start start
2024-04-21T22:24:28.849 INFO:teuthology.orchestra.run.smithi008.stdout:/usr/bin/ceph: stderr
2024-04-21T22:24:28.158+0000 7f6917fa7700 1 --2- >> [v2:172.21.15.8:3300/0,v1:172.21.15.8:6789/0] conn(0x7f6910107020 0x7f6910106980 unknown :-1 s=NONE pgs=0 cs=0 l=1 rev1=0 crypto rx=0 tx=0 comp rx=0 tx=0).connect
2024-04-21T22:24:28.849 INFO:teuthology.orchestra.run.smithi008.stdout:/usr/bin/ceph: stderr
2024-04-21T22:24:28.158+0000 7f6917fa7700 1 -- --> [v2:172.21.15.8:3300/0,v1:172.21.15.8:6789/0] -- mon_getmap magic: 0 v1 -- 0x7f6910106ec0 con 0x7f6910107020
2024-04-21T22:24:28.849 INFO:teuthology.orchestra.run.smithi008.stdout:/usr/bin/ceph: stderr
2024-04-21T22:24:28.158+0000 7f6915d43700 1 --2- >> [v2:172.21.15.8:3300/0,v1:172.21.15.8:6789/0] conn(0x7f6910107020 0x7f6910106980 unknown :-1 s=BANNER_CONNECTING pgs=0 cs=0 l=1 rev1=0 crypto rx=0 tx=0 comp rx=0 tx=0)._handle_peer_banner_payload supported=3 required=0
2024-04-21T22:24:28.849 INFO:teuthology.orchestra.run.smithi008.stdout:/usr/bin/ceph: stderr
2024-04-21T22:24:28.158+0000 7f6915d43700 1 --2- >> [v2:172.21.15.8:3300/0,v1:172.21.15.8:6789/0] conn(0x7f6910107020 0x7f6910106980 unknown :-1 s=HELLO_CONNECTING pgs=0 cs=0 l=1 rev1=1 crypto rx=0 tx=0 comp rx=0 tx=0).handle_hello peer v2:172.21.15.8:3300/0 says I am v2:172.21.15.8:49754/0 (socket says 172.21.15.8:49754)
2024-04-21T22:24:28.849 INFO:teuthology.orchestra.run.smithi008.stdout:/usr/bin/ceph: stderr
2024-04-21T22:24:28.158+0000 7f6915d43700 1 -- 172.21.15.8:0/1558798336 learned_addr learned my addr 172.21.15.8:0/1558798336 (peer_addr_for_me v2:172.21.15.8:0/0)
2024-04-21T22:24:28.849 INFO:teuthology.orchestra.run.smithi008.stdout:/usr/bin/ceph: stderr
2024-04-21T22:24:28.158+0000 7f6915d43700 1 -- 172.21.15.8:0/1558798336 --> [v2:172.21.15.8:3300/0,v1:172.21.15.8:6789/0] -- mon_subscribe({config=0+,monmap=0+}) v3 -- 0x7f690c009550 con 0x7f6910107020
2024-04-21T22:24:28.849 INFO:teuthology.orchestra.run.smithi008.stdout:/usr/bin/ceph: stderr
2024-04-21T22:24:28.158+0000 7f6915d43700 1 --2- 172.21.15.8:0/1558798336 >> [v2:172.21.15.8:3300/0,v1:172.21.15.8:6789/0] conn(0x7f6910107020 0x7f6910106980 secure :-1 s=READY pgs=44 cs=0 l=1 rev1=1 crypto rx=0x7f690c003de0 tx=0x7f690c011ab0 comp rx=0 tx=0).ready entity=mon.0 client_cookie=0 server_cookie=0 in_seq=0 out_seq=0
2024-04-21T22:24:28.849 INFO:teuthology.orchestra.run.smithi008.stdout:/usr/bin/ceph: stderr
2024-04-21T22:24:28.159+0000 7f6906ffd700 1 -- 172.21.15.8:0/1558798336 <== mon.0 v2:172.21.15.8:3300/0 1 ==== mon_map magic: 0 v1 ==== 229+0+0 (secure 0 0 0) 0x7f690c003930 con 0x7f6910107020
2024-04-21T22:24:28.849 INFO:teuthology.orchestra.run.smithi008.stdout:/usr/bin/ceph: stderr
2024-04-21T22:24:28.159+0000 7f6906ffd700 1 -- 172.21.15.8:0/1558798336 <== mon.0 v2:172.21.15.8:3300/0 2 ==== config(27 keys) v1 ==== 1037+0+0 (secure 0 0 0) 0x7f690c003a90 con 0x7f6910107020
