2024-04-21T22:24:12.527+0000 7f55f259c700 1 --2- 172.21.15.8:0/3590792044 >> [v2:172.21.15.8:3300/0,v1:172.21.15.8:6789/0] conn(0x7f55f4107060 0x7f55f4109450 secure :-1 s=READY pgs=18 cs=0 l=1 rev1=1 crypto rx=0x7f55e40098a0 tx=0x7f55e4009bb0 comp rx=0 tx=0).ready entity=mon.0 client_cookie=5d26a0cdb1754bc server_cookie=0 in_seq=0 out_seq=0
2024-04-21T22:24:13.448 INFO:teuthology.orchestra.run.smithi008.stdout:/usr/bin/ceph: stderr
2024-04-21T22:24:12.527+0000 7f55f159a700 1 -- 172.21.15.8:0/3590792044 <== mon.0 v2:172.21.15.8:3300/0 1 ==== mon_map magic: 0 v1 ==== 229+0+0 (secure 0 0 0) 0x7f55e4004180 con 0x7f55f4107060
2024-04-21T22:24:13.448 INFO:teuthology.orchestra.run.smithi008.stdout:/usr/bin/ceph: stderr
2024-04-21T22:24:12.527+0000 7f55f159a700 1 -- 172.21.15.8:0/3590792044 <== mon.0 v2:172.21.15.8:3300/0 2 ==== config(27 keys) v1 ==== 1037+0+0 (secure 0 0 0) 0x7f55e40042e0 con 0x7f55f4107060
2024-04-21T22:24:13.448 INFO:teuthology.orchestra.run.smithi008.stdout:/usr/bin/ceph: stderr
2024-04-21T22:24:12.527+0000 7f55f159a700 1 -- 172.21.15.8:0/3590792044 <== mon.0 v2:172.21.15.8:3300/0 3 ==== mon_map magic: 0 v1 ==== 229+0+0 (secure 0 0 0) 0x7f55e4011a50 con 0x7f55f4107060
2024-04-21T22:24:13.448 INFO:teuthology.orchestra.run.smithi008.stdout:/usr/bin/ceph: stderr
2024-04-21T22:24:12.528+0000 7f55f8c7d700 1 -- 172.21.15.8:0/3590792044 >> [v2:172.21.15.8:3300/0,v1:172.21.15.8:6789/0] conn(0x7f55f4107060 msgr2=0x7f55f4109450 secure :-1 s=STATE_CONNECTION_ESTABLISHED l=1).mark_down
2024-04-21T22:24:13.448 INFO:teuthology.orchestra.run.smithi008.stdout:/usr/bin/ceph: stderr
2024-04-21T22:24:12.528+0000 7f55f8c7d700 1 --2- 172.21.15.8:0/3590792044 >> [v2:172.21.15.8:3300/0,v1:172.21.15.8:6789/0] conn(0x7f55f4107060 0x7f55f4109450 secure :-1 s=READY pgs=18 cs=0 l=1 rev1=1 crypto rx=0x7f55e40098a0 tx=0x7f55e4009bb0 comp rx=0 tx=0).stop
2024-04-21T22:24:13.448 INFO:teuthology.orchestra.run.smithi008.stdout:/usr/bin/ceph: stderr
2024-04-21T22:24:12.528+0000 7f55f8c7d700 1 -- 172.21.15.8:0/3590792044 shutdown_connections
2024-04-21T22:24:13.448 INFO:teuthology.orchestra.run.smithi008.stdout:/usr/bin/ceph: stderr
2024-04-21T22:24:12.528+0000 7f55f8c7d700 1 --2- 172.21.15.8:0/3590792044 >> [v2:172.21.15.8:3300/0,v1:172.21.15.8:6789/0] conn(0x7f55f4107060 0x7f55f4109450 unknown :-1 s=CLOSED pgs=18 cs=0 l=1 rev1=1 crypto rx=0 tx=0 comp rx=0 tx=0).stop
2024-04-21T22:24:13.448 INFO:teuthology.orchestra.run.smithi008.stdout:/usr/bin/ceph: stderr
2024-04-21T22:24:12.528+0000 7f55f8c7d700 1 -- 172.21.15.8:0/3590792044 >> 172.21.15.8:0/3590792044 conn(0x7f55f41009f0 msgr2=0x7f55f4102e50 unknown :-1 s=STATE_NONE l=0).mark_down
2024-04-21T22:24:13.448 INFO:teuthology.orchestra.run.smithi008.stdout:/usr/bin/ceph: stderr
2024-04-21T22:24:12.528+0000 7f55f8c7d700 1 -- 172.21.15.8:0/3590792044 shutdown_connections
2024-04-21T22:24:13.448 INFO:teuthology.orchestra.run.smithi008.stdout:/usr/bin/ceph: stderr
2024-04-21T22:24:12.528+0000 7f55f8c7d700 1 -- 172.21.15.8:0/3590792044 wait complete.
2024-04-21T22:24:13.448 INFO:teuthology.orchestra.run.smithi008.stdout:/usr/bin/ceph: stderr
2024-04-21T22:24:12.529+0000 7f55f8c7d700 1 Processor -- start
2024-04-21T22:24:13.449 INFO:teuthology.orchestra.run.smithi008.stdout:/usr/bin/ceph: stderr
2024-04-21T22:24:12.529+0000 7f55f8c7d700 1 -- start start
2024-04-21T22:24:13.449 INFO:teuthology.orchestra.run.smithi008.stdout:/usr/bin/ceph: stderr
2024-04-21T22:24:12.529+0000 7f55f8c7d700 1 --2- >> [v2:172.21.15.8:3300/0,v1:172.21.15.8:6789/0] conn(0x7f55f4107060 0x7f55f419a160 unknown :-1 s=NONE pgs=0 cs=0 l=1 rev1=0 crypto rx=0 tx=0 comp rx=0 tx=0).connect
2024-04-21T22:24:13.449 INFO:teuthology.orchestra.run.smithi008.stdout:/usr/bin/ceph: stderr
2024-04-21T22:24:12.529+0000 7f55f8c7d700 1 -- --> [v2:172.21.15.8:3300/0,v1:172.21.15.8:6789/0] -- mon_getmap magic: 0 v1 -- 0x7f55f419a6a0 con 0x7f55f4107060
2024-04-21T22:24:13.449 INFO:teuthology.orchestra.run.smithi008.stdout:/usr/bin/ceph: stderr
2024-04-21T22:24:12.529+0000 7f55f259c700 1 --2- >> [v2:172.21.15.8:3300/0,v1:172.21.15.8:6789/0] conn(0x7f55f4107060 0x7f55f419a160 unknown :-1 s=BANNER_CONNECTING pgs=0 cs=0 l=1 rev1=0 crypto rx=0 tx=0 comp rx=0 tx=0)._handle_peer_banner_payload supported=3 required=0
2024-04-21T22:24:13.449 INFO:teuthology.orchestra.run.smithi008.stdout:/usr/bin/ceph: stderr
2024-04-21T22:24:12.529+0000 7f55f259c700 1 --2- >> [v2:172.21.15.8:3300/0,v1:172.21.15.8:6789/0] conn(0x7f55f4107060 0x7f55f419a160 unknown :-1 s=HELLO_CONNECTING pgs=0 cs=0 l=1 rev1=1 crypto rx=0 tx=0 comp rx=0 tx=0).handle_hello peer v2:172.21.15.8:3300/0 says I am v2:172.21.15.8:34292/0 (socket says 172.21.15.8:34292)
2024-04-21T22:24:13.449 INFO:teuthology.orchestra.run.smithi008.stdout:/usr/bin/ceph: stderr
2024-04-21T22:24:12.529+0000 7f55f259c700 1 -- 172.21.15.8:0/2164453270 learned_addr learned my addr 172.21.15.8:0/2164453270 (peer_addr_for_me v2:172.21.15.8:0/0)
2024-04-21T22:24:13.449 INFO:teuthology.orchestra.run.smithi008.stdout:/usr/bin/ceph: stderr
2024-04-21T22:24:12.529+0000 7f55f259c700 1 -- 172.21.15.8:0/2164453270 --> [v2:172.21.15.8:3300/0,v1:172.21.15.8:6789/0] -- mon_subscribe({config=0+,monmap=0+}) v3 -- 0x7f55e4009550 con 0x7f55f4107060
2024-04-21T22:24:13.449 INFO:teuthology.orchestra.run.smithi008.stdout:/usr/bin/ceph: stderr
2024-04-21T22:24:12.529+0000 7f55f259c700 1 --2- 172.21.15.8:0/2164453270 >> [v2:172.21.15.8:3300/0,v1:172.21.15.8:6789/0] conn(0x7f55f4107060 0x7f55f419a160 secure :-1 s=READY pgs=19 cs=0 l=1 rev1=1 crypto rx=0x7f55e4000c00 tx=0x7f55e4011ab0 comp rx=0 tx=0).ready entity=mon.0 client_cookie=0 server_cookie=0 in_seq=0 out_seq=0
2024-04-21T22:24:13.449 INFO:teuthology.orchestra.run.smithi008.stdout:/usr/bin/ceph: stderr
2024-04-21T22:24:12.530+0000 7f55e37fe700 1 -- 172.21.15.8:0/2164453270 <== mon.0 v2:172.21.15.8:3300/0 1 ==== mon_map magic: 0 v1 ==== 229+0+0 (secure 0 0 0) 0x7f55e4003b90 con 0x7f55f4107060
2024-04-21T22:24:13.449 INFO:teuthology.orchestra.run.smithi008.stdout:/usr/bin/ceph: stderr
2024-04-21T22:24:12.530+0000 7f55e37fe700 1 -- 172.21.15.8:0/2164453270 <== mon.0 v2:172.21.15.8:3300/0 2 ==== config(27 keys) v1 ==== 1037+0+0 (secure 0 0 0) 0x7f55e40248b0 con 0x7f55f4107060
2024-04-21T22:24:13.449 INFO:teuthology.orchestra.run.smithi008.stdout:/usr/bin/ceph: stderr
2024-04-21T22:24:12.530+0000 7f55f8c7d700 1 -- 172.21.15.8:0/2164453270 --> [v2:172.21.15.8:3300/0,v1:172.21.15.8:6789/0] -- mon_subscribe({mgrmap=0+}) v3 -- 0x7f55f419a8a0 con 0x7f55f4107060
2024-04-21T22:24:13.449 INFO:teuthology.orchestra.run.smithi008.stdout:/usr/bin/ceph: stderr
2024-04-21T22:24:12.530+0000 7f55e37fe700 1 -- 172.21.15.8:0/2164453270 <== mon.0 v2:172.21.15.8:3300/0 3 ==== mon_map magic: 0 v1 ==== 229+0+0 (secure 0 0 0) 0x7f55e401a8e0 con 0x7f55f4107060
2024-04-21T22:24:13.449 INFO:teuthology.orchestra.run.smithi008.stdout:/usr/bin/ceph: stderr
2024-04-21T22:24:12.530+0000 7f55f8c7d700 1 -- 172.21.15.8:0/2164453270 --> [v2:172.21.15.8:3300/0,v1:172.21.15.8:6789/0] -- mon_subscribe({osdmap=0}) v3 -- 0x7f55f419ad40 con 0x7f55f4107060
2024-04-21T22:24:13.449 INFO:teuthology.orchestra.run.smithi008.stdout:/usr/bin/ceph: stderr
2024-04-21T22:24:12.531+0000 7f55e37fe700 1 -- 172.21.15.8:0/2164453270 <== mon.0 v2:172.21.15.8:3300/0 4 ==== mgrmap(e 4) v1 ==== 45272+0+0 (secure 0 0 0) 0x7f55e401ab50 con 0x7f55f4107060
2024-04-21T22:24:13.449 INFO:teuthology.orchestra.run.smithi008.stdout:/usr/bin/ceph: stderr
2024-04-21T22:24:12.531+0000 7f55f8c7d700 1 -- 172.21.15.8:0/2164453270 --> [v2:172.21.15.8:3300/0,v1:172.21.15.8:6789/0] -- mon_command({"prefix": "get_command_descriptions"} v 0) v1 -- 0x7f55f410a6b0 con 0x7f55f4107060
2024-04-21T22:24:13.450 INFO:teuthology.orchestra.run.smithi008.stdout:/usr/bin/ceph: stderr
2024-04-21T22:24:12.531+0000 7f55e37fe700 1 --2- 172.21.15.8:0/2164453270 >> [v2:172.21.15.8:6800/1261169664,v1:172.21.15.8:6801/1261169664] conn(0x7f55dc038320 0x7f55dc03a7e0 unknown :-1 s=NONE pgs=0 cs=0 l=1 rev1=0 crypto rx=0 tx=0 comp rx=0 tx=0).connect
2024-04-21T22:24:13.450 INFO:teuthology.orchestra.run.smithi008.stdout:/usr/bin/ceph: stderr
2024-04-21T22:24:12.531+0000 7f55e37fe700 1 -- 172.21.15.8:0/2164453270 <== mon.0 v2:172.21.15.8:3300/0 5 ==== osd_map(1..1 src has 1..1) v4 ==== 725+0+0 (secure 0 0 0) 0x7f55e404bff0 con 0x7f55f4107060
2024-04-21T22:24:13.450 INFO:teuthology.orchestra.run.smithi008.stdout:/usr/bin/ceph: stderr
2024-04-21T22:24:12.531+0000 7f55f1d9b700 1 --2- 172.21.15.8:0/2164453270 >> [v2:172.21.15.8:6800/1261169664,v1:172.21.15.8:6801/1261169664] conn(0x7f55dc038320 0x7f55dc03a7e0 unknown :-1 s=BANNER_CONNECTING pgs=0 cs=0 l=1 rev1=0 crypto rx=0 tx=0 comp rx=0 tx=0)._handle_peer_banner_payload supported=3 required=0
2024-04-21T22:24:13.450 INFO:teuthology.orchestra.run.smithi008.stdout:/usr/bin/ceph: stderr
2024-04-21T22:24:12.531+0000 7f55f1d9b700 1 --2- 172.21.15.8:0/2164453270 >> [v2:172.21.15.8:6800/1261169664,v1:172.21.15.8:6801/1261169664] conn(0x7f55dc038320 0x7f55dc03a7e0 secure :-1 s=READY pgs=6 cs=0 l=1 rev1=1 crypto rx=0x7f55e8006fd0 tx=0x7f55e8006e40 comp rx=0 tx=0).ready entity=mgr.14100 client_cookie=0 server_cookie=0 in_seq=0 out_seq=0
2024-04-21T22:24:13.450 INFO:teuthology.orchestra.run.smithi008.stdout:/usr/bin/ceph: stderr
2024-04-21T22:24:12.536+0000 7f55e37fe700 1 -- 172.21.15.8:0/2164453270 <== mon.0 v2:172.21.15.8:3300/0 6 ==== mon_command_ack([{"prefix": "get_command_descriptions"}]=0 v0) v1 ==== 72+0+180422 (secure 0 0 0) 0x7f55e401ae00 con 0x7f55f4107060
2024-04-21T22:24:13.450 INFO:teuthology.orchestra.run.smithi008.stdout:/usr/bin/ceph: stderr
2024-04-21T22:24:12.816+0000 7f55f8c7d700 1 -- 172.21.15.8:0/2164453270 --> [v2:172.21.15.8:3300/0,v1:172.21.15.8:6789/0] -- mon_command({"prefix": "status", "format": "json-pretty"} v 0) v1 -- 0x7f55f419db20 con 0x7f55f4107060
2024-04-21T22:24:13.450 INFO:teuthology.orchestra.run.smithi008.stdout:/usr/bin/ceph: stderr
2024-04-21T22:24:12.816+0000 7f55e37fe700 1 -- 172.21.15.8:0/2164453270 <== mon.0 v2:172.21.15.8:3300/0 7 ==== mon_command_ack([{"prefix": "status", "format": "json-pretty"}]=0 v0) v1 ==== 79+0+1246 (secure 0 0 0) 0x7f55e4018b00 con 0x7f55f4107060
2024-04-21T22:24:13.450 INFO:teuthology.orchestra.run.smithi008.stdout:/usr/bin/ceph: stderr
2024-04-21T22:24:12.819+0000 7f55f8c7d700 1 -- 172.21.15.8:0/2164453270 >> [v2:172.21.15.8:6800/1261169664,v1:172.21.15.8:6801/1261169664] conn(0x7f55dc038320 msgr2=0x7f55dc03a7e0 secure :-1 s=STATE_CONNECTION_ESTABLISHED l=1).mark_down
2024-04-21T22:24:13.450 INFO:teuthology.orchestra.run.smithi008.stdout:/usr/bin/ceph: stderr
2024-04-21T22:24:12.819+0000 7f55f8c7d700 1 --2- 172.21.15.8:0/2164453270 >> [v2:172.21.15.8:6800/1261169664,v1:172.21.15.8:6801/1261169664] conn(0x7f55dc038320 0x7f55dc03a7e0 secure :-1 s=READY pgs=6 cs=0 l=1 rev1=1 crypto rx=0x7f55e8006fd0 tx=0x7f55e8006e40 comp rx=0 tx=0).stop
2024-04-21T22:24:13.450 INFO:teuthology.orchestra.run.smithi008.stdout:/usr/bin/ceph: stderr
2024-04-21T22:24:12.820+0000 7f55f8c7d700 1 -- 172.21.15.8:0/2164453270 >> [v2:172.21.15.8:3300/0,v1:172.21.15.8:6789/0] conn(0x7f55f4107060 msgr2=0x7f55f419a160 secure :-1 s=STATE_CONNECTION_ESTABLISHED l=1).mark_down
2024-04-21T22:24:13.450 INFO:teuthology.orchestra.run.smithi008.stdout:/usr/bin/ceph: stderr
2024-04-21T22:24:12.820+0000 7f55f8c7d700 1 --2- 172.21.15.8:0/2164453270 >> [v2:172.21.15.8:3300/0,v1:172.21.15.8:6789/0] conn(0x7f55f4107060 0x7f55f419a160 secure :-1 s=READY pgs=19 cs=0 l=1 rev1=1 crypto rx=0x7f55e4000c00 tx=0x7f55e4011ab0 comp rx=0 tx=0).stop
2024-04-21T22:24:13.450 INFO:teuthology.orchestra.run.smithi008.stdout:/usr/bin/ceph: stderr
2024-04-21T22:24:12.820+0000 7f55f8c7d700 1 -- 172.21.15.8:0/2164453270 shutdown_connections
2024-04-21T22:24:13.450 INFO:teuthology.orchestra.run.smithi008.stdout:/usr/bin/ceph: stderr
2024-04-21T22:24:12.820+0000 7f55f8c7d700 1 --2- 172.21.15.8:0/2164453270 >> [v2:172.21.15.8:6800/1261169664,v1:172.21.15.8:6801/1261169664] conn(0x7f55dc038320 0x7f55dc03a7e0 unknown :-1 s=CLOSED pgs=6 cs=0 l=1 rev1=1 crypto rx=0 tx=0 comp rx=0 tx=0).stop
2024-04-21T22:24:13.451 INFO:teuthology.orchestra.run.smithi008.stdout:/usr/bin/ceph: stderr
2024-04-21T22:24:12.820+0000 7f55f8c7d700 1 --2- 172.21.15.8:0/2164453270 >> [v2:172.21.15.8:3300/0,v1:172.21.15.8:6789/0] conn(0x7f55f4107060 0x7f55f419a160 unknown :-1 s=CLOSED pgs=19 cs=0 l=1 rev1=1 crypto rx=0 tx=0 comp rx=0 tx=0).stop
2024-04-21T22:24:13.451 INFO:teuthology.orchestra.run.smithi008.stdout:/usr/bin/ceph: stderr
2024-04-21T22:24:12.820+0000 7f55f8c7d700 1 -- 172.21.15.8:0/2164453270 >> 172.21.15.8:0/2164453270 conn(0x7f55f41009f0 msgr2=0x7f55f4101740 unknown :-1 s=STATE_NONE l=0).mark_down
2024-04-21T22:24:13.451 INFO:teuthology.orchestra.run.smithi008.stdout:/usr/bin/ceph: stderr
2024-04-21T22:24:12.820+0000 7f55f8c7d700 1 -- 172.21.15.8:0/2164453270 shutdown_connections
2024-04-21T22:24:13.451 INFO:teuthology.orchestra.run.smithi008.stdout:/usr/bin/ceph: stderr
2024-04-21T22:24:12.820+0000 7f55f8c7d700 1 -- 172.21.15.8:0/2164453270 wait complete.
2024-04-21T22:24:13.451 INFO:teuthology.orchestra.run.smithi008.stdout:mgr is available
2024-04-21T22:24:14.315 INFO:journalctl@ceph.mon.smithi008.smithi008.stdout:Apr 21 22:24:14 smithi008 ceph-mon[26630]: from='client.? 172.21.15.8:0/3834597611' entity='client.admin' cmd=[{"prefix": "config assimilate-conf"}]: dispatch
2024-04-21T22:24:14.617 INFO:teuthology.orchestra.run.smithi008.stdout:/usr/bin/ceph: stdout
2024-04-21T22:24:14.617 INFO:teuthology.orchestra.run.smithi008.stdout:/usr/bin/ceph: stdout [global]
2024-04-21T22:24:14.617 INFO:teuthology.orchestra.run.smithi008.stdout:/usr/bin/ceph: stdout fsid = bef141fe-002d-11ef-bc93-c7b262605968
2024-04-21T22:24:14.617 INFO:teuthology.orchestra.run.smithi008.stdout:/usr/bin/ceph: stdout mon_osd_allow_pg_remap = true
2024-04-21T22:24:14.618 INFO:teuthology.orchestra.run.smithi008.stdout:/usr/bin/ceph: stdout mon_osd_allow_primary_affinity = true
2024-04-21T22:24:14.618 INFO:teuthology.orchestra.run.smithi008.stdout:/usr/bin/ceph: stdout mon_warn_on_no_sortbitwise = false
2024-04-21T22:24:14.618 INFO:teuthology.orchestra.run.smithi008.stdout:/usr/bin/ceph: stdout osd_crush_chooseleaf_type = 0
2024-04-21T22:24:14.618 INFO:teuthology.orchestra.run.smithi008.stdout:/usr/bin/ceph: stdout
2024-04-21T22:24:14.618 INFO:teuthology.orchestra.run.smithi008.stdout:/usr/bin/ceph: stdout [mgr]
2024-04-21T22:24:14.618 INFO:teuthology.orchestra.run.smithi008.stdout:/usr/bin/ceph: stdout mgr/telemetry/nag = false
2024-04-21T22:24:14.619 INFO:teuthology.orchestra.run.smithi008.stdout:/usr/bin/ceph: stdout
2024-04-21T22:24:14.619 INFO:teuthology.orchestra.run.smithi008.stdout:/usr/bin/ceph: stdout [osd]
2024-04-21T22:24:14.619 INFO:teuthology.orchestra.run.smithi008.stdout:/usr/bin/ceph: stdout mon_osd_backfillfull_ratio = 0.85
2024-04-21T22:24:14.619 INFO:teuthology.orchestra.run.smithi008.stdout:/usr/bin/ceph: stdout mon_osd_full_ratio = 0.9
2024-04-21T22:24:14.619 INFO:teuthology.orchestra.run.smithi008.stdout:/usr/bin/ceph: stdout mon_osd_nearfull_ratio = 0.8
2024-04-21T22:24:14.619 INFO:teuthology.orchestra.run.smithi008.stdout:/usr/bin/ceph: stdout osd_map_max_advance = 10
2024-04-21T22:24:14.620 INFO:teuthology.orchestra.run.smithi008.stdout:/usr/bin/ceph: stdout osd_sloppy_crc = true
2024-04-21T22:24:14.620 INFO:teuthology.orchestra.run.smithi008.stdout:/usr/bin/ceph: stderr
2024-04-21T22:24:13.816+0000 7f993f135700 1 Processor -- start
2024-04-21T22:24:14.620 INFO:teuthology.orchestra.run.smithi008.stdout:/usr/bin/ceph: stderr
2024-04-21T22:24:13.816+0000 7f993f135700 1 -- start start
2024-04-21T22:24:14.620 INFO:teuthology.orchestra.run.smithi008.stdout:/usr/bin/ceph: stderr
2024-04-21T22:24:13.816+0000 7f993f135700 1 --2- >> [v2:172.21.15.8:3300/0,v1:172.21.15.8:6789/0] conn(0x7f9938107020 0x7f9938109410 unknown :-1 s=NONE pgs=0 cs=0 l=0 rev1=0 crypto rx=0 tx=0 comp rx=0 tx=0).connect
2024-04-21T22:24:14.620 INFO:teuthology.orchestra.run.smithi008.stdout:/usr/bin/ceph: stderr
2024-04-21T22:24:13.816+0000 7f993f135700 1 -- --> [v2:172.21.15.8:3300/0,v1:172.21.15.8:6789/0] -- mon_getmap magic: 0 v1 -- 0x7f9938079e30 con 0x7f9938107020
2024-04-21T22:24:14.620 INFO:teuthology.orchestra.run.smithi008.stdout:/usr/bin/ceph: stderr
2024-04-21T22:24:13.816+0000 7f993ced1700 1 --2- >> [v2:172.21.15.8:3300/0,v1:172.21.15.8:6789/0] conn(0x7f9938107020 0x7f9938109410 unknown :-1 s=BANNER_CONNECTING pgs=0 cs=0 l=0 rev1=0 crypto rx=0 tx=0 comp rx=0 tx=0)._handle_peer_banner_payload supported=3 required=0
2024-04-21T22:24:14.621 INFO:teuthology.orchestra.run.smithi008.stdout:/usr/bin/ceph: stderr
2024-04-21T22:24:13.816+0000 7f993ced1700 1 --2- >> [v2:172.21.15.8:3300/0,v1:172.21.15.8:6789/0] conn(0x7f9938107020 0x7f9938109410 unknown :-1 s=HELLO_CONNECTING pgs=0 cs=0 l=0 rev1=1 crypto rx=0 tx=0 comp rx=0 tx=0).handle_hello peer v2:172.21.15.8:3300/0 says I am v2:172.21.15.8:34296/0 (socket says 172.21.15.8:34296)
2024-04-21T22:24:14.621 INFO:teuthology.orchestra.run.smithi008.stdout:/usr/bin/ceph: stderr
2024-04-21T22:24:13.816+0000 7f993ced1700 1 -- 172.21.15.8:0/290696459 learned_addr learned my addr 172.21.15.8:0/290696459 (peer_addr_for_me v2:172.21.15.8:0/0)
2024-04-21T22:24:14.621 INFO:teuthology.orchestra.run.smithi008.stdout:/usr/bin/ceph: stderr
2024-04-21T22:24:13.816+0000 7f993ced1700 1 -- 172.21.15.8:0/290696459 --> [v2:172.21.15.8:3300/0,v1:172.21.15.8:6789/0] -- mon_subscribe({config=0+,monmap=0+}) v3 -- 0x7f9938109950 con 0x7f9938107020
2024-04-21T22:24:14.621 INFO:teuthology.orchestra.run.smithi008.stdout:/usr/bin/ceph: stderr
2024-04-21T22:24:13.817+0000 7f993ced1700 1 --2- 172.21.15.8:0/290696459 >> [v2:172.21.15.8:3300/0,v1:172.21.15.8:6789/0] conn(0x7f9938107020 0x7f9938109410 secure :-1 s=READY pgs=20 cs=0 l=1 rev1=1 crypto rx=0x7f992c0098a0 tx=0x7f992c009bb0 comp rx=0 tx=0).ready entity=mon.0 client_cookie=1f3a9fce06b93ee1 server_cookie=0 in_seq=0 out_seq=0
2024-04-21T22:24:14.621 INFO:teuthology.orchestra.run.smithi008.stdout:/usr/bin/ceph: stderr
2024-04-21T22:24:13.817+0000 7f99377fe700 1 -- 172.21.15.8:0/290696459 <== mon.0 v2:172.21.15.8:3300/0 1 ==== mon_map magic: 0 v1 ==== 229+0+0 (secure 0 0 0) 0x7f992c004180 con 0x7f9938107020
2024-04-21T22:24:14.621 INFO:teuthology.orchestra.run.smithi008.stdout:/usr/bin/ceph: stderr
2024-04-21T22:24:13.817+0000 7f99377fe700 1 -- 172.21.15.8:0/290696459 <== mon.0 v2:172.21.15.8:3300/0 2 ==== config(27 keys) v1 ==== 1037+0+0 (secure 0 0 0) 0x7f992c0042e0 con 0x7f9938107020
2024-04-21T22:24:14.622 INFO:teuthology.orchestra.run.smithi008.stdout:/usr/bin/ceph: stderr
2024-04-21T22:24:13.817+0000 7f99377fe700 1 -- 172.21.15.8:0/290696459 <== mon.0 v2:172.21.15.8:3300/0 3 ==== mon_map magic: 0 v1 ==== 229+0+0 (secure 0 0 0) 0x7f992c011a50 con 0x7f9938107020
2024-04-21T22:24:14.622 INFO:teuthology.orchestra.run.smithi008.stdout:/usr/bin/ceph: stderr
2024-04-21T22:24:13.817+0000 7f993f135700 1 -- 172.21.15.8:0/290696459 >> [v2:172.21.15.8:3300/0,v1:172.21.15.8:6789/0] conn(0x7f9938107020 msgr2=0x7f9938109410 secure :-1 s=STATE_CONNECTION_ESTABLISHED l=1).mark_down
2024-04-21T22:24:14.622 INFO:teuthology.orchestra.run.smithi008.stdout:/usr/bin/ceph: stderr
2024-04-21T22:24:13.817+0000 7f993f135700 1 --2- 172.21.15.8:0/290696459 >> [v2:172.21.15.8:3300/0,v1:172.21.15.8:6789/0] conn(0x7f9938107020 0x7f9938109410 secure :-1 s=READY pgs=20 cs=0 l=1 rev1=1 crypto rx=0x7f992c0098a0 tx=0x7f992c009bb0 comp rx=0 tx=0).stop
2024-04-21T22:24:14.622 INFO:teuthology.orchestra.run.smithi008.stdout:/usr/bin/ceph: stderr
2024-04-21T22:24:13.817+0000 7f993f135700 1 -- 172.21.15.8:0/290696459 shutdown_connections
2024-04-21T22:24:14.622 INFO:teuthology.orchestra.run.smithi008.stdout:/usr/bin/ceph: stderr
2024-04-21T22:24:13.817+0000 7f993f135700 1 --2- 172.21.15.8:0/290696459 >> [v2:172.21.15.8:3300/0,v1:172.21.15.8:6789/0] conn(0x7f9938107020 0x7f9938109410 unknown :-1 s=CLOSED pgs=20 cs=0 l=1 rev1=1 crypto rx=0 tx=0 comp rx=0 tx=0).stop
2024-04-21T22:24:14.622 INFO:teuthology.orchestra.run.smithi008.stdout:/usr/bin/ceph: stderr
2024-04-21T22:24:13.817+0000 7f993f135700 1 -- 172.21.15.8:0/290696459 >> 172.21.15.8:0/290696459 conn(0x7f99381009f0 msgr2=0x7f9938102e30 unknown :-1 s=STATE_NONE l=0).mark_down
2024-04-21T22:24:14.623 INFO:teuthology.orchestra.run.smithi008.stdout:/usr/bin/ceph: stderr
2024-04-21T22:24:13.817+0000 7f993f135700 1 -- 172.21.15.8:0/290696459 shutdown_connections
2024-04-21T22:24:14.623 INFO:teuthology.orchestra.run.smithi008.stdout:/usr/bin/ceph: stderr
2024-04-21T22:24:13.817+0000 7f993f135700 1 -- 172.21.15.8:0/290696459 wait complete.
2024-04-21T22:24:14.623 INFO:teuthology.orchestra.run.smithi008.stdout:/usr/bin/ceph: stderr
2024-04-21T22:24:13.818+0000 7f993f135700 1 Processor -- start
2024-04-21T22:24:14.623 INFO:teuthology.orchestra.run.smithi008.stdout:/usr/bin/ceph: stderr
2024-04-21T22:24:13.818+0000 7f993f135700 1 -- start start
2024-04-21T22:24:14.623 INFO:teuthology.orchestra.run.smithi008.stdout:/usr/bin/ceph: stderr
2024-04-21T22:24:13.818+0000 7f993f135700 1 --2- >> [v2:172.21.15.8:3300/0,v1:172.21.15.8:6789/0] conn(0x7f9938107020 0x7f9938106980 unknown :-1 s=NONE pgs=0 cs=0 l=1 rev1=0 crypto rx=0 tx=0 comp rx=0 tx=0).connect
2024-04-21T22:24:14.623 INFO:teuthology.orchestra.run.smithi008.stdout:/usr/bin/ceph: stderr
2024-04-21T22:24:13.818+0000 7f993f135700 1 -- --> [v2:172.21.15.8:3300/0,v1:172.21.15.8:6789/0] -- mon_getmap magic: 0 v1 -- 0x7f9938106ec0 con 0x7f9938107020
2024-04-21T22:24:14.624 INFO:teuthology.orchestra.run.smithi008.stdout:/usr/bin/ceph: stderr
2024-04-21T22:24:13.818+0000 7f993ced1700 1 --2- >> [v2:172.21.15.8:3300/0,v1:172.21.15.8:6789/0] conn(0x7f9938107020 0x7f9938106980 unknown :-1 s=BANNER_CONNECTING pgs=0 cs=0 l=1 rev1=0 crypto rx=0 tx=0 comp rx=0 tx=0)._handle_peer_banner_payload supported=3 required=0
2024-04-21T22:24:14.624 INFO:teuthology.orchestra.run.smithi008.stdout:/usr/bin/ceph: stderr
2024-04-21T22:24:13.818+0000 7f993ced1700 1 --2- >> [v2:172.21.15.8:3300/0,v1:172.21.15.8:6789/0] conn(0x7f9938107020 0x7f9938106980 unknown :-1 s=HELLO_CONNECTING pgs=0 cs=0 l=1 rev1=1 crypto rx=0 tx=0 comp rx=0 tx=0).handle_hello peer v2:172.21.15.8:3300/0 says I am v2:172.21.15.8:34302/0 (socket says 172.21.15.8:34302)
2024-04-21T22:24:14.624 INFO:teuthology.orchestra.run.smithi008.stdout:/usr/bin/ceph: stderr
2024-04-21T22:24:13.818+0000 7f993ced1700 1 -- 172.21.15.8:0/3834597611 learned_addr learned my addr 172.21.15.8:0/3834597611 (peer_addr_for_me v2:172.21.15.8:0/0)
2024-04-21T22:24:14.624 INFO:teuthology.orchestra.run.smithi008.stdout:/usr/bin/ceph: stderr
2024-04-21T22:24:13.819+0000 7f993ced1700 1 -- 172.21.15.8:0/3834597611 --> [v2:172.21.15.8:3300/0,v1:172.21.15.8:6789/0] -- mon_subscribe({config=0+,monmap=0+}) v3 -- 0x7f992c009550 con 0x7f9938107020
2024-04-21T22:24:14.624 INFO:teuthology.orchestra.run.smithi008.stdout:/usr/bin/ceph: stderr
2024-04-21T22:24:13.819+0000 7f993ced1700 1 --2- 172.21.15.8:0/3834597611 >> [v2:172.21.15.8:3300/0,v1:172.21.15.8:6789/0] conn(0x7f9938107020 0x7f9938106980 secure :-1 s=READY pgs=21 cs=0 l=1 rev1=1 crypto rx=0x7f992c003f80 tx=0x7f992c011ab0 comp rx=0 tx=0).ready entity=mon.0 client_cookie=0 server_cookie=0 in_seq=0 out_seq=0
2024-04-21T22:24:14.624 INFO:teuthology.orchestra.run.smithi008.stdout:/usr/bin/ceph: stderr
2024-04-21T22:24:13.819+0000 7f9935ffb700 1 -- 172.21.15.8:0/3834597611 <== mon.0 v2:172.21.15.8:3300/0 1 ==== mon_map magic: 0 v1 ==== 229+0+0 (secure 0 0 0) 0x7f992c003a80 con 0x7f9938107020
2024-04-21T22:24:14.625 INFO:teuthology.orchestra.run.smithi008.stdout:/usr/bin/ceph: stderr
2024-04-21T22:24:13.819+0000 7f9935ffb700 1 -- 172.21.15.8:0/3834597611 <== mon.0 v2:172.21.15.8:3300/0 2 ==== config(27 keys) v1 ==== 1037+0+0 (secure 0 0 0) 0x7f992c003be0 con 0x7f9938107020
2024-04-21T22:24:14.625 INFO:teuthology.orchestra.run.smithi008.stdout:/usr/bin/ceph: stderr
2024-04-21T22:24:13.819+0000 7f993f135700 1 -- 172.21.15.8:0/3834597611 --> [v2:172.21.15.8:3300/0,v1:172.21.15.8:6789/0] -- mon_subscribe({mgrmap=0+}) v3 -- 0x7f9938104fd0 con 0x7f9938107020
2024-04-21T22:24:14.625 INFO:teuthology.orchestra.run.smithi008.stdout:/usr/bin/ceph: stderr
2024-04-21T22:24:13.819+0000 7f9935ffb700 1 -- 172.21.15.8:0/3834597611 <== mon.0 v2:172.21.15.8:3300/0 3 ==== mon_map magic: 0 v1 ==== 229+0+0 (secure 0 0 0) 0x7f992c019820 con 0x7f9938107020
2024-04-21T22:24:14.625 INFO:teuthology.orchestra.run.smithi008.stdout:/usr/bin/ceph: stderr
2024-04-21T22:24:13.819+0000 7f993f135700 1 -- 172.21.15.8:0/3834597611 --> [v2:172.21.15.8:3300/0,v1:172.21.15.8:6789/0] -- mon_subscribe({osdmap=0}) v3 -- 0x7f9938105470 con 0x7f9938107020
2024-04-21T22:24:14.625 INFO:teuthology.orchestra.run.smithi008.stdout:/usr/bin/ceph: stderr
2024-04-21T22:24:13.820+0000 7f9935ffb700 1 -- 172.21.15.8:0/3834597611 <== mon.0 v2:172.21.15.8:3300/0 4 ==== mgrmap(e 4) v1 ==== 45272+0+0 (secure 0 0 0) 0x7f992c019a50 con 0x7f9938107020
2024-04-21T22:24:14.625 INFO:teuthology.orchestra.run.smithi008.stdout:/usr/bin/ceph: stderr
2024-04-21T22:24:13.820+0000 7f993f135700 1 -- 172.21.15.8:0/3834597611 --> [v2:172.21.15.8:3300/0,v1:172.21.15.8:6789/0] -- mon_command({"prefix": "get_command_descriptions"} v 0) v1 -- 0x7f993810a670 con 0x7f9938107020
2024-04-21T22:24:14.626 INFO:teuthology.orchestra.run.smithi008.stdout:/usr/bin/ceph: stderr
2024-04-21T22:24:13.820+0000 7f9935ffb700 1 --2- 172.21.15.8:0/3834597611 >> [v2:172.21.15.8:6800/1261169664,v1:172.21.15.8:6801/1261169664] conn(0x7f99280382d0 0x7f992803a790 unknown :-1 s=NONE pgs=0 cs=0 l=1 rev1=0 crypto rx=0 tx=0 comp rx=0 tx=0).connect
2024-04-21T22:24:14.626 INFO:teuthology.orchestra.run.smithi008.stdout:/usr/bin/ceph: stderr
2024-04-21T22:24:13.820+0000 7f9935ffb700 1 -- 172.21.15.8:0/3834597611 <== mon.0 v2:172.21.15.8:3300/0 5 ==== osd_map(1..1 src has 1..1) v4 ==== 725+0+0 (secure 0 0 0) 0x7f992c04c4b0 con 0x7f9938107020
2024-04-21T22:24:14.626 INFO:teuthology.orchestra.run.smithi008.stdout:/usr/bin/ceph: stderr
2024-04-21T22:24:13.820+0000 7f9937fff700 1 --2- 172.21.15.8:0/3834597611 >> [v2:172.21.15.8:6800/1261169664,v1:172.21.15.8:6801/1261169664] conn(0x7f99280382d0 0x7f992803a790 unknown :-1 s=BANNER_CONNECTING pgs=0 cs=0 l=1 rev1=0 crypto rx=0 tx=0 comp rx=0 tx=0)._handle_peer_banner_payload supported=3 required=0
2024-04-21T22:24:14.626 INFO:teuthology.orchestra.run.smithi008.stdout:/usr/bin/ceph: stderr
2024-04-21T22:24:13.821+0000 7f9937fff700 1 --2- 172.21.15.8:0/3834597611 >> [v2:172.21.15.8:6800/1261169664,v1:172.21.15.8:6801/1261169664] conn(0x7f99280382d0 0x7f992803a790 secure :-1 s=READY pgs=7 cs=0 l=1 rev1=1 crypto rx=0x7f9924006fd0 tx=0x7f9924006e40 comp rx=0 tx=0).ready entity=mgr.14100 client_cookie=0 server_cookie=0 in_seq=0 out_seq=0
2024-04-21T22:24:14.626 INFO:teuthology.orchestra.run.smithi008.stdout:/usr/bin/ceph: stderr
2024-04-21T22:24:13.825+0000 7f9935ffb700 1 -- 172.21.15.8:0/3834597611 <== mon.0 v2:172.21.15.8:3300/0 6 ==== mon_command_ack([{"prefix": "get_command_descriptions"}]=0 v0) v1 ==== 72+0+180422 (secure 0 0 0) 0x7f992c02b750 con 0x7f9938107020
2024-04-21T22:24:14.626 INFO:teuthology.orchestra.run.smithi008.stdout:/usr/bin/ceph: stderr
2024-04-21T22:24:14.023+0000 7f993f135700 1 -- 172.21.15.8:0/3834597611 --> [v2:172.21.15.8:3300/0,v1:172.21.15.8:6789/0] -- mon_command({"prefix": "config assimilate-conf"} v 0) v1 -- 0x7f993810a890 con 0x7f9938107020
2024-04-21T22:24:14.626 INFO:teuthology.orchestra.run.smithi008.stdout:/usr/bin/ceph: stderr
2024-04-21T22:24:14.024+0000 7f9935ffb700 1 -- 172.21.15.8:0/3834597611 <== mon.0 v2:172.21.15.8:3300/0 7 ==== mon_command_ack([{"prefix": "config assimilate-conf"}]=0 v3) v1 ==== 70+0+373 (secure 0 0 0) 0x7f992c0172b0 con 0x7f9938107020
2024-04-21T22:24:14.626 INFO:teuthology.orchestra.run.smithi008.stdout:/usr/bin/ceph: stderr
2024-04-21T22:24:14.027+0000 7f993f135700 1 -- 172.21.15.8:0/3834597611 >> [v2:172.21.15.8:6800/1261169664,v1:172.21.15.8:6801/1261169664] conn(0x7f99280382d0 msgr2=0x7f992803a790 secure :-1 s=STATE_CONNECTION_ESTABLISHED l=1).mark_down
2024-04-21T22:24:14.627 INFO:teuthology.orchestra.run.smithi008.stdout:/usr/bin/ceph: stderr
2024-04-21T22:24:14.027+0000 7f993f135700 1 --2- 172.21.15.8:0/3834597611 >> [v2:172.21.15.8:6800/1261169664,v1:172.21.15.8:6801/1261169664] conn(0x7f99280382d0 0x7f992803a790 secure :-1 s=READY pgs=7 cs=0 l=1 rev1=1 crypto rx=0x7f9924006fd0 tx=0x7f9924006e40 comp rx=0 tx=0).stop
2024-04-21T22:24:14.627 INFO:teuthology.orchestra.run.smithi008.stdout:/usr/bin/ceph: stderr
2024-04-21T22:24:14.027+0000 7f993f135700 1 -- 172.21.15.8:0/3834597611 >> [v2:172.21.15.8:3300/0,v1:172.21.15.8:6789/0] conn(0x7f9938107020 msgr2=0x7f9938106980 secure :-1 s=STATE_CONNECTION_ESTABLISHED l=1).mark_down
2024-04-21T22:24:14.627 INFO:teuthology.orchestra.run.smithi008.stdout:/usr/bin/ceph: stderr
2024-04-21T22:24:14.027+0000 7f993f135700 1 --2- 172.21.15.8:0/3834597611 >> [v2:172.21.15.8:3300/0,v1:172.21.15.8:6789/0] conn(0x7f9938107020 0x7f9938106980 secure :-1 s=READY pgs=21 cs=0 l=1 rev1=1 crypto rx=0x7f992c003f80 tx=0x7f992c011ab0 comp rx=0 tx=0).stop
2024-04-21T22:24:14.627 INFO:teuthology.orchestra.run.smithi008.stdout:/usr/bin/ceph: stderr
2024-04-21T22:24:14.027+0000 7f993f135700 1 -- 172.21.15.8:0/3834597611 shutdown_connections
2024-04-21T22:24:14.627 INFO:teuthology.orchestra.run.smithi008.stdout:/usr/bin/ceph: stderr
2024-04-21T22:24:14.027+0000 7f993f135700 1 --2- 172.21.15.8:0/3834597611 >> [v2:172.21.15.8:6800/1261169664,v1:172.21.15.8:6801/1261169664] conn(0x7f99280382d0 0x7f992803a790 unknown :-1 s=CLOSED pgs=7 cs=0 l=1 rev1=1 crypto rx=0 tx=0 comp rx=0 tx=0).stop
2024-04-21T22:24:14.627 INFO:teuthology.orchestra.run.smithi008.stdout:/usr/bin/ceph: stderr
2024-04-21T22:24:14.027+0000 7f993f135700 1 --2- 172.21.15.8:0/3834597611 >> [v2:172.21.15.8:3300/0,v1:172.21.15.8:6789/0] conn(0x7f9938107020 0x7f9938106980 unknown :-1 s=CLOSED pgs=21 cs=0 l=1 rev1=1 crypto rx=0 tx=0 comp rx=0 tx=0).stop
2024-04-21T22:24:14.627 INFO:teuthology.orchestra.run.smithi008.stdout:/usr/bin/ceph: stderr
2024-04-21T22:24:14.027+0000 7f993f135700 1 -- 172.21.15.8:0/3834597611 >> 172.21.15.8:0/3834597611 conn(0x7f99381009f0 msgr2=0x7f99381017e0 unknown :-1 s=STATE_NONE l=0).mark_down
2024-04-21T22:24:14.627 INFO:teuthology.orchestra.run.smithi008.stdout:/usr/bin/ceph: stderr
2024-04-21T22:24:14.027+0000 7f993f135700 1 -- 172.21.15.8:0/3834597611 shutdown_connections
2024-04-21T22:24:14.627 INFO:teuthology.orchestra.run.smithi008.stdout:/usr/bin/ceph: stderr
2024-04-21T22:24:14.027+0000 7f993f135700 1 -- 172.21.15.8:0/3834597611 wait complete.
2024-04-21T22:24:14.627 INFO:teuthology.orchestra.run.smithi008.stdout:Enabling cephadm module...
2024-04-21T22:24:15.528 INFO:journalctl@ceph.mon.smithi008.smithi008.stdout:Apr 21 22:24:15 smithi008 ceph-mon[26630]: from='client.? 172.21.15.8:0/2970207712' entity='client.admin' cmd=[{"prefix": "mgr module enable", "module": "cephadm"}]: dispatch
2024-04-21T22:24:15.935 INFO:teuthology.orchestra.run.smithi008.stdout:/usr/bin/ceph: stderr
2024-04-21T22:24:15.040+0000 7f6d67f4d700 1 Processor -- start
2024-04-21T22:24:15.940 INFO:teuthology.orchestra.run.smithi008.stdout:/usr/bin/ceph: stderr
2024-04-21T22:24:15.040+0000 7f6d67f4d700 1 -- start start
2024-04-21T22:24:15.940 INFO:teuthology.orchestra.run.smithi008.stdout:/usr/bin/ceph: stderr
2024-04-21T22:24:15.040+0000 7f6d67f4d700 1 --2- >> [v2:172.21.15.8:3300/0,v1:172.21.15.8:6789/0] conn(0x7f6d60107040 0x7f6d60109430 unknown :-1 s=NONE pgs=0 cs=0 l=0 rev1=0 crypto rx=0 tx=0 comp rx=0 tx=0).connect
2024-04-21T22:24:15.940 INFO:teuthology.orchestra.run.smithi008.stdout:/usr/bin/ceph: stderr
2024-04-21T22:24:15.040+0000 7f6d67f4d700 1 -- --> [v2:172.21.15.8:3300/0,v1:172.21.15.8:6789/0] -- mon_getmap magic: 0 v1 -- 0x7f6d60074620 con 0x7f6d60107040
2024-04-21T22:24:15.940 INFO:teuthology.orchestra.run.smithi008.stdout:/usr/bin/ceph: stderr
2024-04-21T22:24:15.041+0000 7f6d65ce9700 1 --2- >> [v2:172.21.15.8:3300/0,v1:172.21.15.8:6789/0] conn(0x7f6d60107040 0x7f6d60109430 unknown :-1 s=BANNER_CONNECTING pgs=0 cs=0 l=0 rev1=0 crypto rx=0 tx=0 comp rx=0 tx=0)._handle_peer_banner_payload supported=3 required=0
2024-04-21T22:24:15.940 INFO:teuthology.orchestra.run.smithi008.stdout:/usr/bin/ceph: stderr
2024-04-21T22:24:15.041+0000 7f6d65ce9700 1 --2- >> [v2:172.21.15.8:3300/0,v1:172.21.15.8:6789/0] conn(0x7f6d60107040 0x7f6d60109430 unknown :-1 s=HELLO_CONNECTING pgs=0 cs=0 l=0 rev1=1 crypto rx=0 tx=0 comp rx=0 tx=0).handle_hello peer v2:172.21.15.8:3300/0 says I am v2:172.21.15.8:40752/0 (socket says 172.21.15.8:40752)
2024-04-21T22:24:15.941 INFO:teuthology.orchestra.run.smithi008.stdout:/usr/bin/ceph: stderr
2024-04-21T22:24:15.041+0000 7f6d65ce9700 1 -- 172.21.15.8:0/3384285058 learned_addr learned my addr 172.21.15.8:0/3384285058 (peer_addr_for_me v2:172.21.15.8:0/0)
2024-04-21T22:24:15.941 INFO:teuthology.orchestra.run.smithi008.stdout:/usr/bin/ceph: stderr
2024-04-21T22:24:15.041+0000 7f6d65ce9700 1 -- 172.21.15.8:0/3384285058 --> [v2:172.21.15.8:3300/0,v1:172.21.15.8:6789/0] -- mon_subscribe({config=0+,monmap=0+}) v3 -- 0x7f6d60109970 con 0x7f6d60107040
2024-04-21T22:24:15.941 INFO:teuthology.orchestra.run.smithi008.stdout:/usr/bin/ceph: stderr
2024-04-21T22:24:15.041+0000 7f6d65ce9700 1 --2- 172.21.15.8:0/3384285058 >> [v2:172.21.15.8:3300/0,v1:172.21.15.8:6789/0] conn(0x7f6d60107040 0x7f6d60109430 secure :-1 s=READY pgs=22 cs=0 l=1 rev1=1 crypto rx=0x7f6d540098a0 tx=0x7f6d54009bb0 comp rx=0 tx=0).ready entity=mon.0 client_cookie=9eed9d03080a9c14 server_cookie=0 in_seq=0 out_seq=0
2024-04-21T22:24:15.941 INFO:teuthology.orchestra.run.smithi008.stdout:/usr/bin/ceph: stderr
2024-04-21T22:24:15.041+0000 7f6d64ce7700 1 -- 172.21.15.8:0/3384285058 <== mon.0 v2:172.21.15.8:3300/0 1 ==== mon_map magic: 0 v1 ==== 229+0+0 (secure 0 0 0) 0x7f6d54004180 con 0x7f6d60107040
2024-04-21T22:24:15.941 INFO:teuthology.orchestra.run.smithi008.stdout:/usr/bin/ceph: stderr
2024-04-21T22:24:15.042+0000 7f6d64ce7700 1 -- 172.21.15.8:0/3384285058 <== mon.0 v2:172.21.15.8:3300/0 2 ==== config(27 keys) v1 ==== 1037+0+0 (secure 0 0 0) 0x7f6d540042e0 con 0x7f6d60107040
2024-04-21T22:24:15.941 INFO:teuthology.orchestra.run.smithi008.stdout:/usr/bin/ceph: stderr
2024-04-21T22:24:15.042+0000 7f6d64ce7700 1 -- 172.21.15.8:0/3384285058 <== mon.0 v2:172.21.15.8:3300/0 3 ==== mon_map magic: 0 v1 ==== 229+0+0 (secure 0 0 0) 0x7f6d54011a50 con 0x7f6d60107040
2024-04-21T22:24:15.941 INFO:teuthology.orchestra.run.smithi008.stdout:/usr/bin/ceph: stderr
2024-04-21T22:24:15.042+0000 7f6d67f4d700 1 -- 172.21.15.8:0/3384285058 >> [v2:172.21.15.8:3300/0,v1:172.21.15.8:6789/0] conn(0x7f6d60107040 msgr2=0x7f6d60109430 secure :-1 s=STATE_CONNECTION_ESTABLISHED l=1).mark_down
2024-04-21T22:24:15.941 INFO:teuthology.orchestra.run.smithi008.stdout:/usr/bin/ceph: stderr
2024-04-21T22:24:15.042+0000 7f6d67f4d700 1 --2- 172.21.15.8:0/3384285058 >> [v2:172.21.15.8:3300/0,v1:172.21.15.8:6789/0] conn(0x7f6d60107040 0x7f6d60109430 secure :-1 s=READY pgs=22 cs=0 l=1 rev1=1 crypto rx=0x7f6d540098a0 tx=0x7f6d54009bb0 comp rx=0 tx=0).stop
2024-04-21T22:24:15.941 INFO:teuthology.orchestra.run.smithi008.stdout:/usr/bin/ceph: stderr
2024-04-21T22:24:15.042+0000 7f6d67f4d700 1 -- 172.21.15.8:0/3384285058 shutdown_connections
2024-04-21T22:24:15.941 INFO:teuthology.orchestra.run.smithi008.stdout:/usr/bin/ceph: stderr
2024-04-21T22:24:15.042+0000 7f6d67f4d700 1 --2- 172.21.15.8:0/3384285058 >> [v2:172.21.15.8:3300/0,v1:172.21.15.8:6789/0] conn(0x7f6d60107040 0x7f6d60109430 unknown :-1 s=CLOSED pgs=22 cs=0 l=1 rev1=1 crypto rx=0 tx=0 comp rx=0 tx=0).stop
2024-04-21T22:24:15.941 INFO:teuthology.orchestra.run.smithi008.stdout:/usr/bin/ceph: stderr
2024-04-21T22:24:15.042+0000 7f6d67f4d700 1 -- 172.21.15.8:0/3384285058 >> 172.21.15.8:0/3384285058 conn(0x7f6d601009f0 msgr2=0x7f6d60102e50 unknown :-1 s=STATE_NONE l=0).mark_down
2024-04-21T22:24:15.941 INFO:teuthology.orchestra.run.smithi008.stdout:/usr/bin/ceph: stderr
2024-04-21T22:24:15.042+0000 7f6d67f4d700 1 -- 172.21.15.8:0/3384285058 shutdown_connections
2024-04-21T22:24:15.941 INFO:teuthology.orchestra.run.smithi008.stdout:/usr/bin/ceph: stderr
2024-04-21T22:24:15.042+0000 7f6d67f4d700 1 -- 172.21.15.8:0/3384285058 wait complete.
2024-04-21T22:24:15.942 INFO:teuthology.orchestra.run.smithi008.stdout:/usr/bin/ceph: stderr
2024-04-21T22:24:15.043+0000 7f6d67f4d700 1 Processor -- start
2024-04-21T22:24:15.942 INFO:teuthology.orchestra.run.smithi008.stdout:/usr/bin/ceph: stderr
2024-04-21T22:24:15.043+0000 7f6d67f4d700 1 -- start start
2024-04-21T22:24:15.942 INFO:teuthology.orchestra.run.smithi008.stdout:/usr/bin/ceph: stderr
2024-04-21T22:24:15.043+0000 7f6d67f4d700 1 --2- >> [v2:172.21.15.8:3300/0,v1:172.21.15.8:6789/0] conn(0x7f6d60107040 0x7f6d601069a0 unknown :-1 s=NONE pgs=0 cs=0 l=1 rev1=0 crypto rx=0 tx=0 comp rx=0 tx=0).connect
2024-04-21T22:24:15.942 INFO:teuthology.orchestra.run.smithi008.stdout:/usr/bin/ceph: stderr
2024-04-21T22:24:15.043+0000 7f6d67f4d700 1 -- --> [v2:172.21.15.8:3300/0,v1:172.21.15.8:6789/0] -- mon_getmap magic: 0 v1 -- 0x7f6d60106ee0 con 0x7f6d60107040
2024-04-21T22:24:15.942 INFO:teuthology.orchestra.run.smithi008.stdout:/usr/bin/ceph: stderr
2024-04-21T22:24:15.043+0000 7f6d65ce9700 1 --2- >> [v2:172.21.15.8:3300/0,v1:172.21.15.8:6789/0] conn(0x7f6d60107040 0x7f6d601069a0 unknown :-1 s=BANNER_CONNECTING pgs=0 cs=0 l=1 rev1=0 crypto rx=0 tx=0 comp rx=0 tx=0)._handle_peer_banner_payload supported=3 required=0
2024-04-21T22:24:15.942 INFO:teuthology.orchestra.run.smithi008.stdout:/usr/bin/ceph: stderr
2024-04-21T22:24:15.043+0000 7f6d65ce9700 1 --2- >> [v2:172.21.15.8:3300/0,v1:172.21.15.8:6789/0] conn(0x7f6d60107040 0x7f6d601069a0 unknown :-1 s=HELLO_CONNECTING pgs=0 cs=0 l=1 rev1=1 crypto rx=0 tx=0 comp rx=0 tx=0).handle_hello peer v2:172.21.15.8:3300/0 says I am v2:172.21.15.8:40768/0 (socket says 172.21.15.8:40768)
2024-04-21T22:24:15.942 INFO:teuthology.orchestra.run.smithi008.stdout:/usr/bin/ceph: stderr
2024-04-21T22:24:15.043+0000 7f6d65ce9700 1 -- 172.21.15.8:0/2970207712 learned_addr learned my addr 172.21.15.8:0/2970207712 (peer_addr_for_me v2:172.21.15.8:0/0)
2024-04-21T22:24:15.942 INFO:teuthology.orchestra.run.smithi008.stdout:/usr/bin/ceph: stderr
2024-04-21T22:24:15.043+0000 7f6d65ce9700 1 -- 172.21.15.8:0/2970207712 --> [v2:172.21.15.8:3300/0,v1:172.21.15.8:6789/0] -- mon_subscribe({config=0+,monmap=0+}) v3 -- 0x7f6d54009550 con 0x7f6d60107040
2024-04-21T22:24:15.942 INFO:teuthology.orchestra.run.smithi008.stdout:/usr/bin/ceph: stderr
2024-04-21T22:24:15.044+0000 7f6d65ce9700 1 --2- 172.21.15.8:0/2970207712 >> [v2:172.21.15.8:3300/0,v1:172.21.15.8:6789/0] conn(0x7f6d60107040 0x7f6d601069a0 secure :-1 s=READY pgs=23 cs=0 l=1 rev1=1 crypto rx=0x7f6d540119e0 tx=0x7f6d54011ac0 comp rx=0 tx=0).ready entity=mon.0 client_cookie=0 server_cookie=0 in_seq=0 out_seq=0
2024-04-21T22:24:15.942 INFO:teuthology.orchestra.run.smithi008.stdout:/usr/bin/ceph: stderr
2024-04-21T22:24:15.044+0000 7f6d52ffd700 1 -- 172.21.15.8:0/2970207712 <== mon.0 v2:172.21.15.8:3300/0 1 ==== mon_map magic: 0 v1 ==== 229+0+0 (secure 0 0 0) 0x7f6d54003b90 con 0x7f6d60107040
2024-04-21T22:24:15.942 INFO:teuthology.orchestra.run.smithi008.stdout:/usr/bin/ceph: stderr
2024-04-21T22:24:15.044+0000 7f6d67f4d700 1 -- 172.21.15.8:0/2970207712 --> [v2:172.21.15.8:3300/0,v1:172.21.15.8:6789/0] -- mon_subscribe({mgrmap=0+}) v3 -- 0x7f6d60104ff0 con 0x7f6d60107040
2024-04-21T22:24:15.942 INFO:teuthology.orchestra.run.smithi008.stdout:/usr/bin/ceph: stderr
2024-04-21T22:24:15.044+0000 7f6d52ffd700 1 -- 172.21.15.8:0/2970207712 <== mon.0 v2:172.21.15.8:3300/0 2 ==== config(27 keys) v1 ==== 1037+0+0 (secure 0 0 0) 0x7f6d5401a8a0 con 0x7f6d60107040
2024-04-21T22:24:15.942 INFO:teuthology.orchestra.run.smithi008.stdout:/usr/bin/ceph: stderr
2024-04-21T22:24:15.044+0000 7f6d52ffd700 1 -- 172.21.15.8:0/2970207712 <== mon.0 v2:172.21.15.8:3300/0 3 ==== mon_map magic: 0 v1 ==== 229+0+0 (secure 0 0 0) 0x7f6d54019930 con 0x7f6d60107040
2024-04-21T22:24:15.943 INFO:teuthology.orchestra.run.smithi008.stdout:/usr/bin/ceph: stderr
2024-04-21T22:24:15.044+0000 7f6d67f4d700 1 -- 172.21.15.8:0/2970207712 --> [v2:172.21.15.8:3300/0,v1:172.21.15.8:6789/0] -- mon_subscribe({osdmap=0}) v3 -- 0x7f6d60105490 con 0x7f6d60107040
2024-04-21T22:24:15.943 INFO:teuthology.orchestra.run.smithi008.stdout:/usr/bin/ceph: stderr
2024-04-21T22:24:15.045+0000 7f6d52ffd700 1 -- 172.21.15.8:0/2970207712 <== mon.0 v2:172.21.15.8:3300/0 4 ==== mgrmap(e 4) v1 ==== 45272+0+0 (secure 0 0 0) 0x7f6d54019bf0 con 0x7f6d60107040
2024-04-21T22:24:15.943 INFO:teuthology.orchestra.run.smithi008.stdout:/usr/bin/ceph: stderr
2024-04-21T22:24:15.045+0000 7f6d52ffd700 1 --2- 172.21.15.8:0/2970207712 >> [v2:172.21.15.8:6800/1261169664,v1:172.21.15.8:6801/1261169664] conn(0x7f6d4c038290 0x7f6d4c03a750 unknown :-1 s=NONE pgs=0 cs=0 l=1 rev1=0 crypto rx=0 tx=0 comp rx=0 tx=0).connect
2024-04-21T22:24:15.943 INFO:teuthology.orchestra.run.smithi008.stdout:/usr/bin/ceph: stderr
2024-04-21T22:24:15.045+0000 7f6d52ffd700 1 -- 172.21.15.8:0/2970207712 <== mon.0 v2:172.21.15.8:3300/0 5 ==== osd_map(1..1 src has 1..1) v4 ==== 725+0+0 (secure 0 0 0) 0x7f6d5404c670 con 0x7f6d60107040
2024-04-21T22:24:15.943 INFO:teuthology.orchestra.run.smithi008.stdout:/usr/bin/ceph: stderr
2024-04-21T22:24:15.045+0000 7f6d67f4d700 1 -- 172.21.15.8:0/2970207712 --> [v2:172.21.15.8:3300/0,v1:172.21.15.8:6789/0] -- mon_command({"prefix": "get_command_descriptions"} v 0) v1 -- 0x7f6d6010a690 con 0x7f6d60107040
2024-04-21T22:24:15.943 INFO:teuthology.orchestra.run.smithi008.stdout:/usr/bin/ceph: stderr
2024-04-21T22:24:15.045+0000 7f6d654e8700 1 --2- 172.21.15.8:0/2970207712 >> [v2:172.21.15.8:6800/1261169664,v1:172.21.15.8:6801/1261169664] conn(0x7f6d4c038290 0x7f6d4c03a750 unknown :-1 s=BANNER_CONNECTING pgs=0 cs=0 l=1 rev1=0 crypto rx=0 tx=0 comp rx=0 tx=0)._handle_peer_banner_payload supported=3 required=0
2024-04-21T22:24:15.943 INFO:teuthology.orchestra.run.smithi008.stdout:/usr/bin/ceph: stderr
2024-04-21T22:24:15.045+0000 7f6d654e8700 1 --2- 172.21.15.8:0/2970207712 >> [v2:172.21.15.8:6800/1261169664,v1:172.21.15.8:6801/1261169664] conn(0x7f6d4c038290 0x7f6d4c03a750 secure :-1 s=READY pgs=8 cs=0 l=1 rev1=1 crypto rx=0x7f6d5c006fd0 tx=0x7f6d5c006e40 comp rx=0 tx=0).ready entity=mgr.14100 client_cookie=0 server_cookie=0 in_seq=0 out_seq=0
2024-04-21T22:24:15.943 INFO:teuthology.orchestra.run.smithi008.stdout:/usr/bin/ceph: stderr
2024-04-21T22:24:15.050+0000 7f6d52ffd700 1 -- 172.21.15.8:0/2970207712 <== mon.0 v2:172.21.15.8:3300/0 6 ==== mon_command_ack([{"prefix": "get_command_descriptions"}]=0 v0) v1 ==== 72+0+180422 (secure 0 0 0) 0x7f6d5402d440 con 0x7f6d60107040
2024-04-21T22:24:15.943 INFO:teuthology.orchestra.run.smithi008.stdout:/usr/bin/ceph: stderr
2024-04-21T22:24:15.304+0000 7f6d67f4d700 1 -- 172.21.15.8:0/2970207712 --> [v2:172.21.15.8:3300/0,v1:172.21.15.8:6789/0] -- mon_command({"prefix": "mgr module enable", "module": "cephadm"} v 0) v1 -- 0x7f6d6010a880 con 0x7f6d60107040
2024-04-21T22:24:15.943 INFO:teuthology.orchestra.run.smithi008.stdout:/usr/bin/ceph: stderr
2024-04-21T22:24:15.357+0000 7f6d52ffd700 1 -- 172.21.15.8:0/2970207712 <== mon.0 v2:172.21.15.8:3300/0 7 ==== mgrmap(e 5) v1 ==== 45283+0+0 (secure 0 0 0) 0x7f6d5402c3a0 con 0x7f6d60107040
2024-04-21T22:24:15.943 INFO:teuthology.orchestra.run.smithi008.stdout:/usr/bin/ceph: stderr
2024-04-21T22:24:15.358+0000 7f6d52ffd700 1 -- 172.21.15.8:0/2970207712 <== mon.0 v2:172.21.15.8:3300/0 8 ==== mon_command_ack([{"prefix": "mgr module enable", "module": "cephadm"}]=0 v5) v1 ==== 86+0+0 (secure 0 0 0) 0x7f6d54016db0 con 0x7f6d60107040
2024-04-21T22:24:15.943 INFO:teuthology.orchestra.run.smithi008.stdout:/usr/bin/ceph: stderr
2024-04-21T22:24:15.360+0000 7f6d67f4d700 1 -- 172.21.15.8:0/2970207712 >> [v2:172.21.15.8:6800/1261169664,v1:172.21.15.8:6801/1261169664] conn(0x7f6d4c038290 msgr2=0x7f6d4c03a750 secure :-1 s=STATE_CONNECTION_ESTABLISHED l=1).mark_down
2024-04-21T22:24:15.943 INFO:teuthology.orchestra.run.smithi008.stdout:/usr/bin/ceph: stderr
2024-04-21T22:24:15.360+0000 7f6d67f4d700 1 --2- 172.21.15.8:0/2970207712 >> [v2:172.21.15.8:6800/1261169664,v1:172.21.15.8:6801/1261169664] conn(0x7f6d4c038290 0x7f6d4c03a750 secure :-1 s=READY pgs=8 cs=0 l=1 rev1=1 crypto rx=0x7f6d5c006fd0 tx=0x7f6d5c006e40 comp rx=0 tx=0).stop
2024-04-21T22:24:15.943 INFO:teuthology.orchestra.run.smithi008.stdout:/usr/bin/ceph: stderr
2024-04-21T22:24:15.360+0000 7f6d67f4d700 1 -- 172.21.15.8:0/2970207712 >> [v2:172.21.15.8:3300/0,v1:172.21.15.8:6789/0] conn(0x7f6d60107040 msgr2=0x7f6d601069a0 secure :-1 s=STATE_CONNECTION_ESTABLISHED l=1).mark_down
2024-04-21T22:24:15.944 INFO:teuthology.orchestra.run.smithi008.stdout:/usr/bin/ceph: stderr
2024-04-21T22:24:15.360+0000 7f6d67f4d700 1 --2- 172.21.15.8:0/2970207712 >> [v2:172.21.15.8:3300/0,v1:172.21.15.8:6789/0] conn(0x7f6d60107040 0x7f6d601069a0 secure :-1 s=READY pgs=23 cs=0 l=1 rev1=1 crypto rx=0x7f6d540119e0 tx=0x7f6d54011ac0 comp rx=0 tx=0).stop
2024-04-21T22:24:15.944 INFO:teuthology.orchestra.run.smithi008.stdout:/usr/bin/ceph: stderr
2024-04-21T22:24:15.360+0000 7f6d67f4d700 1 -- 172.21.15.8:0/2970207712 shutdown_connections
2024-04-21T22:24:15.944 INFO:teuthology.orchestra.run.smithi008.stdout:/usr/bin/ceph: stderr
2024-04-21T22:24:15.361+0000 7f6d67f4d700 1 --2- 172.21.15.8:0/2970207712 >> [v2:172.21.15.8:6800/1261169664,v1:172.21.15.8:6801/1261169664] conn(0x7f6d4c038290 0x7f6d4c03a750 unknown :-1 s=CLOSED pgs=8 cs=0 l=1 rev1=1 crypto rx=0 tx=0 comp rx=0 tx=0).stop
2024-04-21T22:24:15.944 INFO:teuthology.orchestra.run.smithi008.stdout:/usr/bin/ceph: stderr
2024-04-21T22:24:15.361+0000 7f6d67f4d700 1 --2- 172.21.15.8:0/2970207712 >> [v2:172.21.15.8:3300/0,v1:172.21.15.8:6789/0] conn(0x7f6d60107040 0x7f6d601069a0 unknown :-1 s=CLOSED pgs=23 cs=0 l=1 rev1=1 crypto rx=0 tx=0 comp rx=0 tx=0).stop
2024-04-21T22:24:15.944 INFO:teuthology.orchestra.run.smithi008.stdout:/usr/bin/ceph: stderr
2024-04-21T22:24:15.361+0000 7f6d67f4d700 1 -- 172.21.15.8:0/2970207712 >> 172.21.15.8:0/2970207712 conn(0x7f6d601009f0 msgr2=0x7f6d60101780 unknown :-1 s=STATE_NONE l=0).mark_down
2024-04-21T22:24:15.944 INFO:teuthology.orchestra.run.smithi008.stdout:/usr/bin/ceph: stderr
2024-04-21T22:24:15.361+0000 7f6d67f4d700 1 -- 172.21.15.8:0/2970207712 shutdown_connections
2024-04-21T22:24:15.944 INFO:teuthology.orchestra.run.smithi008.stdout:/usr/bin/ceph: stderr
2024-04-21T22:24:15.361+0000 7f6d67f4d700 1 -- 172.21.15.8:0/2970207712 wait complete.
2024-04-21T22:24:16.637 INFO:journalctl@ceph.mon.smithi008.smithi008.stdout:Apr 21 22:24:16 smithi008 ceph-mon[26630]: from='client.? 172.21.15.8:0/2970207712' entity='client.admin' cmd='[{"prefix": "mgr module enable", "module": "cephadm"}]': finished
2024-04-21T22:24:16.637 INFO:journalctl@ceph.mon.smithi008.smithi008.stdout:Apr 21 22:24:16 smithi008 ceph-mon[26630]: mgrmap e5: smithi008.ebltsz(active, since 6s)
2024-04-21T22:24:17.289 INFO:teuthology.orchestra.run.smithi008.stdout:/usr/bin/ceph: stdout {
2024-04-21T22:24:17.289 INFO:teuthology.orchestra.run.smithi008.stdout:/usr/bin/ceph: stdout "epoch": 5,
2024-04-21T22:24:17.289 INFO:teuthology.orchestra.run.smithi008.stdout:/usr/bin/ceph: stdout "available": true,
2024-04-21T22:24:17.289 INFO:teuthology.orchestra.run.smithi008.stdout:/usr/bin/ceph: stdout "active_name": "smithi008.ebltsz",
2024-04-21T22:24:17.289 INFO:teuthology.orchestra.run.smithi008.stdout:/usr/bin/ceph: stdout "num_standby": 0
2024-04-21T22:24:17.289 INFO:teuthology.orchestra.run.smithi008.stdout:/usr/bin/ceph: stdout }
2024-04-21T22:24:17.289 INFO:teuthology.orchestra.run.smithi008.stdout:/usr/bin/ceph: stderr
2024-04-21T22:24:16.431+0000 7fa9dc20a700 1 Processor -- start
2024-04-21T22:24:17.289 INFO:teuthology.orchestra.run.smithi008.stdout:/usr/bin/ceph: stderr
2024-04-21T22:24:16.431+0000 7fa9dc20a700 1 -- start start
2024-04-21T22:24:17.289 INFO:teuthology.orchestra.run.smithi008.stdout:/usr/bin/ceph: stderr
2024-04-21T22:24:16.431+0000 7fa9dc20a700 1 --2- >> [v2:172.21.15.8:3300/0,v1:172.21.15.8:6789/0] conn(0x7fa9d4106fe0 0x7fa9d41093d0 unknown :-1 s=NONE pgs=0 cs=0 l=0 rev1=0 crypto rx=0 tx=0 comp rx=0 tx=0).connect
2024-04-21T22:24:17.289 INFO:teuthology.orchestra.run.smithi008.stdout:/usr/bin/ceph: stderr
2024-04-21T22:24:16.431+0000 7fa9dc20a700 1 -- --> [v2:172.21.15.8:3300/0,v1:172.21.15.8:6789/0] -- mon_getmap magic: 0 v1 -- 0x7fa9d4079e90 con 0x7fa9d4106fe0
2024-04-21T22:24:17.290 INFO:teuthology.orchestra.run.smithi008.stdout:/usr/bin/ceph: stderr
2024-04-21T22:24:16.431+0000 7fa9d9fa6700 1 --2- >> [v2:172.21.15.8:3300/0,v1:172.21.15.8:6789/0] conn(0x7fa9d4106fe0 0x7fa9d41093d0 unknown :-1 s=BANNER_CONNECTING pgs=0 cs=0 l=0 rev1=0 crypto rx=0 tx=0 comp rx=0 tx=0)._handle_peer_banner_payload supported=3 required=0
2024-04-21T22:24:17.290 INFO:teuthology.orchestra.run.smithi008.stdout:/usr/bin/ceph: stderr
2024-04-21T22:24:16.431+0000 7fa9d9fa6700 1 --2- >> [v2:172.21.15.8:3300/0,v1:172.21.15.8:6789/0] conn(0x7fa9d4106fe0 0x7fa9d41093d0 unknown :-1 s=HELLO_CONNECTING pgs=0 cs=0 l=0 rev1=1 crypto rx=0 tx=0 comp rx=0 tx=0).handle_hello peer v2:172.21.15.8:3300/0 says I am v2:172.21.15.8:40798/0 (socket says 172.21.15.8:40798)
2024-04-21T22:24:17.290 INFO:teuthology.orchestra.run.smithi008.stdout:/usr/bin/ceph: stderr
2024-04-21T22:24:16.431+0000 7fa9d9fa6700 1 -- 172.21.15.8:0/1872304950 learned_addr learned my addr 172.21.15.8:0/1872304950 (peer_addr_for_me v2:172.21.15.8:0/0)
2024-04-21T22:24:17.290 INFO:teuthology.orchestra.run.smithi008.stdout:/usr/bin/ceph: stderr
2024-04-21T22:24:16.432+0000 7fa9d9fa6700 1 -- 172.21.15.8:0/1872304950 --> [v2:172.21.15.8:3300/0,v1:172.21.15.8:6789/0] -- mon_subscribe({config=0+,monmap=0+}) v3 -- 0x7fa9d4109910 con 0x7fa9d4106fe0
2024-04-21T22:24:17.290 INFO:teuthology.orchestra.run.smithi008.stdout:/usr/bin/ceph: stderr
