2024-04-21T22:58:47.510 INFO:teuthology.orchestra.run.smithi044.stdout:/usr/bin/ceph: stdout "checks": {},
2024-04-21T22:58:47.510 INFO:teuthology.orchestra.run.smithi044.stdout:/usr/bin/ceph: stdout "mutes": []
2024-04-21T22:58:47.510 INFO:teuthology.orchestra.run.smithi044.stdout:/usr/bin/ceph: stdout },
2024-04-21T22:58:47.510 INFO:teuthology.orchestra.run.smithi044.stdout:/usr/bin/ceph: stdout "election_epoch": 5,
2024-04-21T22:58:47.510 INFO:teuthology.orchestra.run.smithi044.stdout:/usr/bin/ceph: stdout "quorum": [
2024-04-21T22:58:47.510 INFO:teuthology.orchestra.run.smithi044.stdout:/usr/bin/ceph: stdout 0
2024-04-21T22:58:47.510 INFO:teuthology.orchestra.run.smithi044.stdout:/usr/bin/ceph: stdout ],
2024-04-21T22:58:47.510 INFO:teuthology.orchestra.run.smithi044.stdout:/usr/bin/ceph: stdout "quorum_names": [
2024-04-21T22:58:47.510 INFO:teuthology.orchestra.run.smithi044.stdout:/usr/bin/ceph: stdout "a"
2024-04-21T22:58:47.510 INFO:teuthology.orchestra.run.smithi044.stdout:/usr/bin/ceph: stdout ],
2024-04-21T22:58:47.510 INFO:teuthology.orchestra.run.smithi044.stdout:/usr/bin/ceph: stdout "quorum_age": 14,
2024-04-21T22:58:47.510 INFO:teuthology.orchestra.run.smithi044.stdout:/usr/bin/ceph: stdout "monmap": {
2024-04-21T22:58:47.511 INFO:teuthology.orchestra.run.smithi044.stdout:/usr/bin/ceph: stdout "epoch": 1,
2024-04-21T22:58:47.511 INFO:teuthology.orchestra.run.smithi044.stdout:/usr/bin/ceph: stdout "min_mon_release_name": "squid",
2024-04-21T22:58:47.511 INFO:teuthology.orchestra.run.smithi044.stdout:/usr/bin/ceph: stdout "num_mons": 1
2024-04-21T22:58:47.511 INFO:teuthology.orchestra.run.smithi044.stdout:/usr/bin/ceph: stdout },
2024-04-21T22:58:47.511 INFO:teuthology.orchestra.run.smithi044.stdout:/usr/bin/ceph: stdout "osdmap": {
2024-04-21T22:58:47.511 INFO:teuthology.orchestra.run.smithi044.stdout:/usr/bin/ceph: stdout "epoch": 1,
2024-04-21T22:58:47.511 INFO:teuthology.orchestra.run.smithi044.stdout:/usr/bin/ceph: stdout "num_osds": 0,
2024-04-21T22:58:47.511 INFO:teuthology.orchestra.run.smithi044.stdout:/usr/bin/ceph: stdout "num_up_osds": 0,
2024-04-21T22:58:47.511 INFO:teuthology.orchestra.run.smithi044.stdout:/usr/bin/ceph: stdout "osd_up_since": 0,
2024-04-21T22:58:47.520 INFO:teuthology.orchestra.run.smithi044.stdout:/usr/bin/ceph: stdout "num_in_osds": 0,
2024-04-21T22:58:47.520 INFO:teuthology.orchestra.run.smithi044.stdout:/usr/bin/ceph: stdout "osd_in_since": 0,
2024-04-21T22:58:47.521 INFO:teuthology.orchestra.run.smithi044.stdout:/usr/bin/ceph: stdout "num_remapped_pgs": 0
2024-04-21T22:58:47.521 INFO:teuthology.orchestra.run.smithi044.stdout:/usr/bin/ceph: stdout },
2024-04-21T22:58:47.521 INFO:teuthology.orchestra.run.smithi044.stdout:/usr/bin/ceph: stdout "pgmap": {
2024-04-21T22:58:47.521 INFO:teuthology.orchestra.run.smithi044.stdout:/usr/bin/ceph: stdout "pgs_by_state": [],
2024-04-21T22:58:47.521 INFO:teuthology.orchestra.run.smithi044.stdout:/usr/bin/ceph: stdout "num_pgs": 0,
2024-04-21T22:58:47.521 INFO:teuthology.orchestra.run.smithi044.stdout:/usr/bin/ceph: stdout "num_pools": 0,
2024-04-21T22:58:47.521 INFO:teuthology.orchestra.run.smithi044.stdout:/usr/bin/ceph: stdout "num_objects": 0,
2024-04-21T22:58:47.521 INFO:teuthology.orchestra.run.smithi044.stdout:/usr/bin/ceph: stdout "data_bytes": 0,
2024-04-21T22:58:47.521 INFO:teuthology.orchestra.run.smithi044.stdout:/usr/bin/ceph: stdout "bytes_used": 0,
2024-04-21T22:58:47.521 INFO:teuthology.orchestra.run.smithi044.stdout:/usr/bin/ceph: stdout "bytes_avail": 0,
2024-04-21T22:58:47.521 INFO:teuthology.orchestra.run.smithi044.stdout:/usr/bin/ceph: stdout "bytes_total": 0
2024-04-21T22:58:47.521 INFO:teuthology.orchestra.run.smithi044.stdout:/usr/bin/ceph: stdout },
2024-04-21T22:58:47.521 INFO:teuthology.orchestra.run.smithi044.stdout:/usr/bin/ceph: stdout "fsmap": {
2024-04-21T22:58:47.522 INFO:teuthology.orchestra.run.smithi044.stdout:/usr/bin/ceph: stdout "epoch": 1,
2024-04-21T22:58:47.522 INFO:teuthology.orchestra.run.smithi044.stdout:/usr/bin/ceph: stdout "by_rank": [],
2024-04-21T22:58:47.522 INFO:teuthology.orchestra.run.smithi044.stdout:/usr/bin/ceph: stdout "up:standby": 0
2024-04-21T22:58:47.522 INFO:teuthology.orchestra.run.smithi044.stdout:/usr/bin/ceph: stdout },
2024-04-21T22:58:47.522 INFO:teuthology.orchestra.run.smithi044.stdout:/usr/bin/ceph: stdout "mgrmap": {
2024-04-21T22:58:47.522 INFO:teuthology.orchestra.run.smithi044.stdout:/usr/bin/ceph: stdout "available": true,
2024-04-21T22:58:47.522 INFO:teuthology.orchestra.run.smithi044.stdout:/usr/bin/ceph: stdout "num_standbys": 0,
2024-04-21T22:58:47.522 INFO:teuthology.orchestra.run.smithi044.stdout:/usr/bin/ceph: stdout "modules": [
2024-04-21T22:58:47.522 INFO:teuthology.orchestra.run.smithi044.stdout:/usr/bin/ceph: stdout "iostat",
2024-04-21T22:58:47.522 INFO:teuthology.orchestra.run.smithi044.stdout:/usr/bin/ceph: stdout "nfs",
2024-04-21T22:58:47.522 INFO:teuthology.orchestra.run.smithi044.stdout:/usr/bin/ceph: stdout "restful"
2024-04-21T22:58:47.522 INFO:teuthology.orchestra.run.smithi044.stdout:/usr/bin/ceph: stdout ],
2024-04-21T22:58:47.522 INFO:teuthology.orchestra.run.smithi044.stdout:/usr/bin/ceph: stdout "services": {}
2024-04-21T22:58:47.522 INFO:teuthology.orchestra.run.smithi044.stdout:/usr/bin/ceph: stdout },
2024-04-21T22:58:47.523 INFO:teuthology.orchestra.run.smithi044.stdout:/usr/bin/ceph: stdout "servicemap": {
2024-04-21T22:58:47.523 INFO:teuthology.orchestra.run.smithi044.stdout:/usr/bin/ceph: stdout "epoch": 1,
2024-04-21T22:58:47.523 INFO:teuthology.orchestra.run.smithi044.stdout:/usr/bin/ceph: stdout "modified": "2024-04-21T22:58:23.196647+0000",
2024-04-21T22:58:47.523 INFO:teuthology.orchestra.run.smithi044.stdout:/usr/bin/ceph: stdout "services": {}
2024-04-21T22:58:47.523 INFO:teuthology.orchestra.run.smithi044.stdout:/usr/bin/ceph: stdout },
2024-04-21T22:58:47.523 INFO:teuthology.orchestra.run.smithi044.stdout:/usr/bin/ceph: stdout "progress_events": {}
2024-04-21T22:58:47.523 INFO:teuthology.orchestra.run.smithi044.stdout:/usr/bin/ceph: stdout }
2024-04-21T22:58:47.523 INFO:teuthology.orchestra.run.smithi044.stdout:/usr/bin/ceph: stderr
2024-04-21T22:58:42.189+0000 7f6fb3072700 1 Processor -- start
2024-04-21T22:58:47.523 INFO:teuthology.orchestra.run.smithi044.stdout:/usr/bin/ceph: stderr
2024-04-21T22:58:42.189+0000 7f6fb3072700 1 -- start start
2024-04-21T22:58:47.523 INFO:teuthology.orchestra.run.smithi044.stdout:/usr/bin/ceph: stderr
2024-04-21T22:58:42.189+0000 7f6fb3072700 1 --2- >> [v2:172.21.15.44:3300/0,v1:172.21.15.44:6789/0] conn(0x7f6fac07de20 0x7f6fac07c320 unknown :-1 s=NONE pgs=0 cs=0 l=0 rev1=0 crypto rx=0 tx=0 comp rx=0 tx=0).connect
2024-04-21T22:58:47.523 INFO:teuthology.orchestra.run.smithi044.stdout:/usr/bin/ceph: stderr
2024-04-21T22:58:42.189+0000 7f6fb3072700 1 -- --> [v2:172.21.15.44:3300/0,v1:172.21.15.44:6789/0] -- mon_getmap magic: 0 -- 0x7f6fac07c860 con 0x7f6fac07de20
2024-04-21T22:58:47.523 INFO:teuthology.orchestra.run.smithi044.stdout:/usr/bin/ceph: stderr
2024-04-21T22:58:42.189+0000 7f6fb0e0e700 1 --2- >> [v2:172.21.15.44:3300/0,v1:172.21.15.44:6789/0] conn(0x7f6fac07de20 0x7f6fac07c320 unknown :-1 s=BANNER_CONNECTING pgs=0 cs=0 l=0 rev1=0 crypto rx=0 tx=0 comp rx=0 tx=0)._handle_peer_banner_payload supported=3 required=0
2024-04-21T22:58:47.523 INFO:teuthology.orchestra.run.smithi044.stdout:/usr/bin/ceph: stderr
2024-04-21T22:58:42.189+0000 7f6fb0e0e700 1 --2- >> [v2:172.21.15.44:3300/0,v1:172.21.15.44:6789/0] conn(0x7f6fac07de20 0x7f6fac07c320 unknown :-1 s=HELLO_CONNECTING pgs=0 cs=0 l=0 rev1=1 crypto rx=0 tx=0 comp rx=0 tx=0).handle_hello peer v2:172.21.15.44:3300/0 says I am v2:172.21.15.44:43124/0 (socket says 172.21.15.44:43124)
2024-04-21T22:58:47.523 INFO:teuthology.orchestra.run.smithi044.stdout:/usr/bin/ceph: stderr
2024-04-21T22:58:42.189+0000 7f6fb0e0e700 1 -- 172.21.15.44:0/3940960407 learned_addr learned my addr 172.21.15.44:0/3940960407 (peer_addr_for_me v2:172.21.15.44:0/0)
2024-04-21T22:58:47.524 INFO:teuthology.orchestra.run.smithi044.stdout:/usr/bin/ceph: stderr
2024-04-21T22:58:42.190+0000 7f6fb0e0e700 1 -- 172.21.15.44:0/3940960407 --> [v2:172.21.15.44:3300/0,v1:172.21.15.44:6789/0] -- mon_subscribe({config=0+,monmap=0+}) -- 0x7f6fac07c9e0 con 0x7f6fac07de20
2024-04-21T22:58:47.524 INFO:teuthology.orchestra.run.smithi044.stdout:/usr/bin/ceph: stderr
2024-04-21T22:58:42.190+0000 7f6fb0e0e700 1 --2- 172.21.15.44:0/3940960407 >> [v2:172.21.15.44:3300/0,v1:172.21.15.44:6789/0] conn(0x7f6fac07de20 0x7f6fac07c320 secure :-1 s=READY pgs=18 cs=0 l=1 rev1=1 crypto rx=0x7f6fa00098a0 tx=0x7f6fa0009bb0 comp rx=0 tx=0).ready entity=mon.0 client_cookie=698327401d00ccf9 server_cookie=0 in_seq=0 out_seq=0
2024-04-21T22:58:47.524 INFO:teuthology.orchestra.run.smithi044.stdout:/usr/bin/ceph: stderr
2024-04-21T22:58:42.190+0000 7f6fab7fe700 1 -- 172.21.15.44:0/3940960407 <== mon.0 v2:172.21.15.44:3300/0 1 ==== mon_map magic: 0 ==== 205+0+0 (secure 0 0 0) 0x7f6fa0004160 con 0x7f6fac07de20
2024-04-21T22:58:47.524 INFO:teuthology.orchestra.run.smithi044.stdout:/usr/bin/ceph: stderr
2024-04-21T22:58:42.190+0000 7f6fab7fe700 1 -- 172.21.15.44:0/3940960407 <== mon.0 v2:172.21.15.44:3300/0 2 ==== config(27 keys) ==== 1109+0+0 (secure 0 0 0) 0x7f6fa0004300 con 0x7f6fac07de20
2024-04-21T22:58:47.524 INFO:teuthology.orchestra.run.smithi044.stdout:/usr/bin/ceph: stderr
2024-04-21T22:58:42.190+0000 7f6fab7fe700 1 -- 172.21.15.44:0/3940960407 <== mon.0 v2:172.21.15.44:3300/0 3 ==== mon_map magic: 0 ==== 205+0+0 (secure 0 0 0) 0x7f6fa0011b50 con 0x7f6fac07de20
2024-04-21T22:58:47.524 INFO:teuthology.orchestra.run.smithi044.stdout:/usr/bin/ceph: stderr
2024-04-21T22:58:42.191+0000 7f6fb3072700 1 -- 172.21.15.44:0/3940960407 >> [v2:172.21.15.44:3300/0,v1:172.21.15.44:6789/0] conn(0x7f6fac07de20 msgr2=0x7f6fac07c320 secure :-1 s=STATE_CONNECTION_ESTABLISHED l=1).mark_down
2024-04-21T22:58:47.524 INFO:teuthology.orchestra.run.smithi044.stdout:/usr/bin/ceph: stderr
2024-04-21T22:58:42.191+0000 7f6fb3072700 1 --2- 172.21.15.44:0/3940960407 >> [v2:172.21.15.44:3300/0,v1:172.21.15.44:6789/0] conn(0x7f6fac07de20 0x7f6fac07c320 secure :-1 s=READY pgs=18 cs=0 l=1 rev1=1 crypto rx=0x7f6fa00098a0 tx=0x7f6fa0009bb0 comp rx=0 tx=0).stop
2024-04-21T22:58:47.524 INFO:teuthology.orchestra.run.smithi044.stdout:/usr/bin/ceph: stderr
2024-04-21T22:58:42.191+0000 7f6fb3072700 1 -- 172.21.15.44:0/3940960407 shutdown_connections
2024-04-21T22:58:47.524 INFO:teuthology.orchestra.run.smithi044.stdout:/usr/bin/ceph: stderr
2024-04-21T22:58:42.191+0000 7f6fb3072700 1 --2- 172.21.15.44:0/3940960407 >> [v2:172.21.15.44:3300/0,v1:172.21.15.44:6789/0] conn(0x7f6fac07de20 0x7f6fac07c320 unknown :-1 s=CLOSED pgs=18 cs=0 l=1 rev1=1 crypto rx=0 tx=0 comp rx=0 tx=0).stop
2024-04-21T22:58:47.524 INFO:teuthology.orchestra.run.smithi044.stdout:/usr/bin/ceph: stderr
2024-04-21T22:58:42.191+0000 7f6fb3072700 1 -- 172.21.15.44:0/3940960407 >> 172.21.15.44:0/3940960407 conn(0x7f6fac103230 msgr2=0x7f6fac105650 unknown :-1 s=STATE_NONE l=0).mark_down
2024-04-21T22:58:47.524 INFO:teuthology.orchestra.run.smithi044.stdout:/usr/bin/ceph: stderr
2024-04-21T22:58:42.191+0000 7f6fb3072700 1 -- 172.21.15.44:0/3940960407 shutdown_connections
2024-04-21T22:58:47.524 INFO:teuthology.orchestra.run.smithi044.stdout:/usr/bin/ceph: stderr
2024-04-21T22:58:42.191+0000 7f6fb3072700 1 -- 172.21.15.44:0/3940960407 wait complete.
2024-04-21T22:58:47.524 INFO:teuthology.orchestra.run.smithi044.stdout:/usr/bin/ceph: stderr
2024-04-21T22:58:42.191+0000 7f6fb3072700 1 Processor -- start
2024-04-21T22:58:47.524 INFO:teuthology.orchestra.run.smithi044.stdout:/usr/bin/ceph: stderr
2024-04-21T22:58:42.191+0000 7f6fb3072700 1 -- start start
2024-04-21T22:58:47.525 INFO:teuthology.orchestra.run.smithi044.stdout:/usr/bin/ceph: stderr
2024-04-21T22:58:42.191+0000 7f6fb3072700 1 --2- >> [v2:172.21.15.44:3300/0,v1:172.21.15.44:6789/0] conn(0x7f6fac07de20 0x7f6fac19dda0 unknown :-1 s=NONE pgs=0 cs=0 l=1 rev1=0 crypto rx=0 tx=0 comp rx=0 tx=0).connect
2024-04-21T22:58:47.525 INFO:teuthology.orchestra.run.smithi044.stdout:/usr/bin/ceph: stderr
2024-04-21T22:58:42.191+0000 7f6fb3072700 1 -- --> [v2:172.21.15.44:3300/0,v1:172.21.15.44:6789/0] -- mon_getmap magic: 0 -- 0x7f6fac10e1c0 con 0x7f6fac07de20
2024-04-21T22:58:47.525 INFO:teuthology.orchestra.run.smithi044.stdout:/usr/bin/ceph: stderr
2024-04-21T22:58:42.192+0000 7f6fb0e0e700 1 --2- >> [v2:172.21.15.44:3300/0,v1:172.21.15.44:6789/0] conn(0x7f6fac07de20 0x7f6fac19dda0 unknown :-1 s=BANNER_CONNECTING pgs=0 cs=0 l=1 rev1=0 crypto rx=0 tx=0 comp rx=0 tx=0)._handle_peer_banner_payload supported=3 required=0
2024-04-21T22:58:47.525 INFO:teuthology.orchestra.run.smithi044.stdout:/usr/bin/ceph: stderr
2024-04-21T22:58:42.192+0000 7f6fb0e0e700 1 --2- >> [v2:172.21.15.44:3300/0,v1:172.21.15.44:6789/0] conn(0x7f6fac07de20 0x7f6fac19dda0 unknown :-1 s=HELLO_CONNECTING pgs=0 cs=0 l=1 rev1=1 crypto rx=0 tx=0 comp rx=0 tx=0).handle_hello peer v2:172.21.15.44:3300/0 says I am v2:172.21.15.44:43138/0 (socket says 172.21.15.44:43138)
2024-04-21T22:58:47.525 INFO:teuthology.orchestra.run.smithi044.stdout:/usr/bin/ceph: stderr
2024-04-21T22:58:42.192+0000 7f6fb0e0e700 1 -- 172.21.15.44:0/2290684287 learned_addr learned my addr 172.21.15.44:0/2290684287 (peer_addr_for_me v2:172.21.15.44:0/0)
2024-04-21T22:58:47.525 INFO:teuthology.orchestra.run.smithi044.stdout:/usr/bin/ceph: stderr
2024-04-21T22:58:42.192+0000 7f6fb0e0e700 1 -- 172.21.15.44:0/2290684287 --> [v2:172.21.15.44:3300/0,v1:172.21.15.44:6789/0] -- mon_subscribe({config=0+,monmap=0+}) -- 0x7f6fac19e2e0 con 0x7f6fac07de20
2024-04-21T22:58:47.525 INFO:teuthology.orchestra.run.smithi044.stdout:/usr/bin/ceph: stderr
2024-04-21T22:58:42.192+0000 7f6fb0e0e700 1 --2- 172.21.15.44:0/2290684287 >> [v2:172.21.15.44:3300/0,v1:172.21.15.44:6789/0] conn(0x7f6fac07de20 0x7f6fac19dda0 secure :-1 s=READY pgs=19 cs=0 l=1 rev1=1 crypto rx=0x7f6fa0009fb0 tx=0x7f6fa0011bf0 comp rx=0 tx=0).ready entity=mon.0 client_cookie=0 server_cookie=0 in_seq=0 out_seq=0
2024-04-21T22:58:47.525 INFO:teuthology.orchestra.run.smithi044.stdout:/usr/bin/ceph: stderr
2024-04-21T22:58:42.192+0000 7f6fa9ffb700 1 -- 172.21.15.44:0/2290684287 <== mon.0 v2:172.21.15.44:3300/0 1 ==== mon_map magic: 0 ==== 205+0+0 (secure 0 0 0) 0x7f6fa00038b0 con 0x7f6fac07de20
2024-04-21T22:58:47.525 INFO:teuthology.orchestra.run.smithi044.stdout:/usr/bin/ceph: stderr
2024-04-21T22:58:42.192+0000 7f6fa9ffb700 1 -- 172.21.15.44:0/2290684287 <== mon.0 v2:172.21.15.44:3300/0 2 ==== config(27 keys) ==== 1109+0+0 (secure 0 0 0) 0x7f6fa0011e50 con 0x7f6fac07de20
2024-04-21T22:58:47.525 INFO:teuthology.orchestra.run.smithi044.stdout:/usr/bin/ceph: stderr
2024-04-21T22:58:42.192+0000 7f6fb3072700 1 -- 172.21.15.44:0/2290684287 --> [v2:172.21.15.44:3300/0,v1:172.21.15.44:6789/0] -- mon_subscribe({mgrmap=0+}) -- 0x7f6fac19e570 con 0x7f6fac07de20
2024-04-21T22:58:47.525 INFO:teuthology.orchestra.run.smithi044.stdout:/usr/bin/ceph: stderr
2024-04-21T22:58:42.192+0000 7f6fa9ffb700 1 -- 172.21.15.44:0/2290684287 <== mon.0 v2:172.21.15.44:3300/0 3 ==== mon_map magic: 0 ==== 205+0+0 (secure 0 0 0) 0x7f6fa0019420 con 0x7f6fac07de20
2024-04-21T22:58:47.525 INFO:teuthology.orchestra.run.smithi044.stdout:/usr/bin/ceph: stderr
2024-04-21T22:58:42.192+0000 7f6fb3072700 1 -- 172.21.15.44:0/2290684287 --> [v2:172.21.15.44:3300/0,v1:172.21.15.44:6789/0] -- mon_subscribe({osdmap=0}) -- 0x7f6fac1a1220 con 0x7f6fac07de20
2024-04-21T22:58:47.525 INFO:teuthology.orchestra.run.smithi044.stdout:/usr/bin/ceph: stderr
2024-04-21T22:58:42.193+0000 7f6fa9ffb700 1 -- 172.21.15.44:0/2290684287 <== mon.0 v2:172.21.15.44:3300/0 4 ==== mgrmap(e 4) ==== 46276+0+0 (secure 0 0 0) 0x7f6fa001a430 con 0x7f6fac07de20
2024-04-21T22:58:47.525 INFO:teuthology.orchestra.run.smithi044.stdout:/usr/bin/ceph: stderr
2024-04-21T22:58:42.193+0000 7f6fb3072700 1 -- 172.21.15.44:0/2290684287 --> [v2:172.21.15.44:3300/0,v1:172.21.15.44:6789/0] -- mon_command({"prefix": "get_command_descriptions"} v 0) -- 0x7f6fac063890 con 0x7f6fac07de20
2024-04-21T22:58:47.526 INFO:teuthology.orchestra.run.smithi044.stdout:/usr/bin/ceph: stderr
2024-04-21T22:58:42.193+0000 7f6fa9ffb700 1 --2- 172.21.15.44:0/2290684287 >> [v2:172.21.15.44:6800/2900331072,v1:172.21.15.44:6801/2900331072] conn(0x7f6f9c039000 0x7f6f9c03b4c0 unknown :-1 s=NONE pgs=0 cs=0 l=1 rev1=0 crypto rx=0 tx=0 comp rx=0 tx=0).connect
2024-04-21T22:58:47.526 INFO:teuthology.orchestra.run.smithi044.stdout:/usr/bin/ceph: stderr
2024-04-21T22:58:42.193+0000 7f6fa9ffb700 1 -- 172.21.15.44:0/2290684287 <== mon.0 v2:172.21.15.44:3300/0 5 ==== osd_map(1..1 src has 1..1) ==== 725+0+0 (secure 0 0 0) 0x7f6fa004d150 con 0x7f6fac07de20
2024-04-21T22:58:47.526 INFO:teuthology.orchestra.run.smithi044.stdout:/usr/bin/ceph: stderr
2024-04-21T22:58:42.194+0000 7f6fabfff700 1 --2- 172.21.15.44:0/2290684287 >> [v2:172.21.15.44:6800/2900331072,v1:172.21.15.44:6801/2900331072] conn(0x7f6f9c039000 0x7f6f9c03b4c0 unknown :-1 s=BANNER_CONNECTING pgs=0 cs=0 l=1 rev1=0 crypto rx=0 tx=0 comp rx=0 tx=0)._handle_peer_banner_payload supported=3 required=0
2024-04-21T22:58:47.526 INFO:teuthology.orchestra.run.smithi044.stdout:/usr/bin/ceph: stderr
2024-04-21T22:58:42.194+0000 7f6fabfff700 1 --2- 172.21.15.44:0/2290684287 >> [v2:172.21.15.44:6800/2900331072,v1:172.21.15.44:6801/2900331072] conn(0x7f6f9c039000 0x7f6f9c03b4c0 secure :-1 s=READY pgs=6 cs=0 l=1 rev1=1 crypto rx=0x7f6f98006fd0 tx=0x7f6f98006e40 comp rx=0 tx=0).ready entity=mgr.14100 client_cookie=0 server_cookie=0 in_seq=0 out_seq=0
2024-04-21T22:58:47.526 INFO:teuthology.orchestra.run.smithi044.stdout:/usr/bin/ceph: stderr
2024-04-21T22:58:42.199+0000 7f6fa9ffb700 1 -- 172.21.15.44:0/2290684287 <== mon.0 v2:172.21.15.44:3300/0 6 ==== mon_command_ack([{"prefix": "get_command_descriptions"}]=0 v0) ==== 72+0+186074 (secure 0 0 0) 0x7f6fa002cc80 con 0x7f6fac07de20
2024-04-21T22:58:47.526 INFO:teuthology.orchestra.run.smithi044.stdout:/usr/bin/ceph: stderr
2024-04-21T22:58:42.490+0000 7f6fb3072700 1 -- 172.21.15.44:0/2290684287 --> [v2:172.21.15.44:3300/0,v1:172.21.15.44:6789/0] -- mon_command({"prefix": "status", "format": "json-pretty"} v 0) -- 0x7f6fac1a1440 con 0x7f6fac07de20
2024-04-21T22:58:47.526 INFO:teuthology.orchestra.run.smithi044.stdout:/usr/bin/ceph: stderr
2024-04-21T22:58:42.491+0000 7f6fa9ffb700 1 -- 172.21.15.44:0/2290684287 <== mon.0 v2:172.21.15.44:3300/0 7 ==== mon_command_ack([{"prefix": "status", "format": "json-pretty"}]=0 v0) ==== 79+0+1239 (secure 0 0 0) 0x7f6fac1a1440 con 0x7f6fac07de20
2024-04-21T22:58:47.526 INFO:teuthology.orchestra.run.smithi044.stdout:/usr/bin/ceph: stderr
2024-04-21T22:58:42.493+0000 7f6fb3072700 1 -- 172.21.15.44:0/2290684287 >> [v2:172.21.15.44:6800/2900331072,v1:172.21.15.44:6801/2900331072] conn(0x7f6f9c039000 msgr2=0x7f6f9c03b4c0 secure :-1 s=STATE_CONNECTION_ESTABLISHED l=1).mark_down
2024-04-21T22:58:47.526 INFO:teuthology.orchestra.run.smithi044.stdout:/usr/bin/ceph: stderr
2024-04-21T22:58:42.493+0000 7f6fb3072700 1 --2- 172.21.15.44:0/2290684287 >> [v2:172.21.15.44:6800/2900331072,v1:172.21.15.44:6801/2900331072] conn(0x7f6f9c039000 0x7f6f9c03b4c0 secure :-1 s=READY pgs=6 cs=0 l=1 rev1=1 crypto rx=0x7f6f98006fd0 tx=0x7f6f98006e40 comp rx=0 tx=0).stop
2024-04-21T22:58:47.526 INFO:teuthology.orchestra.run.smithi044.stdout:/usr/bin/ceph: stderr
2024-04-21T22:58:42.493+0000 7f6fb3072700 1 -- 172.21.15.44:0/2290684287 >> [v2:172.21.15.44:3300/0,v1:172.21.15.44:6789/0] conn(0x7f6fac07de20 msgr2=0x7f6fac19dda0 secure :-1 s=STATE_CONNECTION_ESTABLISHED l=1).mark_down
2024-04-21T22:58:47.526 INFO:teuthology.orchestra.run.smithi044.stdout:/usr/bin/ceph: stderr
2024-04-21T22:58:42.493+0000 7f6fb3072700 1 --2- 172.21.15.44:0/2290684287 >> [v2:172.21.15.44:3300/0,v1:172.21.15.44:6789/0] conn(0x7f6fac07de20 0x7f6fac19dda0 secure :-1 s=READY pgs=19 cs=0 l=1 rev1=1 crypto rx=0x7f6fa0009fb0 tx=0x7f6fa0011bf0 comp rx=0 tx=0).stop
2024-04-21T22:58:47.526 INFO:teuthology.orchestra.run.smithi044.stdout:/usr/bin/ceph: stderr
2024-04-21T22:58:42.493+0000 7f6fb3072700 1 -- 172.21.15.44:0/2290684287 shutdown_connections
2024-04-21T22:58:47.526 INFO:teuthology.orchestra.run.smithi044.stdout:/usr/bin/ceph: stderr
2024-04-21T22:58:42.493+0000 7f6fb3072700 1 --2- 172.21.15.44:0/2290684287 >> [v2:172.21.15.44:6800/2900331072,v1:172.21.15.44:6801/2900331072] conn(0x7f6f9c039000 0x7f6f9c03b4c0 unknown :-1 s=CLOSED pgs=6 cs=0 l=1 rev1=1 crypto rx=0 tx=0 comp rx=0 tx=0).stop
2024-04-21T22:58:47.527 INFO:teuthology.orchestra.run.smithi044.stdout:/usr/bin/ceph: stderr
2024-04-21T22:58:42.493+0000 7f6fb3072700 1 --2- 172.21.15.44:0/2290684287 >> [v2:172.21.15.44:3300/0,v1:172.21.15.44:6789/0] conn(0x7f6fac07de20 0x7f6fac19dda0 unknown :-1 s=CLOSED pgs=19 cs=0 l=1 rev1=1 crypto rx=0 tx=0 comp rx=0 tx=0).stop
2024-04-21T22:58:47.527 INFO:teuthology.orchestra.run.smithi044.stdout:/usr/bin/ceph: stderr
2024-04-21T22:58:42.493+0000 7f6fb3072700 1 -- 172.21.15.44:0/2290684287 >> 172.21.15.44:0/2290684287 conn(0x7f6fac103230 msgr2=0x7f6fac103de0 unknown :-1 s=STATE_NONE l=0).mark_down
2024-04-21T22:58:47.527 INFO:teuthology.orchestra.run.smithi044.stdout:/usr/bin/ceph: stderr
2024-04-21T22:58:42.493+0000 7f6fb3072700 1 -- 172.21.15.44:0/2290684287 shutdown_connections
2024-04-21T22:58:47.527 INFO:teuthology.orchestra.run.smithi044.stdout:/usr/bin/ceph: stderr
2024-04-21T22:58:42.493+0000 7f6fb3072700 1 -- 172.21.15.44:0/2290684287 wait complete.
2024-04-21T22:58:47.527 INFO:teuthology.orchestra.run.smithi044.stdout:mgr is available
2024-04-21T22:58:48.435 INFO:journalctl@ceph.mon.a.smithi044.stdout:Apr 21 22:58:48 smithi044 ceph-mon[27934]: from='client.? 172.21.15.44:0/4166962933' entity='client.admin' cmd=[{"prefix": "config assimilate-conf"}]: dispatch
2024-04-21T22:58:48.695 INFO:teuthology.orchestra.run.smithi044.stdout:/usr/bin/ceph: stdout
2024-04-21T22:58:48.695 INFO:teuthology.orchestra.run.smithi044.stdout:/usr/bin/ceph: stdout [global]
2024-04-21T22:58:48.695 INFO:teuthology.orchestra.run.smithi044.stdout:/usr/bin/ceph: stdout fsid = 80909b94-0032-11ef-bc93-c7b262605968
2024-04-21T22:58:48.695 INFO:teuthology.orchestra.run.smithi044.stdout:/usr/bin/ceph: stdout mon_osd_allow_pg_remap = true
2024-04-21T22:58:48.695 INFO:teuthology.orchestra.run.smithi044.stdout:/usr/bin/ceph: stdout mon_osd_allow_primary_affinity = true
2024-04-21T22:58:48.695 INFO:teuthology.orchestra.run.smithi044.stdout:/usr/bin/ceph: stdout mon_warn_on_no_sortbitwise = false
2024-04-21T22:58:48.695 INFO:teuthology.orchestra.run.smithi044.stdout:/usr/bin/ceph: stdout osd_crush_chooseleaf_type = 0
2024-04-21T22:58:48.695 INFO:teuthology.orchestra.run.smithi044.stdout:/usr/bin/ceph: stdout
2024-04-21T22:58:48.695 INFO:teuthology.orchestra.run.smithi044.stdout:/usr/bin/ceph: stdout [mgr]
2024-04-21T22:58:48.696 INFO:teuthology.orchestra.run.smithi044.stdout:/usr/bin/ceph: stdout mgr/telemetry/nag = false
2024-04-21T22:58:48.696 INFO:teuthology.orchestra.run.smithi044.stdout:/usr/bin/ceph: stdout
2024-04-21T22:58:48.696 INFO:teuthology.orchestra.run.smithi044.stdout:/usr/bin/ceph: stdout [osd]
2024-04-21T22:58:48.696 INFO:teuthology.orchestra.run.smithi044.stdout:/usr/bin/ceph: stdout mon_osd_backfillfull_ratio = 0.85
2024-04-21T22:58:48.696 INFO:teuthology.orchestra.run.smithi044.stdout:/usr/bin/ceph: stdout mon_osd_full_ratio = 0.9
2024-04-21T22:58:48.696 INFO:teuthology.orchestra.run.smithi044.stdout:/usr/bin/ceph: stdout mon_osd_nearfull_ratio = 0.8
2024-04-21T22:58:48.696 INFO:teuthology.orchestra.run.smithi044.stdout:/usr/bin/ceph: stdout osd_map_max_advance = 10
2024-04-21T22:58:48.696 INFO:teuthology.orchestra.run.smithi044.stdout:/usr/bin/ceph: stdout osd_sloppy_crc = true
2024-04-21T22:58:48.696 INFO:teuthology.orchestra.run.smithi044.stdout:/usr/bin/ceph: stderr
2024-04-21T22:58:47.906+0000 7fe808b58700 1 Processor -- start
2024-04-21T22:58:48.696 INFO:teuthology.orchestra.run.smithi044.stdout:/usr/bin/ceph: stderr
2024-04-21T22:58:47.906+0000 7fe808b58700 1 -- start start
2024-04-21T22:58:48.696 INFO:teuthology.orchestra.run.smithi044.stdout:/usr/bin/ceph: stderr
2024-04-21T22:58:47.906+0000 7fe808b58700 1 --2- >> [v2:172.21.15.44:3300/0,v1:172.21.15.44:6789/0] conn(0x7fe80407dea0 0x7fe80407c300 unknown :-1 s=NONE pgs=0 cs=0 l=0 rev1=0 crypto rx=0 tx=0 comp rx=0 tx=0).connect
2024-04-21T22:58:48.696 INFO:teuthology.orchestra.run.smithi044.stdout:/usr/bin/ceph: stderr
2024-04-21T22:58:47.906+0000 7fe808b58700 1 -- --> [v2:172.21.15.44:3300/0,v1:172.21.15.44:6789/0] -- mon_getmap magic: 0 -- 0x7fe80407c8d0 con 0x7fe80407dea0
2024-04-21T22:58:48.696 INFO:teuthology.orchestra.run.smithi044.stdout:/usr/bin/ceph: stderr
2024-04-21T22:58:47.907+0000 7fe80259c700 1 --2- >> [v2:172.21.15.44:3300/0,v1:172.21.15.44:6789/0] conn(0x7fe80407dea0 0x7fe80407c300 unknown :-1 s=BANNER_CONNECTING pgs=0 cs=0 l=0 rev1=0 crypto rx=0 tx=0 comp rx=0 tx=0)._handle_peer_banner_payload supported=3 required=0
2024-04-21T22:58:48.696 INFO:teuthology.orchestra.run.smithi044.stdout:/usr/bin/ceph: stderr
2024-04-21T22:58:47.907+0000 7fe80259c700 1 --2- >> [v2:172.21.15.44:3300/0,v1:172.21.15.44:6789/0] conn(0x7fe80407dea0 0x7fe80407c300 unknown :-1 s=HELLO_CONNECTING pgs=0 cs=0 l=0 rev1=1 crypto rx=0 tx=0 comp rx=0 tx=0).handle_hello peer v2:172.21.15.44:3300/0 says I am v2:172.21.15.44:43154/0 (socket says 172.21.15.44:43154)
2024-04-21T22:58:48.697 INFO:teuthology.orchestra.run.smithi044.stdout:/usr/bin/ceph: stderr
2024-04-21T22:58:47.907+0000 7fe80259c700 1 -- 172.21.15.44:0/1974937740 learned_addr learned my addr 172.21.15.44:0/1974937740 (peer_addr_for_me v2:172.21.15.44:0/0)
2024-04-21T22:58:48.697 INFO:teuthology.orchestra.run.smithi044.stdout:/usr/bin/ceph: stderr
2024-04-21T22:58:47.907+0000 7fe80259c700 1 -- 172.21.15.44:0/1974937740 --> [v2:172.21.15.44:3300/0,v1:172.21.15.44:6789/0] -- mon_subscribe({config=0+,monmap=0+}) -- 0x7fe80407ca50 con 0x7fe80407dea0
2024-04-21T22:58:48.697 INFO:teuthology.orchestra.run.smithi044.stdout:/usr/bin/ceph: stderr
2024-04-21T22:58:47.907+0000 7fe80259c700 1 --2- 172.21.15.44:0/1974937740 >> [v2:172.21.15.44:3300/0,v1:172.21.15.44:6789/0] conn(0x7fe80407dea0 0x7fe80407c300 secure :-1 s=READY pgs=20 cs=0 l=1 rev1=1 crypto rx=0x7fe7f4009e80 tx=0x7fe7f400b330 comp rx=0 tx=0).ready entity=mon.0 client_cookie=7b2ee06a98656688 server_cookie=0 in_seq=0 out_seq=0
2024-04-21T22:58:48.697 INFO:teuthology.orchestra.run.smithi044.stdout:/usr/bin/ceph: stderr
2024-04-21T22:58:47.907+0000 7fe80159a700 1 -- 172.21.15.44:0/1974937740 <== mon.0 v2:172.21.15.44:3300/0 1 ==== mon_map magic: 0 ==== 205+0+0 (secure 0 0 0) 0x7fe7f4017070 con 0x7fe80407dea0
2024-04-21T22:58:48.697 INFO:teuthology.orchestra.run.smithi044.stdout:/usr/bin/ceph: stderr
2024-04-21T22:58:47.907+0000 7fe80159a700 1 -- 172.21.15.44:0/1974937740 <== mon.0 v2:172.21.15.44:3300/0 2 ==== config(27 keys) ==== 1109+0+0 (secure 0 0 0) 0x7fe7f400b8c0 con 0x7fe80407dea0
2024-04-21T22:58:48.697 INFO:teuthology.orchestra.run.smithi044.stdout:/usr/bin/ceph: stderr
2024-04-21T22:58:47.907+0000 7fe80159a700 1 -- 172.21.15.44:0/1974937740 <== mon.0 v2:172.21.15.44:3300/0 3 ==== mon_map magic: 0 ==== 205+0+0 (secure 0 0 0) 0x7fe7f40045c0 con 0x7fe80407dea0
2024-04-21T22:58:48.697 INFO:teuthology.orchestra.run.smithi044.stdout:/usr/bin/ceph: stderr
2024-04-21T22:58:47.908+0000 7fe808b58700 1 -- 172.21.15.44:0/1974937740 >> [v2:172.21.15.44:3300/0,v1:172.21.15.44:6789/0] conn(0x7fe80407dea0 msgr2=0x7fe80407c300 secure :-1 s=STATE_CONNECTION_ESTABLISHED l=1).mark_down
2024-04-21T22:58:48.697 INFO:teuthology.orchestra.run.smithi044.stdout:/usr/bin/ceph: stderr
2024-04-21T22:58:47.908+0000 7fe808b58700 1 --2- 172.21.15.44:0/1974937740 >> [v2:172.21.15.44:3300/0,v1:172.21.15.44:6789/0] conn(0x7fe80407dea0 0x7fe80407c300 secure :-1 s=READY pgs=20 cs=0 l=1 rev1=1 crypto rx=0x7fe7f4009e80 tx=0x7fe7f400b330 comp rx=0 tx=0).stop
2024-04-21T22:58:48.697 INFO:teuthology.orchestra.run.smithi044.stdout:/usr/bin/ceph: stderr
2024-04-21T22:58:47.908+0000 7fe808b58700 1 -- 172.21.15.44:0/1974937740 shutdown_connections
2024-04-21T22:58:48.697 INFO:teuthology.orchestra.run.smithi044.stdout:/usr/bin/ceph: stderr
2024-04-21T22:58:47.908+0000 7fe808b58700 1 --2- 172.21.15.44:0/1974937740 >> [v2:172.21.15.44:3300/0,v1:172.21.15.44:6789/0] conn(0x7fe80407dea0 0x7fe80407c300 unknown :-1 s=CLOSED pgs=20 cs=0 l=1 rev1=1 crypto rx=0 tx=0 comp rx=0 tx=0).stop
2024-04-21T22:58:48.697 INFO:teuthology.orchestra.run.smithi044.stdout:/usr/bin/ceph: stderr
2024-04-21T22:58:47.908+0000 7fe808b58700 1 -- 172.21.15.44:0/1974937740 >> 172.21.15.44:0/1974937740 conn(0x7fe804103100 msgr2=0x7fe804105560 unknown :-1 s=STATE_NONE l=0).mark_down
2024-04-21T22:58:48.697 INFO:teuthology.orchestra.run.smithi044.stdout:/usr/bin/ceph: stderr
2024-04-21T22:58:47.908+0000 7fe808b58700 1 -- 172.21.15.44:0/1974937740 shutdown_connections
2024-04-21T22:58:48.697 INFO:teuthology.orchestra.run.smithi044.stdout:/usr/bin/ceph: stderr
2024-04-21T22:58:47.908+0000 7fe808b58700 1 -- 172.21.15.44:0/1974937740 wait complete.
2024-04-21T22:58:48.697 INFO:teuthology.orchestra.run.smithi044.stdout:/usr/bin/ceph: stderr
2024-04-21T22:58:47.909+0000 7fe808b58700 1 Processor -- start
2024-04-21T22:58:48.698 INFO:teuthology.orchestra.run.smithi044.stdout:/usr/bin/ceph: stderr
2024-04-21T22:58:47.909+0000 7fe808b58700 1 -- start start
2024-04-21T22:58:48.698 INFO:teuthology.orchestra.run.smithi044.stdout:/usr/bin/ceph: stderr
2024-04-21T22:58:47.909+0000 7fe808b58700 1 --2- >> [v2:172.21.15.44:3300/0,v1:172.21.15.44:6789/0] conn(0x7fe80407dea0 0x7fe80419dd00 unknown :-1 s=NONE pgs=0 cs=0 l=1 rev1=0 crypto rx=0 tx=0 comp rx=0 tx=0).connect
2024-04-21T22:58:48.698 INFO:teuthology.orchestra.run.smithi044.stdout:/usr/bin/ceph: stderr
2024-04-21T22:58:47.909+0000 7fe808b58700 1 -- --> [v2:172.21.15.44:3300/0,v1:172.21.15.44:6789/0] -- mon_getmap magic: 0 -- 0x7fe80410e1b0 con 0x7fe80407dea0
2024-04-21T22:58:48.698 INFO:teuthology.orchestra.run.smithi044.stdout:/usr/bin/ceph: stderr
2024-04-21T22:58:47.909+0000 7fe80259c700 1 --2- >> [v2:172.21.15.44:3300/0,v1:172.21.15.44:6789/0] conn(0x7fe80407dea0 0x7fe80419dd00 unknown :-1 s=BANNER_CONNECTING pgs=0 cs=0 l=1 rev1=0 crypto rx=0 tx=0 comp rx=0 tx=0)._handle_peer_banner_payload supported=3 required=0
2024-04-21T22:58:48.698 INFO:teuthology.orchestra.run.smithi044.stdout:/usr/bin/ceph: stderr
2024-04-21T22:58:47.909+0000 7fe80259c700 1 --2- >> [v2:172.21.15.44:3300/0,v1:172.21.15.44:6789/0] conn(0x7fe80407dea0 0x7fe80419dd00 unknown :-1 s=HELLO_CONNECTING pgs=0 cs=0 l=1 rev1=1 crypto rx=0 tx=0 comp rx=0 tx=0).handle_hello peer v2:172.21.15.44:3300/0 says I am v2:172.21.15.44:43156/0 (socket says 172.21.15.44:43156)
2024-04-21T22:58:48.698 INFO:teuthology.orchestra.run.smithi044.stdout:/usr/bin/ceph: stderr
2024-04-21T22:58:47.909+0000 7fe80259c700 1 -- 172.21.15.44:0/4166962933 learned_addr learned my addr 172.21.15.44:0/4166962933 (peer_addr_for_me v2:172.21.15.44:0/0)
2024-04-21T22:58:48.698 INFO:teuthology.orchestra.run.smithi044.stdout:/usr/bin/ceph: stderr
2024-04-21T22:58:47.909+0000 7fe80259c700 1 -- 172.21.15.44:0/4166962933 --> [v2:172.21.15.44:3300/0,v1:172.21.15.44:6789/0] -- mon_subscribe({config=0+,monmap=0+}) -- 0x7fe80419e240 con 0x7fe80407dea0
2024-04-21T22:58:48.698 INFO:teuthology.orchestra.run.smithi044.stdout:/usr/bin/ceph: stderr
2024-04-21T22:58:47.910+0000 7fe80259c700 1 --2- 172.21.15.44:0/4166962933 >> [v2:172.21.15.44:3300/0,v1:172.21.15.44:6789/0] conn(0x7fe80407dea0 0x7fe80419dd00 secure :-1 s=READY pgs=21 cs=0 l=1 rev1=1 crypto rx=0x7fe7f4004350 tx=0x7fe7f400bd50 comp rx=0 tx=0).ready entity=mon.0 client_cookie=0 server_cookie=0 in_seq=0 out_seq=0
2024-04-21T22:58:48.698 INFO:teuthology.orchestra.run.smithi044.stdout:/usr/bin/ceph: stderr
2024-04-21T22:58:47.910+0000 7fe7fb7fe700 1 -- 172.21.15.44:0/4166962933 <== mon.0 v2:172.21.15.44:3300/0 1 ==== mon_map magic: 0 ==== 205+0+0 (secure 0 0 0) 0x7fe7f4020020 con 0x7fe80407dea0
2024-04-21T22:58:48.698 INFO:teuthology.orchestra.run.smithi044.stdout:/usr/bin/ceph: stderr
2024-04-21T22:58:47.910+0000 7fe808b58700 1 -- 172.21.15.44:0/4166962933 --> [v2:172.21.15.44:3300/0,v1:172.21.15.44:6789/0] -- mon_subscribe({mgrmap=0+}) -- 0x7fe80419e4d0 con 0x7fe80407dea0
2024-04-21T22:58:48.698 INFO:teuthology.orchestra.run.smithi044.stdout:/usr/bin/ceph: stderr
2024-04-21T22:58:47.910+0000 7fe7fb7fe700 1 -- 172.21.15.44:0/4166962933 <== mon.0 v2:172.21.15.44:3300/0 2 ==== config(27 keys) ==== 1109+0+0 (secure 0 0 0) 0x7fe7f4003c10 con 0x7fe80407dea0
2024-04-21T22:58:48.698 INFO:teuthology.orchestra.run.smithi044.stdout:/usr/bin/ceph: stderr
2024-04-21T22:58:47.910+0000 7fe7fb7fe700 1 -- 172.21.15.44:0/4166962933 <== mon.0 v2:172.21.15.44:3300/0 3 ==== mon_map magic: 0 ==== 205+0+0 (secure 0 0 0) 0x7fe7f4017040 con 0x7fe80407dea0
2024-04-21T22:58:48.698 INFO:teuthology.orchestra.run.smithi044.stdout:/usr/bin/ceph: stderr
2024-04-21T22:58:47.910+0000 7fe808b58700 1 -- 172.21.15.44:0/4166962933 --> [v2:172.21.15.44:3300/0,v1:172.21.15.44:6789/0] -- mon_subscribe({osdmap=0}) -- 0x7fe8041a11b0 con 0x7fe80407dea0
2024-04-21T22:58:48.699 INFO:teuthology.orchestra.run.smithi044.stdout:/usr/bin/ceph: stderr
2024-04-21T22:58:47.911+0000 7fe7fb7fe700 1 -- 172.21.15.44:0/4166962933 <== mon.0 v2:172.21.15.44:3300/0 4 ==== mgrmap(e 4) ==== 46276+0+0 (secure 0 0 0) 0x7fe7f4023020 con 0x7fe80407dea0
2024-04-21T22:58:48.699 INFO:teuthology.orchestra.run.smithi044.stdout:/usr/bin/ceph: stderr
2024-04-21T22:58:47.911+0000 7fe808b58700 1 -- 172.21.15.44:0/4166962933 --> [v2:172.21.15.44:3300/0,v1:172.21.15.44:6789/0] -- mon_command({"prefix": "get_command_descriptions"} v 0) -- 0x7fe804063890 con 0x7fe80407dea0
2024-04-21T22:58:48.699 INFO:teuthology.orchestra.run.smithi044.stdout:/usr/bin/ceph: stderr
2024-04-21T22:58:47.911+0000 7fe7fb7fe700 1 --2- 172.21.15.44:0/4166962933 >> [v2:172.21.15.44:6800/2900331072,v1:172.21.15.44:6801/2900331072] conn(0x7fe7f0039000 0x7fe7f003b4c0 unknown :-1 s=NONE pgs=0 cs=0 l=1 rev1=0 crypto rx=0 tx=0 comp rx=0 tx=0).connect
2024-04-21T22:58:48.699 INFO:teuthology.orchestra.run.smithi044.stdout:/usr/bin/ceph: stderr
2024-04-21T22:58:47.911+0000 7fe7fb7fe700 1 -- 172.21.15.44:0/4166962933 <== mon.0 v2:172.21.15.44:3300/0 5 ==== osd_map(1..1 src has 1..1) ==== 725+0+0 (secure 0 0 0) 0x7fe7f400f050 con 0x7fe80407dea0
2024-04-21T22:58:48.699 INFO:teuthology.orchestra.run.smithi044.stdout:/usr/bin/ceph: stderr
2024-04-21T22:58:47.911+0000 7fe801d9b700 1 --2- 172.21.15.44:0/4166962933 >> [v2:172.21.15.44:6800/2900331072,v1:172.21.15.44:6801/2900331072] conn(0x7fe7f0039000 0x7fe7f003b4c0 unknown :-1 s=BANNER_CONNECTING pgs=0 cs=0 l=1 rev1=0 crypto rx=0 tx=0 comp rx=0 tx=0)._handle_peer_banner_payload supported=3 required=0
2024-04-21T22:58:48.699 INFO:teuthology.orchestra.run.smithi044.stdout:/usr/bin/ceph: stderr
2024-04-21T22:58:47.911+0000 7fe801d9b700 1 --2- 172.21.15.44:0/4166962933 >> [v2:172.21.15.44:6800/2900331072,v1:172.21.15.44:6801/2900331072] conn(0x7fe7f0039000 0x7fe7f003b4c0 secure :-1 s=READY pgs=7 cs=0 l=1 rev1=1 crypto rx=0x7fe7ec006fd0 tx=0x7fe7ec006e40 comp rx=0 tx=0).ready entity=mgr.14100 client_cookie=0 server_cookie=0 in_seq=0 out_seq=0
2024-04-21T22:58:48.699 INFO:teuthology.orchestra.run.smithi044.stdout:/usr/bin/ceph: stderr
2024-04-21T22:58:47.916+0000 7fe7fb7fe700 1 -- 172.21.15.44:0/4166962933 <== mon.0 v2:172.21.15.44:3300/0 6 ==== mon_command_ack([{"prefix": "get_command_descriptions"}]=0 v0) ==== 72+0+186074 (secure 0 0 0) 0x7fe7f404ee20 con 0x7fe80407dea0
2024-04-21T22:58:48.699 INFO:teuthology.orchestra.run.smithi044.stdout:/usr/bin/ceph: stderr
2024-04-21T22:58:48.120+0000 7fe808b58700 1 -- 172.21.15.44:0/4166962933 --> [v2:172.21.15.44:3300/0,v1:172.21.15.44:6789/0] -- mon_command({"prefix": "config assimilate-conf"} v 0) -- 0x7fe8041a1380 con 0x7fe80407dea0
2024-04-21T22:58:48.699 INFO:teuthology.orchestra.run.smithi044.stdout:/usr/bin/ceph: stderr
2024-04-21T22:58:48.121+0000 7fe7fb7fe700 1 -- 172.21.15.44:0/4166962933 <== mon.0 v2:172.21.15.44:3300/0 7 ==== mon_command_ack([{"prefix": "config assimilate-conf"}]=0 v3) ==== 70+0+373 (secure 0 0 0) 0x7fe8041a1380 con 0x7fe80407dea0
2024-04-21T22:58:48.699 INFO:teuthology.orchestra.run.smithi044.stdout:/usr/bin/ceph: stderr
2024-04-21T22:58:48.124+0000 7fe808b58700 1 -- 172.21.15.44:0/4166962933 >> [v2:172.21.15.44:6800/2900331072,v1:172.21.15.44:6801/2900331072] conn(0x7fe7f0039000 msgr2=0x7fe7f003b4c0 secure :-1 s=STATE_CONNECTION_ESTABLISHED l=1).mark_down
2024-04-21T22:58:48.699 INFO:teuthology.orchestra.run.smithi044.stdout:/usr/bin/ceph: stderr
2024-04-21T22:58:48.124+0000 7fe808b58700 1 --2- 172.21.15.44:0/4166962933 >> [v2:172.21.15.44:6800/2900331072,v1:172.21.15.44:6801/2900331072] conn(0x7fe7f0039000 0x7fe7f003b4c0 secure :-1 s=READY pgs=7 cs=0 l=1 rev1=1 crypto rx=0x7fe7ec006fd0 tx=0x7fe7ec006e40 comp rx=0 tx=0).stop
2024-04-21T22:58:48.699 INFO:teuthology.orchestra.run.smithi044.stdout:/usr/bin/ceph: stderr
2024-04-21T22:58:48.124+0000 7fe808b58700 1 -- 172.21.15.44:0/4166962933 >> [v2:172.21.15.44:3300/0,v1:172.21.15.44:6789/0] conn(0x7fe80407dea0 msgr2=0x7fe80419dd00 secure :-1 s=STATE_CONNECTION_ESTABLISHED l=1).mark_down
2024-04-21T22:58:48.700 INFO:teuthology.orchestra.run.smithi044.stdout:/usr/bin/ceph: stderr
2024-04-21T22:58:48.124+0000 7fe808b58700 1 --2- 172.21.15.44:0/4166962933 >> [v2:172.21.15.44:3300/0,v1:172.21.15.44:6789/0] conn(0x7fe80407dea0 0x7fe80419dd00 secure :-1 s=READY pgs=21 cs=0 l=1 rev1=1 crypto rx=0x7fe7f4004350 tx=0x7fe7f400bd50 comp rx=0 tx=0).stop
2024-04-21T22:58:48.700 INFO:teuthology.orchestra.run.smithi044.stdout:/usr/bin/ceph: stderr
2024-04-21T22:58:48.124+0000 7fe808b58700 1 -- 172.21.15.44:0/4166962933 shutdown_connections
2024-04-21T22:58:48.700 INFO:teuthology.orchestra.run.smithi044.stdout:/usr/bin/ceph: stderr
2024-04-21T22:58:48.124+0000 7fe808b58700 1 --2- 172.21.15.44:0/4166962933 >> [v2:172.21.15.44:6800/2900331072,v1:172.21.15.44:6801/2900331072] conn(0x7fe7f0039000 0x7fe7f003b4c0 unknown :-1 s=CLOSED pgs=7 cs=0 l=1 rev1=1 crypto rx=0 tx=0 comp rx=0 tx=0).stop
2024-04-21T22:58:48.700 INFO:teuthology.orchestra.run.smithi044.stdout:/usr/bin/ceph: stderr
2024-04-21T22:58:48.124+0000 7fe808b58700 1 --2- 172.21.15.44:0/4166962933 >> [v2:172.21.15.44:3300/0,v1:172.21.15.44:6789/0] conn(0x7fe80407dea0 0x7fe80419dd00 unknown :-1 s=CLOSED pgs=21 cs=0 l=1 rev1=1 crypto rx=0 tx=0 comp rx=0 tx=0).stop
2024-04-21T22:58:48.700 INFO:teuthology.orchestra.run.smithi044.stdout:/usr/bin/ceph: stderr
2024-04-21T22:58:48.124+0000 7fe808b58700 1 -- 172.21.15.44:0/4166962933 >> 172.21.15.44:0/4166962933 conn(0x7fe804103100 msgr2=0x7fe804103cb0 unknown :-1 s=STATE_NONE l=0).mark_down
2024-04-21T22:58:48.700 INFO:teuthology.orchestra.run.smithi044.stdout:/usr/bin/ceph: stderr
2024-04-21T22:58:48.124+0000 7fe808b58700 1 -- 172.21.15.44:0/4166962933 shutdown_connections
2024-04-21T22:58:48.700 INFO:teuthology.orchestra.run.smithi044.stdout:/usr/bin/ceph: stderr
2024-04-21T22:58:48.124+0000 7fe808b58700 1 -- 172.21.15.44:0/4166962933 wait complete.
2024-04-21T22:58:48.700 INFO:teuthology.orchestra.run.smithi044.stdout:Enabling cephadm module...
2024-04-21T22:58:49.686 INFO:journalctl@ceph.mon.a.smithi044.stdout:Apr 21 22:58:49 smithi044 ceph-mon[27934]: from='client.? 172.21.15.44:0/63322231' entity='client.admin' cmd=[{"prefix": "mgr module enable", "module": "cephadm"}]: dispatch
2024-04-21T22:58:49.686 INFO:journalctl@ceph.mgr.x.smithi044.stdout:Apr 21 22:58:49 smithi044 ceph-80909b94-0032-11ef-bc93-c7b262605968-mgr-x[28164]: ignoring --setuser ceph since I am not root
2024-04-21T22:58:49.686 INFO:journalctl@ceph.mgr.x.smithi044.stdout:Apr 21 22:58:49 smithi044 ceph-80909b94-0032-11ef-bc93-c7b262605968-mgr-x[28164]: ignoring --setgroup ceph since I am not root
2024-04-21T22:58:49.686 INFO:journalctl@ceph.mgr.x.smithi044.stdout:Apr 21 22:58:49 smithi044 ceph-80909b94-0032-11ef-bc93-c7b262605968-mgr-x[28164]:
2024-04-21T22:58:49.582+0000 7f6394a27200 -1 mgr[py] Module balancer has missing NOTIFY_TYPES member
2024-04-21T22:58:50.073 INFO:journalctl@ceph.mgr.x.smithi044.stdout:Apr 21 22:58:49 smithi044 ceph-80909b94-0032-11ef-bc93-c7b262605968-mgr-x[28164]:
2024-04-21T22:58:49.773+0000 7f6394a27200 -1 mgr[py] Module orchestrator has missing NOTIFY_TYPES member
2024-04-21T22:58:50.073 INFO:journalctl@ceph.mgr.x.smithi044.stdout:Apr 21 22:58:49 smithi044 ceph-80909b94-0032-11ef-bc93-c7b262605968-mgr-x[28164]:
2024-04-21T22:58:49.879+0000 7f6394a27200 -1 mgr[py] Module snap_schedule has missing NOTIFY_TYPES member
2024-04-21T22:58:50.081 INFO:teuthology.orchestra.run.smithi044.stdout:/usr/bin/ceph: stderr
2024-04-21T22:58:49.085+0000 7f0206b8f700 1 Processor -- start
2024-04-21T22:58:50.081 INFO:teuthology.orchestra.run.smithi044.stdout:/usr/bin/ceph: stderr
2024-04-21T22:58:49.085+0000 7f0206b8f700 1 -- start start
2024-04-21T22:58:50.081 INFO:teuthology.orchestra.run.smithi044.stdout:/usr/bin/ceph: stderr
2024-04-21T22:58:49.085+0000 7f0206b8f700 1 --2- >> [v2:172.21.15.44:3300/0,v1:172.21.15.44:6789/0] conn(0x7f0200108630 0x7f020010aa20 unknown :-1 s=NONE pgs=0 cs=0 l=0 rev1=0 crypto rx=0 tx=0 comp rx=0 tx=0).connect
2024-04-21T22:58:50.082 INFO:teuthology.orchestra.run.smithi044.stdout:/usr/bin/ceph: stderr
2024-04-21T22:58:49.085+0000 7f0206b8f700 1 -- --> [v2:172.21.15.44:3300/0,v1:172.21.15.44:6789/0] -- mon_getmap magic: 0 -- 0x7f020007be90 con 0x7f0200108630
2024-04-21T22:58:50.082 INFO:teuthology.orchestra.run.smithi044.stdout:/usr/bin/ceph: stderr
2024-04-21T22:58:49.086+0000 7f020492b700 1 --2- >> [v2:172.21.15.44:3300/0,v1:172.21.15.44:6789/0] conn(0x7f0200108630 0x7f020010aa20 unknown :-1 s=BANNER_CONNECTING pgs=0 cs=0 l=0 rev1=0 crypto rx=0 tx=0 comp rx=0 tx=0)._handle_peer_banner_payload supported=3 required=0
2024-04-21T22:58:50.082 INFO:teuthology.orchestra.run.smithi044.stdout:/usr/bin/ceph: stderr
2024-04-21T22:58:49.086+0000 7f020492b700 1 --2- >> [v2:172.21.15.44:3300/0,v1:172.21.15.44:6789/0] conn(0x7f0200108630 0x7f020010aa20 unknown :-1 s=HELLO_CONNECTING pgs=0 cs=0 l=0 rev1=1 crypto rx=0 tx=0 comp rx=0 tx=0).handle_hello peer v2:172.21.15.44:3300/0 says I am v2:172.21.15.44:43166/0 (socket says 172.21.15.44:43166)
2024-04-21T22:58:50.082 INFO:teuthology.orchestra.run.smithi044.stdout:/usr/bin/ceph: stderr
2024-04-21T22:58:49.086+0000 7f020492b700 1 -- 172.21.15.44:0/2274811401 learned_addr learned my addr 172.21.15.44:0/2274811401 (peer_addr_for_me v2:172.21.15.44:0/0)
2024-04-21T22:58:50.082 INFO:teuthology.orchestra.run.smithi044.stdout:/usr/bin/ceph: stderr
2024-04-21T22:58:49.086+0000 7f020492b700 1 -- 172.21.15.44:0/2274811401 --> [v2:172.21.15.44:3300/0,v1:172.21.15.44:6789/0] -- mon_subscribe({config=0+,monmap=0+}) -- 0x7f020010af60 con 0x7f0200108630
2024-04-21T22:58:50.082 INFO:teuthology.orchestra.run.smithi044.stdout:/usr/bin/ceph: stderr
2024-04-21T22:58:49.086+0000 7f020492b700 1 --2- 172.21.15.44:0/2274811401 >> [v2:172.21.15.44:3300/0,v1:172.21.15.44:6789/0] conn(0x7f0200108630 0x7f020010aa20 secure :-1 s=READY pgs=22 cs=0 l=1 rev1=1 crypto rx=0x7f01f40098a0 tx=0x7f01f4009bb0 comp rx=0 tx=0).ready entity=mon.0 client_cookie=a1bdc75cdde2a955 server_cookie=0 in_seq=0 out_seq=0
2024-04-21T22:58:50.082 INFO:teuthology.orchestra.run.smithi044.stdout:/usr/bin/ceph: stderr
2024-04-21T22:58:49.086+0000 7f01ff7fe700 1 -- 172.21.15.44:0/2274811401 <== mon.0 v2:172.21.15.44:3300/0 1 ==== mon_map magic: 0 ==== 205+0+0 (secure 0 0 0) 0x7f01f4004160 con 0x7f0200108630
2024-04-21T22:58:50.082 INFO:teuthology.orchestra.run.smithi044.stdout:/usr/bin/ceph: stderr
2024-04-21T22:58:49.086+0000 7f01ff7fe700 1 -- 172.21.15.44:0/2274811401 <== mon.0 v2:172.21.15.44:3300/0 2 ==== config(27 keys) ==== 1109+0+0 (secure 0 0 0) 0x7f01f4004300 con 0x7f0200108630
2024-04-21T22:58:50.082 INFO:teuthology.orchestra.run.smithi044.stdout:/usr/bin/ceph: stderr
2024-04-21T22:58:49.086+0000 7f01ff7fe700 1 -- 172.21.15.44:0/2274811401 <== mon.0 v2:172.21.15.44:3300/0 3 ==== mon_map magic: 0 ==== 205+0+0 (secure 0 0 0) 0x7f01f4011b50 con 0x7f0200108630
2024-04-21T22:58:50.082 INFO:teuthology.orchestra.run.smithi044.stdout:/usr/bin/ceph: stderr
2024-04-21T22:58:49.087+0000 7f0206b8f700 1 -- 172.21.15.44:0/2274811401 >> [v2:172.21.15.44:3300/0,v1:172.21.15.44:6789/0] conn(0x7f0200108630 msgr2=0x7f020010aa20 secure :-1 s=STATE_CONNECTION_ESTABLISHED l=1).mark_down
2024-04-21T22:58:50.083 INFO:teuthology.orchestra.run.smithi044.stdout:/usr/bin/ceph: stderr
2024-04-21T22:58:49.087+0000 7f0206b8f700 1 --2- 172.21.15.44:0/2274811401 >> [v2:172.21.15.44:3300/0,v1:172.21.15.44:6789/0] conn(0x7f0200108630 0x7f020010aa20 secure :-1 s=READY pgs=22 cs=0 l=1 rev1=1 crypto rx=0x7f01f40098a0 tx=0x7f01f4009bb0 comp rx=0 tx=0).stop
2024-04-21T22:58:50.083 INFO:teuthology.orchestra.run.smithi044.stdout:/usr/bin/ceph: stderr
2024-04-21T22:58:49.087+0000 7f0206b8f700 1 -- 172.21.15.44:0/2274811401 shutdown_connections
2024-04-21T22:58:50.083 INFO:teuthology.orchestra.run.smithi044.stdout:/usr/bin/ceph: stderr
2024-04-21T22:58:49.087+0000 7f0206b8f700 1 --2- 172.21.15.44:0/2274811401 >> [v2:172.21.15.44:3300/0,v1:172.21.15.44:6789/0] conn(0x7f0200108630 0x7f020010aa20 unknown :-1 s=CLOSED pgs=22 cs=0 l=1 rev1=1 crypto rx=0 tx=0 comp rx=0 tx=0).stop
2024-04-21T22:58:50.083 INFO:teuthology.orchestra.run.smithi044.stdout:/usr/bin/ceph: stderr
2024-04-21T22:58:49.087+0000 7f0206b8f700 1 -- 172.21.15.44:0/2274811401 >> 172.21.15.44:0/2274811401 conn(0x7f0200102000 msgr2=0x7f0200104460 unknown :-1 s=STATE_NONE l=0).mark_down
2024-04-21T22:58:50.083 INFO:teuthology.orchestra.run.smithi044.stdout:/usr/bin/ceph: stderr
2024-04-21T22:58:49.087+0000 7f0206b8f700 1 -- 172.21.15.44:0/2274811401 shutdown_connections
2024-04-21T22:58:50.083 INFO:teuthology.orchestra.run.smithi044.stdout:/usr/bin/ceph: stderr
2024-04-21T22:58:49.087+0000 7f0206b8f700 1 -- 172.21.15.44:0/2274811401 wait complete.
2024-04-21T22:58:50.083 INFO:teuthology.orchestra.run.smithi044.stdout:/usr/bin/ceph: stderr
2024-04-21T22:58:49.088+0000 7f0206b8f700 1 Processor -- start
2024-04-21T22:58:50.083 INFO:teuthology.orchestra.run.smithi044.stdout:/usr/bin/ceph: stderr
2024-04-21T22:58:49.088+0000 7f0206b8f700 1 -- start start
2024-04-21T22:58:50.083 INFO:teuthology.orchestra.run.smithi044.stdout:/usr/bin/ceph: stderr
2024-04-21T22:58:49.088+0000 7f0206b8f700 1 --2- >> [v2:172.21.15.44:3300/0,v1:172.21.15.44:6789/0] conn(0x7f0200108630 0x7f020019bb30 unknown :-1 s=NONE pgs=0 cs=0 l=1 rev1=0 crypto rx=0 tx=0 comp rx=0 tx=0).connect
2024-04-21T22:58:50.083 INFO:teuthology.orchestra.run.smithi044.stdout:/usr/bin/ceph: stderr
2024-04-21T22:58:49.088+0000 7f0206b8f700 1 -- --> [v2:172.21.15.44:3300/0,v1:172.21.15.44:6789/0] -- mon_getmap magic: 0 -- 0x7f020010bf80 con 0x7f0200108630
2024-04-21T22:58:50.083 INFO:teuthology.orchestra.run.smithi044.stdout:/usr/bin/ceph: stderr
2024-04-21T22:58:49.088+0000 7f020492b700 1 --2- >> [v2:172.21.15.44:3300/0,v1:172.21.15.44:6789/0] conn(0x7f0200108630 0x7f020019bb30 unknown :-1 s=BANNER_CONNECTING pgs=0 cs=0 l=1 rev1=0 crypto rx=0 tx=0 comp rx=0 tx=0)._handle_peer_banner_payload supported=3 required=0
2024-04-21T22:58:50.083 INFO:teuthology.orchestra.run.smithi044.stdout:/usr/bin/ceph: stderr
2024-04-21T22:58:49.088+0000 7f020492b700 1 --2- >> [v2:172.21.15.44:3300/0,v1:172.21.15.44:6789/0] conn(0x7f0200108630 0x7f020019bb30 unknown :-1 s=HELLO_CONNECTING pgs=0 cs=0 l=1 rev1=1 crypto rx=0 tx=0 comp rx=0 tx=0).handle_hello peer v2:172.21.15.44:3300/0 says I am v2:172.21.15.44:43178/0 (socket says 172.21.15.44:43178)
2024-04-21T22:58:50.083 INFO:teuthology.orchestra.run.smithi044.stdout:/usr/bin/ceph: stderr
2024-04-21T22:58:49.088+0000 7f020492b700 1 -- 172.21.15.44:0/63322231 learned_addr learned my addr 172.21.15.44:0/63322231 (peer_addr_for_me v2:172.21.15.44:0/0)
2024-04-21T22:58:50.083 INFO:teuthology.orchestra.run.smithi044.stdout:/usr/bin/ceph: stderr
2024-04-21T22:58:49.088+0000 7f020492b700 1 -- 172.21.15.44:0/63322231 --> [v2:172.21.15.44:3300/0,v1:172.21.15.44:6789/0] -- mon_subscribe({config=0+,monmap=0+}) -- 0x7f020019c070 con 0x7f0200108630
2024-04-21T22:58:50.084 INFO:teuthology.orchestra.run.smithi044.stdout:/usr/bin/ceph: stderr
2024-04-21T22:58:49.088+0000 7f020492b700 1 --2- 172.21.15.44:0/63322231 >> [v2:172.21.15.44:3300/0,v1:172.21.15.44:6789/0] conn(0x7f0200108630 0x7f020019bb30 secure :-1 s=READY pgs=23 cs=0 l=1 rev1=1 crypto rx=0x7f01f4011b60 tx=0x7f01f4011c40 comp rx=0 tx=0).ready entity=mon.0 client_cookie=0 server_cookie=0 in_seq=0 out_seq=0
2024-04-21T22:58:50.084 INFO:teuthology.orchestra.run.smithi044.stdout:/usr/bin/ceph: stderr
2024-04-21T22:58:49.088+0000 7f01fdffb700 1 -- 172.21.15.44:0/63322231 <== mon.0 v2:172.21.15.44:3300/0 1 ==== mon_map magic: 0 ==== 205+0+0 (secure 0 0 0) 0x7f01f4003b20 con 0x7f0200108630
2024-04-21T22:58:50.084 INFO:teuthology.orchestra.run.smithi044.stdout:/usr/bin/ceph: stderr
2024-04-21T22:58:49.089+0000 7f01fdffb700 1 -- 172.21.15.44:0/63322231 <== mon.0 v2:172.21.15.44:3300/0 2 ==== config(27 keys) ==== 1109+0+0 (secure 0 0 0) 0x7f01f4003cc0 con 0x7f0200108630
2024-04-21T22:58:50.084 INFO:teuthology.orchestra.run.smithi044.stdout:/usr/bin/ceph: stderr
2024-04-21T22:58:49.089+0000 7f0206b8f700 1 -- 172.21.15.44:0/63322231 --> [v2:172.21.15.44:3300/0,v1:172.21.15.44:6789/0] -- mon_subscribe({mgrmap=0+}) -- 0x7f020019c300 con 0x7f0200108630
2024-04-21T22:58:50.084 INFO:teuthology.orchestra.run.smithi044.stdout:/usr/bin/ceph: stderr
2024-04-21T22:58:49.089+0000 7f01fdffb700 1 -- 172.21.15.44:0/63322231 <== mon.0 v2:172.21.15.44:3300/0 3 ==== mon_map magic: 0 ==== 205+0+0 (secure 0 0 0) 0x7f01f4024840 con 0x7f0200108630
2024-04-21T22:58:50.084 INFO:teuthology.orchestra.run.smithi044.stdout:/usr/bin/ceph: stderr
