2024-04-21T23:38:41.882 INFO:teuthology.orchestra.run.smithi067.stdout:/usr/bin/ceph: stderr
2024-04-21T23:38:40.804+0000 7f77b0bea700 1 -- 172.21.15.67:0/869540218 --> [v2:172.21.15.67:3300/0,v1:172.21.15.67:6789/0] -- mon_subscribe({osdmap=0}) -- 0x7f77ac19ef80 con 0x7f77ac108120
2024-04-21T23:38:41.882 INFO:teuthology.orchestra.run.smithi067.stdout:/usr/bin/ceph: stderr
2024-04-21T23:38:40.805+0000 7f779b7fe700 1 -- 172.21.15.67:0/869540218 <== mon.0 v2:172.21.15.67:3300/0 4 ==== mgrmap(e 8) ==== 46287+0+0 (secure 0 0 0) 0x7f779c019850 con 0x7f77ac108120
2024-04-21T23:38:41.882 INFO:teuthology.orchestra.run.smithi067.stdout:/usr/bin/ceph: stderr
2024-04-21T23:38:40.805+0000 7f77b0bea700 1 -- 172.21.15.67:0/869540218 --> [v2:172.21.15.67:3300/0,v1:172.21.15.67:6789/0] -- mon_command({"prefix": "get_command_descriptions"} v 0) -- 0x7f77ac063890 con 0x7f77ac108120
2024-04-21T23:38:41.882 INFO:teuthology.orchestra.run.smithi067.stdout:/usr/bin/ceph: stderr
2024-04-21T23:38:40.805+0000 7f779b7fe700 1 --2- 172.21.15.67:0/869540218 >> [v2:172.21.15.67:6800/2634063072,v1:172.21.15.67:6801/2634063072] conn(0x7f7794039000 0x7f779403b4c0 unknown :-1 s=NONE pgs=0 cs=0 l=1 rev1=0 crypto rx=0 tx=0 comp rx=0 tx=0).connect
2024-04-21T23:38:41.882 INFO:teuthology.orchestra.run.smithi067.stdout:/usr/bin/ceph: stderr
2024-04-21T23:38:40.806+0000 7f779b7fe700 1 -- 172.21.15.67:0/869540218 <== mon.0 v2:172.21.15.67:3300/0 5 ==== osd_map(2..2 src has 1..2) ==== 940+0+0 (secure 0 0 0) 0x7f779c04d500 con 0x7f77ac108120
2024-04-21T23:38:41.882 INFO:teuthology.orchestra.run.smithi067.stdout:/usr/bin/ceph: stderr
2024-04-21T23:38:40.806+0000 7f77a9d9b700 1 --2- 172.21.15.67:0/869540218 >> [v2:172.21.15.67:6800/2634063072,v1:172.21.15.67:6801/2634063072] conn(0x7f7794039000 0x7f779403b4c0 unknown :-1 s=BANNER_CONNECTING pgs=0 cs=0 l=1 rev1=0 crypto rx=0 tx=0 comp rx=0 tx=0)._handle_peer_banner_payload supported=3 required=0
2024-04-21T23:38:41.882 INFO:teuthology.orchestra.run.smithi067.stdout:/usr/bin/ceph: stderr
2024-04-21T23:38:40.806+0000 7f77a9d9b700 1 --2- 172.21.15.67:0/869540218 >> [v2:172.21.15.67:6800/2634063072,v1:172.21.15.67:6801/2634063072] conn(0x7f7794039000 0x7f779403b4c0 secure :-1 s=READY pgs=9 cs=0 l=1 rev1=1 crypto rx=0x7f77a0006fd0 tx=0x7f77a0006e40 comp rx=0 tx=0).ready entity=mgr.14120 client_cookie=0 server_cookie=0 in_seq=0 out_seq=0
2024-04-21T23:38:41.882 INFO:teuthology.orchestra.run.smithi067.stdout:/usr/bin/ceph: stderr
2024-04-21T23:38:40.810+0000 7f779b7fe700 1 -- 172.21.15.67:0/869540218 <== mon.0 v2:172.21.15.67:3300/0 6 ==== mon_command_ack([{"prefix": "get_command_descriptions"}]=0 v0) ==== 72+0+186074 (secure 0 0 0) 0x7f779c04ce90 con 0x7f77ac108120
2024-04-21T23:38:41.882 INFO:teuthology.orchestra.run.smithi067.stdout:/usr/bin/ceph: stderr
2024-04-21T23:38:41.017+0000 7f77b0bea700 1 -- 172.21.15.67:0/869540218 --> [v2:172.21.15.67:6800/2634063072,v1:172.21.15.67:6801/2634063072] -- mgr_command(tid 0: {"prefix": "cephadm generate-key", "target": ["mon-mgr", ""]}) -- 0x7f77ac102b20 con 0x7f7794039000
2024-04-21T23:38:41.882 INFO:teuthology.orchestra.run.smithi067.stdout:/usr/bin/ceph: stderr
2024-04-21T23:38:41.313+0000 7f779b7fe700 1 -- 172.21.15.67:0/869540218 <== mgr.14120 v2:172.21.15.67:6800/2634063072 1 ==== mgr_command_reply(tid 0: 0 ) ==== 8+0+0 (secure 0 0 0) 0x7f77ac102b20 con 0x7f7794039000
2024-04-21T23:38:41.882 INFO:teuthology.orchestra.run.smithi067.stdout:/usr/bin/ceph: stderr
2024-04-21T23:38:41.315+0000 7f77b0bea700 1 -- 172.21.15.67:0/869540218 >> [v2:172.21.15.67:6800/2634063072,v1:172.21.15.67:6801/2634063072] conn(0x7f7794039000 msgr2=0x7f779403b4c0 secure :-1 s=STATE_CONNECTION_ESTABLISHED l=1).mark_down
2024-04-21T23:38:41.882 INFO:teuthology.orchestra.run.smithi067.stdout:/usr/bin/ceph: stderr
2024-04-21T23:38:41.315+0000 7f77b0bea700 1 --2- 172.21.15.67:0/869540218 >> [v2:172.21.15.67:6800/2634063072,v1:172.21.15.67:6801/2634063072] conn(0x7f7794039000 0x7f779403b4c0 secure :-1 s=READY pgs=9 cs=0 l=1 rev1=1 crypto rx=0x7f77a0006fd0 tx=0x7f77a0006e40 comp rx=0 tx=0).stop
2024-04-21T23:38:41.882 INFO:teuthology.orchestra.run.smithi067.stdout:/usr/bin/ceph: stderr
2024-04-21T23:38:41.315+0000 7f77b0bea700 1 -- 172.21.15.67:0/869540218 >> [v2:172.21.15.67:3300/0,v1:172.21.15.67:6789/0] conn(0x7f77ac108120 msgr2=0x7f77ac1066c0 secure :-1 s=STATE_CONNECTION_ESTABLISHED l=1).mark_down
2024-04-21T23:38:41.883 INFO:teuthology.orchestra.run.smithi067.stdout:/usr/bin/ceph: stderr
2024-04-21T23:38:41.315+0000 7f77b0bea700 1 --2- 172.21.15.67:0/869540218 >> [v2:172.21.15.67:3300/0,v1:172.21.15.67:6789/0] conn(0x7f77ac108120 0x7f77ac1066c0 secure :-1 s=READY pgs=42 cs=0 l=1 rev1=1 crypto rx=0x7f779c009fb0 tx=0x7f779c011bf0 comp rx=0 tx=0).stop
2024-04-21T23:38:41.883 INFO:teuthology.orchestra.run.smithi067.stdout:/usr/bin/ceph: stderr
2024-04-21T23:38:41.316+0000 7f77b0bea700 1 -- 172.21.15.67:0/869540218 shutdown_connections
2024-04-21T23:38:41.883 INFO:teuthology.orchestra.run.smithi067.stdout:/usr/bin/ceph: stderr
2024-04-21T23:38:41.316+0000 7f77b0bea700 1 --2- 172.21.15.67:0/869540218 >> [v2:172.21.15.67:6800/2634063072,v1:172.21.15.67:6801/2634063072] conn(0x7f7794039000 0x7f779403b4c0 unknown :-1 s=CLOSED pgs=9 cs=0 l=1 rev1=1 crypto rx=0 tx=0 comp rx=0 tx=0).stop
2024-04-21T23:38:41.883 INFO:teuthology.orchestra.run.smithi067.stdout:/usr/bin/ceph: stderr
2024-04-21T23:38:41.316+0000 7f77b0bea700 1 --2- 172.21.15.67:0/869540218 >> [v2:172.21.15.67:3300/0,v1:172.21.15.67:6789/0] conn(0x7f77ac108120 0x7f77ac1066c0 unknown :-1 s=CLOSED pgs=42 cs=0 l=1 rev1=1 crypto rx=0 tx=0 comp rx=0 tx=0).stop
2024-04-21T23:38:41.883 INFO:teuthology.orchestra.run.smithi067.stdout:/usr/bin/ceph: stderr
2024-04-21T23:38:41.316+0000 7f77b0bea700 1 -- 172.21.15.67:0/869540218 >> 172.21.15.67:0/869540218 conn(0x7f77ac1018a0 msgr2=0x7f77ac102410 unknown :-1 s=STATE_NONE l=0).mark_down
2024-04-21T23:38:41.883 INFO:teuthology.orchestra.run.smithi067.stdout:/usr/bin/ceph: stderr
2024-04-21T23:38:41.316+0000 7f77b0bea700 1 -- 172.21.15.67:0/869540218 shutdown_connections
2024-04-21T23:38:41.883 INFO:teuthology.orchestra.run.smithi067.stdout:/usr/bin/ceph: stderr
2024-04-21T23:38:41.316+0000 7f77b0bea700 1 -- 172.21.15.67:0/869540218 wait complete.
2024-04-21T23:38:42.541 INFO:journalctl@ceph.mon.a.smithi067.stdout:Apr 21 23:38:42 smithi067 ceph-mon[27947]: from='mgr.14120 172.21.15.67:0/2696609246' entity='mgr.x'
2024-04-21T23:38:42.541 INFO:journalctl@ceph.mon.a.smithi067.stdout:Apr 21 23:38:42 smithi067 ceph-mon[27947]: from='mgr.14120 172.21.15.67:0/2696609246' entity='mgr.x'
2024-04-21T23:38:43.154 INFO:teuthology.orchestra.run.smithi067.stdout:/usr/bin/ceph: stdout ssh-rsa AAAAB3NzaC1yc2EAAAADAQABAAABgQC3KgUulbOD57IpTkw5d6re/Gk0ybwY8aXDRLkP41oN494viUyzJtsUzYxFR3n0geMP+sXhnRu6KDbdzTj1PowiCDgwBiT32g3ZSnmdoc/jdU9OIlu2PmHu2E70mZkEmMs16citsApzwac9m7/R+lSWioc/xkLn2ewzsBYomZ7twPRhy43RTcKAOwU0VlP7iEI8Dr2j4CfIurmZDa/EHblVrsRq5WDL9QNBFlsye95sTq1QYwDKud6yyXCvfgSWjJyCuaQcy0kbtEMYleLGxC3RAoc6NTc6E++DsfZmRoBIplxqJFBwQhgHLM1zqKJtKL9jcF6ShExtD3jbB+1bGZTV4OvBZ+AtHSez1xsXCOaInhDzRgjK+UItxMxxP7QGByFwAW/BuBFPRR1RsT+Ft66+r7hceQLYlIbVi29hPA3wjuJ3jTU2rCxyIiWfadnG1fjPoClzIjYLV5I/OC31F+RzW/LN6jAaaXMfwNJdVflSl99W5901u9iBb+7cfXHMqCM= ceph-158379ec-0038-11ef-bc93-c7b262605968
2024-04-21T23:38:43.155 INFO:teuthology.orchestra.run.smithi067.stdout:/usr/bin/ceph: stderr
2024-04-21T23:38:42.326+0000 7f8a092ea700 1 Processor -- start
2024-04-21T23:38:43.155 INFO:teuthology.orchestra.run.smithi067.stdout:/usr/bin/ceph: stderr
2024-04-21T23:38:42.326+0000 7f8a092ea700 1 -- start start
2024-04-21T23:38:43.156 INFO:teuthology.orchestra.run.smithi067.stdout:/usr/bin/ceph: stderr
2024-04-21T23:38:42.326+0000 7f8a092ea700 1 --2- >> [v2:172.21.15.67:3300/0,v1:172.21.15.67:6789/0] conn(0x7f8a0407de50 0x7f8a0407c300 unknown :-1 s=NONE pgs=0 cs=0 l=0 rev1=0 crypto rx=0 tx=0 comp rx=0 tx=0).connect
2024-04-21T23:38:43.156 INFO:teuthology.orchestra.run.smithi067.stdout:/usr/bin/ceph: stderr
2024-04-21T23:38:42.327+0000 7f8a092ea700 1 -- --> [v2:172.21.15.67:3300/0,v1:172.21.15.67:6789/0] -- mon_getmap magic: 0 -- 0x7f8a0407c8d0 con 0x7f8a0407de50
2024-04-21T23:38:43.156 INFO:teuthology.orchestra.run.smithi067.stdout:/usr/bin/ceph: stderr
2024-04-21T23:38:42.327+0000 7f8a02ffd700 1 --2- >> [v2:172.21.15.67:3300/0,v1:172.21.15.67:6789/0] conn(0x7f8a0407de50 0x7f8a0407c300 unknown :-1 s=BANNER_CONNECTING pgs=0 cs=0 l=0 rev1=0 crypto rx=0 tx=0 comp rx=0 tx=0)._handle_peer_banner_payload supported=3 required=0
2024-04-21T23:38:43.156 INFO:teuthology.orchestra.run.smithi067.stdout:/usr/bin/ceph: stderr
2024-04-21T23:38:42.327+0000 7f8a02ffd700 1 --2- >> [v2:172.21.15.67:3300/0,v1:172.21.15.67:6789/0] conn(0x7f8a0407de50 0x7f8a0407c300 unknown :-1 s=HELLO_CONNECTING pgs=0 cs=0 l=0 rev1=1 crypto rx=0 tx=0 comp rx=0 tx=0).handle_hello peer v2:172.21.15.67:3300/0 says I am v2:172.21.15.67:39368/0 (socket says 172.21.15.67:39368)
2024-04-21T23:38:43.156 INFO:teuthology.orchestra.run.smithi067.stdout:/usr/bin/ceph: stderr
2024-04-21T23:38:42.327+0000 7f8a02ffd700 1 -- 172.21.15.67:0/1527392731 learned_addr learned my addr 172.21.15.67:0/1527392731 (peer_addr_for_me v2:172.21.15.67:0/0)
2024-04-21T23:38:43.156 INFO:teuthology.orchestra.run.smithi067.stdout:/usr/bin/ceph: stderr
2024-04-21T23:38:42.327+0000 7f8a02ffd700 1 -- 172.21.15.67:0/1527392731 --> [v2:172.21.15.67:3300/0,v1:172.21.15.67:6789/0] -- mon_subscribe({config=0+,monmap=0+}) -- 0x7f8a0407ca50 con 0x7f8a0407de50
2024-04-21T23:38:43.156 INFO:teuthology.orchestra.run.smithi067.stdout:/usr/bin/ceph: stderr
2024-04-21T23:38:42.327+0000 7f8a02ffd700 1 --2- 172.21.15.67:0/1527392731 >> [v2:172.21.15.67:3300/0,v1:172.21.15.67:6789/0] conn(0x7f8a0407de50 0x7f8a0407c300 secure :-1 s=READY pgs=43 cs=0 l=1 rev1=1 crypto rx=0x7f89f40098a0 tx=0x7f89f4009bb0 comp rx=0 tx=0).ready entity=mon.0 client_cookie=5939fe5af7ed796d server_cookie=0 in_seq=0 out_seq=0
2024-04-21T23:38:43.156 INFO:teuthology.orchestra.run.smithi067.stdout:/usr/bin/ceph: stderr
2024-04-21T23:38:42.327+0000 7f8a01ffb700 1 -- 172.21.15.67:0/1527392731 <== mon.0 v2:172.21.15.67:3300/0 1 ==== mon_map magic: 0 ==== 205+0+0 (secure 0 0 0) 0x7f89f4004160 con 0x7f8a0407de50
2024-04-21T23:38:43.156 INFO:teuthology.orchestra.run.smithi067.stdout:/usr/bin/ceph: stderr
2024-04-21T23:38:42.327+0000 7f8a01ffb700 1 -- 172.21.15.67:0/1527392731 <== mon.0 v2:172.21.15.67:3300/0 2 ==== config(27 keys) ==== 1109+0+0 (secure 0 0 0) 0x7f89f4004300 con 0x7f8a0407de50
2024-04-21T23:38:43.156 INFO:teuthology.orchestra.run.smithi067.stdout:/usr/bin/ceph: stderr
2024-04-21T23:38:42.327+0000 7f8a01ffb700 1 -- 172.21.15.67:0/1527392731 <== mon.0 v2:172.21.15.67:3300/0 3 ==== mon_map magic: 0 ==== 205+0+0 (secure 0 0 0) 0x7f89f4011b50 con 0x7f8a0407de50
2024-04-21T23:38:43.156 INFO:teuthology.orchestra.run.smithi067.stdout:/usr/bin/ceph: stderr
2024-04-21T23:38:42.328+0000 7f8a092ea700 1 -- 172.21.15.67:0/1527392731 >> [v2:172.21.15.67:3300/0,v1:172.21.15.67:6789/0] conn(0x7f8a0407de50 msgr2=0x7f8a0407c300 secure :-1 s=STATE_CONNECTION_ESTABLISHED l=1).mark_down
2024-04-21T23:38:43.156 INFO:teuthology.orchestra.run.smithi067.stdout:/usr/bin/ceph: stderr
2024-04-21T23:38:42.328+0000 7f8a092ea700 1 --2- 172.21.15.67:0/1527392731 >> [v2:172.21.15.67:3300/0,v1:172.21.15.67:6789/0] conn(0x7f8a0407de50 0x7f8a0407c300 secure :-1 s=READY pgs=43 cs=0 l=1 rev1=1 crypto rx=0x7f89f40098a0 tx=0x7f89f4009bb0 comp rx=0 tx=0).stop
2024-04-21T23:38:43.157 INFO:teuthology.orchestra.run.smithi067.stdout:/usr/bin/ceph: stderr
2024-04-21T23:38:42.328+0000 7f8a092ea700 1 -- 172.21.15.67:0/1527392731 shutdown_connections
2024-04-21T23:38:43.157 INFO:teuthology.orchestra.run.smithi067.stdout:/usr/bin/ceph: stderr
2024-04-21T23:38:42.328+0000 7f8a092ea700 1 --2- 172.21.15.67:0/1527392731 >> [v2:172.21.15.67:3300/0,v1:172.21.15.67:6789/0] conn(0x7f8a0407de50 0x7f8a0407c300 unknown :-1 s=CLOSED pgs=43 cs=0 l=1 rev1=1 crypto rx=0 tx=0 comp rx=0 tx=0).stop
2024-04-21T23:38:43.157 INFO:teuthology.orchestra.run.smithi067.stdout:/usr/bin/ceph: stderr
2024-04-21T23:38:42.328+0000 7f8a092ea700 1 -- 172.21.15.67:0/1527392731 >> 172.21.15.67:0/1527392731 conn(0x7f8a04103210 msgr2=0x7f8a04105630 unknown :-1 s=STATE_NONE l=0).mark_down
2024-04-21T23:38:43.157 INFO:teuthology.orchestra.run.smithi067.stdout:/usr/bin/ceph: stderr
2024-04-21T23:38:42.328+0000 7f8a092ea700 1 -- 172.21.15.67:0/1527392731 shutdown_connections
2024-04-21T23:38:43.157 INFO:teuthology.orchestra.run.smithi067.stdout:/usr/bin/ceph: stderr
2024-04-21T23:38:42.328+0000 7f8a092ea700 1 -- 172.21.15.67:0/1527392731 wait complete.
2024-04-21T23:38:43.157 INFO:teuthology.orchestra.run.smithi067.stdout:/usr/bin/ceph: stderr
2024-04-21T23:38:42.329+0000 7f8a092ea700 1 Processor -- start
2024-04-21T23:38:43.157 INFO:teuthology.orchestra.run.smithi067.stdout:/usr/bin/ceph: stderr
2024-04-21T23:38:42.329+0000 7f8a092ea700 1 -- start start
2024-04-21T23:38:43.157 INFO:teuthology.orchestra.run.smithi067.stdout:/usr/bin/ceph: stderr
2024-04-21T23:38:42.329+0000 7f8a092ea700 1 --2- >> [v2:172.21.15.67:3300/0,v1:172.21.15.67:6789/0] conn(0x7f8a0407de50 0x7f8a041a21b0 unknown :-1 s=NONE pgs=0 cs=0 l=1 rev1=0 crypto rx=0 tx=0 comp rx=0 tx=0).connect
2024-04-21T23:38:43.157 INFO:teuthology.orchestra.run.smithi067.stdout:/usr/bin/ceph: stderr
2024-04-21T23:38:42.329+0000 7f8a092ea700 1 -- --> [v2:172.21.15.67:3300/0,v1:172.21.15.67:6789/0] -- mon_getmap magic: 0 -- 0x7f8a04109df0 con 0x7f8a0407de50
2024-04-21T23:38:43.157 INFO:teuthology.orchestra.run.smithi067.stdout:/usr/bin/ceph: stderr
2024-04-21T23:38:42.329+0000 7f8a02ffd700 1 --2- >> [v2:172.21.15.67:3300/0,v1:172.21.15.67:6789/0] conn(0x7f8a0407de50 0x7f8a041a21b0 unknown :-1 s=BANNER_CONNECTING pgs=0 cs=0 l=1 rev1=0 crypto rx=0 tx=0 comp rx=0 tx=0)._handle_peer_banner_payload supported=3 required=0
2024-04-21T23:38:43.157 INFO:teuthology.orchestra.run.smithi067.stdout:/usr/bin/ceph: stderr
2024-04-21T23:38:42.329+0000 7f8a02ffd700 1 --2- >> [v2:172.21.15.67:3300/0,v1:172.21.15.67:6789/0] conn(0x7f8a0407de50 0x7f8a041a21b0 unknown :-1 s=HELLO_CONNECTING pgs=0 cs=0 l=1 rev1=1 crypto rx=0 tx=0 comp rx=0 tx=0).handle_hello peer v2:172.21.15.67:3300/0 says I am v2:172.21.15.67:39380/0 (socket says 172.21.15.67:39380)
2024-04-21T23:38:43.157 INFO:teuthology.orchestra.run.smithi067.stdout:/usr/bin/ceph: stderr
2024-04-21T23:38:42.329+0000 7f8a02ffd700 1 -- 172.21.15.67:0/626049220 learned_addr learned my addr 172.21.15.67:0/626049220 (peer_addr_for_me v2:172.21.15.67:0/0)
2024-04-21T23:38:43.157 INFO:teuthology.orchestra.run.smithi067.stdout:/usr/bin/ceph: stderr
2024-04-21T23:38:42.329+0000 7f8a02ffd700 1 -- 172.21.15.67:0/626049220 --> [v2:172.21.15.67:3300/0,v1:172.21.15.67:6789/0] -- mon_subscribe({config=0+,monmap=0+}) -- 0x7f8a041a26f0 con 0x7f8a0407de50
2024-04-21T23:38:43.157 INFO:teuthology.orchestra.run.smithi067.stdout:/usr/bin/ceph: stderr
2024-04-21T23:38:42.330+0000 7f8a02ffd700 1 --2- 172.21.15.67:0/626049220 >> [v2:172.21.15.67:3300/0,v1:172.21.15.67:6789/0] conn(0x7f8a0407de50 0x7f8a041a21b0 secure :-1 s=READY pgs=44 cs=0 l=1 rev1=1 crypto rx=0x7f89f4011670 tx=0x7f89f4011b60 comp rx=0 tx=0).ready entity=mon.0 client_cookie=0 server_cookie=0 in_seq=0 out_seq=0
2024-04-21T23:38:43.158 INFO:teuthology.orchestra.run.smithi067.stdout:/usr/bin/ceph: stderr
2024-04-21T23:38:42.330+0000 7f89ebfff700 1 -- 172.21.15.67:0/626049220 <== mon.0 v2:172.21.15.67:3300/0 1 ==== mon_map magic: 0 ==== 205+0+0 (secure 0 0 0) 0x7f89f40039c0 con 0x7f8a0407de50
2024-04-21T23:38:43.158 INFO:teuthology.orchestra.run.smithi067.stdout:/usr/bin/ceph: stderr
2024-04-21T23:38:42.330+0000 7f89ebfff700 1 -- 172.21.15.67:0/626049220 <== mon.0 v2:172.21.15.67:3300/0 2 ==== config(27 keys) ==== 1109+0+0 (secure 0 0 0) 0x7f89f4011e50 con 0x7f8a0407de50
2024-04-21T23:38:43.158 INFO:teuthology.orchestra.run.smithi067.stdout:/usr/bin/ceph: stderr
2024-04-21T23:38:42.330+0000 7f8a092ea700 1 -- 172.21.15.67:0/626049220 --> [v2:172.21.15.67:3300/0,v1:172.21.15.67:6789/0] -- mon_subscribe({mgrmap=0+}) -- 0x7f8a041a2980 con 0x7f8a0407de50
2024-04-21T23:38:43.158 INFO:teuthology.orchestra.run.smithi067.stdout:/usr/bin/ceph: stderr
2024-04-21T23:38:42.330+0000 7f89ebfff700 1 -- 172.21.15.67:0/626049220 <== mon.0 v2:172.21.15.67:3300/0 3 ==== mon_map magic: 0 ==== 205+0+0 (secure 0 0 0) 0x7f89f401a5c0 con 0x7f8a0407de50
2024-04-21T23:38:43.158 INFO:teuthology.orchestra.run.smithi067.stdout:/usr/bin/ceph: stderr
2024-04-21T23:38:42.330+0000 7f8a092ea700 1 -- 172.21.15.67:0/626049220 --> [v2:172.21.15.67:3300/0,v1:172.21.15.67:6789/0] -- mon_subscribe({osdmap=0}) -- 0x7f8a041a5670 con 0x7f8a0407de50
2024-04-21T23:38:43.158 INFO:teuthology.orchestra.run.smithi067.stdout:/usr/bin/ceph: stderr
2024-04-21T23:38:42.331+0000 7f89ebfff700 1 -- 172.21.15.67:0/626049220 <== mon.0 v2:172.21.15.67:3300/0 4 ==== mgrmap(e 8) ==== 46287+0+0 (secure 0 0 0) 0x7f89f401a870 con 0x7f8a0407de50
2024-04-21T23:38:43.158 INFO:teuthology.orchestra.run.smithi067.stdout:/usr/bin/ceph: stderr
2024-04-21T23:38:42.331+0000 7f8a092ea700 1 -- 172.21.15.67:0/626049220 --> [v2:172.21.15.67:3300/0,v1:172.21.15.67:6789/0] -- mon_command({"prefix": "get_command_descriptions"} v 0) -- 0x7f8a04063890 con 0x7f8a0407de50
2024-04-21T23:38:43.158 INFO:teuthology.orchestra.run.smithi067.stdout:/usr/bin/ceph: stderr
2024-04-21T23:38:42.331+0000 7f89ebfff700 1 --2- 172.21.15.67:0/626049220 >> [v2:172.21.15.67:6800/2634063072,v1:172.21.15.67:6801/2634063072] conn(0x7f89ec039050 0x7f89ec03b510 unknown :-1 s=NONE pgs=0 cs=0 l=1 rev1=0 crypto rx=0 tx=0 comp rx=0 tx=0).connect
2024-04-21T23:38:43.158 INFO:teuthology.orchestra.run.smithi067.stdout:/usr/bin/ceph: stderr
2024-04-21T23:38:42.331+0000 7f89ebfff700 1 -- 172.21.15.67:0/626049220 <== mon.0 v2:172.21.15.67:3300/0 5 ==== osd_map(2..2 src has 1..2) ==== 940+0+0 (secure 0 0 0) 0x7f89f404d4f0 con 0x7f8a0407de50
2024-04-21T23:38:43.158 INFO:teuthology.orchestra.run.smithi067.stdout:/usr/bin/ceph: stderr
2024-04-21T23:38:42.331+0000 7f8a027fc700 1 --2- 172.21.15.67:0/626049220 >> [v2:172.21.15.67:6800/2634063072,v1:172.21.15.67:6801/2634063072] conn(0x7f89ec039050 0x7f89ec03b510 unknown :-1 s=BANNER_CONNECTING pgs=0 cs=0 l=1 rev1=0 crypto rx=0 tx=0 comp rx=0 tx=0)._handle_peer_banner_payload supported=3 required=0
2024-04-21T23:38:43.158 INFO:teuthology.orchestra.run.smithi067.stdout:/usr/bin/ceph: stderr
2024-04-21T23:38:42.331+0000 7f8a027fc700 1 --2- 172.21.15.67:0/626049220 >> [v2:172.21.15.67:6800/2634063072,v1:172.21.15.67:6801/2634063072] conn(0x7f89ec039050 0x7f89ec03b510 secure :-1 s=READY pgs=10 cs=0 l=1 rev1=1 crypto rx=0x7f89f8006fd0 tx=0x7f89f8006e40 comp rx=0 tx=0).ready entity=mgr.14120 client_cookie=0 server_cookie=0 in_seq=0 out_seq=0
2024-04-21T23:38:43.158 INFO:teuthology.orchestra.run.smithi067.stdout:/usr/bin/ceph: stderr
2024-04-21T23:38:42.336+0000 7f89ebfff700 1 -- 172.21.15.67:0/626049220 <== mon.0 v2:172.21.15.67:3300/0 6 ==== mon_command_ack([{"prefix": "get_command_descriptions"}]=0 v0) ==== 72+0+186074 (secure 0 0 0) 0x7f89f4019c70 con 0x7f8a0407de50
2024-04-21T23:38:43.158 INFO:teuthology.orchestra.run.smithi067.stdout:/usr/bin/ceph: stderr
2024-04-21T23:38:42.545+0000 7f8a092ea700 1 -- 172.21.15.67:0/626049220 --> [v2:172.21.15.67:6800/2634063072,v1:172.21.15.67:6801/2634063072] -- mgr_command(tid 0: {"prefix": "cephadm get-pub-key", "target": ["mon-mgr", ""]}) -- 0x7f8a04062670 con 0x7f89ec039050
2024-04-21T23:38:43.159 INFO:teuthology.orchestra.run.smithi067.stdout:/usr/bin/ceph: stderr
2024-04-21T23:38:42.546+0000 7f89ebfff700 1 -- 172.21.15.67:0/626049220 <== mgr.14120 v2:172.21.15.67:6800/2634063072 1 ==== mgr_command_reply(tid 0: 0 ) ==== 8+0+595 (secure 0 0 0) 0x7f8a04062670 con 0x7f89ec039050
2024-04-21T23:38:43.159 INFO:teuthology.orchestra.run.smithi067.stdout:/usr/bin/ceph: stderr
2024-04-21T23:38:42.548+0000 7f8a092ea700 1 -- 172.21.15.67:0/626049220 >> [v2:172.21.15.67:6800/2634063072,v1:172.21.15.67:6801/2634063072] conn(0x7f89ec039050 msgr2=0x7f89ec03b510 secure :-1 s=STATE_CONNECTION_ESTABLISHED l=1).mark_down
2024-04-21T23:38:43.159 INFO:teuthology.orchestra.run.smithi067.stdout:/usr/bin/ceph: stderr
2024-04-21T23:38:42.548+0000 7f8a092ea700 1 --2- 172.21.15.67:0/626049220 >> [v2:172.21.15.67:6800/2634063072,v1:172.21.15.67:6801/2634063072] conn(0x7f89ec039050 0x7f89ec03b510 secure :-1 s=READY pgs=10 cs=0 l=1 rev1=1 crypto rx=0x7f89f8006fd0 tx=0x7f89f8006e40 comp rx=0 tx=0).stop
2024-04-21T23:38:43.159 INFO:teuthology.orchestra.run.smithi067.stdout:/usr/bin/ceph: stderr
2024-04-21T23:38:42.548+0000 7f8a092ea700 1 -- 172.21.15.67:0/626049220 >> [v2:172.21.15.67:3300/0,v1:172.21.15.67:6789/0] conn(0x7f8a0407de50 msgr2=0x7f8a041a21b0 secure :-1 s=STATE_CONNECTION_ESTABLISHED l=1).mark_down
2024-04-21T23:38:43.159 INFO:teuthology.orchestra.run.smithi067.stdout:/usr/bin/ceph: stderr
2024-04-21T23:38:42.548+0000 7f8a092ea700 1 --2- 172.21.15.67:0/626049220 >> [v2:172.21.15.67:3300/0,v1:172.21.15.67:6789/0] conn(0x7f8a0407de50 0x7f8a041a21b0 secure :-1 s=READY pgs=44 cs=0 l=1 rev1=1 crypto rx=0x7f89f4011670 tx=0x7f89f4011b60 comp rx=0 tx=0).stop
2024-04-21T23:38:43.159 INFO:teuthology.orchestra.run.smithi067.stdout:/usr/bin/ceph: stderr
2024-04-21T23:38:42.548+0000 7f8a092ea700 1 -- 172.21.15.67:0/626049220 shutdown_connections
2024-04-21T23:38:43.159 INFO:teuthology.orchestra.run.smithi067.stdout:/usr/bin/ceph: stderr
2024-04-21T23:38:42.548+0000 7f8a092ea700 1 --2- 172.21.15.67:0/626049220 >> [v2:172.21.15.67:6800/2634063072,v1:172.21.15.67:6801/2634063072] conn(0x7f89ec039050 0x7f89ec03b510 unknown :-1 s=CLOSED pgs=10 cs=0 l=1 rev1=1 crypto rx=0 tx=0 comp rx=0 tx=0).stop
2024-04-21T23:38:43.159 INFO:teuthology.orchestra.run.smithi067.stdout:/usr/bin/ceph: stderr
2024-04-21T23:38:42.548+0000 7f8a092ea700 1 --2- 172.21.15.67:0/626049220 >> [v2:172.21.15.67:3300/0,v1:172.21.15.67:6789/0] conn(0x7f8a0407de50 0x7f8a041a21b0 unknown :-1 s=CLOSED pgs=44 cs=0 l=1 rev1=1 crypto rx=0 tx=0 comp rx=0 tx=0).stop
2024-04-21T23:38:43.159 INFO:teuthology.orchestra.run.smithi067.stdout:/usr/bin/ceph: stderr
2024-04-21T23:38:42.548+0000 7f8a092ea700 1 -- 172.21.15.67:0/626049220 >> 172.21.15.67:0/626049220 conn(0x7f8a04103210 msgr2=0x7f8a04105600 unknown :-1 s=STATE_NONE l=0).mark_down
2024-04-21T23:38:43.159 INFO:teuthology.orchestra.run.smithi067.stdout:/usr/bin/ceph: stderr
2024-04-21T23:38:42.548+0000 7f8a092ea700 1 -- 172.21.15.67:0/626049220 shutdown_connections
2024-04-21T23:38:43.159 INFO:teuthology.orchestra.run.smithi067.stdout:/usr/bin/ceph: stderr
2024-04-21T23:38:42.548+0000 7f8a092ea700 1 -- 172.21.15.67:0/626049220 wait complete.
2024-04-21T23:38:43.159 INFO:teuthology.orchestra.run.smithi067.stdout:Wrote public SSH key to /home/ubuntu/cephtest/ceph.pub
2024-04-21T23:38:43.159 INFO:teuthology.orchestra.run.smithi067.stdout:Adding key to root@localhost authorized_keys...
2024-04-21T23:38:43.159 INFO:teuthology.orchestra.run.smithi067.stdout:Adding host smithi067...
2024-04-21T23:38:43.539 INFO:journalctl@ceph.mon.a.smithi067.stdout:Apr 21 23:38:43 smithi067 ceph-mon[27947]: from='client.14138 -' entity='client.admin' cmd=[{"prefix": "cephadm get-pub-key", "target": ["mon-mgr", ""]}]: dispatch
2024-04-21T23:38:44.382 INFO:journalctl@ceph.mon.a.smithi067.stdout:Apr 21 23:38:44 smithi067 ceph-mon[27947]: from='client.14140 -' entity='client.admin' cmd=[{"prefix": "orch host add", "hostname": "smithi067", "addr": "172.21.15.67", "target": ["mon-mgr", ""]}]: dispatch
2024-04-21T23:38:45.655 INFO:journalctl@ceph.mon.a.smithi067.stdout:Apr 21 23:38:45 smithi067 ceph-mon[27947]: Deploying cephadm binary to smithi067
2024-04-21T23:38:48.509 INFO:teuthology.orchestra.run.smithi067.stdout:/usr/bin/ceph: stdout Added host 'smithi067' with addr '172.21.15.67'
2024-04-21T23:38:48.509 INFO:teuthology.orchestra.run.smithi067.stdout:/usr/bin/ceph: stderr
2024-04-21T23:38:43.575+0000 7fc5ab627700 1 Processor -- start
2024-04-21T23:38:48.509 INFO:teuthology.orchestra.run.smithi067.stdout:/usr/bin/ceph: stderr
2024-04-21T23:38:43.575+0000 7fc5ab627700 1 -- start start
2024-04-21T23:38:48.509 INFO:teuthology.orchestra.run.smithi067.stdout:/usr/bin/ceph: stderr
2024-04-21T23:38:43.575+0000 7fc5ab627700 1 --2- >> [v2:172.21.15.67:3300/0,v1:172.21.15.67:6789/0] conn(0x7fc5a4107c40 0x7fc5a4108060 unknown :-1 s=NONE pgs=0 cs=0 l=0 rev1=0 crypto rx=0 tx=0 comp rx=0 tx=0).connect
2024-04-21T23:38:48.510 INFO:teuthology.orchestra.run.smithi067.stdout:/usr/bin/ceph: stderr
2024-04-21T23:38:43.575+0000 7fc5ab627700 1 -- --> [v2:172.21.15.67:3300/0,v1:172.21.15.67:6789/0] -- mon_getmap magic: 0 -- 0x7fc5a4108630 con 0x7fc5a4107c40
2024-04-21T23:38:48.510 INFO:teuthology.orchestra.run.smithi067.stdout:/usr/bin/ceph: stderr
2024-04-21T23:38:43.576+0000 7fc5a93c3700 1 --2- >> [v2:172.21.15.67:3300/0,v1:172.21.15.67:6789/0] conn(0x7fc5a4107c40 0x7fc5a4108060 unknown :-1 s=BANNER_CONNECTING pgs=0 cs=0 l=0 rev1=0 crypto rx=0 tx=0 comp rx=0 tx=0)._handle_peer_banner_payload supported=3 required=0
2024-04-21T23:38:48.510 INFO:teuthology.orchestra.run.smithi067.stdout:/usr/bin/ceph: stderr
2024-04-21T23:38:43.576+0000 7fc5a93c3700 1 --2- >> [v2:172.21.15.67:3300/0,v1:172.21.15.67:6789/0] conn(0x7fc5a4107c40 0x7fc5a4108060 unknown :-1 s=HELLO_CONNECTING pgs=0 cs=0 l=0 rev1=1 crypto rx=0 tx=0 comp rx=0 tx=0).handle_hello peer v2:172.21.15.67:3300/0 says I am v2:172.21.15.67:39392/0 (socket says 172.21.15.67:39392)
2024-04-21T23:38:48.510 INFO:teuthology.orchestra.run.smithi067.stdout:/usr/bin/ceph: stderr
2024-04-21T23:38:43.576+0000 7fc5a93c3700 1 -- 172.21.15.67:0/761533002 learned_addr learned my addr 172.21.15.67:0/761533002 (peer_addr_for_me v2:172.21.15.67:0/0)
2024-04-21T23:38:48.510 INFO:teuthology.orchestra.run.smithi067.stdout:/usr/bin/ceph: stderr
2024-04-21T23:38:43.576+0000 7fc5a93c3700 1 -- 172.21.15.67:0/761533002 --> [v2:172.21.15.67:3300/0,v1:172.21.15.67:6789/0] -- mon_subscribe({config=0+,monmap=0+}) -- 0x7fc5a4108e40 con 0x7fc5a4107c40
2024-04-21T23:38:48.510 INFO:teuthology.orchestra.run.smithi067.stdout:/usr/bin/ceph: stderr
2024-04-21T23:38:43.576+0000 7fc5a93c3700 1 --2- 172.21.15.67:0/761533002 >> [v2:172.21.15.67:3300/0,v1:172.21.15.67:6789/0] conn(0x7fc5a4107c40 0x7fc5a4108060 secure :-1 s=READY pgs=45 cs=0 l=1 rev1=1 crypto rx=0x7fc5a00098a0 tx=0x7fc5a0009bb0 comp rx=0 tx=0).ready entity=mon.0 client_cookie=bbc8ebd518c53a07 server_cookie=0 in_seq=0 out_seq=0
2024-04-21T23:38:48.510 INFO:teuthology.orchestra.run.smithi067.stdout:/usr/bin/ceph: stderr
2024-04-21T23:38:43.576+0000 7fc59bfff700 1 -- 172.21.15.67:0/761533002 <== mon.0 v2:172.21.15.67:3300/0 1 ==== mon_map magic: 0 ==== 205+0+0 (secure 0 0 0) 0x7fc5a0004160 con 0x7fc5a4107c40
2024-04-21T23:38:48.510 INFO:teuthology.orchestra.run.smithi067.stdout:/usr/bin/ceph: stderr
2024-04-21T23:38:43.576+0000 7fc59bfff700 1 -- 172.21.15.67:0/761533002 <== mon.0 v2:172.21.15.67:3300/0 2 ==== config(27 keys) ==== 1109+0+0 (secure 0 0 0) 0x7fc5a0004300 con 0x7fc5a4107c40
2024-04-21T23:38:48.510 INFO:teuthology.orchestra.run.smithi067.stdout:/usr/bin/ceph: stderr
2024-04-21T23:38:43.576+0000 7fc59bfff700 1 -- 172.21.15.67:0/761533002 <== mon.0 v2:172.21.15.67:3300/0 3 ==== mon_map magic: 0 ==== 205+0+0 (secure 0 0 0) 0x7fc5a0011b50 con 0x7fc5a4107c40
2024-04-21T23:38:48.510 INFO:teuthology.orchestra.run.smithi067.stdout:/usr/bin/ceph: stderr
2024-04-21T23:38:43.577+0000 7fc5ab627700 1 -- 172.21.15.67:0/761533002 >> [v2:172.21.15.67:3300/0,v1:172.21.15.67:6789/0] conn(0x7fc5a4107c40 msgr2=0x7fc5a4108060 secure :-1 s=STATE_CONNECTION_ESTABLISHED l=1).mark_down
2024-04-21T23:38:48.510 INFO:teuthology.orchestra.run.smithi067.stdout:/usr/bin/ceph: stderr
2024-04-21T23:38:43.577+0000 7fc5ab627700 1 --2- 172.21.15.67:0/761533002 >> [v2:172.21.15.67:3300/0,v1:172.21.15.67:6789/0] conn(0x7fc5a4107c40 0x7fc5a4108060 secure :-1 s=READY pgs=45 cs=0 l=1 rev1=1 crypto rx=0x7fc5a00098a0 tx=0x7fc5a0009bb0 comp rx=0 tx=0).stop
2024-04-21T23:38:48.510 INFO:teuthology.orchestra.run.smithi067.stdout:/usr/bin/ceph: stderr
2024-04-21T23:38:43.577+0000 7fc5ab627700 1 -- 172.21.15.67:0/761533002 shutdown_connections
2024-04-21T23:38:48.510 INFO:teuthology.orchestra.run.smithi067.stdout:/usr/bin/ceph: stderr
2024-04-21T23:38:43.577+0000 7fc5ab627700 1 --2- 172.21.15.67:0/761533002 >> [v2:172.21.15.67:3300/0,v1:172.21.15.67:6789/0] conn(0x7fc5a4107c40 0x7fc5a4108060 unknown :-1 s=CLOSED pgs=45 cs=0 l=1 rev1=1 crypto rx=0 tx=0 comp rx=0 tx=0).stop
2024-04-21T23:38:48.511 INFO:teuthology.orchestra.run.smithi067.stdout:/usr/bin/ceph: stderr
2024-04-21T23:38:43.577+0000 7fc5ab627700 1 -- 172.21.15.67:0/761533002 >> 172.21.15.67:0/761533002 conn(0x7fc5a41031e0 msgr2=0x7fc5a4105620 unknown :-1 s=STATE_NONE l=0).mark_down
2024-04-21T23:38:48.511 INFO:teuthology.orchestra.run.smithi067.stdout:/usr/bin/ceph: stderr
2024-04-21T23:38:43.577+0000 7fc5ab627700 1 -- 172.21.15.67:0/761533002 shutdown_connections
2024-04-21T23:38:48.511 INFO:teuthology.orchestra.run.smithi067.stdout:/usr/bin/ceph: stderr
2024-04-21T23:38:43.577+0000 7fc5ab627700 1 -- 172.21.15.67:0/761533002 wait complete.
2024-04-21T23:38:48.511 INFO:teuthology.orchestra.run.smithi067.stdout:/usr/bin/ceph: stderr
2024-04-21T23:38:43.578+0000 7fc5ab627700 1 Processor -- start
2024-04-21T23:38:48.511 INFO:teuthology.orchestra.run.smithi067.stdout:/usr/bin/ceph: stderr
2024-04-21T23:38:43.578+0000 7fc5ab627700 1 -- start start
2024-04-21T23:38:48.511 INFO:teuthology.orchestra.run.smithi067.stdout:/usr/bin/ceph: stderr
2024-04-21T23:38:43.578+0000 7fc5ab627700 1 --2- >> [v2:172.21.15.67:3300/0,v1:172.21.15.67:6789/0] conn(0x7fc5a4107c40 0x7fc5a419bc60 unknown :-1 s=NONE pgs=0 cs=0 l=1 rev1=0 crypto rx=0 tx=0 comp rx=0 tx=0).connect
2024-04-21T23:38:48.511 INFO:teuthology.orchestra.run.smithi067.stdout:/usr/bin/ceph: stderr
2024-04-21T23:38:43.578+0000 7fc5ab627700 1 -- --> [v2:172.21.15.67:3300/0,v1:172.21.15.67:6789/0] -- mon_getmap magic: 0 -- 0x7fc5a410c1f0 con 0x7fc5a4107c40
2024-04-21T23:38:48.511 INFO:teuthology.orchestra.run.smithi067.stdout:/usr/bin/ceph: stderr
2024-04-21T23:38:43.578+0000 7fc5a93c3700 1 --2- >> [v2:172.21.15.67:3300/0,v1:172.21.15.67:6789/0] conn(0x7fc5a4107c40 0x7fc5a419bc60 unknown :-1 s=BANNER_CONNECTING pgs=0 cs=0 l=1 rev1=0 crypto rx=0 tx=0 comp rx=0 tx=0)._handle_peer_banner_payload supported=3 required=0
2024-04-21T23:38:48.511 INFO:teuthology.orchestra.run.smithi067.stdout:/usr/bin/ceph: stderr
2024-04-21T23:38:43.578+0000 7fc5a93c3700 1 --2- >> [v2:172.21.15.67:3300/0,v1:172.21.15.67:6789/0] conn(0x7fc5a4107c40 0x7fc5a419bc60 unknown :-1 s=HELLO_CONNECTING pgs=0 cs=0 l=1 rev1=1 crypto rx=0 tx=0 comp rx=0 tx=0).handle_hello peer v2:172.21.15.67:3300/0 says I am v2:172.21.15.67:39406/0 (socket says 172.21.15.67:39406)
2024-04-21T23:38:48.511 INFO:teuthology.orchestra.run.smithi067.stdout:/usr/bin/ceph: stderr
2024-04-21T23:38:43.578+0000 7fc5a93c3700 1 -- 172.21.15.67:0/57342838 learned_addr learned my addr 172.21.15.67:0/57342838 (peer_addr_for_me v2:172.21.15.67:0/0)
2024-04-21T23:38:48.511 INFO:teuthology.orchestra.run.smithi067.stdout:/usr/bin/ceph: stderr
2024-04-21T23:38:43.578+0000 7fc5a93c3700 1 -- 172.21.15.67:0/57342838 --> [v2:172.21.15.67:3300/0,v1:172.21.15.67:6789/0] -- mon_subscribe({config=0+,monmap=0+}) -- 0x7fc5a419c1a0 con 0x7fc5a4107c40
2024-04-21T23:38:48.511 INFO:teuthology.orchestra.run.smithi067.stdout:/usr/bin/ceph: stderr
2024-04-21T23:38:43.579+0000 7fc5a93c3700 1 --2- 172.21.15.67:0/57342838 >> [v2:172.21.15.67:3300/0,v1:172.21.15.67:6789/0] conn(0x7fc5a4107c40 0x7fc5a419bc60 secure :-1 s=READY pgs=46 cs=0 l=1 rev1=1 crypto rx=0x7fc5a0009fb0 tx=0x7fc5a0011bf0 comp rx=0 tx=0).ready entity=mon.0 client_cookie=0 server_cookie=0 in_seq=0 out_seq=0
2024-04-21T23:38:48.511 INFO:teuthology.orchestra.run.smithi067.stdout:/usr/bin/ceph: stderr
2024-04-21T23:38:43.579+0000 7fc59a7fc700 1 -- 172.21.15.67:0/57342838 <== mon.0 v2:172.21.15.67:3300/0 1 ==== mon_map magic: 0 ==== 205+0+0 (secure 0 0 0) 0x7fc5a00038b0 con 0x7fc5a4107c40
2024-04-21T23:38:48.512 INFO:teuthology.orchestra.run.smithi067.stdout:/usr/bin/ceph: stderr
2024-04-21T23:38:43.579+0000 7fc59a7fc700 1 -- 172.21.15.67:0/57342838 <== mon.0 v2:172.21.15.67:3300/0 2 ==== config(27 keys) ==== 1109+0+0 (secure 0 0 0) 0x7fc5a0011e50 con 0x7fc5a4107c40
2024-04-21T23:38:48.512 INFO:teuthology.orchestra.run.smithi067.stdout:/usr/bin/ceph: stderr
2024-04-21T23:38:43.579+0000 7fc5ab627700 1 -- 172.21.15.67:0/57342838 --> [v2:172.21.15.67:3300/0,v1:172.21.15.67:6789/0] -- mon_subscribe({mgrmap=0+}) -- 0x7fc5a419c430 con 0x7fc5a4107c40
2024-04-21T23:38:48.512 INFO:teuthology.orchestra.run.smithi067.stdout:/usr/bin/ceph: stderr
2024-04-21T23:38:43.579+0000 7fc59a7fc700 1 -- 172.21.15.67:0/57342838 <== mon.0 v2:172.21.15.67:3300/0 3 ==== mon_map magic: 0 ==== 205+0+0 (secure 0 0 0) 0x7fc5a0019550 con 0x7fc5a4107c40
2024-04-21T23:38:48.512 INFO:teuthology.orchestra.run.smithi067.stdout:/usr/bin/ceph: stderr
2024-04-21T23:38:43.579+0000 7fc5ab627700 1 -- 172.21.15.67:0/57342838 --> [v2:172.21.15.67:3300/0,v1:172.21.15.67:6789/0] -- mon_subscribe({osdmap=0}) -- 0x7fc5a419f120 con 0x7fc5a4107c40
2024-04-21T23:38:48.512 INFO:teuthology.orchestra.run.smithi067.stdout:/usr/bin/ceph: stderr
2024-04-21T23:38:43.580+0000 7fc59a7fc700 1 -- 172.21.15.67:0/57342838 <== mon.0 v2:172.21.15.67:3300/0 4 ==== mgrmap(e 8) ==== 46287+0+0 (secure 0 0 0) 0x7fc5a0019800 con 0x7fc5a4107c40
2024-04-21T23:38:48.512 INFO:teuthology.orchestra.run.smithi067.stdout:/usr/bin/ceph: stderr
2024-04-21T23:38:43.580+0000 7fc59a7fc700 1 --2- 172.21.15.67:0/57342838 >> [v2:172.21.15.67:6800/2634063072,v1:172.21.15.67:6801/2634063072] conn(0x7fc590039050 0x7fc59003b510 unknown :-1 s=NONE pgs=0 cs=0 l=1 rev1=0 crypto rx=0 tx=0 comp rx=0 tx=0).connect
2024-04-21T23:38:48.512 INFO:teuthology.orchestra.run.smithi067.stdout:/usr/bin/ceph: stderr
2024-04-21T23:38:43.580+0000 7fc59a7fc700 1 -- 172.21.15.67:0/57342838 <== mon.0 v2:172.21.15.67:3300/0 5 ==== osd_map(2..2 src has 1..2) ==== 940+0+0 (secure 0 0 0) 0x7fc5a004d2e0 con 0x7fc5a4107c40
2024-04-21T23:38:48.512 INFO:teuthology.orchestra.run.smithi067.stdout:/usr/bin/ceph: stderr
2024-04-21T23:38:43.580+0000 7fc5a8bc2700 1 --2- 172.21.15.67:0/57342838 >> [v2:172.21.15.67:6800/2634063072,v1:172.21.15.67:6801/2634063072] conn(0x7fc590039050 0x7fc59003b510 unknown :-1 s=BANNER_CONNECTING pgs=0 cs=0 l=1 rev1=0 crypto rx=0 tx=0 comp rx=0 tx=0)._handle_peer_banner_payload supported=3 required=0
2024-04-21T23:38:48.512 INFO:teuthology.orchestra.run.smithi067.stdout:/usr/bin/ceph: stderr
2024-04-21T23:38:43.580+0000 7fc5ab627700 1 -- 172.21.15.67:0/57342838 --> [v2:172.21.15.67:3300/0,v1:172.21.15.67:6789/0] -- mon_command({"prefix": "get_command_descriptions"} v 0) -- 0x7fc5a4063890 con 0x7fc5a4107c40
2024-04-21T23:38:48.512 INFO:teuthology.orchestra.run.smithi067.stdout:/usr/bin/ceph: stderr
2024-04-21T23:38:43.581+0000 7fc5a8bc2700 1 --2- 172.21.15.67:0/57342838 >> [v2:172.21.15.67:6800/2634063072,v1:172.21.15.67:6801/2634063072] conn(0x7fc590039050 0x7fc59003b510 secure :-1 s=READY pgs=11 cs=0 l=1 rev1=1 crypto rx=0x7fc594006fd0 tx=0x7fc594006e40 comp rx=0 tx=0).ready entity=mgr.14120 client_cookie=0 server_cookie=0 in_seq=0 out_seq=0
2024-04-21T23:38:48.512 INFO:teuthology.orchestra.run.smithi067.stdout:/usr/bin/ceph: stderr
2024-04-21T23:38:43.585+0000 7fc59a7fc700 1 -- 172.21.15.67:0/57342838 <== mon.0 v2:172.21.15.67:3300/0 6 ==== mon_command_ack([{"prefix": "get_command_descriptions"}]=0 v0) ==== 72+0+186074 (secure 0 0 0) 0x7fc5a000fda0 con 0x7fc5a4107c40
2024-04-21T23:38:48.512 INFO:teuthology.orchestra.run.smithi067.stdout:/usr/bin/ceph: stderr
2024-04-21T23:38:43.795+0000 7fc5ab627700 1 -- 172.21.15.67:0/57342838 --> [v2:172.21.15.67:6800/2634063072,v1:172.21.15.67:6801/2634063072] -- mgr_command(tid 0: {"prefix": "orch host add", "hostname": "smithi067", "addr": "172.21.15.67", "target": ["mon-mgr", ""]}) -- 0x7fc5a41044f0 con 0x7fc590039050
2024-04-21T23:38:48.512 INFO:teuthology.orchestra.run.smithi067.stdout:/usr/bin/ceph: stderr
2024-04-21T23:38:47.965+0000 7fc59a7fc700 1 -- 172.21.15.67:0/57342838 <== mgr.14120 v2:172.21.15.67:6800/2634063072 1 ==== mgr_command_reply(tid 0: 0 ) ==== 8+0+48 (secure 0 0 0) 0x7fc5a41044f0 con 0x7fc590039050
2024-04-21T23:38:48.512 INFO:teuthology.orchestra.run.smithi067.stdout:/usr/bin/ceph: stderr
2024-04-21T23:38:47.968+0000 7fc5ab627700 1 -- 172.21.15.67:0/57342838 >> [v2:172.21.15.67:6800/2634063072,v1:172.21.15.67:6801/2634063072] conn(0x7fc590039050 msgr2=0x7fc59003b510 secure :-1 s=STATE_CONNECTION_ESTABLISHED l=1).mark_down
2024-04-21T23:38:48.513 INFO:teuthology.orchestra.run.smithi067.stdout:/usr/bin/ceph: stderr
2024-04-21T23:38:47.968+0000 7fc5ab627700 1 --2- 172.21.15.67:0/57342838 >> [v2:172.21.15.67:6800/2634063072,v1:172.21.15.67:6801/2634063072] conn(0x7fc590039050 0x7fc59003b510 secure :-1 s=READY pgs=11 cs=0 l=1 rev1=1 crypto rx=0x7fc594006fd0 tx=0x7fc594006e40 comp rx=0 tx=0).stop
2024-04-21T23:38:48.513 INFO:teuthology.orchestra.run.smithi067.stdout:/usr/bin/ceph: stderr
2024-04-21T23:38:47.968+0000 7fc5ab627700 1 -- 172.21.15.67:0/57342838 >> [v2:172.21.15.67:3300/0,v1:172.21.15.67:6789/0] conn(0x7fc5a4107c40 msgr2=0x7fc5a419bc60 secure :-1 s=STATE_CONNECTION_ESTABLISHED l=1).mark_down
2024-04-21T23:38:48.513 INFO:teuthology.orchestra.run.smithi067.stdout:/usr/bin/ceph: stderr
2024-04-21T23:38:47.968+0000 7fc5ab627700 1 --2- 172.21.15.67:0/57342838 >> [v2:172.21.15.67:3300/0,v1:172.21.15.67:6789/0] conn(0x7fc5a4107c40 0x7fc5a419bc60 secure :-1 s=READY pgs=46 cs=0 l=1 rev1=1 crypto rx=0x7fc5a0009fb0 tx=0x7fc5a0011bf0 comp rx=0 tx=0).stop
2024-04-21T23:38:48.513 INFO:teuthology.orchestra.run.smithi067.stdout:/usr/bin/ceph: stderr
2024-04-21T23:38:47.968+0000 7fc5ab627700 1 -- 172.21.15.67:0/57342838 shutdown_connections
2024-04-21T23:38:48.513 INFO:teuthology.orchestra.run.smithi067.stdout:/usr/bin/ceph: stderr
2024-04-21T23:38:47.968+0000 7fc5ab627700 1 --2- 172.21.15.67:0/57342838 >> [v2:172.21.15.67:6800/2634063072,v1:172.21.15.67:6801/2634063072] conn(0x7fc590039050 0x7fc59003b510 unknown :-1 s=CLOSED pgs=11 cs=0 l=1 rev1=1 crypto rx=0 tx=0 comp rx=0 tx=0).stop
2024-04-21T23:38:48.513 INFO:teuthology.orchestra.run.smithi067.stdout:/usr/bin/ceph: stderr
2024-04-21T23:38:47.968+0000 7fc5ab627700 1 --2- 172.21.15.67:0/57342838 >> [v2:172.21.15.67:3300/0,v1:172.21.15.67:6789/0] conn(0x7fc5a4107c40 0x7fc5a419bc60 unknown :-1 s=CLOSED pgs=46 cs=0 l=1 rev1=1 crypto rx=0 tx=0 comp rx=0 tx=0).stop
2024-04-21T23:38:48.513 INFO:teuthology.orchestra.run.smithi067.stdout:/usr/bin/ceph: stderr
2024-04-21T23:38:47.968+0000 7fc5ab627700 1 -- 172.21.15.67:0/57342838 >> 172.21.15.67:0/57342838 conn(0x7fc5a41031e0 msgr2=0x7fc5a4103de0 unknown :-1 s=STATE_NONE l=0).mark_down
2024-04-21T23:38:48.513 INFO:teuthology.orchestra.run.smithi067.stdout:/usr/bin/ceph: stderr
2024-04-21T23:38:47.968+0000 7fc5ab627700 1 -- 172.21.15.67:0/57342838 shutdown_connections
2024-04-21T23:38:48.513 INFO:teuthology.orchestra.run.smithi067.stdout:/usr/bin/ceph: stderr
2024-04-21T23:38:47.968+0000 7fc5ab627700 1 -- 172.21.15.67:0/57342838 wait complete.
2024-04-21T23:38:48.513 INFO:teuthology.orchestra.run.smithi067.stdout:Deploying unmanaged mon service...
2024-04-21T23:38:49.166 INFO:journalctl@ceph.mon.a.smithi067.stdout:Apr 21 23:38:48 smithi067 ceph-mon[27947]: from='mgr.14120 172.21.15.67:0/2696609246' entity='mgr.x'
2024-04-21T23:38:49.166 INFO:journalctl@ceph.mon.a.smithi067.stdout:Apr 21 23:38:48 smithi067 ceph-mon[27947]: Added host smithi067
2024-04-21T23:38:49.166 INFO:journalctl@ceph.mon.a.smithi067.stdout:Apr 21 23:38:48 smithi067 ceph-mon[27947]: from='mgr.14120 172.21.15.67:0/2696609246' entity='mgr.x' cmd=[{"prefix": "config dump", "format": "json"}]: dispatch
2024-04-21T23:38:49.768 INFO:teuthology.orchestra.run.smithi067.stdout:/usr/bin/ceph: stdout Scheduled mon update...
2024-04-21T23:38:49.768 INFO:teuthology.orchestra.run.smithi067.stdout:/usr/bin/ceph: stderr
2024-04-21T23:38:48.939+0000 7f47d62b1700 1 Processor -- start
2024-04-21T23:38:49.768 INFO:teuthology.orchestra.run.smithi067.stdout:/usr/bin/ceph: stderr
2024-04-21T23:38:48.940+0000 7f47d62b1700 1 -- start start
2024-04-21T23:38:49.768 INFO:teuthology.orchestra.run.smithi067.stdout:/usr/bin/ceph: stderr
2024-04-21T23:38:48.940+0000 7f47d62b1700 1 --2- >> [v2:172.21.15.67:3300/0,v1:172.21.15.67:6789/0] conn(0x7f47d0107c40 0x7f47d0108060 unknown :-1 s=NONE pgs=0 cs=0 l=0 rev1=0 crypto rx=0 tx=0 comp rx=0 tx=0).connect
2024-04-21T23:38:49.768 INFO:teuthology.orchestra.run.smithi067.stdout:/usr/bin/ceph: stderr
2024-04-21T23:38:48.940+0000 7f47d62b1700 1 -- --> [v2:172.21.15.67:3300/0,v1:172.21.15.67:6789/0] -- mon_getmap magic: 0 -- 0x7f47d0108630 con 0x7f47d0107c40
2024-04-21T23:38:49.769 INFO:teuthology.orchestra.run.smithi067.stdout:/usr/bin/ceph: stderr
2024-04-21T23:38:48.940+0000 7f47cffff700 1 --2- >> [v2:172.21.15.67:3300/0,v1:172.21.15.67:6789/0] conn(0x7f47d0107c40 0x7f47d0108060 unknown :-1 s=BANNER_CONNECTING pgs=0 cs=0 l=0 rev1=0 crypto rx=0 tx=0 comp rx=0 tx=0)._handle_peer_banner_payload supported=3 required=0
2024-04-21T23:38:49.769 INFO:teuthology.orchestra.run.smithi067.stdout:/usr/bin/ceph: stderr
2024-04-21T23:38:48.940+0000 7f47cffff700 1 --2- >> [v2:172.21.15.67:3300/0,v1:172.21.15.67:6789/0] conn(0x7f47d0107c40 0x7f47d0108060 unknown :-1 s=HELLO_CONNECTING pgs=0 cs=0 l=0 rev1=1 crypto rx=0 tx=0 comp rx=0 tx=0).handle_hello peer v2:172.21.15.67:3300/0 says I am v2:172.21.15.67:36698/0 (socket says 172.21.15.67:36698)
2024-04-21T23:38:49.769 INFO:teuthology.orchestra.run.smithi067.stdout:/usr/bin/ceph: stderr
2024-04-21T23:38:48.940+0000 7f47cffff700 1 -- 172.21.15.67:0/804908841 learned_addr learned my addr 172.21.15.67:0/804908841 (peer_addr_for_me v2:172.21.15.67:0/0)
2024-04-21T23:38:49.769 INFO:teuthology.orchestra.run.smithi067.stdout:/usr/bin/ceph: stderr
2024-04-21T23:38:48.940+0000 7f47cffff700 1 -- 172.21.15.67:0/804908841 --> [v2:172.21.15.67:3300/0,v1:172.21.15.67:6789/0] -- mon_subscribe({config=0+,monmap=0+}) -- 0x7f47d0108e40 con 0x7f47d0107c40
2024-04-21T23:38:49.769 INFO:teuthology.orchestra.run.smithi067.stdout:/usr/bin/ceph: stderr
2024-04-21T23:38:48.940+0000 7f47cffff700 1 --2- 172.21.15.67:0/804908841 >> [v2:172.21.15.67:3300/0,v1:172.21.15.67:6789/0] conn(0x7f47d0107c40 0x7f47d0108060 secure :-1 s=READY pgs=47 cs=0 l=1 rev1=1 crypto rx=0x7f47c00098a0 tx=0x7f47c0009bb0 comp rx=0 tx=0).ready entity=mon.0 client_cookie=9eb2c824dc1b3806 server_cookie=0 in_seq=0 out_seq=0
2024-04-21T23:38:49.769 INFO:teuthology.orchestra.run.smithi067.stdout:/usr/bin/ceph: stderr
2024-04-21T23:38:48.941+0000 7f47ceffd700 1 -- 172.21.15.67:0/804908841 <== mon.0 v2:172.21.15.67:3300/0 1 ==== mon_map magic: 0 ==== 205+0+0 (secure 0 0 0) 0x7f47c0004160 con 0x7f47d0107c40
2024-04-21T23:38:49.769 INFO:teuthology.orchestra.run.smithi067.stdout:/usr/bin/ceph: stderr
2024-04-21T23:38:48.941+0000 7f47ceffd700 1 -- 172.21.15.67:0/804908841 <== mon.0 v2:172.21.15.67:3300/0 2 ==== config(27 keys) ==== 1109+0+0 (secure 0 0 0) 0x7f47c0004300 con 0x7f47d0107c40
2024-04-21T23:38:49.769 INFO:teuthology.orchestra.run.smithi067.stdout:/usr/bin/ceph: stderr
2024-04-21T23:38:48.941+0000 7f47ceffd700 1 -- 172.21.15.67:0/804908841 <== mon.0 v2:172.21.15.67:3300/0 3 ==== mon_map magic: 0 ==== 205+0+0 (secure 0 0 0) 0x7f47c0011b50 con 0x7f47d0107c40
2024-04-21T23:38:49.769 INFO:teuthology.orchestra.run.smithi067.stdout:/usr/bin/ceph: stderr
2024-04-21T23:38:48.941+0000 7f47d62b1700 1 -- 172.21.15.67:0/804908841 >> [v2:172.21.15.67:3300/0,v1:172.21.15.67:6789/0] conn(0x7f47d0107c40 msgr2=0x7f47d0108060 secure :-1 s=STATE_CONNECTION_ESTABLISHED l=1).mark_down
2024-04-21T23:38:49.769 INFO:teuthology.orchestra.run.smithi067.stdout:/usr/bin/ceph: stderr
2024-04-21T23:38:48.941+0000 7f47d62b1700 1 --2- 172.21.15.67:0/804908841 >> [v2:172.21.15.67:3300/0,v1:172.21.15.67:6789/0] conn(0x7f47d0107c40 0x7f47d0108060 secure :-1 s=READY pgs=47 cs=0 l=1 rev1=1 crypto rx=0x7f47c00098a0 tx=0x7f47c0009bb0 comp rx=0 tx=0).stop
2024-04-21T23:38:49.769 INFO:teuthology.orchestra.run.smithi067.stdout:/usr/bin/ceph: stderr
2024-04-21T23:38:48.941+0000 7f47d62b1700 1 -- 172.21.15.67:0/804908841 shutdown_connections
2024-04-21T23:38:49.769 INFO:teuthology.orchestra.run.smithi067.stdout:/usr/bin/ceph: stderr
2024-04-21T23:38:48.941+0000 7f47d62b1700 1 --2- 172.21.15.67:0/804908841 >> [v2:172.21.15.67:3300/0,v1:172.21.15.67:6789/0] conn(0x7f47d0107c40 0x7f47d0108060 unknown :-1 s=CLOSED pgs=47 cs=0 l=1 rev1=1 crypto rx=0 tx=0 comp rx=0 tx=0).stop
2024-04-21T23:38:49.769 INFO:teuthology.orchestra.run.smithi067.stdout:/usr/bin/ceph: stderr
2024-04-21T23:38:48.941+0000 7f47d62b1700 1 -- 172.21.15.67:0/804908841 >> 172.21.15.67:0/804908841 conn(0x7f47d01031e0 msgr2=0x7f47d0105620 unknown :-1 s=STATE_NONE l=0).mark_down
2024-04-21T23:38:49.770 INFO:teuthology.orchestra.run.smithi067.stdout:/usr/bin/ceph: stderr
2024-04-21T23:38:48.941+0000 7f47d62b1700 1 -- 172.21.15.67:0/804908841 shutdown_connections
2024-04-21T23:38:49.770 INFO:teuthology.orchestra.run.smithi067.stdout:/usr/bin/ceph: stderr
2024-04-21T23:38:48.941+0000 7f47d62b1700 1 -- 172.21.15.67:0/804908841 wait complete.
2024-04-21T23:38:49.770 INFO:teuthology.orchestra.run.smithi067.stdout:/usr/bin/ceph: stderr
2024-04-21T23:38:48.942+0000 7f47d62b1700 1 Processor -- start
2024-04-21T23:38:49.770 INFO:teuthology.orchestra.run.smithi067.stdout:/usr/bin/ceph: stderr
2024-04-21T23:38:48.942+0000 7f47d62b1700 1 -- start start
2024-04-21T23:38:49.770 INFO:teuthology.orchestra.run.smithi067.stdout:/usr/bin/ceph: stderr
2024-04-21T23:38:48.942+0000 7f47d62b1700 1 --2- >> [v2:172.21.15.67:3300/0,v1:172.21.15.67:6789/0] conn(0x7f47d0107c40 0x7f47d019bc80 unknown :-1 s=NONE pgs=0 cs=0 l=1 rev1=0 crypto rx=0 tx=0 comp rx=0 tx=0).connect
2024-04-21T23:38:49.770 INFO:teuthology.orchestra.run.smithi067.stdout:/usr/bin/ceph: stderr
2024-04-21T23:38:48.942+0000 7f47d62b1700 1 -- --> [v2:172.21.15.67:3300/0,v1:172.21.15.67:6789/0] -- mon_getmap magic: 0 -- 0x7f47d010c1f0 con 0x7f47d0107c40
2024-04-21T23:38:49.770 INFO:teuthology.orchestra.run.smithi067.stdout:/usr/bin/ceph: stderr
2024-04-21T23:38:48.942+0000 7f47cffff700 1 --2- >> [v2:172.21.15.67:3300/0,v1:172.21.15.67:6789/0] conn(0x7f47d0107c40 0x7f47d019bc80 unknown :-1 s=BANNER_CONNECTING pgs=0 cs=0 l=1 rev1=0 crypto rx=0 tx=0 comp rx=0 tx=0)._handle_peer_banner_payload supported=3 required=0
2024-04-21T23:38:49.770 INFO:teuthology.orchestra.run.smithi067.stdout:/usr/bin/ceph: stderr
2024-04-21T23:38:48.942+0000 7f47cffff700 1 --2- >> [v2:172.21.15.67:3300/0,v1:172.21.15.67:6789/0] conn(0x7f47d0107c40 0x7f47d019bc80 unknown :-1 s=HELLO_CONNECTING pgs=0 cs=0 l=1 rev1=1 crypto rx=0 tx=0 comp rx=0 tx=0).handle_hello peer v2:172.21.15.67:3300/0 says I am v2:172.21.15.67:36704/0 (socket says 172.21.15.67:36704)
2024-04-21T23:38:49.770 INFO:teuthology.orchestra.run.smithi067.stdout:/usr/bin/ceph: stderr
2024-04-21T23:38:48.942+0000 7f47cffff700 1 -- 172.21.15.67:0/3452732456 learned_addr learned my addr 172.21.15.67:0/3452732456 (peer_addr_for_me v2:172.21.15.67:0/0)
2024-04-21T23:38:49.770 INFO:teuthology.orchestra.run.smithi067.stdout:/usr/bin/ceph: stderr
2024-04-21T23:38:48.943+0000 7f47cffff700 1 -- 172.21.15.67:0/3452732456 --> [v2:172.21.15.67:3300/0,v1:172.21.15.67:6789/0] -- mon_subscribe({config=0+,monmap=0+}) -- 0x7f47d019c1c0 con 0x7f47d0107c40
2024-04-21T23:38:49.770 INFO:teuthology.orchestra.run.smithi067.stdout:/usr/bin/ceph: stderr
2024-04-21T23:38:48.943+0000 7f47cffff700 1 --2- 172.21.15.67:0/3452732456 >> [v2:172.21.15.67:3300/0,v1:172.21.15.67:6789/0] conn(0x7f47d0107c40 0x7f47d019bc80 secure :-1 s=READY pgs=48 cs=0 l=1 rev1=1 crypto rx=0x7f47c0011850 tx=0x7f47c0011c10 comp rx=0 tx=0).ready entity=mon.0 client_cookie=0 server_cookie=0 in_seq=0 out_seq=0
2024-04-21T23:38:49.770 INFO:teuthology.orchestra.run.smithi067.stdout:/usr/bin/ceph: stderr
2024-04-21T23:38:48.943+0000 7f47cd7fa700 1 -- 172.21.15.67:0/3452732456 <== mon.0 v2:172.21.15.67:3300/0 1 ==== mon_map magic: 0 ==== 205+0+0 (secure 0 0 0) 0x7f47c0003af0 con 0x7f47d0107c40
2024-04-21T23:38:49.770 INFO:teuthology.orchestra.run.smithi067.stdout:/usr/bin/ceph: stderr
2024-04-21T23:38:48.943+0000 7f47d62b1700 1 -- 172.21.15.67:0/3452732456 --> [v2:172.21.15.67:3300/0,v1:172.21.15.67:6789/0] -- mon_subscribe({mgrmap=0+}) -- 0x7f47d019c450 con 0x7f47d0107c40
2024-04-21T23:38:49.771 INFO:teuthology.orchestra.run.smithi067.stdout:/usr/bin/ceph: stderr
2024-04-21T23:38:48.943+0000 7f47cd7fa700 1 -- 172.21.15.67:0/3452732456 <== mon.0 v2:172.21.15.67:3300/0 2 ==== config(27 keys) ==== 1109+0+0 (secure 0 0 0) 0x7f47c0020070 con 0x7f47d0107c40
2024-04-21T23:38:49.771 INFO:teuthology.orchestra.run.smithi067.stdout:/usr/bin/ceph: stderr
2024-04-21T23:38:48.943+0000 7f47cd7fa700 1 -- 172.21.15.67:0/3452732456 <== mon.0 v2:172.21.15.67:3300/0 3 ==== mon_map magic: 0 ==== 205+0+0 (secure 0 0 0) 0x7f47c00195a0 con 0x7f47d0107c40
2024-04-21T23:38:49.771 INFO:teuthology.orchestra.run.smithi067.stdout:/usr/bin/ceph: stderr
2024-04-21T23:38:48.943+0000 7f47d62b1700 1 -- 172.21.15.67:0/3452732456 --> [v2:172.21.15.67:3300/0,v1:172.21.15.67:6789/0] -- mon_subscribe({osdmap=0}) -- 0x7f47d019f140 con 0x7f47d0107c40
2024-04-21T23:38:49.771 INFO:teuthology.orchestra.run.smithi067.stdout:/usr/bin/ceph: stderr
2024-04-21T23:38:48.944+0000 7f47cd7fa700 1 -- 172.21.15.67:0/3452732456 <== mon.0 v2:172.21.15.67:3300/0 4 ==== mgrmap(e 8) ==== 46287+0+0 (secure 0 0 0) 0x7f47c00198a0 con 0x7f47d0107c40
2024-04-21T23:38:49.771 INFO:teuthology.orchestra.run.smithi067.stdout:/usr/bin/ceph: stderr
2024-04-21T23:38:48.944+0000 7f47d62b1700 1 -- 172.21.15.67:0/3452732456 --> [v2:172.21.15.67:3300/0,v1:172.21.15.67:6789/0] -- mon_command({"prefix": "get_command_descriptions"} v 0) -- 0x7f47d0063890 con 0x7f47d0107c40
