2024-04-21T23:38:26.826 INFO:teuthology.orchestra.run.smithi067.stdout:/usr/bin/ceph: stdout "min_mon_release_name": "squid",
2024-04-21T23:38:26.827 INFO:teuthology.orchestra.run.smithi067.stdout:/usr/bin/ceph: stdout "num_mons": 1
2024-04-21T23:38:26.827 INFO:teuthology.orchestra.run.smithi067.stdout:/usr/bin/ceph: stdout },
2024-04-21T23:38:26.827 INFO:teuthology.orchestra.run.smithi067.stdout:/usr/bin/ceph: stdout "osdmap": {
2024-04-21T23:38:26.827 INFO:teuthology.orchestra.run.smithi067.stdout:/usr/bin/ceph: stdout "epoch": 1,
2024-04-21T23:38:26.827 INFO:teuthology.orchestra.run.smithi067.stdout:/usr/bin/ceph: stdout "num_osds": 0,
2024-04-21T23:38:26.827 INFO:teuthology.orchestra.run.smithi067.stdout:/usr/bin/ceph: stdout "num_up_osds": 0,
2024-04-21T23:38:26.827 INFO:teuthology.orchestra.run.smithi067.stdout:/usr/bin/ceph: stdout "osd_up_since": 0,
2024-04-21T23:38:26.827 INFO:teuthology.orchestra.run.smithi067.stdout:/usr/bin/ceph: stdout "num_in_osds": 0,
2024-04-21T23:38:26.827 INFO:teuthology.orchestra.run.smithi067.stdout:/usr/bin/ceph: stdout "osd_in_since": 0,
2024-04-21T23:38:26.827 INFO:teuthology.orchestra.run.smithi067.stdout:/usr/bin/ceph: stdout "num_remapped_pgs": 0
2024-04-21T23:38:26.827 INFO:teuthology.orchestra.run.smithi067.stdout:/usr/bin/ceph: stdout },
2024-04-21T23:38:26.827 INFO:teuthology.orchestra.run.smithi067.stdout:/usr/bin/ceph: stdout "pgmap": {
2024-04-21T23:38:26.827 INFO:teuthology.orchestra.run.smithi067.stdout:/usr/bin/ceph: stdout "pgs_by_state": [],
2024-04-21T23:38:26.827 INFO:teuthology.orchestra.run.smithi067.stdout:/usr/bin/ceph: stdout "num_pgs": 0,
2024-04-21T23:38:26.828 INFO:teuthology.orchestra.run.smithi067.stdout:/usr/bin/ceph: stdout "num_pools": 0,
2024-04-21T23:38:26.828 INFO:teuthology.orchestra.run.smithi067.stdout:/usr/bin/ceph: stdout "num_objects": 0,
2024-04-21T23:38:26.828 INFO:teuthology.orchestra.run.smithi067.stdout:/usr/bin/ceph: stdout "data_bytes": 0,
2024-04-21T23:38:26.828 INFO:teuthology.orchestra.run.smithi067.stdout:/usr/bin/ceph: stdout "bytes_used": 0,
2024-04-21T23:38:26.828 INFO:teuthology.orchestra.run.smithi067.stdout:/usr/bin/ceph: stdout "bytes_avail": 0,
2024-04-21T23:38:26.828 INFO:teuthology.orchestra.run.smithi067.stdout:/usr/bin/ceph: stdout "bytes_total": 0
2024-04-21T23:38:26.828 INFO:teuthology.orchestra.run.smithi067.stdout:/usr/bin/ceph: stdout },
2024-04-21T23:38:26.828 INFO:teuthology.orchestra.run.smithi067.stdout:/usr/bin/ceph: stdout "fsmap": {
2024-04-21T23:38:26.828 INFO:teuthology.orchestra.run.smithi067.stdout:/usr/bin/ceph: stdout "epoch": 1,
2024-04-21T23:38:26.828 INFO:teuthology.orchestra.run.smithi067.stdout:/usr/bin/ceph: stdout "by_rank": [],
2024-04-21T23:38:26.830 INFO:teuthology.orchestra.run.smithi067.stdout:/usr/bin/ceph: stdout "up:standby": 0
2024-04-21T23:38:26.830 INFO:teuthology.orchestra.run.smithi067.stdout:/usr/bin/ceph: stdout },
2024-04-21T23:38:26.830 INFO:teuthology.orchestra.run.smithi067.stdout:/usr/bin/ceph: stdout "mgrmap": {
2024-04-21T23:38:26.830 INFO:teuthology.orchestra.run.smithi067.stdout:/usr/bin/ceph: stdout "available": true,
2024-04-21T23:38:26.830 INFO:teuthology.orchestra.run.smithi067.stdout:/usr/bin/ceph: stdout "num_standbys": 0,
2024-04-21T23:38:26.830 INFO:teuthology.orchestra.run.smithi067.stdout:/usr/bin/ceph: stdout "modules": [
2024-04-21T23:38:26.830 INFO:teuthology.orchestra.run.smithi067.stdout:/usr/bin/ceph: stdout "iostat",
2024-04-21T23:38:26.831 INFO:teuthology.orchestra.run.smithi067.stdout:/usr/bin/ceph: stdout "nfs",
2024-04-21T23:38:26.831 INFO:teuthology.orchestra.run.smithi067.stdout:/usr/bin/ceph: stdout "restful"
2024-04-21T23:38:26.831 INFO:teuthology.orchestra.run.smithi067.stdout:/usr/bin/ceph: stdout ],
2024-04-21T23:38:26.831 INFO:teuthology.orchestra.run.smithi067.stdout:/usr/bin/ceph: stdout "services": {}
2024-04-21T23:38:26.831 INFO:teuthology.orchestra.run.smithi067.stdout:/usr/bin/ceph: stdout },
2024-04-21T23:38:26.831 INFO:teuthology.orchestra.run.smithi067.stdout:/usr/bin/ceph: stdout "servicemap": {
2024-04-21T23:38:26.831 INFO:teuthology.orchestra.run.smithi067.stdout:/usr/bin/ceph: stdout "epoch": 1,
2024-04-21T23:38:26.831 INFO:teuthology.orchestra.run.smithi067.stdout:/usr/bin/ceph: stdout "modified": "2024-04-21T23:38:01.300106+0000",
2024-04-21T23:38:26.831 INFO:teuthology.orchestra.run.smithi067.stdout:/usr/bin/ceph: stdout "services": {}
2024-04-21T23:38:26.831 INFO:teuthology.orchestra.run.smithi067.stdout:/usr/bin/ceph: stdout },
2024-04-21T23:38:26.831 INFO:teuthology.orchestra.run.smithi067.stdout:/usr/bin/ceph: stdout "progress_events": {}
2024-04-21T23:38:26.831 INFO:teuthology.orchestra.run.smithi067.stdout:/usr/bin/ceph: stdout }
2024-04-21T23:38:26.831 INFO:teuthology.orchestra.run.smithi067.stdout:/usr/bin/ceph: stderr
2024-04-21T23:38:20.626+0000 7f19c60b8700 1 Processor -- start
2024-04-21T23:38:26.831 INFO:teuthology.orchestra.run.smithi067.stdout:/usr/bin/ceph: stderr
2024-04-21T23:38:20.626+0000 7f19c60b8700 1 -- start start
2024-04-21T23:38:26.832 INFO:teuthology.orchestra.run.smithi067.stdout:/usr/bin/ceph: stderr
2024-04-21T23:38:20.626+0000 7f19c60b8700 1 --2- >> [v2:172.21.15.67:3300/0,v1:172.21.15.67:6789/0] conn(0x7f19c007dea0 0x7f19c007c300 unknown :-1 s=NONE pgs=0 cs=0 l=0 rev1=0 crypto rx=0 tx=0 comp rx=0 tx=0).connect
2024-04-21T23:38:26.832 INFO:teuthology.orchestra.run.smithi067.stdout:/usr/bin/ceph: stderr
2024-04-21T23:38:20.626+0000 7f19c60b8700 1 -- --> [v2:172.21.15.67:3300/0,v1:172.21.15.67:6789/0] -- mon_getmap magic: 0 -- 0x7f19c007c8d0 con 0x7f19c007dea0
2024-04-21T23:38:26.832 INFO:teuthology.orchestra.run.smithi067.stdout:/usr/bin/ceph: stderr
2024-04-21T23:38:20.626+0000 7f19bf7fe700 1 --2- >> [v2:172.21.15.67:3300/0,v1:172.21.15.67:6789/0] conn(0x7f19c007dea0 0x7f19c007c300 unknown :-1 s=BANNER_CONNECTING pgs=0 cs=0 l=0 rev1=0 crypto rx=0 tx=0 comp rx=0 tx=0)._handle_peer_banner_payload supported=3 required=0
2024-04-21T23:38:26.832 INFO:teuthology.orchestra.run.smithi067.stdout:/usr/bin/ceph: stderr
2024-04-21T23:38:20.626+0000 7f19bf7fe700 1 --2- >> [v2:172.21.15.67:3300/0,v1:172.21.15.67:6789/0] conn(0x7f19c007dea0 0x7f19c007c300 unknown :-1 s=HELLO_CONNECTING pgs=0 cs=0 l=0 rev1=1 crypto rx=0 tx=0 comp rx=0 tx=0).handle_hello peer v2:172.21.15.67:3300/0 says I am v2:172.21.15.67:36922/0 (socket says 172.21.15.67:36922)
2024-04-21T23:38:26.832 INFO:teuthology.orchestra.run.smithi067.stdout:/usr/bin/ceph: stderr
2024-04-21T23:38:20.626+0000 7f19bf7fe700 1 -- 172.21.15.67:0/3386119290 learned_addr learned my addr 172.21.15.67:0/3386119290 (peer_addr_for_me v2:172.21.15.67:0/0)
2024-04-21T23:38:26.832 INFO:teuthology.orchestra.run.smithi067.stdout:/usr/bin/ceph: stderr
2024-04-21T23:38:20.627+0000 7f19bf7fe700 1 -- 172.21.15.67:0/3386119290 --> [v2:172.21.15.67:3300/0,v1:172.21.15.67:6789/0] -- mon_subscribe({config=0+,monmap=0+}) -- 0x7f19c007ca50 con 0x7f19c007dea0
2024-04-21T23:38:26.832 INFO:teuthology.orchestra.run.smithi067.stdout:/usr/bin/ceph: stderr
2024-04-21T23:38:20.627+0000 7f19bf7fe700 1 --2- 172.21.15.67:0/3386119290 >> [v2:172.21.15.67:3300/0,v1:172.21.15.67:6789/0] conn(0x7f19c007dea0 0x7f19c007c300 secure :-1 s=READY pgs=18 cs=0 l=1 rev1=1 crypto rx=0x7f19b00098a0 tx=0x7f19b0009bb0 comp rx=0 tx=0).ready entity=mon.0 client_cookie=38c1c8f091d7e489 server_cookie=0 in_seq=0 out_seq=0
2024-04-21T23:38:26.832 INFO:teuthology.orchestra.run.smithi067.stdout:/usr/bin/ceph: stderr
2024-04-21T23:38:20.627+0000 7f19be7fc700 1 -- 172.21.15.67:0/3386119290 <== mon.0 v2:172.21.15.67:3300/0 1 ==== mon_map magic: 0 ==== 205+0+0 (secure 0 0 0) 0x7f19b0004160 con 0x7f19c007dea0
2024-04-21T23:38:26.832 INFO:teuthology.orchestra.run.smithi067.stdout:/usr/bin/ceph: stderr
2024-04-21T23:38:20.627+0000 7f19be7fc700 1 -- 172.21.15.67:0/3386119290 <== mon.0 v2:172.21.15.67:3300/0 2 ==== config(27 keys) ==== 1109+0+0 (secure 0 0 0) 0x7f19b0004300 con 0x7f19c007dea0
2024-04-21T23:38:26.832 INFO:teuthology.orchestra.run.smithi067.stdout:/usr/bin/ceph: stderr
2024-04-21T23:38:20.627+0000 7f19be7fc700 1 -- 172.21.15.67:0/3386119290 <== mon.0 v2:172.21.15.67:3300/0 3 ==== mon_map magic: 0 ==== 205+0+0 (secure 0 0 0) 0x7f19b0011b50 con 0x7f19c007dea0
2024-04-21T23:38:26.832 INFO:teuthology.orchestra.run.smithi067.stdout:/usr/bin/ceph: stderr
2024-04-21T23:38:20.628+0000 7f19c60b8700 1 -- 172.21.15.67:0/3386119290 >> [v2:172.21.15.67:3300/0,v1:172.21.15.67:6789/0] conn(0x7f19c007dea0 msgr2=0x7f19c007c300 secure :-1 s=STATE_CONNECTION_ESTABLISHED l=1).mark_down
2024-04-21T23:38:26.832 INFO:teuthology.orchestra.run.smithi067.stdout:/usr/bin/ceph: stderr
2024-04-21T23:38:20.628+0000 7f19c60b8700 1 --2- 172.21.15.67:0/3386119290 >> [v2:172.21.15.67:3300/0,v1:172.21.15.67:6789/0] conn(0x7f19c007dea0 0x7f19c007c300 secure :-1 s=READY pgs=18 cs=0 l=1 rev1=1 crypto rx=0x7f19b00098a0 tx=0x7f19b0009bb0 comp rx=0 tx=0).stop
2024-04-21T23:38:26.832 INFO:teuthology.orchestra.run.smithi067.stdout:/usr/bin/ceph: stderr
2024-04-21T23:38:20.628+0000 7f19c60b8700 1 -- 172.21.15.67:0/3386119290 shutdown_connections
2024-04-21T23:38:26.833 INFO:teuthology.orchestra.run.smithi067.stdout:/usr/bin/ceph: stderr
2024-04-21T23:38:20.628+0000 7f19c60b8700 1 --2- 172.21.15.67:0/3386119290 >> [v2:172.21.15.67:3300/0,v1:172.21.15.67:6789/0] conn(0x7f19c007dea0 0x7f19c007c300 unknown :-1 s=CLOSED pgs=18 cs=0 l=1 rev1=1 crypto rx=0 tx=0 comp rx=0 tx=0).stop
2024-04-21T23:38:26.833 INFO:teuthology.orchestra.run.smithi067.stdout:/usr/bin/ceph: stderr
2024-04-21T23:38:20.628+0000 7f19c60b8700 1 -- 172.21.15.67:0/3386119290 >> 172.21.15.67:0/3386119290 conn(0x7f19c01031e0 msgr2=0x7f19c0105620 unknown :-1 s=STATE_NONE l=0).mark_down
2024-04-21T23:38:26.833 INFO:teuthology.orchestra.run.smithi067.stdout:/usr/bin/ceph: stderr
2024-04-21T23:38:20.628+0000 7f19c60b8700 1 -- 172.21.15.67:0/3386119290 shutdown_connections
2024-04-21T23:38:26.833 INFO:teuthology.orchestra.run.smithi067.stdout:/usr/bin/ceph: stderr
2024-04-21T23:38:20.628+0000 7f19c60b8700 1 -- 172.21.15.67:0/3386119290 wait complete.
2024-04-21T23:38:26.833 INFO:teuthology.orchestra.run.smithi067.stdout:/usr/bin/ceph: stderr
2024-04-21T23:38:20.628+0000 7f19c60b8700 1 Processor -- start
2024-04-21T23:38:26.833 INFO:teuthology.orchestra.run.smithi067.stdout:/usr/bin/ceph: stderr
2024-04-21T23:38:20.629+0000 7f19c60b8700 1 -- start start
2024-04-21T23:38:26.833 INFO:teuthology.orchestra.run.smithi067.stdout:/usr/bin/ceph: stderr
2024-04-21T23:38:20.629+0000 7f19c60b8700 1 --2- >> [v2:172.21.15.67:3300/0,v1:172.21.15.67:6789/0] conn(0x7f19c007dea0 0x7f19c019de40 unknown :-1 s=NONE pgs=0 cs=0 l=1 rev1=0 crypto rx=0 tx=0 comp rx=0 tx=0).connect
2024-04-21T23:38:26.833 INFO:teuthology.orchestra.run.smithi067.stdout:/usr/bin/ceph: stderr
2024-04-21T23:38:20.629+0000 7f19c60b8700 1 -- --> [v2:172.21.15.67:3300/0,v1:172.21.15.67:6789/0] -- mon_getmap magic: 0 -- 0x7f19c010e250 con 0x7f19c007dea0
2024-04-21T23:38:26.833 INFO:teuthology.orchestra.run.smithi067.stdout:/usr/bin/ceph: stderr
2024-04-21T23:38:20.629+0000 7f19bf7fe700 1 --2- >> [v2:172.21.15.67:3300/0,v1:172.21.15.67:6789/0] conn(0x7f19c007dea0 0x7f19c019de40 unknown :-1 s=BANNER_CONNECTING pgs=0 cs=0 l=1 rev1=0 crypto rx=0 tx=0 comp rx=0 tx=0)._handle_peer_banner_payload supported=3 required=0
2024-04-21T23:38:26.833 INFO:teuthology.orchestra.run.smithi067.stdout:/usr/bin/ceph: stderr
2024-04-21T23:38:20.629+0000 7f19bf7fe700 1 --2- >> [v2:172.21.15.67:3300/0,v1:172.21.15.67:6789/0] conn(0x7f19c007dea0 0x7f19c019de40 unknown :-1 s=HELLO_CONNECTING pgs=0 cs=0 l=1 rev1=1 crypto rx=0 tx=0 comp rx=0 tx=0).handle_hello peer v2:172.21.15.67:3300/0 says I am v2:172.21.15.67:36924/0 (socket says 172.21.15.67:36924)
2024-04-21T23:38:26.833 INFO:teuthology.orchestra.run.smithi067.stdout:/usr/bin/ceph: stderr
2024-04-21T23:38:20.629+0000 7f19bf7fe700 1 -- 172.21.15.67:0/2325841117 learned_addr learned my addr 172.21.15.67:0/2325841117 (peer_addr_for_me v2:172.21.15.67:0/0)
2024-04-21T23:38:26.833 INFO:teuthology.orchestra.run.smithi067.stdout:/usr/bin/ceph: stderr
2024-04-21T23:38:20.629+0000 7f19bf7fe700 1 -- 172.21.15.67:0/2325841117 --> [v2:172.21.15.67:3300/0,v1:172.21.15.67:6789/0] -- mon_subscribe({config=0+,monmap=0+}) -- 0x7f19c019e380 con 0x7f19c007dea0
2024-04-21T23:38:26.833 INFO:teuthology.orchestra.run.smithi067.stdout:/usr/bin/ceph: stderr
2024-04-21T23:38:20.629+0000 7f19bf7fe700 1 --2- 172.21.15.67:0/2325841117 >> [v2:172.21.15.67:3300/0,v1:172.21.15.67:6789/0] conn(0x7f19c007dea0 0x7f19c019de40 secure :-1 s=READY pgs=19 cs=0 l=1 rev1=1 crypto rx=0x7f19b0009fb0 tx=0x7f19b0011bf0 comp rx=0 tx=0).ready entity=mon.0 client_cookie=0 server_cookie=0 in_seq=0 out_seq=0
2024-04-21T23:38:26.834 INFO:teuthology.orchestra.run.smithi067.stdout:/usr/bin/ceph: stderr
2024-04-21T23:38:20.630+0000 7f19bcff9700 1 -- 172.21.15.67:0/2325841117 <== mon.0 v2:172.21.15.67:3300/0 1 ==== mon_map magic: 0 ==== 205+0+0 (secure 0 0 0) 0x7f19b00038b0 con 0x7f19c007dea0
2024-04-21T23:38:26.834 INFO:teuthology.orchestra.run.smithi067.stdout:/usr/bin/ceph: stderr
2024-04-21T23:38:20.630+0000 7f19bcff9700 1 -- 172.21.15.67:0/2325841117 <== mon.0 v2:172.21.15.67:3300/0 2 ==== config(27 keys) ==== 1109+0+0 (secure 0 0 0) 0x7f19b0011e50 con 0x7f19c007dea0
2024-04-21T23:38:26.834 INFO:teuthology.orchestra.run.smithi067.stdout:/usr/bin/ceph: stderr
2024-04-21T23:38:20.630+0000 7f19c60b8700 1 -- 172.21.15.67:0/2325841117 --> [v2:172.21.15.67:3300/0,v1:172.21.15.67:6789/0] -- mon_subscribe({mgrmap=0+}) -- 0x7f19c019e610 con 0x7f19c007dea0
2024-04-21T23:38:26.834 INFO:teuthology.orchestra.run.smithi067.stdout:/usr/bin/ceph: stderr
2024-04-21T23:38:20.630+0000 7f19bcff9700 1 -- 172.21.15.67:0/2325841117 <== mon.0 v2:172.21.15.67:3300/0 3 ==== mon_map magic: 0 ==== 205+0+0 (secure 0 0 0) 0x7f19b0019550 con 0x7f19c007dea0
2024-04-21T23:38:26.834 INFO:teuthology.orchestra.run.smithi067.stdout:/usr/bin/ceph: stderr
2024-04-21T23:38:20.630+0000 7f19c60b8700 1 -- 172.21.15.67:0/2325841117 --> [v2:172.21.15.67:3300/0,v1:172.21.15.67:6789/0] -- mon_subscribe({osdmap=0}) -- 0x7f19c01a1300 con 0x7f19c007dea0
2024-04-21T23:38:26.834 INFO:teuthology.orchestra.run.smithi067.stdout:/usr/bin/ceph: stderr
2024-04-21T23:38:20.631+0000 7f19bcff9700 1 -- 172.21.15.67:0/2325841117 <== mon.0 v2:172.21.15.67:3300/0 4 ==== mgrmap(e 4) ==== 46276+0+0 (secure 0 0 0) 0x7f19b0019850 con 0x7f19c007dea0
2024-04-21T23:38:26.834 INFO:teuthology.orchestra.run.smithi067.stdout:/usr/bin/ceph: stderr
2024-04-21T23:38:20.631+0000 7f19c60b8700 1 -- 172.21.15.67:0/2325841117 --> [v2:172.21.15.67:3300/0,v1:172.21.15.67:6789/0] -- mon_command({"prefix": "get_command_descriptions"} v 0) -- 0x7f19c0063890 con 0x7f19c007dea0
2024-04-21T23:38:26.834 INFO:teuthology.orchestra.run.smithi067.stdout:/usr/bin/ceph: stderr
2024-04-21T23:38:20.631+0000 7f19bcff9700 1 --2- 172.21.15.67:0/2325841117 >> [v2:172.21.15.67:6800/3084266419,v1:172.21.15.67:6801/3084266419] conn(0x7f19a8038fb0 0x7f19a803b470 unknown :-1 s=NONE pgs=0 cs=0 l=1 rev1=0 crypto rx=0 tx=0 comp rx=0 tx=0).connect
2024-04-21T23:38:26.834 INFO:teuthology.orchestra.run.smithi067.stdout:/usr/bin/ceph: stderr
2024-04-21T23:38:20.631+0000 7f19bcff9700 1 -- 172.21.15.67:0/2325841117 <== mon.0 v2:172.21.15.67:3300/0 5 ==== osd_map(1..1 src has 1..1) ==== 725+0+0 (secure 0 0 0) 0x7f19b004d3f0 con 0x7f19c007dea0
2024-04-21T23:38:26.834 INFO:teuthology.orchestra.run.smithi067.stdout:/usr/bin/ceph: stderr
2024-04-21T23:38:20.631+0000 7f19beffd700 1 --2- 172.21.15.67:0/2325841117 >> [v2:172.21.15.67:6800/3084266419,v1:172.21.15.67:6801/3084266419] conn(0x7f19a8038fb0 0x7f19a803b470 unknown :-1 s=BANNER_CONNECTING pgs=0 cs=0 l=1 rev1=0 crypto rx=0 tx=0 comp rx=0 tx=0)._handle_peer_banner_payload supported=3 required=0
2024-04-21T23:38:26.837 INFO:teuthology.orchestra.run.smithi067.stdout:/usr/bin/ceph: stderr
2024-04-21T23:38:20.631+0000 7f19beffd700 1 --2- 172.21.15.67:0/2325841117 >> [v2:172.21.15.67:6800/3084266419,v1:172.21.15.67:6801/3084266419] conn(0x7f19a8038fb0 0x7f19a803b470 secure :-1 s=READY pgs=6 cs=0 l=1 rev1=1 crypto rx=0x7f19b4006fd0 tx=0x7f19b4006e40 comp rx=0 tx=0).ready entity=mgr.14100 client_cookie=0 server_cookie=0 in_seq=0 out_seq=0
2024-04-21T23:38:26.837 INFO:teuthology.orchestra.run.smithi067.stdout:/usr/bin/ceph: stderr
2024-04-21T23:38:20.636+0000 7f19bcff9700 1 -- 172.21.15.67:0/2325841117 <== mon.0 v2:172.21.15.67:3300/0 6 ==== mon_command_ack([{"prefix": "get_command_descriptions"}]=0 v0) ==== 72+0+186074 (secure 0 0 0) 0x7f19b004ce10 con 0x7f19c007dea0
2024-04-21T23:38:26.837 INFO:teuthology.orchestra.run.smithi067.stdout:/usr/bin/ceph: stderr
2024-04-21T23:38:20.929+0000 7f19c60b8700 1 -- 172.21.15.67:0/2325841117 --> [v2:172.21.15.67:3300/0,v1:172.21.15.67:6789/0] -- mon_command({"prefix": "status", "format": "json-pretty"} v 0) -- 0x7f19c01a14d0 con 0x7f19c007dea0
2024-04-21T23:38:26.837 INFO:teuthology.orchestra.run.smithi067.stdout:/usr/bin/ceph: stderr
2024-04-21T23:38:20.929+0000 7f19bcff9700 1 -- 172.21.15.67:0/2325841117 <== mon.0 v2:172.21.15.67:3300/0 7 ==== mon_command_ack([{"prefix": "status", "format": "json-pretty"}]=0 v0) ==== 79+0+1239 (secure 0 0 0) 0x7f19c01a14d0 con 0x7f19c007dea0
2024-04-21T23:38:26.837 INFO:teuthology.orchestra.run.smithi067.stdout:/usr/bin/ceph: stderr
2024-04-21T23:38:20.932+0000 7f19c60b8700 1 -- 172.21.15.67:0/2325841117 >> [v2:172.21.15.67:6800/3084266419,v1:172.21.15.67:6801/3084266419] conn(0x7f19a8038fb0 msgr2=0x7f19a803b470 secure :-1 s=STATE_CONNECTION_ESTABLISHED l=1).mark_down
2024-04-21T23:38:26.837 INFO:teuthology.orchestra.run.smithi067.stdout:/usr/bin/ceph: stderr
2024-04-21T23:38:20.932+0000 7f19c60b8700 1 --2- 172.21.15.67:0/2325841117 >> [v2:172.21.15.67:6800/3084266419,v1:172.21.15.67:6801/3084266419] conn(0x7f19a8038fb0 0x7f19a803b470 secure :-1 s=READY pgs=6 cs=0 l=1 rev1=1 crypto rx=0x7f19b4006fd0 tx=0x7f19b4006e40 comp rx=0 tx=0).stop
2024-04-21T23:38:26.837 INFO:teuthology.orchestra.run.smithi067.stdout:/usr/bin/ceph: stderr
2024-04-21T23:38:20.932+0000 7f19c60b8700 1 -- 172.21.15.67:0/2325841117 >> [v2:172.21.15.67:3300/0,v1:172.21.15.67:6789/0] conn(0x7f19c007dea0 msgr2=0x7f19c019de40 secure :-1 s=STATE_CONNECTION_ESTABLISHED l=1).mark_down
2024-04-21T23:38:26.837 INFO:teuthology.orchestra.run.smithi067.stdout:/usr/bin/ceph: stderr
2024-04-21T23:38:20.932+0000 7f19c60b8700 1 --2- 172.21.15.67:0/2325841117 >> [v2:172.21.15.67:3300/0,v1:172.21.15.67:6789/0] conn(0x7f19c007dea0 0x7f19c019de40 secure :-1 s=READY pgs=19 cs=0 l=1 rev1=1 crypto rx=0x7f19b0009fb0 tx=0x7f19b0011bf0 comp rx=0 tx=0).stop
2024-04-21T23:38:26.837 INFO:teuthology.orchestra.run.smithi067.stdout:/usr/bin/ceph: stderr
2024-04-21T23:38:20.932+0000 7f19c60b8700 1 -- 172.21.15.67:0/2325841117 shutdown_connections
2024-04-21T23:38:26.837 INFO:teuthology.orchestra.run.smithi067.stdout:/usr/bin/ceph: stderr
2024-04-21T23:38:20.932+0000 7f19c60b8700 1 --2- 172.21.15.67:0/2325841117 >> [v2:172.21.15.67:6800/3084266419,v1:172.21.15.67:6801/3084266419] conn(0x7f19a8038fb0 0x7f19a803b470 unknown :-1 s=CLOSED pgs=6 cs=0 l=1 rev1=1 crypto rx=0 tx=0 comp rx=0 tx=0).stop
2024-04-21T23:38:26.837 INFO:teuthology.orchestra.run.smithi067.stdout:/usr/bin/ceph: stderr
2024-04-21T23:38:20.932+0000 7f19c60b8700 1 --2- 172.21.15.67:0/2325841117 >> [v2:172.21.15.67:3300/0,v1:172.21.15.67:6789/0] conn(0x7f19c007dea0 0x7f19c019de40 unknown :-1 s=CLOSED pgs=19 cs=0 l=1 rev1=1 crypto rx=0 tx=0 comp rx=0 tx=0).stop
2024-04-21T23:38:26.837 INFO:teuthology.orchestra.run.smithi067.stdout:/usr/bin/ceph: stderr
2024-04-21T23:38:20.932+0000 7f19c60b8700 1 -- 172.21.15.67:0/2325841117 >> 172.21.15.67:0/2325841117 conn(0x7f19c01031e0 msgr2=0x7f19c0103de0 unknown :-1 s=STATE_NONE l=0).mark_down
2024-04-21T23:38:26.838 INFO:teuthology.orchestra.run.smithi067.stdout:/usr/bin/ceph: stderr
2024-04-21T23:38:20.932+0000 7f19c60b8700 1 -- 172.21.15.67:0/2325841117 shutdown_connections
2024-04-21T23:38:26.838 INFO:teuthology.orchestra.run.smithi067.stdout:/usr/bin/ceph: stderr
2024-04-21T23:38:20.932+0000 7f19c60b8700 1 -- 172.21.15.67:0/2325841117 wait complete.
2024-04-21T23:38:26.838 INFO:teuthology.orchestra.run.smithi067.stdout:mgr is available
2024-04-21T23:38:28.155 INFO:journalctl@ceph.mon.a.smithi067.stdout:Apr 21 23:38:27 smithi067 ceph-mon[27947]: from='client.? 172.21.15.67:0/2333112918' entity='client.admin' cmd=[{"prefix": "config assimilate-conf"}]: dispatch
2024-04-21T23:38:28.412 INFO:teuthology.orchestra.run.smithi067.stdout:/usr/bin/ceph: stdout
2024-04-21T23:38:28.412 INFO:teuthology.orchestra.run.smithi067.stdout:/usr/bin/ceph: stdout [global]
2024-04-21T23:38:28.413 INFO:teuthology.orchestra.run.smithi067.stdout:/usr/bin/ceph: stdout fsid = 158379ec-0038-11ef-bc93-c7b262605968
2024-04-21T23:38:28.413 INFO:teuthology.orchestra.run.smithi067.stdout:/usr/bin/ceph: stdout mon_osd_allow_pg_remap = true
2024-04-21T23:38:28.413 INFO:teuthology.orchestra.run.smithi067.stdout:/usr/bin/ceph: stdout mon_osd_allow_primary_affinity = true
2024-04-21T23:38:28.413 INFO:teuthology.orchestra.run.smithi067.stdout:/usr/bin/ceph: stdout mon_warn_on_no_sortbitwise = false
2024-04-21T23:38:28.413 INFO:teuthology.orchestra.run.smithi067.stdout:/usr/bin/ceph: stdout osd_crush_chooseleaf_type = 0
2024-04-21T23:38:28.413 INFO:teuthology.orchestra.run.smithi067.stdout:/usr/bin/ceph: stdout
2024-04-21T23:38:28.413 INFO:teuthology.orchestra.run.smithi067.stdout:/usr/bin/ceph: stdout [mgr]
2024-04-21T23:38:28.413 INFO:teuthology.orchestra.run.smithi067.stdout:/usr/bin/ceph: stdout mgr/telemetry/nag = false
2024-04-21T23:38:28.413 INFO:teuthology.orchestra.run.smithi067.stdout:/usr/bin/ceph: stdout
2024-04-21T23:38:28.413 INFO:teuthology.orchestra.run.smithi067.stdout:/usr/bin/ceph: stdout [osd]
2024-04-21T23:38:28.413 INFO:teuthology.orchestra.run.smithi067.stdout:/usr/bin/ceph: stdout mon_osd_backfillfull_ratio = 0.85
2024-04-21T23:38:28.413 INFO:teuthology.orchestra.run.smithi067.stdout:/usr/bin/ceph: stdout mon_osd_full_ratio = 0.9
2024-04-21T23:38:28.413 INFO:teuthology.orchestra.run.smithi067.stdout:/usr/bin/ceph: stdout mon_osd_nearfull_ratio = 0.8
2024-04-21T23:38:28.414 INFO:teuthology.orchestra.run.smithi067.stdout:/usr/bin/ceph: stdout osd_map_max_advance = 10
2024-04-21T23:38:28.414 INFO:teuthology.orchestra.run.smithi067.stdout:/usr/bin/ceph: stdout osd_sloppy_crc = true
2024-04-21T23:38:28.414 INFO:teuthology.orchestra.run.smithi067.stdout:/usr/bin/ceph: stderr
2024-04-21T23:38:27.584+0000 7f62c8947700 1 Processor -- start
2024-04-21T23:38:28.414 INFO:teuthology.orchestra.run.smithi067.stdout:/usr/bin/ceph: stderr
2024-04-21T23:38:27.584+0000 7f62c8947700 1 -- start start
2024-04-21T23:38:28.414 INFO:teuthology.orchestra.run.smithi067.stdout:/usr/bin/ceph: stderr
2024-04-21T23:38:27.584+0000 7f62c8947700 1 --2- >> [v2:172.21.15.67:3300/0,v1:172.21.15.67:6789/0] conn(0x7f62c4105f30 0x7f62c4106350 unknown :-1 s=NONE pgs=0 cs=0 l=0 rev1=0 crypto rx=0 tx=0 comp rx=0 tx=0).connect
2024-04-21T23:38:28.414 INFO:teuthology.orchestra.run.smithi067.stdout:/usr/bin/ceph: stderr
2024-04-21T23:38:27.584+0000 7f62c8947700 1 -- --> [v2:172.21.15.67:3300/0,v1:172.21.15.67:6789/0] -- mon_getmap magic: 0 -- 0x7f62c4106920 con 0x7f62c4105f30
2024-04-21T23:38:28.414 INFO:teuthology.orchestra.run.smithi067.stdout:/usr/bin/ceph: stderr
2024-04-21T23:38:27.584+0000 7f62c259c700 1 --2- >> [v2:172.21.15.67:3300/0,v1:172.21.15.67:6789/0] conn(0x7f62c4105f30 0x7f62c4106350 unknown :-1 s=BANNER_CONNECTING pgs=0 cs=0 l=0 rev1=0 crypto rx=0 tx=0 comp rx=0 tx=0)._handle_peer_banner_payload supported=3 required=0
2024-04-21T23:38:28.414 INFO:teuthology.orchestra.run.smithi067.stdout:/usr/bin/ceph: stderr
2024-04-21T23:38:27.584+0000 7f62c259c700 1 --2- >> [v2:172.21.15.67:3300/0,v1:172.21.15.67:6789/0] conn(0x7f62c4105f30 0x7f62c4106350 unknown :-1 s=HELLO_CONNECTING pgs=0 cs=0 l=0 rev1=1 crypto rx=0 tx=0 comp rx=0 tx=0).handle_hello peer v2:172.21.15.67:3300/0 says I am v2:172.21.15.67:52038/0 (socket says 172.21.15.67:52038)
2024-04-21T23:38:28.414 INFO:teuthology.orchestra.run.smithi067.stdout:/usr/bin/ceph: stderr
2024-04-21T23:38:27.584+0000 7f62c259c700 1 -- 172.21.15.67:0/1604821995 learned_addr learned my addr 172.21.15.67:0/1604821995 (peer_addr_for_me v2:172.21.15.67:0/0)
2024-04-21T23:38:28.414 INFO:teuthology.orchestra.run.smithi067.stdout:/usr/bin/ceph: stderr
2024-04-21T23:38:27.585+0000 7f62c259c700 1 -- 172.21.15.67:0/1604821995 --> [v2:172.21.15.67:3300/0,v1:172.21.15.67:6789/0] -- mon_subscribe({config=0+,monmap=0+}) -- 0x7f62c4108ec0 con 0x7f62c4105f30
2024-04-21T23:38:28.414 INFO:teuthology.orchestra.run.smithi067.stdout:/usr/bin/ceph: stderr
2024-04-21T23:38:27.585+0000 7f62c259c700 1 --2- 172.21.15.67:0/1604821995 >> [v2:172.21.15.67:3300/0,v1:172.21.15.67:6789/0] conn(0x7f62c4105f30 0x7f62c4106350 secure :-1 s=READY pgs=20 cs=0 l=1 rev1=1 crypto rx=0x7f62b40098a0 tx=0x7f62b4009bb0 comp rx=0 tx=0).ready entity=mon.0 client_cookie=1ed85ae6210e9b6c server_cookie=0 in_seq=0 out_seq=0
2024-04-21T23:38:28.414 INFO:teuthology.orchestra.run.smithi067.stdout:/usr/bin/ceph: stderr
2024-04-21T23:38:27.585+0000 7f62c1d9b700 1 -- 172.21.15.67:0/1604821995 <== mon.0 v2:172.21.15.67:3300/0 1 ==== mon_map magic: 0 ==== 205+0+0 (secure 0 0 0) 0x7f62b4004160 con 0x7f62c4105f30
2024-04-21T23:38:28.415 INFO:teuthology.orchestra.run.smithi067.stdout:/usr/bin/ceph: stderr
2024-04-21T23:38:27.585+0000 7f62c1d9b700 1 -- 172.21.15.67:0/1604821995 <== mon.0 v2:172.21.15.67:3300/0 2 ==== config(27 keys) ==== 1109+0+0 (secure 0 0 0) 0x7f62b4004300 con 0x7f62c4105f30
2024-04-21T23:38:28.415 INFO:teuthology.orchestra.run.smithi067.stdout:/usr/bin/ceph: stderr
2024-04-21T23:38:27.585+0000 7f62c1d9b700 1 -- 172.21.15.67:0/1604821995 <== mon.0 v2:172.21.15.67:3300/0 3 ==== mon_map magic: 0 ==== 205+0+0 (secure 0 0 0) 0x7f62b4011b50 con 0x7f62c4105f30
2024-04-21T23:38:28.415 INFO:teuthology.orchestra.run.smithi067.stdout:/usr/bin/ceph: stderr
2024-04-21T23:38:27.585+0000 7f62c8947700 1 -- 172.21.15.67:0/1604821995 >> [v2:172.21.15.67:3300/0,v1:172.21.15.67:6789/0] conn(0x7f62c4105f30 msgr2=0x7f62c4106350 secure :-1 s=STATE_CONNECTION_ESTABLISHED l=1).mark_down
2024-04-21T23:38:28.415 INFO:teuthology.orchestra.run.smithi067.stdout:/usr/bin/ceph: stderr
2024-04-21T23:38:27.585+0000 7f62c8947700 1 --2- 172.21.15.67:0/1604821995 >> [v2:172.21.15.67:3300/0,v1:172.21.15.67:6789/0] conn(0x7f62c4105f30 0x7f62c4106350 secure :-1 s=READY pgs=20 cs=0 l=1 rev1=1 crypto rx=0x7f62b40098a0 tx=0x7f62b4009bb0 comp rx=0 tx=0).stop
2024-04-21T23:38:28.415 INFO:teuthology.orchestra.run.smithi067.stdout:/usr/bin/ceph: stderr
2024-04-21T23:38:27.586+0000 7f62c8947700 1 -- 172.21.15.67:0/1604821995 shutdown_connections
2024-04-21T23:38:28.415 INFO:teuthology.orchestra.run.smithi067.stdout:/usr/bin/ceph: stderr
2024-04-21T23:38:27.586+0000 7f62c8947700 1 --2- 172.21.15.67:0/1604821995 >> [v2:172.21.15.67:3300/0,v1:172.21.15.67:6789/0] conn(0x7f62c4105f30 0x7f62c4106350 unknown :-1 s=CLOSED pgs=20 cs=0 l=1 rev1=1 crypto rx=0 tx=0 comp rx=0 tx=0).stop
2024-04-21T23:38:28.415 INFO:teuthology.orchestra.run.smithi067.stdout:/usr/bin/ceph: stderr
2024-04-21T23:38:27.586+0000 7f62c8947700 1 -- 172.21.15.67:0/1604821995 >> 172.21.15.67:0/1604821995 conn(0x7f62c41018a0 msgr2=0x7f62c4103cc0 unknown :-1 s=STATE_NONE l=0).mark_down
2024-04-21T23:38:28.415 INFO:teuthology.orchestra.run.smithi067.stdout:/usr/bin/ceph: stderr
2024-04-21T23:38:27.586+0000 7f62c8947700 1 -- 172.21.15.67:0/1604821995 shutdown_connections
2024-04-21T23:38:28.415 INFO:teuthology.orchestra.run.smithi067.stdout:/usr/bin/ceph: stderr
2024-04-21T23:38:27.586+0000 7f62c8947700 1 -- 172.21.15.67:0/1604821995 wait complete.
2024-04-21T23:38:28.415 INFO:teuthology.orchestra.run.smithi067.stdout:/usr/bin/ceph: stderr
2024-04-21T23:38:27.586+0000 7f62c8947700 1 Processor -- start
2024-04-21T23:38:28.415 INFO:teuthology.orchestra.run.smithi067.stdout:/usr/bin/ceph: stderr
2024-04-21T23:38:27.586+0000 7f62c8947700 1 -- start start
2024-04-21T23:38:28.415 INFO:teuthology.orchestra.run.smithi067.stdout:/usr/bin/ceph: stderr
2024-04-21T23:38:27.587+0000 7f62c8947700 1 --2- >> [v2:172.21.15.67:3300/0,v1:172.21.15.67:6789/0] conn(0x7f62c4105f30 0x7f62c4108740 unknown :-1 s=NONE pgs=0 cs=0 l=1 rev1=0 crypto rx=0 tx=0 comp rx=0 tx=0).connect
2024-04-21T23:38:28.415 INFO:teuthology.orchestra.run.smithi067.stdout:/usr/bin/ceph: stderr
2024-04-21T23:38:27.587+0000 7f62c8947700 1 -- --> [v2:172.21.15.67:3300/0,v1:172.21.15.67:6789/0] -- mon_getmap magic: 0 -- 0x7f62c410c270 con 0x7f62c4105f30
2024-04-21T23:38:28.415 INFO:teuthology.orchestra.run.smithi067.stdout:/usr/bin/ceph: stderr
2024-04-21T23:38:27.587+0000 7f62c259c700 1 --2- >> [v2:172.21.15.67:3300/0,v1:172.21.15.67:6789/0] conn(0x7f62c4105f30 0x7f62c4108740 unknown :-1 s=BANNER_CONNECTING pgs=0 cs=0 l=1 rev1=0 crypto rx=0 tx=0 comp rx=0 tx=0)._handle_peer_banner_payload supported=3 required=0
2024-04-21T23:38:28.415 INFO:teuthology.orchestra.run.smithi067.stdout:/usr/bin/ceph: stderr
2024-04-21T23:38:27.587+0000 7f62c259c700 1 --2- >> [v2:172.21.15.67:3300/0,v1:172.21.15.67:6789/0] conn(0x7f62c4105f30 0x7f62c4108740 unknown :-1 s=HELLO_CONNECTING pgs=0 cs=0 l=1 rev1=1 crypto rx=0 tx=0 comp rx=0 tx=0).handle_hello peer v2:172.21.15.67:3300/0 says I am v2:172.21.15.67:52050/0 (socket says 172.21.15.67:52050)
2024-04-21T23:38:28.416 INFO:teuthology.orchestra.run.smithi067.stdout:/usr/bin/ceph: stderr
2024-04-21T23:38:27.587+0000 7f62c259c700 1 -- 172.21.15.67:0/2333112918 learned_addr learned my addr 172.21.15.67:0/2333112918 (peer_addr_for_me v2:172.21.15.67:0/0)
2024-04-21T23:38:28.416 INFO:teuthology.orchestra.run.smithi067.stdout:/usr/bin/ceph: stderr
2024-04-21T23:38:27.587+0000 7f62c259c700 1 -- 172.21.15.67:0/2333112918 --> [v2:172.21.15.67:3300/0,v1:172.21.15.67:6789/0] -- mon_subscribe({config=0+,monmap=0+}) -- 0x7f62c4108c80 con 0x7f62c4105f30
2024-04-21T23:38:28.416 INFO:teuthology.orchestra.run.smithi067.stdout:/usr/bin/ceph: stderr
2024-04-21T23:38:27.587+0000 7f62c259c700 1 --2- 172.21.15.67:0/2333112918 >> [v2:172.21.15.67:3300/0,v1:172.21.15.67:6789/0] conn(0x7f62c4105f30 0x7f62c4108740 secure :-1 s=READY pgs=21 cs=0 l=1 rev1=1 crypto rx=0x7f62b4011850 tx=0x7f62b4011c10 comp rx=0 tx=0).ready entity=mon.0 client_cookie=0 server_cookie=0 in_seq=0 out_seq=0
2024-04-21T23:38:28.416 INFO:teuthology.orchestra.run.smithi067.stdout:/usr/bin/ceph: stderr
2024-04-21T23:38:27.587+0000 7f62bb7fe700 1 -- 172.21.15.67:0/2333112918 <== mon.0 v2:172.21.15.67:3300/0 1 ==== mon_map magic: 0 ==== 205+0+0 (secure 0 0 0) 0x7f62b4003af0 con 0x7f62c4105f30
2024-04-21T23:38:28.416 INFO:teuthology.orchestra.run.smithi067.stdout:/usr/bin/ceph: stderr
2024-04-21T23:38:27.587+0000 7f62bb7fe700 1 -- 172.21.15.67:0/2333112918 <== mon.0 v2:172.21.15.67:3300/0 2 ==== config(27 keys) ==== 1109+0+0 (secure 0 0 0) 0x7f62b4020070 con 0x7f62c4105f30
2024-04-21T23:38:28.416 INFO:teuthology.orchestra.run.smithi067.stdout:/usr/bin/ceph: stderr
2024-04-21T23:38:27.587+0000 7f62c8947700 1 -- 172.21.15.67:0/2333112918 --> [v2:172.21.15.67:3300/0,v1:172.21.15.67:6789/0] -- mon_subscribe({mgrmap=0+}) -- 0x7f62c4106e70 con 0x7f62c4105f30
2024-04-21T23:38:28.416 INFO:teuthology.orchestra.run.smithi067.stdout:/usr/bin/ceph: stderr
2024-04-21T23:38:27.587+0000 7f62bb7fe700 1 -- 172.21.15.67:0/2333112918 <== mon.0 v2:172.21.15.67:3300/0 3 ==== mon_map magic: 0 ==== 205+0+0 (secure 0 0 0) 0x7f62b40195a0 con 0x7f62c4105f30
2024-04-21T23:38:28.416 INFO:teuthology.orchestra.run.smithi067.stdout:/usr/bin/ceph: stderr
2024-04-21T23:38:27.587+0000 7f62c8947700 1 -- 172.21.15.67:0/2333112918 --> [v2:172.21.15.67:3300/0,v1:172.21.15.67:6789/0] -- mon_subscribe({osdmap=0}) -- 0x7f62c41073b0 con 0x7f62c4105f30
2024-04-21T23:38:28.416 INFO:teuthology.orchestra.run.smithi067.stdout:/usr/bin/ceph: stderr
2024-04-21T23:38:27.588+0000 7f62bb7fe700 1 -- 172.21.15.67:0/2333112918 <== mon.0 v2:172.21.15.67:3300/0 4 ==== mgrmap(e 4) ==== 46276+0+0 (secure 0 0 0) 0x7f62b401a430 con 0x7f62c4105f30
2024-04-21T23:38:28.416 INFO:teuthology.orchestra.run.smithi067.stdout:/usr/bin/ceph: stderr
2024-04-21T23:38:27.589+0000 7f62bb7fe700 1 --2- 172.21.15.67:0/2333112918 >> [v2:172.21.15.67:6800/3084266419,v1:172.21.15.67:6801/3084266419] conn(0x7f62b0039000 0x7f62b003b4c0 unknown :-1 s=NONE pgs=0 cs=0 l=1 rev1=0 crypto rx=0 tx=0 comp rx=0 tx=0).connect
2024-04-21T23:38:28.416 INFO:teuthology.orchestra.run.smithi067.stdout:/usr/bin/ceph: stderr
2024-04-21T23:38:27.589+0000 7f62c8947700 1 -- 172.21.15.67:0/2333112918 --> [v2:172.21.15.67:3300/0,v1:172.21.15.67:6789/0] -- mon_command({"prefix": "get_command_descriptions"} v 0) -- 0x7f62c4063890 con 0x7f62c4105f30
2024-04-21T23:38:28.416 INFO:teuthology.orchestra.run.smithi067.stdout:/usr/bin/ceph: stderr
2024-04-21T23:38:27.589+0000 7f62bb7fe700 1 -- 172.21.15.67:0/2333112918 <== mon.0 v2:172.21.15.67:3300/0 5 ==== osd_map(1..1 src has 1..1) ==== 725+0+0 (secure 0 0 0) 0x7f62b4011e00 con 0x7f62c4105f30
2024-04-21T23:38:28.416 INFO:teuthology.orchestra.run.smithi067.stdout:/usr/bin/ceph: stderr
2024-04-21T23:38:27.589+0000 7f62bbfff700 1 --2- 172.21.15.67:0/2333112918 >> [v2:172.21.15.67:6800/3084266419,v1:172.21.15.67:6801/3084266419] conn(0x7f62b0039000 0x7f62b003b4c0 unknown :-1 s=BANNER_CONNECTING pgs=0 cs=0 l=1 rev1=0 crypto rx=0 tx=0 comp rx=0 tx=0)._handle_peer_banner_payload supported=3 required=0
2024-04-21T23:38:28.416 INFO:teuthology.orchestra.run.smithi067.stdout:/usr/bin/ceph: stderr
2024-04-21T23:38:27.589+0000 7f62bbfff700 1 --2- 172.21.15.67:0/2333112918 >> [v2:172.21.15.67:6800/3084266419,v1:172.21.15.67:6801/3084266419] conn(0x7f62b0039000 0x7f62b003b4c0 secure :-1 s=READY pgs=7 cs=0 l=1 rev1=1 crypto rx=0x7f62ac006fd0 tx=0x7f62ac006e40 comp rx=0 tx=0).ready entity=mgr.14100 client_cookie=0 server_cookie=0 in_seq=0 out_seq=0
2024-04-21T23:38:28.416 INFO:teuthology.orchestra.run.smithi067.stdout:/usr/bin/ceph: stderr
2024-04-21T23:38:27.594+0000 7f62bb7fe700 1 -- 172.21.15.67:0/2333112918 <== mon.0 v2:172.21.15.67:3300/0 6 ==== mon_command_ack([{"prefix": "get_command_descriptions"}]=0 v0) ==== 72+0+186074 (secure 0 0 0) 0x7f62b400e260 con 0x7f62c4105f30
2024-04-21T23:38:28.417 INFO:teuthology.orchestra.run.smithi067.stdout:/usr/bin/ceph: stderr
2024-04-21T23:38:27.798+0000 7f62c8947700 1 -- 172.21.15.67:0/2333112918 --> [v2:172.21.15.67:3300/0,v1:172.21.15.67:6789/0] -- mon_command({"prefix": "config assimilate-conf"} v 0) -- 0x7f62c4107cb0 con 0x7f62c4105f30
2024-04-21T23:38:28.417 INFO:teuthology.orchestra.run.smithi067.stdout:/usr/bin/ceph: stderr
2024-04-21T23:38:27.799+0000 7f62bb7fe700 1 -- 172.21.15.67:0/2333112918 <== mon.0 v2:172.21.15.67:3300/0 7 ==== mon_command_ack([{"prefix": "config assimilate-conf"}]=0 v3) ==== 70+0+373 (secure 0 0 0) 0x7f62b4024e50 con 0x7f62c4105f30
2024-04-21T23:38:28.417 INFO:teuthology.orchestra.run.smithi067.stdout:/usr/bin/ceph: stderr
2024-04-21T23:38:27.801+0000 7f62c8947700 1 -- 172.21.15.67:0/2333112918 >> [v2:172.21.15.67:6800/3084266419,v1:172.21.15.67:6801/3084266419] conn(0x7f62b0039000 msgr2=0x7f62b003b4c0 secure :-1 s=STATE_CONNECTION_ESTABLISHED l=1).mark_down
2024-04-21T23:38:28.417 INFO:teuthology.orchestra.run.smithi067.stdout:/usr/bin/ceph: stderr
2024-04-21T23:38:27.801+0000 7f62c8947700 1 --2- 172.21.15.67:0/2333112918 >> [v2:172.21.15.67:6800/3084266419,v1:172.21.15.67:6801/3084266419] conn(0x7f62b0039000 0x7f62b003b4c0 secure :-1 s=READY pgs=7 cs=0 l=1 rev1=1 crypto rx=0x7f62ac006fd0 tx=0x7f62ac006e40 comp rx=0 tx=0).stop
2024-04-21T23:38:28.417 INFO:teuthology.orchestra.run.smithi067.stdout:/usr/bin/ceph: stderr
2024-04-21T23:38:27.801+0000 7f62c8947700 1 -- 172.21.15.67:0/2333112918 >> [v2:172.21.15.67:3300/0,v1:172.21.15.67:6789/0] conn(0x7f62c4105f30 msgr2=0x7f62c4108740 secure :-1 s=STATE_CONNECTION_ESTABLISHED l=1).mark_down
2024-04-21T23:38:28.417 INFO:teuthology.orchestra.run.smithi067.stdout:/usr/bin/ceph: stderr
2024-04-21T23:38:27.801+0000 7f62c8947700 1 --2- 172.21.15.67:0/2333112918 >> [v2:172.21.15.67:3300/0,v1:172.21.15.67:6789/0] conn(0x7f62c4105f30 0x7f62c4108740 secure :-1 s=READY pgs=21 cs=0 l=1 rev1=1 crypto rx=0x7f62b4011850 tx=0x7f62b4011c10 comp rx=0 tx=0).stop
2024-04-21T23:38:28.417 INFO:teuthology.orchestra.run.smithi067.stdout:/usr/bin/ceph: stderr
2024-04-21T23:38:27.801+0000 7f62c8947700 1 -- 172.21.15.67:0/2333112918 shutdown_connections
2024-04-21T23:38:28.417 INFO:teuthology.orchestra.run.smithi067.stdout:/usr/bin/ceph: stderr
2024-04-21T23:38:27.801+0000 7f62c8947700 1 --2- 172.21.15.67:0/2333112918 >> [v2:172.21.15.67:6800/3084266419,v1:172.21.15.67:6801/3084266419] conn(0x7f62b0039000 0x7f62b003b4c0 unknown :-1 s=CLOSED pgs=7 cs=0 l=1 rev1=1 crypto rx=0 tx=0 comp rx=0 tx=0).stop
2024-04-21T23:38:28.417 INFO:teuthology.orchestra.run.smithi067.stdout:/usr/bin/ceph: stderr
2024-04-21T23:38:27.801+0000 7f62c8947700 1 --2- 172.21.15.67:0/2333112918 >> [v2:172.21.15.67:3300/0,v1:172.21.15.67:6789/0] conn(0x7f62c4105f30 0x7f62c4108740 unknown :-1 s=CLOSED pgs=21 cs=0 l=1 rev1=1 crypto rx=0 tx=0 comp rx=0 tx=0).stop
2024-04-21T23:38:28.417 INFO:teuthology.orchestra.run.smithi067.stdout:/usr/bin/ceph: stderr
2024-04-21T23:38:27.801+0000 7f62c8947700 1 -- 172.21.15.67:0/2333112918 >> 172.21.15.67:0/2333112918 conn(0x7f62c41018a0 msgr2=0x7f62c41023d0 unknown :-1 s=STATE_NONE l=0).mark_down
2024-04-21T23:38:28.417 INFO:teuthology.orchestra.run.smithi067.stdout:/usr/bin/ceph: stderr
2024-04-21T23:38:27.801+0000 7f62c8947700 1 -- 172.21.15.67:0/2333112918 shutdown_connections
2024-04-21T23:38:28.417 INFO:teuthology.orchestra.run.smithi067.stdout:/usr/bin/ceph: stderr
2024-04-21T23:38:27.802+0000 7f62c8947700 1 -- 172.21.15.67:0/2333112918 wait complete.
2024-04-21T23:38:28.417 INFO:teuthology.orchestra.run.smithi067.stdout:Enabling cephadm module...
2024-04-21T23:38:29.405 INFO:journalctl@ceph.mon.a.smithi067.stdout:Apr 21 23:38:29 smithi067 ceph-mon[27947]: from='client.? 172.21.15.67:0/2602279941' entity='client.admin' cmd=[{"prefix": "mgr module enable", "module": "cephadm"}]: dispatch
2024-04-21T23:38:29.405 INFO:journalctl@ceph.mgr.x.smithi067.stdout:Apr 21 23:38:29 smithi067 ceph-158379ec-0038-11ef-bc93-c7b262605968-mgr-x[28178]: ignoring --setuser ceph since I am not root
2024-04-21T23:38:29.405 INFO:journalctl@ceph.mgr.x.smithi067.stdout:Apr 21 23:38:29 smithi067 ceph-158379ec-0038-11ef-bc93-c7b262605968-mgr-x[28178]: ignoring --setgroup ceph since I am not root
2024-04-21T23:38:29.406 INFO:journalctl@ceph.mgr.x.smithi067.stdout:Apr 21 23:38:29 smithi067 ceph-158379ec-0038-11ef-bc93-c7b262605968-mgr-x[28178]:
2024-04-21T23:38:29.362+0000 7fb8000ea200 -1 mgr[py] Module balancer has missing NOTIFY_TYPES member
2024-04-21T23:38:29.769 INFO:journalctl@ceph.mgr.x.smithi067.stdout:Apr 21 23:38:29 smithi067 ceph-158379ec-0038-11ef-bc93-c7b262605968-mgr-x[28178]:
2024-04-21T23:38:29.552+0000 7fb8000ea200 -1 mgr[py] Module orchestrator has missing NOTIFY_TYPES member
2024-04-21T23:38:29.769 INFO:journalctl@ceph.mgr.x.smithi067.stdout:Apr 21 23:38:29 smithi067 ceph-158379ec-0038-11ef-bc93-c7b262605968-mgr-x[28178]:
2024-04-21T23:38:29.657+0000 7fb8000ea200 -1 mgr[py] Module snap_schedule has missing NOTIFY_TYPES member
2024-04-21T23:38:29.775 INFO:teuthology.orchestra.run.smithi067.stdout:/usr/bin/ceph: stderr
2024-04-21T23:38:28.859+0000 7f9e8d75a700 1 Processor -- start
2024-04-21T23:38:29.775 INFO:teuthology.orchestra.run.smithi067.stdout:/usr/bin/ceph: stderr
2024-04-21T23:38:28.859+0000 7f9e8d75a700 1 -- start start
2024-04-21T23:38:29.775 INFO:teuthology.orchestra.run.smithi067.stdout:/usr/bin/ceph: stderr
2024-04-21T23:38:28.859+0000 7f9e8d75a700 1 --2- >> [v2:172.21.15.67:3300/0,v1:172.21.15.67:6789/0] conn(0x7f9e881062c0 0x7f9e881066e0 unknown :-1 s=NONE pgs=0 cs=0 l=0 rev1=0 crypto rx=0 tx=0 comp rx=0 tx=0).connect
2024-04-21T23:38:29.775 INFO:teuthology.orchestra.run.smithi067.stdout:/usr/bin/ceph: stderr
2024-04-21T23:38:28.859+0000 7f9e8d75a700 1 -- --> [v2:172.21.15.67:3300/0,v1:172.21.15.67:6789/0] -- mon_getmap magic: 0 -- 0x7f9e88106cb0 con 0x7f9e881062c0
2024-04-21T23:38:29.775 INFO:teuthology.orchestra.run.smithi067.stdout:/usr/bin/ceph: stderr
2024-04-21T23:38:28.859+0000 7f9e86ffd700 1 --2- >> [v2:172.21.15.67:3300/0,v1:172.21.15.67:6789/0] conn(0x7f9e881062c0 0x7f9e881066e0 unknown :-1 s=BANNER_CONNECTING pgs=0 cs=0 l=0 rev1=0 crypto rx=0 tx=0 comp rx=0 tx=0)._handle_peer_banner_payload supported=3 required=0
2024-04-21T23:38:29.775 INFO:teuthology.orchestra.run.smithi067.stdout:/usr/bin/ceph: stderr
2024-04-21T23:38:28.859+0000 7f9e86ffd700 1 --2- >> [v2:172.21.15.67:3300/0,v1:172.21.15.67:6789/0] conn(0x7f9e881062c0 0x7f9e881066e0 unknown :-1 s=HELLO_CONNECTING pgs=0 cs=0 l=0 rev1=1 crypto rx=0 tx=0 comp rx=0 tx=0).handle_hello peer v2:172.21.15.67:3300/0 says I am v2:172.21.15.67:52060/0 (socket says 172.21.15.67:52060)
2024-04-21T23:38:29.775 INFO:teuthology.orchestra.run.smithi067.stdout:/usr/bin/ceph: stderr
2024-04-21T23:38:28.859+0000 7f9e86ffd700 1 -- 172.21.15.67:0/1605712908 learned_addr learned my addr 172.21.15.67:0/1605712908 (peer_addr_for_me v2:172.21.15.67:0/0)
2024-04-21T23:38:29.775 INFO:teuthology.orchestra.run.smithi067.stdout:/usr/bin/ceph: stderr
2024-04-21T23:38:28.860+0000 7f9e86ffd700 1 -- 172.21.15.67:0/1605712908 --> [v2:172.21.15.67:3300/0,v1:172.21.15.67:6789/0] -- mon_subscribe({config=0+,monmap=0+}) -- 0x7f9e881074c0 con 0x7f9e881062c0
2024-04-21T23:38:29.775 INFO:teuthology.orchestra.run.smithi067.stdout:/usr/bin/ceph: stderr
2024-04-21T23:38:28.860+0000 7f9e86ffd700 1 --2- 172.21.15.67:0/1605712908 >> [v2:172.21.15.67:3300/0,v1:172.21.15.67:6789/0] conn(0x7f9e881062c0 0x7f9e881066e0 secure :-1 s=READY pgs=22 cs=0 l=1 rev1=1 crypto rx=0x7f9e7800bb40 tx=0x7f9e7800be50 comp rx=0 tx=0).ready entity=mon.0 client_cookie=5e1e6c2fc6293d04 server_cookie=0 in_seq=0 out_seq=0
2024-04-21T23:38:29.775 INFO:teuthology.orchestra.run.smithi067.stdout:/usr/bin/ceph: stderr
2024-04-21T23:38:28.860+0000 7f9e85ffb700 1 -- 172.21.15.67:0/1605712908 <== mon.0 v2:172.21.15.67:3300/0 1 ==== mon_map magic: 0 ==== 205+0+0 (secure 0 0 0) 0x7f9e7800dad0 con 0x7f9e881062c0
2024-04-21T23:38:29.775 INFO:teuthology.orchestra.run.smithi067.stdout:/usr/bin/ceph: stderr
2024-04-21T23:38:28.860+0000 7f9e85ffb700 1 -- 172.21.15.67:0/1605712908 <== mon.0 v2:172.21.15.67:3300/0 2 ==== config(27 keys) ==== 1109+0+0 (secure 0 0 0) 0x7f9e780044f0 con 0x7f9e881062c0
2024-04-21T23:38:29.776 INFO:teuthology.orchestra.run.smithi067.stdout:/usr/bin/ceph: stderr
2024-04-21T23:38:28.860+0000 7f9e85ffb700 1 -- 172.21.15.67:0/1605712908 <== mon.0 v2:172.21.15.67:3300/0 3 ==== mon_map magic: 0 ==== 205+0+0 (secure 0 0 0) 0x7f9e78017410 con 0x7f9e881062c0
2024-04-21T23:38:29.776 INFO:teuthology.orchestra.run.smithi067.stdout:/usr/bin/ceph: stderr
2024-04-21T23:38:28.860+0000 7f9e8d75a700 1 -- 172.21.15.67:0/1605712908 >> [v2:172.21.15.67:3300/0,v1:172.21.15.67:6789/0] conn(0x7f9e881062c0 msgr2=0x7f9e881066e0 secure :-1 s=STATE_CONNECTION_ESTABLISHED l=1).mark_down
2024-04-21T23:38:29.776 INFO:teuthology.orchestra.run.smithi067.stdout:/usr/bin/ceph: stderr
2024-04-21T23:38:28.860+0000 7f9e8d75a700 1 --2- 172.21.15.67:0/1605712908 >> [v2:172.21.15.67:3300/0,v1:172.21.15.67:6789/0] conn(0x7f9e881062c0 0x7f9e881066e0 secure :-1 s=READY pgs=22 cs=0 l=1 rev1=1 crypto rx=0x7f9e7800bb40 tx=0x7f9e7800be50 comp rx=0 tx=0).stop
2024-04-21T23:38:29.776 INFO:teuthology.orchestra.run.smithi067.stdout:/usr/bin/ceph: stderr
2024-04-21T23:38:28.861+0000 7f9e8d75a700 1 -- 172.21.15.67:0/1605712908 shutdown_connections
2024-04-21T23:38:29.776 INFO:teuthology.orchestra.run.smithi067.stdout:/usr/bin/ceph: stderr
2024-04-21T23:38:28.861+0000 7f9e8d75a700 1 --2- 172.21.15.67:0/1605712908 >> [v2:172.21.15.67:3300/0,v1:172.21.15.67:6789/0] conn(0x7f9e881062c0 0x7f9e881066e0 unknown :-1 s=CLOSED pgs=22 cs=0 l=1 rev1=1 crypto rx=0 tx=0 comp rx=0 tx=0).stop
2024-04-21T23:38:29.776 INFO:teuthology.orchestra.run.smithi067.stdout:/usr/bin/ceph: stderr
2024-04-21T23:38:28.861+0000 7f9e8d75a700 1 -- 172.21.15.67:0/1605712908 >> 172.21.15.67:0/1605712908 conn(0x7f9e881018a0 msgr2=0x7f9e88103cc0 unknown :-1 s=STATE_NONE l=0).mark_down
2024-04-21T23:38:29.776 INFO:teuthology.orchestra.run.smithi067.stdout:/usr/bin/ceph: stderr
2024-04-21T23:38:28.861+0000 7f9e8d75a700 1 -- 172.21.15.67:0/1605712908 shutdown_connections
2024-04-21T23:38:29.776 INFO:teuthology.orchestra.run.smithi067.stdout:/usr/bin/ceph: stderr
2024-04-21T23:38:28.861+0000 7f9e8d75a700 1 -- 172.21.15.67:0/1605712908 wait complete.
2024-04-21T23:38:29.776 INFO:teuthology.orchestra.run.smithi067.stdout:/usr/bin/ceph: stderr
2024-04-21T23:38:28.861+0000 7f9e8d75a700 1 Processor -- start
2024-04-21T23:38:29.776 INFO:teuthology.orchestra.run.smithi067.stdout:/usr/bin/ceph: stderr
2024-04-21T23:38:28.861+0000 7f9e8d75a700 1 -- start start
2024-04-21T23:38:29.776 INFO:teuthology.orchestra.run.smithi067.stdout:/usr/bin/ceph: stderr
2024-04-21T23:38:28.862+0000 7f9e8d75a700 1 --2- >> [v2:172.21.15.67:3300/0,v1:172.21.15.67:6789/0] conn(0x7f9e881062c0 0x7f9e88199a50 unknown :-1 s=NONE pgs=0 cs=0 l=1 rev1=0 crypto rx=0 tx=0 comp rx=0 tx=0).connect
2024-04-21T23:38:29.776 INFO:teuthology.orchestra.run.smithi067.stdout:/usr/bin/ceph: stderr
2024-04-21T23:38:28.862+0000 7f9e8d75a700 1 -- --> [v2:172.21.15.67:3300/0,v1:172.21.15.67:6789/0] -- mon_getmap magic: 0 -- 0x7f9e88107c40 con 0x7f9e881062c0
2024-04-21T23:38:29.776 INFO:teuthology.orchestra.run.smithi067.stdout:/usr/bin/ceph: stderr
2024-04-21T23:38:28.862+0000 7f9e86ffd700 1 --2- >> [v2:172.21.15.67:3300/0,v1:172.21.15.67:6789/0] conn(0x7f9e881062c0 0x7f9e88199a50 unknown :-1 s=BANNER_CONNECTING pgs=0 cs=0 l=1 rev1=0 crypto rx=0 tx=0 comp rx=0 tx=0)._handle_peer_banner_payload supported=3 required=0
2024-04-21T23:38:29.776 INFO:teuthology.orchestra.run.smithi067.stdout:/usr/bin/ceph: stderr
2024-04-21T23:38:28.862+0000 7f9e86ffd700 1 --2- >> [v2:172.21.15.67:3300/0,v1:172.21.15.67:6789/0] conn(0x7f9e881062c0 0x7f9e88199a50 unknown :-1 s=HELLO_CONNECTING pgs=0 cs=0 l=1 rev1=1 crypto rx=0 tx=0 comp rx=0 tx=0).handle_hello peer v2:172.21.15.67:3300/0 says I am v2:172.21.15.67:52076/0 (socket says 172.21.15.67:52076)
2024-04-21T23:38:29.777 INFO:teuthology.orchestra.run.smithi067.stdout:/usr/bin/ceph: stderr
2024-04-21T23:38:28.862+0000 7f9e86ffd700 1 -- 172.21.15.67:0/2602279941 learned_addr learned my addr 172.21.15.67:0/2602279941 (peer_addr_for_me v2:172.21.15.67:0/0)
2024-04-21T23:38:29.777 INFO:teuthology.orchestra.run.smithi067.stdout:/usr/bin/ceph: stderr
2024-04-21T23:38:28.862+0000 7f9e86ffd700 1 -- 172.21.15.67:0/2602279941 --> [v2:172.21.15.67:3300/0,v1:172.21.15.67:6789/0] -- mon_subscribe({config=0+,monmap=0+}) -- 0x7f9e88199f90 con 0x7f9e881062c0
2024-04-21T23:38:29.777 INFO:teuthology.orchestra.run.smithi067.stdout:/usr/bin/ceph: stderr
2024-04-21T23:38:28.862+0000 7f9e86ffd700 1 --2- 172.21.15.67:0/2602279941 >> [v2:172.21.15.67:3300/0,v1:172.21.15.67:6789/0] conn(0x7f9e881062c0 0x7f9e88199a50 secure :-1 s=READY pgs=23 cs=0 l=1 rev1=1 crypto rx=0x7f9e7800bb10 tx=0x7f9e78004750 comp rx=0 tx=0).ready entity=mon.0 client_cookie=0 server_cookie=0 in_seq=0 out_seq=0
2024-04-21T23:38:29.777 INFO:teuthology.orchestra.run.smithi067.stdout:/usr/bin/ceph: stderr
2024-04-21T23:38:28.862+0000 7f9e6ffff700 1 -- 172.21.15.67:0/2602279941 <== mon.0 v2:172.21.15.67:3300/0 1 ==== mon_map magic: 0 ==== 205+0+0 (secure 0 0 0) 0x7f9e78004090 con 0x7f9e881062c0
2024-04-21T23:38:29.777 INFO:teuthology.orchestra.run.smithi067.stdout:/usr/bin/ceph: stderr
2024-04-21T23:38:28.862+0000 7f9e6ffff700 1 -- 172.21.15.67:0/2602279941 <== mon.0 v2:172.21.15.67:3300/0 2 ==== config(27 keys) ==== 1109+0+0 (secure 0 0 0) 0x7f9e78004230 con 0x7f9e881062c0
2024-04-21T23:38:29.777 INFO:teuthology.orchestra.run.smithi067.stdout:/usr/bin/ceph: stderr
2024-04-21T23:38:28.862+0000 7f9e8d75a700 1 -- 172.21.15.67:0/2602279941 --> [v2:172.21.15.67:3300/0,v1:172.21.15.67:6789/0] -- mon_subscribe({mgrmap=0+}) -- 0x7f9e8819a220 con 0x7f9e881062c0
2024-04-21T23:38:29.777 INFO:teuthology.orchestra.run.smithi067.stdout:/usr/bin/ceph: stderr
2024-04-21T23:38:28.862+0000 7f9e6ffff700 1 -- 172.21.15.67:0/2602279941 <== mon.0 v2:172.21.15.67:3300/0 3 ==== mon_map magic: 0 ==== 205+0+0 (secure 0 0 0) 0x7f9e78021b90 con 0x7f9e881062c0
2024-04-21T23:38:29.777 INFO:teuthology.orchestra.run.smithi067.stdout:/usr/bin/ceph: stderr
2024-04-21T23:38:28.862+0000 7f9e8d75a700 1 -- 172.21.15.67:0/2602279941 --> [v2:172.21.15.67:3300/0,v1:172.21.15.67:6789/0] -- mon_subscribe({osdmap=0}) -- 0x7f9e8819cf10 con 0x7f9e881062c0
2024-04-21T23:38:29.777 INFO:teuthology.orchestra.run.smithi067.stdout:/usr/bin/ceph: stderr
2024-04-21T23:38:28.863+0000 7f9e6ffff700 1 -- 172.21.15.67:0/2602279941 <== mon.0 v2:172.21.15.67:3300/0 4 ==== mgrmap(e 4) ==== 46276+0+0 (secure 0 0 0) 0x7f9e7802a400 con 0x7f9e881062c0
2024-04-21T23:38:29.777 INFO:teuthology.orchestra.run.smithi067.stdout:/usr/bin/ceph: stderr
2024-04-21T23:38:28.863+0000 7f9e8d75a700 1 -- 172.21.15.67:0/2602279941 --> [v2:172.21.15.67:3300/0,v1:172.21.15.67:6789/0] -- mon_command({"prefix": "get_command_descriptions"} v 0) -- 0x7f9e88063890 con 0x7f9e881062c0
2024-04-21T23:38:29.777 INFO:teuthology.orchestra.run.smithi067.stdout:/usr/bin/ceph: stderr
2024-04-21T23:38:28.863+0000 7f9e6ffff700 1 --2- 172.21.15.67:0/2602279941 >> [v2:172.21.15.67:6800/3084266419,v1:172.21.15.67:6801/3084266419] conn(0x7f9e70039000 0x7f9e7003b4c0 unknown :-1 s=NONE pgs=0 cs=0 l=1 rev1=0 crypto rx=0 tx=0 comp rx=0 tx=0).connect
2024-04-21T23:38:29.777 INFO:teuthology.orchestra.run.smithi067.stdout:/usr/bin/ceph: stderr
2024-04-21T23:38:28.864+0000 7f9e6ffff700 1 -- 172.21.15.67:0/2602279941 <== mon.0 v2:172.21.15.67:3300/0 5 ==== osd_map(1..1 src has 1..1) ==== 725+0+0 (secure 0 0 0) 0x7f9e7804fda0 con 0x7f9e881062c0
