2024-04-21T23:38:55.349 INFO:teuthology.orchestra.run.smithi067.stdout:/usr/bin/ceph: stderr
2024-04-21T23:38:54.568+0000 7f4fdeffd700 1 -- 172.21.15.67:0/1246637402 <== mon.0 v2:172.21.15.67:3300/0 6 ==== mon_command_ack([{"prefix": "get_command_descriptions"}]=0 v0) ==== 72+0+186074 (secure 0 0 0) 0x7f4fe4011e20 con 0x7f4fe8106ba0
2024-04-21T23:38:55.350 INFO:teuthology.orchestra.run.smithi067.stdout:/usr/bin/ceph: stderr
2024-04-21T23:38:54.773+0000 7f4fefd76700 1 -- 172.21.15.67:0/1246637402 --> [v2:172.21.15.67:3300/0,v1:172.21.15.67:6789/0] -- mon_command([{prefix=config set, name=mgr/dashboard/ssl_server_port}] v 0) -- 0x7f4fcc005620 con 0x7f4fe8106ba0
2024-04-21T23:38:55.350 INFO:teuthology.orchestra.run.smithi067.stdout:/usr/bin/ceph: stderr
2024-04-21T23:38:54.776+0000 7f4fdeffd700 1 -- 172.21.15.67:0/1246637402 <== mon.0 v2:172.21.15.67:3300/0 7 ==== mon_command_ack([{prefix=config set, name=mgr/dashboard/ssl_server_port}]=0 v8)=0 v8) ==== 130+0+0 (secure 0 0 0) 0x7f4fe4019c70 con 0x7f4fe8106ba0
2024-04-21T23:38:55.350 INFO:teuthology.orchestra.run.smithi067.stdout:/usr/bin/ceph: stderr
2024-04-21T23:38:54.778+0000 7f4fefd76700 1 -- 172.21.15.67:0/1246637402 >> [v2:172.21.15.67:6800/2634063072,v1:172.21.15.67:6801/2634063072] conn(0x7f4fd4039050 msgr2=0x7f4fd403b510 secure :-1 s=STATE_CONNECTION_ESTABLISHED l=1).mark_down
2024-04-21T23:38:55.350 INFO:teuthology.orchestra.run.smithi067.stdout:/usr/bin/ceph: stderr
2024-04-21T23:38:54.778+0000 7f4fefd76700 1 --2- 172.21.15.67:0/1246637402 >> [v2:172.21.15.67:6800/2634063072,v1:172.21.15.67:6801/2634063072] conn(0x7f4fd4039050 0x7f4fd403b510 secure :-1 s=READY pgs=15 cs=0 l=1 rev1=1 crypto rx=0x7f4fd8006fd0 tx=0x7f4fd8006e40 comp rx=0 tx=0).stop
2024-04-21T23:38:55.350 INFO:teuthology.orchestra.run.smithi067.stdout:/usr/bin/ceph: stderr
2024-04-21T23:38:54.778+0000 7f4fefd76700 1 -- 172.21.15.67:0/1246637402 >> [v2:172.21.15.67:3300/0,v1:172.21.15.67:6789/0] conn(0x7f4fe8106ba0 msgr2=0x7f4fe8191d10 secure :-1 s=STATE_CONNECTION_ESTABLISHED l=1).mark_down
2024-04-21T23:38:55.350 INFO:teuthology.orchestra.run.smithi067.stdout:/usr/bin/ceph: stderr
2024-04-21T23:38:54.778+0000 7f4fefd76700 1 --2- 172.21.15.67:0/1246637402 >> [v2:172.21.15.67:3300/0,v1:172.21.15.67:6789/0] conn(0x7f4fe8106ba0 0x7f4fe8191d10 secure :-1 s=READY pgs=54 cs=0 l=1 rev1=1 crypto rx=0x7f4fe40117e0 tx=0x7f4fe4011c10 comp rx=0 tx=0).stop
2024-04-21T23:38:55.350 INFO:teuthology.orchestra.run.smithi067.stdout:/usr/bin/ceph: stderr
2024-04-21T23:38:54.779+0000 7f4fefd76700 1 -- 172.21.15.67:0/1246637402 shutdown_connections
2024-04-21T23:38:55.350 INFO:teuthology.orchestra.run.smithi067.stdout:/usr/bin/ceph: stderr
2024-04-21T23:38:54.779+0000 7f4fefd76700 1 --2- 172.21.15.67:0/1246637402 >> [v2:172.21.15.67:6800/2634063072,v1:172.21.15.67:6801/2634063072] conn(0x7f4fd4039050 0x7f4fd403b510 unknown :-1 s=CLOSED pgs=15 cs=0 l=1 rev1=1 crypto rx=0 tx=0 comp rx=0 tx=0).stop
2024-04-21T23:38:55.350 INFO:teuthology.orchestra.run.smithi067.stdout:/usr/bin/ceph: stderr
2024-04-21T23:38:54.779+0000 7f4fefd76700 1 --2- 172.21.15.67:0/1246637402 >> [v2:172.21.15.67:3300/0,v1:172.21.15.67:6789/0] conn(0x7f4fe8106ba0 0x7f4fe8191d10 unknown :-1 s=CLOSED pgs=54 cs=0 l=1 rev1=1 crypto rx=0 tx=0 comp rx=0 tx=0).stop
2024-04-21T23:38:55.350 INFO:teuthology.orchestra.run.smithi067.stdout:/usr/bin/ceph: stderr
2024-04-21T23:38:54.779+0000 7f4fefd76700 1 -- 172.21.15.67:0/1246637402 >> 172.21.15.67:0/1246637402 conn(0x7f4fe8102100 msgr2=0x7f4fe8102f90 unknown :-1 s=STATE_NONE l=0).mark_down
2024-04-21T23:38:55.350 INFO:teuthology.orchestra.run.smithi067.stdout:/usr/bin/ceph: stderr
2024-04-21T23:38:54.779+0000 7f4fefd76700 1 -- 172.21.15.67:0/1246637402 shutdown_connections
2024-04-21T23:38:55.350 INFO:teuthology.orchestra.run.smithi067.stdout:/usr/bin/ceph: stderr
2024-04-21T23:38:54.779+0000 7f4fefd76700 1 -- 172.21.15.67:0/1246637402 wait complete.
2024-04-21T23:38:55.350 INFO:teuthology.orchestra.run.smithi067.stdout:Enabling the dashboard module...
2024-04-21T23:38:55.905 INFO:journalctl@ceph.mon.a.smithi067.stdout:Apr 21 23:38:55 smithi067 ceph-mon[27947]: from='client.? 172.21.15.67:0/1246637402' entity='client.admin'
2024-04-21T23:38:55.939 INFO:journalctl@ceph.mon.a.smithi067.stdout:Apr 21 23:38:55 smithi067 ceph-mon[27947]: from='mgr.14120 172.21.15.67:0/2696609246' entity='mgr.x'
2024-04-21T23:38:56.838 INFO:journalctl@ceph.mon.a.smithi067.stdout:Apr 21 23:38:56 smithi067 ceph-mon[27947]: from='client.? 172.21.15.67:0/3509029862' entity='client.admin' cmd=[{"prefix": "mgr module enable", "module": "dashboard"}]: dispatch
2024-04-21T23:38:56.838 INFO:journalctl@ceph.mgr.x.smithi067.stdout:Apr 21 23:38:56 smithi067 ceph-158379ec-0038-11ef-bc93-c7b262605968-mgr-x[28178]: ignoring --setuser ceph since I am not root
2024-04-21T23:38:56.838 INFO:journalctl@ceph.mgr.x.smithi067.stdout:Apr 21 23:38:56 smithi067 ceph-158379ec-0038-11ef-bc93-c7b262605968-mgr-x[28178]: ignoring --setgroup ceph since I am not root
2024-04-21T23:38:57.155 INFO:journalctl@ceph.mgr.x.smithi067.stdout:Apr 21 23:38:56 smithi067 ceph-158379ec-0038-11ef-bc93-c7b262605968-mgr-x[28178]:
2024-04-21T23:38:56.971+0000 7fc0eaf8f200 -1 mgr[py] Module balancer has missing NOTIFY_TYPES member
2024-04-21T23:38:57.441 INFO:journalctl@ceph.mgr.x.smithi067.stdout:Apr 21 23:38:57 smithi067 ceph-158379ec-0038-11ef-bc93-c7b262605968-mgr-x[28178]:
2024-04-21T23:38:57.163+0000 7fc0eaf8f200 -1 mgr[py] Module orchestrator has missing NOTIFY_TYPES member
2024-04-21T23:38:57.441 INFO:journalctl@ceph.mgr.x.smithi067.stdout:Apr 21 23:38:57 smithi067 ceph-158379ec-0038-11ef-bc93-c7b262605968-mgr-x[28178]:
2024-04-21T23:38:57.269+0000 7fc0eaf8f200 -1 mgr[py] Module snap_schedule has missing NOTIFY_TYPES member
2024-04-21T23:38:57.449 INFO:teuthology.orchestra.run.smithi067.stdout:/usr/bin/ceph: stderr
2024-04-21T23:38:55.791+0000 7f50bb53b700 1 Processor -- start
2024-04-21T23:38:57.449 INFO:teuthology.orchestra.run.smithi067.stdout:/usr/bin/ceph: stderr
2024-04-21T23:38:55.791+0000 7f50bb53b700 1 -- start start
2024-04-21T23:38:57.449 INFO:teuthology.orchestra.run.smithi067.stdout:/usr/bin/ceph: stderr
2024-04-21T23:38:55.791+0000 7f50bb53b700 1 --2- >> [v2:172.21.15.67:3300/0,v1:172.21.15.67:6789/0] conn(0x7f50b4107010 0x7f50b4107430 unknown :-1 s=NONE pgs=0 cs=0 l=0 rev1=0 crypto rx=0 tx=0 comp rx=0 tx=0).connect
2024-04-21T23:38:57.449 INFO:teuthology.orchestra.run.smithi067.stdout:/usr/bin/ceph: stderr
2024-04-21T23:38:55.791+0000 7f50bb53b700 1 -- --> [v2:172.21.15.67:3300/0,v1:172.21.15.67:6789/0] -- mon_getmap magic: 0 -- 0x7f50b4107a00 con 0x7f50b4107010
2024-04-21T23:38:57.449 INFO:teuthology.orchestra.run.smithi067.stdout:/usr/bin/ceph: stderr
2024-04-21T23:38:55.792+0000 7f50b92d7700 1 --2- >> [v2:172.21.15.67:3300/0,v1:172.21.15.67:6789/0] conn(0x7f50b4107010 0x7f50b4107430 unknown :-1 s=BANNER_CONNECTING pgs=0 cs=0 l=0 rev1=0 crypto rx=0 tx=0 comp rx=0 tx=0)._handle_peer_banner_payload supported=3 required=0
2024-04-21T23:38:57.449 INFO:teuthology.orchestra.run.smithi067.stdout:/usr/bin/ceph: stderr
2024-04-21T23:38:55.792+0000 7f50b92d7700 1 --2- >> [v2:172.21.15.67:3300/0,v1:172.21.15.67:6789/0] conn(0x7f50b4107010 0x7f50b4107430 unknown :-1 s=HELLO_CONNECTING pgs=0 cs=0 l=0 rev1=1 crypto rx=0 tx=0 comp rx=0 tx=0).handle_hello peer v2:172.21.15.67:3300/0 says I am v2:172.21.15.67:51526/0 (socket says 172.21.15.67:51526)
2024-04-21T23:38:57.449 INFO:teuthology.orchestra.run.smithi067.stdout:/usr/bin/ceph: stderr
2024-04-21T23:38:55.792+0000 7f50b92d7700 1 -- 172.21.15.67:0/1652454379 learned_addr learned my addr 172.21.15.67:0/1652454379 (peer_addr_for_me v2:172.21.15.67:0/0)
2024-04-21T23:38:57.449 INFO:teuthology.orchestra.run.smithi067.stdout:/usr/bin/ceph: stderr
2024-04-21T23:38:55.792+0000 7f50b92d7700 1 -- 172.21.15.67:0/1652454379 --> [v2:172.21.15.67:3300/0,v1:172.21.15.67:6789/0] -- mon_subscribe({config=0+,monmap=0+}) -- 0x7f50b4107d30 con 0x7f50b4107010
2024-04-21T23:38:57.449 INFO:teuthology.orchestra.run.smithi067.stdout:/usr/bin/ceph: stderr
2024-04-21T23:38:55.792+0000 7f50b92d7700 1 --2- 172.21.15.67:0/1652454379 >> [v2:172.21.15.67:3300/0,v1:172.21.15.67:6789/0] conn(0x7f50b4107010 0x7f50b4107430 secure :-1 s=READY pgs=55 cs=0 l=1 rev1=1 crypto rx=0x7f50b00098a0 tx=0x7f50b0009bb0 comp rx=0 tx=0).ready entity=mon.0 client_cookie=a02e79a895b315b4 server_cookie=0 in_seq=0 out_seq=0
2024-04-21T23:38:57.449 INFO:teuthology.orchestra.run.smithi067.stdout:/usr/bin/ceph: stderr
2024-04-21T23:38:55.792+0000 7f50a7fff700 1 -- 172.21.15.67:0/1652454379 <== mon.0 v2:172.21.15.67:3300/0 1 ==== mon_map magic: 0 ==== 205+0+0 (secure 0 0 0) 0x7f50b0004160 con 0x7f50b4107010
2024-04-21T23:38:57.449 INFO:teuthology.orchestra.run.smithi067.stdout:/usr/bin/ceph: stderr
2024-04-21T23:38:55.792+0000 7f50a7fff700 1 -- 172.21.15.67:0/1652454379 <== mon.0 v2:172.21.15.67:3300/0 2 ==== config(27 keys) ==== 1140+0+0 (secure 0 0 0) 0x7f50b0004300 con 0x7f50b4107010
2024-04-21T23:38:57.450 INFO:teuthology.orchestra.run.smithi067.stdout:/usr/bin/ceph: stderr
2024-04-21T23:38:55.792+0000 7f50a7fff700 1 -- 172.21.15.67:0/1652454379 <== mon.0 v2:172.21.15.67:3300/0 3 ==== mon_map magic: 0 ==== 205+0+0 (secure 0 0 0) 0x7f50b0011b20 con 0x7f50b4107010
2024-04-21T23:38:57.450 INFO:teuthology.orchestra.run.smithi067.stdout:/usr/bin/ceph: stderr
2024-04-21T23:38:55.793+0000 7f50bb53b700 1 -- 172.21.15.67:0/1652454379 >> [v2:172.21.15.67:3300/0,v1:172.21.15.67:6789/0] conn(0x7f50b4107010 msgr2=0x7f50b4107430 secure :-1 s=STATE_CONNECTION_ESTABLISHED l=1).mark_down
2024-04-21T23:38:57.450 INFO:teuthology.orchestra.run.smithi067.stdout:/usr/bin/ceph: stderr
2024-04-21T23:38:55.793+0000 7f50bb53b700 1 --2- 172.21.15.67:0/1652454379 >> [v2:172.21.15.67:3300/0,v1:172.21.15.67:6789/0] conn(0x7f50b4107010 0x7f50b4107430 secure :-1 s=READY pgs=55 cs=0 l=1 rev1=1 crypto rx=0x7f50b00098a0 tx=0x7f50b0009bb0 comp rx=0 tx=0).stop
2024-04-21T23:38:57.450 INFO:teuthology.orchestra.run.smithi067.stdout:/usr/bin/ceph: stderr
2024-04-21T23:38:55.793+0000 7f50bb53b700 1 -- 172.21.15.67:0/1652454379 shutdown_connections
2024-04-21T23:38:57.450 INFO:teuthology.orchestra.run.smithi067.stdout:/usr/bin/ceph: stderr
2024-04-21T23:38:55.793+0000 7f50bb53b700 1 --2- 172.21.15.67:0/1652454379 >> [v2:172.21.15.67:3300/0,v1:172.21.15.67:6789/0] conn(0x7f50b4107010 0x7f50b4107430 unknown :-1 s=CLOSED pgs=55 cs=0 l=1 rev1=1 crypto rx=0 tx=0 comp rx=0 tx=0).stop
2024-04-21T23:38:57.450 INFO:teuthology.orchestra.run.smithi067.stdout:/usr/bin/ceph: stderr
2024-04-21T23:38:55.793+0000 7f50bb53b700 1 -- 172.21.15.67:0/1652454379 >> 172.21.15.67:0/1652454379 conn(0x7f50b4101810 msgr2=0x7f50b4103c70 unknown :-1 s=STATE_NONE l=0).mark_down
2024-04-21T23:38:57.450 INFO:teuthology.orchestra.run.smithi067.stdout:/usr/bin/ceph: stderr
2024-04-21T23:38:55.793+0000 7f50bb53b700 1 -- 172.21.15.67:0/1652454379 shutdown_connections
2024-04-21T23:38:57.450 INFO:teuthology.orchestra.run.smithi067.stdout:/usr/bin/ceph: stderr
2024-04-21T23:38:55.793+0000 7f50bb53b700 1 -- 172.21.15.67:0/1652454379 wait complete.
2024-04-21T23:38:57.450 INFO:teuthology.orchestra.run.smithi067.stdout:/usr/bin/ceph: stderr
2024-04-21T23:38:55.794+0000 7f50bb53b700 1 Processor -- start
2024-04-21T23:38:57.450 INFO:teuthology.orchestra.run.smithi067.stdout:/usr/bin/ceph: stderr
2024-04-21T23:38:55.794+0000 7f50bb53b700 1 -- start start
2024-04-21T23:38:57.450 INFO:teuthology.orchestra.run.smithi067.stdout:/usr/bin/ceph: stderr
2024-04-21T23:38:55.794+0000 7f50bb53b700 1 --2- >> [v2:172.21.15.67:3300/0,v1:172.21.15.67:6789/0] conn(0x7f50b4107010 0x7f50b4191ce0 unknown :-1 s=NONE pgs=0 cs=0 l=1 rev1=0 crypto rx=0 tx=0 comp rx=0 tx=0).connect
2024-04-21T23:38:57.450 INFO:teuthology.orchestra.run.smithi067.stdout:/usr/bin/ceph: stderr
2024-04-21T23:38:55.794+0000 7f50bb53b700 1 -- --> [v2:172.21.15.67:3300/0,v1:172.21.15.67:6789/0] -- mon_getmap magic: 0 -- 0x7f50b410b0e0 con 0x7f50b4107010
2024-04-21T23:38:57.450 INFO:teuthology.orchestra.run.smithi067.stdout:/usr/bin/ceph: stderr
2024-04-21T23:38:55.794+0000 7f50b92d7700 1 --2- >> [v2:172.21.15.67:3300/0,v1:172.21.15.67:6789/0] conn(0x7f50b4107010 0x7f50b4191ce0 unknown :-1 s=BANNER_CONNECTING pgs=0 cs=0 l=1 rev1=0 crypto rx=0 tx=0 comp rx=0 tx=0)._handle_peer_banner_payload supported=3 required=0
2024-04-21T23:38:57.451 INFO:teuthology.orchestra.run.smithi067.stdout:/usr/bin/ceph: stderr
2024-04-21T23:38:55.794+0000 7f50b92d7700 1 --2- >> [v2:172.21.15.67:3300/0,v1:172.21.15.67:6789/0] conn(0x7f50b4107010 0x7f50b4191ce0 unknown :-1 s=HELLO_CONNECTING pgs=0 cs=0 l=1 rev1=1 crypto rx=0 tx=0 comp rx=0 tx=0).handle_hello peer v2:172.21.15.67:3300/0 says I am v2:172.21.15.67:51534/0 (socket says 172.21.15.67:51534)
2024-04-21T23:38:57.451 INFO:teuthology.orchestra.run.smithi067.stdout:/usr/bin/ceph: stderr
2024-04-21T23:38:55.794+0000 7f50b92d7700 1 -- 172.21.15.67:0/3509029862 learned_addr learned my addr 172.21.15.67:0/3509029862 (peer_addr_for_me v2:172.21.15.67:0/0)
2024-04-21T23:38:57.451 INFO:teuthology.orchestra.run.smithi067.stdout:/usr/bin/ceph: stderr
2024-04-21T23:38:55.795+0000 7f50b92d7700 1 -- 172.21.15.67:0/3509029862 --> [v2:172.21.15.67:3300/0,v1:172.21.15.67:6789/0] -- mon_subscribe({config=0+,monmap=0+}) -- 0x7f50b4192220 con 0x7f50b4107010
2024-04-21T23:38:57.451 INFO:teuthology.orchestra.run.smithi067.stdout:/usr/bin/ceph: stderr
2024-04-21T23:38:55.795+0000 7f50b92d7700 1 --2- 172.21.15.67:0/3509029862 >> [v2:172.21.15.67:3300/0,v1:172.21.15.67:6789/0] conn(0x7f50b4107010 0x7f50b4191ce0 secure :-1 s=READY pgs=56 cs=0 l=1 rev1=1 crypto rx=0x7f50b00117e0 tx=0x7f50b0011ba0 comp rx=0 tx=0).ready entity=mon.0 client_cookie=0 server_cookie=0 in_seq=0 out_seq=0
2024-04-21T23:38:57.451 INFO:teuthology.orchestra.run.smithi067.stdout:/usr/bin/ceph: stderr
2024-04-21T23:38:55.795+0000 7f50a67fc700 1 -- 172.21.15.67:0/3509029862 <== mon.0 v2:172.21.15.67:3300/0 1 ==== mon_map magic: 0 ==== 205+0+0 (secure 0 0 0) 0x7f50b0003ba0 con 0x7f50b4107010
2024-04-21T23:38:57.451 INFO:teuthology.orchestra.run.smithi067.stdout:/usr/bin/ceph: stderr
2024-04-21T23:38:55.795+0000 7f50bb53b700 1 -- 172.21.15.67:0/3509029862 --> [v2:172.21.15.67:3300/0,v1:172.21.15.67:6789/0] -- mon_subscribe({mgrmap=0+}) -- 0x7f50b4190410 con 0x7f50b4107010
2024-04-21T23:38:57.451 INFO:teuthology.orchestra.run.smithi067.stdout:/usr/bin/ceph: stderr
2024-04-21T23:38:55.795+0000 7f50a67fc700 1 -- 172.21.15.67:0/3509029862 <== mon.0 v2:172.21.15.67:3300/0 2 ==== config(27 keys) ==== 1140+0+0 (secure 0 0 0) 0x7f50b001a910 con 0x7f50b4107010
2024-04-21T23:38:57.451 INFO:teuthology.orchestra.run.smithi067.stdout:/usr/bin/ceph: stderr
2024-04-21T23:38:55.795+0000 7f50a67fc700 1 -- 172.21.15.67:0/3509029862 <== mon.0 v2:172.21.15.67:3300/0 3 ==== mon_map magic: 0 ==== 205+0+0 (secure 0 0 0) 0x7f50b00248f0 con 0x7f50b4107010
2024-04-21T23:38:57.451 INFO:teuthology.orchestra.run.smithi067.stdout:/usr/bin/ceph: stderr
2024-04-21T23:38:55.795+0000 7f50bb53b700 1 -- 172.21.15.67:0/3509029862 --> [v2:172.21.15.67:3300/0,v1:172.21.15.67:6789/0] -- mon_subscribe({osdmap=0}) -- 0x7f50b41908d0 con 0x7f50b4107010
2024-04-21T23:38:57.451 INFO:teuthology.orchestra.run.smithi067.stdout:/usr/bin/ceph: stderr
2024-04-21T23:38:55.796+0000 7f50a67fc700 1 -- 172.21.15.67:0/3509029862 <== mon.0 v2:172.21.15.67:3300/0 4 ==== mgrmap(e 8) ==== 46287+0+0 (secure 0 0 0) 0x7f50b0022020 con 0x7f50b4107010
2024-04-21T23:38:57.451 INFO:teuthology.orchestra.run.smithi067.stdout:/usr/bin/ceph: stderr
2024-04-21T23:38:55.796+0000 7f50a67fc700 1 --2- 172.21.15.67:0/3509029862 >> [v2:172.21.15.67:6800/2634063072,v1:172.21.15.67:6801/2634063072] conn(0x7f50a0039050 0x7f50a003b510 unknown :-1 s=NONE pgs=0 cs=0 l=1 rev1=0 crypto rx=0 tx=0 comp rx=0 tx=0).connect
2024-04-21T23:38:57.451 INFO:teuthology.orchestra.run.smithi067.stdout:/usr/bin/ceph: stderr
2024-04-21T23:38:55.796+0000 7f50a67fc700 1 -- 172.21.15.67:0/3509029862 <== mon.0 v2:172.21.15.67:3300/0 5 ==== osd_map(2..2 src has 1..2) ==== 940+0+0 (secure 0 0 0) 0x7f50b004e840 con 0x7f50b4107010
2024-04-21T23:38:57.451 INFO:teuthology.orchestra.run.smithi067.stdout:/usr/bin/ceph: stderr
2024-04-21T23:38:55.796+0000 7f50b8ad6700 1 --2- 172.21.15.67:0/3509029862 >> [v2:172.21.15.67:6800/2634063072,v1:172.21.15.67:6801/2634063072] conn(0x7f50a0039050 0x7f50a003b510 unknown :-1 s=BANNER_CONNECTING pgs=0 cs=0 l=1 rev1=0 crypto rx=0 tx=0 comp rx=0 tx=0)._handle_peer_banner_payload supported=3 required=0
2024-04-21T23:38:57.451 INFO:teuthology.orchestra.run.smithi067.stdout:/usr/bin/ceph: stderr
2024-04-21T23:38:55.796+0000 7f50bb53b700 1 -- 172.21.15.67:0/3509029862 --> [v2:172.21.15.67:3300/0,v1:172.21.15.67:6789/0] -- mon_command({"prefix": "get_command_descriptions"} v 0) -- 0x7f50b4063890 con 0x7f50b4107010
2024-04-21T23:38:57.451 INFO:teuthology.orchestra.run.smithi067.stdout:/usr/bin/ceph: stderr
2024-04-21T23:38:55.797+0000 7f50b8ad6700 1 --2- 172.21.15.67:0/3509029862 >> [v2:172.21.15.67:6800/2634063072,v1:172.21.15.67:6801/2634063072] conn(0x7f50a0039050 0x7f50a003b510 secure :-1 s=READY pgs=16 cs=0 l=1 rev1=1 crypto rx=0x7f50a8006fd0 tx=0x7f50a8006e40 comp rx=0 tx=0).ready entity=mgr.14120 client_cookie=0 server_cookie=0 in_seq=0 out_seq=0
2024-04-21T23:38:57.452 INFO:teuthology.orchestra.run.smithi067.stdout:/usr/bin/ceph: stderr
2024-04-21T23:38:55.802+0000 7f50a67fc700 1 -- 172.21.15.67:0/3509029862 <== mon.0 v2:172.21.15.67:3300/0 6 ==== mon_command_ack([{"prefix": "get_command_descriptions"}]=0 v0) ==== 72+0+186074 (secure 0 0 0) 0x7f50b0020c10 con 0x7f50b4107010
2024-04-21T23:38:57.452 INFO:teuthology.orchestra.run.smithi067.stdout:/usr/bin/ceph: stderr
2024-04-21T23:38:56.088+0000 7f50bb53b700 1 -- 172.21.15.67:0/3509029862 --> [v2:172.21.15.67:3300/0,v1:172.21.15.67:6789/0] -- mon_command({"prefix": "mgr module enable", "module": "dashboard"} v 0) -- 0x7f50b4195820 con 0x7f50b4107010
2024-04-21T23:38:57.452 INFO:teuthology.orchestra.run.smithi067.stdout:/usr/bin/ceph: stderr
2024-04-21T23:38:56.784+0000 7f50a67fc700 1 -- 172.21.15.67:0/3509029862 <== mon.0 v2:172.21.15.67:3300/0 7 ==== mon_command_ack([{"prefix": "mgr module enable", "module": "dashboard"}]=0 v9) ==== 88+0+0 (secure 0 0 0) 0x7f50b000b5a0 con 0x7f50b4107010
2024-04-21T23:38:57.452 INFO:teuthology.orchestra.run.smithi067.stdout:/usr/bin/ceph: stderr
2024-04-21T23:38:56.786+0000 7f50a67fc700 1 -- 172.21.15.67:0/3509029862 <== mon.0 v2:172.21.15.67:3300/0 8 ==== mgrmap(e 9) ==== 46300+0+0 (secure 0 0 0) 0x7f50b002dc90 con 0x7f50b4107010
2024-04-21T23:38:57.452 INFO:teuthology.orchestra.run.smithi067.stdout:/usr/bin/ceph: stderr
2024-04-21T23:38:56.787+0000 7f50bb53b700 1 -- 172.21.15.67:0/3509029862 >> [v2:172.21.15.67:6800/2634063072,v1:172.21.15.67:6801/2634063072] conn(0x7f50a0039050 msgr2=0x7f50a003b510 secure :-1 s=STATE_CONNECTION_ESTABLISHED l=1).mark_down
2024-04-21T23:38:57.452 INFO:teuthology.orchestra.run.smithi067.stdout:/usr/bin/ceph: stderr
2024-04-21T23:38:56.787+0000 7f50bb53b700 1 --2- 172.21.15.67:0/3509029862 >> [v2:172.21.15.67:6800/2634063072,v1:172.21.15.67:6801/2634063072] conn(0x7f50a0039050 0x7f50a003b510 secure :-1 s=READY pgs=16 cs=0 l=1 rev1=1 crypto rx=0x7f50a8006fd0 tx=0x7f50a8006e40 comp rx=0 tx=0).stop
2024-04-21T23:38:57.452 INFO:teuthology.orchestra.run.smithi067.stdout:/usr/bin/ceph: stderr
2024-04-21T23:38:56.787+0000 7f50bb53b700 1 -- 172.21.15.67:0/3509029862 >> [v2:172.21.15.67:3300/0,v1:172.21.15.67:6789/0] conn(0x7f50b4107010 msgr2=0x7f50b4191ce0 secure :-1 s=STATE_CONNECTION_ESTABLISHED l=1).mark_down
2024-04-21T23:38:57.452 INFO:teuthology.orchestra.run.smithi067.stdout:/usr/bin/ceph: stderr
2024-04-21T23:38:56.787+0000 7f50bb53b700 1 --2- 172.21.15.67:0/3509029862 >> [v2:172.21.15.67:3300/0,v1:172.21.15.67:6789/0] conn(0x7f50b4107010 0x7f50b4191ce0 secure :-1 s=READY pgs=56 cs=0 l=1 rev1=1 crypto rx=0x7f50b00117e0 tx=0x7f50b0011ba0 comp rx=0 tx=0).stop
2024-04-21T23:38:57.452 INFO:teuthology.orchestra.run.smithi067.stdout:/usr/bin/ceph: stderr
2024-04-21T23:38:56.787+0000 7f50bb53b700 1 -- 172.21.15.67:0/3509029862 shutdown_connections
2024-04-21T23:38:57.452 INFO:teuthology.orchestra.run.smithi067.stdout:/usr/bin/ceph: stderr
2024-04-21T23:38:56.787+0000 7f50bb53b700 1 --2- 172.21.15.67:0/3509029862 >> [v2:172.21.15.67:6800/2634063072,v1:172.21.15.67:6801/2634063072] conn(0x7f50a0039050 0x7f50a003b510 unknown :-1 s=CLOSED pgs=16 cs=0 l=1 rev1=1 crypto rx=0 tx=0 comp rx=0 tx=0).stop
2024-04-21T23:38:57.452 INFO:teuthology.orchestra.run.smithi067.stdout:/usr/bin/ceph: stderr
2024-04-21T23:38:56.787+0000 7f50bb53b700 1 --2- 172.21.15.67:0/3509029862 >> [v2:172.21.15.67:3300/0,v1:172.21.15.67:6789/0] conn(0x7f50b4107010 0x7f50b4191ce0 unknown :-1 s=CLOSED pgs=56 cs=0 l=1 rev1=1 crypto rx=0 tx=0 comp rx=0 tx=0).stop
2024-04-21T23:38:57.452 INFO:teuthology.orchestra.run.smithi067.stdout:/usr/bin/ceph: stderr
2024-04-21T23:38:56.787+0000 7f50bb53b700 1 -- 172.21.15.67:0/3509029862 >> 172.21.15.67:0/3509029862 conn(0x7f50b4101810 msgr2=0x7f50b4102660 unknown :-1 s=STATE_NONE l=0).mark_down
2024-04-21T23:38:57.452 INFO:teuthology.orchestra.run.smithi067.stdout:/usr/bin/ceph: stderr
2024-04-21T23:38:56.787+0000 7f50bb53b700 1 -- 172.21.15.67:0/3509029862 shutdown_connections
2024-04-21T23:38:57.452 INFO:teuthology.orchestra.run.smithi067.stdout:/usr/bin/ceph: stderr
2024-04-21T23:38:56.787+0000 7f50bb53b700 1 -- 172.21.15.67:0/3509029862 wait complete.
2024-04-21T23:38:57.777 INFO:journalctl@ceph.mgr.x.smithi067.stdout:Apr 21 23:38:57 smithi067 ceph-158379ec-0038-11ef-bc93-c7b262605968-mgr-x[28178]:
2024-04-21T23:38:57.597+0000 7fc0eaf8f200 -1 mgr[py] Module progress has missing NOTIFY_TYPES member
2024-04-21T23:38:57.777 INFO:journalctl@ceph.mgr.x.smithi067.stdout:Apr 21 23:38:57 smithi067 ceph-158379ec-0038-11ef-bc93-c7b262605968-mgr-x[28178]:
2024-04-21T23:38:57.687+0000 7fc0eaf8f200 -1 mgr[py] Module influx has missing NOTIFY_TYPES member
2024-04-21T23:38:58.087 INFO:journalctl@ceph.mon.a.smithi067.stdout:Apr 21 23:38:57 smithi067 ceph-mon[27947]: from='client.? 172.21.15.67:0/3509029862' entity='client.admin' cmd='[{"prefix": "mgr module enable", "module": "dashboard"}]': finished
2024-04-21T23:38:58.087 INFO:journalctl@ceph.mon.a.smithi067.stdout:Apr 21 23:38:57 smithi067 ceph-mon[27947]: mgrmap e9: x(active, since 20s)
2024-04-21T23:38:58.724 INFO:teuthology.orchestra.run.smithi067.stdout:/usr/bin/ceph: stdout {
2024-04-21T23:38:58.724 INFO:teuthology.orchestra.run.smithi067.stdout:/usr/bin/ceph: stdout "epoch": 9,
2024-04-21T23:38:58.725 INFO:teuthology.orchestra.run.smithi067.stdout:/usr/bin/ceph: stdout "available": true,
2024-04-21T23:38:58.725 INFO:teuthology.orchestra.run.smithi067.stdout:/usr/bin/ceph: stdout "active_name": "x",
2024-04-21T23:38:58.725 INFO:teuthology.orchestra.run.smithi067.stdout:/usr/bin/ceph: stdout "num_standby": 0
2024-04-21T23:38:58.725 INFO:teuthology.orchestra.run.smithi067.stdout:/usr/bin/ceph: stdout }
2024-04-21T23:38:58.725 INFO:teuthology.orchestra.run.smithi067.stdout:/usr/bin/ceph: stderr
2024-04-21T23:38:57.885+0000 7f7813ffe700 1 Processor -- start
2024-04-21T23:38:58.725 INFO:teuthology.orchestra.run.smithi067.stdout:/usr/bin/ceph: stderr
2024-04-21T23:38:57.885+0000 7f7813ffe700 1 -- start start
2024-04-21T23:38:58.725 INFO:teuthology.orchestra.run.smithi067.stdout:/usr/bin/ceph: stderr
2024-04-21T23:38:57.885+0000 7f7813ffe700 1 --2- >> [v2:172.21.15.67:3300/0,v1:172.21.15.67:6789/0] conn(0x7f780c105f00 0x7f780c106320 unknown :-1 s=NONE pgs=0 cs=0 l=0 rev1=0 crypto rx=0 tx=0 comp rx=0 tx=0).connect
2024-04-21T23:38:58.725 INFO:teuthology.orchestra.run.smithi067.stdout:/usr/bin/ceph: stderr
2024-04-21T23:38:57.885+0000 7f7813ffe700 1 -- --> [v2:172.21.15.67:3300/0,v1:172.21.15.67:6789/0] -- mon_getmap magic: 0 -- 0x7f780c1068f0 con 0x7f780c105f00
2024-04-21T23:38:58.725 INFO:teuthology.orchestra.run.smithi067.stdout:/usr/bin/ceph: stderr
2024-04-21T23:38:57.886+0000 7f7811d9a700 1 --2- >> [v2:172.21.15.67:3300/0,v1:172.21.15.67:6789/0] conn(0x7f780c105f00 0x7f780c106320 unknown :-1 s=BANNER_CONNECTING pgs=0 cs=0 l=0 rev1=0 crypto rx=0 tx=0 comp rx=0 tx=0)._handle_peer_banner_payload supported=3 required=0
2024-04-21T23:38:58.725 INFO:teuthology.orchestra.run.smithi067.stdout:/usr/bin/ceph: stderr
2024-04-21T23:38:57.886+0000 7f7811d9a700 1 --2- >> [v2:172.21.15.67:3300/0,v1:172.21.15.67:6789/0] conn(0x7f780c105f00 0x7f780c106320 unknown :-1 s=HELLO_CONNECTING pgs=0 cs=0 l=0 rev1=1 crypto rx=0 tx=0 comp rx=0 tx=0).handle_hello peer v2:172.21.15.67:3300/0 says I am v2:172.21.15.67:51574/0 (socket says 172.21.15.67:51574)
2024-04-21T23:38:58.725 INFO:teuthology.orchestra.run.smithi067.stdout:/usr/bin/ceph: stderr
2024-04-21T23:38:57.886+0000 7f7811d9a700 1 -- 172.21.15.67:0/1851204698 learned_addr learned my addr 172.21.15.67:0/1851204698 (peer_addr_for_me v2:172.21.15.67:0/0)
2024-04-21T23:38:58.725 INFO:teuthology.orchestra.run.smithi067.stdout:/usr/bin/ceph: stderr
2024-04-21T23:38:57.886+0000 7f7811d9a700 1 -- 172.21.15.67:0/1851204698 --> [v2:172.21.15.67:3300/0,v1:172.21.15.67:6789/0] -- mon_subscribe({config=0+,monmap=0+}) -- 0x7f780c108e90 con 0x7f780c105f00
2024-04-21T23:38:58.725 INFO:teuthology.orchestra.run.smithi067.stdout:/usr/bin/ceph: stderr
2024-04-21T23:38:57.886+0000 7f7811d9a700 1 --2- 172.21.15.67:0/1851204698 >> [v2:172.21.15.67:3300/0,v1:172.21.15.67:6789/0] conn(0x7f780c105f00 0x7f780c106320 secure :-1 s=READY pgs=59 cs=0 l=1 rev1=1 crypto rx=0x7f77fc0098a0 tx=0x7f77fc009bb0 comp rx=0 tx=0).ready entity=mon.0 client_cookie=89bdadd360c9d278 server_cookie=0 in_seq=0 out_seq=0
2024-04-21T23:38:58.726 INFO:teuthology.orchestra.run.smithi067.stdout:/usr/bin/ceph: stderr
2024-04-21T23:38:57.886+0000 7f7810d98700 1 -- 172.21.15.67:0/1851204698 <== mon.0 v2:172.21.15.67:3300/0 1 ==== mon_map magic: 0 ==== 205+0+0 (secure 0 0 0) 0x7f77fc004160 con 0x7f780c105f00
2024-04-21T23:38:58.726 INFO:teuthology.orchestra.run.smithi067.stdout:/usr/bin/ceph: stderr
2024-04-21T23:38:57.886+0000 7f7810d98700 1 -- 172.21.15.67:0/1851204698 <== mon.0 v2:172.21.15.67:3300/0 2 ==== config(27 keys) ==== 1140+0+0 (secure 0 0 0) 0x7f77fc004300 con 0x7f780c105f00
2024-04-21T23:38:58.726 INFO:teuthology.orchestra.run.smithi067.stdout:/usr/bin/ceph: stderr
2024-04-21T23:38:57.886+0000 7f7810d98700 1 -- 172.21.15.67:0/1851204698 <== mon.0 v2:172.21.15.67:3300/0 3 ==== mon_map magic: 0 ==== 205+0+0 (secure 0 0 0) 0x7f77fc011b20 con 0x7f780c105f00
2024-04-21T23:38:58.726 INFO:teuthology.orchestra.run.smithi067.stdout:/usr/bin/ceph: stderr
2024-04-21T23:38:57.887+0000 7f7813ffe700 1 -- 172.21.15.67:0/1851204698 >> [v2:172.21.15.67:3300/0,v1:172.21.15.67:6789/0] conn(0x7f780c105f00 msgr2=0x7f780c106320 secure :-1 s=STATE_CONNECTION_ESTABLISHED l=1).mark_down
2024-04-21T23:38:58.726 INFO:teuthology.orchestra.run.smithi067.stdout:/usr/bin/ceph: stderr
2024-04-21T23:38:57.887+0000 7f7813ffe700 1 --2- 172.21.15.67:0/1851204698 >> [v2:172.21.15.67:3300/0,v1:172.21.15.67:6789/0] conn(0x7f780c105f00 0x7f780c106320 secure :-1 s=READY pgs=59 cs=0 l=1 rev1=1 crypto rx=0x7f77fc0098a0 tx=0x7f77fc009bb0 comp rx=0 tx=0).stop
2024-04-21T23:38:58.726 INFO:teuthology.orchestra.run.smithi067.stdout:/usr/bin/ceph: stderr
2024-04-21T23:38:57.887+0000 7f7813ffe700 1 -- 172.21.15.67:0/1851204698 shutdown_connections
2024-04-21T23:38:58.726 INFO:teuthology.orchestra.run.smithi067.stdout:/usr/bin/ceph: stderr
2024-04-21T23:38:57.887+0000 7f7813ffe700 1 --2- 172.21.15.67:0/1851204698 >> [v2:172.21.15.67:3300/0,v1:172.21.15.67:6789/0] conn(0x7f780c105f00 0x7f780c106320 unknown :-1 s=CLOSED pgs=59 cs=0 l=1 rev1=1 crypto rx=0 tx=0 comp rx=0 tx=0).stop
2024-04-21T23:38:58.726 INFO:teuthology.orchestra.run.smithi067.stdout:/usr/bin/ceph: stderr
2024-04-21T23:38:57.887+0000 7f7813ffe700 1 -- 172.21.15.67:0/1851204698 >> 172.21.15.67:0/1851204698 conn(0x7f780c101810 msgr2=0x7f780c103c70 unknown :-1 s=STATE_NONE l=0).mark_down
2024-04-21T23:38:58.726 INFO:teuthology.orchestra.run.smithi067.stdout:/usr/bin/ceph: stderr
2024-04-21T23:38:57.887+0000 7f7813ffe700 1 -- 172.21.15.67:0/1851204698 shutdown_connections
2024-04-21T23:38:58.726 INFO:teuthology.orchestra.run.smithi067.stdout:/usr/bin/ceph: stderr
2024-04-21T23:38:57.887+0000 7f7813ffe700 1 -- 172.21.15.67:0/1851204698 wait complete.
2024-04-21T23:38:58.726 INFO:teuthology.orchestra.run.smithi067.stdout:/usr/bin/ceph: stderr
2024-04-21T23:38:57.888+0000 7f7813ffe700 1 Processor -- start
2024-04-21T23:38:58.726 INFO:teuthology.orchestra.run.smithi067.stdout:/usr/bin/ceph: stderr
2024-04-21T23:38:57.888+0000 7f7813ffe700 1 -- start start
2024-04-21T23:38:58.726 INFO:teuthology.orchestra.run.smithi067.stdout:/usr/bin/ceph: stderr
2024-04-21T23:38:57.888+0000 7f7813ffe700 1 --2- >> [v2:172.21.15.67:3300/0,v1:172.21.15.67:6789/0] conn(0x7f780c105f00 0x7f780c19bbc0 unknown :-1 s=NONE pgs=0 cs=0 l=1 rev1=0 crypto rx=0 tx=0 comp rx=0 tx=0).connect
2024-04-21T23:38:58.727 INFO:teuthology.orchestra.run.smithi067.stdout:/usr/bin/ceph: stderr
2024-04-21T23:38:57.888+0000 7f7813ffe700 1 -- --> [v2:172.21.15.67:3300/0,v1:172.21.15.67:6789/0] -- mon_getmap magic: 0 -- 0x7f780c10c240 con 0x7f780c105f00
2024-04-21T23:38:58.727 INFO:teuthology.orchestra.run.smithi067.stdout:/usr/bin/ceph: stderr
2024-04-21T23:38:57.888+0000 7f7811d9a700 1 --2- >> [v2:172.21.15.67:3300/0,v1:172.21.15.67:6789/0] conn(0x7f780c105f00 0x7f780c19bbc0 unknown :-1 s=BANNER_CONNECTING pgs=0 cs=0 l=1 rev1=0 crypto rx=0 tx=0 comp rx=0 tx=0)._handle_peer_banner_payload supported=3 required=0
2024-04-21T23:38:58.727 INFO:teuthology.orchestra.run.smithi067.stdout:/usr/bin/ceph: stderr
2024-04-21T23:38:57.888+0000 7f7811d9a700 1 --2- >> [v2:172.21.15.67:3300/0,v1:172.21.15.67:6789/0] conn(0x7f780c105f00 0x7f780c19bbc0 unknown :-1 s=HELLO_CONNECTING pgs=0 cs=0 l=1 rev1=1 crypto rx=0 tx=0 comp rx=0 tx=0).handle_hello peer v2:172.21.15.67:3300/0 says I am v2:172.21.15.67:51584/0 (socket says 172.21.15.67:51584)
2024-04-21T23:38:58.727 INFO:teuthology.orchestra.run.smithi067.stdout:/usr/bin/ceph: stderr
2024-04-21T23:38:57.888+0000 7f7811d9a700 1 -- 172.21.15.67:0/4229663694 learned_addr learned my addr 172.21.15.67:0/4229663694 (peer_addr_for_me v2:172.21.15.67:0/0)
2024-04-21T23:38:58.727 INFO:teuthology.orchestra.run.smithi067.stdout:/usr/bin/ceph: stderr
2024-04-21T23:38:57.888+0000 7f7811d9a700 1 -- 172.21.15.67:0/4229663694 --> [v2:172.21.15.67:3300/0,v1:172.21.15.67:6789/0] -- mon_subscribe({config=0+,monmap=0+}) -- 0x7f780c19c100 con 0x7f780c105f00
2024-04-21T23:38:58.727 INFO:teuthology.orchestra.run.smithi067.stdout:/usr/bin/ceph: stderr
2024-04-21T23:38:57.889+0000 7f7811d9a700 1 --2- 172.21.15.67:0/4229663694 >> [v2:172.21.15.67:3300/0,v1:172.21.15.67:6789/0] conn(0x7f780c105f00 0x7f780c19bbc0 secure :-1 s=READY pgs=60 cs=0 l=1 rev1=1 crypto rx=0x7f77fc0117e0 tx=0x7f77fc011c10 comp rx=0 tx=0).ready entity=mon.0 client_cookie=0 server_cookie=0 in_seq=0 out_seq=0
2024-04-21T23:38:58.727 INFO:teuthology.orchestra.run.smithi067.stdout:/usr/bin/ceph: stderr
2024-04-21T23:38:57.889+0000 7f7802ffd700 1 -- 172.21.15.67:0/4229663694 <== mon.0 v2:172.21.15.67:3300/0 1 ==== mon_map magic: 0 ==== 205+0+0 (secure 0 0 0) 0x7f77fc003bf0 con 0x7f780c105f00
2024-04-21T23:38:58.727 INFO:teuthology.orchestra.run.smithi067.stdout:/usr/bin/ceph: stderr
2024-04-21T23:38:57.889+0000 7f7802ffd700 1 -- 172.21.15.67:0/4229663694 <== mon.0 v2:172.21.15.67:3300/0 2 ==== config(27 keys) ==== 1140+0+0 (secure 0 0 0) 0x7f77fc01a910 con 0x7f780c105f00
2024-04-21T23:38:58.727 INFO:teuthology.orchestra.run.smithi067.stdout:/usr/bin/ceph: stderr
2024-04-21T23:38:57.889+0000 7f7813ffe700 1 -- 172.21.15.67:0/4229663694 --> [v2:172.21.15.67:3300/0,v1:172.21.15.67:6789/0] -- mon_subscribe({mgrmap=0+}) -- 0x7f780c19c390 con 0x7f780c105f00
2024-04-21T23:38:58.727 INFO:teuthology.orchestra.run.smithi067.stdout:/usr/bin/ceph: stderr
2024-04-21T23:38:57.889+0000 7f7802ffd700 1 -- 172.21.15.67:0/4229663694 <== mon.0 v2:172.21.15.67:3300/0 3 ==== mon_map magic: 0 ==== 205+0+0 (secure 0 0 0) 0x7f77fc0249a0 con 0x7f780c105f00
2024-04-21T23:38:58.727 INFO:teuthology.orchestra.run.smithi067.stdout:/usr/bin/ceph: stderr
2024-04-21T23:38:57.889+0000 7f7813ffe700 1 -- 172.21.15.67:0/4229663694 --> [v2:172.21.15.67:3300/0,v1:172.21.15.67:6789/0] -- mon_subscribe({osdmap=0}) -- 0x7f780c19c7f0 con 0x7f780c105f00
2024-04-21T23:38:58.727 INFO:teuthology.orchestra.run.smithi067.stdout:/usr/bin/ceph: stderr
2024-04-21T23:38:57.890+0000 7f7813ffe700 1 -- 172.21.15.67:0/4229663694 --> [v2:172.21.15.67:3300/0,v1:172.21.15.67:6789/0] -- mon_command({"prefix": "get_command_descriptions"} v 0) -- 0x7f780c063890 con 0x7f780c105f00
2024-04-21T23:38:58.727 INFO:teuthology.orchestra.run.smithi067.stdout:/usr/bin/ceph: stderr
2024-04-21T23:38:57.890+0000 7f7802ffd700 1 -- 172.21.15.67:0/4229663694 <== mon.0 v2:172.21.15.67:3300/0 4 ==== mgrmap(e 9) ==== 46300+0+0 (secure 0 0 0) 0x7f77fc022020 con 0x7f780c105f00
2024-04-21T23:38:58.728 INFO:teuthology.orchestra.run.smithi067.stdout:/usr/bin/ceph: stderr
2024-04-21T23:38:57.890+0000 7f7802ffd700 1 --2- 172.21.15.67:0/4229663694 >> [v2:172.21.15.67:6800/2634063072,v1:172.21.15.67:6801/2634063072] conn(0x7f77f8039050 0x7f77f803b510 unknown :-1 s=NONE pgs=0 cs=0 l=1 rev1=0 crypto rx=0 tx=0 comp rx=0 tx=0).connect
2024-04-21T23:38:58.728 INFO:teuthology.orchestra.run.smithi067.stdout:/usr/bin/ceph: stderr
2024-04-21T23:38:57.890+0000 7f7802ffd700 1 -- 172.21.15.67:0/4229663694 <== mon.0 v2:172.21.15.67:3300/0 5 ==== osd_map(2..2 src has 1..2) ==== 940+0+0 (secure 0 0 0) 0x7f77fc04d610 con 0x7f780c105f00
2024-04-21T23:38:58.728 INFO:teuthology.orchestra.run.smithi067.stdout:/usr/bin/ceph: stderr
2024-04-21T23:38:57.890+0000 7f7811599700 1 -- 172.21.15.67:0/4229663694 >> [v2:172.21.15.67:6800/2634063072,v1:172.21.15.67:6801/2634063072] conn(0x7f77f8039050 msgr2=0x7f77f803b510 unknown :-1 s=STATE_CONNECTING_RE l=1).process reconnect failed to v2:172.21.15.67:6800/2634063072
2024-04-21T23:38:58.728 INFO:teuthology.orchestra.run.smithi067.stdout:/usr/bin/ceph: stderr
2024-04-21T23:38:57.890+0000 7f7811599700 1 --2- 172.21.15.67:0/4229663694 >> [v2:172.21.15.67:6800/2634063072,v1:172.21.15.67:6801/2634063072] conn(0x7f77f8039050 0x7f77f803b510 unknown :-1 s=START_CONNECT pgs=0 cs=0 l=1 rev1=0 crypto rx=0 tx=0 comp rx=0 tx=0)._fault waiting 0.200000
2024-04-21T23:38:58.728 INFO:teuthology.orchestra.run.smithi067.stdout:/usr/bin/ceph: stderr
2024-04-21T23:38:57.895+0000 7f7802ffd700 1 -- 172.21.15.67:0/4229663694 <== mon.0 v2:172.21.15.67:3300/0 6 ==== mon_command_ack([{"prefix": "get_command_descriptions"}]=0 v0) ==== 72+0+186074 (secure 0 0 0) 0x7f77fc011e20 con 0x7f780c105f00
2024-04-21T23:38:58.728 INFO:teuthology.orchestra.run.smithi067.stdout:/usr/bin/ceph: stderr
2024-04-21T23:38:58.091+0000 7f7811599700 1 -- 172.21.15.67:0/4229663694 >> [v2:172.21.15.67:6800/2634063072,v1:172.21.15.67:6801/2634063072] conn(0x7f77f8039050 msgr2=0x7f77f803b510 unknown :-1 s=STATE_CONNECTING_RE l=1).process reconnect failed to v2:172.21.15.67:6800/2634063072
2024-04-21T23:38:58.728 INFO:teuthology.orchestra.run.smithi067.stdout:/usr/bin/ceph: stderr
2024-04-21T23:38:58.091+0000 7f7811599700 1 --2- 172.21.15.67:0/4229663694 >> [v2:172.21.15.67:6800/2634063072,v1:172.21.15.67:6801/2634063072] conn(0x7f77f8039050 0x7f77f803b510 unknown :-1 s=START_CONNECT pgs=0 cs=0 l=1 rev1=0 crypto rx=0 tx=0 comp rx=0 tx=0)._fault waiting 0.400000
2024-04-21T23:38:58.728 INFO:teuthology.orchestra.run.smithi067.stdout:/usr/bin/ceph: stderr
2024-04-21T23:38:58.206+0000 7f7813ffe700 1 -- 172.21.15.67:0/4229663694 --> [v2:172.21.15.67:3300/0,v1:172.21.15.67:6789/0] -- mon_command({"prefix": "mgr stat"} v 0) -- 0x7f780c19f1a0 con 0x7f780c105f00
2024-04-21T23:38:58.728 INFO:teuthology.orchestra.run.smithi067.stdout:/usr/bin/ceph: stderr
2024-04-21T23:38:58.207+0000 7f7802ffd700 1 -- 172.21.15.67:0/4229663694 <== mon.0 v2:172.21.15.67:3300/0 7 ==== mon_command_ack([{"prefix": "mgr stat"}]=0 v9) ==== 56+0+88 (secure 0 0 0) 0x7f77fc00fdd0 con 0x7f780c105f00
2024-04-21T23:38:58.728 INFO:teuthology.orchestra.run.smithi067.stdout:/usr/bin/ceph: stderr
2024-04-21T23:38:58.209+0000 7f7813ffe700 1 -- 172.21.15.67:0/4229663694 >> [v2:172.21.15.67:6800/2634063072,v1:172.21.15.67:6801/2634063072] conn(0x7f77f8039050 msgr2=0x7f77f803b510 unknown :-1 s=STATE_CONNECTING l=1).mark_down
2024-04-21T23:38:58.728 INFO:teuthology.orchestra.run.smithi067.stdout:/usr/bin/ceph: stderr
2024-04-21T23:38:58.209+0000 7f7813ffe700 1 --2- 172.21.15.67:0/4229663694 >> [v2:172.21.15.67:6800/2634063072,v1:172.21.15.67:6801/2634063072] conn(0x7f77f8039050 0x7f77f803b510 unknown :-1 s=START_CONNECT pgs=0 cs=0 l=1 rev1=0 crypto rx=0 tx=0 comp rx=0 tx=0).stop
2024-04-21T23:38:58.728 INFO:teuthology.orchestra.run.smithi067.stdout:/usr/bin/ceph: stderr
2024-04-21T23:38:58.209+0000 7f7813ffe700 1 -- 172.21.15.67:0/4229663694 >> [v2:172.21.15.67:3300/0,v1:172.21.15.67:6789/0] conn(0x7f780c105f00 msgr2=0x7f780c19bbc0 secure :-1 s=STATE_CONNECTION_ESTABLISHED l=1).mark_down
2024-04-21T23:38:58.728 INFO:teuthology.orchestra.run.smithi067.stdout:/usr/bin/ceph: stderr
2024-04-21T23:38:58.209+0000 7f7813ffe700 1 --2- 172.21.15.67:0/4229663694 >> [v2:172.21.15.67:3300/0,v1:172.21.15.67:6789/0] conn(0x7f780c105f00 0x7f780c19bbc0 secure :-1 s=READY pgs=60 cs=0 l=1 rev1=1 crypto rx=0x7f77fc0117e0 tx=0x7f77fc011c10 comp rx=0 tx=0).stop
2024-04-21T23:38:58.728 INFO:teuthology.orchestra.run.smithi067.stdout:/usr/bin/ceph: stderr
2024-04-21T23:38:58.209+0000 7f7813ffe700 1 -- 172.21.15.67:0/4229663694 shutdown_connections
2024-04-21T23:38:58.729 INFO:teuthology.orchestra.run.smithi067.stdout:/usr/bin/ceph: stderr
2024-04-21T23:38:58.209+0000 7f7813ffe700 1 --2- 172.21.15.67:0/4229663694 >> [v2:172.21.15.67:6800/2634063072,v1:172.21.15.67:6801/2634063072] conn(0x7f77f8039050 0x7f77f803b510 unknown :-1 s=CLOSED pgs=0 cs=0 l=1 rev1=0 crypto rx=0 tx=0 comp rx=0 tx=0).stop
2024-04-21T23:38:58.729 INFO:teuthology.orchestra.run.smithi067.stdout:/usr/bin/ceph: stderr
2024-04-21T23:38:58.209+0000 7f7813ffe700 1 --2- 172.21.15.67:0/4229663694 >> [v2:172.21.15.67:3300/0,v1:172.21.15.67:6789/0] conn(0x7f780c105f00 0x7f780c19bbc0 unknown :-1 s=CLOSED pgs=60 cs=0 l=1 rev1=1 crypto rx=0 tx=0 comp rx=0 tx=0).stop
2024-04-21T23:38:58.729 INFO:teuthology.orchestra.run.smithi067.stdout:/usr/bin/ceph: stderr
2024-04-21T23:38:58.209+0000 7f7813ffe700 1 -- 172.21.15.67:0/4229663694 >> 172.21.15.67:0/4229663694 conn(0x7f780c101810 msgr2=0x7f780c102300 unknown :-1 s=STATE_NONE l=0).mark_down
2024-04-21T23:38:58.729 INFO:teuthology.orchestra.run.smithi067.stdout:/usr/bin/ceph: stderr
2024-04-21T23:38:58.209+0000 7f7813ffe700 1 -- 172.21.15.67:0/4229663694 shutdown_connections
2024-04-21T23:38:58.729 INFO:teuthology.orchestra.run.smithi067.stdout:/usr/bin/ceph: stderr
2024-04-21T23:38:58.209+0000 7f7813ffe700 1 -- 172.21.15.67:0/4229663694 wait complete.
2024-04-21T23:38:58.729 INFO:teuthology.orchestra.run.smithi067.stdout:Waiting for the mgr to restart...
2024-04-21T23:38:58.729 INFO:teuthology.orchestra.run.smithi067.stdout:Waiting for mgr epoch 9...
2024-04-21T23:38:59.058 INFO:journalctl@ceph.mon.a.smithi067.stdout:Apr 21 23:38:58 smithi067 ceph-mon[27947]: from='client.? 172.21.15.67:0/4229663694' entity='client.admin' cmd=[{"prefix": "mgr stat"}]: dispatch
2024-04-21T23:38:59.058 INFO:journalctl@ceph.mgr.x.smithi067.stdout:Apr 21 23:38:58 smithi067 ceph-158379ec-0038-11ef-bc93-c7b262605968-mgr-x[28178]:
2024-04-21T23:38:58.947+0000 7fc0eaf8f200 -1 mgr[py] Module telegraf has missing NOTIFY_TYPES member
2024-04-21T23:38:59.367 INFO:journalctl@ceph.mgr.x.smithi067.stdout:Apr 21 23:38:59 smithi067 ceph-158379ec-0038-11ef-bc93-c7b262605968-mgr-x[28178]:
2024-04-21T23:38:59.130+0000 7fc0eaf8f200 -1 mgr[py] Module osd_support has missing NOTIFY_TYPES member
2024-04-21T23:38:59.368 INFO:journalctl@ceph.mgr.x.smithi067.stdout:Apr 21 23:38:59 smithi067 ceph-158379ec-0038-11ef-bc93-c7b262605968-mgr-x[28178]:
2024-04-21T23:38:59.308+0000 7fc0eaf8f200 -1 mgr[py] Module iostat has missing NOTIFY_TYPES member
2024-04-21T23:38:59.655 INFO:journalctl@ceph.mgr.x.smithi067.stdout:Apr 21 23:38:59 smithi067 ceph-158379ec-0038-11ef-bc93-c7b262605968-mgr-x[28178]:
2024-04-21T23:38:59.609+0000 7fc0eaf8f200 -1 mgr[py] Module alerts has missing NOTIFY_TYPES member
2024-04-21T23:39:00.111 INFO:journalctl@ceph.mgr.x.smithi067.stdout:Apr 21 23:38:59 smithi067 ceph-158379ec-0038-11ef-bc93-c7b262605968-mgr-x[28178]:
2024-04-21T23:38:59.705+0000 7fc0eaf8f200 -1 mgr[py] Module selftest has missing NOTIFY_TYPES member
2024-04-21T23:39:00.111 INFO:journalctl@ceph.mgr.x.smithi067.stdout:Apr 21 23:38:59 smithi067 ceph-158379ec-0038-11ef-bc93-c7b262605968-mgr-x[28178]:
2024-04-21T23:38:59.915+0000 7fc0eaf8f200 -1 mgr[py] Module pg_autoscaler has missing NOTIFY_TYPES member
2024-04-21T23:39:00.405 INFO:journalctl@ceph.mgr.x.smithi067.stdout:Apr 21 23:39:00 smithi067 ceph-158379ec-0038-11ef-bc93-c7b262605968-mgr-x[28178]:
2024-04-21T23:39:00.115+0000 7fc0eaf8f200 -1 mgr[py] Module test_orchestrator has missing NOTIFY_TYPES member
2024-04-21T23:39:00.905 INFO:journalctl@ceph.mgr.x.smithi067.stdout:Apr 21 23:39:00 smithi067 ceph-158379ec-0038-11ef-bc93-c7b262605968-mgr-x[28178]:
2024-04-21T23:39:00.740+0000 7fc0eaf8f200 -1 mgr[py] Module rook has missing NOTIFY_TYPES member
2024-04-21T23:39:01.484 INFO:journalctl@ceph.mgr.x.smithi067.stdout:Apr 21 23:39:01 smithi067 ceph-158379ec-0038-11ef-bc93-c7b262605968-mgr-x[28178]:
2024-04-21T23:39:01.179+0000 7fc0eaf8f200 -1 mgr[py] Module volumes has missing NOTIFY_TYPES member
2024-04-21T23:39:01.484 INFO:journalctl@ceph.mgr.x.smithi067.stdout:Apr 21 23:39:01 smithi067 ceph-158379ec-0038-11ef-bc93-c7b262605968-mgr-x[28178]:
2024-04-21T23:39:01.280+0000 7fc0eaf8f200 -1 mgr[py] Module crash has missing NOTIFY_TYPES member
2024-04-21T23:39:01.484 INFO:journalctl@ceph.mgr.x.smithi067.stdout:Apr 21 23:39:01 smithi067 ceph-158379ec-0038-11ef-bc93-c7b262605968-mgr-x[28178]:
2024-04-21T23:39:01.488+0000 7fc0eaf8f200 -1 mgr[py] Module rgw has missing NOTIFY_TYPES member
2024-04-21T23:39:02.376 INFO:journalctl@ceph.mgr.x.smithi067.stdout:Apr 21 23:39:02 smithi067 ceph-158379ec-0038-11ef-bc93-c7b262605968-mgr-x[28178]:
2024-04-21T23:39:02.032+0000 7fc0eaf8f200 -1 mgr[py] Module prometheus has missing NOTIFY_TYPES member
2024-04-21T23:39:02.376 INFO:journalctl@ceph.mgr.x.smithi067.stdout:Apr 21 23:39:02 smithi067 ceph-158379ec-0038-11ef-bc93-c7b262605968-mgr-x[28178]:
2024-04-21T23:39:02.128+0000 7fc0eaf8f200 -1 mgr[py] Module devicehealth has missing NOTIFY_TYPES member
2024-04-21T23:39:02.655 INFO:journalctl@ceph.mgr.x.smithi067.stdout:Apr 21 23:39:02 smithi067 ceph-158379ec-0038-11ef-bc93-c7b262605968-mgr-x[28178]:
2024-04-21T23:39:02.380+0000 7fc0eaf8f200 -1 mgr[py] Module telemetry has missing NOTIFY_TYPES member
2024-04-21T23:39:02.655 INFO:journalctl@ceph.mgr.x.smithi067.stdout:Apr 21 23:39:02 smithi067 ceph-158379ec-0038-11ef-bc93-c7b262605968-mgr-x[28178]:
2024-04-21T23:39:02.519+0000 7fc0eaf8f200 -1 mgr[py] Module diskprediction_local has missing NOTIFY_TYPES member
2024-04-21T23:39:02.655 INFO:journalctl@ceph.mgr.x.smithi067.stdout:Apr 21 23:39:02 smithi067 ceph-158379ec-0038-11ef-bc93-c7b262605968-mgr-x[28178]:
2024-04-21T23:39:02.618+0000 7fc0eaf8f200 -1 mgr[py] Module osd_perf_query has missing NOTIFY_TYPES member
2024-04-21T23:39:03.155 INFO:journalctl@ceph.mgr.x.smithi067.stdout:Apr 21 23:39:02 smithi067 ceph-158379ec-0038-11ef-bc93-c7b262605968-mgr-x[28178]:
2024-04-21T23:39:02.738+0000 7fc0eaf8f200 -1 mgr[py] Module rbd_support has missing NOTIFY_TYPES member
2024-04-21T23:39:03.155 INFO:journalctl@ceph.mgr.x.smithi067.stdout:Apr 21 23:39:02 smithi067 ceph-158379ec-0038-11ef-bc93-c7b262605968-mgr-x[28178]:
2024-04-21T23:39:02.834+0000 7fc0eaf8f200 -1 mgr[py] Module zabbix has missing NOTIFY_TYPES member
2024-04-21T23:39:03.961 INFO:journalctl@ceph.mgr.x.smithi067.stdout:Apr 21 23:39:03 smithi067 ceph-158379ec-0038-11ef-bc93-c7b262605968-mgr-x[28178]:
2024-04-21T23:39:03.680+0000 7fc0eaf8f200 -1 mgr[py] Module status has missing NOTIFY_TYPES member
2024-04-21T23:39:03.961 INFO:journalctl@ceph.mgr.x.smithi067.stdout:Apr 21 23:39:03 smithi067 ceph-158379ec-0038-11ef-bc93-c7b262605968-mgr-x[28178]:
2024-04-21T23:39:03.910+0000 7fc0eaf8f200 -1 mgr[py] Module nfs has missing NOTIFY_TYPES member
2024-04-21T23:39:04.405 INFO:journalctl@ceph.mon.a.smithi067.stdout:Apr 21 23:39:03 smithi067 ceph-mon[27947]: Active manager daemon x restarted
2024-04-21T23:39:04.405 INFO:journalctl@ceph.mon.a.smithi067.stdout:Apr 21 23:39:03 smithi067 ceph-mon[27947]: Activating manager daemon x
2024-04-21T23:39:04.405 INFO:journalctl@ceph.mon.a.smithi067.stdout:Apr 21 23:39:03 smithi067 ceph-mon[27947]: osdmap e3: 0 total, 0 up, 0 in
2024-04-21T23:39:04.406 INFO:journalctl@ceph.mon.a.smithi067.stdout:Apr 21 23:39:03 smithi067 ceph-mon[27947]: mgrmap e10: x(active, starting, since 0.00339514s)
2024-04-21T23:39:04.406 INFO:journalctl@ceph.mon.a.smithi067.stdout:Apr 21 23:39:03 smithi067 ceph-mon[27947]: from='mgr.14152 172.21.15.67:0/2440816717' entity='mgr.x' cmd=[{"prefix": "mon metadata", "id": "a"}]: dispatch
2024-04-21T23:39:04.406 INFO:journalctl@ceph.mon.a.smithi067.stdout:Apr 21 23:39:03 smithi067 ceph-mon[27947]: from='mgr.14152 172.21.15.67:0/2440816717' entity='mgr.x' cmd=[{"prefix": "mgr metadata", "who": "x", "id": "x"}]: dispatch
2024-04-21T23:39:04.406 INFO:journalctl@ceph.mon.a.smithi067.stdout:Apr 21 23:39:03 smithi067 ceph-mon[27947]: from='mgr.14152 172.21.15.67:0/2440816717' entity='mgr.x' cmd=[{"prefix": "mds metadata"}]: dispatch
2024-04-21T23:39:04.406 INFO:journalctl@ceph.mon.a.smithi067.stdout:Apr 21 23:39:03 smithi067 ceph-mon[27947]: from='mgr.14152 172.21.15.67:0/2440816717' entity='mgr.x' cmd=[{"prefix": "osd metadata"}]: dispatch
2024-04-21T23:39:04.406 INFO:journalctl@ceph.mon.a.smithi067.stdout:Apr 21 23:39:03 smithi067 ceph-mon[27947]: from='mgr.14152 172.21.15.67:0/2440816717' entity='mgr.x' cmd=[{"prefix": "mon metadata"}]: dispatch
2024-04-21T23:39:04.406 INFO:journalctl@ceph.mon.a.smithi067.stdout:Apr 21 23:39:03 smithi067 ceph-mon[27947]: Manager daemon x is now available
2024-04-21T23:39:04.406 INFO:journalctl@ceph.mon.a.smithi067.stdout:Apr 21 23:39:03 smithi067 ceph-mon[27947]: from='mgr.14152 172.21.15.67:0/2440816717' entity='mgr.x' cmd=[{"prefix": "config dump", "format": "json"}]: dispatch
2024-04-21T23:39:04.406 INFO:journalctl@ceph.mon.a.smithi067.stdout:Apr 21 23:39:03 smithi067 ceph-mon[27947]: from='mgr.14152 172.21.15.67:0/2440816717' entity='mgr.x' cmd=[{"prefix":"config rm","who":"mgr","name":"mgr/rbd_support/x/mirror_snapshot_schedule"}]: dispatch
2024-04-21T23:39:05.158 INFO:journalctl@ceph.mon.a.smithi067.stdout:Apr 21 23:39:04 smithi067 ceph-mon[27947]: from='mgr.14152 172.21.15.67:0/2440816717' entity='mgr.x' cmd=[{"prefix":"config rm","who":"mgr","name":"mgr/rbd_support/x/trash_purge_schedule"}]: dispatch
2024-04-21T23:39:05.158 INFO:journalctl@ceph.mon.a.smithi067.stdout:Apr 21 23:39:04 smithi067 ceph-mon[27947]: [21/Apr/2024:23:39:04] ENGINE Bus STARTING
2024-04-21T23:39:05.159 INFO:journalctl@ceph.mon.a.smithi067.stdout:Apr 21 23:39:04 smithi067 ceph-mon[27947]: [21/Apr/2024:23:39:04] ENGINE Serving on http://172.21.15.67:8765
2024-04-21T23:39:05.159 INFO:journalctl@ceph.mon.a.smithi067.stdout:Apr 21 23:39:04 smithi067 ceph-mon[27947]: [21/Apr/2024:23:39:04] ENGINE Serving on https://172.21.15.67:7150
2024-04-21T23:39:05.159 INFO:journalctl@ceph.mon.a.smithi067.stdout:Apr 21 23:39:04 smithi067 ceph-mon[27947]: [21/Apr/2024:23:39:04] ENGINE Bus STARTED
2024-04-21T23:39:05.159 INFO:journalctl@ceph.mon.a.smithi067.stdout:Apr 21 23:39:04 smithi067 ceph-mon[27947]: mgrmap e11: x(active, since 1.00591s)
2024-04-21T23:39:05.842 INFO:teuthology.orchestra.run.smithi067.stdout:/usr/bin/ceph: stdout {
2024-04-21T23:39:05.842 INFO:teuthology.orchestra.run.smithi067.stdout:/usr/bin/ceph: stdout "mgrmap_epoch": 11,
2024-04-21T23:39:05.842 INFO:teuthology.orchestra.run.smithi067.stdout:/usr/bin/ceph: stdout "initialized": true
2024-04-21T23:39:05.843 INFO:teuthology.orchestra.run.smithi067.stdout:/usr/bin/ceph: stdout }
2024-04-21T23:39:05.843 INFO:teuthology.orchestra.run.smithi067.stdout:/usr/bin/ceph: stderr
2024-04-21T23:38:59.166+0000 7feeac411700 1 Processor -- start
2024-04-21T23:39:05.843 INFO:teuthology.orchestra.run.smithi067.stdout:/usr/bin/ceph: stderr
2024-04-21T23:38:59.166+0000 7feeac411700 1 -- start start
2024-04-21T23:39:05.843 INFO:teuthology.orchestra.run.smithi067.stdout:/usr/bin/ceph: stderr
2024-04-21T23:38:59.166+0000 7feeac411700 1 --2- >> [v2:172.21.15.67:3300/0,v1:172.21.15.67:6789/0] conn(0x7feea407de10 0x7feea407c2c0 unknown :-1 s=NONE pgs=0 cs=0 l=0 rev1=0 crypto rx=0 tx=0 comp rx=0 tx=0).connect
2024-04-21T23:39:05.843 INFO:teuthology.orchestra.run.smithi067.stdout:/usr/bin/ceph: stderr
2024-04-21T23:38:59.166+0000 7feeac411700 1 -- --> [v2:172.21.15.67:3300/0,v1:172.21.15.67:6789/0] -- mon_getmap magic: 0 -- 0x7feea407c800 con 0x7feea407de10
2024-04-21T23:39:05.843 INFO:teuthology.orchestra.run.smithi067.stdout:/usr/bin/ceph: stderr
2024-04-21T23:38:59.167+0000 7feeaa1ad700 1 --2- >> [v2:172.21.15.67:3300/0,v1:172.21.15.67:6789/0] conn(0x7feea407de10 0x7feea407c2c0 unknown :-1 s=BANNER_CONNECTING pgs=0 cs=0 l=0 rev1=0 crypto rx=0 tx=0 comp rx=0 tx=0)._handle_peer_banner_payload supported=3 required=0
2024-04-21T23:39:05.843 INFO:teuthology.orchestra.run.smithi067.stdout:/usr/bin/ceph: stderr
2024-04-21T23:38:59.167+0000 7feeaa1ad700 1 --2- >> [v2:172.21.15.67:3300/0,v1:172.21.15.67:6789/0] conn(0x7feea407de10 0x7feea407c2c0 unknown :-1 s=HELLO_CONNECTING pgs=0 cs=0 l=0 rev1=1 crypto rx=0 tx=0 comp rx=0 tx=0).handle_hello peer v2:172.21.15.67:3300/0 says I am v2:172.21.15.67:51600/0 (socket says 172.21.15.67:51600)
