2024-04-21T23:48:08.721+0000 7f92f5a20700 1 --2- 172.21.15.80:0/2361511311 >> [v2:172.21.15.80:3300/0,v1:172.21.15.80:6789/0] conn(0x7f92f0106cf0 0x7f92f0107110 secure :-1 s=READY pgs=18 cs=0 l=1 rev1=1 crypto rx=0x7f92e400bb40 tx=0x7f92e400be50 comp rx=0 tx=0).stop
2024-04-21T23:48:09.890 INFO:teuthology.orchestra.run.smithi080.stdout:/usr/bin/ceph: stderr
2024-04-21T23:48:08.721+0000 7f92f5a20700 1 -- 172.21.15.80:0/2361511311 shutdown_connections
2024-04-21T23:48:09.890 INFO:teuthology.orchestra.run.smithi080.stdout:/usr/bin/ceph: stderr
2024-04-21T23:48:08.721+0000 7f92f5a20700 1 --2- 172.21.15.80:0/2361511311 >> [v2:172.21.15.80:3300/0,v1:172.21.15.80:6789/0] conn(0x7f92f0106cf0 0x7f92f0107110 unknown :-1 s=CLOSED pgs=18 cs=0 l=1 rev1=1 crypto rx=0 tx=0 comp rx=0 tx=0).stop
2024-04-21T23:48:09.890 INFO:teuthology.orchestra.run.smithi080.stdout:/usr/bin/ceph: stderr
2024-04-21T23:48:08.721+0000 7f92f5a20700 1 -- 172.21.15.80:0/2361511311 >> 172.21.15.80:0/2361511311 conn(0x7f92f01022f0 msgr2=0x7f92f0104710 unknown :-1 s=STATE_NONE l=0).mark_down
2024-04-21T23:48:09.891 INFO:teuthology.orchestra.run.smithi080.stdout:/usr/bin/ceph: stderr
2024-04-21T23:48:08.721+0000 7f92f5a20700 1 -- 172.21.15.80:0/2361511311 shutdown_connections
2024-04-21T23:48:09.891 INFO:teuthology.orchestra.run.smithi080.stdout:/usr/bin/ceph: stderr
2024-04-21T23:48:08.721+0000 7f92f5a20700 1 -- 172.21.15.80:0/2361511311 wait complete.
2024-04-21T23:48:09.891 INFO:teuthology.orchestra.run.smithi080.stdout:/usr/bin/ceph: stderr
2024-04-21T23:48:08.721+0000 7f92f5a20700 1 Processor -- start
2024-04-21T23:48:09.891 INFO:teuthology.orchestra.run.smithi080.stdout:/usr/bin/ceph: stderr
2024-04-21T23:48:08.722+0000 7f92f5a20700 1 -- start start
2024-04-21T23:48:09.891 INFO:teuthology.orchestra.run.smithi080.stdout:/usr/bin/ceph: stderr
2024-04-21T23:48:08.722+0000 7f92f5a20700 1 --2- >> [v2:172.21.15.80:3300/0,v1:172.21.15.80:6789/0] conn(0x7f92f0106cf0 0x7f92f0199bb0 unknown :-1 s=NONE pgs=0 cs=0 l=1 rev1=0 crypto rx=0 tx=0 comp rx=0 tx=0).connect
2024-04-21T23:48:09.891 INFO:teuthology.orchestra.run.smithi080.stdout:/usr/bin/ceph: stderr
2024-04-21T23:48:08.722+0000 7f92f5a20700 1 -- --> [v2:172.21.15.80:3300/0,v1:172.21.15.80:6789/0] -- mon_getmap magic: 0 -- 0x7f92f007b880 con 0x7f92f0106cf0
2024-04-21T23:48:09.891 INFO:teuthology.orchestra.run.smithi080.stdout:/usr/bin/ceph: stderr
2024-04-21T23:48:08.722+0000 7f92eeffd700 1 --2- >> [v2:172.21.15.80:3300/0,v1:172.21.15.80:6789/0] conn(0x7f92f0106cf0 0x7f92f0199bb0 unknown :-1 s=BANNER_CONNECTING pgs=0 cs=0 l=1 rev1=0 crypto rx=0 tx=0 comp rx=0 tx=0)._handle_peer_banner_payload supported=3 required=0
2024-04-21T23:48:09.891 INFO:teuthology.orchestra.run.smithi080.stdout:/usr/bin/ceph: stderr
2024-04-21T23:48:08.722+0000 7f92eeffd700 1 --2- >> [v2:172.21.15.80:3300/0,v1:172.21.15.80:6789/0] conn(0x7f92f0106cf0 0x7f92f0199bb0 unknown :-1 s=HELLO_CONNECTING pgs=0 cs=0 l=1 rev1=1 crypto rx=0 tx=0 comp rx=0 tx=0).handle_hello peer v2:172.21.15.80:3300/0 says I am v2:172.21.15.80:47798/0 (socket says 172.21.15.80:47798)
2024-04-21T23:48:09.891 INFO:teuthology.orchestra.run.smithi080.stdout:/usr/bin/ceph: stderr
2024-04-21T23:48:08.722+0000 7f92eeffd700 1 -- 172.21.15.80:0/1761620913 learned_addr learned my addr 172.21.15.80:0/1761620913 (peer_addr_for_me v2:172.21.15.80:0/0)
2024-04-21T23:48:09.891 INFO:teuthology.orchestra.run.smithi080.stdout:/usr/bin/ceph: stderr
2024-04-21T23:48:08.722+0000 7f92eeffd700 1 -- 172.21.15.80:0/1761620913 --> [v2:172.21.15.80:3300/0,v1:172.21.15.80:6789/0] -- mon_subscribe({config=0+,monmap=0+}) -- 0x7f92f019a0f0 con 0x7f92f0106cf0
2024-04-21T23:48:09.891 INFO:teuthology.orchestra.run.smithi080.stdout:/usr/bin/ceph: stderr
2024-04-21T23:48:08.722+0000 7f92eeffd700 1 --2- 172.21.15.80:0/1761620913 >> [v2:172.21.15.80:3300/0,v1:172.21.15.80:6789/0] conn(0x7f92f0106cf0 0x7f92f0199bb0 secure :-1 s=READY pgs=19 cs=0 l=1 rev1=1 crypto rx=0x7f92e400b340 tx=0x7f92e40040b0 comp rx=0 tx=0).ready entity=mon.0 client_cookie=0 server_cookie=0 in_seq=0 out_seq=0
2024-04-21T23:48:09.892 INFO:teuthology.orchestra.run.smithi080.stdout:/usr/bin/ceph: stderr
2024-04-21T23:48:08.722+0000 7f92f4a1e700 1 -- 172.21.15.80:0/1761620913 <== mon.0 v2:172.21.15.80:3300/0 1 ==== mon_map magic: 0 ==== 205+0+0 (secure 0 0 0) 0x7f92e4027070 con 0x7f92f0106cf0
2024-04-21T23:48:09.892 INFO:teuthology.orchestra.run.smithi080.stdout:/usr/bin/ceph: stderr
2024-04-21T23:48:08.722+0000 7f92f5a20700 1 -- 172.21.15.80:0/1761620913 --> [v2:172.21.15.80:3300/0,v1:172.21.15.80:6789/0] -- mon_subscribe({mgrmap=0+}) -- 0x7f92f019a380 con 0x7f92f0106cf0
2024-04-21T23:48:09.892 INFO:teuthology.orchestra.run.smithi080.stdout:/usr/bin/ceph: stderr
2024-04-21T23:48:08.722+0000 7f92f4a1e700 1 -- 172.21.15.80:0/1761620913 <== mon.0 v2:172.21.15.80:3300/0 2 ==== config(27 keys) ==== 1109+0+0 (secure 0 0 0) 0x7f92e40104e0 con 0x7f92f0106cf0
2024-04-21T23:48:09.892 INFO:teuthology.orchestra.run.smithi080.stdout:/usr/bin/ceph: stderr
2024-04-21T23:48:08.722+0000 7f92f4a1e700 1 -- 172.21.15.80:0/1761620913 <== mon.0 v2:172.21.15.80:3300/0 3 ==== mon_map magic: 0 ==== 205+0+0 (secure 0 0 0) 0x7f92e4022c40 con 0x7f92f0106cf0
2024-04-21T23:48:09.892 INFO:teuthology.orchestra.run.smithi080.stdout:/usr/bin/ceph: stderr
2024-04-21T23:48:08.722+0000 7f92f5a20700 1 -- 172.21.15.80:0/1761620913 --> [v2:172.21.15.80:3300/0,v1:172.21.15.80:6789/0] -- mon_subscribe({osdmap=0}) -- 0x7f92f019d020 con 0x7f92f0106cf0
2024-04-21T23:48:09.892 INFO:teuthology.orchestra.run.smithi080.stdout:/usr/bin/ceph: stderr
2024-04-21T23:48:08.723+0000 7f92f4a1e700 1 -- 172.21.15.80:0/1761620913 <== mon.0 v2:172.21.15.80:3300/0 4 ==== mgrmap(e 4) ==== 46276+0+0 (secure 0 0 0) 0x7f92e402a070 con 0x7f92f0106cf0
2024-04-21T23:48:09.892 INFO:teuthology.orchestra.run.smithi080.stdout:/usr/bin/ceph: stderr
2024-04-21T23:48:08.723+0000 7f92f4a1e700 1 --2- 172.21.15.80:0/1761620913 >> [v2:172.21.15.80:6800/2702705947,v1:172.21.15.80:6801/2702705947] conn(0x7f92d8038fb0 0x7f92d803b470 unknown :-1 s=NONE pgs=0 cs=0 l=1 rev1=0 crypto rx=0 tx=0 comp rx=0 tx=0).connect
2024-04-21T23:48:09.892 INFO:teuthology.orchestra.run.smithi080.stdout:/usr/bin/ceph: stderr
2024-04-21T23:48:08.723+0000 7f92f4a1e700 1 -- 172.21.15.80:0/1761620913 <== mon.0 v2:172.21.15.80:3300/0 5 ==== osd_map(1..1 src has 1..1) ==== 725+0+0 (secure 0 0 0) 0x7f92e4022e00 con 0x7f92f0106cf0
2024-04-21T23:48:09.892 INFO:teuthology.orchestra.run.smithi080.stdout:/usr/bin/ceph: stderr
2024-04-21T23:48:08.723+0000 7f92f5a20700 1 -- 172.21.15.80:0/1761620913 --> [v2:172.21.15.80:3300/0,v1:172.21.15.80:6789/0] -- mon_command({"prefix": "get_command_descriptions"} v 0) -- 0x7f92f0063890 con 0x7f92f0106cf0
2024-04-21T23:48:09.892 INFO:teuthology.orchestra.run.smithi080.stdout:/usr/bin/ceph: stderr
2024-04-21T23:48:08.723+0000 7f92ee7fc700 1 --2- 172.21.15.80:0/1761620913 >> [v2:172.21.15.80:6800/2702705947,v1:172.21.15.80:6801/2702705947] conn(0x7f92d8038fb0 0x7f92d803b470 unknown :-1 s=BANNER_CONNECTING pgs=0 cs=0 l=1 rev1=0 crypto rx=0 tx=0 comp rx=0 tx=0)._handle_peer_banner_payload supported=3 required=0
2024-04-21T23:48:09.892 INFO:teuthology.orchestra.run.smithi080.stdout:/usr/bin/ceph: stderr
2024-04-21T23:48:08.724+0000 7f92ee7fc700 1 --2- 172.21.15.80:0/1761620913 >> [v2:172.21.15.80:6800/2702705947,v1:172.21.15.80:6801/2702705947] conn(0x7f92d8038fb0 0x7f92d803b470 secure :-1 s=READY pgs=7 cs=0 l=1 rev1=1 crypto rx=0x7f92e0006fd0 tx=0x7f92e0006e40 comp rx=0 tx=0).ready entity=mgr.14100 client_cookie=0 server_cookie=0 in_seq=0 out_seq=0
2024-04-21T23:48:09.892 INFO:teuthology.orchestra.run.smithi080.stdout:/usr/bin/ceph: stderr
2024-04-21T23:48:08.728+0000 7f92f4a1e700 1 -- 172.21.15.80:0/1761620913 <== mon.0 v2:172.21.15.80:3300/0 6 ==== mon_command_ack([{"prefix": "get_command_descriptions"}]=0 v0) ==== 72+0+186074 (secure 0 0 0) 0x7f92e4015070 con 0x7f92f0106cf0
2024-04-21T23:48:09.892 INFO:teuthology.orchestra.run.smithi080.stdout:/usr/bin/ceph: stderr
2024-04-21T23:48:08.926+0000 7f92f5a20700 1 -- 172.21.15.80:0/1761620913 --> [v2:172.21.15.80:3300/0,v1:172.21.15.80:6789/0] -- mon_command({"prefix": "config assimilate-conf"} v 0) -- 0x7f92f019d1f0 con 0x7f92f0106cf0
2024-04-21T23:48:09.892 INFO:teuthology.orchestra.run.smithi080.stdout:/usr/bin/ceph: stderr
2024-04-21T23:48:08.927+0000 7f92f4a1e700 1 -- 172.21.15.80:0/1761620913 <== mon.0 v2:172.21.15.80:3300/0 7 ==== mon_command_ack([{"prefix": "config assimilate-conf"}]=0 v3) ==== 70+0+373 (secure 0 0 0) 0x7f92e400ad70 con 0x7f92f0106cf0
2024-04-21T23:48:09.893 INFO:teuthology.orchestra.run.smithi080.stdout:/usr/bin/ceph: stderr
2024-04-21T23:48:08.929+0000 7f92f5a20700 1 -- 172.21.15.80:0/1761620913 >> [v2:172.21.15.80:6800/2702705947,v1:172.21.15.80:6801/2702705947] conn(0x7f92d8038fb0 msgr2=0x7f92d803b470 secure :-1 s=STATE_CONNECTION_ESTABLISHED l=1).mark_down
2024-04-21T23:48:09.893 INFO:teuthology.orchestra.run.smithi080.stdout:/usr/bin/ceph: stderr
2024-04-21T23:48:08.929+0000 7f92f5a20700 1 --2- 172.21.15.80:0/1761620913 >> [v2:172.21.15.80:6800/2702705947,v1:172.21.15.80:6801/2702705947] conn(0x7f92d8038fb0 0x7f92d803b470 secure :-1 s=READY pgs=7 cs=0 l=1 rev1=1 crypto rx=0x7f92e0006fd0 tx=0x7f92e0006e40 comp rx=0 tx=0).stop
2024-04-21T23:48:09.893 INFO:teuthology.orchestra.run.smithi080.stdout:/usr/bin/ceph: stderr
2024-04-21T23:48:08.929+0000 7f92f5a20700 1 -- 172.21.15.80:0/1761620913 >> [v2:172.21.15.80:3300/0,v1:172.21.15.80:6789/0] conn(0x7f92f0106cf0 msgr2=0x7f92f0199bb0 secure :-1 s=STATE_CONNECTION_ESTABLISHED l=1).mark_down
2024-04-21T23:48:09.893 INFO:teuthology.orchestra.run.smithi080.stdout:/usr/bin/ceph: stderr
2024-04-21T23:48:08.929+0000 7f92f5a20700 1 --2- 172.21.15.80:0/1761620913 >> [v2:172.21.15.80:3300/0,v1:172.21.15.80:6789/0] conn(0x7f92f0106cf0 0x7f92f0199bb0 secure :-1 s=READY pgs=19 cs=0 l=1 rev1=1 crypto rx=0x7f92e400b340 tx=0x7f92e40040b0 comp rx=0 tx=0).stop
2024-04-21T23:48:09.893 INFO:teuthology.orchestra.run.smithi080.stdout:/usr/bin/ceph: stderr
2024-04-21T23:48:08.930+0000 7f92f5a20700 1 -- 172.21.15.80:0/1761620913 shutdown_connections
2024-04-21T23:48:09.893 INFO:teuthology.orchestra.run.smithi080.stdout:/usr/bin/ceph: stderr
2024-04-21T23:48:08.930+0000 7f92f5a20700 1 --2- 172.21.15.80:0/1761620913 >> [v2:172.21.15.80:6800/2702705947,v1:172.21.15.80:6801/2702705947] conn(0x7f92d8038fb0 0x7f92d803b470 unknown :-1 s=CLOSED pgs=7 cs=0 l=1 rev1=1 crypto rx=0 tx=0 comp rx=0 tx=0).stop
2024-04-21T23:48:09.893 INFO:teuthology.orchestra.run.smithi080.stdout:/usr/bin/ceph: stderr
2024-04-21T23:48:08.930+0000 7f92f5a20700 1 --2- 172.21.15.80:0/1761620913 >> [v2:172.21.15.80:3300/0,v1:172.21.15.80:6789/0] conn(0x7f92f0106cf0 0x7f92f0199bb0 unknown :-1 s=CLOSED pgs=19 cs=0 l=1 rev1=1 crypto rx=0 tx=0 comp rx=0 tx=0).stop
2024-04-21T23:48:09.893 INFO:teuthology.orchestra.run.smithi080.stdout:/usr/bin/ceph: stderr
2024-04-21T23:48:08.930+0000 7f92f5a20700 1 -- 172.21.15.80:0/1761620913 >> 172.21.15.80:0/1761620913 conn(0x7f92f01022f0 msgr2=0x7f92f01901d0 unknown :-1 s=STATE_NONE l=0).mark_down
2024-04-21T23:48:09.893 INFO:teuthology.orchestra.run.smithi080.stdout:/usr/bin/ceph: stderr
2024-04-21T23:48:08.930+0000 7f92f5a20700 1 -- 172.21.15.80:0/1761620913 shutdown_connections
2024-04-21T23:48:09.893 INFO:teuthology.orchestra.run.smithi080.stdout:/usr/bin/ceph: stderr
2024-04-21T23:48:08.930+0000 7f92f5a20700 1 -- 172.21.15.80:0/1761620913 wait complete.
2024-04-21T23:48:09.893 INFO:teuthology.orchestra.run.smithi080.stdout:Enabling cephadm module...
2024-04-21T23:48:10.884 INFO:journalctl@ceph.mon.a.smithi080.stdout:Apr 21 23:48:10 smithi080 ceph-mon[27925]: from='client.? 172.21.15.80:0/3272625846' entity='client.admin' cmd=[{"prefix": "mgr module enable", "module": "cephadm"}]: dispatch
2024-04-21T23:48:10.884 INFO:journalctl@ceph.mgr.x.smithi080.stdout:Apr 21 23:48:10 smithi080 ceph-71601a1c-0039-11ef-bc93-c7b262605968-mgr-x[28156]: ignoring --setuser ceph since I am not root
2024-04-21T23:48:10.885 INFO:journalctl@ceph.mgr.x.smithi080.stdout:Apr 21 23:48:10 smithi080 ceph-71601a1c-0039-11ef-bc93-c7b262605968-mgr-x[28156]: ignoring --setgroup ceph since I am not root
2024-04-21T23:48:10.885 INFO:journalctl@ceph.mgr.x.smithi080.stdout:Apr 21 23:48:10 smithi080 ceph-71601a1c-0039-11ef-bc93-c7b262605968-mgr-x[28156]:
2024-04-21T23:48:10.758+0000 7fccd90bd200 -1 mgr[py] Module balancer has missing NOTIFY_TYPES member
2024-04-21T23:48:11.143 INFO:journalctl@ceph.mgr.x.smithi080.stdout:Apr 21 23:48:10 smithi080 ceph-71601a1c-0039-11ef-bc93-c7b262605968-mgr-x[28156]:
2024-04-21T23:48:10.941+0000 7fccd90bd200 -1 mgr[py] Module orchestrator has missing NOTIFY_TYPES member
2024-04-21T23:48:11.143 INFO:journalctl@ceph.mgr.x.smithi080.stdout:Apr 21 23:48:11 smithi080 ceph-71601a1c-0039-11ef-bc93-c7b262605968-mgr-x[28156]:
2024-04-21T23:48:11.044+0000 7fccd90bd200 -1 mgr[py] Module snap_schedule has missing NOTIFY_TYPES member
2024-04-21T23:48:11.151 INFO:teuthology.orchestra.run.smithi080.stdout:/usr/bin/ceph: stderr
2024-04-21T23:48:10.275+0000 7f8e21f57700 1 Processor -- start
2024-04-21T23:48:11.152 INFO:teuthology.orchestra.run.smithi080.stdout:/usr/bin/ceph: stderr
2024-04-21T23:48:10.275+0000 7f8e21f57700 1 -- start start
2024-04-21T23:48:11.152 INFO:teuthology.orchestra.run.smithi080.stdout:/usr/bin/ceph: stderr
2024-04-21T23:48:10.275+0000 7f8e21f57700 1 --2- >> [v2:172.21.15.80:3300/0,v1:172.21.15.80:6789/0] conn(0x7f8e1c108850 0x7f8e1c10ac40 unknown :-1 s=NONE pgs=0 cs=0 l=0 rev1=0 crypto rx=0 tx=0 comp rx=0 tx=0).connect
2024-04-21T23:48:11.152 INFO:teuthology.orchestra.run.smithi080.stdout:/usr/bin/ceph: stderr
2024-04-21T23:48:10.275+0000 7f8e21f57700 1 -- --> [v2:172.21.15.80:3300/0,v1:172.21.15.80:6789/0] -- mon_getmap magic: 0 -- 0x7f8e1c07c720 con 0x7f8e1c108850
2024-04-21T23:48:11.152 INFO:teuthology.orchestra.run.smithi080.stdout:/usr/bin/ceph: stderr
2024-04-21T23:48:10.275+0000 7f8e1b7fe700 1 --2- >> [v2:172.21.15.80:3300/0,v1:172.21.15.80:6789/0] conn(0x7f8e1c108850 0x7f8e1c10ac40 unknown :-1 s=BANNER_CONNECTING pgs=0 cs=0 l=0 rev1=0 crypto rx=0 tx=0 comp rx=0 tx=0)._handle_peer_banner_payload supported=3 required=0
2024-04-21T23:48:11.152 INFO:teuthology.orchestra.run.smithi080.stdout:/usr/bin/ceph: stderr
2024-04-21T23:48:10.275+0000 7f8e1b7fe700 1 --2- >> [v2:172.21.15.80:3300/0,v1:172.21.15.80:6789/0] conn(0x7f8e1c108850 0x7f8e1c10ac40 unknown :-1 s=HELLO_CONNECTING pgs=0 cs=0 l=0 rev1=1 crypto rx=0 tx=0 comp rx=0 tx=0).handle_hello peer v2:172.21.15.80:3300/0 says I am v2:172.21.15.80:47806/0 (socket says 172.21.15.80:47806)
2024-04-21T23:48:11.152 INFO:teuthology.orchestra.run.smithi080.stdout:/usr/bin/ceph: stderr
2024-04-21T23:48:10.275+0000 7f8e1b7fe700 1 -- 172.21.15.80:0/1181335578 learned_addr learned my addr 172.21.15.80:0/1181335578 (peer_addr_for_me v2:172.21.15.80:0/0)
2024-04-21T23:48:11.152 INFO:teuthology.orchestra.run.smithi080.stdout:/usr/bin/ceph: stderr
2024-04-21T23:48:10.275+0000 7f8e1b7fe700 1 -- 172.21.15.80:0/1181335578 --> [v2:172.21.15.80:3300/0,v1:172.21.15.80:6789/0] -- mon_subscribe({config=0+,monmap=0+}) -- 0x7f8e1c10b180 con 0x7f8e1c108850
2024-04-21T23:48:11.152 INFO:teuthology.orchestra.run.smithi080.stdout:/usr/bin/ceph: stderr
2024-04-21T23:48:10.275+0000 7f8e1b7fe700 1 --2- 172.21.15.80:0/1181335578 >> [v2:172.21.15.80:3300/0,v1:172.21.15.80:6789/0] conn(0x7f8e1c108850 0x7f8e1c10ac40 secure :-1 s=READY pgs=20 cs=0 l=1 rev1=1 crypto rx=0x7f8e0c0098a0 tx=0x7f8e0c009bb0 comp rx=0 tx=0).ready entity=mon.0 client_cookie=c3b9ad431758b79f server_cookie=0 in_seq=0 out_seq=0
2024-04-21T23:48:11.152 INFO:teuthology.orchestra.run.smithi080.stdout:/usr/bin/ceph: stderr
2024-04-21T23:48:10.275+0000 7f8e1affd700 1 -- 172.21.15.80:0/1181335578 <== mon.0 v2:172.21.15.80:3300/0 1 ==== mon_map magic: 0 ==== 205+0+0 (secure 0 0 0) 0x7f8e0c004160 con 0x7f8e1c108850
2024-04-21T23:48:11.153 INFO:teuthology.orchestra.run.smithi080.stdout:/usr/bin/ceph: stderr
2024-04-21T23:48:10.276+0000 7f8e1affd700 1 -- 172.21.15.80:0/1181335578 <== mon.0 v2:172.21.15.80:3300/0 2 ==== config(27 keys) ==== 1109+0+0 (secure 0 0 0) 0x7f8e0c004300 con 0x7f8e1c108850
2024-04-21T23:48:11.153 INFO:teuthology.orchestra.run.smithi080.stdout:/usr/bin/ceph: stderr
2024-04-21T23:48:10.276+0000 7f8e1affd700 1 -- 172.21.15.80:0/1181335578 <== mon.0 v2:172.21.15.80:3300/0 3 ==== mon_map magic: 0 ==== 205+0+0 (secure 0 0 0) 0x7f8e0c011b50 con 0x7f8e1c108850
2024-04-21T23:48:11.153 INFO:teuthology.orchestra.run.smithi080.stdout:/usr/bin/ceph: stderr
2024-04-21T23:48:10.276+0000 7f8e21f57700 1 -- 172.21.15.80:0/1181335578 >> [v2:172.21.15.80:3300/0,v1:172.21.15.80:6789/0] conn(0x7f8e1c108850 msgr2=0x7f8e1c10ac40 secure :-1 s=STATE_CONNECTION_ESTABLISHED l=1).mark_down
2024-04-21T23:48:11.153 INFO:teuthology.orchestra.run.smithi080.stdout:/usr/bin/ceph: stderr
2024-04-21T23:48:10.276+0000 7f8e21f57700 1 --2- 172.21.15.80:0/1181335578 >> [v2:172.21.15.80:3300/0,v1:172.21.15.80:6789/0] conn(0x7f8e1c108850 0x7f8e1c10ac40 secure :-1 s=READY pgs=20 cs=0 l=1 rev1=1 crypto rx=0x7f8e0c0098a0 tx=0x7f8e0c009bb0 comp rx=0 tx=0).stop
2024-04-21T23:48:11.153 INFO:teuthology.orchestra.run.smithi080.stdout:/usr/bin/ceph: stderr
2024-04-21T23:48:10.276+0000 7f8e21f57700 1 -- 172.21.15.80:0/1181335578 shutdown_connections
2024-04-21T23:48:11.153 INFO:teuthology.orchestra.run.smithi080.stdout:/usr/bin/ceph: stderr
2024-04-21T23:48:10.276+0000 7f8e21f57700 1 --2- 172.21.15.80:0/1181335578 >> [v2:172.21.15.80:3300/0,v1:172.21.15.80:6789/0] conn(0x7f8e1c108850 0x7f8e1c10ac40 unknown :-1 s=CLOSED pgs=20 cs=0 l=1 rev1=1 crypto rx=0 tx=0 comp rx=0 tx=0).stop
2024-04-21T23:48:11.153 INFO:teuthology.orchestra.run.smithi080.stdout:/usr/bin/ceph: stderr
2024-04-21T23:48:10.276+0000 7f8e21f57700 1 -- 172.21.15.80:0/1181335578 >> 172.21.15.80:0/1181335578 conn(0x7f8e1c102280 msgr2=0x7f8e1c1046a0 unknown :-1 s=STATE_NONE l=0).mark_down
2024-04-21T23:48:11.153 INFO:teuthology.orchestra.run.smithi080.stdout:/usr/bin/ceph: stderr
2024-04-21T23:48:10.276+0000 7f8e21f57700 1 -- 172.21.15.80:0/1181335578 shutdown_connections
2024-04-21T23:48:11.153 INFO:teuthology.orchestra.run.smithi080.stdout:/usr/bin/ceph: stderr
2024-04-21T23:48:10.276+0000 7f8e21f57700 1 -- 172.21.15.80:0/1181335578 wait complete.
2024-04-21T23:48:11.153 INFO:teuthology.orchestra.run.smithi080.stdout:/usr/bin/ceph: stderr
2024-04-21T23:48:10.277+0000 7f8e21f57700 1 Processor -- start
2024-04-21T23:48:11.153 INFO:teuthology.orchestra.run.smithi080.stdout:/usr/bin/ceph: stderr
2024-04-21T23:48:10.277+0000 7f8e21f57700 1 -- start start
2024-04-21T23:48:11.153 INFO:teuthology.orchestra.run.smithi080.stdout:/usr/bin/ceph: stderr
2024-04-21T23:48:10.277+0000 7f8e21f57700 1 --2- >> [v2:172.21.15.80:3300/0,v1:172.21.15.80:6789/0] conn(0x7f8e1c108850 0x7f8e1c19bd50 unknown :-1 s=NONE pgs=0 cs=0 l=1 rev1=0 crypto rx=0 tx=0 comp rx=0 tx=0).connect
2024-04-21T23:48:11.154 INFO:teuthology.orchestra.run.smithi080.stdout:/usr/bin/ceph: stderr
2024-04-21T23:48:10.277+0000 7f8e21f57700 1 -- --> [v2:172.21.15.80:3300/0,v1:172.21.15.80:6789/0] -- mon_getmap magic: 0 -- 0x7f8e1c10c1a0 con 0x7f8e1c108850
2024-04-21T23:48:11.154 INFO:teuthology.orchestra.run.smithi080.stdout:/usr/bin/ceph: stderr
2024-04-21T23:48:10.277+0000 7f8e1b7fe700 1 --2- >> [v2:172.21.15.80:3300/0,v1:172.21.15.80:6789/0] conn(0x7f8e1c108850 0x7f8e1c19bd50 unknown :-1 s=BANNER_CONNECTING pgs=0 cs=0 l=1 rev1=0 crypto rx=0 tx=0 comp rx=0 tx=0)._handle_peer_banner_payload supported=3 required=0
2024-04-21T23:48:11.154 INFO:teuthology.orchestra.run.smithi080.stdout:/usr/bin/ceph: stderr
2024-04-21T23:48:10.277+0000 7f8e1b7fe700 1 --2- >> [v2:172.21.15.80:3300/0,v1:172.21.15.80:6789/0] conn(0x7f8e1c108850 0x7f8e1c19bd50 unknown :-1 s=HELLO_CONNECTING pgs=0 cs=0 l=1 rev1=1 crypto rx=0 tx=0 comp rx=0 tx=0).handle_hello peer v2:172.21.15.80:3300/0 says I am v2:172.21.15.80:47814/0 (socket says 172.21.15.80:47814)
2024-04-21T23:48:11.154 INFO:teuthology.orchestra.run.smithi080.stdout:/usr/bin/ceph: stderr
2024-04-21T23:48:10.277+0000 7f8e1b7fe700 1 -- 172.21.15.80:0/3272625846 learned_addr learned my addr 172.21.15.80:0/3272625846 (peer_addr_for_me v2:172.21.15.80:0/0)
2024-04-21T23:48:11.154 INFO:teuthology.orchestra.run.smithi080.stdout:/usr/bin/ceph: stderr
2024-04-21T23:48:10.277+0000 7f8e1b7fe700 1 -- 172.21.15.80:0/3272625846 --> [v2:172.21.15.80:3300/0,v1:172.21.15.80:6789/0] -- mon_subscribe({config=0+,monmap=0+}) -- 0x7f8e1c19c290 con 0x7f8e1c108850
2024-04-21T23:48:11.154 INFO:teuthology.orchestra.run.smithi080.stdout:/usr/bin/ceph: stderr
2024-04-21T23:48:10.278+0000 7f8e1b7fe700 1 --2- 172.21.15.80:0/3272625846 >> [v2:172.21.15.80:3300/0,v1:172.21.15.80:6789/0] conn(0x7f8e1c108850 0x7f8e1c19bd50 secure :-1 s=READY pgs=21 cs=0 l=1 rev1=1 crypto rx=0x7f8e0c009fb0 tx=0x7f8e0c011bf0 comp rx=0 tx=0).ready entity=mon.0 client_cookie=0 server_cookie=0 in_seq=0 out_seq=0
2024-04-21T23:48:11.154 INFO:teuthology.orchestra.run.smithi080.stdout:/usr/bin/ceph: stderr
2024-04-21T23:48:10.278+0000 7f8e197fa700 1 -- 172.21.15.80:0/3272625846 <== mon.0 v2:172.21.15.80:3300/0 1 ==== mon_map magic: 0 ==== 205+0+0 (secure 0 0 0) 0x7f8e0c0038b0 con 0x7f8e1c108850
2024-04-21T23:48:11.154 INFO:teuthology.orchestra.run.smithi080.stdout:/usr/bin/ceph: stderr
2024-04-21T23:48:10.278+0000 7f8e197fa700 1 -- 172.21.15.80:0/3272625846 <== mon.0 v2:172.21.15.80:3300/0 2 ==== config(27 keys) ==== 1109+0+0 (secure 0 0 0) 0x7f8e0c011e50 con 0x7f8e1c108850
2024-04-21T23:48:11.154 INFO:teuthology.orchestra.run.smithi080.stdout:/usr/bin/ceph: stderr
2024-04-21T23:48:10.278+0000 7f8e197fa700 1 -- 172.21.15.80:0/3272625846 <== mon.0 v2:172.21.15.80:3300/0 3 ==== mon_map magic: 0 ==== 205+0+0 (secure 0 0 0) 0x7f8e0c019420 con 0x7f8e1c108850
2024-04-21T23:48:11.154 INFO:teuthology.orchestra.run.smithi080.stdout:/usr/bin/ceph: stderr
2024-04-21T23:48:10.278+0000 7f8e21f57700 1 -- 172.21.15.80:0/3272625846 --> [v2:172.21.15.80:3300/0,v1:172.21.15.80:6789/0] -- mon_subscribe({mgrmap=0+}) -- 0x7f8e1c19c520 con 0x7f8e1c108850
2024-04-21T23:48:11.154 INFO:teuthology.orchestra.run.smithi080.stdout:/usr/bin/ceph: stderr
2024-04-21T23:48:10.278+0000 7f8e21f57700 1 -- 172.21.15.80:0/3272625846 --> [v2:172.21.15.80:3300/0,v1:172.21.15.80:6789/0] -- mon_subscribe({osdmap=0}) -- 0x7f8e1c19f210 con 0x7f8e1c108850
2024-04-21T23:48:11.154 INFO:teuthology.orchestra.run.smithi080.stdout:/usr/bin/ceph: stderr
2024-04-21T23:48:10.278+0000 7f8e197fa700 1 -- 172.21.15.80:0/3272625846 <== mon.0 v2:172.21.15.80:3300/0 4 ==== mgrmap(e 4) ==== 46276+0+0 (secure 0 0 0) 0x7f8e0c0196d0 con 0x7f8e1c108850
2024-04-21T23:48:11.155 INFO:teuthology.orchestra.run.smithi080.stdout:/usr/bin/ceph: stderr
2024-04-21T23:48:10.279+0000 7f8e197fa700 1 --2- 172.21.15.80:0/3272625846 >> [v2:172.21.15.80:6800/2702705947,v1:172.21.15.80:6801/2702705947] conn(0x7f8e08039000 0x7f8e0803b4c0 unknown :-1 s=NONE pgs=0 cs=0 l=1 rev1=0 crypto rx=0 tx=0 comp rx=0 tx=0).connect
2024-04-21T23:48:11.155 INFO:teuthology.orchestra.run.smithi080.stdout:/usr/bin/ceph: stderr
2024-04-21T23:48:10.279+0000 7f8e197fa700 1 -- 172.21.15.80:0/3272625846 <== mon.0 v2:172.21.15.80:3300/0 5 ==== osd_map(1..1 src has 1..1) ==== 725+0+0 (secure 0 0 0) 0x7f8e0c04d1a0 con 0x7f8e1c108850
2024-04-21T23:48:11.155 INFO:teuthology.orchestra.run.smithi080.stdout:/usr/bin/ceph: stderr
2024-04-21T23:48:10.279+0000 7f8e13fff700 1 --2- 172.21.15.80:0/3272625846 >> [v2:172.21.15.80:6800/2702705947,v1:172.21.15.80:6801/2702705947] conn(0x7f8e08039000 0x7f8e0803b4c0 unknown :-1 s=BANNER_CONNECTING pgs=0 cs=0 l=1 rev1=0 crypto rx=0 tx=0 comp rx=0 tx=0)._handle_peer_banner_payload supported=3 required=0
2024-04-21T23:48:11.155 INFO:teuthology.orchestra.run.smithi080.stdout:/usr/bin/ceph: stderr
2024-04-21T23:48:10.279+0000 7f8e21f57700 1 -- 172.21.15.80:0/3272625846 --> [v2:172.21.15.80:3300/0,v1:172.21.15.80:6789/0] -- mon_command({"prefix": "get_command_descriptions"} v 0) -- 0x7f8e1c063890 con 0x7f8e1c108850
2024-04-21T23:48:11.155 INFO:teuthology.orchestra.run.smithi080.stdout:/usr/bin/ceph: stderr
2024-04-21T23:48:10.279+0000 7f8e13fff700 1 --2- 172.21.15.80:0/3272625846 >> [v2:172.21.15.80:6800/2702705947,v1:172.21.15.80:6801/2702705947] conn(0x7f8e08039000 0x7f8e0803b4c0 secure :-1 s=READY pgs=8 cs=0 l=1 rev1=1 crypto rx=0x7f8e04006fd0 tx=0x7f8e04006e40 comp rx=0 tx=0).ready entity=mgr.14100 client_cookie=0 server_cookie=0 in_seq=0 out_seq=0
2024-04-21T23:48:11.155 INFO:teuthology.orchestra.run.smithi080.stdout:/usr/bin/ceph: stderr
2024-04-21T23:48:10.284+0000 7f8e197fa700 1 -- 172.21.15.80:0/3272625846 <== mon.0 v2:172.21.15.80:3300/0 6 ==== mon_command_ack([{"prefix": "get_command_descriptions"}]=0 v0) ==== 72+0+186074 (secure 0 0 0) 0x7f8e0c029d50 con 0x7f8e1c108850
2024-04-21T23:48:11.155 INFO:teuthology.orchestra.run.smithi080.stdout:/usr/bin/ceph: stderr
2024-04-21T23:48:10.532+0000 7f8e21f57700 1 -- 172.21.15.80:0/3272625846 --> [v2:172.21.15.80:3300/0,v1:172.21.15.80:6789/0] -- mon_command({"prefix": "mgr module enable", "module": "cephadm"} v 0) -- 0x7f8e1c19f730 con 0x7f8e1c108850
2024-04-21T23:48:11.155 INFO:teuthology.orchestra.run.smithi080.stdout:/usr/bin/ceph: stderr
2024-04-21T23:48:10.583+0000 7f8e197fa700 1 -- 172.21.15.80:0/3272625846 <== mon.0 v2:172.21.15.80:3300/0 7 ==== mon_command_ack([{"prefix": "mgr module enable", "module": "cephadm"}]=0 v5) ==== 86+0+0 (secure 0 0 0) 0x7f8e0c003a50 con 0x7f8e1c108850
2024-04-21T23:48:11.155 INFO:teuthology.orchestra.run.smithi080.stdout:/usr/bin/ceph: stderr
2024-04-21T23:48:10.585+0000 7f8e197fa700 1 -- 172.21.15.80:0/3272625846 <== mon.0 v2:172.21.15.80:3300/0 8 ==== mgrmap(e 5) ==== 46287+0+0 (secure 0 0 0) 0x7f8e0c02d7c0 con 0x7f8e1c108850
2024-04-21T23:48:11.155 INFO:teuthology.orchestra.run.smithi080.stdout:/usr/bin/ceph: stderr
2024-04-21T23:48:10.586+0000 7f8e21f57700 1 -- 172.21.15.80:0/3272625846 >> [v2:172.21.15.80:6800/2702705947,v1:172.21.15.80:6801/2702705947] conn(0x7f8e08039000 msgr2=0x7f8e0803b4c0 secure :-1 s=STATE_CONNECTION_ESTABLISHED l=1).mark_down
2024-04-21T23:48:11.155 INFO:teuthology.orchestra.run.smithi080.stdout:/usr/bin/ceph: stderr
2024-04-21T23:48:10.586+0000 7f8e21f57700 1 --2- 172.21.15.80:0/3272625846 >> [v2:172.21.15.80:6800/2702705947,v1:172.21.15.80:6801/2702705947] conn(0x7f8e08039000 0x7f8e0803b4c0 secure :-1 s=READY pgs=8 cs=0 l=1 rev1=1 crypto rx=0x7f8e04006fd0 tx=0x7f8e04006e40 comp rx=0 tx=0).stop
2024-04-21T23:48:11.155 INFO:teuthology.orchestra.run.smithi080.stdout:/usr/bin/ceph: stderr
2024-04-21T23:48:10.586+0000 7f8e21f57700 1 -- 172.21.15.80:0/3272625846 >> [v2:172.21.15.80:3300/0,v1:172.21.15.80:6789/0] conn(0x7f8e1c108850 msgr2=0x7f8e1c19bd50 secure :-1 s=STATE_CONNECTION_ESTABLISHED l=1).mark_down
2024-04-21T23:48:11.155 INFO:teuthology.orchestra.run.smithi080.stdout:/usr/bin/ceph: stderr
2024-04-21T23:48:10.586+0000 7f8e21f57700 1 --2- 172.21.15.80:0/3272625846 >> [v2:172.21.15.80:3300/0,v1:172.21.15.80:6789/0] conn(0x7f8e1c108850 0x7f8e1c19bd50 secure :-1 s=READY pgs=21 cs=0 l=1 rev1=1 crypto rx=0x7f8e0c009fb0 tx=0x7f8e0c011bf0 comp rx=0 tx=0).stop
2024-04-21T23:48:11.155 INFO:teuthology.orchestra.run.smithi080.stdout:/usr/bin/ceph: stderr
2024-04-21T23:48:10.587+0000 7f8e21f57700 1 -- 172.21.15.80:0/3272625846 shutdown_connections
2024-04-21T23:48:11.156 INFO:teuthology.orchestra.run.smithi080.stdout:/usr/bin/ceph: stderr
2024-04-21T23:48:10.587+0000 7f8e21f57700 1 --2- 172.21.15.80:0/3272625846 >> [v2:172.21.15.80:6800/2702705947,v1:172.21.15.80:6801/2702705947] conn(0x7f8e08039000 0x7f8e0803b4c0 unknown :-1 s=CLOSED pgs=8 cs=0 l=1 rev1=1 crypto rx=0 tx=0 comp rx=0 tx=0).stop
2024-04-21T23:48:11.156 INFO:teuthology.orchestra.run.smithi080.stdout:/usr/bin/ceph: stderr
2024-04-21T23:48:10.587+0000 7f8e21f57700 1 --2- 172.21.15.80:0/3272625846 >> [v2:172.21.15.80:3300/0,v1:172.21.15.80:6789/0] conn(0x7f8e1c108850 0x7f8e1c19bd50 unknown :-1 s=CLOSED pgs=21 cs=0 l=1 rev1=1 crypto rx=0 tx=0 comp rx=0 tx=0).stop
2024-04-21T23:48:11.156 INFO:teuthology.orchestra.run.smithi080.stdout:/usr/bin/ceph: stderr
2024-04-21T23:48:10.587+0000 7f8e21f57700 1 -- 172.21.15.80:0/3272625846 >> 172.21.15.80:0/3272625846 conn(0x7f8e1c102280 msgr2=0x7f8e1c102de0 unknown :-1 s=STATE_NONE l=0).mark_down
2024-04-21T23:48:11.156 INFO:teuthology.orchestra.run.smithi080.stdout:/usr/bin/ceph: stderr
2024-04-21T23:48:10.587+0000 7f8e21f57700 1 -- 172.21.15.80:0/3272625846 shutdown_connections
2024-04-21T23:48:11.156 INFO:teuthology.orchestra.run.smithi080.stdout:/usr/bin/ceph: stderr
2024-04-21T23:48:10.587+0000 7f8e21f57700 1 -- 172.21.15.80:0/3272625846 wait complete.
2024-04-21T23:48:11.417 INFO:journalctl@ceph.mgr.x.smithi080.stdout:Apr 21 23:48:11 smithi080 ceph-71601a1c-0039-11ef-bc93-c7b262605968-mgr-x[28156]:
2024-04-21T23:48:11.375+0000 7fccd90bd200 -1 mgr[py] Module progress has missing NOTIFY_TYPES member
2024-04-21T23:48:11.699 INFO:journalctl@ceph.mgr.x.smithi080.stdout:Apr 21 23:48:11 smithi080 ceph-71601a1c-0039-11ef-bc93-c7b262605968-mgr-x[28156]:
2024-04-21T23:48:11.463+0000 7fccd90bd200 -1 mgr[py] Module influx has missing NOTIFY_TYPES member
2024-04-21T23:48:11.700 INFO:journalctl@ceph.mon.a.smithi080.stdout:Apr 21 23:48:11 smithi080 ceph-mon[27925]: from='client.? 172.21.15.80:0/3272625846' entity='client.admin' cmd='[{"prefix": "mgr module enable", "module": "cephadm"}]': finished
2024-04-21T23:48:11.700 INFO:journalctl@ceph.mon.a.smithi080.stdout:Apr 21 23:48:11 smithi080 ceph-mon[27925]: mgrmap e5: x(active, since 11s)
2024-04-21T23:48:12.407 INFO:teuthology.orchestra.run.smithi080.stdout:/usr/bin/ceph: stdout {
2024-04-21T23:48:12.408 INFO:teuthology.orchestra.run.smithi080.stdout:/usr/bin/ceph: stdout "epoch": 5,
2024-04-21T23:48:12.408 INFO:teuthology.orchestra.run.smithi080.stdout:/usr/bin/ceph: stdout "available": true,
2024-04-21T23:48:12.408 INFO:teuthology.orchestra.run.smithi080.stdout:/usr/bin/ceph: stdout "active_name": "x",
2024-04-21T23:48:12.408 INFO:teuthology.orchestra.run.smithi080.stdout:/usr/bin/ceph: stdout "num_standby": 0
2024-04-21T23:48:12.408 INFO:teuthology.orchestra.run.smithi080.stdout:/usr/bin/ceph: stdout }
2024-04-21T23:48:12.408 INFO:teuthology.orchestra.run.smithi080.stdout:/usr/bin/ceph: stderr
2024-04-21T23:48:11.619+0000 7fa80b2d5700 1 Processor -- start
2024-04-21T23:48:12.408 INFO:teuthology.orchestra.run.smithi080.stdout:/usr/bin/ceph: stderr
2024-04-21T23:48:11.620+0000 7fa80b2d5700 1 -- start start
2024-04-21T23:48:12.408 INFO:teuthology.orchestra.run.smithi080.stdout:/usr/bin/ceph: stderr
2024-04-21T23:48:11.620+0000 7fa80b2d5700 1 --2- >> [v2:172.21.15.80:3300/0,v1:172.21.15.80:6789/0] conn(0x7fa804106620 0x7fa804106a40 unknown :-1 s=NONE pgs=0 cs=0 l=0 rev1=0 crypto rx=0 tx=0 comp rx=0 tx=0).connect
2024-04-21T23:48:12.408 INFO:teuthology.orchestra.run.smithi080.stdout:/usr/bin/ceph: stderr
2024-04-21T23:48:11.620+0000 7fa80b2d5700 1 -- --> [v2:172.21.15.80:3300/0,v1:172.21.15.80:6789/0] -- mon_getmap magic: 0 -- 0x7fa80407be50 con 0x7fa804106620
2024-04-21T23:48:12.408 INFO:teuthology.orchestra.run.smithi080.stdout:/usr/bin/ceph: stderr
2024-04-21T23:48:11.620+0000 7fa809071700 1 --2- >> [v2:172.21.15.80:3300/0,v1:172.21.15.80:6789/0] conn(0x7fa804106620 0x7fa804106a40 unknown :-1 s=BANNER_CONNECTING pgs=0 cs=0 l=0 rev1=0 crypto rx=0 tx=0 comp rx=0 tx=0)._handle_peer_banner_payload supported=3 required=0
2024-04-21T23:48:12.408 INFO:teuthology.orchestra.run.smithi080.stdout:/usr/bin/ceph: stderr
2024-04-21T23:48:11.620+0000 7fa809071700 1 --2- >> [v2:172.21.15.80:3300/0,v1:172.21.15.80:6789/0] conn(0x7fa804106620 0x7fa804106a40 unknown :-1 s=HELLO_CONNECTING pgs=0 cs=0 l=0 rev1=1 crypto rx=0 tx=0 comp rx=0 tx=0).handle_hello peer v2:172.21.15.80:3300/0 says I am v2:172.21.15.80:56108/0 (socket says 172.21.15.80:56108)
2024-04-21T23:48:12.408 INFO:teuthology.orchestra.run.smithi080.stdout:/usr/bin/ceph: stderr
2024-04-21T23:48:11.620+0000 7fa809071700 1 -- 172.21.15.80:0/1794612527 learned_addr learned my addr 172.21.15.80:0/1794612527 (peer_addr_for_me v2:172.21.15.80:0/0)
2024-04-21T23:48:12.409 INFO:teuthology.orchestra.run.smithi080.stdout:/usr/bin/ceph: stderr
2024-04-21T23:48:11.620+0000 7fa809071700 1 -- 172.21.15.80:0/1794612527 --> [v2:172.21.15.80:3300/0,v1:172.21.15.80:6789/0] -- mon_subscribe({config=0+,monmap=0+}) -- 0x7fa804106f80 con 0x7fa804106620
2024-04-21T23:48:12.409 INFO:teuthology.orchestra.run.smithi080.stdout:/usr/bin/ceph: stderr
2024-04-21T23:48:11.620+0000 7fa809071700 1 --2- 172.21.15.80:0/1794612527 >> [v2:172.21.15.80:3300/0,v1:172.21.15.80:6789/0] conn(0x7fa804106620 0x7fa804106a40 secure :-1 s=READY pgs=24 cs=0 l=1 rev1=1 crypto rx=0x7fa8000098a0 tx=0x7fa800009bb0 comp rx=0 tx=0).ready entity=mon.0 client_cookie=e8c5ec5e912e6fb8 server_cookie=0 in_seq=0 out_seq=0
2024-04-21T23:48:12.409 INFO:teuthology.orchestra.run.smithi080.stdout:/usr/bin/ceph: stderr
2024-04-21T23:48:11.621+0000 7fa7fbfff700 1 -- 172.21.15.80:0/1794612527 <== mon.0 v2:172.21.15.80:3300/0 1 ==== mon_map magic: 0 ==== 205+0+0 (secure 0 0 0) 0x7fa800004160 con 0x7fa804106620
2024-04-21T23:48:12.409 INFO:teuthology.orchestra.run.smithi080.stdout:/usr/bin/ceph: stderr
2024-04-21T23:48:11.621+0000 7fa7fbfff700 1 -- 172.21.15.80:0/1794612527 <== mon.0 v2:172.21.15.80:3300/0 2 ==== config(27 keys) ==== 1109+0+0 (secure 0 0 0) 0x7fa800004300 con 0x7fa804106620
2024-04-21T23:48:12.409 INFO:teuthology.orchestra.run.smithi080.stdout:/usr/bin/ceph: stderr
2024-04-21T23:48:11.621+0000 7fa7fbfff700 1 -- 172.21.15.80:0/1794612527 <== mon.0 v2:172.21.15.80:3300/0 3 ==== mon_map magic: 0 ==== 205+0+0 (secure 0 0 0) 0x7fa800011b50 con 0x7fa804106620
2024-04-21T23:48:12.409 INFO:teuthology.orchestra.run.smithi080.stdout:/usr/bin/ceph: stderr
2024-04-21T23:48:11.621+0000 7fa80b2d5700 1 -- 172.21.15.80:0/1794612527 >> [v2:172.21.15.80:3300/0,v1:172.21.15.80:6789/0] conn(0x7fa804106620 msgr2=0x7fa804106a40 secure :-1 s=STATE_CONNECTION_ESTABLISHED l=1).mark_down
2024-04-21T23:48:12.409 INFO:teuthology.orchestra.run.smithi080.stdout:/usr/bin/ceph: stderr
2024-04-21T23:48:11.621+0000 7fa80b2d5700 1 --2- 172.21.15.80:0/1794612527 >> [v2:172.21.15.80:3300/0,v1:172.21.15.80:6789/0] conn(0x7fa804106620 0x7fa804106a40 secure :-1 s=READY pgs=24 cs=0 l=1 rev1=1 crypto rx=0x7fa8000098a0 tx=0x7fa800009bb0 comp rx=0 tx=0).stop
2024-04-21T23:48:12.409 INFO:teuthology.orchestra.run.smithi080.stdout:/usr/bin/ceph: stderr
2024-04-21T23:48:11.621+0000 7fa80b2d5700 1 -- 172.21.15.80:0/1794612527 shutdown_connections
2024-04-21T23:48:12.409 INFO:teuthology.orchestra.run.smithi080.stdout:/usr/bin/ceph: stderr
2024-04-21T23:48:11.621+0000 7fa80b2d5700 1 --2- 172.21.15.80:0/1794612527 >> [v2:172.21.15.80:3300/0,v1:172.21.15.80:6789/0] conn(0x7fa804106620 0x7fa804106a40 unknown :-1 s=CLOSED pgs=24 cs=0 l=1 rev1=1 crypto rx=0 tx=0 comp rx=0 tx=0).stop
2024-04-21T23:48:12.409 INFO:teuthology.orchestra.run.smithi080.stdout:/usr/bin/ceph: stderr
2024-04-21T23:48:11.621+0000 7fa80b2d5700 1 -- 172.21.15.80:0/1794612527 >> 172.21.15.80:0/1794612527 conn(0x7fa804102200 msgr2=0x7fa804104620 unknown :-1 s=STATE_NONE l=0).mark_down
2024-04-21T23:48:12.409 INFO:teuthology.orchestra.run.smithi080.stdout:/usr/bin/ceph: stderr
2024-04-21T23:48:11.622+0000 7fa80b2d5700 1 -- 172.21.15.80:0/1794612527 shutdown_connections
2024-04-21T23:48:12.409 INFO:teuthology.orchestra.run.smithi080.stdout:/usr/bin/ceph: stderr
2024-04-21T23:48:11.622+0000 7fa80b2d5700 1 -- 172.21.15.80:0/1794612527 wait complete.
2024-04-21T23:48:12.409 INFO:teuthology.orchestra.run.smithi080.stdout:/usr/bin/ceph: stderr
2024-04-21T23:48:11.622+0000 7fa80b2d5700 1 Processor -- start
2024-04-21T23:48:12.409 INFO:teuthology.orchestra.run.smithi080.stdout:/usr/bin/ceph: stderr
2024-04-21T23:48:11.622+0000 7fa80b2d5700 1 -- start start
2024-04-21T23:48:12.410 INFO:teuthology.orchestra.run.smithi080.stdout:/usr/bin/ceph: stderr
2024-04-21T23:48:11.622+0000 7fa80b2d5700 1 --2- >> [v2:172.21.15.80:3300/0,v1:172.21.15.80:6789/0] conn(0x7fa804106620 0x7fa80419df20 unknown :-1 s=NONE pgs=0 cs=0 l=1 rev1=0 crypto rx=0 tx=0 comp rx=0 tx=0).connect
2024-04-21T23:48:12.410 INFO:teuthology.orchestra.run.smithi080.stdout:/usr/bin/ceph: stderr
2024-04-21T23:48:11.622+0000 7fa80b2d5700 1 -- --> [v2:172.21.15.80:3300/0,v1:172.21.15.80:6789/0] -- mon_getmap magic: 0 -- 0x7fa804108010 con 0x7fa804106620
2024-04-21T23:48:12.410 INFO:teuthology.orchestra.run.smithi080.stdout:/usr/bin/ceph: stderr
2024-04-21T23:48:11.622+0000 7fa809071700 1 --2- >> [v2:172.21.15.80:3300/0,v1:172.21.15.80:6789/0] conn(0x7fa804106620 0x7fa80419df20 unknown :-1 s=BANNER_CONNECTING pgs=0 cs=0 l=1 rev1=0 crypto rx=0 tx=0 comp rx=0 tx=0)._handle_peer_banner_payload supported=3 required=0
2024-04-21T23:48:12.410 INFO:teuthology.orchestra.run.smithi080.stdout:/usr/bin/ceph: stderr
2024-04-21T23:48:11.623+0000 7fa809071700 1 --2- >> [v2:172.21.15.80:3300/0,v1:172.21.15.80:6789/0] conn(0x7fa804106620 0x7fa80419df20 unknown :-1 s=HELLO_CONNECTING pgs=0 cs=0 l=1 rev1=1 crypto rx=0 tx=0 comp rx=0 tx=0).handle_hello peer v2:172.21.15.80:3300/0 says I am v2:172.21.15.80:56114/0 (socket says 172.21.15.80:56114)
2024-04-21T23:48:12.410 INFO:teuthology.orchestra.run.smithi080.stdout:/usr/bin/ceph: stderr
2024-04-21T23:48:11.623+0000 7fa809071700 1 -- 172.21.15.80:0/3032809123 learned_addr learned my addr 172.21.15.80:0/3032809123 (peer_addr_for_me v2:172.21.15.80:0/0)
2024-04-21T23:48:12.410 INFO:teuthology.orchestra.run.smithi080.stdout:/usr/bin/ceph: stderr
2024-04-21T23:48:11.623+0000 7fa809071700 1 -- 172.21.15.80:0/3032809123 --> [v2:172.21.15.80:3300/0,v1:172.21.15.80:6789/0] -- mon_subscribe({config=0+,monmap=0+}) -- 0x7fa80419e460 con 0x7fa804106620
2024-04-21T23:48:12.410 INFO:teuthology.orchestra.run.smithi080.stdout:/usr/bin/ceph: stderr
2024-04-21T23:48:11.623+0000 7fa809071700 1 --2- 172.21.15.80:0/3032809123 >> [v2:172.21.15.80:3300/0,v1:172.21.15.80:6789/0] conn(0x7fa804106620 0x7fa80419df20 secure :-1 s=READY pgs=25 cs=0 l=1 rev1=1 crypto rx=0x7fa800011670 tx=0x7fa800011b60 comp rx=0 tx=0).ready entity=mon.0 client_cookie=0 server_cookie=0 in_seq=0 out_seq=0
2024-04-21T23:48:12.410 INFO:teuthology.orchestra.run.smithi080.stdout:/usr/bin/ceph: stderr
2024-04-21T23:48:11.623+0000 7fa7fa7fc700 1 -- 172.21.15.80:0/3032809123 <== mon.0 v2:172.21.15.80:3300/0 1 ==== mon_map magic: 0 ==== 205+0+0 (secure 0 0 0) 0x7fa8000039c0 con 0x7fa804106620
2024-04-21T23:48:12.410 INFO:teuthology.orchestra.run.smithi080.stdout:/usr/bin/ceph: stderr
2024-04-21T23:48:11.623+0000 7fa7fa7fc700 1 -- 172.21.15.80:0/3032809123 <== mon.0 v2:172.21.15.80:3300/0 2 ==== config(27 keys) ==== 1109+0+0 (secure 0 0 0) 0x7fa800011e50 con 0x7fa804106620
2024-04-21T23:48:12.410 INFO:teuthology.orchestra.run.smithi080.stdout:/usr/bin/ceph: stderr
2024-04-21T23:48:11.623+0000 7fa7fa7fc700 1 -- 172.21.15.80:0/3032809123 <== mon.0 v2:172.21.15.80:3300/0 3 ==== mon_map magic: 0 ==== 205+0+0 (secure 0 0 0) 0x7fa80001a5c0 con 0x7fa804106620
2024-04-21T23:48:12.410 INFO:teuthology.orchestra.run.smithi080.stdout:/usr/bin/ceph: stderr
2024-04-21T23:48:11.623+0000 7fa80b2d5700 1 -- 172.21.15.80:0/3032809123 --> [v2:172.21.15.80:3300/0,v1:172.21.15.80:6789/0] -- mon_subscribe({mgrmap=0+}) -- 0x7fa80419e6f0 con 0x7fa804106620
2024-04-21T23:48:12.410 INFO:teuthology.orchestra.run.smithi080.stdout:/usr/bin/ceph: stderr
2024-04-21T23:48:11.623+0000 7fa80b2d5700 1 -- 172.21.15.80:0/3032809123 --> [v2:172.21.15.80:3300/0,v1:172.21.15.80:6789/0] -- mon_subscribe({osdmap=0}) -- 0x7fa8041a13e0 con 0x7fa804106620
2024-04-21T23:48:12.410 INFO:teuthology.orchestra.run.smithi080.stdout:/usr/bin/ceph: stderr
2024-04-21T23:48:11.624+0000 7fa80b2d5700 1 -- 172.21.15.80:0/3032809123 --> [v2:172.21.15.80:3300/0,v1:172.21.15.80:6789/0] -- mon_command({"prefix": "get_command_descriptions"} v 0) -- 0x7fa804063890 con 0x7fa804106620
2024-04-21T23:48:12.410 INFO:teuthology.orchestra.run.smithi080.stdout:/usr/bin/ceph: stderr
2024-04-21T23:48:11.624+0000 7fa7fa7fc700 1 -- 172.21.15.80:0/3032809123 <== mon.0 v2:172.21.15.80:3300/0 4 ==== mgrmap(e 5) ==== 46287+0+0 (secure 0 0 0) 0x7fa80001a760 con 0x7fa804106620
2024-04-21T23:48:12.411 INFO:teuthology.orchestra.run.smithi080.stdout:/usr/bin/ceph: stderr
2024-04-21T23:48:11.624+0000 7fa7fa7fc700 1 --2- 172.21.15.80:0/3032809123 >> [v2:172.21.15.80:6800/2702705947,v1:172.21.15.80:6801/2702705947] conn(0x7fa7f0039050 0x7fa7f003b510 unknown :-1 s=NONE pgs=0 cs=0 l=1 rev1=0 crypto rx=0 tx=0 comp rx=0 tx=0).connect
2024-04-21T23:48:12.411 INFO:teuthology.orchestra.run.smithi080.stdout:/usr/bin/ceph: stderr
2024-04-21T23:48:11.625+0000 7fa7fa7fc700 1 -- 172.21.15.80:0/3032809123 <== mon.0 v2:172.21.15.80:3300/0 5 ==== osd_map(1..1 src has 1..1) ==== 725+0+0 (secure 0 0 0) 0x7fa80004d500 con 0x7fa804106620
2024-04-21T23:48:12.411 INFO:teuthology.orchestra.run.smithi080.stdout:/usr/bin/ceph: stderr
2024-04-21T23:48:11.625+0000 7fa808870700 1 -- 172.21.15.80:0/3032809123 >> [v2:172.21.15.80:6800/2702705947,v1:172.21.15.80:6801/2702705947] conn(0x7fa7f0039050 msgr2=0x7fa7f003b510 unknown :-1 s=STATE_CONNECTING_RE l=1).process reconnect failed to v2:172.21.15.80:6800/2702705947
2024-04-21T23:48:12.411 INFO:teuthology.orchestra.run.smithi080.stdout:/usr/bin/ceph: stderr
2024-04-21T23:48:11.625+0000 7fa808870700 1 --2- 172.21.15.80:0/3032809123 >> [v2:172.21.15.80:6800/2702705947,v1:172.21.15.80:6801/2702705947] conn(0x7fa7f0039050 0x7fa7f003b510 unknown :-1 s=START_CONNECT pgs=0 cs=0 l=1 rev1=0 crypto rx=0 tx=0 comp rx=0 tx=0)._fault waiting 0.200000
2024-04-21T23:48:12.411 INFO:teuthology.orchestra.run.smithi080.stdout:/usr/bin/ceph: stderr
2024-04-21T23:48:11.630+0000 7fa7fa7fc700 1 -- 172.21.15.80:0/3032809123 <== mon.0 v2:172.21.15.80:3300/0 6 ==== mon_command_ack([{"prefix": "get_command_descriptions"}]=0 v0) ==== 72+0+186074 (secure 0 0 0) 0x7fa80004cf20 con 0x7fa804106620
2024-04-21T23:48:12.411 INFO:teuthology.orchestra.run.smithi080.stdout:/usr/bin/ceph: stderr
2024-04-21T23:48:11.826+0000 7fa808870700 1 -- 172.21.15.80:0/3032809123 >> [v2:172.21.15.80:6800/2702705947,v1:172.21.15.80:6801/2702705947] conn(0x7fa7f0039050 msgr2=0x7fa7f003b510 unknown :-1 s=STATE_CONNECTING_RE l=1).process reconnect failed to v2:172.21.15.80:6800/2702705947
2024-04-21T23:48:12.411 INFO:teuthology.orchestra.run.smithi080.stdout:/usr/bin/ceph: stderr
2024-04-21T23:48:11.826+0000 7fa808870700 1 --2- 172.21.15.80:0/3032809123 >> [v2:172.21.15.80:6800/2702705947,v1:172.21.15.80:6801/2702705947] conn(0x7fa7f0039050 0x7fa7f003b510 unknown :-1 s=START_CONNECT pgs=0 cs=0 l=1 rev1=0 crypto rx=0 tx=0 comp rx=0 tx=0)._fault waiting 0.400000
2024-04-21T23:48:12.411 INFO:teuthology.orchestra.run.smithi080.stdout:/usr/bin/ceph: stderr
2024-04-21T23:48:11.925+0000 7fa80b2d5700 1 -- 172.21.15.80:0/3032809123 --> [v2:172.21.15.80:3300/0,v1:172.21.15.80:6789/0] -- mon_command({"prefix": "mgr stat"} v 0) -- 0x7fa80402de00 con 0x7fa804106620
2024-04-21T23:48:12.411 INFO:teuthology.orchestra.run.smithi080.stdout:/usr/bin/ceph: stderr
2024-04-21T23:48:11.925+0000 7fa7fa7fc700 1 -- 172.21.15.80:0/3032809123 <== mon.0 v2:172.21.15.80:3300/0 7 ==== mon_command_ack([{"prefix": "mgr stat"}]=0 v5) ==== 56+0+88 (secure 0 0 0) 0x7fa80002d3f0 con 0x7fa804106620
2024-04-21T23:48:12.411 INFO:teuthology.orchestra.run.smithi080.stdout:/usr/bin/ceph: stderr
2024-04-21T23:48:11.927+0000 7fa80b2d5700 1 -- 172.21.15.80:0/3032809123 >> [v2:172.21.15.80:6800/2702705947,v1:172.21.15.80:6801/2702705947] conn(0x7fa7f0039050 msgr2=0x7fa7f003b510 unknown :-1 s=STATE_CONNECTING l=1).mark_down
2024-04-21T23:48:12.411 INFO:teuthology.orchestra.run.smithi080.stdout:/usr/bin/ceph: stderr
2024-04-21T23:48:11.927+0000 7fa80b2d5700 1 --2- 172.21.15.80:0/3032809123 >> [v2:172.21.15.80:6800/2702705947,v1:172.21.15.80:6801/2702705947] conn(0x7fa7f0039050 0x7fa7f003b510 unknown :-1 s=START_CONNECT pgs=0 cs=0 l=1 rev1=0 crypto rx=0 tx=0 comp rx=0 tx=0).stop
2024-04-21T23:48:12.411 INFO:teuthology.orchestra.run.smithi080.stdout:/usr/bin/ceph: stderr
2024-04-21T23:48:11.927+0000 7fa80b2d5700 1 -- 172.21.15.80:0/3032809123 >> [v2:172.21.15.80:3300/0,v1:172.21.15.80:6789/0] conn(0x7fa804106620 msgr2=0x7fa80419df20 secure :-1 s=STATE_CONNECTION_ESTABLISHED l=1).mark_down
2024-04-21T23:48:12.411 INFO:teuthology.orchestra.run.smithi080.stdout:/usr/bin/ceph: stderr
2024-04-21T23:48:11.927+0000 7fa80b2d5700 1 --2- 172.21.15.80:0/3032809123 >> [v2:172.21.15.80:3300/0,v1:172.21.15.80:6789/0] conn(0x7fa804106620 0x7fa80419df20 secure :-1 s=READY pgs=25 cs=0 l=1 rev1=1 crypto rx=0x7fa800011670 tx=0x7fa800011b60 comp rx=0 tx=0).stop
2024-04-21T23:48:12.412 INFO:teuthology.orchestra.run.smithi080.stdout:/usr/bin/ceph: stderr
2024-04-21T23:48:11.927+0000 7fa80b2d5700 1 -- 172.21.15.80:0/3032809123 shutdown_connections
2024-04-21T23:48:12.412 INFO:teuthology.orchestra.run.smithi080.stdout:/usr/bin/ceph: stderr
2024-04-21T23:48:11.927+0000 7fa80b2d5700 1 --2- 172.21.15.80:0/3032809123 >> [v2:172.21.15.80:6800/2702705947,v1:172.21.15.80:6801/2702705947] conn(0x7fa7f0039050 0x7fa7f003b510 unknown :-1 s=CLOSED pgs=0 cs=0 l=1 rev1=0 crypto rx=0 tx=0 comp rx=0 tx=0).stop
2024-04-21T23:48:12.412 INFO:teuthology.orchestra.run.smithi080.stdout:/usr/bin/ceph: stderr
2024-04-21T23:48:11.927+0000 7fa80b2d5700 1 --2- 172.21.15.80:0/3032809123 >> [v2:172.21.15.80:3300/0,v1:172.21.15.80:6789/0] conn(0x7fa804106620 0x7fa80419df20 unknown :-1 s=CLOSED pgs=25 cs=0 l=1 rev1=1 crypto rx=0 tx=0 comp rx=0 tx=0).stop
2024-04-21T23:48:12.412 INFO:teuthology.orchestra.run.smithi080.stdout:/usr/bin/ceph: stderr
2024-04-21T23:48:11.927+0000 7fa80b2d5700 1 -- 172.21.15.80:0/3032809123 >> 172.21.15.80:0/3032809123 conn(0x7fa804102200 msgr2=0x7fa804194b80 unknown :-1 s=STATE_NONE l=0).mark_down
2024-04-21T23:48:12.412 INFO:teuthology.orchestra.run.smithi080.stdout:/usr/bin/ceph: stderr
2024-04-21T23:48:11.928+0000 7fa80b2d5700 1 -- 172.21.15.80:0/3032809123 shutdown_connections
2024-04-21T23:48:12.412 INFO:teuthology.orchestra.run.smithi080.stdout:/usr/bin/ceph: stderr
2024-04-21T23:48:11.928+0000 7fa80b2d5700 1 -- 172.21.15.80:0/3032809123 wait complete.
2024-04-21T23:48:12.412 INFO:teuthology.orchestra.run.smithi080.stdout:Waiting for the mgr to restart...
2024-04-21T23:48:12.412 INFO:teuthology.orchestra.run.smithi080.stdout:Waiting for mgr epoch 5...
2024-04-21T23:48:12.843 INFO:journalctl@ceph.mon.a.smithi080.stdout:Apr 21 23:48:12 smithi080 ceph-mon[27925]: from='client.? 172.21.15.80:0/3032809123' entity='client.admin' cmd=[{"prefix": "mgr stat"}]: dispatch
2024-04-21T23:48:12.843 INFO:journalctl@ceph.mgr.x.smithi080.stdout:Apr 21 23:48:12 smithi080 ceph-71601a1c-0039-11ef-bc93-c7b262605968-mgr-x[28156]:
2024-04-21T23:48:12.673+0000 7fccd90bd200 -1 mgr[py] Module telegraf has missing NOTIFY_TYPES member
2024-04-21T23:48:12.843 INFO:journalctl@ceph.mgr.x.smithi080.stdout:Apr 21 23:48:12 smithi080 ceph-71601a1c-0039-11ef-bc93-c7b262605968-mgr-x[28156]:
2024-04-21T23:48:12.849+0000 7fccd90bd200 -1 mgr[py] Module osd_support has missing NOTIFY_TYPES member
2024-04-21T23:48:13.199 INFO:journalctl@ceph.mgr.x.smithi080.stdout:Apr 21 23:48:13 smithi080 ceph-71601a1c-0039-11ef-bc93-c7b262605968-mgr-x[28156]:
2024-04-21T23:48:13.019+0000 7fccd90bd200 -1 mgr[py] Module iostat has missing NOTIFY_TYPES member
2024-04-21T23:48:13.595 INFO:journalctl@ceph.mgr.x.smithi080.stdout:Apr 21 23:48:13 smithi080 ceph-71601a1c-0039-11ef-bc93-c7b262605968-mgr-x[28156]:
2024-04-21T23:48:13.308+0000 7fccd90bd200 -1 mgr[py] Module alerts has missing NOTIFY_TYPES member
2024-04-21T23:48:13.595 INFO:journalctl@ceph.mgr.x.smithi080.stdout:Apr 21 23:48:13 smithi080 ceph-71601a1c-0039-11ef-bc93-c7b262605968-mgr-x[28156]:
2024-04-21T23:48:13.400+0000 7fccd90bd200 -1 mgr[py] Module selftest has missing NOTIFY_TYPES member
2024-04-21T23:48:13.595 INFO:journalctl@ceph.mgr.x.smithi080.stdout:Apr 21 23:48:13 smithi080 ceph-71601a1c-0039-11ef-bc93-c7b262605968-mgr-x[28156]:
2024-04-21T23:48:13.601+0000 7fccd90bd200 -1 mgr[py] Module pg_autoscaler has missing NOTIFY_TYPES member
2024-04-21T23:48:13.949 INFO:journalctl@ceph.mgr.x.smithi080.stdout:Apr 21 23:48:13 smithi080 ceph-71601a1c-0039-11ef-bc93-c7b262605968-mgr-x[28156]:
2024-04-21T23:48:13.793+0000 7fccd90bd200 -1 mgr[py] Module test_orchestrator has missing NOTIFY_TYPES member
2024-04-21T23:48:14.699 INFO:journalctl@ceph.mgr.x.smithi080.stdout:Apr 21 23:48:14 smithi080 ceph-71601a1c-0039-11ef-bc93-c7b262605968-mgr-x[28156]:
2024-04-21T23:48:14.388+0000 7fccd90bd200 -1 mgr[py] Module rook has missing NOTIFY_TYPES member
2024-04-21T23:48:15.100 INFO:journalctl@ceph.mgr.x.smithi080.stdout:Apr 21 23:48:14 smithi080 ceph-71601a1c-0039-11ef-bc93-c7b262605968-mgr-x[28156]:
2024-04-21T23:48:14.810+0000 7fccd90bd200 -1 mgr[py] Module volumes has missing NOTIFY_TYPES member
2024-04-21T23:48:15.100 INFO:journalctl@ceph.mgr.x.smithi080.stdout:Apr 21 23:48:14 smithi080 ceph-71601a1c-0039-11ef-bc93-c7b262605968-mgr-x[28156]:
2024-04-21T23:48:14.905+0000 7fccd90bd200 -1 mgr[py] Module crash has missing NOTIFY_TYPES member
2024-04-21T23:48:15.100 INFO:journalctl@ceph.mgr.x.smithi080.stdout:Apr 21 23:48:15 smithi080 ceph-71601a1c-0039-11ef-bc93-c7b262605968-mgr-x[28156]:
2024-04-21T23:48:15.106+0000 7fccd90bd200 -1 mgr[py] Module rgw has missing NOTIFY_TYPES member
2024-04-21T23:48:15.949 INFO:journalctl@ceph.mgr.x.smithi080.stdout:Apr 21 23:48:15 smithi080 ceph-71601a1c-0039-11ef-bc93-c7b262605968-mgr-x[28156]:
2024-04-21T23:48:15.624+0000 7fccd90bd200 -1 mgr[py] Module prometheus has missing NOTIFY_TYPES member
2024-04-21T23:48:15.950 INFO:journalctl@ceph.mgr.x.smithi080.stdout:Apr 21 23:48:15 smithi080 ceph-71601a1c-0039-11ef-bc93-c7b262605968-mgr-x[28156]:
2024-04-21T23:48:15.716+0000 7fccd90bd200 -1 mgr[py] Module devicehealth has missing NOTIFY_TYPES member
