2024-04-22T00:31:12.437 INFO:teuthology.orchestra.run.smithi018.stdout:/usr/bin/ceph: stderr
2024-04-22T00:31:11.874+0000 7f4232c7c700 1 -- 172.21.15.18:0/708811522 >> 172.21.15.18:0/708811522 conn(0x7f422c102000 msgr2=0x7f422c102bd0 unknown :-1 s=STATE_NONE l=0).mark_down
2024-04-22T00:31:12.437 INFO:teuthology.orchestra.run.smithi018.stdout:/usr/bin/ceph: stderr
2024-04-22T00:31:11.875+0000 7f4232c7c700 1 -- 172.21.15.18:0/708811522 shutdown_connections
2024-04-22T00:31:12.437 INFO:teuthology.orchestra.run.smithi018.stdout:/usr/bin/ceph: stderr
2024-04-22T00:31:11.875+0000 7f4232c7c700 1 -- 172.21.15.18:0/708811522 wait complete.
2024-04-22T00:31:12.437 INFO:teuthology.orchestra.run.smithi018.stdout:mgr epoch 5 is available
2024-04-22T00:31:12.437 INFO:teuthology.orchestra.run.smithi018.stdout:Setting orchestrator backend to cephadm...
2024-04-22T00:31:13.073 INFO:journalctl@ceph.mon.a.smithi018.stdout:Apr 22 00:31:12 smithi018 ceph-mon[27979]: from='client.14124 -' entity='client.admin' cmd=[{"prefix": "get_command_descriptions"}]: dispatch
2024-04-22T00:31:13.073 INFO:journalctl@ceph.mon.a.smithi018.stdout:Apr 22 00:31:12 smithi018 ceph-mon[27979]: from='client.14124 -' entity='client.admin' cmd=[{"prefix": "mgr_status"}]: dispatch
2024-04-22T00:31:13.073 INFO:journalctl@ceph.mon.a.smithi018.stdout:Apr 22 00:31:12 smithi018 ceph-mon[27979]: [22/Apr/2024:00:31:12] ENGINE Bus STARTING
2024-04-22T00:31:13.073 INFO:journalctl@ceph.mon.a.smithi018.stdout:Apr 22 00:31:12 smithi018 ceph-mon[27979]: [22/Apr/2024:00:31:12] ENGINE Serving on https://172.21.15.18:7150
2024-04-22T00:31:13.073 INFO:journalctl@ceph.mon.a.smithi018.stdout:Apr 22 00:31:12 smithi018 ceph-mon[27979]: from='mgr.14120 172.21.15.18:0/1203854286' entity='mgr.x' cmd=[{"prefix": "config dump", "format": "json"}]: dispatch
2024-04-22T00:31:13.518 INFO:teuthology.orchestra.run.smithi018.stdout:/usr/bin/ceph: stderr
2024-04-22T00:31:12.833+0000 7fe25188f700 1 Processor -- start
2024-04-22T00:31:13.518 INFO:teuthology.orchestra.run.smithi018.stdout:/usr/bin/ceph: stderr
2024-04-22T00:31:12.833+0000 7fe25188f700 1 -- start start
2024-04-22T00:31:13.518 INFO:teuthology.orchestra.run.smithi018.stdout:/usr/bin/ceph: stderr
2024-04-22T00:31:12.833+0000 7fe25188f700 1 --2- >> [v2:172.21.15.18:3300/0,v1:172.21.15.18:6789/0] conn(0x7fe24c106470 0x7fe24c106890 unknown :-1 s=NONE pgs=0 cs=0 l=0 rev1=0 crypto rx=0 tx=0 comp rx=0 tx=0).connect
2024-04-22T00:31:13.519 INFO:teuthology.orchestra.run.smithi018.stdout:/usr/bin/ceph: stderr
2024-04-22T00:31:12.833+0000 7fe25188f700 1 -- --> [v2:172.21.15.18:3300/0,v1:172.21.15.18:6789/0] -- mon_getmap magic: 0 -- 0x7fe24c07bde0 con 0x7fe24c106470
2024-04-22T00:31:13.519 INFO:teuthology.orchestra.run.smithi018.stdout:/usr/bin/ceph: stderr
2024-04-22T00:31:12.834+0000 7fe24affd700 1 --2- >> [v2:172.21.15.18:3300/0,v1:172.21.15.18:6789/0] conn(0x7fe24c106470 0x7fe24c106890 unknown :-1 s=BANNER_CONNECTING pgs=0 cs=0 l=0 rev1=0 crypto rx=0 tx=0 comp rx=0 tx=0)._handle_peer_banner_payload supported=3 required=0
2024-04-22T00:31:13.519 INFO:teuthology.orchestra.run.smithi018.stdout:/usr/bin/ceph: stderr
2024-04-22T00:31:12.834+0000 7fe24affd700 1 --2- >> [v2:172.21.15.18:3300/0,v1:172.21.15.18:6789/0] conn(0x7fe24c106470 0x7fe24c106890 unknown :-1 s=HELLO_CONNECTING pgs=0 cs=0 l=0 rev1=1 crypto rx=0 tx=0 comp rx=0 tx=0).handle_hello peer v2:172.21.15.18:3300/0 says I am v2:172.21.15.18:37596/0 (socket says 172.21.15.18:37596)
2024-04-22T00:31:13.519 INFO:teuthology.orchestra.run.smithi018.stdout:/usr/bin/ceph: stderr
2024-04-22T00:31:12.834+0000 7fe24affd700 1 -- 172.21.15.18:0/179531657 learned_addr learned my addr 172.21.15.18:0/179531657 (peer_addr_for_me v2:172.21.15.18:0/0)
2024-04-22T00:31:13.519 INFO:teuthology.orchestra.run.smithi018.stdout:/usr/bin/ceph: stderr
2024-04-22T00:31:12.834+0000 7fe24affd700 1 -- 172.21.15.18:0/179531657 --> [v2:172.21.15.18:3300/0,v1:172.21.15.18:6789/0] -- mon_subscribe({config=0+,monmap=0+}) -- 0x7fe24c106dd0 con 0x7fe24c106470
2024-04-22T00:31:13.519 INFO:teuthology.orchestra.run.smithi018.stdout:/usr/bin/ceph: stderr
2024-04-22T00:31:12.834+0000 7fe24affd700 1 --2- 172.21.15.18:0/179531657 >> [v2:172.21.15.18:3300/0,v1:172.21.15.18:6789/0] conn(0x7fe24c106470 0x7fe24c106890 secure :-1 s=READY pgs=37 cs=0 l=1 rev1=1 crypto rx=0x7fe2440098a0 tx=0x7fe244009bb0 comp rx=0 tx=0).ready entity=mon.0 client_cookie=b09be1c5519a15f0 server_cookie=0 in_seq=0 out_seq=0
2024-04-22T00:31:13.519 INFO:teuthology.orchestra.run.smithi018.stdout:/usr/bin/ceph: stderr
2024-04-22T00:31:12.834+0000 7fe249ffb700 1 -- 172.21.15.18:0/179531657 <== mon.0 v2:172.21.15.18:3300/0 1 ==== mon_map magic: 0 ==== 205+0+0 (secure 0 0 0) 0x7fe244004160 con 0x7fe24c106470
2024-04-22T00:31:13.519 INFO:teuthology.orchestra.run.smithi018.stdout:/usr/bin/ceph: stderr
2024-04-22T00:31:12.834+0000 7fe249ffb700 1 -- 172.21.15.18:0/179531657 <== mon.0 v2:172.21.15.18:3300/0 2 ==== config(27 keys) ==== 1109+0+0 (secure 0 0 0) 0x7fe244004300 con 0x7fe24c106470
2024-04-22T00:31:13.519 INFO:teuthology.orchestra.run.smithi018.stdout:/usr/bin/ceph: stderr
2024-04-22T00:31:12.834+0000 7fe249ffb700 1 -- 172.21.15.18:0/179531657 <== mon.0 v2:172.21.15.18:3300/0 3 ==== mon_map magic: 0 ==== 205+0+0 (secure 0 0 0) 0x7fe244011b50 con 0x7fe24c106470
2024-04-22T00:31:13.519 INFO:teuthology.orchestra.run.smithi018.stdout:/usr/bin/ceph: stderr
2024-04-22T00:31:12.835+0000 7fe25188f700 1 -- 172.21.15.18:0/179531657 >> [v2:172.21.15.18:3300/0,v1:172.21.15.18:6789/0] conn(0x7fe24c106470 msgr2=0x7fe24c106890 secure :-1 s=STATE_CONNECTION_ESTABLISHED l=1).mark_down
2024-04-22T00:31:13.519 INFO:teuthology.orchestra.run.smithi018.stdout:/usr/bin/ceph: stderr
2024-04-22T00:31:12.835+0000 7fe25188f700 1 --2- 172.21.15.18:0/179531657 >> [v2:172.21.15.18:3300/0,v1:172.21.15.18:6789/0] conn(0x7fe24c106470 0x7fe24c106890 secure :-1 s=READY pgs=37 cs=0 l=1 rev1=1 crypto rx=0x7fe2440098a0 tx=0x7fe244009bb0 comp rx=0 tx=0).stop
2024-04-22T00:31:13.519 INFO:teuthology.orchestra.run.smithi018.stdout:/usr/bin/ceph: stderr
2024-04-22T00:31:12.835+0000 7fe25188f700 1 -- 172.21.15.18:0/179531657 shutdown_connections
2024-04-22T00:31:13.520 INFO:teuthology.orchestra.run.smithi018.stdout:/usr/bin/ceph: stderr
2024-04-22T00:31:12.835+0000 7fe25188f700 1 --2- 172.21.15.18:0/179531657 >> [v2:172.21.15.18:3300/0,v1:172.21.15.18:6789/0] conn(0x7fe24c106470 0x7fe24c106890 unknown :-1 s=CLOSED pgs=37 cs=0 l=1 rev1=1 crypto rx=0 tx=0 comp rx=0 tx=0).stop
2024-04-22T00:31:13.520 INFO:teuthology.orchestra.run.smithi018.stdout:/usr/bin/ceph: stderr
2024-04-22T00:31:12.835+0000 7fe25188f700 1 -- 172.21.15.18:0/179531657 >> 172.21.15.18:0/179531657 conn(0x7fe24c102030 msgr2=0x7fe24c104490 unknown :-1 s=STATE_NONE l=0).mark_down
2024-04-22T00:31:13.520 INFO:teuthology.orchestra.run.smithi018.stdout:/usr/bin/ceph: stderr
2024-04-22T00:31:12.835+0000 7fe25188f700 1 -- 172.21.15.18:0/179531657 shutdown_connections
2024-04-22T00:31:13.520 INFO:teuthology.orchestra.run.smithi018.stdout:/usr/bin/ceph: stderr
2024-04-22T00:31:12.835+0000 7fe25188f700 1 -- 172.21.15.18:0/179531657 wait complete.
2024-04-22T00:31:13.520 INFO:teuthology.orchestra.run.smithi018.stdout:/usr/bin/ceph: stderr
2024-04-22T00:31:12.835+0000 7fe25188f700 1 Processor -- start
2024-04-22T00:31:13.520 INFO:teuthology.orchestra.run.smithi018.stdout:/usr/bin/ceph: stderr
2024-04-22T00:31:12.836+0000 7fe25188f700 1 -- start start
2024-04-22T00:31:13.520 INFO:teuthology.orchestra.run.smithi018.stdout:/usr/bin/ceph: stderr
2024-04-22T00:31:12.836+0000 7fe25188f700 1 --2- >> [v2:172.21.15.18:3300/0,v1:172.21.15.18:6789/0] conn(0x7fe24c106470 0x7fe24c19ddb0 unknown :-1 s=NONE pgs=0 cs=0 l=1 rev1=0 crypto rx=0 tx=0 comp rx=0 tx=0).connect
2024-04-22T00:31:13.520 INFO:teuthology.orchestra.run.smithi018.stdout:/usr/bin/ceph: stderr
2024-04-22T00:31:12.836+0000 7fe25188f700 1 -- --> [v2:172.21.15.18:3300/0,v1:172.21.15.18:6789/0] -- mon_getmap magic: 0 -- 0x7fe24c107e60 con 0x7fe24c106470
2024-04-22T00:31:13.520 INFO:teuthology.orchestra.run.smithi018.stdout:/usr/bin/ceph: stderr
2024-04-22T00:31:12.836+0000 7fe24affd700 1 --2- >> [v2:172.21.15.18:3300/0,v1:172.21.15.18:6789/0] conn(0x7fe24c106470 0x7fe24c19ddb0 unknown :-1 s=BANNER_CONNECTING pgs=0 cs=0 l=1 rev1=0 crypto rx=0 tx=0 comp rx=0 tx=0)._handle_peer_banner_payload supported=3 required=0
2024-04-22T00:31:13.520 INFO:teuthology.orchestra.run.smithi018.stdout:/usr/bin/ceph: stderr
2024-04-22T00:31:12.836+0000 7fe24affd700 1 --2- >> [v2:172.21.15.18:3300/0,v1:172.21.15.18:6789/0] conn(0x7fe24c106470 0x7fe24c19ddb0 unknown :-1 s=HELLO_CONNECTING pgs=0 cs=0 l=1 rev1=1 crypto rx=0 tx=0 comp rx=0 tx=0).handle_hello peer v2:172.21.15.18:3300/0 says I am v2:172.21.15.18:37602/0 (socket says 172.21.15.18:37602)
2024-04-22T00:31:13.520 INFO:teuthology.orchestra.run.smithi018.stdout:/usr/bin/ceph: stderr
2024-04-22T00:31:12.836+0000 7fe24affd700 1 -- 172.21.15.18:0/4290803896 learned_addr learned my addr 172.21.15.18:0/4290803896 (peer_addr_for_me v2:172.21.15.18:0/0)
2024-04-22T00:31:13.520 INFO:teuthology.orchestra.run.smithi018.stdout:/usr/bin/ceph: stderr
2024-04-22T00:31:12.836+0000 7fe24affd700 1 -- 172.21.15.18:0/4290803896 --> [v2:172.21.15.18:3300/0,v1:172.21.15.18:6789/0] -- mon_subscribe({config=0+,monmap=0+}) -- 0x7fe24c19e2f0 con 0x7fe24c106470
2024-04-22T00:31:13.520 INFO:teuthology.orchestra.run.smithi018.stdout:/usr/bin/ceph: stderr
2024-04-22T00:31:12.836+0000 7fe24affd700 1 --2- 172.21.15.18:0/4290803896 >> [v2:172.21.15.18:3300/0,v1:172.21.15.18:6789/0] conn(0x7fe24c106470 0x7fe24c19ddb0 secure :-1 s=READY pgs=38 cs=0 l=1 rev1=1 crypto rx=0x7fe244009fb0 tx=0x7fe244011bf0 comp rx=0 tx=0).ready entity=mon.0 client_cookie=0 server_cookie=0 in_seq=0 out_seq=0
2024-04-22T00:31:13.520 INFO:teuthology.orchestra.run.smithi018.stdout:/usr/bin/ceph: stderr
2024-04-22T00:31:12.837+0000 7fe25088d700 1 -- 172.21.15.18:0/4290803896 <== mon.0 v2:172.21.15.18:3300/0 1 ==== mon_map magic: 0 ==== 205+0+0 (secure 0 0 0) 0x7fe2440038b0 con 0x7fe24c106470
2024-04-22T00:31:13.521 INFO:teuthology.orchestra.run.smithi018.stdout:/usr/bin/ceph: stderr
2024-04-22T00:31:12.837+0000 7fe25088d700 1 -- 172.21.15.18:0/4290803896 <== mon.0 v2:172.21.15.18:3300/0 2 ==== config(27 keys) ==== 1109+0+0 (secure 0 0 0) 0x7fe244011e50 con 0x7fe24c106470
2024-04-22T00:31:13.521 INFO:teuthology.orchestra.run.smithi018.stdout:/usr/bin/ceph: stderr
2024-04-22T00:31:12.837+0000 7fe25188f700 1 -- 172.21.15.18:0/4290803896 --> [v2:172.21.15.18:3300/0,v1:172.21.15.18:6789/0] -- mon_subscribe({mgrmap=0+}) -- 0x7fe24c19e580 con 0x7fe24c106470
2024-04-22T00:31:13.521 INFO:teuthology.orchestra.run.smithi018.stdout:/usr/bin/ceph: stderr
2024-04-22T00:31:12.837+0000 7fe25188f700 1 -- 172.21.15.18:0/4290803896 --> [v2:172.21.15.18:3300/0,v1:172.21.15.18:6789/0] -- mon_subscribe({osdmap=0}) -- 0x7fe24c1a1270 con 0x7fe24c106470
2024-04-22T00:31:13.521 INFO:teuthology.orchestra.run.smithi018.stdout:/usr/bin/ceph: stderr
2024-04-22T00:31:12.837+0000 7fe25088d700 1 -- 172.21.15.18:0/4290803896 <== mon.0 v2:172.21.15.18:3300/0 3 ==== mon_map magic: 0 ==== 205+0+0 (secure 0 0 0) 0x7fe244019420 con 0x7fe24c106470
2024-04-22T00:31:13.521 INFO:teuthology.orchestra.run.smithi018.stdout:/usr/bin/ceph: stderr
2024-04-22T00:31:12.838+0000 7fe25088d700 1 -- 172.21.15.18:0/4290803896 <== mon.0 v2:172.21.15.18:3300/0 4 ==== mgrmap(e 7) ==== 46181+0+0 (secure 0 0 0) 0x7fe244019750 con 0x7fe24c106470
2024-04-22T00:31:13.521 INFO:teuthology.orchestra.run.smithi018.stdout:/usr/bin/ceph: stderr
2024-04-22T00:31:12.838+0000 7fe25188f700 1 -- 172.21.15.18:0/4290803896 --> [v2:172.21.15.18:3300/0,v1:172.21.15.18:6789/0] -- mon_command({"prefix": "get_command_descriptions"} v 0) -- 0x7fe22c005360 con 0x7fe24c106470
2024-04-22T00:31:13.521 INFO:teuthology.orchestra.run.smithi018.stdout:/usr/bin/ceph: stderr
2024-04-22T00:31:12.838+0000 7fe25088d700 1 --2- 172.21.15.18:0/4290803896 >> [v2:172.21.15.18:6800/2897837517,v1:172.21.15.18:6801/2897837517] conn(0x7fe238038f40 0x7fe23803b400 unknown :-1 s=NONE pgs=0 cs=0 l=1 rev1=0 crypto rx=0 tx=0 comp rx=0 tx=0).connect
2024-04-22T00:31:13.521 INFO:teuthology.orchestra.run.smithi018.stdout:/usr/bin/ceph: stderr
2024-04-22T00:31:12.838+0000 7fe25088d700 1 -- 172.21.15.18:0/4290803896 <== mon.0 v2:172.21.15.18:3300/0 5 ==== osd_map(2..2 src has 1..2) ==== 940+0+0 (secure 0 0 0) 0x7fe24404d300 con 0x7fe24c106470
2024-04-22T00:31:13.521 INFO:teuthology.orchestra.run.smithi018.stdout:/usr/bin/ceph: stderr
2024-04-22T00:31:12.838+0000 7fe24a7fc700 1 --2- 172.21.15.18:0/4290803896 >> [v2:172.21.15.18:6800/2897837517,v1:172.21.15.18:6801/2897837517] conn(0x7fe238038f40 0x7fe23803b400 unknown :-1 s=BANNER_CONNECTING pgs=0 cs=0 l=1 rev1=0 crypto rx=0 tx=0 comp rx=0 tx=0)._handle_peer_banner_payload supported=3 required=0
2024-04-22T00:31:13.521 INFO:teuthology.orchestra.run.smithi018.stdout:/usr/bin/ceph: stderr
2024-04-22T00:31:12.838+0000 7fe24a7fc700 1 --2- 172.21.15.18:0/4290803896 >> [v2:172.21.15.18:6800/2897837517,v1:172.21.15.18:6801/2897837517] conn(0x7fe238038f40 0x7fe23803b400 secure :-1 s=READY pgs=7 cs=0 l=1 rev1=1 crypto rx=0x7fe234006fd0 tx=0x7fe234006e40 comp rx=0 tx=0).ready entity=mgr.14120 client_cookie=0 server_cookie=0 in_seq=0 out_seq=0
2024-04-22T00:31:13.521 INFO:teuthology.orchestra.run.smithi018.stdout:/usr/bin/ceph: stderr
2024-04-22T00:31:12.843+0000 7fe25088d700 1 -- 172.21.15.18:0/4290803896 <== mon.0 v2:172.21.15.18:3300/0 6 ==== mon_command_ack([{"prefix": "get_command_descriptions"}]=0 v0) ==== 72+0+186074 (secure 0 0 0) 0x7fe244003ac0 con 0x7fe24c106470
2024-04-22T00:31:13.521 INFO:teuthology.orchestra.run.smithi018.stdout:/usr/bin/ceph: stderr
2024-04-22T00:31:12.914+0000 7fe25088d700 1 -- 172.21.15.18:0/4290803896 <== mon.0 v2:172.21.15.18:3300/0 7 ==== mgrmap(e 8) ==== 46287+0+0 (secure 0 0 0) 0x7fe244018350 con 0x7fe24c106470
2024-04-22T00:31:13.521 INFO:teuthology.orchestra.run.smithi018.stdout:/usr/bin/ceph: stderr
2024-04-22T00:31:13.071+0000 7fe25188f700 1 -- 172.21.15.18:0/4290803896 --> [v2:172.21.15.18:6800/2897837517,v1:172.21.15.18:6801/2897837517] -- mgr_command(tid 0: {"prefix": "orch set backend", "module_name": "cephadm", "target": ["mon-mgr", ""]}) -- 0x7fe22c000bf0 con 0x7fe238038f40
2024-04-22T00:31:13.522 INFO:teuthology.orchestra.run.smithi018.stdout:/usr/bin/ceph: stderr
2024-04-22T00:31:13.076+0000 7fe25088d700 1 -- 172.21.15.18:0/4290803896 <== mgr.14120 v2:172.21.15.18:6800/2897837517 1 ==== mgr_command_reply(tid 0: 0 ) ==== 8+0+0 (secure 0 0 0) 0x7fe22c000bf0 con 0x7fe238038f40
2024-04-22T00:31:13.522 INFO:teuthology.orchestra.run.smithi018.stdout:/usr/bin/ceph: stderr
2024-04-22T00:31:13.078+0000 7fe25188f700 1 -- 172.21.15.18:0/4290803896 >> [v2:172.21.15.18:6800/2897837517,v1:172.21.15.18:6801/2897837517] conn(0x7fe238038f40 msgr2=0x7fe23803b400 secure :-1 s=STATE_CONNECTION_ESTABLISHED l=1).mark_down
2024-04-22T00:31:13.522 INFO:teuthology.orchestra.run.smithi018.stdout:/usr/bin/ceph: stderr
2024-04-22T00:31:13.078+0000 7fe25188f700 1 --2- 172.21.15.18:0/4290803896 >> [v2:172.21.15.18:6800/2897837517,v1:172.21.15.18:6801/2897837517] conn(0x7fe238038f40 0x7fe23803b400 secure :-1 s=READY pgs=7 cs=0 l=1 rev1=1 crypto rx=0x7fe234006fd0 tx=0x7fe234006e40 comp rx=0 tx=0).stop
2024-04-22T00:31:13.522 INFO:teuthology.orchestra.run.smithi018.stdout:/usr/bin/ceph: stderr
2024-04-22T00:31:13.078+0000 7fe25188f700 1 -- 172.21.15.18:0/4290803896 >> [v2:172.21.15.18:3300/0,v1:172.21.15.18:6789/0] conn(0x7fe24c106470 msgr2=0x7fe24c19ddb0 secure :-1 s=STATE_CONNECTION_ESTABLISHED l=1).mark_down
2024-04-22T00:31:13.522 INFO:teuthology.orchestra.run.smithi018.stdout:/usr/bin/ceph: stderr
2024-04-22T00:31:13.078+0000 7fe25188f700 1 --2- 172.21.15.18:0/4290803896 >> [v2:172.21.15.18:3300/0,v1:172.21.15.18:6789/0] conn(0x7fe24c106470 0x7fe24c19ddb0 secure :-1 s=READY pgs=38 cs=0 l=1 rev1=1 crypto rx=0x7fe244009fb0 tx=0x7fe244011bf0 comp rx=0 tx=0).stop
2024-04-22T00:31:13.522 INFO:teuthology.orchestra.run.smithi018.stdout:/usr/bin/ceph: stderr
2024-04-22T00:31:13.078+0000 7fe25188f700 1 -- 172.21.15.18:0/4290803896 shutdown_connections
2024-04-22T00:31:13.522 INFO:teuthology.orchestra.run.smithi018.stdout:/usr/bin/ceph: stderr
2024-04-22T00:31:13.078+0000 7fe25188f700 1 --2- 172.21.15.18:0/4290803896 >> [v2:172.21.15.18:6800/2897837517,v1:172.21.15.18:6801/2897837517] conn(0x7fe238038f40 0x7fe23803b400 unknown :-1 s=CLOSED pgs=7 cs=0 l=1 rev1=1 crypto rx=0 tx=0 comp rx=0 tx=0).stop
2024-04-22T00:31:13.522 INFO:teuthology.orchestra.run.smithi018.stdout:/usr/bin/ceph: stderr
2024-04-22T00:31:13.078+0000 7fe25188f700 1 --2- 172.21.15.18:0/4290803896 >> [v2:172.21.15.18:3300/0,v1:172.21.15.18:6789/0] conn(0x7fe24c106470 0x7fe24c19ddb0 unknown :-1 s=CLOSED pgs=38 cs=0 l=1 rev1=1 crypto rx=0 tx=0 comp rx=0 tx=0).stop
2024-04-22T00:31:13.522 INFO:teuthology.orchestra.run.smithi018.stdout:/usr/bin/ceph: stderr
2024-04-22T00:31:13.078+0000 7fe25188f700 1 -- 172.21.15.18:0/4290803896 >> 172.21.15.18:0/4290803896 conn(0x7fe24c102030 msgr2=0x7fe24c194a20 unknown :-1 s=STATE_NONE l=0).mark_down
2024-04-22T00:31:13.522 INFO:teuthology.orchestra.run.smithi018.stdout:/usr/bin/ceph: stderr
2024-04-22T00:31:13.078+0000 7fe25188f700 1 -- 172.21.15.18:0/4290803896 shutdown_connections
2024-04-22T00:31:13.522 INFO:teuthology.orchestra.run.smithi018.stdout:/usr/bin/ceph: stderr
2024-04-22T00:31:13.078+0000 7fe25188f700 1 -- 172.21.15.18:0/4290803896 wait complete.
2024-04-22T00:31:14.156 INFO:journalctl@ceph.mon.a.smithi018.stdout:Apr 22 00:31:13 smithi018 ceph-mon[27979]: [22/Apr/2024:00:31:12] ENGINE Serving on http://172.21.15.18:8765
2024-04-22T00:31:14.156 INFO:journalctl@ceph.mon.a.smithi018.stdout:Apr 22 00:31:13 smithi018 ceph-mon[27979]: [22/Apr/2024:00:31:12] ENGINE Bus STARTED
2024-04-22T00:31:14.156 INFO:journalctl@ceph.mon.a.smithi018.stdout:Apr 22 00:31:13 smithi018 ceph-mon[27979]: mgrmap e8: x(active, since 2s)
2024-04-22T00:31:14.156 INFO:journalctl@ceph.mon.a.smithi018.stdout:Apr 22 00:31:13 smithi018 ceph-mon[27979]: from='client.14132 -' entity='client.admin' cmd=[{"prefix": "orch set backend", "module_name": "cephadm", "target": ["mon-mgr", ""]}]: dispatch
2024-04-22T00:31:14.157 INFO:journalctl@ceph.mon.a.smithi018.stdout:Apr 22 00:31:13 smithi018 ceph-mon[27979]: from='mgr.14120 172.21.15.18:0/1203854286' entity='mgr.x'
2024-04-22T00:31:14.157 INFO:journalctl@ceph.mon.a.smithi018.stdout:Apr 22 00:31:13 smithi018 ceph-mon[27979]: from='mgr.14120 172.21.15.18:0/1203854286' entity='mgr.x' cmd=[{"prefix": "config dump", "format": "json"}]: dispatch
2024-04-22T00:31:14.665 INFO:teuthology.orchestra.run.smithi018.stdout:/usr/bin/ceph: stdout value unchanged
2024-04-22T00:31:14.665 INFO:teuthology.orchestra.run.smithi018.stdout:/usr/bin/ceph: stderr
2024-04-22T00:31:13.936+0000 7fb3310de700 1 Processor -- start
2024-04-22T00:31:14.665 INFO:teuthology.orchestra.run.smithi018.stdout:/usr/bin/ceph: stderr
2024-04-22T00:31:13.936+0000 7fb3310de700 1 -- start start
2024-04-22T00:31:14.666 INFO:teuthology.orchestra.run.smithi018.stdout:/usr/bin/ceph: stderr
2024-04-22T00:31:13.936+0000 7fb3310de700 1 --2- >> [v2:172.21.15.18:3300/0,v1:172.21.15.18:6789/0] conn(0x7fb32c07dda0 0x7fb32c07c250 unknown :-1 s=NONE pgs=0 cs=0 l=0 rev1=0 crypto rx=0 tx=0 comp rx=0 tx=0).connect
2024-04-22T00:31:14.666 INFO:teuthology.orchestra.run.smithi018.stdout:/usr/bin/ceph: stderr
2024-04-22T00:31:13.936+0000 7fb3310de700 1 -- --> [v2:172.21.15.18:3300/0,v1:172.21.15.18:6789/0] -- mon_getmap magic: 0 -- 0x7fb32c07c790 con 0x7fb32c07dda0
2024-04-22T00:31:14.666 INFO:teuthology.orchestra.run.smithi018.stdout:/usr/bin/ceph: stderr
2024-04-22T00:31:13.936+0000 7fb32ad9d700 1 --2- >> [v2:172.21.15.18:3300/0,v1:172.21.15.18:6789/0] conn(0x7fb32c07dda0 0x7fb32c07c250 unknown :-1 s=BANNER_CONNECTING pgs=0 cs=0 l=0 rev1=0 crypto rx=0 tx=0 comp rx=0 tx=0)._handle_peer_banner_payload supported=3 required=0
2024-04-22T00:31:14.666 INFO:teuthology.orchestra.run.smithi018.stdout:/usr/bin/ceph: stderr
2024-04-22T00:31:13.936+0000 7fb32ad9d700 1 --2- >> [v2:172.21.15.18:3300/0,v1:172.21.15.18:6789/0] conn(0x7fb32c07dda0 0x7fb32c07c250 unknown :-1 s=HELLO_CONNECTING pgs=0 cs=0 l=0 rev1=1 crypto rx=0 tx=0 comp rx=0 tx=0).handle_hello peer v2:172.21.15.18:3300/0 says I am v2:172.21.15.18:37610/0 (socket says 172.21.15.18:37610)
2024-04-22T00:31:14.666 INFO:teuthology.orchestra.run.smithi018.stdout:/usr/bin/ceph: stderr
2024-04-22T00:31:13.936+0000 7fb32ad9d700 1 -- 172.21.15.18:0/3564419531 learned_addr learned my addr 172.21.15.18:0/3564419531 (peer_addr_for_me v2:172.21.15.18:0/0)
2024-04-22T00:31:14.666 INFO:teuthology.orchestra.run.smithi018.stdout:/usr/bin/ceph: stderr
2024-04-22T00:31:13.937+0000 7fb32ad9d700 1 -- 172.21.15.18:0/3564419531 --> [v2:172.21.15.18:3300/0,v1:172.21.15.18:6789/0] -- mon_subscribe({config=0+,monmap=0+}) -- 0x7fb32c07c910 con 0x7fb32c07dda0
2024-04-22T00:31:14.666 INFO:teuthology.orchestra.run.smithi018.stdout:/usr/bin/ceph: stderr
2024-04-22T00:31:13.937+0000 7fb32ad9d700 1 --2- 172.21.15.18:0/3564419531 >> [v2:172.21.15.18:3300/0,v1:172.21.15.18:6789/0] conn(0x7fb32c07dda0 0x7fb32c07c250 secure :-1 s=READY pgs=39 cs=0 l=1 rev1=1 crypto rx=0x7fb31c0098a0 tx=0x7fb31c009bb0 comp rx=0 tx=0).ready entity=mon.0 client_cookie=8e29baab72981571 server_cookie=0 in_seq=0 out_seq=0
2024-04-22T00:31:14.666 INFO:teuthology.orchestra.run.smithi018.stdout:/usr/bin/ceph: stderr
2024-04-22T00:31:13.937+0000 7fb329d9b700 1 -- 172.21.15.18:0/3564419531 <== mon.0 v2:172.21.15.18:3300/0 1 ==== mon_map magic: 0 ==== 205+0+0 (secure 0 0 0) 0x7fb31c004160 con 0x7fb32c07dda0
2024-04-22T00:31:14.666 INFO:teuthology.orchestra.run.smithi018.stdout:/usr/bin/ceph: stderr
2024-04-22T00:31:13.937+0000 7fb329d9b700 1 -- 172.21.15.18:0/3564419531 <== mon.0 v2:172.21.15.18:3300/0 2 ==== config(27 keys) ==== 1109+0+0 (secure 0 0 0) 0x7fb31c004300 con 0x7fb32c07dda0
2024-04-22T00:31:14.666 INFO:teuthology.orchestra.run.smithi018.stdout:/usr/bin/ceph: stderr
2024-04-22T00:31:13.937+0000 7fb329d9b700 1 -- 172.21.15.18:0/3564419531 <== mon.0 v2:172.21.15.18:3300/0 3 ==== mon_map magic: 0 ==== 205+0+0 (secure 0 0 0) 0x7fb31c011b50 con 0x7fb32c07dda0
2024-04-22T00:31:14.666 INFO:teuthology.orchestra.run.smithi018.stdout:/usr/bin/ceph: stderr
2024-04-22T00:31:13.937+0000 7fb3310de700 1 -- 172.21.15.18:0/3564419531 >> [v2:172.21.15.18:3300/0,v1:172.21.15.18:6789/0] conn(0x7fb32c07dda0 msgr2=0x7fb32c07c250 secure :-1 s=STATE_CONNECTION_ESTABLISHED l=1).mark_down
2024-04-22T00:31:14.666 INFO:teuthology.orchestra.run.smithi018.stdout:/usr/bin/ceph: stderr
2024-04-22T00:31:13.937+0000 7fb3310de700 1 --2- 172.21.15.18:0/3564419531 >> [v2:172.21.15.18:3300/0,v1:172.21.15.18:6789/0] conn(0x7fb32c07dda0 0x7fb32c07c250 secure :-1 s=READY pgs=39 cs=0 l=1 rev1=1 crypto rx=0x7fb31c0098a0 tx=0x7fb31c009bb0 comp rx=0 tx=0).stop
2024-04-22T00:31:14.666 INFO:teuthology.orchestra.run.smithi018.stdout:/usr/bin/ceph: stderr
2024-04-22T00:31:13.938+0000 7fb3310de700 1 -- 172.21.15.18:0/3564419531 shutdown_connections
2024-04-22T00:31:14.667 INFO:teuthology.orchestra.run.smithi018.stdout:/usr/bin/ceph: stderr
2024-04-22T00:31:13.938+0000 7fb3310de700 1 --2- 172.21.15.18:0/3564419531 >> [v2:172.21.15.18:3300/0,v1:172.21.15.18:6789/0] conn(0x7fb32c07dda0 0x7fb32c07c250 unknown :-1 s=CLOSED pgs=39 cs=0 l=1 rev1=1 crypto rx=0 tx=0 comp rx=0 tx=0).stop
2024-04-22T00:31:14.667 INFO:teuthology.orchestra.run.smithi018.stdout:/usr/bin/ceph: stderr
2024-04-22T00:31:13.938+0000 7fb3310de700 1 -- 172.21.15.18:0/3564419531 >> 172.21.15.18:0/3564419531 conn(0x7fb32c103190 msgr2=0x7fb32c1055f0 unknown :-1 s=STATE_NONE l=0).mark_down
2024-04-22T00:31:14.667 INFO:teuthology.orchestra.run.smithi018.stdout:/usr/bin/ceph: stderr
2024-04-22T00:31:13.938+0000 7fb3310de700 1 -- 172.21.15.18:0/3564419531 shutdown_connections
2024-04-22T00:31:14.667 INFO:teuthology.orchestra.run.smithi018.stdout:/usr/bin/ceph: stderr
2024-04-22T00:31:13.938+0000 7fb3310de700 1 -- 172.21.15.18:0/3564419531 wait complete.
2024-04-22T00:31:14.667 INFO:teuthology.orchestra.run.smithi018.stdout:/usr/bin/ceph: stderr
2024-04-22T00:31:13.938+0000 7fb3310de700 1 Processor -- start
2024-04-22T00:31:14.667 INFO:teuthology.orchestra.run.smithi018.stdout:/usr/bin/ceph: stderr
2024-04-22T00:31:13.939+0000 7fb3310de700 1 -- start start
2024-04-22T00:31:14.667 INFO:teuthology.orchestra.run.smithi018.stdout:/usr/bin/ceph: stderr
2024-04-22T00:31:13.939+0000 7fb3310de700 1 --2- >> [v2:172.21.15.18:3300/0,v1:172.21.15.18:6789/0] conn(0x7fb32c07dda0 0x7fb32c19dda0 unknown :-1 s=NONE pgs=0 cs=0 l=1 rev1=0 crypto rx=0 tx=0 comp rx=0 tx=0).connect
2024-04-22T00:31:14.667 INFO:teuthology.orchestra.run.smithi018.stdout:/usr/bin/ceph: stderr
2024-04-22T00:31:13.939+0000 7fb3310de700 1 -- --> [v2:172.21.15.18:3300/0,v1:172.21.15.18:6789/0] -- mon_getmap magic: 0 -- 0x7fb32c10e200 con 0x7fb32c07dda0
2024-04-22T00:31:14.667 INFO:teuthology.orchestra.run.smithi018.stdout:/usr/bin/ceph: stderr
2024-04-22T00:31:13.939+0000 7fb32ad9d700 1 --2- >> [v2:172.21.15.18:3300/0,v1:172.21.15.18:6789/0] conn(0x7fb32c07dda0 0x7fb32c19dda0 unknown :-1 s=BANNER_CONNECTING pgs=0 cs=0 l=1 rev1=0 crypto rx=0 tx=0 comp rx=0 tx=0)._handle_peer_banner_payload supported=3 required=0
2024-04-22T00:31:14.667 INFO:teuthology.orchestra.run.smithi018.stdout:/usr/bin/ceph: stderr
2024-04-22T00:31:13.939+0000 7fb32ad9d700 1 --2- >> [v2:172.21.15.18:3300/0,v1:172.21.15.18:6789/0] conn(0x7fb32c07dda0 0x7fb32c19dda0 unknown :-1 s=HELLO_CONNECTING pgs=0 cs=0 l=1 rev1=1 crypto rx=0 tx=0 comp rx=0 tx=0).handle_hello peer v2:172.21.15.18:3300/0 says I am v2:172.21.15.18:37614/0 (socket says 172.21.15.18:37614)
2024-04-22T00:31:14.667 INFO:teuthology.orchestra.run.smithi018.stdout:/usr/bin/ceph: stderr
2024-04-22T00:31:13.939+0000 7fb32ad9d700 1 -- 172.21.15.18:0/198127616 learned_addr learned my addr 172.21.15.18:0/198127616 (peer_addr_for_me v2:172.21.15.18:0/0)
2024-04-22T00:31:14.667 INFO:teuthology.orchestra.run.smithi018.stdout:/usr/bin/ceph: stderr
2024-04-22T00:31:13.939+0000 7fb32ad9d700 1 -- 172.21.15.18:0/198127616 --> [v2:172.21.15.18:3300/0,v1:172.21.15.18:6789/0] -- mon_subscribe({config=0+,monmap=0+}) -- 0x7fb32c19e2e0 con 0x7fb32c07dda0
2024-04-22T00:31:14.667 INFO:teuthology.orchestra.run.smithi018.stdout:/usr/bin/ceph: stderr
2024-04-22T00:31:13.939+0000 7fb32ad9d700 1 --2- 172.21.15.18:0/198127616 >> [v2:172.21.15.18:3300/0,v1:172.21.15.18:6789/0] conn(0x7fb32c07dda0 0x7fb32c19dda0 secure :-1 s=READY pgs=40 cs=0 l=1 rev1=1 crypto rx=0x7fb31c009fb0 tx=0x7fb31c011bf0 comp rx=0 tx=0).ready entity=mon.0 client_cookie=0 server_cookie=0 in_seq=0 out_seq=0
2024-04-22T00:31:14.667 INFO:teuthology.orchestra.run.smithi018.stdout:/usr/bin/ceph: stderr
2024-04-22T00:31:13.939+0000 7fb313fff700 1 -- 172.21.15.18:0/198127616 <== mon.0 v2:172.21.15.18:3300/0 1 ==== mon_map magic: 0 ==== 205+0+0 (secure 0 0 0) 0x7fb31c0038b0 con 0x7fb32c07dda0
2024-04-22T00:31:14.668 INFO:teuthology.orchestra.run.smithi018.stdout:/usr/bin/ceph: stderr
2024-04-22T00:31:13.940+0000 7fb313fff700 1 -- 172.21.15.18:0/198127616 <== mon.0 v2:172.21.15.18:3300/0 2 ==== config(27 keys) ==== 1109+0+0 (secure 0 0 0) 0x7fb31c011e50 con 0x7fb32c07dda0
2024-04-22T00:31:14.668 INFO:teuthology.orchestra.run.smithi018.stdout:/usr/bin/ceph: stderr
2024-04-22T00:31:13.940+0000 7fb3310de700 1 -- 172.21.15.18:0/198127616 --> [v2:172.21.15.18:3300/0,v1:172.21.15.18:6789/0] -- mon_subscribe({mgrmap=0+}) -- 0x7fb32c19e570 con 0x7fb32c07dda0
2024-04-22T00:31:14.668 INFO:teuthology.orchestra.run.smithi018.stdout:/usr/bin/ceph: stderr
2024-04-22T00:31:13.940+0000 7fb313fff700 1 -- 172.21.15.18:0/198127616 <== mon.0 v2:172.21.15.18:3300/0 3 ==== mon_map magic: 0 ==== 205+0+0 (secure 0 0 0) 0x7fb31c019420 con 0x7fb32c07dda0
2024-04-22T00:31:14.668 INFO:teuthology.orchestra.run.smithi018.stdout:/usr/bin/ceph: stderr
2024-04-22T00:31:13.940+0000 7fb3310de700 1 -- 172.21.15.18:0/198127616 --> [v2:172.21.15.18:3300/0,v1:172.21.15.18:6789/0] -- mon_subscribe({osdmap=0}) -- 0x7fb32c1a1220 con 0x7fb32c07dda0
2024-04-22T00:31:14.668 INFO:teuthology.orchestra.run.smithi018.stdout:/usr/bin/ceph: stderr
2024-04-22T00:31:13.941+0000 7fb313fff700 1 -- 172.21.15.18:0/198127616 <== mon.0 v2:172.21.15.18:3300/0 4 ==== mgrmap(e 8) ==== 46287+0+0 (secure 0 0 0) 0x7fb31c019740 con 0x7fb32c07dda0
2024-04-22T00:31:14.668 INFO:teuthology.orchestra.run.smithi018.stdout:/usr/bin/ceph: stderr
2024-04-22T00:31:13.941+0000 7fb3310de700 1 -- 172.21.15.18:0/198127616 --> [v2:172.21.15.18:3300/0,v1:172.21.15.18:6789/0] -- mon_command({"prefix": "get_command_descriptions"} v 0) -- 0x7fb32c063890 con 0x7fb32c07dda0
2024-04-22T00:31:14.668 INFO:teuthology.orchestra.run.smithi018.stdout:/usr/bin/ceph: stderr
2024-04-22T00:31:13.941+0000 7fb313fff700 1 --2- 172.21.15.18:0/198127616 >> [v2:172.21.15.18:6800/2897837517,v1:172.21.15.18:6801/2897837517] conn(0x7fb314039000 0x7fb31403b4c0 unknown :-1 s=NONE pgs=0 cs=0 l=1 rev1=0 crypto rx=0 tx=0 comp rx=0 tx=0).connect
2024-04-22T00:31:14.668 INFO:teuthology.orchestra.run.smithi018.stdout:/usr/bin/ceph: stderr
2024-04-22T00:31:13.941+0000 7fb313fff700 1 -- 172.21.15.18:0/198127616 <== mon.0 v2:172.21.15.18:3300/0 5 ==== osd_map(2..2 src has 1..2) ==== 940+0+0 (secure 0 0 0) 0x7fb31c04d370 con 0x7fb32c07dda0
2024-04-22T00:31:14.668 INFO:teuthology.orchestra.run.smithi018.stdout:/usr/bin/ceph: stderr
2024-04-22T00:31:13.941+0000 7fb32a59c700 1 --2- 172.21.15.18:0/198127616 >> [v2:172.21.15.18:6800/2897837517,v1:172.21.15.18:6801/2897837517] conn(0x7fb314039000 0x7fb31403b4c0 unknown :-1 s=BANNER_CONNECTING pgs=0 cs=0 l=1 rev1=0 crypto rx=0 tx=0 comp rx=0 tx=0)._handle_peer_banner_payload supported=3 required=0
2024-04-22T00:31:14.668 INFO:teuthology.orchestra.run.smithi018.stdout:/usr/bin/ceph: stderr
2024-04-22T00:31:13.941+0000 7fb32a59c700 1 --2- 172.21.15.18:0/198127616 >> [v2:172.21.15.18:6800/2897837517,v1:172.21.15.18:6801/2897837517] conn(0x7fb314039000 0x7fb31403b4c0 secure :-1 s=READY pgs=8 cs=0 l=1 rev1=1 crypto rx=0x7fb320006fd0 tx=0x7fb320006e40 comp rx=0 tx=0).ready entity=mgr.14120 client_cookie=0 server_cookie=0 in_seq=0 out_seq=0
2024-04-22T00:31:14.668 INFO:teuthology.orchestra.run.smithi018.stdout:/usr/bin/ceph: stderr
2024-04-22T00:31:13.946+0000 7fb313fff700 1 -- 172.21.15.18:0/198127616 <== mon.0 v2:172.21.15.18:3300/0 6 ==== mon_command_ack([{"prefix": "get_command_descriptions"}]=0 v0) ==== 72+0+186074 (secure 0 0 0) 0x7fb31c00ba30 con 0x7fb32c07dda0
2024-04-22T00:31:14.668 INFO:teuthology.orchestra.run.smithi018.stdout:/usr/bin/ceph: stderr
2024-04-22T00:31:14.154+0000 7fb3310de700 1 -- 172.21.15.18:0/198127616 --> [v2:172.21.15.18:6800/2897837517,v1:172.21.15.18:6801/2897837517] -- mgr_command(tid 0: {"prefix": "cephadm set-user", "user": "root", "target": ["mon-mgr", ""]}) -- 0x7fb32c1044a0 con 0x7fb314039000
2024-04-22T00:31:14.668 INFO:teuthology.orchestra.run.smithi018.stdout:/usr/bin/ceph: stderr
2024-04-22T00:31:14.155+0000 7fb313fff700 1 -- 172.21.15.18:0/198127616 <== mgr.14120 v2:172.21.15.18:6800/2897837517 1 ==== mgr_command_reply(tid 0: 0 ) ==== 8+0+16 (secure 0 0 0) 0x7fb32c1044a0 con 0x7fb314039000
2024-04-22T00:31:14.668 INFO:teuthology.orchestra.run.smithi018.stdout:/usr/bin/ceph: stderr
2024-04-22T00:31:14.157+0000 7fb3310de700 1 -- 172.21.15.18:0/198127616 >> [v2:172.21.15.18:6800/2897837517,v1:172.21.15.18:6801/2897837517] conn(0x7fb314039000 msgr2=0x7fb31403b4c0 secure :-1 s=STATE_CONNECTION_ESTABLISHED l=1).mark_down
2024-04-22T00:31:14.669 INFO:teuthology.orchestra.run.smithi018.stdout:/usr/bin/ceph: stderr
2024-04-22T00:31:14.157+0000 7fb3310de700 1 --2- 172.21.15.18:0/198127616 >> [v2:172.21.15.18:6800/2897837517,v1:172.21.15.18:6801/2897837517] conn(0x7fb314039000 0x7fb31403b4c0 secure :-1 s=READY pgs=8 cs=0 l=1 rev1=1 crypto rx=0x7fb320006fd0 tx=0x7fb320006e40 comp rx=0 tx=0).stop
2024-04-22T00:31:14.669 INFO:teuthology.orchestra.run.smithi018.stdout:/usr/bin/ceph: stderr
2024-04-22T00:31:14.157+0000 7fb3310de700 1 -- 172.21.15.18:0/198127616 >> [v2:172.21.15.18:3300/0,v1:172.21.15.18:6789/0] conn(0x7fb32c07dda0 msgr2=0x7fb32c19dda0 secure :-1 s=STATE_CONNECTION_ESTABLISHED l=1).mark_down
2024-04-22T00:31:14.669 INFO:teuthology.orchestra.run.smithi018.stdout:/usr/bin/ceph: stderr
2024-04-22T00:31:14.157+0000 7fb3310de700 1 --2- 172.21.15.18:0/198127616 >> [v2:172.21.15.18:3300/0,v1:172.21.15.18:6789/0] conn(0x7fb32c07dda0 0x7fb32c19dda0 secure :-1 s=READY pgs=40 cs=0 l=1 rev1=1 crypto rx=0x7fb31c009fb0 tx=0x7fb31c011bf0 comp rx=0 tx=0).stop
2024-04-22T00:31:14.669 INFO:teuthology.orchestra.run.smithi018.stdout:/usr/bin/ceph: stderr
2024-04-22T00:31:14.157+0000 7fb3310de700 1 -- 172.21.15.18:0/198127616 shutdown_connections
2024-04-22T00:31:14.669 INFO:teuthology.orchestra.run.smithi018.stdout:/usr/bin/ceph: stderr
2024-04-22T00:31:14.157+0000 7fb3310de700 1 --2- 172.21.15.18:0/198127616 >> [v2:172.21.15.18:6800/2897837517,v1:172.21.15.18:6801/2897837517] conn(0x7fb314039000 0x7fb31403b4c0 unknown :-1 s=CLOSED pgs=8 cs=0 l=1 rev1=1 crypto rx=0 tx=0 comp rx=0 tx=0).stop
2024-04-22T00:31:14.669 INFO:teuthology.orchestra.run.smithi018.stdout:/usr/bin/ceph: stderr
2024-04-22T00:31:14.157+0000 7fb3310de700 1 --2- 172.21.15.18:0/198127616 >> [v2:172.21.15.18:3300/0,v1:172.21.15.18:6789/0] conn(0x7fb32c07dda0 0x7fb32c19dda0 unknown :-1 s=CLOSED pgs=40 cs=0 l=1 rev1=1 crypto rx=0 tx=0 comp rx=0 tx=0).stop
2024-04-22T00:31:14.669 INFO:teuthology.orchestra.run.smithi018.stdout:/usr/bin/ceph: stderr
2024-04-22T00:31:14.157+0000 7fb3310de700 1 -- 172.21.15.18:0/198127616 >> 172.21.15.18:0/198127616 conn(0x7fb32c103190 msgr2=0x7fb32c103d90 unknown :-1 s=STATE_NONE l=0).mark_down
2024-04-22T00:31:14.669 INFO:teuthology.orchestra.run.smithi018.stdout:/usr/bin/ceph: stderr
2024-04-22T00:31:14.157+0000 7fb3310de700 1 -- 172.21.15.18:0/198127616 shutdown_connections
2024-04-22T00:31:14.669 INFO:teuthology.orchestra.run.smithi018.stdout:/usr/bin/ceph: stderr
2024-04-22T00:31:14.158+0000 7fb3310de700 1 -- 172.21.15.18:0/198127616 wait complete.
2024-04-22T00:31:14.669 INFO:teuthology.orchestra.run.smithi018.stdout:Generating ssh key...
2024-04-22T00:31:15.077 INFO:journalctl@ceph.mon.a.smithi018.stdout:Apr 22 00:31:14 smithi018 ceph-mon[27979]: from='client.14134 -' entity='client.admin' cmd=[{"prefix": "cephadm set-user", "user": "root", "target": ["mon-mgr", ""]}]: dispatch
2024-04-22T00:31:15.864 INFO:journalctl@ceph.mgr.x.smithi018.stdout:Apr 22 00:31:15 smithi018 ceph-6224d758-003f-11ef-bc93-c7b262605968-mgr-x[28223]: Generating public/private rsa key pair.
2024-04-22T00:31:15.864 INFO:journalctl@ceph.mgr.x.smithi018.stdout:Apr 22 00:31:15 smithi018 ceph-6224d758-003f-11ef-bc93-c7b262605968-mgr-x[28223]: Your identification has been saved in /tmp/tmp1jypxuc6/key.
2024-04-22T00:31:15.864 INFO:journalctl@ceph.mgr.x.smithi018.stdout:Apr 22 00:31:15 smithi018 ceph-6224d758-003f-11ef-bc93-c7b262605968-mgr-x[28223]: Your public key has been saved in /tmp/tmp1jypxuc6/key.pub.
2024-04-22T00:31:15.864 INFO:journalctl@ceph.mgr.x.smithi018.stdout:Apr 22 00:31:15 smithi018 ceph-6224d758-003f-11ef-bc93-c7b262605968-mgr-x[28223]: The key fingerprint is:
2024-04-22T00:31:15.864 INFO:journalctl@ceph.mgr.x.smithi018.stdout:Apr 22 00:31:15 smithi018 ceph-6224d758-003f-11ef-bc93-c7b262605968-mgr-x[28223]: SHA256:vjOVF427UPpLMZ4zLUF9S9gHUWsFafkEH4yHIyM8ysk ceph-6224d758-003f-11ef-bc93-c7b262605968
2024-04-22T00:31:15.864 INFO:journalctl@ceph.mgr.x.smithi018.stdout:Apr 22 00:31:15 smithi018 ceph-6224d758-003f-11ef-bc93-c7b262605968-mgr-x[28223]: The key's randomart image is:
2024-04-22T00:31:15.865 INFO:journalctl@ceph.mgr.x.smithi018.stdout:Apr 22 00:31:15 smithi018 ceph-6224d758-003f-11ef-bc93-c7b262605968-mgr-x[28223]: +---[RSA 3072]----+
2024-04-22T00:31:15.865 INFO:journalctl@ceph.mgr.x.smithi018.stdout:Apr 22 00:31:15 smithi018 ceph-6224d758-003f-11ef-bc93-c7b262605968-mgr-x[28223]: | . OOo|
2024-04-22T00:31:15.865 INFO:journalctl@ceph.mgr.x.smithi018.stdout:Apr 22 00:31:15 smithi018 ceph-6224d758-003f-11ef-bc93-c7b262605968-mgr-x[28223]: | + o =*==|
2024-04-22T00:31:15.865 INFO:journalctl@ceph.mgr.x.smithi018.stdout:Apr 22 00:31:15 smithi018 ceph-6224d758-003f-11ef-bc93-c7b262605968-mgr-x[28223]: | o o o +=+B+|
2024-04-22T00:31:15.865 INFO:journalctl@ceph.mgr.x.smithi018.stdout:Apr 22 00:31:15 smithi018 ceph-6224d758-003f-11ef-bc93-c7b262605968-mgr-x[28223]: | E .+ +.+|
2024-04-22T00:31:15.865 INFO:journalctl@ceph.mgr.x.smithi018.stdout:Apr 22 00:31:15 smithi018 ceph-6224d758-003f-11ef-bc93-c7b262605968-mgr-x[28223]: | S ++o . |
2024-04-22T00:31:15.865 INFO:journalctl@ceph.mgr.x.smithi018.stdout:Apr 22 00:31:15 smithi018 ceph-6224d758-003f-11ef-bc93-c7b262605968-mgr-x[28223]: | . =.o* |
2024-04-22T00:31:15.865 INFO:journalctl@ceph.mgr.x.smithi018.stdout:Apr 22 00:31:15 smithi018 ceph-6224d758-003f-11ef-bc93-c7b262605968-mgr-x[28223]: | .. +B.. |
2024-04-22T00:31:15.865 INFO:journalctl@ceph.mgr.x.smithi018.stdout:Apr 22 00:31:15 smithi018 ceph-6224d758-003f-11ef-bc93-c7b262605968-mgr-x[28223]: | o. .o+ |
2024-04-22T00:31:15.865 INFO:journalctl@ceph.mgr.x.smithi018.stdout:Apr 22 00:31:15 smithi018 ceph-6224d758-003f-11ef-bc93-c7b262605968-mgr-x[28223]: | .o .. |
2024-04-22T00:31:15.865 INFO:journalctl@ceph.mgr.x.smithi018.stdout:Apr 22 00:31:15 smithi018 ceph-6224d758-003f-11ef-bc93-c7b262605968-mgr-x[28223]: +----[SHA256]-----+
2024-04-22T00:31:16.147 INFO:teuthology.orchestra.run.smithi018.stdout:/usr/bin/ceph: stderr
2024-04-22T00:31:15.099+0000 7ff373a51700 1 Processor -- start
2024-04-22T00:31:16.147 INFO:teuthology.orchestra.run.smithi018.stdout:/usr/bin/ceph: stderr
2024-04-22T00:31:15.099+0000 7ff373a51700 1 -- start start
2024-04-22T00:31:16.147 INFO:teuthology.orchestra.run.smithi018.stdout:/usr/bin/ceph: stderr
2024-04-22T00:31:15.099+0000 7ff373a51700 1 --2- >> [v2:172.21.15.18:3300/0,v1:172.21.15.18:6789/0] conn(0x7ff36c107c30 0x7ff36c108050 unknown :-1 s=NONE pgs=0 cs=0 l=0 rev1=0 crypto rx=0 tx=0 comp rx=0 tx=0).connect
2024-04-22T00:31:16.147 INFO:teuthology.orchestra.run.smithi018.stdout:/usr/bin/ceph: stderr
2024-04-22T00:31:15.099+0000 7ff373a51700 1 -- --> [v2:172.21.15.18:3300/0,v1:172.21.15.18:6789/0] -- mon_getmap magic: 0 -- 0x7ff36c108620 con 0x7ff36c107c30
2024-04-22T00:31:16.147 INFO:teuthology.orchestra.run.smithi018.stdout:/usr/bin/ceph: stderr
2024-04-22T00:31:15.100+0000 7ff3717ed700 1 --2- >> [v2:172.21.15.18:3300/0,v1:172.21.15.18:6789/0] conn(0x7ff36c107c30 0x7ff36c108050 unknown :-1 s=BANNER_CONNECTING pgs=0 cs=0 l=0 rev1=0 crypto rx=0 tx=0 comp rx=0 tx=0)._handle_peer_banner_payload supported=3 required=0
2024-04-22T00:31:16.147 INFO:teuthology.orchestra.run.smithi018.stdout:/usr/bin/ceph: stderr
2024-04-22T00:31:15.100+0000 7ff3717ed700 1 --2- >> [v2:172.21.15.18:3300/0,v1:172.21.15.18:6789/0] conn(0x7ff36c107c30 0x7ff36c108050 unknown :-1 s=HELLO_CONNECTING pgs=0 cs=0 l=0 rev1=1 crypto rx=0 tx=0 comp rx=0 tx=0).handle_hello peer v2:172.21.15.18:3300/0 says I am v2:172.21.15.18:37622/0 (socket says 172.21.15.18:37622)
2024-04-22T00:31:16.147 INFO:teuthology.orchestra.run.smithi018.stdout:/usr/bin/ceph: stderr
2024-04-22T00:31:15.100+0000 7ff3717ed700 1 -- 172.21.15.18:0/352629435 learned_addr learned my addr 172.21.15.18:0/352629435 (peer_addr_for_me v2:172.21.15.18:0/0)
2024-04-22T00:31:16.147 INFO:teuthology.orchestra.run.smithi018.stdout:/usr/bin/ceph: stderr
2024-04-22T00:31:15.100+0000 7ff3717ed700 1 -- 172.21.15.18:0/352629435 --> [v2:172.21.15.18:3300/0,v1:172.21.15.18:6789/0] -- mon_subscribe({config=0+,monmap=0+}) -- 0x7ff36c108d90 con 0x7ff36c107c30
2024-04-22T00:31:16.147 INFO:teuthology.orchestra.run.smithi018.stdout:/usr/bin/ceph: stderr
2024-04-22T00:31:15.100+0000 7ff3717ed700 1 --2- 172.21.15.18:0/352629435 >> [v2:172.21.15.18:3300/0,v1:172.21.15.18:6789/0] conn(0x7ff36c107c30 0x7ff36c108050 secure :-1 s=READY pgs=41 cs=0 l=1 rev1=1 crypto rx=0x7ff3640098a0 tx=0x7ff364009bb0 comp rx=0 tx=0).ready entity=mon.0 client_cookie=df9022476139c09 server_cookie=0 in_seq=0 out_seq=0
2024-04-22T00:31:16.147 INFO:teuthology.orchestra.run.smithi018.stdout:/usr/bin/ceph: stderr
2024-04-22T00:31:15.100+0000 7ff36bfff700 1 -- 172.21.15.18:0/352629435 <== mon.0 v2:172.21.15.18:3300/0 1 ==== mon_map magic: 0 ==== 205+0+0 (secure 0 0 0) 0x7ff364004160 con 0x7ff36c107c30
2024-04-22T00:31:16.148 INFO:teuthology.orchestra.run.smithi018.stdout:/usr/bin/ceph: stderr
2024-04-22T00:31:15.100+0000 7ff36bfff700 1 -- 172.21.15.18:0/352629435 <== mon.0 v2:172.21.15.18:3300/0 2 ==== config(27 keys) ==== 1109+0+0 (secure 0 0 0) 0x7ff364004300 con 0x7ff36c107c30
2024-04-22T00:31:16.148 INFO:teuthology.orchestra.run.smithi018.stdout:/usr/bin/ceph: stderr
2024-04-22T00:31:15.100+0000 7ff36bfff700 1 -- 172.21.15.18:0/352629435 <== mon.0 v2:172.21.15.18:3300/0 3 ==== mon_map magic: 0 ==== 205+0+0 (secure 0 0 0) 0x7ff364011b50 con 0x7ff36c107c30
2024-04-22T00:31:16.148 INFO:teuthology.orchestra.run.smithi018.stdout:/usr/bin/ceph: stderr
2024-04-22T00:31:15.101+0000 7ff373a51700 1 -- 172.21.15.18:0/352629435 >> [v2:172.21.15.18:3300/0,v1:172.21.15.18:6789/0] conn(0x7ff36c107c30 msgr2=0x7ff36c108050 secure :-1 s=STATE_CONNECTION_ESTABLISHED l=1).mark_down
2024-04-22T00:31:16.148 INFO:teuthology.orchestra.run.smithi018.stdout:/usr/bin/ceph: stderr
2024-04-22T00:31:15.101+0000 7ff373a51700 1 --2- 172.21.15.18:0/352629435 >> [v2:172.21.15.18:3300/0,v1:172.21.15.18:6789/0] conn(0x7ff36c107c30 0x7ff36c108050 secure :-1 s=READY pgs=41 cs=0 l=1 rev1=1 crypto rx=0x7ff3640098a0 tx=0x7ff364009bb0 comp rx=0 tx=0).stop
2024-04-22T00:31:16.148 INFO:teuthology.orchestra.run.smithi018.stdout:/usr/bin/ceph: stderr
2024-04-22T00:31:15.101+0000 7ff373a51700 1 -- 172.21.15.18:0/352629435 shutdown_connections
2024-04-22T00:31:16.148 INFO:teuthology.orchestra.run.smithi018.stdout:/usr/bin/ceph: stderr
2024-04-22T00:31:15.101+0000 7ff373a51700 1 --2- 172.21.15.18:0/352629435 >> [v2:172.21.15.18:3300/0,v1:172.21.15.18:6789/0] conn(0x7ff36c107c30 0x7ff36c108050 unknown :-1 s=CLOSED pgs=41 cs=0 l=1 rev1=1 crypto rx=0 tx=0 comp rx=0 tx=0).stop
2024-04-22T00:31:16.148 INFO:teuthology.orchestra.run.smithi018.stdout:/usr/bin/ceph: stderr
2024-04-22T00:31:15.101+0000 7ff373a51700 1 -- 172.21.15.18:0/352629435 >> 172.21.15.18:0/352629435 conn(0x7ff36c103190 msgr2=0x7ff36c105610 unknown :-1 s=STATE_NONE l=0).mark_down
2024-04-22T00:31:16.148 INFO:teuthology.orchestra.run.smithi018.stdout:/usr/bin/ceph: stderr
2024-04-22T00:31:15.101+0000 7ff373a51700 1 -- 172.21.15.18:0/352629435 shutdown_connections
2024-04-22T00:31:16.148 INFO:teuthology.orchestra.run.smithi018.stdout:/usr/bin/ceph: stderr
2024-04-22T00:31:15.101+0000 7ff373a51700 1 -- 172.21.15.18:0/352629435 wait complete.
2024-04-22T00:31:16.148 INFO:teuthology.orchestra.run.smithi018.stdout:/usr/bin/ceph: stderr
2024-04-22T00:31:15.102+0000 7ff373a51700 1 Processor -- start
2024-04-22T00:31:16.148 INFO:teuthology.orchestra.run.smithi018.stdout:/usr/bin/ceph: stderr
2024-04-22T00:31:15.102+0000 7ff373a51700 1 -- start start
2024-04-22T00:31:16.148 INFO:teuthology.orchestra.run.smithi018.stdout:/usr/bin/ceph: stderr
2024-04-22T00:31:15.102+0000 7ff373a51700 1 --2- >> [v2:172.21.15.18:3300/0,v1:172.21.15.18:6789/0] conn(0x7ff36c107c30 0x7ff36c19bb80 unknown :-1 s=NONE pgs=0 cs=0 l=1 rev1=0 crypto rx=0 tx=0 comp rx=0 tx=0).connect
2024-04-22T00:31:16.148 INFO:teuthology.orchestra.run.smithi018.stdout:/usr/bin/ceph: stderr
2024-04-22T00:31:15.102+0000 7ff373a51700 1 -- --> [v2:172.21.15.18:3300/0,v1:172.21.15.18:6789/0] -- mon_getmap magic: 0 -- 0x7ff36c10c140 con 0x7ff36c107c30
2024-04-22T00:31:16.149 INFO:teuthology.orchestra.run.smithi018.stdout:/usr/bin/ceph: stderr
2024-04-22T00:31:15.102+0000 7ff3717ed700 1 --2- >> [v2:172.21.15.18:3300/0,v1:172.21.15.18:6789/0] conn(0x7ff36c107c30 0x7ff36c19bb80 unknown :-1 s=BANNER_CONNECTING pgs=0 cs=0 l=1 rev1=0 crypto rx=0 tx=0 comp rx=0 tx=0)._handle_peer_banner_payload supported=3 required=0
2024-04-22T00:31:16.149 INFO:teuthology.orchestra.run.smithi018.stdout:/usr/bin/ceph: stderr
2024-04-22T00:31:15.102+0000 7ff3717ed700 1 --2- >> [v2:172.21.15.18:3300/0,v1:172.21.15.18:6789/0] conn(0x7ff36c107c30 0x7ff36c19bb80 unknown :-1 s=HELLO_CONNECTING pgs=0 cs=0 l=1 rev1=1 crypto rx=0 tx=0 comp rx=0 tx=0).handle_hello peer v2:172.21.15.18:3300/0 says I am v2:172.21.15.18:37628/0 (socket says 172.21.15.18:37628)
2024-04-22T00:31:16.149 INFO:teuthology.orchestra.run.smithi018.stdout:/usr/bin/ceph: stderr
2024-04-22T00:31:15.102+0000 7ff3717ed700 1 -- 172.21.15.18:0/2872080895 learned_addr learned my addr 172.21.15.18:0/2872080895 (peer_addr_for_me v2:172.21.15.18:0/0)
2024-04-22T00:31:16.149 INFO:teuthology.orchestra.run.smithi018.stdout:/usr/bin/ceph: stderr
2024-04-22T00:31:15.102+0000 7ff3717ed700 1 -- 172.21.15.18:0/2872080895 --> [v2:172.21.15.18:3300/0,v1:172.21.15.18:6789/0] -- mon_subscribe({config=0+,monmap=0+}) -- 0x7ff36c19c0c0 con 0x7ff36c107c30
2024-04-22T00:31:16.149 INFO:teuthology.orchestra.run.smithi018.stdout:/usr/bin/ceph: stderr
2024-04-22T00:31:15.103+0000 7ff3717ed700 1 --2- 172.21.15.18:0/2872080895 >> [v2:172.21.15.18:3300/0,v1:172.21.15.18:6789/0] conn(0x7ff36c107c30 0x7ff36c19bb80 secure :-1 s=READY pgs=42 cs=0 l=1 rev1=1 crypto rx=0x7ff364009fb0 tx=0x7ff364011bf0 comp rx=0 tx=0).ready entity=mon.0 client_cookie=0 server_cookie=0 in_seq=0 out_seq=0
2024-04-22T00:31:16.149 INFO:teuthology.orchestra.run.smithi018.stdout:/usr/bin/ceph: stderr
2024-04-22T00:31:15.103+0000 7ff36a7fc700 1 -- 172.21.15.18:0/2872080895 <== mon.0 v2:172.21.15.18:3300/0 1 ==== mon_map magic: 0 ==== 205+0+0 (secure 0 0 0) 0x7ff3640038b0 con 0x7ff36c107c30
2024-04-22T00:31:16.149 INFO:teuthology.orchestra.run.smithi018.stdout:/usr/bin/ceph: stderr
2024-04-22T00:31:15.103+0000 7ff373a51700 1 -- 172.21.15.18:0/2872080895 --> [v2:172.21.15.18:3300/0,v1:172.21.15.18:6789/0] -- mon_subscribe({mgrmap=0+}) -- 0x7ff36c19c350 con 0x7ff36c107c30
2024-04-22T00:31:16.149 INFO:teuthology.orchestra.run.smithi018.stdout:/usr/bin/ceph: stderr
2024-04-22T00:31:15.103+0000 7ff36a7fc700 1 -- 172.21.15.18:0/2872080895 <== mon.0 v2:172.21.15.18:3300/0 2 ==== config(27 keys) ==== 1109+0+0 (secure 0 0 0) 0x7ff364011e50 con 0x7ff36c107c30
2024-04-22T00:31:16.149 INFO:teuthology.orchestra.run.smithi018.stdout:/usr/bin/ceph: stderr
2024-04-22T00:31:15.103+0000 7ff36a7fc700 1 -- 172.21.15.18:0/2872080895 <== mon.0 v2:172.21.15.18:3300/0 3 ==== mon_map magic: 0 ==== 205+0+0 (secure 0 0 0) 0x7ff364019550 con 0x7ff36c107c30
2024-04-22T00:31:16.149 INFO:teuthology.orchestra.run.smithi018.stdout:/usr/bin/ceph: stderr
2024-04-22T00:31:15.103+0000 7ff373a51700 1 -- 172.21.15.18:0/2872080895 --> [v2:172.21.15.18:3300/0,v1:172.21.15.18:6789/0] -- mon_subscribe({osdmap=0}) -- 0x7ff36c19f040 con 0x7ff36c107c30
2024-04-22T00:31:16.149 INFO:teuthology.orchestra.run.smithi018.stdout:/usr/bin/ceph: stderr
2024-04-22T00:31:15.104+0000 7ff36a7fc700 1 -- 172.21.15.18:0/2872080895 <== mon.0 v2:172.21.15.18:3300/0 4 ==== mgrmap(e 8) ==== 46287+0+0 (secure 0 0 0) 0x7ff364003a50 con 0x7ff36c107c30
2024-04-22T00:31:16.149 INFO:teuthology.orchestra.run.smithi018.stdout:/usr/bin/ceph: stderr
2024-04-22T00:31:15.104+0000 7ff36a7fc700 1 --2- 172.21.15.18:0/2872080895 >> [v2:172.21.15.18:6800/2897837517,v1:172.21.15.18:6801/2897837517] conn(0x7ff354039000 0x7ff35403b4c0 unknown :-1 s=NONE pgs=0 cs=0 l=1 rev1=0 crypto rx=0 tx=0 comp rx=0 tx=0).connect
2024-04-22T00:31:16.149 INFO:teuthology.orchestra.run.smithi018.stdout:/usr/bin/ceph: stderr
2024-04-22T00:31:15.104+0000 7ff373a51700 1 -- 172.21.15.18:0/2872080895 --> [v2:172.21.15.18:3300/0,v1:172.21.15.18:6789/0] -- mon_command({"prefix": "get_command_descriptions"} v 0) -- 0x7ff36c063890 con 0x7ff36c107c30
2024-04-22T00:31:16.149 INFO:teuthology.orchestra.run.smithi018.stdout:/usr/bin/ceph: stderr
2024-04-22T00:31:15.104+0000 7ff36a7fc700 1 -- 172.21.15.18:0/2872080895 <== mon.0 v2:172.21.15.18:3300/0 5 ==== osd_map(2..2 src has 1..2) ==== 940+0+0 (secure 0 0 0) 0x7ff36404d310 con 0x7ff36c107c30
2024-04-22T00:31:16.149 INFO:teuthology.orchestra.run.smithi018.stdout:/usr/bin/ceph: stderr
2024-04-22T00:31:15.104+0000 7ff370fec700 1 --2- 172.21.15.18:0/2872080895 >> [v2:172.21.15.18:6800/2897837517,v1:172.21.15.18:6801/2897837517] conn(0x7ff354039000 0x7ff35403b4c0 unknown :-1 s=BANNER_CONNECTING pgs=0 cs=0 l=1 rev1=0 crypto rx=0 tx=0 comp rx=0 tx=0)._handle_peer_banner_payload supported=3 required=0
2024-04-22T00:31:16.150 INFO:teuthology.orchestra.run.smithi018.stdout:/usr/bin/ceph: stderr
2024-04-22T00:31:15.104+0000 7ff370fec700 1 --2- 172.21.15.18:0/2872080895 >> [v2:172.21.15.18:6800/2897837517,v1:172.21.15.18:6801/2897837517] conn(0x7ff354039000 0x7ff35403b4c0 secure :-1 s=READY pgs=9 cs=0 l=1 rev1=1 crypto rx=0x7ff360006fd0 tx=0x7ff360006e40 comp rx=0 tx=0).ready entity=mgr.14120 client_cookie=0 server_cookie=0 in_seq=0 out_seq=0
2024-04-22T00:31:16.150 INFO:teuthology.orchestra.run.smithi018.stdout:/usr/bin/ceph: stderr
2024-04-22T00:31:15.109+0000 7ff36a7fc700 1 -- 172.21.15.18:0/2872080895 <== mon.0 v2:172.21.15.18:3300/0 6 ==== mon_command_ack([{"prefix": "get_command_descriptions"}]=0 v0) ==== 72+0+186074 (secure 0 0 0) 0x7ff36400fda0 con 0x7ff36c107c30
2024-04-22T00:31:16.150 INFO:teuthology.orchestra.run.smithi018.stdout:/usr/bin/ceph: stderr
2024-04-22T00:31:15.316+0000 7ff373a51700 1 -- 172.21.15.18:0/2872080895 --> [v2:172.21.15.18:6800/2897837517,v1:172.21.15.18:6801/2897837517] -- mgr_command(tid 0: {"prefix": "cephadm generate-key", "target": ["mon-mgr", ""]}) -- 0x7ff36c104470 con 0x7ff354039000
2024-04-22T00:31:16.150 INFO:teuthology.orchestra.run.smithi018.stdout:/usr/bin/ceph: stderr
2024-04-22T00:31:15.556+0000 7ff36a7fc700 1 -- 172.21.15.18:0/2872080895 <== mgr.14120 v2:172.21.15.18:6800/2897837517 1 ==== mgr_command_reply(tid 0: 0 ) ==== 8+0+0 (secure 0 0 0) 0x7ff36c104470 con 0x7ff354039000
