2024-04-22T00:31:42.078+0000 7f06f4be5700 1 -- 172.21.15.18:0/865843029 >> 172.21.15.18:0/865843029 conn(0x7f06f01031e0 msgr2=0x7f06f0103c50 unknown :-1 s=STATE_NONE l=0).mark_down
2024-04-22T00:31:43.261 INFO:teuthology.orchestra.run.smithi018.stdout:/usr/bin/ceph: stderr
2024-04-22T00:31:42.078+0000 7f06f4be5700 1 -- 172.21.15.18:0/865843029 shutdown_connections
2024-04-22T00:31:43.261 INFO:teuthology.orchestra.run.smithi018.stdout:/usr/bin/ceph: stderr
2024-04-22T00:31:42.078+0000 7f06f4be5700 1 -- 172.21.15.18:0/865843029 wait complete.
2024-04-22T00:31:43.261 INFO:teuthology.orchestra.run.smithi018.stdout:Fetching dashboard port number...
2024-04-22T00:31:44.159 INFO:journalctl@ceph.mon.a.smithi018.stdout:Apr 22 00:31:43 smithi018 ceph-mon[27979]: from='client.? 172.21.15.18:0/856993449' entity='client.admin' cmd=[{"prefix": "config get", "who": "mgr", "key": "mgr/dashboard/ssl_server_port"}]: dispatch
2024-04-22T00:31:44.395 INFO:teuthology.orchestra.run.smithi018.stdout:/usr/bin/ceph: stdout 8443
2024-04-22T00:31:44.395 INFO:teuthology.orchestra.run.smithi018.stdout:/usr/bin/ceph: stderr
2024-04-22T00:31:43.685+0000 7f0f6d5ea700 1 Processor -- start
2024-04-22T00:31:44.395 INFO:teuthology.orchestra.run.smithi018.stdout:/usr/bin/ceph: stderr
2024-04-22T00:31:43.685+0000 7f0f6d5ea700 1 -- start start
2024-04-22T00:31:44.395 INFO:teuthology.orchestra.run.smithi018.stdout:/usr/bin/ceph: stderr
2024-04-22T00:31:43.685+0000 7f0f6d5ea700 1 --2- >> [v2:172.21.15.18:3300/0,v1:172.21.15.18:6789/0] conn(0x7f0f68107c10 0x7f0f68108030 unknown :-1 s=NONE pgs=0 cs=0 l=0 rev1=0 crypto rx=0 tx=0 comp rx=0 tx=0).connect
2024-04-22T00:31:44.395 INFO:teuthology.orchestra.run.smithi018.stdout:/usr/bin/ceph: stderr
2024-04-22T00:31:43.685+0000 7f0f6d5ea700 1 -- --> [v2:172.21.15.18:3300/0,v1:172.21.15.18:6789/0] -- mon_getmap magic: 0 -- 0x7f0f68108600 con 0x7f0f68107c10
2024-04-22T00:31:44.395 INFO:teuthology.orchestra.run.smithi018.stdout:/usr/bin/ceph: stderr
2024-04-22T00:31:43.685+0000 7f0f66ffd700 1 --2- >> [v2:172.21.15.18:3300/0,v1:172.21.15.18:6789/0] conn(0x7f0f68107c10 0x7f0f68108030 unknown :-1 s=BANNER_CONNECTING pgs=0 cs=0 l=0 rev1=0 crypto rx=0 tx=0 comp rx=0 tx=0)._handle_peer_banner_payload supported=3 required=0
2024-04-22T00:31:44.395 INFO:teuthology.orchestra.run.smithi018.stdout:/usr/bin/ceph: stderr
2024-04-22T00:31:43.685+0000 7f0f66ffd700 1 --2- >> [v2:172.21.15.18:3300/0,v1:172.21.15.18:6789/0] conn(0x7f0f68107c10 0x7f0f68108030 unknown :-1 s=HELLO_CONNECTING pgs=0 cs=0 l=0 rev1=1 crypto rx=0 tx=0 comp rx=0 tx=0).handle_hello peer v2:172.21.15.18:3300/0 says I am v2:172.21.15.18:51050/0 (socket says 172.21.15.18:51050)
2024-04-22T00:31:44.396 INFO:teuthology.orchestra.run.smithi018.stdout:/usr/bin/ceph: stderr
2024-04-22T00:31:43.685+0000 7f0f66ffd700 1 -- 172.21.15.18:0/215259757 learned_addr learned my addr 172.21.15.18:0/215259757 (peer_addr_for_me v2:172.21.15.18:0/0)
2024-04-22T00:31:44.396 INFO:teuthology.orchestra.run.smithi018.stdout:/usr/bin/ceph: stderr
2024-04-22T00:31:43.686+0000 7f0f66ffd700 1 -- 172.21.15.18:0/215259757 --> [v2:172.21.15.18:3300/0,v1:172.21.15.18:6789/0] -- mon_subscribe({config=0+,monmap=0+}) -- 0x7f0f68108dc0 con 0x7f0f68107c10
2024-04-22T00:31:44.396 INFO:teuthology.orchestra.run.smithi018.stdout:/usr/bin/ceph: stderr
2024-04-22T00:31:43.686+0000 7f0f66ffd700 1 --2- 172.21.15.18:0/215259757 >> [v2:172.21.15.18:3300/0,v1:172.21.15.18:6789/0] conn(0x7f0f68107c10 0x7f0f68108030 secure :-1 s=READY pgs=74 cs=0 l=1 rev1=1 crypto rx=0x7f0f580098a0 tx=0x7f0f58009bb0 comp rx=0 tx=0).ready entity=mon.0 client_cookie=618ef5f0db2ed555 server_cookie=0 in_seq=0 out_seq=0
2024-04-22T00:31:44.396 INFO:teuthology.orchestra.run.smithi018.stdout:/usr/bin/ceph: stderr
2024-04-22T00:31:43.686+0000 7f0f65ffb700 1 -- 172.21.15.18:0/215259757 <== mon.0 v2:172.21.15.18:3300/0 1 ==== mon_map magic: 0 ==== 205+0+0 (secure 0 0 0) 0x7f0f58004160 con 0x7f0f68107c10
2024-04-22T00:31:44.396 INFO:teuthology.orchestra.run.smithi018.stdout:/usr/bin/ceph: stderr
2024-04-22T00:31:43.686+0000 7f0f65ffb700 1 -- 172.21.15.18:0/215259757 <== mon.0 v2:172.21.15.18:3300/0 2 ==== config(27 keys) ==== 1140+0+0 (secure 0 0 0) 0x7f0f58004300 con 0x7f0f68107c10
2024-04-22T00:31:44.396 INFO:teuthology.orchestra.run.smithi018.stdout:/usr/bin/ceph: stderr
2024-04-22T00:31:43.686+0000 7f0f65ffb700 1 -- 172.21.15.18:0/215259757 <== mon.0 v2:172.21.15.18:3300/0 3 ==== mon_map magic: 0 ==== 205+0+0 (secure 0 0 0) 0x7f0f58011b20 con 0x7f0f68107c10
2024-04-22T00:31:44.396 INFO:teuthology.orchestra.run.smithi018.stdout:/usr/bin/ceph: stderr
2024-04-22T00:31:43.686+0000 7f0f6d5ea700 1 -- 172.21.15.18:0/215259757 >> [v2:172.21.15.18:3300/0,v1:172.21.15.18:6789/0] conn(0x7f0f68107c10 msgr2=0x7f0f68108030 secure :-1 s=STATE_CONNECTION_ESTABLISHED l=1).mark_down
2024-04-22T00:31:44.396 INFO:teuthology.orchestra.run.smithi018.stdout:/usr/bin/ceph: stderr
2024-04-22T00:31:43.686+0000 7f0f6d5ea700 1 --2- 172.21.15.18:0/215259757 >> [v2:172.21.15.18:3300/0,v1:172.21.15.18:6789/0] conn(0x7f0f68107c10 0x7f0f68108030 secure :-1 s=READY pgs=74 cs=0 l=1 rev1=1 crypto rx=0x7f0f580098a0 tx=0x7f0f58009bb0 comp rx=0 tx=0).stop
2024-04-22T00:31:44.396 INFO:teuthology.orchestra.run.smithi018.stdout:/usr/bin/ceph: stderr
2024-04-22T00:31:43.687+0000 7f0f6d5ea700 1 -- 172.21.15.18:0/215259757 shutdown_connections
2024-04-22T00:31:44.396 INFO:teuthology.orchestra.run.smithi018.stdout:/usr/bin/ceph: stderr
2024-04-22T00:31:43.687+0000 7f0f6d5ea700 1 --2- 172.21.15.18:0/215259757 >> [v2:172.21.15.18:3300/0,v1:172.21.15.18:6789/0] conn(0x7f0f68107c10 0x7f0f68108030 unknown :-1 s=CLOSED pgs=74 cs=0 l=1 rev1=1 crypto rx=0 tx=0 comp rx=0 tx=0).stop
2024-04-22T00:31:44.396 INFO:teuthology.orchestra.run.smithi018.stdout:/usr/bin/ceph: stderr
2024-04-22T00:31:43.687+0000 7f0f6d5ea700 1 -- 172.21.15.18:0/215259757 >> 172.21.15.18:0/215259757 conn(0x7f0f68103190 msgr2=0x7f0f681055f0 unknown :-1 s=STATE_NONE l=0).mark_down
2024-04-22T00:31:44.396 INFO:teuthology.orchestra.run.smithi018.stdout:/usr/bin/ceph: stderr
2024-04-22T00:31:43.687+0000 7f0f6d5ea700 1 -- 172.21.15.18:0/215259757 shutdown_connections
2024-04-22T00:31:44.396 INFO:teuthology.orchestra.run.smithi018.stdout:/usr/bin/ceph: stderr
2024-04-22T00:31:43.687+0000 7f0f6d5ea700 1 -- 172.21.15.18:0/215259757 wait complete.
2024-04-22T00:31:44.397 INFO:teuthology.orchestra.run.smithi018.stdout:/usr/bin/ceph: stderr
2024-04-22T00:31:43.687+0000 7f0f6d5ea700 1 Processor -- start
2024-04-22T00:31:44.397 INFO:teuthology.orchestra.run.smithi018.stdout:/usr/bin/ceph: stderr
2024-04-22T00:31:43.687+0000 7f0f6d5ea700 1 -- start start
2024-04-22T00:31:44.397 INFO:teuthology.orchestra.run.smithi018.stdout:/usr/bin/ceph: stderr
2024-04-22T00:31:43.687+0000 7f0f6d5ea700 1 --2- >> [v2:172.21.15.18:3300/0,v1:172.21.15.18:6789/0] conn(0x7f0f68107c10 0x7f0f6819bb70 unknown :-1 s=NONE pgs=0 cs=0 l=1 rev1=0 crypto rx=0 tx=0 comp rx=0 tx=0).connect
2024-04-22T00:31:44.397 INFO:teuthology.orchestra.run.smithi018.stdout:/usr/bin/ceph: stderr
2024-04-22T00:31:43.688+0000 7f0f6d5ea700 1 -- --> [v2:172.21.15.18:3300/0,v1:172.21.15.18:6789/0] -- mon_getmap magic: 0 -- 0x7f0f6810c170 con 0x7f0f68107c10
2024-04-22T00:31:44.397 INFO:teuthology.orchestra.run.smithi018.stdout:/usr/bin/ceph: stderr
2024-04-22T00:31:43.688+0000 7f0f66ffd700 1 --2- >> [v2:172.21.15.18:3300/0,v1:172.21.15.18:6789/0] conn(0x7f0f68107c10 0x7f0f6819bb70 unknown :-1 s=BANNER_CONNECTING pgs=0 cs=0 l=1 rev1=0 crypto rx=0 tx=0 comp rx=0 tx=0)._handle_peer_banner_payload supported=3 required=0
2024-04-22T00:31:44.397 INFO:teuthology.orchestra.run.smithi018.stdout:/usr/bin/ceph: stderr
2024-04-22T00:31:43.688+0000 7f0f66ffd700 1 --2- >> [v2:172.21.15.18:3300/0,v1:172.21.15.18:6789/0] conn(0x7f0f68107c10 0x7f0f6819bb70 unknown :-1 s=HELLO_CONNECTING pgs=0 cs=0 l=1 rev1=1 crypto rx=0 tx=0 comp rx=0 tx=0).handle_hello peer v2:172.21.15.18:3300/0 says I am v2:172.21.15.18:51056/0 (socket says 172.21.15.18:51056)
2024-04-22T00:31:44.397 INFO:teuthology.orchestra.run.smithi018.stdout:/usr/bin/ceph: stderr
2024-04-22T00:31:43.688+0000 7f0f66ffd700 1 -- 172.21.15.18:0/856993449 learned_addr learned my addr 172.21.15.18:0/856993449 (peer_addr_for_me v2:172.21.15.18:0/0)
2024-04-22T00:31:44.397 INFO:teuthology.orchestra.run.smithi018.stdout:/usr/bin/ceph: stderr
2024-04-22T00:31:43.688+0000 7f0f66ffd700 1 -- 172.21.15.18:0/856993449 --> [v2:172.21.15.18:3300/0,v1:172.21.15.18:6789/0] -- mon_subscribe({config=0+,monmap=0+}) -- 0x7f0f6819c0b0 con 0x7f0f68107c10
2024-04-22T00:31:44.397 INFO:teuthology.orchestra.run.smithi018.stdout:/usr/bin/ceph: stderr
2024-04-22T00:31:43.688+0000 7f0f66ffd700 1 --2- 172.21.15.18:0/856993449 >> [v2:172.21.15.18:3300/0,v1:172.21.15.18:6789/0] conn(0x7f0f68107c10 0x7f0f6819bb70 secure :-1 s=READY pgs=75 cs=0 l=1 rev1=1 crypto rx=0x7f0f580116a0 tx=0x7f0f58011ba0 comp rx=0 tx=0).ready entity=mon.0 client_cookie=0 server_cookie=0 in_seq=0 out_seq=0
2024-04-22T00:31:44.397 INFO:teuthology.orchestra.run.smithi018.stdout:/usr/bin/ceph: stderr
2024-04-22T00:31:43.688+0000 7f0f5ffff700 1 -- 172.21.15.18:0/856993449 <== mon.0 v2:172.21.15.18:3300/0 1 ==== mon_map magic: 0 ==== 205+0+0 (secure 0 0 0) 0x7f0f58003a40 con 0x7f0f68107c10
2024-04-22T00:31:44.397 INFO:teuthology.orchestra.run.smithi018.stdout:/usr/bin/ceph: stderr
2024-04-22T00:31:43.688+0000 7f0f5ffff700 1 -- 172.21.15.18:0/856993449 <== mon.0 v2:172.21.15.18:3300/0 2 ==== config(27 keys) ==== 1140+0+0 (secure 0 0 0) 0x7f0f58003be0 con 0x7f0f68107c10
2024-04-22T00:31:44.397 INFO:teuthology.orchestra.run.smithi018.stdout:/usr/bin/ceph: stderr
2024-04-22T00:31:43.688+0000 7f0f6d5ea700 1 -- 172.21.15.18:0/856993449 --> [v2:172.21.15.18:3300/0,v1:172.21.15.18:6789/0] -- mon_subscribe({mgrmap=0+}) -- 0x7f0f6819c340 con 0x7f0f68107c10
2024-04-22T00:31:44.397 INFO:teuthology.orchestra.run.smithi018.stdout:/usr/bin/ceph: stderr
2024-04-22T00:31:43.688+0000 7f0f5ffff700 1 -- 172.21.15.18:0/856993449 <== mon.0 v2:172.21.15.18:3300/0 3 ==== mon_map magic: 0 ==== 205+0+0 (secure 0 0 0) 0x7f0f5801a720 con 0x7f0f68107c10
2024-04-22T00:31:44.398 INFO:teuthology.orchestra.run.smithi018.stdout:/usr/bin/ceph: stderr
2024-04-22T00:31:43.688+0000 7f0f6d5ea700 1 -- 172.21.15.18:0/856993449 --> [v2:172.21.15.18:3300/0,v1:172.21.15.18:6789/0] -- mon_subscribe({osdmap=0}) -- 0x7f0f6819c7a0 con 0x7f0f68107c10
2024-04-22T00:31:44.398 INFO:teuthology.orchestra.run.smithi018.stdout:/usr/bin/ceph: stderr
2024-04-22T00:31:43.689+0000 7f0f5ffff700 1 -- 172.21.15.18:0/856993449 <== mon.0 v2:172.21.15.18:3300/0 4 ==== mgrmap(e 12) ==== 46300+0+0 (secure 0 0 0) 0x7f0f5801aa50 con 0x7f0f68107c10
2024-04-22T00:31:44.398 INFO:teuthology.orchestra.run.smithi018.stdout:/usr/bin/ceph: stderr
2024-04-22T00:31:43.689+0000 7f0f6d5ea700 1 -- 172.21.15.18:0/856993449 --> [v2:172.21.15.18:3300/0,v1:172.21.15.18:6789/0] -- mon_command({"prefix": "get_command_descriptions"} v 0) -- 0x7f0f68063890 con 0x7f0f68107c10
2024-04-22T00:31:44.398 INFO:teuthology.orchestra.run.smithi018.stdout:/usr/bin/ceph: stderr
2024-04-22T00:31:43.689+0000 7f0f5ffff700 1 --2- 172.21.15.18:0/856993449 >> [v2:172.21.15.18:6800/3970211676,v1:172.21.15.18:6801/3970211676] conn(0x7f0f540390b0 0x7f0f5403b570 unknown :-1 s=NONE pgs=0 cs=0 l=1 rev1=0 crypto rx=0 tx=0 comp rx=0 tx=0).connect
2024-04-22T00:31:44.398 INFO:teuthology.orchestra.run.smithi018.stdout:/usr/bin/ceph: stderr
2024-04-22T00:31:43.689+0000 7f0f5ffff700 1 -- 172.21.15.18:0/856993449 <== mon.0 v2:172.21.15.18:3300/0 5 ==== osd_map(3..3 src has 1..3) ==== 1155+0+0 (secure 0 0 0) 0x7f0f5804d870 con 0x7f0f68107c10
2024-04-22T00:31:44.398 INFO:teuthology.orchestra.run.smithi018.stdout:/usr/bin/ceph: stderr
2024-04-22T00:31:43.689+0000 7f0f667fc700 1 --2- 172.21.15.18:0/856993449 >> [v2:172.21.15.18:6800/3970211676,v1:172.21.15.18:6801/3970211676] conn(0x7f0f540390b0 0x7f0f5403b570 unknown :-1 s=BANNER_CONNECTING pgs=0 cs=0 l=1 rev1=0 crypto rx=0 tx=0 comp rx=0 tx=0)._handle_peer_banner_payload supported=3 required=0
2024-04-22T00:31:44.398 INFO:teuthology.orchestra.run.smithi018.stdout:/usr/bin/ceph: stderr
2024-04-22T00:31:43.690+0000 7f0f667fc700 1 --2- 172.21.15.18:0/856993449 >> [v2:172.21.15.18:6800/3970211676,v1:172.21.15.18:6801/3970211676] conn(0x7f0f540390b0 0x7f0f5403b570 secure :-1 s=READY pgs=9 cs=0 l=1 rev1=1 crypto rx=0x7f0f50006fd0 tx=0x7f0f50006e40 comp rx=0 tx=0).ready entity=mgr.14152 client_cookie=0 server_cookie=0 in_seq=0 out_seq=0
2024-04-22T00:31:44.398 INFO:teuthology.orchestra.run.smithi018.stdout:/usr/bin/ceph: stderr
2024-04-22T00:31:43.695+0000 7f0f5ffff700 1 -- 172.21.15.18:0/856993449 <== mon.0 v2:172.21.15.18:3300/0 6 ==== mon_command_ack([{"prefix": "get_command_descriptions"}]=0 v0) ==== 72+0+186074 (secure 0 0 0) 0x7f0f58011e20 con 0x7f0f68107c10
2024-04-22T00:31:44.398 INFO:teuthology.orchestra.run.smithi018.stdout:/usr/bin/ceph: stderr
2024-04-22T00:31:43.900+0000 7f0f6d5ea700 1 -- 172.21.15.18:0/856993449 --> [v2:172.21.15.18:3300/0,v1:172.21.15.18:6789/0] -- mon_command({"prefix": "config get", "who": "mgr", "key": "mgr/dashboard/ssl_server_port"} v 0) -- 0x7f0f6819f170 con 0x7f0f68107c10
2024-04-22T00:31:44.398 INFO:teuthology.orchestra.run.smithi018.stdout:/usr/bin/ceph: stderr
2024-04-22T00:31:43.901+0000 7f0f5ffff700 1 -- 172.21.15.18:0/856993449 <== mon.0 v2:172.21.15.18:3300/0 7 ==== mon_command_ack([{"prefix": "config get", "who": "mgr", "key": "mgr/dashboard/ssl_server_port"}]=0 v8) ==== 112+0+5 (secure 0 0 0) 0x7f0f5800bc30 con 0x7f0f68107c10
2024-04-22T00:31:44.398 INFO:teuthology.orchestra.run.smithi018.stdout:/usr/bin/ceph: stderr
2024-04-22T00:31:43.903+0000 7f0f6d5ea700 1 -- 172.21.15.18:0/856993449 >> [v2:172.21.15.18:6800/3970211676,v1:172.21.15.18:6801/3970211676] conn(0x7f0f540390b0 msgr2=0x7f0f5403b570 secure :-1 s=STATE_CONNECTION_ESTABLISHED l=1).mark_down
2024-04-22T00:31:44.398 INFO:teuthology.orchestra.run.smithi018.stdout:/usr/bin/ceph: stderr
2024-04-22T00:31:43.903+0000 7f0f6d5ea700 1 --2- 172.21.15.18:0/856993449 >> [v2:172.21.15.18:6800/3970211676,v1:172.21.15.18:6801/3970211676] conn(0x7f0f540390b0 0x7f0f5403b570 secure :-1 s=READY pgs=9 cs=0 l=1 rev1=1 crypto rx=0x7f0f50006fd0 tx=0x7f0f50006e40 comp rx=0 tx=0).stop
2024-04-22T00:31:44.399 INFO:teuthology.orchestra.run.smithi018.stdout:/usr/bin/ceph: stderr
2024-04-22T00:31:43.903+0000 7f0f6d5ea700 1 -- 172.21.15.18:0/856993449 >> [v2:172.21.15.18:3300/0,v1:172.21.15.18:6789/0] conn(0x7f0f68107c10 msgr2=0x7f0f6819bb70 secure :-1 s=STATE_CONNECTION_ESTABLISHED l=1).mark_down
2024-04-22T00:31:44.399 INFO:teuthology.orchestra.run.smithi018.stdout:/usr/bin/ceph: stderr
2024-04-22T00:31:43.903+0000 7f0f6d5ea700 1 --2- 172.21.15.18:0/856993449 >> [v2:172.21.15.18:3300/0,v1:172.21.15.18:6789/0] conn(0x7f0f68107c10 0x7f0f6819bb70 secure :-1 s=READY pgs=75 cs=0 l=1 rev1=1 crypto rx=0x7f0f580116a0 tx=0x7f0f58011ba0 comp rx=0 tx=0).stop
2024-04-22T00:31:44.399 INFO:teuthology.orchestra.run.smithi018.stdout:/usr/bin/ceph: stderr
2024-04-22T00:31:43.903+0000 7f0f6d5ea700 1 -- 172.21.15.18:0/856993449 shutdown_connections
2024-04-22T00:31:44.399 INFO:teuthology.orchestra.run.smithi018.stdout:/usr/bin/ceph: stderr
2024-04-22T00:31:43.903+0000 7f0f6d5ea700 1 --2- 172.21.15.18:0/856993449 >> [v2:172.21.15.18:6800/3970211676,v1:172.21.15.18:6801/3970211676] conn(0x7f0f540390b0 0x7f0f5403b570 unknown :-1 s=CLOSED pgs=9 cs=0 l=1 rev1=1 crypto rx=0 tx=0 comp rx=0 tx=0).stop
2024-04-22T00:31:44.399 INFO:teuthology.orchestra.run.smithi018.stdout:/usr/bin/ceph: stderr
2024-04-22T00:31:43.903+0000 7f0f6d5ea700 1 --2- 172.21.15.18:0/856993449 >> [v2:172.21.15.18:3300/0,v1:172.21.15.18:6789/0] conn(0x7f0f68107c10 0x7f0f6819bb70 unknown :-1 s=CLOSED pgs=75 cs=0 l=1 rev1=1 crypto rx=0 tx=0 comp rx=0 tx=0).stop
2024-04-22T00:31:44.399 INFO:teuthology.orchestra.run.smithi018.stdout:/usr/bin/ceph: stderr
2024-04-22T00:31:43.903+0000 7f0f6d5ea700 1 -- 172.21.15.18:0/856993449 >> 172.21.15.18:0/856993449 conn(0x7f0f68103190 msgr2=0x7f0f68103cd0 unknown :-1 s=STATE_NONE l=0).mark_down
2024-04-22T00:31:44.399 INFO:teuthology.orchestra.run.smithi018.stdout:/usr/bin/ceph: stderr
2024-04-22T00:31:43.904+0000 7f0f6d5ea700 1 -- 172.21.15.18:0/856993449 shutdown_connections
2024-04-22T00:31:44.399 INFO:teuthology.orchestra.run.smithi018.stdout:/usr/bin/ceph: stderr
2024-04-22T00:31:43.904+0000 7f0f6d5ea700 1 -- 172.21.15.18:0/856993449 wait complete.
2024-04-22T00:31:44.401 INFO:teuthology.orchestra.run.smithi018.stdout:Non-zero exit code 1 from systemctl is-enabled firewalld.service
2024-04-22T00:31:44.401 INFO:teuthology.orchestra.run.smithi018.stdout:systemctl: stdout disabled
2024-04-22T00:31:44.408 INFO:teuthology.orchestra.run.smithi018.stdout:Non-zero exit code 3 from systemctl is-active firewalld.service
2024-04-22T00:31:44.409 INFO:teuthology.orchestra.run.smithi018.stdout:systemctl: stdout inactive
2024-04-22T00:31:44.409 INFO:teuthology.orchestra.run.smithi018.stdout:firewalld.service is not enabled
2024-04-22T00:31:44.409 INFO:teuthology.orchestra.run.smithi018.stdout:Not possible to open ports <[8443]>. firewalld.service is not available
2024-04-22T00:31:44.410 INFO:teuthology.orchestra.run.smithi018.stdout:Ceph Dashboard is now available at:
2024-04-22T00:31:44.410 INFO:teuthology.orchestra.run.smithi018.stdout:
2024-04-22T00:31:44.410 INFO:teuthology.orchestra.run.smithi018.stdout: URL: https://smithi018:8443/
2024-04-22T00:31:44.410 INFO:teuthology.orchestra.run.smithi018.stdout: User: admin
2024-04-22T00:31:44.410 INFO:teuthology.orchestra.run.smithi018.stdout: Password: 2xvg788uel
2024-04-22T00:31:44.410 INFO:teuthology.orchestra.run.smithi018.stdout:
2024-04-22T00:31:44.411 INFO:teuthology.orchestra.run.smithi018.stdout:Saving cluster configuration to /var/lib/ceph/6224d758-003f-11ef-bc93-c7b262605968/config directory
2024-04-22T00:31:44.411 INFO:teuthology.orchestra.run.smithi018.stdout:Enabling autotune for osd_memory_target
2024-04-22T00:31:45.057 INFO:journalctl@ceph.mon.a.smithi018.stdout:Apr 22 00:31:44 smithi018 ceph-mon[27979]: mgrmap e13: x(active, since 6s)
2024-04-22T00:31:45.583 INFO:teuthology.orchestra.run.smithi018.stdout:/usr/bin/ceph: stderr
2024-04-22T00:31:44.826+0000 7f17441ab700 1 Processor -- start
2024-04-22T00:31:45.583 INFO:teuthology.orchestra.run.smithi018.stdout:/usr/bin/ceph: stderr
2024-04-22T00:31:44.826+0000 7f17441ab700 1 -- start start
2024-04-22T00:31:45.584 INFO:teuthology.orchestra.run.smithi018.stdout:/usr/bin/ceph: stderr
2024-04-22T00:31:44.827+0000 7f17441ab700 1 --2- >> [v2:172.21.15.18:3300/0,v1:172.21.15.18:6789/0] conn(0x7f173c105e90 0x7f173c1062b0 unknown :-1 s=NONE pgs=0 cs=0 l=0 rev1=0 crypto rx=0 tx=0 comp rx=0 tx=0).connect
2024-04-22T00:31:45.584 INFO:teuthology.orchestra.run.smithi018.stdout:/usr/bin/ceph: stderr
2024-04-22T00:31:44.827+0000 7f17441ab700 1 -- --> [v2:172.21.15.18:3300/0,v1:172.21.15.18:6789/0] -- mon_getmap magic: 0 -- 0x7f173c106880 con 0x7f173c105e90
2024-04-22T00:31:45.584 INFO:teuthology.orchestra.run.smithi018.stdout:/usr/bin/ceph: stderr
2024-04-22T00:31:44.827+0000 7f1741f47700 1 --2- >> [v2:172.21.15.18:3300/0,v1:172.21.15.18:6789/0] conn(0x7f173c105e90 0x7f173c1062b0 unknown :-1 s=BANNER_CONNECTING pgs=0 cs=0 l=0 rev1=0 crypto rx=0 tx=0 comp rx=0 tx=0)._handle_peer_banner_payload supported=3 required=0
2024-04-22T00:31:45.584 INFO:teuthology.orchestra.run.smithi018.stdout:/usr/bin/ceph: stderr
2024-04-22T00:31:44.827+0000 7f1741f47700 1 --2- >> [v2:172.21.15.18:3300/0,v1:172.21.15.18:6789/0] conn(0x7f173c105e90 0x7f173c1062b0 unknown :-1 s=HELLO_CONNECTING pgs=0 cs=0 l=0 rev1=1 crypto rx=0 tx=0 comp rx=0 tx=0).handle_hello peer v2:172.21.15.18:3300/0 says I am v2:172.21.15.18:51064/0 (socket says 172.21.15.18:51064)
2024-04-22T00:31:45.584 INFO:teuthology.orchestra.run.smithi018.stdout:/usr/bin/ceph: stderr
2024-04-22T00:31:44.827+0000 7f1741f47700 1 -- 172.21.15.18:0/422852459 learned_addr learned my addr 172.21.15.18:0/422852459 (peer_addr_for_me v2:172.21.15.18:0/0)
2024-04-22T00:31:45.584 INFO:teuthology.orchestra.run.smithi018.stdout:/usr/bin/ceph: stderr
2024-04-22T00:31:44.827+0000 7f1741f47700 1 -- 172.21.15.18:0/422852459 --> [v2:172.21.15.18:3300/0,v1:172.21.15.18:6789/0] -- mon_subscribe({config=0+,monmap=0+}) -- 0x7f173c108ec0 con 0x7f173c105e90
2024-04-22T00:31:45.584 INFO:teuthology.orchestra.run.smithi018.stdout:/usr/bin/ceph: stderr
2024-04-22T00:31:44.827+0000 7f1741f47700 1 --2- 172.21.15.18:0/422852459 >> [v2:172.21.15.18:3300/0,v1:172.21.15.18:6789/0] conn(0x7f173c105e90 0x7f173c1062b0 secure :-1 s=READY pgs=76 cs=0 l=1 rev1=1 crypto rx=0x7f17380098a0 tx=0x7f1738009bb0 comp rx=0 tx=0).ready entity=mon.0 client_cookie=8d6f1a67bca2f509 server_cookie=0 in_seq=0 out_seq=0
2024-04-22T00:31:45.584 INFO:teuthology.orchestra.run.smithi018.stdout:/usr/bin/ceph: stderr
2024-04-22T00:31:44.827+0000 7f1740f45700 1 -- 172.21.15.18:0/422852459 <== mon.0 v2:172.21.15.18:3300/0 1 ==== mon_map magic: 0 ==== 205+0+0 (secure 0 0 0) 0x7f1738004160 con 0x7f173c105e90
2024-04-22T00:31:45.584 INFO:teuthology.orchestra.run.smithi018.stdout:/usr/bin/ceph: stderr
2024-04-22T00:31:44.827+0000 7f1740f45700 1 -- 172.21.15.18:0/422852459 <== mon.0 v2:172.21.15.18:3300/0 2 ==== config(27 keys) ==== 1140+0+0 (secure 0 0 0) 0x7f1738004300 con 0x7f173c105e90
2024-04-22T00:31:45.584 INFO:teuthology.orchestra.run.smithi018.stdout:/usr/bin/ceph: stderr
2024-04-22T00:31:44.827+0000 7f1740f45700 1 -- 172.21.15.18:0/422852459 <== mon.0 v2:172.21.15.18:3300/0 3 ==== mon_map magic: 0 ==== 205+0+0 (secure 0 0 0) 0x7f1738011b20 con 0x7f173c105e90
2024-04-22T00:31:45.584 INFO:teuthology.orchestra.run.smithi018.stdout:/usr/bin/ceph: stderr
2024-04-22T00:31:44.828+0000 7f17441ab700 1 -- 172.21.15.18:0/422852459 >> [v2:172.21.15.18:3300/0,v1:172.21.15.18:6789/0] conn(0x7f173c105e90 msgr2=0x7f173c1062b0 secure :-1 s=STATE_CONNECTION_ESTABLISHED l=1).mark_down
2024-04-22T00:31:45.584 INFO:teuthology.orchestra.run.smithi018.stdout:/usr/bin/ceph: stderr
2024-04-22T00:31:44.828+0000 7f17441ab700 1 --2- 172.21.15.18:0/422852459 >> [v2:172.21.15.18:3300/0,v1:172.21.15.18:6789/0] conn(0x7f173c105e90 0x7f173c1062b0 secure :-1 s=READY pgs=76 cs=0 l=1 rev1=1 crypto rx=0x7f17380098a0 tx=0x7f1738009bb0 comp rx=0 tx=0).stop
2024-04-22T00:31:45.584 INFO:teuthology.orchestra.run.smithi018.stdout:/usr/bin/ceph: stderr
2024-04-22T00:31:44.828+0000 7f17441ab700 1 -- 172.21.15.18:0/422852459 shutdown_connections
2024-04-22T00:31:45.585 INFO:teuthology.orchestra.run.smithi018.stdout:/usr/bin/ceph: stderr
2024-04-22T00:31:44.828+0000 7f17441ab700 1 --2- 172.21.15.18:0/422852459 >> [v2:172.21.15.18:3300/0,v1:172.21.15.18:6789/0] conn(0x7f173c105e90 0x7f173c1062b0 unknown :-1 s=CLOSED pgs=76 cs=0 l=1 rev1=1 crypto rx=0 tx=0 comp rx=0 tx=0).stop
2024-04-22T00:31:45.585 INFO:teuthology.orchestra.run.smithi018.stdout:/usr/bin/ceph: stderr
2024-04-22T00:31:44.828+0000 7f17441ab700 1 -- 172.21.15.18:0/422852459 >> 172.21.15.18:0/422852459 conn(0x7f173c1017a0 msgr2=0x7f173c103c00 unknown :-1 s=STATE_NONE l=0).mark_down
2024-04-22T00:31:45.585 INFO:teuthology.orchestra.run.smithi018.stdout:/usr/bin/ceph: stderr
2024-04-22T00:31:44.828+0000 7f17441ab700 1 -- 172.21.15.18:0/422852459 shutdown_connections
2024-04-22T00:31:45.585 INFO:teuthology.orchestra.run.smithi018.stdout:/usr/bin/ceph: stderr
2024-04-22T00:31:44.828+0000 7f17441ab700 1 -- 172.21.15.18:0/422852459 wait complete.
2024-04-22T00:31:45.585 INFO:teuthology.orchestra.run.smithi018.stdout:/usr/bin/ceph: stderr
2024-04-22T00:31:44.829+0000 7f17441ab700 1 Processor -- start
2024-04-22T00:31:45.585 INFO:teuthology.orchestra.run.smithi018.stdout:/usr/bin/ceph: stderr
2024-04-22T00:31:44.829+0000 7f17441ab700 1 -- start start
2024-04-22T00:31:45.585 INFO:teuthology.orchestra.run.smithi018.stdout:/usr/bin/ceph: stderr
2024-04-22T00:31:44.829+0000 7f17441ab700 1 --2- >> [v2:172.21.15.18:3300/0,v1:172.21.15.18:6789/0] conn(0x7f173c105e90 0x7f173c19bb40 unknown :-1 s=NONE pgs=0 cs=0 l=1 rev1=0 crypto rx=0 tx=0 comp rx=0 tx=0).connect
2024-04-22T00:31:45.585 INFO:teuthology.orchestra.run.smithi018.stdout:/usr/bin/ceph: stderr
2024-04-22T00:31:44.829+0000 7f17441ab700 1 -- --> [v2:172.21.15.18:3300/0,v1:172.21.15.18:6789/0] -- mon_getmap magic: 0 -- 0x7f173c10c0f0 con 0x7f173c105e90
2024-04-22T00:31:45.585 INFO:teuthology.orchestra.run.smithi018.stdout:/usr/bin/ceph: stderr
2024-04-22T00:31:44.829+0000 7f1741f47700 1 --2- >> [v2:172.21.15.18:3300/0,v1:172.21.15.18:6789/0] conn(0x7f173c105e90 0x7f173c19bb40 unknown :-1 s=BANNER_CONNECTING pgs=0 cs=0 l=1 rev1=0 crypto rx=0 tx=0 comp rx=0 tx=0)._handle_peer_banner_payload supported=3 required=0
2024-04-22T00:31:45.585 INFO:teuthology.orchestra.run.smithi018.stdout:/usr/bin/ceph: stderr
2024-04-22T00:31:44.829+0000 7f1741f47700 1 --2- >> [v2:172.21.15.18:3300/0,v1:172.21.15.18:6789/0] conn(0x7f173c105e90 0x7f173c19bb40 unknown :-1 s=HELLO_CONNECTING pgs=0 cs=0 l=1 rev1=1 crypto rx=0 tx=0 comp rx=0 tx=0).handle_hello peer v2:172.21.15.18:3300/0 says I am v2:172.21.15.18:51076/0 (socket says 172.21.15.18:51076)
2024-04-22T00:31:45.585 INFO:teuthology.orchestra.run.smithi018.stdout:/usr/bin/ceph: stderr
2024-04-22T00:31:44.829+0000 7f1741f47700 1 -- 172.21.15.18:0/2029764121 learned_addr learned my addr 172.21.15.18:0/2029764121 (peer_addr_for_me v2:172.21.15.18:0/0)
2024-04-22T00:31:45.585 INFO:teuthology.orchestra.run.smithi018.stdout:/usr/bin/ceph: stderr
2024-04-22T00:31:44.829+0000 7f1741f47700 1 -- 172.21.15.18:0/2029764121 --> [v2:172.21.15.18:3300/0,v1:172.21.15.18:6789/0] -- mon_subscribe({config=0+,monmap=0+}) -- 0x7f173c19c080 con 0x7f173c105e90
2024-04-22T00:31:45.585 INFO:teuthology.orchestra.run.smithi018.stdout:/usr/bin/ceph: stderr
2024-04-22T00:31:44.829+0000 7f1741f47700 1 --2- 172.21.15.18:0/2029764121 >> [v2:172.21.15.18:3300/0,v1:172.21.15.18:6789/0] conn(0x7f173c105e90 0x7f173c19bb40 secure :-1 s=READY pgs=77 cs=0 l=1 rev1=1 crypto rx=0x7f17380116a0 tx=0x7f1738011ba0 comp rx=0 tx=0).ready entity=mon.0 client_cookie=0 server_cookie=0 in_seq=0 out_seq=0
2024-04-22T00:31:45.585 INFO:teuthology.orchestra.run.smithi018.stdout:/usr/bin/ceph: stderr
2024-04-22T00:31:44.830+0000 7f1732ffd700 1 -- 172.21.15.18:0/2029764121 <== mon.0 v2:172.21.15.18:3300/0 1 ==== mon_map magic: 0 ==== 205+0+0 (secure 0 0 0) 0x7f1738003a40 con 0x7f173c105e90
2024-04-22T00:31:45.585 INFO:teuthology.orchestra.run.smithi018.stdout:/usr/bin/ceph: stderr
2024-04-22T00:31:44.830+0000 7f1732ffd700 1 -- 172.21.15.18:0/2029764121 <== mon.0 v2:172.21.15.18:3300/0 2 ==== config(27 keys) ==== 1140+0+0 (secure 0 0 0) 0x7f1738003be0 con 0x7f173c105e90
2024-04-22T00:31:45.586 INFO:teuthology.orchestra.run.smithi018.stdout:/usr/bin/ceph: stderr
2024-04-22T00:31:44.830+0000 7f17441ab700 1 -- 172.21.15.18:0/2029764121 --> [v2:172.21.15.18:3300/0,v1:172.21.15.18:6789/0] -- mon_subscribe({mgrmap=0+}) -- 0x7f173c19c310 con 0x7f173c105e90
2024-04-22T00:31:45.586 INFO:teuthology.orchestra.run.smithi018.stdout:/usr/bin/ceph: stderr
2024-04-22T00:31:44.830+0000 7f1732ffd700 1 -- 172.21.15.18:0/2029764121 <== mon.0 v2:172.21.15.18:3300/0 3 ==== mon_map magic: 0 ==== 205+0+0 (secure 0 0 0) 0x7f173801a720 con 0x7f173c105e90
2024-04-22T00:31:45.586 INFO:teuthology.orchestra.run.smithi018.stdout:/usr/bin/ceph: stderr
2024-04-22T00:31:44.830+0000 7f17441ab700 1 -- 172.21.15.18:0/2029764121 --> [v2:172.21.15.18:3300/0,v1:172.21.15.18:6789/0] -- mon_subscribe({osdmap=0}) -- 0x7f173c19c770 con 0x7f173c105e90
2024-04-22T00:31:45.586 INFO:teuthology.orchestra.run.smithi018.stdout:/usr/bin/ceph: stderr
2024-04-22T00:31:44.830+0000 7f1732ffd700 1 -- 172.21.15.18:0/2029764121 <== mon.0 v2:172.21.15.18:3300/0 4 ==== mgrmap(e 13) ==== 46343+0+0 (secure 0 0 0) 0x7f173801a9d0 con 0x7f173c105e90
2024-04-22T00:31:45.586 INFO:teuthology.orchestra.run.smithi018.stdout:/usr/bin/ceph: stderr
2024-04-22T00:31:44.831+0000 7f1732ffd700 1 --2- 172.21.15.18:0/2029764121 >> [v2:172.21.15.18:6800/3970211676,v1:172.21.15.18:6801/3970211676] conn(0x7f1728039150 0x7f172803b610 unknown :-1 s=NONE pgs=0 cs=0 l=1 rev1=0 crypto rx=0 tx=0 comp rx=0 tx=0).connect
2024-04-22T00:31:45.586 INFO:teuthology.orchestra.run.smithi018.stdout:/usr/bin/ceph: stderr
2024-04-22T00:31:44.831+0000 7f1732ffd700 1 -- 172.21.15.18:0/2029764121 <== mon.0 v2:172.21.15.18:3300/0 5 ==== osd_map(3..3 src has 1..3) ==== 1155+0+0 (secure 0 0 0) 0x7f173804d7d0 con 0x7f173c105e90
2024-04-22T00:31:45.586 INFO:teuthology.orchestra.run.smithi018.stdout:/usr/bin/ceph: stderr
2024-04-22T00:31:44.831+0000 7f17441ab700 1 -- 172.21.15.18:0/2029764121 --> [v2:172.21.15.18:3300/0,v1:172.21.15.18:6789/0] -- mon_command({"prefix": "get_command_descriptions"} v 0) -- 0x7f173c063890 con 0x7f173c105e90
2024-04-22T00:31:45.586 INFO:teuthology.orchestra.run.smithi018.stdout:/usr/bin/ceph: stderr
2024-04-22T00:31:44.831+0000 7f1741746700 1 --2- 172.21.15.18:0/2029764121 >> [v2:172.21.15.18:6800/3970211676,v1:172.21.15.18:6801/3970211676] conn(0x7f1728039150 0x7f172803b610 unknown :-1 s=BANNER_CONNECTING pgs=0 cs=0 l=1 rev1=0 crypto rx=0 tx=0 comp rx=0 tx=0)._handle_peer_banner_payload supported=3 required=0
2024-04-22T00:31:45.586 INFO:teuthology.orchestra.run.smithi018.stdout:/usr/bin/ceph: stderr
2024-04-22T00:31:44.831+0000 7f1741746700 1 --2- 172.21.15.18:0/2029764121 >> [v2:172.21.15.18:6800/3970211676,v1:172.21.15.18:6801/3970211676] conn(0x7f1728039150 0x7f172803b610 secure :-1 s=READY pgs=10 cs=0 l=1 rev1=1 crypto rx=0x7f172c006fd0 tx=0x7f172c006e40 comp rx=0 tx=0).ready entity=mgr.14152 client_cookie=0 server_cookie=0 in_seq=0 out_seq=0
2024-04-22T00:31:45.586 INFO:teuthology.orchestra.run.smithi018.stdout:/usr/bin/ceph: stderr
2024-04-22T00:31:44.836+0000 7f1732ffd700 1 -- 172.21.15.18:0/2029764121 <== mon.0 v2:172.21.15.18:3300/0 6 ==== mon_command_ack([{"prefix": "get_command_descriptions"}]=0 v0) ==== 72+0+186074 (secure 0 0 0) 0x7f1738011e20 con 0x7f173c105e90
2024-04-22T00:31:45.586 INFO:teuthology.orchestra.run.smithi018.stdout:/usr/bin/ceph: stderr
2024-04-22T00:31:45.042+0000 7f17441ab700 1 -- 172.21.15.18:0/2029764121 --> [v2:172.21.15.18:3300/0,v1:172.21.15.18:6789/0] -- mon_command([{prefix=config set, name=osd_memory_target_autotune}] v 0) -- 0x7f173c19f480 con 0x7f173c105e90
2024-04-22T00:31:45.586 INFO:teuthology.orchestra.run.smithi018.stdout:/usr/bin/ceph: stderr
2024-04-22T00:31:45.042+0000 7f1732ffd700 1 -- 172.21.15.18:0/2029764121 <== mon.0 v2:172.21.15.18:3300/0 7 ==== mon_command_ack([{prefix=config set, name=osd_memory_target_autotune}]=0 v8)=0 v8) ==== 127+0+0 (secure 0 0 0) 0x7f1738032020 con 0x7f173c105e90
2024-04-22T00:31:45.586 INFO:teuthology.orchestra.run.smithi018.stdout:/usr/bin/ceph: stderr
2024-04-22T00:31:45.044+0000 7f17441ab700 1 -- 172.21.15.18:0/2029764121 >> [v2:172.21.15.18:6800/3970211676,v1:172.21.15.18:6801/3970211676] conn(0x7f1728039150 msgr2=0x7f172803b610 secure :-1 s=STATE_CONNECTION_ESTABLISHED l=1).mark_down
2024-04-22T00:31:45.586 INFO:teuthology.orchestra.run.smithi018.stdout:/usr/bin/ceph: stderr
2024-04-22T00:31:45.044+0000 7f17441ab700 1 --2- 172.21.15.18:0/2029764121 >> [v2:172.21.15.18:6800/3970211676,v1:172.21.15.18:6801/3970211676] conn(0x7f1728039150 0x7f172803b610 secure :-1 s=READY pgs=10 cs=0 l=1 rev1=1 crypto rx=0x7f172c006fd0 tx=0x7f172c006e40 comp rx=0 tx=0).stop
2024-04-22T00:31:45.587 INFO:teuthology.orchestra.run.smithi018.stdout:/usr/bin/ceph: stderr
2024-04-22T00:31:45.044+0000 7f17441ab700 1 -- 172.21.15.18:0/2029764121 >> [v2:172.21.15.18:3300/0,v1:172.21.15.18:6789/0] conn(0x7f173c105e90 msgr2=0x7f173c19bb40 secure :-1 s=STATE_CONNECTION_ESTABLISHED l=1).mark_down
2024-04-22T00:31:45.587 INFO:teuthology.orchestra.run.smithi018.stdout:/usr/bin/ceph: stderr
2024-04-22T00:31:45.044+0000 7f17441ab700 1 --2- 172.21.15.18:0/2029764121 >> [v2:172.21.15.18:3300/0,v1:172.21.15.18:6789/0] conn(0x7f173c105e90 0x7f173c19bb40 secure :-1 s=READY pgs=77 cs=0 l=1 rev1=1 crypto rx=0x7f17380116a0 tx=0x7f1738011ba0 comp rx=0 tx=0).stop
2024-04-22T00:31:45.587 INFO:teuthology.orchestra.run.smithi018.stdout:/usr/bin/ceph: stderr
2024-04-22T00:31:45.044+0000 7f17441ab700 1 -- 172.21.15.18:0/2029764121 shutdown_connections
2024-04-22T00:31:45.587 INFO:teuthology.orchestra.run.smithi018.stdout:/usr/bin/ceph: stderr
2024-04-22T00:31:45.044+0000 7f17441ab700 1 --2- 172.21.15.18:0/2029764121 >> [v2:172.21.15.18:6800/3970211676,v1:172.21.15.18:6801/3970211676] conn(0x7f1728039150 0x7f172803b610 unknown :-1 s=CLOSED pgs=10 cs=0 l=1 rev1=1 crypto rx=0 tx=0 comp rx=0 tx=0).stop
2024-04-22T00:31:45.587 INFO:teuthology.orchestra.run.smithi018.stdout:/usr/bin/ceph: stderr
2024-04-22T00:31:45.044+0000 7f17441ab700 1 --2- 172.21.15.18:0/2029764121 >> [v2:172.21.15.18:3300/0,v1:172.21.15.18:6789/0] conn(0x7f173c105e90 0x7f173c19bb40 unknown :-1 s=CLOSED pgs=77 cs=0 l=1 rev1=1 crypto rx=0 tx=0 comp rx=0 tx=0).stop
2024-04-22T00:31:45.587 INFO:teuthology.orchestra.run.smithi018.stdout:/usr/bin/ceph: stderr
2024-04-22T00:31:45.044+0000 7f17441ab700 1 -- 172.21.15.18:0/2029764121 >> 172.21.15.18:0/2029764121 conn(0x7f173c1017a0 msgr2=0x7f173c1022b0 unknown :-1 s=STATE_NONE l=0).mark_down
2024-04-22T00:31:45.587 INFO:teuthology.orchestra.run.smithi018.stdout:/usr/bin/ceph: stderr
2024-04-22T00:31:45.044+0000 7f17441ab700 1 -- 172.21.15.18:0/2029764121 shutdown_connections
2024-04-22T00:31:45.587 INFO:teuthology.orchestra.run.smithi018.stdout:/usr/bin/ceph: stderr
2024-04-22T00:31:45.044+0000 7f17441ab700 1 -- 172.21.15.18:0/2029764121 wait complete.
2024-04-22T00:31:46.907 INFO:teuthology.orchestra.run.smithi018.stdout:/usr/bin/ceph: stderr
2024-04-22T00:31:45.983+0000 7f5befa91700 1 Processor -- start
2024-04-22T00:31:46.907 INFO:teuthology.orchestra.run.smithi018.stdout:/usr/bin/ceph: stderr
2024-04-22T00:31:45.983+0000 7f5befa91700 1 -- start start
2024-04-22T00:31:46.907 INFO:teuthology.orchestra.run.smithi018.stdout:/usr/bin/ceph: stderr
2024-04-22T00:31:45.983+0000 7f5befa91700 1 --2- >> [v2:172.21.15.18:3300/0,v1:172.21.15.18:6789/0] conn(0x7f5be81064b0 0x7f5be81068d0 unknown :-1 s=NONE pgs=0 cs=0 l=0 rev1=0 crypto rx=0 tx=0 comp rx=0 tx=0).connect
2024-04-22T00:31:46.907 INFO:teuthology.orchestra.run.smithi018.stdout:/usr/bin/ceph: stderr
2024-04-22T00:31:45.983+0000 7f5befa91700 1 -- --> [v2:172.21.15.18:3300/0,v1:172.21.15.18:6789/0] -- mon_getmap magic: 0 -- 0x7f5be807bda0 con 0x7f5be81064b0
2024-04-22T00:31:46.907 INFO:teuthology.orchestra.run.smithi018.stdout:/usr/bin/ceph: stderr
2024-04-22T00:31:45.984+0000 7f5bed82d700 1 --2- >> [v2:172.21.15.18:3300/0,v1:172.21.15.18:6789/0] conn(0x7f5be81064b0 0x7f5be81068d0 unknown :-1 s=BANNER_CONNECTING pgs=0 cs=0 l=0 rev1=0 crypto rx=0 tx=0 comp rx=0 tx=0)._handle_peer_banner_payload supported=3 required=0
2024-04-22T00:31:46.907 INFO:teuthology.orchestra.run.smithi018.stdout:/usr/bin/ceph: stderr
2024-04-22T00:31:45.984+0000 7f5bed82d700 1 --2- >> [v2:172.21.15.18:3300/0,v1:172.21.15.18:6789/0] conn(0x7f5be81064b0 0x7f5be81068d0 unknown :-1 s=HELLO_CONNECTING pgs=0 cs=0 l=0 rev1=1 crypto rx=0 tx=0 comp rx=0 tx=0).handle_hello peer v2:172.21.15.18:3300/0 says I am v2:172.21.15.18:51078/0 (socket says 172.21.15.18:51078)
2024-04-22T00:31:46.908 INFO:teuthology.orchestra.run.smithi018.stdout:/usr/bin/ceph: stderr
2024-04-22T00:31:45.984+0000 7f5bed82d700 1 -- 172.21.15.18:0/741433777 learned_addr learned my addr 172.21.15.18:0/741433777 (peer_addr_for_me v2:172.21.15.18:0/0)
2024-04-22T00:31:46.908 INFO:teuthology.orchestra.run.smithi018.stdout:/usr/bin/ceph: stderr
2024-04-22T00:31:45.984+0000 7f5bed82d700 1 -- 172.21.15.18:0/741433777 --> [v2:172.21.15.18:3300/0,v1:172.21.15.18:6789/0] -- mon_subscribe({config=0+,monmap=0+}) -- 0x7f5be8106e10 con 0x7f5be81064b0
2024-04-22T00:31:46.908 INFO:teuthology.orchestra.run.smithi018.stdout:/usr/bin/ceph: stderr
2024-04-22T00:31:45.984+0000 7f5bed82d700 1 --2- 172.21.15.18:0/741433777 >> [v2:172.21.15.18:3300/0,v1:172.21.15.18:6789/0] conn(0x7f5be81064b0 0x7f5be81068d0 secure :-1 s=READY pgs=78 cs=0 l=1 rev1=1 crypto rx=0x7f5be40098a0 tx=0x7f5be4009bb0 comp rx=0 tx=0).ready entity=mon.0 client_cookie=64aa2623aab4e043 server_cookie=0 in_seq=0 out_seq=0
2024-04-22T00:31:46.908 INFO:teuthology.orchestra.run.smithi018.stdout:/usr/bin/ceph: stderr
2024-04-22T00:31:45.984+0000 7f5bec82b700 1 -- 172.21.15.18:0/741433777 <== mon.0 v2:172.21.15.18:3300/0 1 ==== mon_map magic: 0 ==== 205+0+0 (secure 0 0 0) 0x7f5be4004160 con 0x7f5be81064b0
2024-04-22T00:31:46.908 INFO:teuthology.orchestra.run.smithi018.stdout:/usr/bin/ceph: stderr
2024-04-22T00:31:45.984+0000 7f5bec82b700 1 -- 172.21.15.18:0/741433777 <== mon.0 v2:172.21.15.18:3300/0 2 ==== config(27 keys) ==== 1140+0+0 (secure 0 0 0) 0x7f5be4004300 con 0x7f5be81064b0
2024-04-22T00:31:46.908 INFO:teuthology.orchestra.run.smithi018.stdout:/usr/bin/ceph: stderr
2024-04-22T00:31:45.984+0000 7f5bec82b700 1 -- 172.21.15.18:0/741433777 <== mon.0 v2:172.21.15.18:3300/0 3 ==== mon_map magic: 0 ==== 205+0+0 (secure 0 0 0) 0x7f5be4011b20 con 0x7f5be81064b0
2024-04-22T00:31:46.908 INFO:teuthology.orchestra.run.smithi018.stdout:/usr/bin/ceph: stderr
2024-04-22T00:31:45.985+0000 7f5befa91700 1 -- 172.21.15.18:0/741433777 >> [v2:172.21.15.18:3300/0,v1:172.21.15.18:6789/0] conn(0x7f5be81064b0 msgr2=0x7f5be81068d0 secure :-1 s=STATE_CONNECTION_ESTABLISHED l=1).mark_down
2024-04-22T00:31:46.908 INFO:teuthology.orchestra.run.smithi018.stdout:/usr/bin/ceph: stderr
2024-04-22T00:31:45.985+0000 7f5befa91700 1 --2- 172.21.15.18:0/741433777 >> [v2:172.21.15.18:3300/0,v1:172.21.15.18:6789/0] conn(0x7f5be81064b0 0x7f5be81068d0 secure :-1 s=READY pgs=78 cs=0 l=1 rev1=1 crypto rx=0x7f5be40098a0 tx=0x7f5be4009bb0 comp rx=0 tx=0).stop
2024-04-22T00:31:46.908 INFO:teuthology.orchestra.run.smithi018.stdout:/usr/bin/ceph: stderr
2024-04-22T00:31:45.985+0000 7f5befa91700 1 -- 172.21.15.18:0/741433777 shutdown_connections
2024-04-22T00:31:46.908 INFO:teuthology.orchestra.run.smithi018.stdout:/usr/bin/ceph: stderr
2024-04-22T00:31:45.985+0000 7f5befa91700 1 --2- 172.21.15.18:0/741433777 >> [v2:172.21.15.18:3300/0,v1:172.21.15.18:6789/0] conn(0x7f5be81064b0 0x7f5be81068d0 unknown :-1 s=CLOSED pgs=78 cs=0 l=1 rev1=1 crypto rx=0 tx=0 comp rx=0 tx=0).stop
2024-04-22T00:31:46.908 INFO:teuthology.orchestra.run.smithi018.stdout:/usr/bin/ceph: stderr
2024-04-22T00:31:45.985+0000 7f5befa91700 1 -- 172.21.15.18:0/741433777 >> 172.21.15.18:0/741433777 conn(0x7f5be8102030 msgr2=0x7f5be8104490 unknown :-1 s=STATE_NONE l=0).mark_down
2024-04-22T00:31:46.908 INFO:teuthology.orchestra.run.smithi018.stdout:/usr/bin/ceph: stderr
2024-04-22T00:31:45.985+0000 7f5befa91700 1 -- 172.21.15.18:0/741433777 shutdown_connections
2024-04-22T00:31:46.908 INFO:teuthology.orchestra.run.smithi018.stdout:/usr/bin/ceph: stderr
2024-04-22T00:31:45.985+0000 7f5befa91700 1 -- 172.21.15.18:0/741433777 wait complete.
2024-04-22T00:31:46.909 INFO:teuthology.orchestra.run.smithi018.stdout:/usr/bin/ceph: stderr
2024-04-22T00:31:45.985+0000 7f5befa91700 1 Processor -- start
2024-04-22T00:31:46.909 INFO:teuthology.orchestra.run.smithi018.stdout:/usr/bin/ceph: stderr
2024-04-22T00:31:45.986+0000 7f5befa91700 1 -- start start
2024-04-22T00:31:46.909 INFO:teuthology.orchestra.run.smithi018.stdout:/usr/bin/ceph: stderr
2024-04-22T00:31:45.986+0000 7f5befa91700 1 --2- >> [v2:172.21.15.18:3300/0,v1:172.21.15.18:6789/0] conn(0x7f5be81064b0 0x7f5be819dd50 unknown :-1 s=NONE pgs=0 cs=0 l=1 rev1=0 crypto rx=0 tx=0 comp rx=0 tx=0).connect
2024-04-22T00:31:46.909 INFO:teuthology.orchestra.run.smithi018.stdout:/usr/bin/ceph: stderr
2024-04-22T00:31:45.986+0000 7f5befa91700 1 -- --> [v2:172.21.15.18:3300/0,v1:172.21.15.18:6789/0] -- mon_getmap magic: 0 -- 0x7f5be8107ee0 con 0x7f5be81064b0
2024-04-22T00:31:46.909 INFO:teuthology.orchestra.run.smithi018.stdout:/usr/bin/ceph: stderr
2024-04-22T00:31:45.986+0000 7f5bed82d700 1 --2- >> [v2:172.21.15.18:3300/0,v1:172.21.15.18:6789/0] conn(0x7f5be81064b0 0x7f5be819dd50 unknown :-1 s=BANNER_CONNECTING pgs=0 cs=0 l=1 rev1=0 crypto rx=0 tx=0 comp rx=0 tx=0)._handle_peer_banner_payload supported=3 required=0
2024-04-22T00:31:46.909 INFO:teuthology.orchestra.run.smithi018.stdout:/usr/bin/ceph: stderr
2024-04-22T00:31:45.986+0000 7f5bed82d700 1 --2- >> [v2:172.21.15.18:3300/0,v1:172.21.15.18:6789/0] conn(0x7f5be81064b0 0x7f5be819dd50 unknown :-1 s=HELLO_CONNECTING pgs=0 cs=0 l=1 rev1=1 crypto rx=0 tx=0 comp rx=0 tx=0).handle_hello peer v2:172.21.15.18:3300/0 says I am v2:172.21.15.18:51082/0 (socket says 172.21.15.18:51082)
2024-04-22T00:31:46.909 INFO:teuthology.orchestra.run.smithi018.stdout:/usr/bin/ceph: stderr
2024-04-22T00:31:45.986+0000 7f5bed82d700 1 -- 172.21.15.18:0/2958998202 learned_addr learned my addr 172.21.15.18:0/2958998202 (peer_addr_for_me v2:172.21.15.18:0/0)
2024-04-22T00:31:46.909 INFO:teuthology.orchestra.run.smithi018.stdout:/usr/bin/ceph: stderr
2024-04-22T00:31:45.986+0000 7f5bed82d700 1 -- 172.21.15.18:0/2958998202 --> [v2:172.21.15.18:3300/0,v1:172.21.15.18:6789/0] -- mon_subscribe({config=0+,monmap=0+}) -- 0x7f5be819e290 con 0x7f5be81064b0
2024-04-22T00:31:46.909 INFO:teuthology.orchestra.run.smithi018.stdout:/usr/bin/ceph: stderr
2024-04-22T00:31:45.986+0000 7f5bed82d700 1 --2- 172.21.15.18:0/2958998202 >> [v2:172.21.15.18:3300/0,v1:172.21.15.18:6789/0] conn(0x7f5be81064b0 0x7f5be819dd50 secure :-1 s=READY pgs=79 cs=0 l=1 rev1=1 crypto rx=0x7f5be4011b60 tx=0x7f5be4011c40 comp rx=0 tx=0).ready entity=mon.0 client_cookie=0 server_cookie=0 in_seq=0 out_seq=0
2024-04-22T00:31:46.909 INFO:teuthology.orchestra.run.smithi018.stdout:/usr/bin/ceph: stderr
2024-04-22T00:31:45.986+0000 7f5bdeffd700 1 -- 172.21.15.18:0/2958998202 <== mon.0 v2:172.21.15.18:3300/0 1 ==== mon_map magic: 0 ==== 205+0+0 (secure 0 0 0) 0x7f5be4003b60 con 0x7f5be81064b0
2024-04-22T00:31:46.909 INFO:teuthology.orchestra.run.smithi018.stdout:/usr/bin/ceph: stderr
2024-04-22T00:31:45.986+0000 7f5bdeffd700 1 -- 172.21.15.18:0/2958998202 <== mon.0 v2:172.21.15.18:3300/0 2 ==== config(27 keys) ==== 1140+0+0 (secure 0 0 0) 0x7f5be401a910 con 0x7f5be81064b0
2024-04-22T00:31:46.909 INFO:teuthology.orchestra.run.smithi018.stdout:/usr/bin/ceph: stderr
2024-04-22T00:31:45.986+0000 7f5befa91700 1 -- 172.21.15.18:0/2958998202 --> [v2:172.21.15.18:3300/0,v1:172.21.15.18:6789/0] -- mon_subscribe({mgrmap=0+}) -- 0x7f5be819e520 con 0x7f5be81064b0
2024-04-22T00:31:46.909 INFO:teuthology.orchestra.run.smithi018.stdout:/usr/bin/ceph: stderr
2024-04-22T00:31:45.986+0000 7f5bdeffd700 1 -- 172.21.15.18:0/2958998202 <== mon.0 v2:172.21.15.18:3300/0 3 ==== mon_map magic: 0 ==== 205+0+0 (secure 0 0 0) 0x7f5be4024930 con 0x7f5be81064b0
2024-04-22T00:31:46.909 INFO:teuthology.orchestra.run.smithi018.stdout:/usr/bin/ceph: stderr
2024-04-22T00:31:45.987+0000 7f5befa91700 1 -- 172.21.15.18:0/2958998202 --> [v2:172.21.15.18:3300/0,v1:172.21.15.18:6789/0] -- mon_subscribe({osdmap=0}) -- 0x7f5be819e980 con 0x7f5be81064b0
2024-04-22T00:31:46.909 INFO:teuthology.orchestra.run.smithi018.stdout:/usr/bin/ceph: stderr
2024-04-22T00:31:45.987+0000 7f5bdeffd700 1 -- 172.21.15.18:0/2958998202 <== mon.0 v2:172.21.15.18:3300/0 4 ==== mgrmap(e 13) ==== 46343+0+0 (secure 0 0 0) 0x7f5be4022020 con 0x7f5be81064b0
2024-04-22T00:31:46.909 INFO:teuthology.orchestra.run.smithi018.stdout:/usr/bin/ceph: stderr
2024-04-22T00:31:45.987+0000 7f5befa91700 1 -- 172.21.15.18:0/2958998202 --> [v2:172.21.15.18:3300/0,v1:172.21.15.18:6789/0] -- mon_command({"prefix": "get_command_descriptions"} v 0) -- 0x7f5be8063890 con 0x7f5be81064b0
2024-04-22T00:31:46.910 INFO:teuthology.orchestra.run.smithi018.stdout:/usr/bin/ceph: stderr
2024-04-22T00:31:45.988+0000 7f5bdeffd700 1 --2- 172.21.15.18:0/2958998202 >> [v2:172.21.15.18:6800/3970211676,v1:172.21.15.18:6801/3970211676] conn(0x7f5bd40391a0 0x7f5bd403b660 unknown :-1 s=NONE pgs=0 cs=0 l=1 rev1=0 crypto rx=0 tx=0 comp rx=0 tx=0).connect
2024-04-22T00:31:46.910 INFO:teuthology.orchestra.run.smithi018.stdout:/usr/bin/ceph: stderr
2024-04-22T00:31:45.988+0000 7f5bdeffd700 1 -- 172.21.15.18:0/2958998202 <== mon.0 v2:172.21.15.18:3300/0 5 ==== osd_map(3..3 src has 1..3) ==== 1155+0+0 (secure 0 0 0) 0x7f5be404d4b0 con 0x7f5be81064b0
2024-04-22T00:31:46.910 INFO:teuthology.orchestra.run.smithi018.stdout:/usr/bin/ceph: stderr
2024-04-22T00:31:45.988+0000 7f5bed02c700 1 --2- 172.21.15.18:0/2958998202 >> [v2:172.21.15.18:6800/3970211676,v1:172.21.15.18:6801/3970211676] conn(0x7f5bd40391a0 0x7f5bd403b660 unknown :-1 s=BANNER_CONNECTING pgs=0 cs=0 l=1 rev1=0 crypto rx=0 tx=0 comp rx=0 tx=0)._handle_peer_banner_payload supported=3 required=0
2024-04-22T00:31:46.910 INFO:teuthology.orchestra.run.smithi018.stdout:/usr/bin/ceph: stderr
2024-04-22T00:31:45.988+0000 7f5bed02c700 1 --2- 172.21.15.18:0/2958998202 >> [v2:172.21.15.18:6800/3970211676,v1:172.21.15.18:6801/3970211676] conn(0x7f5bd40391a0 0x7f5bd403b660 secure :-1 s=READY pgs=11 cs=0 l=1 rev1=1 crypto rx=0x7f5bd8006fd0 tx=0x7f5bd8006e40 comp rx=0 tx=0).ready entity=mgr.14152 client_cookie=0 server_cookie=0 in_seq=0 out_seq=0
2024-04-22T00:31:46.910 INFO:teuthology.orchestra.run.smithi018.stdout:/usr/bin/ceph: stderr
2024-04-22T00:31:45.993+0000 7f5bdeffd700 1 -- 172.21.15.18:0/2958998202 <== mon.0 v2:172.21.15.18:3300/0 6 ==== mon_command_ack([{"prefix": "get_command_descriptions"}]=0 v0) ==== 72+0+186074 (secure 0 0 0) 0x7f5be401a4e0 con 0x7f5be81064b0
2024-04-22T00:31:46.910 INFO:teuthology.orchestra.run.smithi018.stdout:/usr/bin/ceph: stderr
2024-04-22T00:31:46.315+0000 7f5befa91700 1 -- 172.21.15.18:0/2958998202 --> [v2:172.21.15.18:3300/0,v1:172.21.15.18:6789/0] -- mon_command([{prefix=config-key set, key=mgr/dashboard/cluster/status}] v 0) -- 0x7f5be8062e40 con 0x7f5be81064b0
2024-04-22T00:31:46.910 INFO:teuthology.orchestra.run.smithi018.stdout:/usr/bin/ceph: stderr
2024-04-22T00:31:46.317+0000 7f5bdeffd700 1 -- 172.21.15.18:0/2958998202 <== mon.0 v2:172.21.15.18:3300/0 7 ==== mon_command_ack([{prefix=config-key set, key=mgr/dashboard/cluster/status}]=0 set mgr/dashboard/cluster/status v28)=0 set mgr/dashboard/cluster/status v28) ==== 153+0+0 (secure 0 0 0) 0x7f5be402d3f0 con 0x7f5be81064b0
2024-04-22T00:31:46.910 INFO:teuthology.orchestra.run.smithi018.stdout:/usr/bin/ceph: stderr
2024-04-22T00:31:46.320+0000 7f5befa91700 1 -- 172.21.15.18:0/2958998202 >> [v2:172.21.15.18:6800/3970211676,v1:172.21.15.18:6801/3970211676] conn(0x7f5bd40391a0 msgr2=0x7f5bd403b660 secure :-1 s=STATE_CONNECTION_ESTABLISHED l=1).mark_down
2024-04-22T00:31:46.910 INFO:teuthology.orchestra.run.smithi018.stdout:/usr/bin/ceph: stderr
2024-04-22T00:31:46.320+0000 7f5befa91700 1 --2- 172.21.15.18:0/2958998202 >> [v2:172.21.15.18:6800/3970211676,v1:172.21.15.18:6801/3970211676] conn(0x7f5bd40391a0 0x7f5bd403b660 secure :-1 s=READY pgs=11 cs=0 l=1 rev1=1 crypto rx=0x7f5bd8006fd0 tx=0x7f5bd8006e40 comp rx=0 tx=0).stop
2024-04-22T00:31:46.910 INFO:teuthology.orchestra.run.smithi018.stdout:/usr/bin/ceph: stderr
2024-04-22T00:31:46.320+0000 7f5befa91700 1 -- 172.21.15.18:0/2958998202 >> [v2:172.21.15.18:3300/0,v1:172.21.15.18:6789/0] conn(0x7f5be81064b0 msgr2=0x7f5be819dd50 secure :-1 s=STATE_CONNECTION_ESTABLISHED l=1).mark_down
2024-04-22T00:31:46.910 INFO:teuthology.orchestra.run.smithi018.stdout:/usr/bin/ceph: stderr
2024-04-22T00:31:46.320+0000 7f5befa91700 1 --2- 172.21.15.18:0/2958998202 >> [v2:172.21.15.18:3300/0,v1:172.21.15.18:6789/0] conn(0x7f5be81064b0 0x7f5be819dd50 secure :-1 s=READY pgs=79 cs=0 l=1 rev1=1 crypto rx=0x7f5be4011b60 tx=0x7f5be4011c40 comp rx=0 tx=0).stop
2024-04-22T00:31:46.910 INFO:teuthology.orchestra.run.smithi018.stdout:/usr/bin/ceph: stderr
2024-04-22T00:31:46.320+0000 7f5befa91700 1 -- 172.21.15.18:0/2958998202 shutdown_connections
2024-04-22T00:31:46.911 INFO:teuthology.orchestra.run.smithi018.stdout:/usr/bin/ceph: stderr
2024-04-22T00:31:46.320+0000 7f5befa91700 1 --2- 172.21.15.18:0/2958998202 >> [v2:172.21.15.18:6800/3970211676,v1:172.21.15.18:6801/3970211676] conn(0x7f5bd40391a0 0x7f5bd403b660 unknown :-1 s=CLOSED pgs=11 cs=0 l=1 rev1=1 crypto rx=0 tx=0 comp rx=0 tx=0).stop
2024-04-22T00:31:46.911 INFO:teuthology.orchestra.run.smithi018.stdout:/usr/bin/ceph: stderr
2024-04-22T00:31:46.320+0000 7f5befa91700 1 --2- 172.21.15.18:0/2958998202 >> [v2:172.21.15.18:3300/0,v1:172.21.15.18:6789/0] conn(0x7f5be81064b0 0x7f5be819dd50 unknown :-1 s=CLOSED pgs=79 cs=0 l=1 rev1=1 crypto rx=0 tx=0 comp rx=0 tx=0).stop
2024-04-22T00:31:46.911 INFO:teuthology.orchestra.run.smithi018.stdout:/usr/bin/ceph: stderr
2024-04-22T00:31:46.320+0000 7f5befa91700 1 -- 172.21.15.18:0/2958998202 >> 172.21.15.18:0/2958998202 conn(0x7f5be8102030 msgr2=0x7f5be81949c0 unknown :-1 s=STATE_NONE l=0).mark_down
2024-04-22T00:31:46.911 INFO:teuthology.orchestra.run.smithi018.stdout:/usr/bin/ceph: stderr
2024-04-22T00:31:46.320+0000 7f5befa91700 1 -- 172.21.15.18:0/2958998202 shutdown_connections
2024-04-22T00:31:46.911 INFO:teuthology.orchestra.run.smithi018.stdout:/usr/bin/ceph: stderr
2024-04-22T00:31:46.320+0000 7f5befa91700 1 -- 172.21.15.18:0/2958998202 wait complete.
2024-04-22T00:31:46.911 INFO:teuthology.orchestra.run.smithi018.stdout:/usr/bin/ceph: stderr set mgr/dashboard/cluster/status
2024-04-22T00:31:46.911 INFO:teuthology.orchestra.run.smithi018.stdout:You can access the Ceph CLI as following in case of multi-cluster or non-default config:
2024-04-22T00:31:46.911 INFO:teuthology.orchestra.run.smithi018.stdout:
2024-04-22T00:31:46.911 INFO:teuthology.orchestra.run.smithi018.stdout: sudo /home/ubuntu/cephtest/cephadm shell --fsid 6224d758-003f-11ef-bc93-c7b262605968 -c /etc/ceph/ceph.conf -k /etc/ceph/ceph.client.admin.keyring
2024-04-22T00:31:46.911 INFO:teuthology.orchestra.run.smithi018.stdout:
2024-04-22T00:31:46.911 INFO:teuthology.orchestra.run.smithi018.stdout:Or, if you are only running a single cluster on this host:
2024-04-22T00:31:46.911 INFO:teuthology.orchestra.run.smithi018.stdout:
