2024-04-22T00:31:24.872 INFO:teuthology.orchestra.run.smithi018.stdout:/usr/bin/ceph: stderr
2024-04-22T00:31:23.711+0000 7fdedc0a9700 1 --2- 172.21.15.18:0/3265797258 >> [v2:172.21.15.18:6800/2897837517,v1:172.21.15.18:6801/2897837517] conn(0x7fdec0039000 0x7fdec003b4c0 secure :-1 s=READY pgs=12 cs=0 l=1 rev1=1 crypto rx=0x7fdec4006fd0 tx=0x7fdec4006e40 comp rx=0 tx=0).stop
2024-04-22T00:31:24.872 INFO:teuthology.orchestra.run.smithi018.stdout:/usr/bin/ceph: stderr
2024-04-22T00:31:23.711+0000 7fdedc0a9700 1 -- 172.21.15.18:0/3265797258 >> [v2:172.21.15.18:3300/0,v1:172.21.15.18:6789/0] conn(0x7fded4105e90 msgr2=0x7fded419bbd0 secure :-1 s=STATE_CONNECTION_ESTABLISHED l=1).mark_down
2024-04-22T00:31:24.872 INFO:teuthology.orchestra.run.smithi018.stdout:/usr/bin/ceph: stderr
2024-04-22T00:31:23.711+0000 7fdedc0a9700 1 --2- 172.21.15.18:0/3265797258 >> [v2:172.21.15.18:3300/0,v1:172.21.15.18:6789/0] conn(0x7fded4105e90 0x7fded419bbd0 secure :-1 s=READY pgs=48 cs=0 l=1 rev1=1 crypto rx=0x7fded0009fb0 tx=0x7fded0011bf0 comp rx=0 tx=0).stop
2024-04-22T00:31:24.872 INFO:teuthology.orchestra.run.smithi018.stdout:/usr/bin/ceph: stderr
2024-04-22T00:31:23.711+0000 7fdedc0a9700 1 -- 172.21.15.18:0/3265797258 shutdown_connections
2024-04-22T00:31:24.872 INFO:teuthology.orchestra.run.smithi018.stdout:/usr/bin/ceph: stderr
2024-04-22T00:31:23.711+0000 7fdedc0a9700 1 --2- 172.21.15.18:0/3265797258 >> [v2:172.21.15.18:6800/2897837517,v1:172.21.15.18:6801/2897837517] conn(0x7fdec0039000 0x7fdec003b4c0 unknown :-1 s=CLOSED pgs=12 cs=0 l=1 rev1=1 crypto rx=0 tx=0 comp rx=0 tx=0).stop
2024-04-22T00:31:24.872 INFO:teuthology.orchestra.run.smithi018.stdout:/usr/bin/ceph: stderr
2024-04-22T00:31:23.711+0000 7fdedc0a9700 1 --2- 172.21.15.18:0/3265797258 >> [v2:172.21.15.18:3300/0,v1:172.21.15.18:6789/0] conn(0x7fded4105e90 0x7fded419bbd0 unknown :-1 s=CLOSED pgs=48 cs=0 l=1 rev1=1 crypto rx=0 tx=0 comp rx=0 tx=0).stop
2024-04-22T00:31:24.873 INFO:teuthology.orchestra.run.smithi018.stdout:/usr/bin/ceph: stderr
2024-04-22T00:31:23.711+0000 7fdedc0a9700 1 -- 172.21.15.18:0/3265797258 >> 172.21.15.18:0/3265797258 conn(0x7fded41017a0 msgr2=0x7fded4102320 unknown :-1 s=STATE_NONE l=0).mark_down
2024-04-22T00:31:24.873 INFO:teuthology.orchestra.run.smithi018.stdout:/usr/bin/ceph: stderr
2024-04-22T00:31:23.711+0000 7fdedc0a9700 1 -- 172.21.15.18:0/3265797258 shutdown_connections
2024-04-22T00:31:24.873 INFO:teuthology.orchestra.run.smithi018.stdout:/usr/bin/ceph: stderr
2024-04-22T00:31:23.711+0000 7fdedc0a9700 1 -- 172.21.15.18:0/3265797258 wait complete.
2024-04-22T00:31:24.873 INFO:teuthology.orchestra.run.smithi018.stdout:Deploying unmanaged mgr service...
2024-04-22T00:31:24.982 INFO:journalctl@ceph.mon.a.smithi018.stdout:Apr 22 00:31:24 smithi018 ceph-mon[27979]: from='client.14142 -' entity='client.admin' cmd=[{"prefix": "orch apply", "service_type": "mon", "unmanaged": true, "target": ["mon-mgr", ""]}]: dispatch
2024-04-22T00:31:24.982 INFO:journalctl@ceph.mon.a.smithi018.stdout:Apr 22 00:31:24 smithi018 ceph-mon[27979]: Saving service mon spec with placement count:5
2024-04-22T00:31:24.982 INFO:journalctl@ceph.mon.a.smithi018.stdout:Apr 22 00:31:24 smithi018 ceph-mon[27979]: from='mgr.14120 172.21.15.18:0/1203854286' entity='mgr.x'
2024-04-22T00:31:26.294 INFO:teuthology.orchestra.run.smithi018.stdout:/usr/bin/ceph: stdout Scheduled mgr update...
2024-04-22T00:31:26.294 INFO:teuthology.orchestra.run.smithi018.stdout:/usr/bin/ceph: stderr
2024-04-22T00:31:25.277+0000 7f929ebdc700 1 Processor -- start
2024-04-22T00:31:26.294 INFO:teuthology.orchestra.run.smithi018.stdout:/usr/bin/ceph: stderr
2024-04-22T00:31:25.277+0000 7f929ebdc700 1 -- start start
2024-04-22T00:31:26.294 INFO:teuthology.orchestra.run.smithi018.stdout:/usr/bin/ceph: stderr
2024-04-22T00:31:25.278+0000 7f929ebdc700 1 --2- >> [v2:172.21.15.18:3300/0,v1:172.21.15.18:6789/0] conn(0x7f929807dd20 0x7f929807c290 unknown :-1 s=NONE pgs=0 cs=0 l=0 rev1=0 crypto rx=0 tx=0 comp rx=0 tx=0).connect
2024-04-22T00:31:26.294 INFO:teuthology.orchestra.run.smithi018.stdout:/usr/bin/ceph: stderr
2024-04-22T00:31:25.278+0000 7f929ebdc700 1 -- --> [v2:172.21.15.18:3300/0,v1:172.21.15.18:6789/0] -- mon_getmap magic: 0 -- 0x7f929807c7d0 con 0x7f929807dd20
2024-04-22T00:31:26.294 INFO:teuthology.orchestra.run.smithi018.stdout:/usr/bin/ceph: stderr
2024-04-22T00:31:25.278+0000 7f929c978700 1 --2- >> [v2:172.21.15.18:3300/0,v1:172.21.15.18:6789/0] conn(0x7f929807dd20 0x7f929807c290 unknown :-1 s=BANNER_CONNECTING pgs=0 cs=0 l=0 rev1=0 crypto rx=0 tx=0 comp rx=0 tx=0)._handle_peer_banner_payload supported=3 required=0
2024-04-22T00:31:26.294 INFO:teuthology.orchestra.run.smithi018.stdout:/usr/bin/ceph: stderr
2024-04-22T00:31:25.278+0000 7f929c978700 1 --2- >> [v2:172.21.15.18:3300/0,v1:172.21.15.18:6789/0] conn(0x7f929807dd20 0x7f929807c290 unknown :-1 s=HELLO_CONNECTING pgs=0 cs=0 l=0 rev1=1 crypto rx=0 tx=0 comp rx=0 tx=0).handle_hello peer v2:172.21.15.18:3300/0 says I am v2:172.21.15.18:56586/0 (socket says 172.21.15.18:56586)
2024-04-22T00:31:26.294 INFO:teuthology.orchestra.run.smithi018.stdout:/usr/bin/ceph: stderr
2024-04-22T00:31:25.278+0000 7f929c978700 1 -- 172.21.15.18:0/4294130476 learned_addr learned my addr 172.21.15.18:0/4294130476 (peer_addr_for_me v2:172.21.15.18:0/0)
2024-04-22T00:31:26.294 INFO:teuthology.orchestra.run.smithi018.stdout:/usr/bin/ceph: stderr
2024-04-22T00:31:25.278+0000 7f929c978700 1 -- 172.21.15.18:0/4294130476 --> [v2:172.21.15.18:3300/0,v1:172.21.15.18:6789/0] -- mon_subscribe({config=0+,monmap=0+}) -- 0x7f929807c950 con 0x7f929807dd20
2024-04-22T00:31:26.295 INFO:teuthology.orchestra.run.smithi018.stdout:/usr/bin/ceph: stderr
2024-04-22T00:31:25.278+0000 7f929c978700 1 --2- 172.21.15.18:0/4294130476 >> [v2:172.21.15.18:3300/0,v1:172.21.15.18:6789/0] conn(0x7f929807dd20 0x7f929807c290 secure :-1 s=READY pgs=49 cs=0 l=1 rev1=1 crypto rx=0x7f928c0098a0 tx=0x7f928c009bb0 comp rx=0 tx=0).ready entity=mon.0 client_cookie=2040c9d27a017115 server_cookie=0 in_seq=0 out_seq=0
2024-04-22T00:31:26.295 INFO:teuthology.orchestra.run.smithi018.stdout:/usr/bin/ceph: stderr
2024-04-22T00:31:25.278+0000 7f92977fe700 1 -- 172.21.15.18:0/4294130476 <== mon.0 v2:172.21.15.18:3300/0 1 ==== mon_map magic: 0 ==== 205+0+0 (secure 0 0 0) 0x7f928c004160 con 0x7f929807dd20
2024-04-22T00:31:26.295 INFO:teuthology.orchestra.run.smithi018.stdout:/usr/bin/ceph: stderr
2024-04-22T00:31:25.278+0000 7f92977fe700 1 -- 172.21.15.18:0/4294130476 <== mon.0 v2:172.21.15.18:3300/0 2 ==== config(27 keys) ==== 1109+0+0 (secure 0 0 0) 0x7f928c004300 con 0x7f929807dd20
2024-04-22T00:31:26.295 INFO:teuthology.orchestra.run.smithi018.stdout:/usr/bin/ceph: stderr
2024-04-22T00:31:25.278+0000 7f92977fe700 1 -- 172.21.15.18:0/4294130476 <== mon.0 v2:172.21.15.18:3300/0 3 ==== mon_map magic: 0 ==== 205+0+0 (secure 0 0 0) 0x7f928c011b50 con 0x7f929807dd20
2024-04-22T00:31:26.295 INFO:teuthology.orchestra.run.smithi018.stdout:/usr/bin/ceph: stderr
2024-04-22T00:31:25.279+0000 7f929ebdc700 1 -- 172.21.15.18:0/4294130476 >> [v2:172.21.15.18:3300/0,v1:172.21.15.18:6789/0] conn(0x7f929807dd20 msgr2=0x7f929807c290 secure :-1 s=STATE_CONNECTION_ESTABLISHED l=1).mark_down
2024-04-22T00:31:26.295 INFO:teuthology.orchestra.run.smithi018.stdout:/usr/bin/ceph: stderr
2024-04-22T00:31:25.279+0000 7f929ebdc700 1 --2- 172.21.15.18:0/4294130476 >> [v2:172.21.15.18:3300/0,v1:172.21.15.18:6789/0] conn(0x7f929807dd20 0x7f929807c290 secure :-1 s=READY pgs=49 cs=0 l=1 rev1=1 crypto rx=0x7f928c0098a0 tx=0x7f928c009bb0 comp rx=0 tx=0).stop
2024-04-22T00:31:26.295 INFO:teuthology.orchestra.run.smithi018.stdout:/usr/bin/ceph: stderr
2024-04-22T00:31:25.279+0000 7f929ebdc700 1 -- 172.21.15.18:0/4294130476 shutdown_connections
2024-04-22T00:31:26.295 INFO:teuthology.orchestra.run.smithi018.stdout:/usr/bin/ceph: stderr
2024-04-22T00:31:25.279+0000 7f929ebdc700 1 --2- 172.21.15.18:0/4294130476 >> [v2:172.21.15.18:3300/0,v1:172.21.15.18:6789/0] conn(0x7f929807dd20 0x7f929807c290 unknown :-1 s=CLOSED pgs=49 cs=0 l=1 rev1=1 crypto rx=0 tx=0 comp rx=0 tx=0).stop
2024-04-22T00:31:26.295 INFO:teuthology.orchestra.run.smithi018.stdout:/usr/bin/ceph: stderr
2024-04-22T00:31:25.279+0000 7f929ebdc700 1 -- 172.21.15.18:0/4294130476 >> 172.21.15.18:0/4294130476 conn(0x7f92981031e0 msgr2=0x7f9298105640 unknown :-1 s=STATE_NONE l=0).mark_down
2024-04-22T00:31:26.295 INFO:teuthology.orchestra.run.smithi018.stdout:/usr/bin/ceph: stderr
2024-04-22T00:31:25.279+0000 7f929ebdc700 1 -- 172.21.15.18:0/4294130476 shutdown_connections
2024-04-22T00:31:26.295 INFO:teuthology.orchestra.run.smithi018.stdout:/usr/bin/ceph: stderr
2024-04-22T00:31:25.279+0000 7f929ebdc700 1 -- 172.21.15.18:0/4294130476 wait complete.
2024-04-22T00:31:26.296 INFO:teuthology.orchestra.run.smithi018.stdout:/usr/bin/ceph: stderr
2024-04-22T00:31:25.280+0000 7f929ebdc700 1 Processor -- start
2024-04-22T00:31:26.296 INFO:teuthology.orchestra.run.smithi018.stdout:/usr/bin/ceph: stderr
2024-04-22T00:31:25.280+0000 7f929ebdc700 1 -- start start
2024-04-22T00:31:26.296 INFO:teuthology.orchestra.run.smithi018.stdout:/usr/bin/ceph: stderr
2024-04-22T00:31:25.280+0000 7f929ebdc700 1 --2- >> [v2:172.21.15.18:3300/0,v1:172.21.15.18:6789/0] conn(0x7f929807dd20 0x7f929819dd90 unknown :-1 s=NONE pgs=0 cs=0 l=1 rev1=0 crypto rx=0 tx=0 comp rx=0 tx=0).connect
2024-04-22T00:31:26.297 INFO:teuthology.orchestra.run.smithi018.stdout:/usr/bin/ceph: stderr
2024-04-22T00:31:25.280+0000 7f929ebdc700 1 -- --> [v2:172.21.15.18:3300/0,v1:172.21.15.18:6789/0] -- mon_getmap magic: 0 -- 0x7f929810e090 con 0x7f929807dd20
2024-04-22T00:31:26.297 INFO:teuthology.orchestra.run.smithi018.stdout:/usr/bin/ceph: stderr
2024-04-22T00:31:25.280+0000 7f929c978700 1 --2- >> [v2:172.21.15.18:3300/0,v1:172.21.15.18:6789/0] conn(0x7f929807dd20 0x7f929819dd90 unknown :-1 s=BANNER_CONNECTING pgs=0 cs=0 l=1 rev1=0 crypto rx=0 tx=0 comp rx=0 tx=0)._handle_peer_banner_payload supported=3 required=0
2024-04-22T00:31:26.297 INFO:teuthology.orchestra.run.smithi018.stdout:/usr/bin/ceph: stderr
2024-04-22T00:31:25.280+0000 7f929c978700 1 --2- >> [v2:172.21.15.18:3300/0,v1:172.21.15.18:6789/0] conn(0x7f929807dd20 0x7f929819dd90 unknown :-1 s=HELLO_CONNECTING pgs=0 cs=0 l=1 rev1=1 crypto rx=0 tx=0 comp rx=0 tx=0).handle_hello peer v2:172.21.15.18:3300/0 says I am v2:172.21.15.18:56590/0 (socket says 172.21.15.18:56590)
2024-04-22T00:31:26.297 INFO:teuthology.orchestra.run.smithi018.stdout:/usr/bin/ceph: stderr
2024-04-22T00:31:25.280+0000 7f929c978700 1 -- 172.21.15.18:0/3384980006 learned_addr learned my addr 172.21.15.18:0/3384980006 (peer_addr_for_me v2:172.21.15.18:0/0)
2024-04-22T00:31:26.297 INFO:teuthology.orchestra.run.smithi018.stdout:/usr/bin/ceph: stderr
2024-04-22T00:31:25.280+0000 7f929c978700 1 -- 172.21.15.18:0/3384980006 --> [v2:172.21.15.18:3300/0,v1:172.21.15.18:6789/0] -- mon_subscribe({config=0+,monmap=0+}) -- 0x7f929819e2d0 con 0x7f929807dd20
2024-04-22T00:31:26.297 INFO:teuthology.orchestra.run.smithi018.stdout:/usr/bin/ceph: stderr
2024-04-22T00:31:25.281+0000 7f929c978700 1 --2- 172.21.15.18:0/3384980006 >> [v2:172.21.15.18:3300/0,v1:172.21.15.18:6789/0] conn(0x7f929807dd20 0x7f929819dd90 secure :-1 s=READY pgs=50 cs=0 l=1 rev1=1 crypto rx=0x7f928c009fb0 tx=0x7f928c011bf0 comp rx=0 tx=0).ready entity=mon.0 client_cookie=0 server_cookie=0 in_seq=0 out_seq=0
2024-04-22T00:31:26.297 INFO:teuthology.orchestra.run.smithi018.stdout:/usr/bin/ceph: stderr
2024-04-22T00:31:25.281+0000 7f9295ffb700 1 -- 172.21.15.18:0/3384980006 <== mon.0 v2:172.21.15.18:3300/0 1 ==== mon_map magic: 0 ==== 205+0+0 (secure 0 0 0) 0x7f928c0038b0 con 0x7f929807dd20
2024-04-22T00:31:26.297 INFO:teuthology.orchestra.run.smithi018.stdout:/usr/bin/ceph: stderr
2024-04-22T00:31:25.281+0000 7f9295ffb700 1 -- 172.21.15.18:0/3384980006 <== mon.0 v2:172.21.15.18:3300/0 2 ==== config(27 keys) ==== 1109+0+0 (secure 0 0 0) 0x7f928c011e50 con 0x7f929807dd20
2024-04-22T00:31:26.297 INFO:teuthology.orchestra.run.smithi018.stdout:/usr/bin/ceph: stderr
2024-04-22T00:31:25.281+0000 7f9295ffb700 1 -- 172.21.15.18:0/3384980006 <== mon.0 v2:172.21.15.18:3300/0 3 ==== mon_map magic: 0 ==== 205+0+0 (secure 0 0 0) 0x7f928c019420 con 0x7f929807dd20
2024-04-22T00:31:26.297 INFO:teuthology.orchestra.run.smithi018.stdout:/usr/bin/ceph: stderr
2024-04-22T00:31:25.281+0000 7f929ebdc700 1 -- 172.21.15.18:0/3384980006 --> [v2:172.21.15.18:3300/0,v1:172.21.15.18:6789/0] -- mon_subscribe({mgrmap=0+}) -- 0x7f929819e560 con 0x7f929807dd20
2024-04-22T00:31:26.297 INFO:teuthology.orchestra.run.smithi018.stdout:/usr/bin/ceph: stderr
2024-04-22T00:31:25.281+0000 7f929ebdc700 1 -- 172.21.15.18:0/3384980006 --> [v2:172.21.15.18:3300/0,v1:172.21.15.18:6789/0] -- mon_subscribe({osdmap=0}) -- 0x7f92981a1210 con 0x7f929807dd20
2024-04-22T00:31:26.297 INFO:teuthology.orchestra.run.smithi018.stdout:/usr/bin/ceph: stderr
2024-04-22T00:31:25.282+0000 7f9295ffb700 1 -- 172.21.15.18:0/3384980006 <== mon.0 v2:172.21.15.18:3300/0 4 ==== mgrmap(e 8) ==== 46287+0+0 (secure 0 0 0) 0x7f928c003a50 con 0x7f929807dd20
2024-04-22T00:31:26.297 INFO:teuthology.orchestra.run.smithi018.stdout:/usr/bin/ceph: stderr
2024-04-22T00:31:25.282+0000 7f929ebdc700 1 -- 172.21.15.18:0/3384980006 --> [v2:172.21.15.18:3300/0,v1:172.21.15.18:6789/0] -- mon_command({"prefix": "get_command_descriptions"} v 0) -- 0x7f9298063890 con 0x7f929807dd20
2024-04-22T00:31:26.298 INFO:teuthology.orchestra.run.smithi018.stdout:/usr/bin/ceph: stderr
2024-04-22T00:31:25.282+0000 7f9295ffb700 1 --2- 172.21.15.18:0/3384980006 >> [v2:172.21.15.18:6800/2897837517,v1:172.21.15.18:6801/2897837517] conn(0x7f9288039000 0x7f928803b4c0 unknown :-1 s=NONE pgs=0 cs=0 l=1 rev1=0 crypto rx=0 tx=0 comp rx=0 tx=0).connect
2024-04-22T00:31:26.298 INFO:teuthology.orchestra.run.smithi018.stdout:/usr/bin/ceph: stderr
2024-04-22T00:31:25.282+0000 7f9295ffb700 1 -- 172.21.15.18:0/3384980006 <== mon.0 v2:172.21.15.18:3300/0 5 ==== osd_map(2..2 src has 1..2) ==== 940+0+0 (secure 0 0 0) 0x7f928c04d360 con 0x7f929807dd20
2024-04-22T00:31:26.298 INFO:teuthology.orchestra.run.smithi018.stdout:/usr/bin/ceph: stderr
2024-04-22T00:31:25.282+0000 7f9297fff700 1 --2- 172.21.15.18:0/3384980006 >> [v2:172.21.15.18:6800/2897837517,v1:172.21.15.18:6801/2897837517] conn(0x7f9288039000 0x7f928803b4c0 unknown :-1 s=BANNER_CONNECTING pgs=0 cs=0 l=1 rev1=0 crypto rx=0 tx=0 comp rx=0 tx=0)._handle_peer_banner_payload supported=3 required=0
2024-04-22T00:31:26.298 INFO:teuthology.orchestra.run.smithi018.stdout:/usr/bin/ceph: stderr
2024-04-22T00:31:25.283+0000 7f9297fff700 1 --2- 172.21.15.18:0/3384980006 >> [v2:172.21.15.18:6800/2897837517,v1:172.21.15.18:6801/2897837517] conn(0x7f9288039000 0x7f928803b4c0 secure :-1 s=READY pgs=13 cs=0 l=1 rev1=1 crypto rx=0x7f9284006fd0 tx=0x7f9284006e40 comp rx=0 tx=0).ready entity=mgr.14120 client_cookie=0 server_cookie=0 in_seq=0 out_seq=0
2024-04-22T00:31:26.298 INFO:teuthology.orchestra.run.smithi018.stdout:/usr/bin/ceph: stderr
2024-04-22T00:31:25.287+0000 7f9295ffb700 1 -- 172.21.15.18:0/3384980006 <== mon.0 v2:172.21.15.18:3300/0 6 ==== mon_command_ack([{"prefix": "get_command_descriptions"}]=0 v0) ==== 72+0+186074 (secure 0 0 0) 0x7f928c04ccb0 con 0x7f929807dd20
2024-04-22T00:31:26.298 INFO:teuthology.orchestra.run.smithi018.stdout:/usr/bin/ceph: stderr
2024-04-22T00:31:25.508+0000 7f929ebdc700 1 -- 172.21.15.18:0/3384980006 --> [v2:172.21.15.18:6800/2897837517,v1:172.21.15.18:6801/2897837517] -- mgr_command(tid 0: {"prefix": "orch apply", "service_type": "mgr", "unmanaged": true, "target": ["mon-mgr", ""]}) -- 0x7f9298104450 con 0x7f9288039000
2024-04-22T00:31:26.298 INFO:teuthology.orchestra.run.smithi018.stdout:/usr/bin/ceph: stderr
2024-04-22T00:31:25.512+0000 7f9295ffb700 1 -- 172.21.15.18:0/3384980006 <== mgr.14120 v2:172.21.15.18:6800/2897837517 1 ==== mgr_command_reply(tid 0: 0 ) ==== 8+0+24 (secure 0 0 0) 0x7f9298104450 con 0x7f9288039000
2024-04-22T00:31:26.298 INFO:teuthology.orchestra.run.smithi018.stdout:/usr/bin/ceph: stderr
2024-04-22T00:31:25.514+0000 7f929ebdc700 1 -- 172.21.15.18:0/3384980006 >> [v2:172.21.15.18:6800/2897837517,v1:172.21.15.18:6801/2897837517] conn(0x7f9288039000 msgr2=0x7f928803b4c0 secure :-1 s=STATE_CONNECTION_ESTABLISHED l=1).mark_down
2024-04-22T00:31:26.298 INFO:teuthology.orchestra.run.smithi018.stdout:/usr/bin/ceph: stderr
2024-04-22T00:31:25.514+0000 7f929ebdc700 1 --2- 172.21.15.18:0/3384980006 >> [v2:172.21.15.18:6800/2897837517,v1:172.21.15.18:6801/2897837517] conn(0x7f9288039000 0x7f928803b4c0 secure :-1 s=READY pgs=13 cs=0 l=1 rev1=1 crypto rx=0x7f9284006fd0 tx=0x7f9284006e40 comp rx=0 tx=0).stop
2024-04-22T00:31:26.298 INFO:teuthology.orchestra.run.smithi018.stdout:/usr/bin/ceph: stderr
2024-04-22T00:31:25.514+0000 7f929ebdc700 1 -- 172.21.15.18:0/3384980006 >> [v2:172.21.15.18:3300/0,v1:172.21.15.18:6789/0] conn(0x7f929807dd20 msgr2=0x7f929819dd90 secure :-1 s=STATE_CONNECTION_ESTABLISHED l=1).mark_down
2024-04-22T00:31:26.298 INFO:teuthology.orchestra.run.smithi018.stdout:/usr/bin/ceph: stderr
2024-04-22T00:31:25.514+0000 7f929ebdc700 1 --2- 172.21.15.18:0/3384980006 >> [v2:172.21.15.18:3300/0,v1:172.21.15.18:6789/0] conn(0x7f929807dd20 0x7f929819dd90 secure :-1 s=READY pgs=50 cs=0 l=1 rev1=1 crypto rx=0x7f928c009fb0 tx=0x7f928c011bf0 comp rx=0 tx=0).stop
2024-04-22T00:31:26.298 INFO:teuthology.orchestra.run.smithi018.stdout:/usr/bin/ceph: stderr
2024-04-22T00:31:25.514+0000 7f929ebdc700 1 -- 172.21.15.18:0/3384980006 shutdown_connections
2024-04-22T00:31:26.298 INFO:teuthology.orchestra.run.smithi018.stdout:/usr/bin/ceph: stderr
2024-04-22T00:31:25.514+0000 7f929ebdc700 1 --2- 172.21.15.18:0/3384980006 >> [v2:172.21.15.18:6800/2897837517,v1:172.21.15.18:6801/2897837517] conn(0x7f9288039000 0x7f928803b4c0 unknown :-1 s=CLOSED pgs=13 cs=0 l=1 rev1=1 crypto rx=0 tx=0 comp rx=0 tx=0).stop
2024-04-22T00:31:26.299 INFO:teuthology.orchestra.run.smithi018.stdout:/usr/bin/ceph: stderr
2024-04-22T00:31:25.514+0000 7f929ebdc700 1 --2- 172.21.15.18:0/3384980006 >> [v2:172.21.15.18:3300/0,v1:172.21.15.18:6789/0] conn(0x7f929807dd20 0x7f929819dd90 unknown :-1 s=CLOSED pgs=50 cs=0 l=1 rev1=1 crypto rx=0 tx=0 comp rx=0 tx=0).stop
2024-04-22T00:31:26.299 INFO:teuthology.orchestra.run.smithi018.stdout:/usr/bin/ceph: stderr
2024-04-22T00:31:25.514+0000 7f929ebdc700 1 -- 172.21.15.18:0/3384980006 >> 172.21.15.18:0/3384980006 conn(0x7f92981031e0 msgr2=0x7f9298103d40 unknown :-1 s=STATE_NONE l=0).mark_down
2024-04-22T00:31:26.299 INFO:teuthology.orchestra.run.smithi018.stdout:/usr/bin/ceph: stderr
2024-04-22T00:31:25.514+0000 7f929ebdc700 1 -- 172.21.15.18:0/3384980006 shutdown_connections
2024-04-22T00:31:26.299 INFO:teuthology.orchestra.run.smithi018.stdout:/usr/bin/ceph: stderr
2024-04-22T00:31:25.514+0000 7f929ebdc700 1 -- 172.21.15.18:0/3384980006 wait complete.
2024-04-22T00:31:26.695 INFO:journalctl@ceph.mon.a.smithi018.stdout:Apr 22 00:31:26 smithi018 ceph-mon[27979]: from='client.14144 -' entity='client.admin' cmd=[{"prefix": "orch apply", "service_type": "mgr", "unmanaged": true, "target": ["mon-mgr", ""]}]: dispatch
2024-04-22T00:31:26.696 INFO:journalctl@ceph.mon.a.smithi018.stdout:Apr 22 00:31:26 smithi018 ceph-mon[27979]: Saving service mgr spec with placement count:2
2024-04-22T00:31:26.696 INFO:journalctl@ceph.mon.a.smithi018.stdout:Apr 22 00:31:26 smithi018 ceph-mon[27979]: from='mgr.14120 172.21.15.18:0/1203854286' entity='mgr.x'
2024-04-22T00:31:26.696 INFO:journalctl@ceph.mon.a.smithi018.stdout:Apr 22 00:31:26 smithi018 ceph-mon[27979]: from='mgr.14120 172.21.15.18:0/1203854286' entity='mgr.x'
2024-04-22T00:31:26.696 INFO:journalctl@ceph.mon.a.smithi018.stdout:Apr 22 00:31:26 smithi018 ceph-mon[27979]: from='mgr.14120 172.21.15.18:0/1203854286' entity='mgr.x'
2024-04-22T00:31:28.168 INFO:teuthology.orchestra.run.smithi018.stdout:/usr/bin/ceph: stderr
2024-04-22T00:31:26.725+0000 7f513e63c700 1 Processor -- start
2024-04-22T00:31:28.168 INFO:teuthology.orchestra.run.smithi018.stdout:/usr/bin/ceph: stderr
2024-04-22T00:31:26.726+0000 7f513e63c700 1 -- start start
2024-04-22T00:31:28.169 INFO:teuthology.orchestra.run.smithi018.stdout:/usr/bin/ceph: stderr
2024-04-22T00:31:26.726+0000 7f513e63c700 1 --2- >> [v2:172.21.15.18:3300/0,v1:172.21.15.18:6789/0] conn(0x7f5138107bf0 0x7f5138108010 unknown :-1 s=NONE pgs=0 cs=0 l=0 rev1=0 crypto rx=0 tx=0 comp rx=0 tx=0).connect
2024-04-22T00:31:28.169 INFO:teuthology.orchestra.run.smithi018.stdout:/usr/bin/ceph: stderr
2024-04-22T00:31:26.726+0000 7f513e63c700 1 -- --> [v2:172.21.15.18:3300/0,v1:172.21.15.18:6789/0] -- mon_getmap magic: 0 -- 0x7f51381085e0 con 0x7f5138107bf0
2024-04-22T00:31:28.169 INFO:teuthology.orchestra.run.smithi018.stdout:/usr/bin/ceph: stderr
2024-04-22T00:31:26.726+0000 7f5137fff700 1 --2- >> [v2:172.21.15.18:3300/0,v1:172.21.15.18:6789/0] conn(0x7f5138107bf0 0x7f5138108010 unknown :-1 s=BANNER_CONNECTING pgs=0 cs=0 l=0 rev1=0 crypto rx=0 tx=0 comp rx=0 tx=0)._handle_peer_banner_payload supported=3 required=0
2024-04-22T00:31:28.169 INFO:teuthology.orchestra.run.smithi018.stdout:/usr/bin/ceph: stderr
2024-04-22T00:31:26.726+0000 7f5137fff700 1 --2- >> [v2:172.21.15.18:3300/0,v1:172.21.15.18:6789/0] conn(0x7f5138107bf0 0x7f5138108010 unknown :-1 s=HELLO_CONNECTING pgs=0 cs=0 l=0 rev1=1 crypto rx=0 tx=0 comp rx=0 tx=0).handle_hello peer v2:172.21.15.18:3300/0 says I am v2:172.21.15.18:56606/0 (socket says 172.21.15.18:56606)
2024-04-22T00:31:28.169 INFO:teuthology.orchestra.run.smithi018.stdout:/usr/bin/ceph: stderr
2024-04-22T00:31:26.726+0000 7f5137fff700 1 -- 172.21.15.18:0/3578923934 learned_addr learned my addr 172.21.15.18:0/3578923934 (peer_addr_for_me v2:172.21.15.18:0/0)
2024-04-22T00:31:28.169 INFO:teuthology.orchestra.run.smithi018.stdout:/usr/bin/ceph: stderr
2024-04-22T00:31:26.726+0000 7f5137fff700 1 -- 172.21.15.18:0/3578923934 --> [v2:172.21.15.18:3300/0,v1:172.21.15.18:6789/0] -- mon_subscribe({config=0+,monmap=0+}) -- 0x7f5138108df0 con 0x7f5138107bf0
2024-04-22T00:31:28.169 INFO:teuthology.orchestra.run.smithi018.stdout:/usr/bin/ceph: stderr
2024-04-22T00:31:26.727+0000 7f5137fff700 1 --2- 172.21.15.18:0/3578923934 >> [v2:172.21.15.18:3300/0,v1:172.21.15.18:6789/0] conn(0x7f5138107bf0 0x7f5138108010 secure :-1 s=READY pgs=51 cs=0 l=1 rev1=1 crypto rx=0x7f51280098a0 tx=0x7f5128009bb0 comp rx=0 tx=0).ready entity=mon.0 client_cookie=7c5a02fc018d98a4 server_cookie=0 in_seq=0 out_seq=0
2024-04-22T00:31:28.169 INFO:teuthology.orchestra.run.smithi018.stdout:/usr/bin/ceph: stderr
2024-04-22T00:31:26.727+0000 7f5136ffd700 1 -- 172.21.15.18:0/3578923934 <== mon.0 v2:172.21.15.18:3300/0 1 ==== mon_map magic: 0 ==== 205+0+0 (secure 0 0 0) 0x7f5128004160 con 0x7f5138107bf0
2024-04-22T00:31:28.169 INFO:teuthology.orchestra.run.smithi018.stdout:/usr/bin/ceph: stderr
2024-04-22T00:31:26.727+0000 7f5136ffd700 1 -- 172.21.15.18:0/3578923934 <== mon.0 v2:172.21.15.18:3300/0 2 ==== config(27 keys) ==== 1140+0+0 (secure 0 0 0) 0x7f5128004300 con 0x7f5138107bf0
2024-04-22T00:31:28.169 INFO:teuthology.orchestra.run.smithi018.stdout:/usr/bin/ceph: stderr
2024-04-22T00:31:26.727+0000 7f5136ffd700 1 -- 172.21.15.18:0/3578923934 <== mon.0 v2:172.21.15.18:3300/0 3 ==== mon_map magic: 0 ==== 205+0+0 (secure 0 0 0) 0x7f5128011b20 con 0x7f5138107bf0
2024-04-22T00:31:28.169 INFO:teuthology.orchestra.run.smithi018.stdout:/usr/bin/ceph: stderr
2024-04-22T00:31:26.727+0000 7f513e63c700 1 -- 172.21.15.18:0/3578923934 >> [v2:172.21.15.18:3300/0,v1:172.21.15.18:6789/0] conn(0x7f5138107bf0 msgr2=0x7f5138108010 secure :-1 s=STATE_CONNECTION_ESTABLISHED l=1).mark_down
2024-04-22T00:31:28.169 INFO:teuthology.orchestra.run.smithi018.stdout:/usr/bin/ceph: stderr
2024-04-22T00:31:26.727+0000 7f513e63c700 1 --2- 172.21.15.18:0/3578923934 >> [v2:172.21.15.18:3300/0,v1:172.21.15.18:6789/0] conn(0x7f5138107bf0 0x7f5138108010 secure :-1 s=READY pgs=51 cs=0 l=1 rev1=1 crypto rx=0x7f51280098a0 tx=0x7f5128009bb0 comp rx=0 tx=0).stop
2024-04-22T00:31:28.170 INFO:teuthology.orchestra.run.smithi018.stdout:/usr/bin/ceph: stderr
2024-04-22T00:31:26.727+0000 7f513e63c700 1 -- 172.21.15.18:0/3578923934 shutdown_connections
2024-04-22T00:31:28.170 INFO:teuthology.orchestra.run.smithi018.stdout:/usr/bin/ceph: stderr
2024-04-22T00:31:26.727+0000 7f513e63c700 1 --2- 172.21.15.18:0/3578923934 >> [v2:172.21.15.18:3300/0,v1:172.21.15.18:6789/0] conn(0x7f5138107bf0 0x7f5138108010 unknown :-1 s=CLOSED pgs=51 cs=0 l=1 rev1=1 crypto rx=0 tx=0 comp rx=0 tx=0).stop
2024-04-22T00:31:28.170 INFO:teuthology.orchestra.run.smithi018.stdout:/usr/bin/ceph: stderr
2024-04-22T00:31:26.727+0000 7f513e63c700 1 -- 172.21.15.18:0/3578923934 >> 172.21.15.18:0/3578923934 conn(0x7f5138103170 msgr2=0x7f51381055d0 unknown :-1 s=STATE_NONE l=0).mark_down
2024-04-22T00:31:28.170 INFO:teuthology.orchestra.run.smithi018.stdout:/usr/bin/ceph: stderr
2024-04-22T00:31:26.728+0000 7f513e63c700 1 -- 172.21.15.18:0/3578923934 shutdown_connections
2024-04-22T00:31:28.170 INFO:teuthology.orchestra.run.smithi018.stdout:/usr/bin/ceph: stderr
2024-04-22T00:31:26.728+0000 7f513e63c700 1 -- 172.21.15.18:0/3578923934 wait complete.
2024-04-22T00:31:28.170 INFO:teuthology.orchestra.run.smithi018.stdout:/usr/bin/ceph: stderr
2024-04-22T00:31:26.728+0000 7f513e63c700 1 Processor -- start
2024-04-22T00:31:28.170 INFO:teuthology.orchestra.run.smithi018.stdout:/usr/bin/ceph: stderr
2024-04-22T00:31:26.728+0000 7f513e63c700 1 -- start start
2024-04-22T00:31:28.170 INFO:teuthology.orchestra.run.smithi018.stdout:/usr/bin/ceph: stderr
2024-04-22T00:31:26.728+0000 7f513e63c700 1 --2- >> [v2:172.21.15.18:3300/0,v1:172.21.15.18:6789/0] conn(0x7f513819dff0 0x7f513819e410 unknown :-1 s=NONE pgs=0 cs=0 l=1 rev1=0 crypto rx=0 tx=0 comp rx=0 tx=0).connect
2024-04-22T00:31:28.170 INFO:teuthology.orchestra.run.smithi018.stdout:/usr/bin/ceph: stderr
2024-04-22T00:31:26.728+0000 7f513e63c700 1 -- --> [v2:172.21.15.18:3300/0,v1:172.21.15.18:6789/0] -- mon_getmap magic: 0 -- 0x7f513810c1a0 con 0x7f513819dff0
2024-04-22T00:31:28.170 INFO:teuthology.orchestra.run.smithi018.stdout:/usr/bin/ceph: stderr
2024-04-22T00:31:26.729+0000 7f5137fff700 1 --2- >> [v2:172.21.15.18:3300/0,v1:172.21.15.18:6789/0] conn(0x7f513819dff0 0x7f513819e410 unknown :-1 s=BANNER_CONNECTING pgs=0 cs=0 l=1 rev1=0 crypto rx=0 tx=0 comp rx=0 tx=0)._handle_peer_banner_payload supported=3 required=0
2024-04-22T00:31:28.170 INFO:teuthology.orchestra.run.smithi018.stdout:/usr/bin/ceph: stderr
2024-04-22T00:31:26.729+0000 7f5137fff700 1 --2- >> [v2:172.21.15.18:3300/0,v1:172.21.15.18:6789/0] conn(0x7f513819dff0 0x7f513819e410 unknown :-1 s=HELLO_CONNECTING pgs=0 cs=0 l=1 rev1=1 crypto rx=0 tx=0 comp rx=0 tx=0).handle_hello peer v2:172.21.15.18:3300/0 says I am v2:172.21.15.18:56618/0 (socket says 172.21.15.18:56618)
2024-04-22T00:31:28.170 INFO:teuthology.orchestra.run.smithi018.stdout:/usr/bin/ceph: stderr
2024-04-22T00:31:26.729+0000 7f5137fff700 1 -- 172.21.15.18:0/417303246 learned_addr learned my addr 172.21.15.18:0/417303246 (peer_addr_for_me v2:172.21.15.18:0/0)
2024-04-22T00:31:28.171 INFO:teuthology.orchestra.run.smithi018.stdout:/usr/bin/ceph: stderr
2024-04-22T00:31:26.729+0000 7f5137fff700 1 -- 172.21.15.18:0/417303246 --> [v2:172.21.15.18:3300/0,v1:172.21.15.18:6789/0] -- mon_subscribe({config=0+,monmap=0+}) -- 0x7f513819e950 con 0x7f513819dff0
2024-04-22T00:31:28.171 INFO:teuthology.orchestra.run.smithi018.stdout:/usr/bin/ceph: stderr
2024-04-22T00:31:26.729+0000 7f5137fff700 1 --2- 172.21.15.18:0/417303246 >> [v2:172.21.15.18:3300/0,v1:172.21.15.18:6789/0] conn(0x7f513819dff0 0x7f513819e410 secure :-1 s=READY pgs=52 cs=0 l=1 rev1=1 crypto rx=0x7f5128009fb0 tx=0x7f5128011b80 comp rx=0 tx=0).ready entity=mon.0 client_cookie=0 server_cookie=0 in_seq=0 out_seq=0
2024-04-22T00:31:28.171 INFO:teuthology.orchestra.run.smithi018.stdout:/usr/bin/ceph: stderr
2024-04-22T00:31:26.729+0000 7f51357fa700 1 -- 172.21.15.18:0/417303246 <== mon.0 v2:172.21.15.18:3300/0 1 ==== mon_map magic: 0 ==== 205+0+0 (secure 0 0 0) 0x7f51280036a0 con 0x7f513819dff0
2024-04-22T00:31:28.171 INFO:teuthology.orchestra.run.smithi018.stdout:/usr/bin/ceph: stderr
2024-04-22T00:31:26.729+0000 7f513e63c700 1 -- 172.21.15.18:0/417303246 --> [v2:172.21.15.18:3300/0,v1:172.21.15.18:6789/0] -- mon_subscribe({mgrmap=0+}) -- 0x7f513819ebe0 con 0x7f513819dff0
2024-04-22T00:31:28.171 INFO:teuthology.orchestra.run.smithi018.stdout:/usr/bin/ceph: stderr
2024-04-22T00:31:26.729+0000 7f51357fa700 1 -- 172.21.15.18:0/417303246 <== mon.0 v2:172.21.15.18:3300/0 2 ==== config(27 keys) ==== 1140+0+0 (secure 0 0 0) 0x7f512801a460 con 0x7f513819dff0
2024-04-22T00:31:28.171 INFO:teuthology.orchestra.run.smithi018.stdout:/usr/bin/ceph: stderr
2024-04-22T00:31:26.729+0000 7f51357fa700 1 -- 172.21.15.18:0/417303246 <== mon.0 v2:172.21.15.18:3300/0 3 ==== mon_map magic: 0 ==== 205+0+0 (secure 0 0 0) 0x7f512801b440 con 0x7f513819dff0
2024-04-22T00:31:28.171 INFO:teuthology.orchestra.run.smithi018.stdout:/usr/bin/ceph: stderr
2024-04-22T00:31:26.729+0000 7f513e63c700 1 -- 172.21.15.18:0/417303246 --> [v2:172.21.15.18:3300/0,v1:172.21.15.18:6789/0] -- mon_subscribe({osdmap=0}) -- 0x7f51381a16c0 con 0x7f513819dff0
2024-04-22T00:31:28.171 INFO:teuthology.orchestra.run.smithi018.stdout:/usr/bin/ceph: stderr
2024-04-22T00:31:26.730+0000 7f51357fa700 1 -- 172.21.15.18:0/417303246 <== mon.0 v2:172.21.15.18:3300/0 4 ==== mgrmap(e 8) ==== 46287+0+0 (secure 0 0 0) 0x7f512801b760 con 0x7f513819dff0
2024-04-22T00:31:28.171 INFO:teuthology.orchestra.run.smithi018.stdout:/usr/bin/ceph: stderr
2024-04-22T00:31:26.730+0000 7f513e63c700 1 -- 172.21.15.18:0/417303246 --> [v2:172.21.15.18:3300/0,v1:172.21.15.18:6789/0] -- mon_command({"prefix": "get_command_descriptions"} v 0) -- 0x7f5138063890 con 0x7f513819dff0
2024-04-22T00:31:28.171 INFO:teuthology.orchestra.run.smithi018.stdout:/usr/bin/ceph: stderr
2024-04-22T00:31:26.730+0000 7f51357fa700 1 --2- 172.21.15.18:0/417303246 >> [v2:172.21.15.18:6800/2897837517,v1:172.21.15.18:6801/2897837517] conn(0x7f5124039000 0x7f512403b4c0 unknown :-1 s=NONE pgs=0 cs=0 l=1 rev1=0 crypto rx=0 tx=0 comp rx=0 tx=0).connect
2024-04-22T00:31:28.171 INFO:teuthology.orchestra.run.smithi018.stdout:/usr/bin/ceph: stderr
2024-04-22T00:31:26.731+0000 7f51357fa700 1 -- 172.21.15.18:0/417303246 <== mon.0 v2:172.21.15.18:3300/0 5 ==== osd_map(2..2 src has 1..2) ==== 940+0+0 (secure 0 0 0) 0x7f512804d660 con 0x7f513819dff0
2024-04-22T00:31:28.172 INFO:teuthology.orchestra.run.smithi018.stdout:/usr/bin/ceph: stderr
2024-04-22T00:31:26.731+0000 7f51377fe700 1 --2- 172.21.15.18:0/417303246 >> [v2:172.21.15.18:6800/2897837517,v1:172.21.15.18:6801/2897837517] conn(0x7f5124039000 0x7f512403b4c0 unknown :-1 s=BANNER_CONNECTING pgs=0 cs=0 l=1 rev1=0 crypto rx=0 tx=0 comp rx=0 tx=0)._handle_peer_banner_payload supported=3 required=0
2024-04-22T00:31:28.172 INFO:teuthology.orchestra.run.smithi018.stdout:/usr/bin/ceph: stderr
2024-04-22T00:31:26.731+0000 7f51377fe700 1 --2- 172.21.15.18:0/417303246 >> [v2:172.21.15.18:6800/2897837517,v1:172.21.15.18:6801/2897837517] conn(0x7f5124039000 0x7f512403b4c0 secure :-1 s=READY pgs=14 cs=0 l=1 rev1=1 crypto rx=0x7f5120006fd0 tx=0x7f5120006e40 comp rx=0 tx=0).ready entity=mgr.14120 client_cookie=0 server_cookie=0 in_seq=0 out_seq=0
2024-04-22T00:31:28.172 INFO:teuthology.orchestra.run.smithi018.stdout:/usr/bin/ceph: stderr
2024-04-22T00:31:26.735+0000 7f51357fa700 1 -- 172.21.15.18:0/417303246 <== mon.0 v2:172.21.15.18:3300/0 6 ==== mon_command_ack([{"prefix": "get_command_descriptions"}]=0 v0) ==== 72+0+186074 (secure 0 0 0) 0x7f512802d7c0 con 0x7f513819dff0
2024-04-22T00:31:28.172 INFO:teuthology.orchestra.run.smithi018.stdout:/usr/bin/ceph: stderr
2024-04-22T00:31:26.972+0000 7f513e63c700 1 -- 172.21.15.18:0/417303246 --> [v2:172.21.15.18:3300/0,v1:172.21.15.18:6789/0] -- mon_command([{prefix=config set, name=mgr/cephadm/container_init}] v 0) -- 0x7f51381a1e40 con 0x7f513819dff0
2024-04-22T00:31:28.172 INFO:teuthology.orchestra.run.smithi018.stdout:/usr/bin/ceph: stderr
2024-04-22T00:31:26.975+0000 7f51357fa700 1 -- 172.21.15.18:0/417303246 <== mon.0 v2:172.21.15.18:3300/0 7 ==== mon_command_ack([{prefix=config set, name=mgr/cephadm/container_init}]=0 v7)=0 v7) ==== 142+0+0 (secure 0 0 0) 0x7f512800b3e0 con 0x7f513819dff0
2024-04-22T00:31:28.172 INFO:teuthology.orchestra.run.smithi018.stdout:/usr/bin/ceph: stderr
2024-04-22T00:31:26.978+0000 7f513e63c700 1 -- 172.21.15.18:0/417303246 >> [v2:172.21.15.18:6800/2897837517,v1:172.21.15.18:6801/2897837517] conn(0x7f5124039000 msgr2=0x7f512403b4c0 secure :-1 s=STATE_CONNECTION_ESTABLISHED l=1).mark_down
2024-04-22T00:31:28.172 INFO:teuthology.orchestra.run.smithi018.stdout:/usr/bin/ceph: stderr
2024-04-22T00:31:26.978+0000 7f513e63c700 1 --2- 172.21.15.18:0/417303246 >> [v2:172.21.15.18:6800/2897837517,v1:172.21.15.18:6801/2897837517] conn(0x7f5124039000 0x7f512403b4c0 secure :-1 s=READY pgs=14 cs=0 l=1 rev1=1 crypto rx=0x7f5120006fd0 tx=0x7f5120006e40 comp rx=0 tx=0).stop
2024-04-22T00:31:28.172 INFO:teuthology.orchestra.run.smithi018.stdout:/usr/bin/ceph: stderr
2024-04-22T00:31:26.978+0000 7f513e63c700 1 -- 172.21.15.18:0/417303246 >> [v2:172.21.15.18:3300/0,v1:172.21.15.18:6789/0] conn(0x7f513819dff0 msgr2=0x7f513819e410 secure :-1 s=STATE_CONNECTION_ESTABLISHED l=1).mark_down
2024-04-22T00:31:28.172 INFO:teuthology.orchestra.run.smithi018.stdout:/usr/bin/ceph: stderr
2024-04-22T00:31:26.978+0000 7f513e63c700 1 --2- 172.21.15.18:0/417303246 >> [v2:172.21.15.18:3300/0,v1:172.21.15.18:6789/0] conn(0x7f513819dff0 0x7f513819e410 secure :-1 s=READY pgs=52 cs=0 l=1 rev1=1 crypto rx=0x7f5128009fb0 tx=0x7f5128011b80 comp rx=0 tx=0).stop
2024-04-22T00:31:28.172 INFO:teuthology.orchestra.run.smithi018.stdout:/usr/bin/ceph: stderr
2024-04-22T00:31:26.979+0000 7f513e63c700 1 -- 172.21.15.18:0/417303246 shutdown_connections
2024-04-22T00:31:28.173 INFO:teuthology.orchestra.run.smithi018.stdout:/usr/bin/ceph: stderr
2024-04-22T00:31:26.979+0000 7f513e63c700 1 --2- 172.21.15.18:0/417303246 >> [v2:172.21.15.18:6800/2897837517,v1:172.21.15.18:6801/2897837517] conn(0x7f5124039000 0x7f512403b4c0 unknown :-1 s=CLOSED pgs=14 cs=0 l=1 rev1=1 crypto rx=0 tx=0 comp rx=0 tx=0).stop
2024-04-22T00:31:28.173 INFO:teuthology.orchestra.run.smithi018.stdout:/usr/bin/ceph: stderr
2024-04-22T00:31:26.979+0000 7f513e63c700 1 --2- 172.21.15.18:0/417303246 >> [v2:172.21.15.18:3300/0,v1:172.21.15.18:6789/0] conn(0x7f513819dff0 0x7f513819e410 unknown :-1 s=CLOSED pgs=52 cs=0 l=1 rev1=1 crypto rx=0 tx=0 comp rx=0 tx=0).stop
2024-04-22T00:31:28.173 INFO:teuthology.orchestra.run.smithi018.stdout:/usr/bin/ceph: stderr
2024-04-22T00:31:26.979+0000 7f513e63c700 1 -- 172.21.15.18:0/417303246 >> 172.21.15.18:0/417303246 conn(0x7f5138103170 msgr2=0x7f5138103d30 unknown :-1 s=STATE_NONE l=0).mark_down
2024-04-22T00:31:28.173 INFO:teuthology.orchestra.run.smithi018.stdout:/usr/bin/ceph: stderr
2024-04-22T00:31:26.979+0000 7f513e63c700 1 -- 172.21.15.18:0/417303246 shutdown_connections
2024-04-22T00:31:28.173 INFO:teuthology.orchestra.run.smithi018.stdout:/usr/bin/ceph: stderr
2024-04-22T00:31:26.979+0000 7f513e63c700 1 -- 172.21.15.18:0/417303246 wait complete.
2024-04-22T00:31:28.175 INFO:journalctl@ceph.mon.a.smithi018.stdout:Apr 22 00:31:27 smithi018 ceph-mon[27979]: from='client.? 172.21.15.18:0/417303246' entity='client.admin'
2024-04-22T00:31:28.175 INFO:journalctl@ceph.mon.a.smithi018.stdout:Apr 22 00:31:27 smithi018 ceph-mon[27979]: from='mgr.14120 172.21.15.18:0/1203854286' entity='mgr.x'
2024-04-22T00:31:29.407 INFO:teuthology.orchestra.run.smithi018.stdout:/usr/bin/ceph: stderr
2024-04-22T00:31:28.569+0000 7fc40986a700 1 Processor -- start
2024-04-22T00:31:29.407 INFO:teuthology.orchestra.run.smithi018.stdout:/usr/bin/ceph: stderr
2024-04-22T00:31:28.569+0000 7fc40986a700 1 -- start start
2024-04-22T00:31:29.407 INFO:teuthology.orchestra.run.smithi018.stdout:/usr/bin/ceph: stderr
2024-04-22T00:31:28.569+0000 7fc40986a700 1 --2- >> [v2:172.21.15.18:3300/0,v1:172.21.15.18:6789/0] conn(0x7fc40407ddc0 0x7fc40407c270 unknown :-1 s=NONE pgs=0 cs=0 l=0 rev1=0 crypto rx=0 tx=0 comp rx=0 tx=0).connect
2024-04-22T00:31:29.407 INFO:teuthology.orchestra.run.smithi018.stdout:/usr/bin/ceph: stderr
2024-04-22T00:31:28.569+0000 7fc40986a700 1 -- --> [v2:172.21.15.18:3300/0,v1:172.21.15.18:6789/0] -- mon_getmap magic: 0 -- 0x7fc40407c7b0 con 0x7fc40407ddc0
2024-04-22T00:31:29.407 INFO:teuthology.orchestra.run.smithi018.stdout:/usr/bin/ceph: stderr
2024-04-22T00:31:28.569+0000 7fc402ffd700 1 --2- >> [v2:172.21.15.18:3300/0,v1:172.21.15.18:6789/0] conn(0x7fc40407ddc0 0x7fc40407c270 unknown :-1 s=BANNER_CONNECTING pgs=0 cs=0 l=0 rev1=0 crypto rx=0 tx=0 comp rx=0 tx=0)._handle_peer_banner_payload supported=3 required=0
2024-04-22T00:31:29.407 INFO:teuthology.orchestra.run.smithi018.stdout:/usr/bin/ceph: stderr
2024-04-22T00:31:28.569+0000 7fc402ffd700 1 --2- >> [v2:172.21.15.18:3300/0,v1:172.21.15.18:6789/0] conn(0x7fc40407ddc0 0x7fc40407c270 unknown :-1 s=HELLO_CONNECTING pgs=0 cs=0 l=0 rev1=1 crypto rx=0 tx=0 comp rx=0 tx=0).handle_hello peer v2:172.21.15.18:3300/0 says I am v2:172.21.15.18:56634/0 (socket says 172.21.15.18:56634)
2024-04-22T00:31:29.407 INFO:teuthology.orchestra.run.smithi018.stdout:/usr/bin/ceph: stderr
2024-04-22T00:31:28.569+0000 7fc402ffd700 1 -- 172.21.15.18:0/2660362535 learned_addr learned my addr 172.21.15.18:0/2660362535 (peer_addr_for_me v2:172.21.15.18:0/0)
2024-04-22T00:31:29.407 INFO:teuthology.orchestra.run.smithi018.stdout:/usr/bin/ceph: stderr
2024-04-22T00:31:28.570+0000 7fc402ffd700 1 -- 172.21.15.18:0/2660362535 --> [v2:172.21.15.18:3300/0,v1:172.21.15.18:6789/0] -- mon_subscribe({config=0+,monmap=0+}) -- 0x7fc40407c930 con 0x7fc40407ddc0
2024-04-22T00:31:29.407 INFO:teuthology.orchestra.run.smithi018.stdout:/usr/bin/ceph: stderr
2024-04-22T00:31:28.570+0000 7fc402ffd700 1 --2- 172.21.15.18:0/2660362535 >> [v2:172.21.15.18:3300/0,v1:172.21.15.18:6789/0] conn(0x7fc40407ddc0 0x7fc40407c270 secure :-1 s=READY pgs=53 cs=0 l=1 rev1=1 crypto rx=0x7fc3f40098a0 tx=0x7fc3f4009bb0 comp rx=0 tx=0).ready entity=mon.0 client_cookie=4e5a7b5a73484ea1 server_cookie=0 in_seq=0 out_seq=0
2024-04-22T00:31:29.408 INFO:teuthology.orchestra.run.smithi018.stdout:/usr/bin/ceph: stderr
2024-04-22T00:31:28.570+0000 7fc401ffb700 1 -- 172.21.15.18:0/2660362535 <== mon.0 v2:172.21.15.18:3300/0 1 ==== mon_map magic: 0 ==== 205+0+0 (secure 0 0 0) 0x7fc3f4004160 con 0x7fc40407ddc0
2024-04-22T00:31:29.408 INFO:teuthology.orchestra.run.smithi018.stdout:/usr/bin/ceph: stderr
2024-04-22T00:31:28.570+0000 7fc401ffb700 1 -- 172.21.15.18:0/2660362535 <== mon.0 v2:172.21.15.18:3300/0 2 ==== config(27 keys) ==== 1140+0+0 (secure 0 0 0) 0x7fc3f4004300 con 0x7fc40407ddc0
2024-04-22T00:31:29.408 INFO:teuthology.orchestra.run.smithi018.stdout:/usr/bin/ceph: stderr
2024-04-22T00:31:28.570+0000 7fc401ffb700 1 -- 172.21.15.18:0/2660362535 <== mon.0 v2:172.21.15.18:3300/0 3 ==== mon_map magic: 0 ==== 205+0+0 (secure 0 0 0) 0x7fc3f4011b20 con 0x7fc40407ddc0
2024-04-22T00:31:29.408 INFO:teuthology.orchestra.run.smithi018.stdout:/usr/bin/ceph: stderr
2024-04-22T00:31:28.571+0000 7fc40986a700 1 -- 172.21.15.18:0/2660362535 >> [v2:172.21.15.18:3300/0,v1:172.21.15.18:6789/0] conn(0x7fc40407ddc0 msgr2=0x7fc40407c270 secure :-1 s=STATE_CONNECTION_ESTABLISHED l=1).mark_down
2024-04-22T00:31:29.408 INFO:teuthology.orchestra.run.smithi018.stdout:/usr/bin/ceph: stderr
2024-04-22T00:31:28.571+0000 7fc40986a700 1 --2- 172.21.15.18:0/2660362535 >> [v2:172.21.15.18:3300/0,v1:172.21.15.18:6789/0] conn(0x7fc40407ddc0 0x7fc40407c270 secure :-1 s=READY pgs=53 cs=0 l=1 rev1=1 crypto rx=0x7fc3f40098a0 tx=0x7fc3f4009bb0 comp rx=0 tx=0).stop
2024-04-22T00:31:29.408 INFO:teuthology.orchestra.run.smithi018.stdout:/usr/bin/ceph: stderr
2024-04-22T00:31:28.571+0000 7fc40986a700 1 -- 172.21.15.18:0/2660362535 shutdown_connections
2024-04-22T00:31:29.408 INFO:teuthology.orchestra.run.smithi018.stdout:/usr/bin/ceph: stderr
2024-04-22T00:31:28.571+0000 7fc40986a700 1 --2- 172.21.15.18:0/2660362535 >> [v2:172.21.15.18:3300/0,v1:172.21.15.18:6789/0] conn(0x7fc40407ddc0 0x7fc40407c270 unknown :-1 s=CLOSED pgs=53 cs=0 l=1 rev1=1 crypto rx=0 tx=0 comp rx=0 tx=0).stop
2024-04-22T00:31:29.408 INFO:teuthology.orchestra.run.smithi018.stdout:/usr/bin/ceph: stderr
2024-04-22T00:31:28.571+0000 7fc40986a700 1 -- 172.21.15.18:0/2660362535 >> 172.21.15.18:0/2660362535 conn(0x7fc404103190 msgr2=0x7fc4041055f0 unknown :-1 s=STATE_NONE l=0).mark_down
2024-04-22T00:31:29.408 INFO:teuthology.orchestra.run.smithi018.stdout:/usr/bin/ceph: stderr
2024-04-22T00:31:28.571+0000 7fc40986a700 1 -- 172.21.15.18:0/2660362535 shutdown_connections
2024-04-22T00:31:29.408 INFO:teuthology.orchestra.run.smithi018.stdout:/usr/bin/ceph: stderr
2024-04-22T00:31:28.571+0000 7fc40986a700 1 -- 172.21.15.18:0/2660362535 wait complete.
2024-04-22T00:31:29.408 INFO:teuthology.orchestra.run.smithi018.stdout:/usr/bin/ceph: stderr
2024-04-22T00:31:28.571+0000 7fc40986a700 1 Processor -- start
2024-04-22T00:31:29.408 INFO:teuthology.orchestra.run.smithi018.stdout:/usr/bin/ceph: stderr
2024-04-22T00:31:28.572+0000 7fc40986a700 1 -- start start
2024-04-22T00:31:29.409 INFO:teuthology.orchestra.run.smithi018.stdout:/usr/bin/ceph: stderr
2024-04-22T00:31:28.572+0000 7fc40986a700 1 --2- >> [v2:172.21.15.18:3300/0,v1:172.21.15.18:6789/0] conn(0x7fc40407ddc0 0x7fc40419dd20 unknown :-1 s=NONE pgs=0 cs=0 l=1 rev1=0 crypto rx=0 tx=0 comp rx=0 tx=0).connect
2024-04-22T00:31:29.409 INFO:teuthology.orchestra.run.smithi018.stdout:/usr/bin/ceph: stderr
2024-04-22T00:31:28.572+0000 7fc40986a700 1 -- --> [v2:172.21.15.18:3300/0,v1:172.21.15.18:6789/0] -- mon_getmap magic: 0 -- 0x7fc40410e1d0 con 0x7fc40407ddc0
2024-04-22T00:31:29.409 INFO:teuthology.orchestra.run.smithi018.stdout:/usr/bin/ceph: stderr
2024-04-22T00:31:28.572+0000 7fc402ffd700 1 --2- >> [v2:172.21.15.18:3300/0,v1:172.21.15.18:6789/0] conn(0x7fc40407ddc0 0x7fc40419dd20 unknown :-1 s=BANNER_CONNECTING pgs=0 cs=0 l=1 rev1=0 crypto rx=0 tx=0 comp rx=0 tx=0)._handle_peer_banner_payload supported=3 required=0
2024-04-22T00:31:29.409 INFO:teuthology.orchestra.run.smithi018.stdout:/usr/bin/ceph: stderr
2024-04-22T00:31:28.572+0000 7fc402ffd700 1 --2- >> [v2:172.21.15.18:3300/0,v1:172.21.15.18:6789/0] conn(0x7fc40407ddc0 0x7fc40419dd20 unknown :-1 s=HELLO_CONNECTING pgs=0 cs=0 l=1 rev1=1 crypto rx=0 tx=0 comp rx=0 tx=0).handle_hello peer v2:172.21.15.18:3300/0 says I am v2:172.21.15.18:56638/0 (socket says 172.21.15.18:56638)
2024-04-22T00:31:29.409 INFO:teuthology.orchestra.run.smithi018.stdout:/usr/bin/ceph: stderr
2024-04-22T00:31:28.572+0000 7fc402ffd700 1 -- 172.21.15.18:0/2367840857 learned_addr learned my addr 172.21.15.18:0/2367840857 (peer_addr_for_me v2:172.21.15.18:0/0)
2024-04-22T00:31:29.409 INFO:teuthology.orchestra.run.smithi018.stdout:/usr/bin/ceph: stderr
2024-04-22T00:31:28.572+0000 7fc402ffd700 1 -- 172.21.15.18:0/2367840857 --> [v2:172.21.15.18:3300/0,v1:172.21.15.18:6789/0] -- mon_subscribe({config=0+,monmap=0+}) -- 0x7fc40419e260 con 0x7fc40407ddc0
2024-04-22T00:31:29.409 INFO:teuthology.orchestra.run.smithi018.stdout:/usr/bin/ceph: stderr
2024-04-22T00:31:28.572+0000 7fc402ffd700 1 --2- 172.21.15.18:0/2367840857 >> [v2:172.21.15.18:3300/0,v1:172.21.15.18:6789/0] conn(0x7fc40407ddc0 0x7fc40419dd20 secure :-1 s=READY pgs=54 cs=0 l=1 rev1=1 crypto rx=0x7fc3f40116a0 tx=0x7fc3f4011c10 comp rx=0 tx=0).ready entity=mon.0 client_cookie=0 server_cookie=0 in_seq=0 out_seq=0
2024-04-22T00:31:29.409 INFO:teuthology.orchestra.run.smithi018.stdout:/usr/bin/ceph: stderr
2024-04-22T00:31:28.573+0000 7fc408868700 1 -- 172.21.15.18:0/2367840857 <== mon.0 v2:172.21.15.18:3300/0 1 ==== mon_map magic: 0 ==== 205+0+0 (secure 0 0 0) 0x7fc3f4003ac0 con 0x7fc40407ddc0
2024-04-22T00:31:29.409 INFO:teuthology.orchestra.run.smithi018.stdout:/usr/bin/ceph: stderr
2024-04-22T00:31:28.573+0000 7fc408868700 1 -- 172.21.15.18:0/2367840857 <== mon.0 v2:172.21.15.18:3300/0 2 ==== config(27 keys) ==== 1140+0+0 (secure 0 0 0) 0x7fc3f4003c60 con 0x7fc40407ddc0
2024-04-22T00:31:29.409 INFO:teuthology.orchestra.run.smithi018.stdout:/usr/bin/ceph: stderr
2024-04-22T00:31:28.573+0000 7fc40986a700 1 -- 172.21.15.18:0/2367840857 --> [v2:172.21.15.18:3300/0,v1:172.21.15.18:6789/0] -- mon_subscribe({mgrmap=0+}) -- 0x7fc40419e4f0 con 0x7fc40407ddc0
2024-04-22T00:31:29.409 INFO:teuthology.orchestra.run.smithi018.stdout:/usr/bin/ceph: stderr
2024-04-22T00:31:28.573+0000 7fc408868700 1 -- 172.21.15.18:0/2367840857 <== mon.0 v2:172.21.15.18:3300/0 3 ==== mon_map magic: 0 ==== 205+0+0 (secure 0 0 0) 0x7fc3f401a7d0 con 0x7fc40407ddc0
2024-04-22T00:31:29.409 INFO:teuthology.orchestra.run.smithi018.stdout:/usr/bin/ceph: stderr
2024-04-22T00:31:28.573+0000 7fc40986a700 1 -- 172.21.15.18:0/2367840857 --> [v2:172.21.15.18:3300/0,v1:172.21.15.18:6789/0] -- mon_subscribe({osdmap=0}) -- 0x7fc40419e950 con 0x7fc40407ddc0
2024-04-22T00:31:29.409 INFO:teuthology.orchestra.run.smithi018.stdout:/usr/bin/ceph: stderr
2024-04-22T00:31:28.574+0000 7fc408868700 1 -- 172.21.15.18:0/2367840857 <== mon.0 v2:172.21.15.18:3300/0 4 ==== mgrmap(e 8) ==== 46287+0+0 (secure 0 0 0) 0x7fc3f401ab30 con 0x7fc40407ddc0
2024-04-22T00:31:29.410 INFO:teuthology.orchestra.run.smithi018.stdout:/usr/bin/ceph: stderr
2024-04-22T00:31:28.574+0000 7fc40986a700 1 -- 172.21.15.18:0/2367840857 --> [v2:172.21.15.18:3300/0,v1:172.21.15.18:6789/0] -- mon_command({"prefix": "get_command_descriptions"} v 0) -- 0x7fc404063890 con 0x7fc40407ddc0
2024-04-22T00:31:29.410 INFO:teuthology.orchestra.run.smithi018.stdout:/usr/bin/ceph: stderr
2024-04-22T00:31:28.574+0000 7fc408868700 1 --2- 172.21.15.18:0/2367840857 >> [v2:172.21.15.18:6800/2897837517,v1:172.21.15.18:6801/2897837517] conn(0x7fc3ec039000 0x7fc3ec03b4c0 unknown :-1 s=NONE pgs=0 cs=0 l=1 rev1=0 crypto rx=0 tx=0 comp rx=0 tx=0).connect
2024-04-22T00:31:29.410 INFO:teuthology.orchestra.run.smithi018.stdout:/usr/bin/ceph: stderr
2024-04-22T00:31:28.574+0000 7fc408868700 1 -- 172.21.15.18:0/2367840857 <== mon.0 v2:172.21.15.18:3300/0 5 ==== osd_map(2..2 src has 1..2) ==== 940+0+0 (secure 0 0 0) 0x7fc3f404d670 con 0x7fc40407ddc0
2024-04-22T00:31:29.410 INFO:teuthology.orchestra.run.smithi018.stdout:/usr/bin/ceph: stderr
2024-04-22T00:31:28.574+0000 7fc4027fc700 1 --2- 172.21.15.18:0/2367840857 >> [v2:172.21.15.18:6800/2897837517,v1:172.21.15.18:6801/2897837517] conn(0x7fc3ec039000 0x7fc3ec03b4c0 unknown :-1 s=BANNER_CONNECTING pgs=0 cs=0 l=1 rev1=0 crypto rx=0 tx=0 comp rx=0 tx=0)._handle_peer_banner_payload supported=3 required=0
2024-04-22T00:31:29.410 INFO:teuthology.orchestra.run.smithi018.stdout:/usr/bin/ceph: stderr
2024-04-22T00:31:28.575+0000 7fc4027fc700 1 --2- 172.21.15.18:0/2367840857 >> [v2:172.21.15.18:6800/2897837517,v1:172.21.15.18:6801/2897837517] conn(0x7fc3ec039000 0x7fc3ec03b4c0 secure :-1 s=READY pgs=15 cs=0 l=1 rev1=1 crypto rx=0x7fc3f8006fd0 tx=0x7fc3f8006e40 comp rx=0 tx=0).ready entity=mgr.14120 client_cookie=0 server_cookie=0 in_seq=0 out_seq=0
2024-04-22T00:31:29.410 INFO:teuthology.orchestra.run.smithi018.stdout:/usr/bin/ceph: stderr
2024-04-22T00:31:28.579+0000 7fc408868700 1 -- 172.21.15.18:0/2367840857 <== mon.0 v2:172.21.15.18:3300/0 6 ==== mon_command_ack([{"prefix": "get_command_descriptions"}]=0 v0) ==== 72+0+186074 (secure 0 0 0) 0x7fc3f4011e20 con 0x7fc40407ddc0
2024-04-22T00:31:29.410 INFO:teuthology.orchestra.run.smithi018.stdout:/usr/bin/ceph: stderr
2024-04-22T00:31:28.787+0000 7fc40986a700 1 -- 172.21.15.18:0/2367840857 --> [v2:172.21.15.18:3300/0,v1:172.21.15.18:6789/0] -- mon_command([{prefix=config set, name=mgr/dashboard/ssl_server_port}] v 0) -- 0x7fc4041a13b0 con 0x7fc40407ddc0
2024-04-22T00:31:29.410 INFO:teuthology.orchestra.run.smithi018.stdout:/usr/bin/ceph: stderr
2024-04-22T00:31:28.789+0000 7fc408868700 1 -- 172.21.15.18:0/2367840857 <== mon.0 v2:172.21.15.18:3300/0 7 ==== mon_command_ack([{prefix=config set, name=mgr/dashboard/ssl_server_port}]=0 v8)=0 v8) ==== 130+0+0 (secure 0 0 0) 0x7fc3f4020240 con 0x7fc40407ddc0
2024-04-22T00:31:29.410 INFO:teuthology.orchestra.run.smithi018.stdout:/usr/bin/ceph: stderr
2024-04-22T00:31:28.792+0000 7fc40986a700 1 -- 172.21.15.18:0/2367840857 >> [v2:172.21.15.18:6800/2897837517,v1:172.21.15.18:6801/2897837517] conn(0x7fc3ec039000 msgr2=0x7fc3ec03b4c0 secure :-1 s=STATE_CONNECTION_ESTABLISHED l=1).mark_down
2024-04-22T00:31:29.410 INFO:teuthology.orchestra.run.smithi018.stdout:/usr/bin/ceph: stderr
2024-04-22T00:31:28.792+0000 7fc40986a700 1 --2- 172.21.15.18:0/2367840857 >> [v2:172.21.15.18:6800/2897837517,v1:172.21.15.18:6801/2897837517] conn(0x7fc3ec039000 0x7fc3ec03b4c0 secure :-1 s=READY pgs=15 cs=0 l=1 rev1=1 crypto rx=0x7fc3f8006fd0 tx=0x7fc3f8006e40 comp rx=0 tx=0).stop
2024-04-22T00:31:29.410 INFO:teuthology.orchestra.run.smithi018.stdout:/usr/bin/ceph: stderr
2024-04-22T00:31:28.792+0000 7fc40986a700 1 -- 172.21.15.18:0/2367840857 >> [v2:172.21.15.18:3300/0,v1:172.21.15.18:6789/0] conn(0x7fc40407ddc0 msgr2=0x7fc40419dd20 secure :-1 s=STATE_CONNECTION_ESTABLISHED l=1).mark_down
2024-04-22T00:31:29.410 INFO:teuthology.orchestra.run.smithi018.stdout:/usr/bin/ceph: stderr
2024-04-22T00:31:28.792+0000 7fc40986a700 1 --2- 172.21.15.18:0/2367840857 >> [v2:172.21.15.18:3300/0,v1:172.21.15.18:6789/0] conn(0x7fc40407ddc0 0x7fc40419dd20 secure :-1 s=READY pgs=54 cs=0 l=1 rev1=1 crypto rx=0x7fc3f40116a0 tx=0x7fc3f4011c10 comp rx=0 tx=0).stop
2024-04-22T00:31:29.411 INFO:teuthology.orchestra.run.smithi018.stdout:/usr/bin/ceph: stderr
2024-04-22T00:31:28.792+0000 7fc40986a700 1 -- 172.21.15.18:0/2367840857 shutdown_connections
2024-04-22T00:31:29.411 INFO:teuthology.orchestra.run.smithi018.stdout:/usr/bin/ceph: stderr
2024-04-22T00:31:28.792+0000 7fc40986a700 1 --2- 172.21.15.18:0/2367840857 >> [v2:172.21.15.18:6800/2897837517,v1:172.21.15.18:6801/2897837517] conn(0x7fc3ec039000 0x7fc3ec03b4c0 unknown :-1 s=CLOSED pgs=15 cs=0 l=1 rev1=1 crypto rx=0 tx=0 comp rx=0 tx=0).stop
