2024-04-22T01:02:52.567+0000 7f38031d0700 1 -- 172.21.15.38:0/3490609012 --> [v2:172.21.15.38:3300/0,v1:172.21.15.38:6789/0] -- mon_subscribe({mgrmap=0+}) -- 0x7f37fc19c400 con 0x7f37fc107ce0
2024-04-22T01:02:53.614 INFO:teuthology.orchestra.run.smithi038.stdout:/usr/bin/ceph: stderr
2024-04-22T01:02:52.567+0000 7f37f9ffb700 1 -- 172.21.15.38:0/3490609012 <== mon.0 v2:172.21.15.38:3300/0 3 ==== mon_map magic: 0 ==== 205+0+0 (secure 0 0 0) 0x7f37f001a5c0 con 0x7f37fc107ce0
2024-04-22T01:02:53.615 INFO:teuthology.orchestra.run.smithi038.stdout:/usr/bin/ceph: stderr
2024-04-22T01:02:52.567+0000 7f38031d0700 1 -- 172.21.15.38:0/3490609012 --> [v2:172.21.15.38:3300/0,v1:172.21.15.38:6789/0] -- mon_subscribe({osdmap=0}) -- 0x7f37fc19f0f0 con 0x7f37fc107ce0
2024-04-22T01:02:53.615 INFO:teuthology.orchestra.run.smithi038.stdout:/usr/bin/ceph: stderr
2024-04-22T01:02:52.568+0000 7f37f9ffb700 1 -- 172.21.15.38:0/3490609012 <== mon.0 v2:172.21.15.38:3300/0 4 ==== mgrmap(e 8) ==== 46287+0+0 (secure 0 0 0) 0x7f37f001a870 con 0x7f37fc107ce0
2024-04-22T01:02:53.615 INFO:teuthology.orchestra.run.smithi038.stdout:/usr/bin/ceph: stderr
2024-04-22T01:02:52.568+0000 7f37f9ffb700 1 --2- 172.21.15.38:0/3490609012 >> [v2:172.21.15.38:6800/3063830265,v1:172.21.15.38:6801/3063830265] conn(0x7f37ec039050 0x7f37ec03b510 unknown :-1 s=NONE pgs=0 cs=0 l=1 rev1=0 crypto rx=0 tx=0 comp rx=0 tx=0).connect
2024-04-22T01:02:53.615 INFO:teuthology.orchestra.run.smithi038.stdout:/usr/bin/ceph: stderr
2024-04-22T01:02:52.568+0000 7f37f9ffb700 1 -- 172.21.15.38:0/3490609012 <== mon.0 v2:172.21.15.38:3300/0 5 ==== osd_map(2..2 src has 1..2) ==== 940+0+0 (secure 0 0 0) 0x7f37f004d510 con 0x7f37fc107ce0
2024-04-22T01:02:53.615 INFO:teuthology.orchestra.run.smithi038.stdout:/usr/bin/ceph: stderr
2024-04-22T01:02:52.568+0000 7f38031d0700 1 -- 172.21.15.38:0/3490609012 --> [v2:172.21.15.38:3300/0,v1:172.21.15.38:6789/0] -- mon_command({"prefix": "get_command_descriptions"} v 0) -- 0x7f37fc063890 con 0x7f37fc107ce0
2024-04-22T01:02:53.615 INFO:teuthology.orchestra.run.smithi038.stdout:/usr/bin/ceph: stderr
2024-04-22T01:02:52.568+0000 7f37fbfff700 1 --2- 172.21.15.38:0/3490609012 >> [v2:172.21.15.38:6800/3063830265,v1:172.21.15.38:6801/3063830265] conn(0x7f37ec039050 0x7f37ec03b510 unknown :-1 s=BANNER_CONNECTING pgs=0 cs=0 l=1 rev1=0 crypto rx=0 tx=0 comp rx=0 tx=0)._handle_peer_banner_payload supported=3 required=0
2024-04-22T01:02:53.615 INFO:teuthology.orchestra.run.smithi038.stdout:/usr/bin/ceph: stderr
2024-04-22T01:02:52.569+0000 7f37fbfff700 1 --2- 172.21.15.38:0/3490609012 >> [v2:172.21.15.38:6800/3063830265,v1:172.21.15.38:6801/3063830265] conn(0x7f37ec039050 0x7f37ec03b510 secure :-1 s=READY pgs=9 cs=0 l=1 rev1=1 crypto rx=0x7f37e8006fd0 tx=0x7f37e8006e40 comp rx=0 tx=0).ready entity=mgr.14120 client_cookie=0 server_cookie=0 in_seq=0 out_seq=0
2024-04-22T01:02:53.615 INFO:teuthology.orchestra.run.smithi038.stdout:/usr/bin/ceph: stderr
2024-04-22T01:02:52.573+0000 7f37f9ffb700 1 -- 172.21.15.38:0/3490609012 <== mon.0 v2:172.21.15.38:3300/0 6 ==== mon_command_ack([{"prefix": "get_command_descriptions"}]=0 v0) ==== 72+0+186074 (secure 0 0 0) 0x7f37f0019c70 con 0x7f37fc107ce0
2024-04-22T01:02:53.615 INFO:teuthology.orchestra.run.smithi038.stdout:/usr/bin/ceph: stderr
2024-04-22T01:02:52.784+0000 7f38031d0700 1 -- 172.21.15.38:0/3490609012 --> [v2:172.21.15.38:6800/3063830265,v1:172.21.15.38:6801/3063830265] -- mgr_command(tid 0: {"prefix": "cephadm generate-key", "target": ["mon-mgr", ""]}) -- 0x7f37fc104540 con 0x7f37ec039050
2024-04-22T01:02:53.615 INFO:teuthology.orchestra.run.smithi038.stdout:/usr/bin/ceph: stderr
2024-04-22T01:02:52.953+0000 7f37f9ffb700 1 -- 172.21.15.38:0/3490609012 <== mgr.14120 v2:172.21.15.38:6800/3063830265 1 ==== mgr_command_reply(tid 0: 0 ) ==== 8+0+0 (secure 0 0 0) 0x7f37fc104540 con 0x7f37ec039050
2024-04-22T01:02:53.615 INFO:teuthology.orchestra.run.smithi038.stdout:/usr/bin/ceph: stderr
2024-04-22T01:02:52.956+0000 7f38031d0700 1 -- 172.21.15.38:0/3490609012 >> [v2:172.21.15.38:6800/3063830265,v1:172.21.15.38:6801/3063830265] conn(0x7f37ec039050 msgr2=0x7f37ec03b510 secure :-1 s=STATE_CONNECTION_ESTABLISHED l=1).mark_down
2024-04-22T01:02:53.615 INFO:teuthology.orchestra.run.smithi038.stdout:/usr/bin/ceph: stderr
2024-04-22T01:02:52.956+0000 7f38031d0700 1 --2- 172.21.15.38:0/3490609012 >> [v2:172.21.15.38:6800/3063830265,v1:172.21.15.38:6801/3063830265] conn(0x7f37ec039050 0x7f37ec03b510 secure :-1 s=READY pgs=9 cs=0 l=1 rev1=1 crypto rx=0x7f37e8006fd0 tx=0x7f37e8006e40 comp rx=0 tx=0).stop
2024-04-22T01:02:53.615 INFO:teuthology.orchestra.run.smithi038.stdout:/usr/bin/ceph: stderr
2024-04-22T01:02:52.956+0000 7f38031d0700 1 -- 172.21.15.38:0/3490609012 >> [v2:172.21.15.38:3300/0,v1:172.21.15.38:6789/0] conn(0x7f37fc107ce0 msgr2=0x7f37fc19bc30 secure :-1 s=STATE_CONNECTION_ESTABLISHED l=1).mark_down
2024-04-22T01:02:53.616 INFO:teuthology.orchestra.run.smithi038.stdout:/usr/bin/ceph: stderr
2024-04-22T01:02:52.956+0000 7f38031d0700 1 --2- 172.21.15.38:0/3490609012 >> [v2:172.21.15.38:3300/0,v1:172.21.15.38:6789/0] conn(0x7f37fc107ce0 0x7f37fc19bc30 secure :-1 s=READY pgs=42 cs=0 l=1 rev1=1 crypto rx=0x7f37f0011670 tx=0x7f37f0011b60 comp rx=0 tx=0).stop
2024-04-22T01:02:53.616 INFO:teuthology.orchestra.run.smithi038.stdout:/usr/bin/ceph: stderr
2024-04-22T01:02:52.956+0000 7f38031d0700 1 -- 172.21.15.38:0/3490609012 shutdown_connections
2024-04-22T01:02:53.616 INFO:teuthology.orchestra.run.smithi038.stdout:/usr/bin/ceph: stderr
2024-04-22T01:02:52.956+0000 7f38031d0700 1 --2- 172.21.15.38:0/3490609012 >> [v2:172.21.15.38:6800/3063830265,v1:172.21.15.38:6801/3063830265] conn(0x7f37ec039050 0x7f37ec03b510 unknown :-1 s=CLOSED pgs=9 cs=0 l=1 rev1=1 crypto rx=0 tx=0 comp rx=0 tx=0).stop
2024-04-22T01:02:53.616 INFO:teuthology.orchestra.run.smithi038.stdout:/usr/bin/ceph: stderr
2024-04-22T01:02:52.956+0000 7f38031d0700 1 --2- 172.21.15.38:0/3490609012 >> [v2:172.21.15.38:3300/0,v1:172.21.15.38:6789/0] conn(0x7f37fc107ce0 0x7f37fc19bc30 unknown :-1 s=CLOSED pgs=42 cs=0 l=1 rev1=1 crypto rx=0 tx=0 comp rx=0 tx=0).stop
2024-04-22T01:02:53.616 INFO:teuthology.orchestra.run.smithi038.stdout:/usr/bin/ceph: stderr
2024-04-22T01:02:52.956+0000 7f38031d0700 1 -- 172.21.15.38:0/3490609012 >> 172.21.15.38:0/3490609012 conn(0x7f37fc103300 msgr2=0x7f37fc103e30 unknown :-1 s=STATE_NONE l=0).mark_down
2024-04-22T01:02:53.616 INFO:teuthology.orchestra.run.smithi038.stdout:/usr/bin/ceph: stderr
2024-04-22T01:02:52.956+0000 7f38031d0700 1 -- 172.21.15.38:0/3490609012 shutdown_connections
2024-04-22T01:02:53.616 INFO:teuthology.orchestra.run.smithi038.stdout:/usr/bin/ceph: stderr
2024-04-22T01:02:52.956+0000 7f38031d0700 1 -- 172.21.15.38:0/3490609012 wait complete.
2024-04-22T01:02:54.835 INFO:teuthology.orchestra.run.smithi038.stdout:/usr/bin/ceph: stdout ssh-rsa AAAAB3NzaC1yc2EAAAADAQABAAABgQC3efjZCcVf10CIP0/vNGP+A5vsrQ8hMsr79rnBO2zv9i/trPSPc/MDeR8uSjpeLR7WMfIcH8vTEOpc2FYdw5pmznHNzuGAziat6OYbxK91FnDgNw6SSlCSaXDqcGi/3OqMWIVv7wmC9blx3qhhHmMaCMluPErw7wFWCpsO9MYmGk62K3E8QsaD/Ao3VhEyeZzLaUZ8PYKmytdPcZKHcGKcPqBRYUOdoGcwtTeK7GlRk2AOYp5Q+6n4r+6TYVNvijv+wMJqH3pp58IgjGJZ6PXE6ObogIlOI0bfW9RFla/qiv2bt1b4lWRme8aOaG/3jetTKxBEknFBBujkBcC/xvOr9nRPx5fZJvOZ2Y+N6h3ZP+DKiWxttc9caLIlxZcifXqvBlGREW5T+VmDcjAVDJ+SubXMI/C7Csi9o+H7k8+4VnUzJ9519Ofwhrvt8nVncqqqdTq1YGrcp5DVB5ujBagUBXq0fuKZAbsMz/gId6fFW2uuHQnY5+YPQYFvTUmsEe8= ceph-caf31b2e-0043-11ef-bc93-c7b262605968
2024-04-22T01:02:54.836 INFO:teuthology.orchestra.run.smithi038.stdout:/usr/bin/ceph: stderr
2024-04-22T01:02:54.060+0000 7fc613277700 1 Processor -- start
2024-04-22T01:02:54.836 INFO:teuthology.orchestra.run.smithi038.stdout:/usr/bin/ceph: stderr
2024-04-22T01:02:54.060+0000 7fc613277700 1 -- start start
2024-04-22T01:02:54.836 INFO:teuthology.orchestra.run.smithi038.stdout:/usr/bin/ceph: stderr
2024-04-22T01:02:54.060+0000 7fc613277700 1 --2- >> [v2:172.21.15.38:3300/0,v1:172.21.15.38:6789/0] conn(0x7fc60c109ec0 0x7fc60c10a2e0 unknown :-1 s=NONE pgs=0 cs=0 l=0 rev1=0 crypto rx=0 tx=0 comp rx=0 tx=0).connect
2024-04-22T01:02:54.836 INFO:teuthology.orchestra.run.smithi038.stdout:/usr/bin/ceph: stderr
2024-04-22T01:02:54.060+0000 7fc613277700 1 -- --> [v2:172.21.15.38:3300/0,v1:172.21.15.38:6789/0] -- mon_getmap magic: 0 -- 0x7fc60c10a820 con 0x7fc60c109ec0
2024-04-22T01:02:54.836 INFO:teuthology.orchestra.run.smithi038.stdout:/usr/bin/ceph: stderr
2024-04-22T01:02:54.061+0000 7fc611013700 1 --2- >> [v2:172.21.15.38:3300/0,v1:172.21.15.38:6789/0] conn(0x7fc60c109ec0 0x7fc60c10a2e0 unknown :-1 s=BANNER_CONNECTING pgs=0 cs=0 l=0 rev1=0 crypto rx=0 tx=0 comp rx=0 tx=0)._handle_peer_banner_payload supported=3 required=0
2024-04-22T01:02:54.836 INFO:teuthology.orchestra.run.smithi038.stdout:/usr/bin/ceph: stderr
2024-04-22T01:02:54.061+0000 7fc611013700 1 --2- >> [v2:172.21.15.38:3300/0,v1:172.21.15.38:6789/0] conn(0x7fc60c109ec0 0x7fc60c10a2e0 unknown :-1 s=HELLO_CONNECTING pgs=0 cs=0 l=0 rev1=1 crypto rx=0 tx=0 comp rx=0 tx=0).handle_hello peer v2:172.21.15.38:3300/0 says I am v2:172.21.15.38:57384/0 (socket says 172.21.15.38:57384)
2024-04-22T01:02:54.836 INFO:teuthology.orchestra.run.smithi038.stdout:/usr/bin/ceph: stderr
2024-04-22T01:02:54.061+0000 7fc611013700 1 -- 172.21.15.38:0/2593397186 learned_addr learned my addr 172.21.15.38:0/2593397186 (peer_addr_for_me v2:172.21.15.38:0/0)
2024-04-22T01:02:54.836 INFO:teuthology.orchestra.run.smithi038.stdout:/usr/bin/ceph: stderr
2024-04-22T01:02:54.061+0000 7fc611013700 1 -- 172.21.15.38:0/2593397186 --> [v2:172.21.15.38:3300/0,v1:172.21.15.38:6789/0] -- mon_subscribe({config=0+,monmap=0+}) -- 0x7fc60c10afd0 con 0x7fc60c109ec0
2024-04-22T01:02:54.836 INFO:teuthology.orchestra.run.smithi038.stdout:/usr/bin/ceph: stderr
2024-04-22T01:02:54.061+0000 7fc611013700 1 --2- 172.21.15.38:0/2593397186 >> [v2:172.21.15.38:3300/0,v1:172.21.15.38:6789/0] conn(0x7fc60c109ec0 0x7fc60c10a2e0 secure :-1 s=READY pgs=43 cs=0 l=1 rev1=1 crypto rx=0x7fc604009e80 tx=0x7fc60400b330 comp rx=0 tx=0).ready entity=mon.0 client_cookie=9bdbe479137ca30a server_cookie=0 in_seq=0 out_seq=0
2024-04-22T01:02:54.836 INFO:teuthology.orchestra.run.smithi038.stdout:/usr/bin/ceph: stderr
2024-04-22T01:02:54.061+0000 7fc60bfff700 1 -- 172.21.15.38:0/2593397186 <== mon.0 v2:172.21.15.38:3300/0 1 ==== mon_map magic: 0 ==== 205+0+0 (secure 0 0 0) 0x7fc604017070 con 0x7fc60c109ec0
2024-04-22T01:02:54.836 INFO:teuthology.orchestra.run.smithi038.stdout:/usr/bin/ceph: stderr
2024-04-22T01:02:54.061+0000 7fc60bfff700 1 -- 172.21.15.38:0/2593397186 <== mon.0 v2:172.21.15.38:3300/0 2 ==== config(27 keys) ==== 1109+0+0 (secure 0 0 0) 0x7fc60400b8c0 con 0x7fc60c109ec0
2024-04-22T01:02:54.836 INFO:teuthology.orchestra.run.smithi038.stdout:/usr/bin/ceph: stderr
2024-04-22T01:02:54.061+0000 7fc60bfff700 1 -- 172.21.15.38:0/2593397186 <== mon.0 v2:172.21.15.38:3300/0 3 ==== mon_map magic: 0 ==== 205+0+0 (secure 0 0 0) 0x7fc6040045c0 con 0x7fc60c109ec0
2024-04-22T01:02:54.837 INFO:teuthology.orchestra.run.smithi038.stdout:/usr/bin/ceph: stderr
2024-04-22T01:02:54.062+0000 7fc613277700 1 -- 172.21.15.38:0/2593397186 >> [v2:172.21.15.38:3300/0,v1:172.21.15.38:6789/0] conn(0x7fc60c109ec0 msgr2=0x7fc60c10a2e0 secure :-1 s=STATE_CONNECTION_ESTABLISHED l=1).mark_down
2024-04-22T01:02:54.837 INFO:teuthology.orchestra.run.smithi038.stdout:/usr/bin/ceph: stderr
2024-04-22T01:02:54.062+0000 7fc613277700 1 --2- 172.21.15.38:0/2593397186 >> [v2:172.21.15.38:3300/0,v1:172.21.15.38:6789/0] conn(0x7fc60c109ec0 0x7fc60c10a2e0 secure :-1 s=READY pgs=43 cs=0 l=1 rev1=1 crypto rx=0x7fc604009e80 tx=0x7fc60400b330 comp rx=0 tx=0).stop
2024-04-22T01:02:54.837 INFO:teuthology.orchestra.run.smithi038.stdout:/usr/bin/ceph: stderr
2024-04-22T01:02:54.062+0000 7fc613277700 1 -- 172.21.15.38:0/2593397186 shutdown_connections
2024-04-22T01:02:54.837 INFO:teuthology.orchestra.run.smithi038.stdout:/usr/bin/ceph: stderr
2024-04-22T01:02:54.062+0000 7fc613277700 1 --2- 172.21.15.38:0/2593397186 >> [v2:172.21.15.38:3300/0,v1:172.21.15.38:6789/0] conn(0x7fc60c109ec0 0x7fc60c10a2e0 unknown :-1 s=CLOSED pgs=43 cs=0 l=1 rev1=1 crypto rx=0 tx=0 comp rx=0 tx=0).stop
2024-04-22T01:02:54.837 INFO:teuthology.orchestra.run.smithi038.stdout:/usr/bin/ceph: stderr
2024-04-22T01:02:54.062+0000 7fc613277700 1 -- 172.21.15.38:0/2593397186 >> 172.21.15.38:0/2593397186 conn(0x7fc60c07d2b0 msgr2=0x7fc60c07d6c0 unknown :-1 s=STATE_NONE l=0).mark_down
2024-04-22T01:02:54.837 INFO:teuthology.orchestra.run.smithi038.stdout:/usr/bin/ceph: stderr
2024-04-22T01:02:54.062+0000 7fc613277700 1 -- 172.21.15.38:0/2593397186 shutdown_connections
2024-04-22T01:02:54.837 INFO:teuthology.orchestra.run.smithi038.stdout:/usr/bin/ceph: stderr
2024-04-22T01:02:54.062+0000 7fc613277700 1 -- 172.21.15.38:0/2593397186 wait complete.
2024-04-22T01:02:54.837 INFO:teuthology.orchestra.run.smithi038.stdout:/usr/bin/ceph: stderr
2024-04-22T01:02:54.062+0000 7fc613277700 1 Processor -- start
2024-04-22T01:02:54.837 INFO:teuthology.orchestra.run.smithi038.stdout:/usr/bin/ceph: stderr
2024-04-22T01:02:54.063+0000 7fc613277700 1 -- start start
2024-04-22T01:02:54.837 INFO:teuthology.orchestra.run.smithi038.stdout:/usr/bin/ceph: stderr
2024-04-22T01:02:54.063+0000 7fc613277700 1 --2- >> [v2:172.21.15.38:3300/0,v1:172.21.15.38:6789/0] conn(0x7fc60c109ec0 0x7fc60c19ddf0 unknown :-1 s=NONE pgs=0 cs=0 l=1 rev1=0 crypto rx=0 tx=0 comp rx=0 tx=0).connect
2024-04-22T01:02:54.837 INFO:teuthology.orchestra.run.smithi038.stdout:/usr/bin/ceph: stderr
2024-04-22T01:02:54.063+0000 7fc613277700 1 -- --> [v2:172.21.15.38:3300/0,v1:172.21.15.38:6789/0] -- mon_getmap magic: 0 -- 0x7fc60c10e410 con 0x7fc60c109ec0
2024-04-22T01:02:54.837 INFO:teuthology.orchestra.run.smithi038.stdout:/usr/bin/ceph: stderr
2024-04-22T01:02:54.063+0000 7fc611013700 1 --2- >> [v2:172.21.15.38:3300/0,v1:172.21.15.38:6789/0] conn(0x7fc60c109ec0 0x7fc60c19ddf0 unknown :-1 s=BANNER_CONNECTING pgs=0 cs=0 l=1 rev1=0 crypto rx=0 tx=0 comp rx=0 tx=0)._handle_peer_banner_payload supported=3 required=0
2024-04-22T01:02:54.837 INFO:teuthology.orchestra.run.smithi038.stdout:/usr/bin/ceph: stderr
2024-04-22T01:02:54.063+0000 7fc611013700 1 --2- >> [v2:172.21.15.38:3300/0,v1:172.21.15.38:6789/0] conn(0x7fc60c109ec0 0x7fc60c19ddf0 unknown :-1 s=HELLO_CONNECTING pgs=0 cs=0 l=1 rev1=1 crypto rx=0 tx=0 comp rx=0 tx=0).handle_hello peer v2:172.21.15.38:3300/0 says I am v2:172.21.15.38:57390/0 (socket says 172.21.15.38:57390)
2024-04-22T01:02:54.837 INFO:teuthology.orchestra.run.smithi038.stdout:/usr/bin/ceph: stderr
2024-04-22T01:02:54.063+0000 7fc611013700 1 -- 172.21.15.38:0/2089808006 learned_addr learned my addr 172.21.15.38:0/2089808006 (peer_addr_for_me v2:172.21.15.38:0/0)
2024-04-22T01:02:54.838 INFO:teuthology.orchestra.run.smithi038.stdout:/usr/bin/ceph: stderr
2024-04-22T01:02:54.063+0000 7fc611013700 1 -- 172.21.15.38:0/2089808006 --> [v2:172.21.15.38:3300/0,v1:172.21.15.38:6789/0] -- mon_subscribe({config=0+,monmap=0+}) -- 0x7fc60c19e330 con 0x7fc60c109ec0
2024-04-22T01:02:54.838 INFO:teuthology.orchestra.run.smithi038.stdout:/usr/bin/ceph: stderr
2024-04-22T01:02:54.063+0000 7fc611013700 1 --2- 172.21.15.38:0/2089808006 >> [v2:172.21.15.38:3300/0,v1:172.21.15.38:6789/0] conn(0x7fc60c109ec0 0x7fc60c19ddf0 secure :-1 s=READY pgs=44 cs=0 l=1 rev1=1 crypto rx=0x7fc604009e50 tx=0x7fc60400bd30 comp rx=0 tx=0).ready entity=mon.0 client_cookie=0 server_cookie=0 in_seq=0 out_seq=0
2024-04-22T01:02:54.838 INFO:teuthology.orchestra.run.smithi038.stdout:/usr/bin/ceph: stderr
2024-04-22T01:02:54.063+0000 7fc60a7fc700 1 -- 172.21.15.38:0/2089808006 <== mon.0 v2:172.21.15.38:3300/0 1 ==== mon_map magic: 0 ==== 205+0+0 (secure 0 0 0) 0x7fc604020020 con 0x7fc60c109ec0
2024-04-22T01:02:54.838 INFO:teuthology.orchestra.run.smithi038.stdout:/usr/bin/ceph: stderr
2024-04-22T01:02:54.063+0000 7fc60a7fc700 1 -- 172.21.15.38:0/2089808006 <== mon.0 v2:172.21.15.38:3300/0 2 ==== config(27 keys) ==== 1109+0+0 (secure 0 0 0) 0x7fc604003b50 con 0x7fc60c109ec0
2024-04-22T01:02:54.838 INFO:teuthology.orchestra.run.smithi038.stdout:/usr/bin/ceph: stderr
2024-04-22T01:02:54.064+0000 7fc613277700 1 -- 172.21.15.38:0/2089808006 --> [v2:172.21.15.38:3300/0,v1:172.21.15.38:6789/0] -- mon_subscribe({mgrmap=0+}) -- 0x7fc60c19e5c0 con 0x7fc60c109ec0
2024-04-22T01:02:54.838 INFO:teuthology.orchestra.run.smithi038.stdout:/usr/bin/ceph: stderr
2024-04-22T01:02:54.064+0000 7fc60a7fc700 1 -- 172.21.15.38:0/2089808006 <== mon.0 v2:172.21.15.38:3300/0 3 ==== mon_map magic: 0 ==== 205+0+0 (secure 0 0 0) 0x7fc604017040 con 0x7fc60c109ec0
2024-04-22T01:02:54.838 INFO:teuthology.orchestra.run.smithi038.stdout:/usr/bin/ceph: stderr
2024-04-22T01:02:54.064+0000 7fc613277700 1 -- 172.21.15.38:0/2089808006 --> [v2:172.21.15.38:3300/0,v1:172.21.15.38:6789/0] -- mon_subscribe({osdmap=0}) -- 0x7fc60c1a12b0 con 0x7fc60c109ec0
2024-04-22T01:02:54.838 INFO:teuthology.orchestra.run.smithi038.stdout:/usr/bin/ceph: stderr
2024-04-22T01:02:54.064+0000 7fc60a7fc700 1 -- 172.21.15.38:0/2089808006 <== mon.0 v2:172.21.15.38:3300/0 4 ==== mgrmap(e 8) ==== 46287+0+0 (secure 0 0 0) 0x7fc604023020 con 0x7fc60c109ec0
2024-04-22T01:02:54.838 INFO:teuthology.orchestra.run.smithi038.stdout:/usr/bin/ceph: stderr
2024-04-22T01:02:54.065+0000 7fc613277700 1 -- 172.21.15.38:0/2089808006 --> [v2:172.21.15.38:3300/0,v1:172.21.15.38:6789/0] -- mon_command({"prefix": "get_command_descriptions"} v 0) -- 0x7fc60c063890 con 0x7fc60c109ec0
2024-04-22T01:02:54.838 INFO:teuthology.orchestra.run.smithi038.stdout:/usr/bin/ceph: stderr
2024-04-22T01:02:54.065+0000 7fc60a7fc700 1 --2- 172.21.15.38:0/2089808006 >> [v2:172.21.15.38:6800/3063830265,v1:172.21.15.38:6801/3063830265] conn(0x7fc5f4039050 0x7fc5f403b510 unknown :-1 s=NONE pgs=0 cs=0 l=1 rev1=0 crypto rx=0 tx=0 comp rx=0 tx=0).connect
2024-04-22T01:02:54.838 INFO:teuthology.orchestra.run.smithi038.stdout:/usr/bin/ceph: stderr
2024-04-22T01:02:54.065+0000 7fc60a7fc700 1 -- 172.21.15.38:0/2089808006 <== mon.0 v2:172.21.15.38:3300/0 5 ==== osd_map(2..2 src has 1..2) ==== 940+0+0 (secure 0 0 0) 0x7fc60400f050 con 0x7fc60c109ec0
2024-04-22T01:02:54.838 INFO:teuthology.orchestra.run.smithi038.stdout:/usr/bin/ceph: stderr
2024-04-22T01:02:54.065+0000 7fc610812700 1 --2- 172.21.15.38:0/2089808006 >> [v2:172.21.15.38:6800/3063830265,v1:172.21.15.38:6801/3063830265] conn(0x7fc5f4039050 0x7fc5f403b510 unknown :-1 s=BANNER_CONNECTING pgs=0 cs=0 l=1 rev1=0 crypto rx=0 tx=0 comp rx=0 tx=0)._handle_peer_banner_payload supported=3 required=0
2024-04-22T01:02:54.839 INFO:teuthology.orchestra.run.smithi038.stdout:/usr/bin/ceph: stderr
2024-04-22T01:02:54.065+0000 7fc610812700 1 --2- 172.21.15.38:0/2089808006 >> [v2:172.21.15.38:6800/3063830265,v1:172.21.15.38:6801/3063830265] conn(0x7fc5f4039050 0x7fc5f403b510 secure :-1 s=READY pgs=10 cs=0 l=1 rev1=1 crypto rx=0x7fc600006fd0 tx=0x7fc600006e40 comp rx=0 tx=0).ready entity=mgr.14120 client_cookie=0 server_cookie=0 in_seq=0 out_seq=0
2024-04-22T01:02:54.839 INFO:teuthology.orchestra.run.smithi038.stdout:/usr/bin/ceph: stderr
2024-04-22T01:02:54.070+0000 7fc60a7fc700 1 -- 172.21.15.38:0/2089808006 <== mon.0 v2:172.21.15.38:3300/0 6 ==== mon_command_ack([{"prefix": "get_command_descriptions"}]=0 v0) ==== 72+0+186074 (secure 0 0 0) 0x7fc60402a020 con 0x7fc60c109ec0
2024-04-22T01:02:54.839 INFO:teuthology.orchestra.run.smithi038.stdout:/usr/bin/ceph: stderr
2024-04-22T01:02:54.275+0000 7fc613277700 1 -- 172.21.15.38:0/2089808006 --> [v2:172.21.15.38:6800/3063830265,v1:172.21.15.38:6801/3063830265] -- mgr_command(tid 0: {"prefix": "cephadm get-pub-key", "target": ["mon-mgr", ""]}) -- 0x7fc60c107ae0 con 0x7fc5f4039050
2024-04-22T01:02:54.839 INFO:teuthology.orchestra.run.smithi038.stdout:/usr/bin/ceph: stderr
2024-04-22T01:02:54.276+0000 7fc60a7fc700 1 -- 172.21.15.38:0/2089808006 <== mgr.14120 v2:172.21.15.38:6800/3063830265 1 ==== mgr_command_reply(tid 0: 0 ) ==== 8+0+595 (secure 0 0 0) 0x7fc60c107ae0 con 0x7fc5f4039050
2024-04-22T01:02:54.839 INFO:teuthology.orchestra.run.smithi038.stdout:/usr/bin/ceph: stderr
2024-04-22T01:02:54.278+0000 7fc613277700 1 -- 172.21.15.38:0/2089808006 >> [v2:172.21.15.38:6800/3063830265,v1:172.21.15.38:6801/3063830265] conn(0x7fc5f4039050 msgr2=0x7fc5f403b510 secure :-1 s=STATE_CONNECTION_ESTABLISHED l=1).mark_down
2024-04-22T01:02:54.839 INFO:teuthology.orchestra.run.smithi038.stdout:/usr/bin/ceph: stderr
2024-04-22T01:02:54.278+0000 7fc613277700 1 --2- 172.21.15.38:0/2089808006 >> [v2:172.21.15.38:6800/3063830265,v1:172.21.15.38:6801/3063830265] conn(0x7fc5f4039050 0x7fc5f403b510 secure :-1 s=READY pgs=10 cs=0 l=1 rev1=1 crypto rx=0x7fc600006fd0 tx=0x7fc600006e40 comp rx=0 tx=0).stop
2024-04-22T01:02:54.839 INFO:teuthology.orchestra.run.smithi038.stdout:/usr/bin/ceph: stderr
2024-04-22T01:02:54.278+0000 7fc613277700 1 -- 172.21.15.38:0/2089808006 >> [v2:172.21.15.38:3300/0,v1:172.21.15.38:6789/0] conn(0x7fc60c109ec0 msgr2=0x7fc60c19ddf0 secure :-1 s=STATE_CONNECTION_ESTABLISHED l=1).mark_down
2024-04-22T01:02:54.839 INFO:teuthology.orchestra.run.smithi038.stdout:/usr/bin/ceph: stderr
2024-04-22T01:02:54.278+0000 7fc613277700 1 --2- 172.21.15.38:0/2089808006 >> [v2:172.21.15.38:3300/0,v1:172.21.15.38:6789/0] conn(0x7fc60c109ec0 0x7fc60c19ddf0 secure :-1 s=READY pgs=44 cs=0 l=1 rev1=1 crypto rx=0x7fc604009e50 tx=0x7fc60400bd30 comp rx=0 tx=0).stop
2024-04-22T01:02:54.839 INFO:teuthology.orchestra.run.smithi038.stdout:/usr/bin/ceph: stderr
2024-04-22T01:02:54.278+0000 7fc613277700 1 -- 172.21.15.38:0/2089808006 shutdown_connections
2024-04-22T01:02:54.839 INFO:teuthology.orchestra.run.smithi038.stdout:/usr/bin/ceph: stderr
2024-04-22T01:02:54.278+0000 7fc613277700 1 --2- 172.21.15.38:0/2089808006 >> [v2:172.21.15.38:6800/3063830265,v1:172.21.15.38:6801/3063830265] conn(0x7fc5f4039050 0x7fc5f403b510 unknown :-1 s=CLOSED pgs=10 cs=0 l=1 rev1=1 crypto rx=0 tx=0 comp rx=0 tx=0).stop
2024-04-22T01:02:54.839 INFO:teuthology.orchestra.run.smithi038.stdout:/usr/bin/ceph: stderr
2024-04-22T01:02:54.278+0000 7fc613277700 1 --2- 172.21.15.38:0/2089808006 >> [v2:172.21.15.38:3300/0,v1:172.21.15.38:6789/0] conn(0x7fc60c109ec0 0x7fc60c19ddf0 unknown :-1 s=CLOSED pgs=44 cs=0 l=1 rev1=1 crypto rx=0 tx=0 comp rx=0 tx=0).stop
2024-04-22T01:02:54.839 INFO:teuthology.orchestra.run.smithi038.stdout:/usr/bin/ceph: stderr
2024-04-22T01:02:54.278+0000 7fc613277700 1 -- 172.21.15.38:0/2089808006 >> 172.21.15.38:0/2089808006 conn(0x7fc60c07d2b0 msgr2=0x7fc60c1073d0 unknown :-1 s=STATE_NONE l=0).mark_down
2024-04-22T01:02:54.839 INFO:teuthology.orchestra.run.smithi038.stdout:/usr/bin/ceph: stderr
2024-04-22T01:02:54.279+0000 7fc613277700 1 -- 172.21.15.38:0/2089808006 shutdown_connections
2024-04-22T01:02:54.839 INFO:teuthology.orchestra.run.smithi038.stdout:/usr/bin/ceph: stderr
2024-04-22T01:02:54.279+0000 7fc613277700 1 -- 172.21.15.38:0/2089808006 wait complete.
2024-04-22T01:02:54.840 INFO:teuthology.orchestra.run.smithi038.stdout:Wrote public SSH key to /home/ubuntu/cephtest/ceph.pub
2024-04-22T01:02:54.840 INFO:teuthology.orchestra.run.smithi038.stdout:Adding key to root@localhost authorized_keys...
2024-04-22T01:02:54.840 INFO:teuthology.orchestra.run.smithi038.stdout:Adding host smithi038...
2024-04-22T01:02:55.077 INFO:journalctl@ceph.mon.a.smithi038.stdout:Apr 22 01:02:54 smithi038 ceph-mon[28043]: from='client.14138 -' entity='client.admin' cmd=[{"prefix": "cephadm get-pub-key", "target": ["mon-mgr", ""]}]: dispatch
2024-04-22T01:02:56.138 INFO:journalctl@ceph.mon.a.smithi038.stdout:Apr 22 01:02:55 smithi038 ceph-mon[28043]: from='client.14140 -' entity='client.admin' cmd=[{"prefix": "orch host add", "hostname": "smithi038", "addr": "172.21.15.38", "target": ["mon-mgr", ""]}]: dispatch
2024-04-22T01:02:57.404 INFO:journalctl@ceph.mon.a.smithi038.stdout:Apr 22 01:02:56 smithi038 ceph-mon[28043]: Deploying cephadm binary to smithi038
2024-04-22T01:03:00.493 INFO:teuthology.orchestra.run.smithi038.stdout:/usr/bin/ceph: stdout Added host 'smithi038' with addr '172.21.15.38'
2024-04-22T01:03:00.493 INFO:teuthology.orchestra.run.smithi038.stdout:/usr/bin/ceph: stderr
2024-04-22T01:02:55.312+0000 7f90021ef700 1 Processor -- start
2024-04-22T01:03:00.493 INFO:teuthology.orchestra.run.smithi038.stdout:/usr/bin/ceph: stderr
2024-04-22T01:02:55.312+0000 7f90021ef700 1 -- start start
2024-04-22T01:03:00.493 INFO:teuthology.orchestra.run.smithi038.stdout:/usr/bin/ceph: stderr
2024-04-22T01:02:55.312+0000 7f90021ef700 1 --2- >> [v2:172.21.15.38:3300/0,v1:172.21.15.38:6789/0] conn(0x7f8ffc108720 0x7f8ffc10ab10 unknown :-1 s=NONE pgs=0 cs=0 l=0 rev1=0 crypto rx=0 tx=0 comp rx=0 tx=0).connect
2024-04-22T01:03:00.493 INFO:teuthology.orchestra.run.smithi038.stdout:/usr/bin/ceph: stderr
2024-04-22T01:02:55.312+0000 7f90021ef700 1 -- --> [v2:172.21.15.38:3300/0,v1:172.21.15.38:6789/0] -- mon_getmap magic: 0 -- 0x7f8ffc07be30 con 0x7f8ffc108720
2024-04-22T01:03:00.493 INFO:teuthology.orchestra.run.smithi038.stdout:/usr/bin/ceph: stderr
2024-04-22T01:02:55.312+0000 7f8ffb7fe700 1 --2- >> [v2:172.21.15.38:3300/0,v1:172.21.15.38:6789/0] conn(0x7f8ffc108720 0x7f8ffc10ab10 unknown :-1 s=BANNER_CONNECTING pgs=0 cs=0 l=0 rev1=0 crypto rx=0 tx=0 comp rx=0 tx=0)._handle_peer_banner_payload supported=3 required=0
2024-04-22T01:03:00.493 INFO:teuthology.orchestra.run.smithi038.stdout:/usr/bin/ceph: stderr
2024-04-22T01:02:55.312+0000 7f8ffb7fe700 1 --2- >> [v2:172.21.15.38:3300/0,v1:172.21.15.38:6789/0] conn(0x7f8ffc108720 0x7f8ffc10ab10 unknown :-1 s=HELLO_CONNECTING pgs=0 cs=0 l=0 rev1=1 crypto rx=0 tx=0 comp rx=0 tx=0).handle_hello peer v2:172.21.15.38:3300/0 says I am v2:172.21.15.38:57406/0 (socket says 172.21.15.38:57406)
2024-04-22T01:03:00.493 INFO:teuthology.orchestra.run.smithi038.stdout:/usr/bin/ceph: stderr
2024-04-22T01:02:55.312+0000 7f8ffb7fe700 1 -- 172.21.15.38:0/2102120664 learned_addr learned my addr 172.21.15.38:0/2102120664 (peer_addr_for_me v2:172.21.15.38:0/0)
2024-04-22T01:03:00.494 INFO:teuthology.orchestra.run.smithi038.stdout:/usr/bin/ceph: stderr
2024-04-22T01:02:55.313+0000 7f8ffb7fe700 1 -- 172.21.15.38:0/2102120664 --> [v2:172.21.15.38:3300/0,v1:172.21.15.38:6789/0] -- mon_subscribe({config=0+,monmap=0+}) -- 0x7f8ffc10b050 con 0x7f8ffc108720
2024-04-22T01:03:00.494 INFO:teuthology.orchestra.run.smithi038.stdout:/usr/bin/ceph: stderr
2024-04-22T01:02:55.313+0000 7f8ffb7fe700 1 --2- 172.21.15.38:0/2102120664 >> [v2:172.21.15.38:3300/0,v1:172.21.15.38:6789/0] conn(0x7f8ffc108720 0x7f8ffc10ab10 secure :-1 s=READY pgs=45 cs=0 l=1 rev1=1 crypto rx=0x7f8fec0098a0 tx=0x7f8fec009bb0 comp rx=0 tx=0).ready entity=mon.0 client_cookie=448b468e155e5bf4 server_cookie=0 in_seq=0 out_seq=0
2024-04-22T01:03:00.494 INFO:teuthology.orchestra.run.smithi038.stdout:/usr/bin/ceph: stderr
2024-04-22T01:02:55.313+0000 7f8ffa7fc700 1 -- 172.21.15.38:0/2102120664 <== mon.0 v2:172.21.15.38:3300/0 1 ==== mon_map magic: 0 ==== 205+0+0 (secure 0 0 0) 0x7f8fec004160 con 0x7f8ffc108720
2024-04-22T01:03:00.494 INFO:teuthology.orchestra.run.smithi038.stdout:/usr/bin/ceph: stderr
2024-04-22T01:02:55.313+0000 7f8ffa7fc700 1 -- 172.21.15.38:0/2102120664 <== mon.0 v2:172.21.15.38:3300/0 2 ==== config(27 keys) ==== 1109+0+0 (secure 0 0 0) 0x7f8fec004300 con 0x7f8ffc108720
2024-04-22T01:03:00.494 INFO:teuthology.orchestra.run.smithi038.stdout:/usr/bin/ceph: stderr
2024-04-22T01:02:55.313+0000 7f8ffa7fc700 1 -- 172.21.15.38:0/2102120664 <== mon.0 v2:172.21.15.38:3300/0 3 ==== mon_map magic: 0 ==== 205+0+0 (secure 0 0 0) 0x7f8fec011b50 con 0x7f8ffc108720
2024-04-22T01:03:00.494 INFO:teuthology.orchestra.run.smithi038.stdout:/usr/bin/ceph: stderr
2024-04-22T01:02:55.313+0000 7f90021ef700 1 -- 172.21.15.38:0/2102120664 >> [v2:172.21.15.38:3300/0,v1:172.21.15.38:6789/0] conn(0x7f8ffc108720 msgr2=0x7f8ffc10ab10 secure :-1 s=STATE_CONNECTION_ESTABLISHED l=1).mark_down
2024-04-22T01:03:00.494 INFO:teuthology.orchestra.run.smithi038.stdout:/usr/bin/ceph: stderr
2024-04-22T01:02:55.313+0000 7f90021ef700 1 --2- 172.21.15.38:0/2102120664 >> [v2:172.21.15.38:3300/0,v1:172.21.15.38:6789/0] conn(0x7f8ffc108720 0x7f8ffc10ab10 secure :-1 s=READY pgs=45 cs=0 l=1 rev1=1 crypto rx=0x7f8fec0098a0 tx=0x7f8fec009bb0 comp rx=0 tx=0).stop
2024-04-22T01:03:00.494 INFO:teuthology.orchestra.run.smithi038.stdout:/usr/bin/ceph: stderr
2024-04-22T01:02:55.314+0000 7f90021ef700 1 -- 172.21.15.38:0/2102120664 shutdown_connections
2024-04-22T01:03:00.494 INFO:teuthology.orchestra.run.smithi038.stdout:/usr/bin/ceph: stderr
2024-04-22T01:02:55.314+0000 7f90021ef700 1 --2- 172.21.15.38:0/2102120664 >> [v2:172.21.15.38:3300/0,v1:172.21.15.38:6789/0] conn(0x7f8ffc108720 0x7f8ffc10ab10 unknown :-1 s=CLOSED pgs=45 cs=0 l=1 rev1=1 crypto rx=0 tx=0 comp rx=0 tx=0).stop
2024-04-22T01:03:00.494 INFO:teuthology.orchestra.run.smithi038.stdout:/usr/bin/ceph: stderr
2024-04-22T01:02:55.314+0000 7f90021ef700 1 -- 172.21.15.38:0/2102120664 >> 172.21.15.38:0/2102120664 conn(0x7f8ffc102170 msgr2=0x7f8ffc104590 unknown :-1 s=STATE_NONE l=0).mark_down
2024-04-22T01:03:00.495 INFO:teuthology.orchestra.run.smithi038.stdout:/usr/bin/ceph: stderr
2024-04-22T01:02:55.314+0000 7f90021ef700 1 -- 172.21.15.38:0/2102120664 shutdown_connections
2024-04-22T01:03:00.495 INFO:teuthology.orchestra.run.smithi038.stdout:/usr/bin/ceph: stderr
2024-04-22T01:02:55.314+0000 7f90021ef700 1 -- 172.21.15.38:0/2102120664 wait complete.
2024-04-22T01:03:00.495 INFO:teuthology.orchestra.run.smithi038.stdout:/usr/bin/ceph: stderr
2024-04-22T01:02:55.314+0000 7f90021ef700 1 Processor -- start
2024-04-22T01:03:00.495 INFO:teuthology.orchestra.run.smithi038.stdout:/usr/bin/ceph: stderr
2024-04-22T01:02:55.315+0000 7f90021ef700 1 -- start start
2024-04-22T01:03:00.495 INFO:teuthology.orchestra.run.smithi038.stdout:/usr/bin/ceph: stderr
2024-04-22T01:02:55.315+0000 7f90021ef700 1 --2- >> [v2:172.21.15.38:3300/0,v1:172.21.15.38:6789/0] conn(0x7f8ffc108720 0x7f8ffc19bc80 unknown :-1 s=NONE pgs=0 cs=0 l=1 rev1=0 crypto rx=0 tx=0 comp rx=0 tx=0).connect
2024-04-22T01:03:00.495 INFO:teuthology.orchestra.run.smithi038.stdout:/usr/bin/ceph: stderr
2024-04-22T01:02:55.315+0000 7f90021ef700 1 -- --> [v2:172.21.15.38:3300/0,v1:172.21.15.38:6789/0] -- mon_getmap magic: 0 -- 0x7f8ffc10c080 con 0x7f8ffc108720
2024-04-22T01:03:00.495 INFO:teuthology.orchestra.run.smithi038.stdout:/usr/bin/ceph: stderr
2024-04-22T01:02:55.315+0000 7f8ffb7fe700 1 --2- >> [v2:172.21.15.38:3300/0,v1:172.21.15.38:6789/0] conn(0x7f8ffc108720 0x7f8ffc19bc80 unknown :-1 s=BANNER_CONNECTING pgs=0 cs=0 l=1 rev1=0 crypto rx=0 tx=0 comp rx=0 tx=0)._handle_peer_banner_payload supported=3 required=0
2024-04-22T01:03:00.495 INFO:teuthology.orchestra.run.smithi038.stdout:/usr/bin/ceph: stderr
2024-04-22T01:02:55.315+0000 7f8ffb7fe700 1 --2- >> [v2:172.21.15.38:3300/0,v1:172.21.15.38:6789/0] conn(0x7f8ffc108720 0x7f8ffc19bc80 unknown :-1 s=HELLO_CONNECTING pgs=0 cs=0 l=1 rev1=1 crypto rx=0 tx=0 comp rx=0 tx=0).handle_hello peer v2:172.21.15.38:3300/0 says I am v2:172.21.15.38:57410/0 (socket says 172.21.15.38:57410)
2024-04-22T01:03:00.495 INFO:teuthology.orchestra.run.smithi038.stdout:/usr/bin/ceph: stderr
2024-04-22T01:02:55.315+0000 7f8ffb7fe700 1 -- 172.21.15.38:0/2273119954 learned_addr learned my addr 172.21.15.38:0/2273119954 (peer_addr_for_me v2:172.21.15.38:0/0)
2024-04-22T01:03:00.495 INFO:teuthology.orchestra.run.smithi038.stdout:/usr/bin/ceph: stderr
2024-04-22T01:02:55.315+0000 7f8ffb7fe700 1 -- 172.21.15.38:0/2273119954 --> [v2:172.21.15.38:3300/0,v1:172.21.15.38:6789/0] -- mon_subscribe({config=0+,monmap=0+}) -- 0x7f8ffc19c1c0 con 0x7f8ffc108720
2024-04-22T01:03:00.495 INFO:teuthology.orchestra.run.smithi038.stdout:/usr/bin/ceph: stderr
2024-04-22T01:02:55.315+0000 7f8ffb7fe700 1 --2- 172.21.15.38:0/2273119954 >> [v2:172.21.15.38:3300/0,v1:172.21.15.38:6789/0] conn(0x7f8ffc108720 0x7f8ffc19bc80 secure :-1 s=READY pgs=46 cs=0 l=1 rev1=1 crypto rx=0x7f8fec009fb0 tx=0x7f8fec011bf0 comp rx=0 tx=0).ready entity=mon.0 client_cookie=0 server_cookie=0 in_seq=0 out_seq=0
2024-04-22T01:03:00.496 INFO:teuthology.orchestra.run.smithi038.stdout:/usr/bin/ceph: stderr
2024-04-22T01:02:55.316+0000 7f8ff8ff9700 1 -- 172.21.15.38:0/2273119954 <== mon.0 v2:172.21.15.38:3300/0 1 ==== mon_map magic: 0 ==== 205+0+0 (secure 0 0 0) 0x7f8fec0038b0 con 0x7f8ffc108720
2024-04-22T01:03:00.496 INFO:teuthology.orchestra.run.smithi038.stdout:/usr/bin/ceph: stderr
2024-04-22T01:02:55.316+0000 7f8ff8ff9700 1 -- 172.21.15.38:0/2273119954 <== mon.0 v2:172.21.15.38:3300/0 2 ==== config(27 keys) ==== 1109+0+0 (secure 0 0 0) 0x7f8fec011e50 con 0x7f8ffc108720
2024-04-22T01:03:00.496 INFO:teuthology.orchestra.run.smithi038.stdout:/usr/bin/ceph: stderr
2024-04-22T01:02:55.316+0000 7f90021ef700 1 -- 172.21.15.38:0/2273119954 --> [v2:172.21.15.38:3300/0,v1:172.21.15.38:6789/0] -- mon_subscribe({mgrmap=0+}) -- 0x7f8ffc19c450 con 0x7f8ffc108720
2024-04-22T01:03:00.496 INFO:teuthology.orchestra.run.smithi038.stdout:/usr/bin/ceph: stderr
2024-04-22T01:02:55.316+0000 7f8ff8ff9700 1 -- 172.21.15.38:0/2273119954 <== mon.0 v2:172.21.15.38:3300/0 3 ==== mon_map magic: 0 ==== 205+0+0 (secure 0 0 0) 0x7f8fec019420 con 0x7f8ffc108720
2024-04-22T01:03:00.496 INFO:teuthology.orchestra.run.smithi038.stdout:/usr/bin/ceph: stderr
2024-04-22T01:02:55.316+0000 7f90021ef700 1 -- 172.21.15.38:0/2273119954 --> [v2:172.21.15.38:3300/0,v1:172.21.15.38:6789/0] -- mon_subscribe({osdmap=0}) -- 0x7f8ffc19f140 con 0x7f8ffc108720
2024-04-22T01:03:00.496 INFO:teuthology.orchestra.run.smithi038.stdout:/usr/bin/ceph: stderr
2024-04-22T01:02:55.317+0000 7f8ff8ff9700 1 -- 172.21.15.38:0/2273119954 <== mon.0 v2:172.21.15.38:3300/0 4 ==== mgrmap(e 8) ==== 46287+0+0 (secure 0 0 0) 0x7f8fec0196f0 con 0x7f8ffc108720
2024-04-22T01:03:00.496 INFO:teuthology.orchestra.run.smithi038.stdout:/usr/bin/ceph: stderr
2024-04-22T01:02:55.317+0000 7f8ff8ff9700 1 --2- 172.21.15.38:0/2273119954 >> [v2:172.21.15.38:6800/3063830265,v1:172.21.15.38:6801/3063830265] conn(0x7f8fe4039050 0x7f8fe403b510 unknown :-1 s=NONE pgs=0 cs=0 l=1 rev1=0 crypto rx=0 tx=0 comp rx=0 tx=0).connect
2024-04-22T01:03:00.496 INFO:teuthology.orchestra.run.smithi038.stdout:/usr/bin/ceph: stderr
2024-04-22T01:02:55.317+0000 7f90021ef700 1 -- 172.21.15.38:0/2273119954 --> [v2:172.21.15.38:3300/0,v1:172.21.15.38:6789/0] -- mon_command({"prefix": "get_command_descriptions"} v 0) -- 0x7f8ffc063890 con 0x7f8ffc108720
2024-04-22T01:03:00.496 INFO:teuthology.orchestra.run.smithi038.stdout:/usr/bin/ceph: stderr
2024-04-22T01:02:55.317+0000 7f8ff8ff9700 1 -- 172.21.15.38:0/2273119954 <== mon.0 v2:172.21.15.38:3300/0 5 ==== osd_map(2..2 src has 1..2) ==== 940+0+0 (secure 0 0 0) 0x7f8fec04d320 con 0x7f8ffc108720
2024-04-22T01:03:00.496 INFO:teuthology.orchestra.run.smithi038.stdout:/usr/bin/ceph: stderr
2024-04-22T01:02:55.317+0000 7f8ffaffd700 1 --2- 172.21.15.38:0/2273119954 >> [v2:172.21.15.38:6800/3063830265,v1:172.21.15.38:6801/3063830265] conn(0x7f8fe4039050 0x7f8fe403b510 unknown :-1 s=BANNER_CONNECTING pgs=0 cs=0 l=1 rev1=0 crypto rx=0 tx=0 comp rx=0 tx=0)._handle_peer_banner_payload supported=3 required=0
2024-04-22T01:03:00.496 INFO:teuthology.orchestra.run.smithi038.stdout:/usr/bin/ceph: stderr
2024-04-22T01:02:55.317+0000 7f8ffaffd700 1 --2- 172.21.15.38:0/2273119954 >> [v2:172.21.15.38:6800/3063830265,v1:172.21.15.38:6801/3063830265] conn(0x7f8fe4039050 0x7f8fe403b510 secure :-1 s=READY pgs=11 cs=0 l=1 rev1=1 crypto rx=0x7f8ff0006fd0 tx=0x7f8ff0006e40 comp rx=0 tx=0).ready entity=mgr.14120 client_cookie=0 server_cookie=0 in_seq=0 out_seq=0
2024-04-22T01:03:00.497 INFO:teuthology.orchestra.run.smithi038.stdout:/usr/bin/ceph: stderr
2024-04-22T01:02:55.322+0000 7f8ff8ff9700 1 -- 172.21.15.38:0/2273119954 <== mon.0 v2:172.21.15.38:3300/0 6 ==== mon_command_ack([{"prefix": "get_command_descriptions"}]=0 v0) ==== 72+0+186074 (secure 0 0 0) 0x7f8fec00ba30 con 0x7f8ffc108720
2024-04-22T01:03:00.497 INFO:teuthology.orchestra.run.smithi038.stdout:/usr/bin/ceph: stderr
2024-04-22T01:02:55.533+0000 7f90021ef700 1 -- 172.21.15.38:0/2273119954 --> [v2:172.21.15.38:6800/3063830265,v1:172.21.15.38:6801/3063830265] -- mgr_command(tid 0: {"prefix": "orch host add", "hostname": "smithi038", "addr": "172.21.15.38", "target": ["mon-mgr", ""]}) -- 0x7f8ffc1033e0 con 0x7f8fe4039050
2024-04-22T01:03:00.497 INFO:teuthology.orchestra.run.smithi038.stdout:/usr/bin/ceph: stderr
2024-04-22T01:02:59.746+0000 7f8ff8ff9700 1 -- 172.21.15.38:0/2273119954 <== mgr.14120 v2:172.21.15.38:6800/3063830265 1 ==== mgr_command_reply(tid 0: 0 ) ==== 8+0+48 (secure 0 0 0) 0x7f8ffc1033e0 con 0x7f8fe4039050
2024-04-22T01:03:00.497 INFO:teuthology.orchestra.run.smithi038.stdout:/usr/bin/ceph: stderr
2024-04-22T01:02:59.748+0000 7f90021ef700 1 -- 172.21.15.38:0/2273119954 >> [v2:172.21.15.38:6800/3063830265,v1:172.21.15.38:6801/3063830265] conn(0x7f8fe4039050 msgr2=0x7f8fe403b510 secure :-1 s=STATE_CONNECTION_ESTABLISHED l=1).mark_down
2024-04-22T01:03:00.497 INFO:teuthology.orchestra.run.smithi038.stdout:/usr/bin/ceph: stderr
2024-04-22T01:02:59.748+0000 7f90021ef700 1 --2- 172.21.15.38:0/2273119954 >> [v2:172.21.15.38:6800/3063830265,v1:172.21.15.38:6801/3063830265] conn(0x7f8fe4039050 0x7f8fe403b510 secure :-1 s=READY pgs=11 cs=0 l=1 rev1=1 crypto rx=0x7f8ff0006fd0 tx=0x7f8ff0006e40 comp rx=0 tx=0).stop
2024-04-22T01:03:00.497 INFO:teuthology.orchestra.run.smithi038.stdout:/usr/bin/ceph: stderr
2024-04-22T01:02:59.748+0000 7f90021ef700 1 -- 172.21.15.38:0/2273119954 >> [v2:172.21.15.38:3300/0,v1:172.21.15.38:6789/0] conn(0x7f8ffc108720 msgr2=0x7f8ffc19bc80 secure :-1 s=STATE_CONNECTION_ESTABLISHED l=1).mark_down
2024-04-22T01:03:00.497 INFO:teuthology.orchestra.run.smithi038.stdout:/usr/bin/ceph: stderr
2024-04-22T01:02:59.748+0000 7f90021ef700 1 --2- 172.21.15.38:0/2273119954 >> [v2:172.21.15.38:3300/0,v1:172.21.15.38:6789/0] conn(0x7f8ffc108720 0x7f8ffc19bc80 secure :-1 s=READY pgs=46 cs=0 l=1 rev1=1 crypto rx=0x7f8fec009fb0 tx=0x7f8fec011bf0 comp rx=0 tx=0).stop
2024-04-22T01:03:00.497 INFO:teuthology.orchestra.run.smithi038.stdout:/usr/bin/ceph: stderr
2024-04-22T01:02:59.748+0000 7f90021ef700 1 -- 172.21.15.38:0/2273119954 shutdown_connections
2024-04-22T01:03:00.497 INFO:teuthology.orchestra.run.smithi038.stdout:/usr/bin/ceph: stderr
2024-04-22T01:02:59.748+0000 7f90021ef700 1 --2- 172.21.15.38:0/2273119954 >> [v2:172.21.15.38:6800/3063830265,v1:172.21.15.38:6801/3063830265] conn(0x7f8fe4039050 0x7f8fe403b510 unknown :-1 s=CLOSED pgs=11 cs=0 l=1 rev1=1 crypto rx=0 tx=0 comp rx=0 tx=0).stop
2024-04-22T01:03:00.497 INFO:teuthology.orchestra.run.smithi038.stdout:/usr/bin/ceph: stderr
2024-04-22T01:02:59.748+0000 7f90021ef700 1 --2- 172.21.15.38:0/2273119954 >> [v2:172.21.15.38:3300/0,v1:172.21.15.38:6789/0] conn(0x7f8ffc108720 0x7f8ffc19bc80 unknown :-1 s=CLOSED pgs=46 cs=0 l=1 rev1=1 crypto rx=0 tx=0 comp rx=0 tx=0).stop
2024-04-22T01:03:00.497 INFO:teuthology.orchestra.run.smithi038.stdout:/usr/bin/ceph: stderr
2024-04-22T01:02:59.748+0000 7f90021ef700 1 -- 172.21.15.38:0/2273119954 >> 172.21.15.38:0/2273119954 conn(0x7f8ffc102170 msgr2=0x7f8ffc102cd0 unknown :-1 s=STATE_NONE l=0).mark_down
2024-04-22T01:03:00.498 INFO:teuthology.orchestra.run.smithi038.stdout:/usr/bin/ceph: stderr
2024-04-22T01:02:59.748+0000 7f90021ef700 1 -- 172.21.15.38:0/2273119954 shutdown_connections
2024-04-22T01:03:00.498 INFO:teuthology.orchestra.run.smithi038.stdout:/usr/bin/ceph: stderr
2024-04-22T01:02:59.748+0000 7f90021ef700 1 -- 172.21.15.38:0/2273119954 wait complete.
2024-04-22T01:03:00.498 INFO:teuthology.orchestra.run.smithi038.stdout:Deploying unmanaged mon service...
2024-04-22T01:03:01.009 INFO:journalctl@ceph.mon.a.smithi038.stdout:Apr 22 01:03:00 smithi038 ceph-mon[28043]: from='mgr.14120 172.21.15.38:0/3202231649' entity='mgr.x'
2024-04-22T01:03:01.009 INFO:journalctl@ceph.mon.a.smithi038.stdout:Apr 22 01:03:00 smithi038 ceph-mon[28043]: Added host smithi038
2024-04-22T01:03:01.009 INFO:journalctl@ceph.mon.a.smithi038.stdout:Apr 22 01:03:00 smithi038 ceph-mon[28043]: from='mgr.14120 172.21.15.38:0/3202231649' entity='mgr.x' cmd=[{"prefix": "config dump", "format": "json"}]: dispatch
2024-04-22T01:03:02.027 INFO:teuthology.orchestra.run.smithi038.stdout:/usr/bin/ceph: stdout Scheduled mon update...
2024-04-22T01:03:02.028 INFO:teuthology.orchestra.run.smithi038.stdout:/usr/bin/ceph: stderr
2024-04-22T01:03:01.009+0000 7fa699f74700 1 Processor -- start
2024-04-22T01:03:02.028 INFO:teuthology.orchestra.run.smithi038.stdout:/usr/bin/ceph: stderr
2024-04-22T01:03:01.009+0000 7fa699f74700 1 -- start start
2024-04-22T01:03:02.028 INFO:teuthology.orchestra.run.smithi038.stdout:/usr/bin/ceph: stderr
2024-04-22T01:03:01.009+0000 7fa699f74700 1 --2- >> [v2:172.21.15.38:3300/0,v1:172.21.15.38:6789/0] conn(0x7fa694108740 0x7fa69410ab30 unknown :-1 s=NONE pgs=0 cs=0 l=0 rev1=0 crypto rx=0 tx=0 comp rx=0 tx=0).connect
2024-04-22T01:03:02.028 INFO:teuthology.orchestra.run.smithi038.stdout:/usr/bin/ceph: stderr
2024-04-22T01:03:01.009+0000 7fa699f74700 1 -- --> [v2:172.21.15.38:3300/0,v1:172.21.15.38:6789/0] -- mon_getmap magic: 0 -- 0x7fa69407bdf0 con 0x7fa694108740
2024-04-22T01:03:02.028 INFO:teuthology.orchestra.run.smithi038.stdout:/usr/bin/ceph: stderr
2024-04-22T01:03:01.010+0000 7fa6937fe700 1 --2- >> [v2:172.21.15.38:3300/0,v1:172.21.15.38:6789/0] conn(0x7fa694108740 0x7fa69410ab30 unknown :-1 s=BANNER_CONNECTING pgs=0 cs=0 l=0 rev1=0 crypto rx=0 tx=0 comp rx=0 tx=0)._handle_peer_banner_payload supported=3 required=0
2024-04-22T01:03:02.028 INFO:teuthology.orchestra.run.smithi038.stdout:/usr/bin/ceph: stderr
2024-04-22T01:03:01.010+0000 7fa6937fe700 1 --2- >> [v2:172.21.15.38:3300/0,v1:172.21.15.38:6789/0] conn(0x7fa694108740 0x7fa69410ab30 unknown :-1 s=HELLO_CONNECTING pgs=0 cs=0 l=0 rev1=1 crypto rx=0 tx=0 comp rx=0 tx=0).handle_hello peer v2:172.21.15.38:3300/0 says I am v2:172.21.15.38:52526/0 (socket says 172.21.15.38:52526)
2024-04-22T01:03:02.028 INFO:teuthology.orchestra.run.smithi038.stdout:/usr/bin/ceph: stderr
2024-04-22T01:03:01.010+0000 7fa6937fe700 1 -- 172.21.15.38:0/3122243886 learned_addr learned my addr 172.21.15.38:0/3122243886 (peer_addr_for_me v2:172.21.15.38:0/0)
2024-04-22T01:03:02.028 INFO:teuthology.orchestra.run.smithi038.stdout:/usr/bin/ceph: stderr
2024-04-22T01:03:01.010+0000 7fa6937fe700 1 -- 172.21.15.38:0/3122243886 --> [v2:172.21.15.38:3300/0,v1:172.21.15.38:6789/0] -- mon_subscribe({config=0+,monmap=0+}) -- 0x7fa69410b070 con 0x7fa694108740
2024-04-22T01:03:02.028 INFO:teuthology.orchestra.run.smithi038.stdout:/usr/bin/ceph: stderr
2024-04-22T01:03:01.010+0000 7fa6937fe700 1 --2- 172.21.15.38:0/3122243886 >> [v2:172.21.15.38:3300/0,v1:172.21.15.38:6789/0] conn(0x7fa694108740 0x7fa69410ab30 secure :-1 s=READY pgs=47 cs=0 l=1 rev1=1 crypto rx=0x7fa684009e80 tx=0x7fa68400b330 comp rx=0 tx=0).ready entity=mon.0 client_cookie=87aee6a9b899c037 server_cookie=0 in_seq=0 out_seq=0
2024-04-22T01:03:02.028 INFO:teuthology.orchestra.run.smithi038.stdout:/usr/bin/ceph: stderr
2024-04-22T01:03:01.010+0000 7fa6927fc700 1 -- 172.21.15.38:0/3122243886 <== mon.0 v2:172.21.15.38:3300/0 1 ==== mon_map magic: 0 ==== 205+0+0 (secure 0 0 0) 0x7fa684017070 con 0x7fa694108740
2024-04-22T01:03:02.028 INFO:teuthology.orchestra.run.smithi038.stdout:/usr/bin/ceph: stderr
2024-04-22T01:03:01.010+0000 7fa6927fc700 1 -- 172.21.15.38:0/3122243886 <== mon.0 v2:172.21.15.38:3300/0 2 ==== config(27 keys) ==== 1109+0+0 (secure 0 0 0) 0x7fa68400b8c0 con 0x7fa694108740
2024-04-22T01:03:02.028 INFO:teuthology.orchestra.run.smithi038.stdout:/usr/bin/ceph: stderr
2024-04-22T01:03:01.010+0000 7fa6927fc700 1 -- 172.21.15.38:0/3122243886 <== mon.0 v2:172.21.15.38:3300/0 3 ==== mon_map magic: 0 ==== 205+0+0 (secure 0 0 0) 0x7fa6840045c0 con 0x7fa694108740
2024-04-22T01:03:02.029 INFO:teuthology.orchestra.run.smithi038.stdout:/usr/bin/ceph: stderr
2024-04-22T01:03:01.011+0000 7fa699f74700 1 -- 172.21.15.38:0/3122243886 >> [v2:172.21.15.38:3300/0,v1:172.21.15.38:6789/0] conn(0x7fa694108740 msgr2=0x7fa69410ab30 secure :-1 s=STATE_CONNECTION_ESTABLISHED l=1).mark_down
2024-04-22T01:03:02.029 INFO:teuthology.orchestra.run.smithi038.stdout:/usr/bin/ceph: stderr
2024-04-22T01:03:01.011+0000 7fa699f74700 1 --2- 172.21.15.38:0/3122243886 >> [v2:172.21.15.38:3300/0,v1:172.21.15.38:6789/0] conn(0x7fa694108740 0x7fa69410ab30 secure :-1 s=READY pgs=47 cs=0 l=1 rev1=1 crypto rx=0x7fa684009e80 tx=0x7fa68400b330 comp rx=0 tx=0).stop
2024-04-22T01:03:02.029 INFO:teuthology.orchestra.run.smithi038.stdout:/usr/bin/ceph: stderr
2024-04-22T01:03:01.011+0000 7fa699f74700 1 -- 172.21.15.38:0/3122243886 shutdown_connections
2024-04-22T01:03:02.029 INFO:teuthology.orchestra.run.smithi038.stdout:/usr/bin/ceph: stderr
2024-04-22T01:03:01.011+0000 7fa699f74700 1 --2- 172.21.15.38:0/3122243886 >> [v2:172.21.15.38:3300/0,v1:172.21.15.38:6789/0] conn(0x7fa694108740 0x7fa69410ab30 unknown :-1 s=CLOSED pgs=47 cs=0 l=1 rev1=1 crypto rx=0 tx=0 comp rx=0 tx=0).stop
2024-04-22T01:03:02.029 INFO:teuthology.orchestra.run.smithi038.stdout:/usr/bin/ceph: stderr
2024-04-22T01:03:01.011+0000 7fa699f74700 1 -- 172.21.15.38:0/3122243886 >> 172.21.15.38:0/3122243886 conn(0x7fa694102110 msgr2=0x7fa694104570 unknown :-1 s=STATE_NONE l=0).mark_down
2024-04-22T01:03:02.029 INFO:teuthology.orchestra.run.smithi038.stdout:/usr/bin/ceph: stderr
2024-04-22T01:03:01.011+0000 7fa699f74700 1 -- 172.21.15.38:0/3122243886 shutdown_connections
2024-04-22T01:03:02.029 INFO:teuthology.orchestra.run.smithi038.stdout:/usr/bin/ceph: stderr
2024-04-22T01:03:01.011+0000 7fa699f74700 1 -- 172.21.15.38:0/3122243886 wait complete.
2024-04-22T01:03:02.029 INFO:teuthology.orchestra.run.smithi038.stdout:/usr/bin/ceph: stderr
2024-04-22T01:03:01.012+0000 7fa699f74700 1 Processor -- start
2024-04-22T01:03:02.029 INFO:teuthology.orchestra.run.smithi038.stdout:/usr/bin/ceph: stderr
2024-04-22T01:03:01.012+0000 7fa699f74700 1 -- start start
2024-04-22T01:03:02.029 INFO:teuthology.orchestra.run.smithi038.stdout:/usr/bin/ceph: stderr
2024-04-22T01:03:01.012+0000 7fa699f74700 1 --2- >> [v2:172.21.15.38:3300/0,v1:172.21.15.38:6789/0] conn(0x7fa694108740 0x7fa69419bc00 unknown :-1 s=NONE pgs=0 cs=0 l=1 rev1=0 crypto rx=0 tx=0 comp rx=0 tx=0).connect
2024-04-22T01:03:02.029 INFO:teuthology.orchestra.run.smithi038.stdout:/usr/bin/ceph: stderr
2024-04-22T01:03:01.012+0000 7fa699f74700 1 -- --> [v2:172.21.15.38:3300/0,v1:172.21.15.38:6789/0] -- mon_getmap magic: 0 -- 0x7fa69410c090 con 0x7fa694108740
2024-04-22T01:03:02.029 INFO:teuthology.orchestra.run.smithi038.stdout:/usr/bin/ceph: stderr
2024-04-22T01:03:01.012+0000 7fa6937fe700 1 --2- >> [v2:172.21.15.38:3300/0,v1:172.21.15.38:6789/0] conn(0x7fa694108740 0x7fa69419bc00 unknown :-1 s=BANNER_CONNECTING pgs=0 cs=0 l=1 rev1=0 crypto rx=0 tx=0 comp rx=0 tx=0)._handle_peer_banner_payload supported=3 required=0
2024-04-22T01:03:02.029 INFO:teuthology.orchestra.run.smithi038.stdout:/usr/bin/ceph: stderr
2024-04-22T01:03:01.012+0000 7fa6937fe700 1 --2- >> [v2:172.21.15.38:3300/0,v1:172.21.15.38:6789/0] conn(0x7fa694108740 0x7fa69419bc00 unknown :-1 s=HELLO_CONNECTING pgs=0 cs=0 l=1 rev1=1 crypto rx=0 tx=0 comp rx=0 tx=0).handle_hello peer v2:172.21.15.38:3300/0 says I am v2:172.21.15.38:52534/0 (socket says 172.21.15.38:52534)
2024-04-22T01:03:02.030 INFO:teuthology.orchestra.run.smithi038.stdout:/usr/bin/ceph: stderr
2024-04-22T01:03:01.012+0000 7fa6937fe700 1 -- 172.21.15.38:0/350609648 learned_addr learned my addr 172.21.15.38:0/350609648 (peer_addr_for_me v2:172.21.15.38:0/0)
2024-04-22T01:03:02.030 INFO:teuthology.orchestra.run.smithi038.stdout:/usr/bin/ceph: stderr
2024-04-22T01:03:01.012+0000 7fa6937fe700 1 -- 172.21.15.38:0/350609648 --> [v2:172.21.15.38:3300/0,v1:172.21.15.38:6789/0] -- mon_subscribe({config=0+,monmap=0+}) -- 0x7fa69419c140 con 0x7fa694108740
2024-04-22T01:03:02.030 INFO:teuthology.orchestra.run.smithi038.stdout:/usr/bin/ceph: stderr
2024-04-22T01:03:01.012+0000 7fa6937fe700 1 --2- 172.21.15.38:0/350609648 >> [v2:172.21.15.38:3300/0,v1:172.21.15.38:6789/0] conn(0x7fa694108740 0x7fa69419bc00 secure :-1 s=READY pgs=48 cs=0 l=1 rev1=1 crypto rx=0x7fa684009530 tx=0x7fa68400bd50 comp rx=0 tx=0).ready entity=mon.0 client_cookie=0 server_cookie=0 in_seq=0 out_seq=0
2024-04-22T01:03:02.030 INFO:teuthology.orchestra.run.smithi038.stdout:/usr/bin/ceph: stderr
2024-04-22T01:03:01.013+0000 7fa690ff9700 1 -- 172.21.15.38:0/350609648 <== mon.0 v2:172.21.15.38:3300/0 1 ==== mon_map magic: 0 ==== 205+0+0 (secure 0 0 0) 0x7fa684020020 con 0x7fa694108740
2024-04-22T01:03:02.030 INFO:teuthology.orchestra.run.smithi038.stdout:/usr/bin/ceph: stderr
2024-04-22T01:03:01.013+0000 7fa690ff9700 1 -- 172.21.15.38:0/350609648 <== mon.0 v2:172.21.15.38:3300/0 2 ==== config(27 keys) ==== 1109+0+0 (secure 0 0 0) 0x7fa684003b50 con 0x7fa694108740
2024-04-22T01:03:02.030 INFO:teuthology.orchestra.run.smithi038.stdout:/usr/bin/ceph: stderr
2024-04-22T01:03:01.013+0000 7fa699f74700 1 -- 172.21.15.38:0/350609648 --> [v2:172.21.15.38:3300/0,v1:172.21.15.38:6789/0] -- mon_subscribe({mgrmap=0+}) -- 0x7fa69419c3d0 con 0x7fa694108740
2024-04-22T01:03:02.030 INFO:teuthology.orchestra.run.smithi038.stdout:/usr/bin/ceph: stderr
2024-04-22T01:03:01.013+0000 7fa690ff9700 1 -- 172.21.15.38:0/350609648 <== mon.0 v2:172.21.15.38:3300/0 3 ==== mon_map magic: 0 ==== 205+0+0 (secure 0 0 0) 0x7fa684017040 con 0x7fa694108740
2024-04-22T01:03:02.030 INFO:teuthology.orchestra.run.smithi038.stdout:/usr/bin/ceph: stderr
2024-04-22T01:03:01.013+0000 7fa699f74700 1 -- 172.21.15.38:0/350609648 --> [v2:172.21.15.38:3300/0,v1:172.21.15.38:6789/0] -- mon_subscribe({osdmap=0}) -- 0x7fa69419f0c0 con 0x7fa694108740
2024-04-22T01:03:02.030 INFO:teuthology.orchestra.run.smithi038.stdout:/usr/bin/ceph: stderr
2024-04-22T01:03:01.013+0000 7fa690ff9700 1 -- 172.21.15.38:0/350609648 <== mon.0 v2:172.21.15.38:3300/0 4 ==== mgrmap(e 8) ==== 46287+0+0 (secure 0 0 0) 0x7fa684023020 con 0x7fa694108740
