2024-04-22T01:03:11.642+0000 7fd6f7fff700 1 --2- >> [v2:172.21.15.38:3300/0,v1:172.21.15.38:6789/0] conn(0x7fd6f8105f80 0x7fd6f81063a0 unknown :-1 s=HELLO_CONNECTING pgs=0 cs=0 l=0 rev1=1 crypto rx=0 tx=0 comp rx=0 tx=0).handle_hello peer v2:172.21.15.38:3300/0 says I am v2:172.21.15.38:56176/0 (socket says 172.21.15.38:56176)
2024-04-22T01:03:17.527 INFO:teuthology.orchestra.run.smithi038.stdout:/usr/bin/ceph: stderr
2024-04-22T01:03:11.642+0000 7fd6f7fff700 1 -- 172.21.15.38:0/875401774 learned_addr learned my addr 172.21.15.38:0/875401774 (peer_addr_for_me v2:172.21.15.38:0/0)
2024-04-22T01:03:17.527 INFO:teuthology.orchestra.run.smithi038.stdout:/usr/bin/ceph: stderr
2024-04-22T01:03:11.642+0000 7fd6f7fff700 1 -- 172.21.15.38:0/875401774 --> [v2:172.21.15.38:3300/0,v1:172.21.15.38:6789/0] -- mon_subscribe({config=0+,monmap=0+}) -- 0x7fd6f8108fb0 con 0x7fd6f8105f80
2024-04-22T01:03:17.527 INFO:teuthology.orchestra.run.smithi038.stdout:/usr/bin/ceph: stderr
2024-04-22T01:03:11.642+0000 7fd6f7fff700 1 --2- 172.21.15.38:0/875401774 >> [v2:172.21.15.38:3300/0,v1:172.21.15.38:6789/0] conn(0x7fd6f8105f80 0x7fd6f81063a0 secure :-1 s=READY pgs=61 cs=0 l=1 rev1=1 crypto rx=0x7fd6e00098a0 tx=0x7fd6e0009bb0 comp rx=0 tx=0).ready entity=mon.0 client_cookie=3d0495effc0de943 server_cookie=0 in_seq=0 out_seq=0
2024-04-22T01:03:17.527 INFO:teuthology.orchestra.run.smithi038.stdout:/usr/bin/ceph: stderr
2024-04-22T01:03:11.642+0000 7fd6f6ffd700 1 -- 172.21.15.38:0/875401774 <== mon.0 v2:172.21.15.38:3300/0 1 ==== mon_map magic: 0 ==== 205+0+0 (secure 0 0 0) 0x7fd6e0004160 con 0x7fd6f8105f80
2024-04-22T01:03:17.528 INFO:teuthology.orchestra.run.smithi038.stdout:/usr/bin/ceph: stderr
2024-04-22T01:03:11.642+0000 7fd6f6ffd700 1 -- 172.21.15.38:0/875401774 <== mon.0 v2:172.21.15.38:3300/0 2 ==== config(27 keys) ==== 1140+0+0 (secure 0 0 0) 0x7fd6e0004300 con 0x7fd6f8105f80
2024-04-22T01:03:17.528 INFO:teuthology.orchestra.run.smithi038.stdout:/usr/bin/ceph: stderr
2024-04-22T01:03:11.642+0000 7fd6f6ffd700 1 -- 172.21.15.38:0/875401774 <== mon.0 v2:172.21.15.38:3300/0 3 ==== mon_map magic: 0 ==== 205+0+0 (secure 0 0 0) 0x7fd6e0011b20 con 0x7fd6f8105f80
2024-04-22T01:03:17.528 INFO:teuthology.orchestra.run.smithi038.stdout:/usr/bin/ceph: stderr
2024-04-22T01:03:11.643+0000 7fd6fe7fe700 1 -- 172.21.15.38:0/875401774 >> [v2:172.21.15.38:3300/0,v1:172.21.15.38:6789/0] conn(0x7fd6f8105f80 msgr2=0x7fd6f81063a0 secure :-1 s=STATE_CONNECTION_ESTABLISHED l=1).mark_down
2024-04-22T01:03:17.528 INFO:teuthology.orchestra.run.smithi038.stdout:/usr/bin/ceph: stderr
2024-04-22T01:03:11.643+0000 7fd6fe7fe700 1 --2- 172.21.15.38:0/875401774 >> [v2:172.21.15.38:3300/0,v1:172.21.15.38:6789/0] conn(0x7fd6f8105f80 0x7fd6f81063a0 secure :-1 s=READY pgs=61 cs=0 l=1 rev1=1 crypto rx=0x7fd6e00098a0 tx=0x7fd6e0009bb0 comp rx=0 tx=0).stop
2024-04-22T01:03:17.528 INFO:teuthology.orchestra.run.smithi038.stdout:/usr/bin/ceph: stderr
2024-04-22T01:03:11.643+0000 7fd6fe7fe700 1 -- 172.21.15.38:0/875401774 shutdown_connections
2024-04-22T01:03:17.528 INFO:teuthology.orchestra.run.smithi038.stdout:/usr/bin/ceph: stderr
2024-04-22T01:03:11.643+0000 7fd6fe7fe700 1 --2- 172.21.15.38:0/875401774 >> [v2:172.21.15.38:3300/0,v1:172.21.15.38:6789/0] conn(0x7fd6f8105f80 0x7fd6f81063a0 unknown :-1 s=CLOSED pgs=61 cs=0 l=1 rev1=1 crypto rx=0 tx=0 comp rx=0 tx=0).stop
2024-04-22T01:03:17.528 INFO:teuthology.orchestra.run.smithi038.stdout:/usr/bin/ceph: stderr
2024-04-22T01:03:11.643+0000 7fd6fe7fe700 1 -- 172.21.15.38:0/875401774 >> 172.21.15.38:0/875401774 conn(0x7fd6f81018f0 msgr2=0x7fd6f8103d10 unknown :-1 s=STATE_NONE l=0).mark_down
2024-04-22T01:03:17.528 INFO:teuthology.orchestra.run.smithi038.stdout:/usr/bin/ceph: stderr
2024-04-22T01:03:11.643+0000 7fd6fe7fe700 1 -- 172.21.15.38:0/875401774 shutdown_connections
2024-04-22T01:03:17.528 INFO:teuthology.orchestra.run.smithi038.stdout:/usr/bin/ceph: stderr
2024-04-22T01:03:11.643+0000 7fd6fe7fe700 1 -- 172.21.15.38:0/875401774 wait complete.
2024-04-22T01:03:17.528 INFO:teuthology.orchestra.run.smithi038.stdout:/usr/bin/ceph: stderr
2024-04-22T01:03:11.644+0000 7fd6fe7fe700 1 Processor -- start
2024-04-22T01:03:17.528 INFO:teuthology.orchestra.run.smithi038.stdout:/usr/bin/ceph: stderr
2024-04-22T01:03:11.644+0000 7fd6fe7fe700 1 -- start start
2024-04-22T01:03:17.528 INFO:teuthology.orchestra.run.smithi038.stdout:/usr/bin/ceph: stderr
2024-04-22T01:03:11.644+0000 7fd6fe7fe700 1 --2- >> [v2:172.21.15.38:3300/0,v1:172.21.15.38:6789/0] conn(0x7fd6f8105f80 0x7fd6f819bc30 unknown :-1 s=NONE pgs=0 cs=0 l=1 rev1=0 crypto rx=0 tx=0 comp rx=0 tx=0).connect
2024-04-22T01:03:17.528 INFO:teuthology.orchestra.run.smithi038.stdout:/usr/bin/ceph: stderr
2024-04-22T01:03:11.644+0000 7fd6fe7fe700 1 -- --> [v2:172.21.15.38:3300/0,v1:172.21.15.38:6789/0] -- mon_getmap magic: 0 -- 0x7fd6f810c1e0 con 0x7fd6f8105f80
2024-04-22T01:03:17.528 INFO:teuthology.orchestra.run.smithi038.stdout:/usr/bin/ceph: stderr
2024-04-22T01:03:11.644+0000 7fd6f7fff700 1 --2- >> [v2:172.21.15.38:3300/0,v1:172.21.15.38:6789/0] conn(0x7fd6f8105f80 0x7fd6f819bc30 unknown :-1 s=BANNER_CONNECTING pgs=0 cs=0 l=1 rev1=0 crypto rx=0 tx=0 comp rx=0 tx=0)._handle_peer_banner_payload supported=3 required=0
2024-04-22T01:03:17.528 INFO:teuthology.orchestra.run.smithi038.stdout:/usr/bin/ceph: stderr
2024-04-22T01:03:11.644+0000 7fd6f7fff700 1 --2- >> [v2:172.21.15.38:3300/0,v1:172.21.15.38:6789/0] conn(0x7fd6f8105f80 0x7fd6f819bc30 unknown :-1 s=HELLO_CONNECTING pgs=0 cs=0 l=1 rev1=1 crypto rx=0 tx=0 comp rx=0 tx=0).handle_hello peer v2:172.21.15.38:3300/0 says I am v2:172.21.15.38:56188/0 (socket says 172.21.15.38:56188)
2024-04-22T01:03:17.529 INFO:teuthology.orchestra.run.smithi038.stdout:/usr/bin/ceph: stderr
2024-04-22T01:03:11.644+0000 7fd6f7fff700 1 -- 172.21.15.38:0/2109179024 learned_addr learned my addr 172.21.15.38:0/2109179024 (peer_addr_for_me v2:172.21.15.38:0/0)
2024-04-22T01:03:17.529 INFO:teuthology.orchestra.run.smithi038.stdout:/usr/bin/ceph: stderr
2024-04-22T01:03:11.645+0000 7fd6f7fff700 1 -- 172.21.15.38:0/2109179024 --> [v2:172.21.15.38:3300/0,v1:172.21.15.38:6789/0] -- mon_subscribe({config=0+,monmap=0+}) -- 0x7fd6f819c170 con 0x7fd6f8105f80
2024-04-22T01:03:17.529 INFO:teuthology.orchestra.run.smithi038.stdout:/usr/bin/ceph: stderr
2024-04-22T01:03:11.645+0000 7fd6f7fff700 1 --2- 172.21.15.38:0/2109179024 >> [v2:172.21.15.38:3300/0,v1:172.21.15.38:6789/0] conn(0x7fd6f8105f80 0x7fd6f819bc30 secure :-1 s=READY pgs=62 cs=0 l=1 rev1=1 crypto rx=0x7fd6e00116a0 tx=0x7fd6e0011ba0 comp rx=0 tx=0).ready entity=mon.0 client_cookie=0 server_cookie=0 in_seq=0 out_seq=0
2024-04-22T01:03:17.529 INFO:teuthology.orchestra.run.smithi038.stdout:/usr/bin/ceph: stderr
2024-04-22T01:03:11.645+0000 7fd6f57fa700 1 -- 172.21.15.38:0/2109179024 <== mon.0 v2:172.21.15.38:3300/0 1 ==== mon_map magic: 0 ==== 205+0+0 (secure 0 0 0) 0x7fd6e0003a40 con 0x7fd6f8105f80
2024-04-22T01:03:17.529 INFO:teuthology.orchestra.run.smithi038.stdout:/usr/bin/ceph: stderr
2024-04-22T01:03:11.645+0000 7fd6fe7fe700 1 -- 172.21.15.38:0/2109179024 --> [v2:172.21.15.38:3300/0,v1:172.21.15.38:6789/0] -- mon_subscribe({mgrmap=0+}) -- 0x7fd6f819c400 con 0x7fd6f8105f80
2024-04-22T01:03:17.529 INFO:teuthology.orchestra.run.smithi038.stdout:/usr/bin/ceph: stderr
2024-04-22T01:03:11.645+0000 7fd6f57fa700 1 -- 172.21.15.38:0/2109179024 <== mon.0 v2:172.21.15.38:3300/0 2 ==== config(27 keys) ==== 1140+0+0 (secure 0 0 0) 0x7fd6e0003be0 con 0x7fd6f8105f80
2024-04-22T01:03:17.529 INFO:teuthology.orchestra.run.smithi038.stdout:/usr/bin/ceph: stderr
2024-04-22T01:03:11.645+0000 7fd6f57fa700 1 -- 172.21.15.38:0/2109179024 <== mon.0 v2:172.21.15.38:3300/0 3 ==== mon_map magic: 0 ==== 205+0+0 (secure 0 0 0) 0x7fd6e001a720 con 0x7fd6f8105f80
2024-04-22T01:03:17.529 INFO:teuthology.orchestra.run.smithi038.stdout:/usr/bin/ceph: stderr
2024-04-22T01:03:11.645+0000 7fd6fe7fe700 1 -- 172.21.15.38:0/2109179024 --> [v2:172.21.15.38:3300/0,v1:172.21.15.38:6789/0] -- mon_subscribe({osdmap=0}) -- 0x7fd6f819c860 con 0x7fd6f8105f80
2024-04-22T01:03:17.529 INFO:teuthology.orchestra.run.smithi038.stdout:/usr/bin/ceph: stderr
2024-04-22T01:03:11.646+0000 7fd6f57fa700 1 -- 172.21.15.38:0/2109179024 <== mon.0 v2:172.21.15.38:3300/0 4 ==== mgrmap(e 9) ==== 46300+0+0 (secure 0 0 0) 0x7fd6e001aa20 con 0x7fd6f8105f80
2024-04-22T01:03:17.529 INFO:teuthology.orchestra.run.smithi038.stdout:/usr/bin/ceph: stderr
2024-04-22T01:03:11.646+0000 7fd6f57fa700 1 --2- 172.21.15.38:0/2109179024 >> [v2:172.21.15.38:6800/3063830265,v1:172.21.15.38:6801/3063830265] conn(0x7fd6e4039050 0x7fd6e403b510 unknown :-1 s=NONE pgs=0 cs=0 l=1 rev1=0 crypto rx=0 tx=0 comp rx=0 tx=0).connect
2024-04-22T01:03:17.529 INFO:teuthology.orchestra.run.smithi038.stdout:/usr/bin/ceph: stderr
2024-04-22T01:03:11.646+0000 7fd6f57fa700 1 -- 172.21.15.38:0/2109179024 --> [v2:172.21.15.38:6800/3063830265,v1:172.21.15.38:6801/3063830265] -- command(tid 0: {"prefix": "get_command_descriptions"}) -- 0x7fd6e403bc20 con 0x7fd6e4039050
2024-04-22T01:03:17.529 INFO:teuthology.orchestra.run.smithi038.stdout:/usr/bin/ceph: stderr
2024-04-22T01:03:11.646+0000 7fd6f57fa700 1 -- 172.21.15.38:0/2109179024 <== mon.0 v2:172.21.15.38:3300/0 5 ==== osd_map(2..2 src has 1..2) ==== 940+0+0 (secure 0 0 0) 0x7fd6e0024aa0 con 0x7fd6f8105f80
2024-04-22T01:03:17.529 INFO:teuthology.orchestra.run.smithi038.stdout:/usr/bin/ceph: stderr
2024-04-22T01:03:11.646+0000 7fd6f77fe700 1 -- 172.21.15.38:0/2109179024 >> [v2:172.21.15.38:6800/3063830265,v1:172.21.15.38:6801/3063830265] conn(0x7fd6e4039050 msgr2=0x7fd6e403b510 unknown :-1 s=STATE_CONNECTING_RE l=1).process reconnect failed to v2:172.21.15.38:6800/3063830265
2024-04-22T01:03:17.529 INFO:teuthology.orchestra.run.smithi038.stdout:/usr/bin/ceph: stderr
2024-04-22T01:03:11.646+0000 7fd6f77fe700 1 --2- 172.21.15.38:0/2109179024 >> [v2:172.21.15.38:6800/3063830265,v1:172.21.15.38:6801/3063830265] conn(0x7fd6e4039050 0x7fd6e403b510 unknown :-1 s=START_CONNECT pgs=0 cs=0 l=1 rev1=0 crypto rx=0 tx=0 comp rx=0 tx=0)._fault waiting 0.200000
2024-04-22T01:03:17.529 INFO:teuthology.orchestra.run.smithi038.stdout:/usr/bin/ceph: stderr
2024-04-22T01:03:11.847+0000 7fd6f77fe700 1 -- 172.21.15.38:0/2109179024 >> [v2:172.21.15.38:6800/3063830265,v1:172.21.15.38:6801/3063830265] conn(0x7fd6e4039050 msgr2=0x7fd6e403b510 unknown :-1 s=STATE_CONNECTING_RE l=1).process reconnect failed to v2:172.21.15.38:6800/3063830265
2024-04-22T01:03:17.530 INFO:teuthology.orchestra.run.smithi038.stdout:/usr/bin/ceph: stderr
2024-04-22T01:03:11.847+0000 7fd6f77fe700 1 --2- 172.21.15.38:0/2109179024 >> [v2:172.21.15.38:6800/3063830265,v1:172.21.15.38:6801/3063830265] conn(0x7fd6e4039050 0x7fd6e403b510 unknown :-1 s=START_CONNECT pgs=0 cs=0 l=1 rev1=0 crypto rx=0 tx=0 comp rx=0 tx=0)._fault waiting 0.400000
2024-04-22T01:03:17.530 INFO:teuthology.orchestra.run.smithi038.stdout:/usr/bin/ceph: stderr
2024-04-22T01:03:12.248+0000 7fd6f77fe700 1 -- 172.21.15.38:0/2109179024 >> [v2:172.21.15.38:6800/3063830265,v1:172.21.15.38:6801/3063830265] conn(0x7fd6e4039050 msgr2=0x7fd6e403b510 unknown :-1 s=STATE_CONNECTING_RE l=1).process reconnect failed to v2:172.21.15.38:6800/3063830265
2024-04-22T01:03:17.530 INFO:teuthology.orchestra.run.smithi038.stdout:/usr/bin/ceph: stderr
2024-04-22T01:03:12.248+0000 7fd6f77fe700 1 --2- 172.21.15.38:0/2109179024 >> [v2:172.21.15.38:6800/3063830265,v1:172.21.15.38:6801/3063830265] conn(0x7fd6e4039050 0x7fd6e403b510 unknown :-1 s=START_CONNECT pgs=0 cs=0 l=1 rev1=0 crypto rx=0 tx=0 comp rx=0 tx=0)._fault waiting 0.800000
2024-04-22T01:03:17.530 INFO:teuthology.orchestra.run.smithi038.stdout:/usr/bin/ceph: stderr
2024-04-22T01:03:13.049+0000 7fd6f77fe700 1 -- 172.21.15.38:0/2109179024 >> [v2:172.21.15.38:6800/3063830265,v1:172.21.15.38:6801/3063830265] conn(0x7fd6e4039050 msgr2=0x7fd6e403b510 unknown :-1 s=STATE_CONNECTING_RE l=1).process reconnect failed to v2:172.21.15.38:6800/3063830265
2024-04-22T01:03:17.530 INFO:teuthology.orchestra.run.smithi038.stdout:/usr/bin/ceph: stderr
2024-04-22T01:03:13.049+0000 7fd6f77fe700 1 --2- 172.21.15.38:0/2109179024 >> [v2:172.21.15.38:6800/3063830265,v1:172.21.15.38:6801/3063830265] conn(0x7fd6e4039050 0x7fd6e403b510 unknown :-1 s=START_CONNECT pgs=0 cs=0 l=1 rev1=0 crypto rx=0 tx=0 comp rx=0 tx=0)._fault waiting 1.600000
2024-04-22T01:03:17.530 INFO:teuthology.orchestra.run.smithi038.stdout:/usr/bin/ceph: stderr
2024-04-22T01:03:14.650+0000 7fd6f77fe700 1 -- 172.21.15.38:0/2109179024 >> [v2:172.21.15.38:6800/3063830265,v1:172.21.15.38:6801/3063830265] conn(0x7fd6e4039050 msgr2=0x7fd6e403b510 unknown :-1 s=STATE_CONNECTING_RE l=1).process reconnect failed to v2:172.21.15.38:6800/3063830265
2024-04-22T01:03:17.530 INFO:teuthology.orchestra.run.smithi038.stdout:/usr/bin/ceph: stderr
2024-04-22T01:03:14.650+0000 7fd6f77fe700 1 --2- 172.21.15.38:0/2109179024 >> [v2:172.21.15.38:6800/3063830265,v1:172.21.15.38:6801/3063830265] conn(0x7fd6e4039050 0x7fd6e403b510 unknown :-1 s=START_CONNECT pgs=0 cs=0 l=1 rev1=0 crypto rx=0 tx=0 comp rx=0 tx=0)._fault waiting 3.200000
2024-04-22T01:03:17.530 INFO:teuthology.orchestra.run.smithi038.stdout:/usr/bin/ceph: stderr
2024-04-22T01:03:15.699+0000 7fd6f57fa700 1 -- 172.21.15.38:0/2109179024 <== mon.0 v2:172.21.15.38:3300/0 6 ==== mgrmap(e 10) ==== 46067+0+0 (secure 0 0 0) 0x7fd6e002d910 con 0x7fd6f8105f80
2024-04-22T01:03:17.530 INFO:teuthology.orchestra.run.smithi038.stdout:/usr/bin/ceph: stderr
2024-04-22T01:03:15.699+0000 7fd6f57fa700 1 -- 172.21.15.38:0/2109179024 >> [v2:172.21.15.38:6800/3063830265,v1:172.21.15.38:6801/3063830265] conn(0x7fd6e4039050 msgr2=0x7fd6e403b510 unknown :-1 s=STATE_CONNECTING l=1).mark_down
2024-04-22T01:03:17.530 INFO:teuthology.orchestra.run.smithi038.stdout:/usr/bin/ceph: stderr
2024-04-22T01:03:15.699+0000 7fd6f57fa700 1 --2- 172.21.15.38:0/2109179024 >> [v2:172.21.15.38:6800/3063830265,v1:172.21.15.38:6801/3063830265] conn(0x7fd6e4039050 0x7fd6e403b510 unknown :-1 s=START_CONNECT pgs=0 cs=0 l=1 rev1=0 crypto rx=0 tx=0 comp rx=0 tx=0).stop
2024-04-22T01:03:17.530 INFO:teuthology.orchestra.run.smithi038.stdout:/usr/bin/ceph: stderr
2024-04-22T01:03:16.698+0000 7fd6f57fa700 1 -- 172.21.15.38:0/2109179024 <== mon.0 v2:172.21.15.38:3300/0 7 ==== mgrmap(e 11) ==== 46194+0+0 (secure 0 0 0) 0x7fd6e004f340 con 0x7fd6f8105f80
2024-04-22T01:03:17.530 INFO:teuthology.orchestra.run.smithi038.stdout:/usr/bin/ceph: stderr
2024-04-22T01:03:16.699+0000 7fd6f57fa700 1 --2- 172.21.15.38:0/2109179024 >> [v2:172.21.15.38:6800/3086698001,v1:172.21.15.38:6801/3086698001] conn(0x7fd6e403cb10 0x7fd6e403ef00 unknown :-1 s=NONE pgs=0 cs=0 l=1 rev1=0 crypto rx=0 tx=0 comp rx=0 tx=0).connect
2024-04-22T01:03:17.531 INFO:teuthology.orchestra.run.smithi038.stdout:/usr/bin/ceph: stderr
2024-04-22T01:03:16.699+0000 7fd6f57fa700 1 -- 172.21.15.38:0/2109179024 --> [v2:172.21.15.38:6800/3086698001,v1:172.21.15.38:6801/3086698001] -- command(tid 0: {"prefix": "get_command_descriptions"}) -- 0x7fd6e403bc20 con 0x7fd6e403cb10
2024-04-22T01:03:17.531 INFO:teuthology.orchestra.run.smithi038.stdout:/usr/bin/ceph: stderr
2024-04-22T01:03:16.699+0000 7fd6f77fe700 1 --2- 172.21.15.38:0/2109179024 >> [v2:172.21.15.38:6800/3086698001,v1:172.21.15.38:6801/3086698001] conn(0x7fd6e403cb10 0x7fd6e403ef00 unknown :-1 s=BANNER_CONNECTING pgs=0 cs=0 l=1 rev1=0 crypto rx=0 tx=0 comp rx=0 tx=0)._handle_peer_banner_payload supported=3 required=0
2024-04-22T01:03:17.531 INFO:teuthology.orchestra.run.smithi038.stdout:/usr/bin/ceph: stderr
2024-04-22T01:03:16.700+0000 7fd6f77fe700 1 --2- 172.21.15.38:0/2109179024 >> [v2:172.21.15.38:6800/3086698001,v1:172.21.15.38:6801/3086698001] conn(0x7fd6e403cb10 0x7fd6e403ef00 secure :-1 s=READY pgs=1 cs=0 l=1 rev1=1 crypto rx=0x7fd6e8003a10 tx=0x7fd6e80092b0 comp rx=0 tx=0).ready entity=mgr.14152 client_cookie=0 server_cookie=0 in_seq=0 out_seq=0
2024-04-22T01:03:17.531 INFO:teuthology.orchestra.run.smithi038.stdout:/usr/bin/ceph: stderr
2024-04-22T01:03:16.700+0000 7fd6f57fa700 1 -- 172.21.15.38:0/2109179024 <== mgr.14152 v2:172.21.15.38:6800/3086698001 1 ==== command_reply(tid 0: 0 ) ==== 8+0+7774 (secure 0 0 0) 0x7fd6e403bc20 con 0x7fd6e403cb10
2024-04-22T01:03:17.531 INFO:teuthology.orchestra.run.smithi038.stdout:/usr/bin/ceph: stderr
2024-04-22T01:03:16.707+0000 7fd6fe7fe700 1 -- 172.21.15.38:0/2109179024 --> [v2:172.21.15.38:6800/3086698001,v1:172.21.15.38:6801/3086698001] -- command(tid 1: {"prefix": "mgr_status"}) -- 0x7fd6f810c360 con 0x7fd6e403cb10
2024-04-22T01:03:17.531 INFO:teuthology.orchestra.run.smithi038.stdout:/usr/bin/ceph: stderr
2024-04-22T01:03:16.707+0000 7fd6f57fa700 1 -- 172.21.15.38:0/2109179024 <== mgr.14152 v2:172.21.15.38:6800/3086698001 2 ==== command_reply(tid 1: 0 ) ==== 8+0+52 (secure 0 0 0) 0x7fd6f810c360 con 0x7fd6e403cb10
2024-04-22T01:03:17.531 INFO:teuthology.orchestra.run.smithi038.stdout:/usr/bin/ceph: stderr
2024-04-22T01:03:16.708+0000 7fd6fe7fe700 1 -- 172.21.15.38:0/2109179024 >> [v2:172.21.15.38:6800/3086698001,v1:172.21.15.38:6801/3086698001] conn(0x7fd6e403cb10 msgr2=0x7fd6e403ef00 secure :-1 s=STATE_CONNECTION_ESTABLISHED l=1).mark_down
2024-04-22T01:03:17.531 INFO:teuthology.orchestra.run.smithi038.stdout:/usr/bin/ceph: stderr
2024-04-22T01:03:16.708+0000 7fd6fe7fe700 1 --2- 172.21.15.38:0/2109179024 >> [v2:172.21.15.38:6800/3086698001,v1:172.21.15.38:6801/3086698001] conn(0x7fd6e403cb10 0x7fd6e403ef00 secure :-1 s=READY pgs=1 cs=0 l=1 rev1=1 crypto rx=0x7fd6e8003a10 tx=0x7fd6e80092b0 comp rx=0 tx=0).stop
2024-04-22T01:03:17.531 INFO:teuthology.orchestra.run.smithi038.stdout:/usr/bin/ceph: stderr
2024-04-22T01:03:16.708+0000 7fd6fe7fe700 1 -- 172.21.15.38:0/2109179024 >> [v2:172.21.15.38:3300/0,v1:172.21.15.38:6789/0] conn(0x7fd6f8105f80 msgr2=0x7fd6f819bc30 secure :-1 s=STATE_CONNECTION_ESTABLISHED l=1).mark_down
2024-04-22T01:03:17.531 INFO:teuthology.orchestra.run.smithi038.stdout:/usr/bin/ceph: stderr
2024-04-22T01:03:16.708+0000 7fd6fe7fe700 1 --2- 172.21.15.38:0/2109179024 >> [v2:172.21.15.38:3300/0,v1:172.21.15.38:6789/0] conn(0x7fd6f8105f80 0x7fd6f819bc30 secure :-1 s=READY pgs=62 cs=0 l=1 rev1=1 crypto rx=0x7fd6e00116a0 tx=0x7fd6e0011ba0 comp rx=0 tx=0).stop
2024-04-22T01:03:17.531 INFO:teuthology.orchestra.run.smithi038.stdout:/usr/bin/ceph: stderr
2024-04-22T01:03:16.708+0000 7fd6fe7fe700 1 -- 172.21.15.38:0/2109179024 shutdown_connections
2024-04-22T01:03:17.531 INFO:teuthology.orchestra.run.smithi038.stdout:/usr/bin/ceph: stderr
2024-04-22T01:03:16.708+0000 7fd6fe7fe700 1 --2- 172.21.15.38:0/2109179024 >> [v2:172.21.15.38:6800/3086698001,v1:172.21.15.38:6801/3086698001] conn(0x7fd6e403cb10 0x7fd6e403ef00 unknown :-1 s=CLOSED pgs=1 cs=0 l=1 rev1=1 crypto rx=0 tx=0 comp rx=0 tx=0).stop
2024-04-22T01:03:17.531 INFO:teuthology.orchestra.run.smithi038.stdout:/usr/bin/ceph: stderr
2024-04-22T01:03:16.708+0000 7fd6fe7fe700 1 --2- 172.21.15.38:0/2109179024 >> [v2:172.21.15.38:3300/0,v1:172.21.15.38:6789/0] conn(0x7fd6f8105f80 0x7fd6f819bc30 unknown :-1 s=CLOSED pgs=62 cs=0 l=1 rev1=1 crypto rx=0 tx=0 comp rx=0 tx=0).stop
2024-04-22T01:03:17.532 INFO:teuthology.orchestra.run.smithi038.stdout:/usr/bin/ceph: stderr
2024-04-22T01:03:16.708+0000 7fd6fe7fe700 1 --2- 172.21.15.38:0/2109179024 >> [v2:172.21.15.38:6800/3063830265,v1:172.21.15.38:6801/3063830265] conn(0x7fd6e4039050 0x7fd6e403b510 unknown :-1 s=CLOSED pgs=0 cs=0 l=1 rev1=0 crypto rx=0 tx=0 comp rx=0 tx=0).stop
2024-04-22T01:03:17.532 INFO:teuthology.orchestra.run.smithi038.stdout:/usr/bin/ceph: stderr
2024-04-22T01:03:16.708+0000 7fd6fe7fe700 1 -- 172.21.15.38:0/2109179024 >> 172.21.15.38:0/2109179024 conn(0x7fd6f81018f0 msgr2=0x7fd6f81023b0 unknown :-1 s=STATE_NONE l=0).mark_down
2024-04-22T01:03:17.532 INFO:teuthology.orchestra.run.smithi038.stdout:/usr/bin/ceph: stderr
2024-04-22T01:03:16.708+0000 7fd6fe7fe700 1 -- 172.21.15.38:0/2109179024 shutdown_connections
2024-04-22T01:03:17.532 INFO:teuthology.orchestra.run.smithi038.stdout:/usr/bin/ceph: stderr
2024-04-22T01:03:16.708+0000 7fd6fe7fe700 1 -- 172.21.15.38:0/2109179024 wait complete.
2024-04-22T01:03:17.532 INFO:teuthology.orchestra.run.smithi038.stdout:mgr epoch 9 is available
2024-04-22T01:03:17.532 INFO:teuthology.orchestra.run.smithi038.stdout:Generating a dashboard self-signed certificate...
2024-04-22T01:03:18.905 INFO:journalctl@ceph.mon.a.smithi038.stdout:Apr 22 01:03:18 smithi038 ceph-mon[28043]: from='client.14156 -' entity='client.admin' cmd=[{"prefix": "get_command_descriptions"}]: dispatch
2024-04-22T01:03:18.905 INFO:journalctl@ceph.mon.a.smithi038.stdout:Apr 22 01:03:18 smithi038 ceph-mon[28043]: from='client.14156 -' entity='client.admin' cmd=[{"prefix": "mgr_status"}]: dispatch
2024-04-22T01:03:18.905 INFO:journalctl@ceph.mon.a.smithi038.stdout:Apr 22 01:03:18 smithi038 ceph-mon[28043]: from='mgr.14152 172.21.15.38:0/179048906' entity='mgr.x'
2024-04-22T01:03:18.905 INFO:journalctl@ceph.mon.a.smithi038.stdout:Apr 22 01:03:18 smithi038 ceph-mon[28043]: from='mgr.14152 172.21.15.38:0/179048906' entity='mgr.x'
2024-04-22T01:03:18.905 INFO:journalctl@ceph.mon.a.smithi038.stdout:Apr 22 01:03:18 smithi038 ceph-mon[28043]: from='mgr.14152 172.21.15.38:0/179048906' entity='mgr.x'
2024-04-22T01:03:18.968 INFO:teuthology.orchestra.run.smithi038.stdout:/usr/bin/ceph: stdout Self-signed certificate created
2024-04-22T01:03:18.968 INFO:teuthology.orchestra.run.smithi038.stdout:/usr/bin/ceph: stderr
2024-04-22T01:03:18.004+0000 7fc93379b700 1 Processor -- start
2024-04-22T01:03:18.968 INFO:teuthology.orchestra.run.smithi038.stdout:/usr/bin/ceph: stderr
2024-04-22T01:03:18.005+0000 7fc93379b700 1 -- start start
2024-04-22T01:03:18.968 INFO:teuthology.orchestra.run.smithi038.stdout:/usr/bin/ceph: stderr
2024-04-22T01:03:18.005+0000 7fc93379b700 1 --2- >> [v2:172.21.15.38:3300/0,v1:172.21.15.38:6789/0] conn(0x7fc92c108750 0x7fc92c10ab40 unknown :-1 s=NONE pgs=0 cs=0 l=0 rev1=0 crypto rx=0 tx=0 comp rx=0 tx=0).connect
2024-04-22T01:03:18.968 INFO:teuthology.orchestra.run.smithi038.stdout:/usr/bin/ceph: stderr
2024-04-22T01:03:18.005+0000 7fc93379b700 1 -- --> [v2:172.21.15.38:3300/0,v1:172.21.15.38:6789/0] -- mon_getmap magic: 0 -- 0x7fc92c07bdf0 con 0x7fc92c108750
2024-04-22T01:03:18.968 INFO:teuthology.orchestra.run.smithi038.stdout:/usr/bin/ceph: stderr
2024-04-22T01:03:18.005+0000 7fc931537700 1 --2- >> [v2:172.21.15.38:3300/0,v1:172.21.15.38:6789/0] conn(0x7fc92c108750 0x7fc92c10ab40 unknown :-1 s=BANNER_CONNECTING pgs=0 cs=0 l=0 rev1=0 crypto rx=0 tx=0 comp rx=0 tx=0)._handle_peer_banner_payload supported=3 required=0
2024-04-22T01:03:18.969 INFO:teuthology.orchestra.run.smithi038.stdout:/usr/bin/ceph: stderr
2024-04-22T01:03:18.005+0000 7fc931537700 1 --2- >> [v2:172.21.15.38:3300/0,v1:172.21.15.38:6789/0] conn(0x7fc92c108750 0x7fc92c10ab40 unknown :-1 s=HELLO_CONNECTING pgs=0 cs=0 l=0 rev1=1 crypto rx=0 tx=0 comp rx=0 tx=0).handle_hello peer v2:172.21.15.38:3300/0 says I am v2:172.21.15.38:59412/0 (socket says 172.21.15.38:59412)
2024-04-22T01:03:18.969 INFO:teuthology.orchestra.run.smithi038.stdout:/usr/bin/ceph: stderr
2024-04-22T01:03:18.005+0000 7fc931537700 1 -- 172.21.15.38:0/4070728504 learned_addr learned my addr 172.21.15.38:0/4070728504 (peer_addr_for_me v2:172.21.15.38:0/0)
2024-04-22T01:03:18.969 INFO:teuthology.orchestra.run.smithi038.stdout:/usr/bin/ceph: stderr
2024-04-22T01:03:18.005+0000 7fc931537700 1 -- 172.21.15.38:0/4070728504 --> [v2:172.21.15.38:3300/0,v1:172.21.15.38:6789/0] -- mon_subscribe({config=0+,monmap=0+}) -- 0x7fc92c10b080 con 0x7fc92c108750
2024-04-22T01:03:18.969 INFO:teuthology.orchestra.run.smithi038.stdout:/usr/bin/ceph: stderr
2024-04-22T01:03:18.006+0000 7fc931537700 1 --2- 172.21.15.38:0/4070728504 >> [v2:172.21.15.38:3300/0,v1:172.21.15.38:6789/0] conn(0x7fc92c108750 0x7fc92c10ab40 secure :-1 s=READY pgs=70 cs=0 l=1 rev1=1 crypto rx=0x7fc91c0098a0 tx=0x7fc91c009bb0 comp rx=0 tx=0).ready entity=mon.0 client_cookie=3de6073e9a341801 server_cookie=0 in_seq=0 out_seq=0
2024-04-22T01:03:18.969 INFO:teuthology.orchestra.run.smithi038.stdout:/usr/bin/ceph: stderr
2024-04-22T01:03:18.006+0000 7fc923fff700 1 -- 172.21.15.38:0/4070728504 <== mon.0 v2:172.21.15.38:3300/0 1 ==== mon_map magic: 0 ==== 205+0+0 (secure 0 0 0) 0x7fc91c004160 con 0x7fc92c108750
2024-04-22T01:03:18.969 INFO:teuthology.orchestra.run.smithi038.stdout:/usr/bin/ceph: stderr
2024-04-22T01:03:18.006+0000 7fc923fff700 1 -- 172.21.15.38:0/4070728504 <== mon.0 v2:172.21.15.38:3300/0 2 ==== config(27 keys) ==== 1140+0+0 (secure 0 0 0) 0x7fc91c004300 con 0x7fc92c108750
2024-04-22T01:03:18.970 INFO:teuthology.orchestra.run.smithi038.stdout:/usr/bin/ceph: stderr
2024-04-22T01:03:18.006+0000 7fc923fff700 1 -- 172.21.15.38:0/4070728504 <== mon.0 v2:172.21.15.38:3300/0 3 ==== mon_map magic: 0 ==== 205+0+0 (secure 0 0 0) 0x7fc91c011b20 con 0x7fc92c108750
2024-04-22T01:03:18.970 INFO:teuthology.orchestra.run.smithi038.stdout:/usr/bin/ceph: stderr
2024-04-22T01:03:18.006+0000 7fc93379b700 1 -- 172.21.15.38:0/4070728504 >> [v2:172.21.15.38:3300/0,v1:172.21.15.38:6789/0] conn(0x7fc92c108750 msgr2=0x7fc92c10ab40 secure :-1 s=STATE_CONNECTION_ESTABLISHED l=1).mark_down
2024-04-22T01:03:18.970 INFO:teuthology.orchestra.run.smithi038.stdout:/usr/bin/ceph: stderr
2024-04-22T01:03:18.006+0000 7fc93379b700 1 --2- 172.21.15.38:0/4070728504 >> [v2:172.21.15.38:3300/0,v1:172.21.15.38:6789/0] conn(0x7fc92c108750 0x7fc92c10ab40 secure :-1 s=READY pgs=70 cs=0 l=1 rev1=1 crypto rx=0x7fc91c0098a0 tx=0x7fc91c009bb0 comp rx=0 tx=0).stop
2024-04-22T01:03:18.970 INFO:teuthology.orchestra.run.smithi038.stdout:/usr/bin/ceph: stderr
2024-04-22T01:03:18.006+0000 7fc93379b700 1 -- 172.21.15.38:0/4070728504 shutdown_connections
2024-04-22T01:03:18.970 INFO:teuthology.orchestra.run.smithi038.stdout:/usr/bin/ceph: stderr
2024-04-22T01:03:18.006+0000 7fc93379b700 1 --2- 172.21.15.38:0/4070728504 >> [v2:172.21.15.38:3300/0,v1:172.21.15.38:6789/0] conn(0x7fc92c108750 0x7fc92c10ab40 unknown :-1 s=CLOSED pgs=70 cs=0 l=1 rev1=1 crypto rx=0 tx=0 comp rx=0 tx=0).stop
2024-04-22T01:03:18.970 INFO:teuthology.orchestra.run.smithi038.stdout:/usr/bin/ceph: stderr
2024-04-22T01:03:18.007+0000 7fc93379b700 1 -- 172.21.15.38:0/4070728504 >> 172.21.15.38:0/4070728504 conn(0x7fc92c102160 msgr2=0x7fc92c104580 unknown :-1 s=STATE_NONE l=0).mark_down
2024-04-22T01:03:18.970 INFO:teuthology.orchestra.run.smithi038.stdout:/usr/bin/ceph: stderr
2024-04-22T01:03:18.007+0000 7fc93379b700 1 -- 172.21.15.38:0/4070728504 shutdown_connections
2024-04-22T01:03:18.970 INFO:teuthology.orchestra.run.smithi038.stdout:/usr/bin/ceph: stderr
2024-04-22T01:03:18.007+0000 7fc93379b700 1 -- 172.21.15.38:0/4070728504 wait complete.
2024-04-22T01:03:18.970 INFO:teuthology.orchestra.run.smithi038.stdout:/usr/bin/ceph: stderr
2024-04-22T01:03:18.007+0000 7fc93379b700 1 Processor -- start
2024-04-22T01:03:18.970 INFO:teuthology.orchestra.run.smithi038.stdout:/usr/bin/ceph: stderr
2024-04-22T01:03:18.007+0000 7fc93379b700 1 -- start start
2024-04-22T01:03:18.970 INFO:teuthology.orchestra.run.smithi038.stdout:/usr/bin/ceph: stderr
2024-04-22T01:03:18.007+0000 7fc93379b700 1 --2- >> [v2:172.21.15.38:3300/0,v1:172.21.15.38:6789/0] conn(0x7fc92c108750 0x7fc92c107fd0 unknown :-1 s=NONE pgs=0 cs=0 l=1 rev1=0 crypto rx=0 tx=0 comp rx=0 tx=0).connect
2024-04-22T01:03:18.970 INFO:teuthology.orchestra.run.smithi038.stdout:/usr/bin/ceph: stderr
2024-04-22T01:03:18.007+0000 7fc93379b700 1 -- --> [v2:172.21.15.38:3300/0,v1:172.21.15.38:6789/0] -- mon_getmap magic: 0 -- 0x7fc92c10c0e0 con 0x7fc92c108750
2024-04-22T01:03:18.971 INFO:teuthology.orchestra.run.smithi038.stdout:/usr/bin/ceph: stderr
2024-04-22T01:03:18.008+0000 7fc931537700 1 --2- >> [v2:172.21.15.38:3300/0,v1:172.21.15.38:6789/0] conn(0x7fc92c108750 0x7fc92c107fd0 unknown :-1 s=BANNER_CONNECTING pgs=0 cs=0 l=1 rev1=0 crypto rx=0 tx=0 comp rx=0 tx=0)._handle_peer_banner_payload supported=3 required=0
2024-04-22T01:03:18.971 INFO:teuthology.orchestra.run.smithi038.stdout:/usr/bin/ceph: stderr
2024-04-22T01:03:18.008+0000 7fc931537700 1 --2- >> [v2:172.21.15.38:3300/0,v1:172.21.15.38:6789/0] conn(0x7fc92c108750 0x7fc92c107fd0 unknown :-1 s=HELLO_CONNECTING pgs=0 cs=0 l=1 rev1=1 crypto rx=0 tx=0 comp rx=0 tx=0).handle_hello peer v2:172.21.15.38:3300/0 says I am v2:172.21.15.38:59414/0 (socket says 172.21.15.38:59414)
2024-04-22T01:03:18.971 INFO:teuthology.orchestra.run.smithi038.stdout:/usr/bin/ceph: stderr
2024-04-22T01:03:18.008+0000 7fc931537700 1 -- 172.21.15.38:0/1010633361 learned_addr learned my addr 172.21.15.38:0/1010633361 (peer_addr_for_me v2:172.21.15.38:0/0)
2024-04-22T01:03:18.971 INFO:teuthology.orchestra.run.smithi038.stdout:/usr/bin/ceph: stderr
2024-04-22T01:03:18.008+0000 7fc931537700 1 -- 172.21.15.38:0/1010633361 --> [v2:172.21.15.38:3300/0,v1:172.21.15.38:6789/0] -- mon_subscribe({config=0+,monmap=0+}) -- 0x7fc92c108510 con 0x7fc92c108750
2024-04-22T01:03:18.971 INFO:teuthology.orchestra.run.smithi038.stdout:/usr/bin/ceph: stderr
2024-04-22T01:03:18.008+0000 7fc931537700 1 --2- 172.21.15.38:0/1010633361 >> [v2:172.21.15.38:3300/0,v1:172.21.15.38:6789/0] conn(0x7fc92c108750 0x7fc92c107fd0 secure :-1 s=READY pgs=71 cs=0 l=1 rev1=1 crypto rx=0x7fc91c0116a0 tx=0x7fc91c011ba0 comp rx=0 tx=0).ready entity=mon.0 client_cookie=0 server_cookie=0 in_seq=0 out_seq=0
2024-04-22T01:03:18.971 INFO:teuthology.orchestra.run.smithi038.stdout:/usr/bin/ceph: stderr
2024-04-22T01:03:18.008+0000 7fc9227fc700 1 -- 172.21.15.38:0/1010633361 <== mon.0 v2:172.21.15.38:3300/0 1 ==== mon_map magic: 0 ==== 205+0+0 (secure 0 0 0) 0x7fc91c003a40 con 0x7fc92c108750
2024-04-22T01:03:18.971 INFO:teuthology.orchestra.run.smithi038.stdout:/usr/bin/ceph: stderr
2024-04-22T01:03:18.008+0000 7fc9227fc700 1 -- 172.21.15.38:0/1010633361 <== mon.0 v2:172.21.15.38:3300/0 2 ==== config(27 keys) ==== 1140+0+0 (secure 0 0 0) 0x7fc91c003be0 con 0x7fc92c108750
2024-04-22T01:03:18.971 INFO:teuthology.orchestra.run.smithi038.stdout:/usr/bin/ceph: stderr
2024-04-22T01:03:18.008+0000 7fc93379b700 1 -- 172.21.15.38:0/1010633361 --> [v2:172.21.15.38:3300/0,v1:172.21.15.38:6789/0] -- mon_subscribe({mgrmap=0+}) -- 0x7fc92c106700 con 0x7fc92c108750
2024-04-22T01:03:18.971 INFO:teuthology.orchestra.run.smithi038.stdout:/usr/bin/ceph: stderr
2024-04-22T01:03:18.008+0000 7fc9227fc700 1 -- 172.21.15.38:0/1010633361 <== mon.0 v2:172.21.15.38:3300/0 3 ==== mon_map magic: 0 ==== 205+0+0 (secure 0 0 0) 0x7fc91c01a750 con 0x7fc92c108750
2024-04-22T01:03:18.971 INFO:teuthology.orchestra.run.smithi038.stdout:/usr/bin/ceph: stderr
2024-04-22T01:03:18.008+0000 7fc93379b700 1 -- 172.21.15.38:0/1010633361 --> [v2:172.21.15.38:3300/0,v1:172.21.15.38:6789/0] -- mon_subscribe({osdmap=0}) -- 0x7fc92c106bc0 con 0x7fc92c108750
2024-04-22T01:03:18.971 INFO:teuthology.orchestra.run.smithi038.stdout:/usr/bin/ceph: stderr
2024-04-22T01:03:18.009+0000 7fc9227fc700 1 -- 172.21.15.38:0/1010633361 <== mon.0 v2:172.21.15.38:3300/0 4 ==== mgrmap(e 11) ==== 46194+0+0 (secure 0 0 0) 0x7fc91c024430 con 0x7fc92c108750
2024-04-22T01:03:18.971 INFO:teuthology.orchestra.run.smithi038.stdout:/usr/bin/ceph: stderr
2024-04-22T01:03:18.009+0000 7fc93379b700 1 -- 172.21.15.38:0/1010633361 --> [v2:172.21.15.38:3300/0,v1:172.21.15.38:6789/0] -- mon_command({"prefix": "get_command_descriptions"} v 0) -- 0x7fc92c063890 con 0x7fc92c108750
2024-04-22T01:03:18.971 INFO:teuthology.orchestra.run.smithi038.stdout:/usr/bin/ceph: stderr
2024-04-22T01:03:18.009+0000 7fc9227fc700 1 --2- 172.21.15.38:0/1010633361 >> [v2:172.21.15.38:6800/3086698001,v1:172.21.15.38:6801/3086698001] conn(0x7fc918038f40 0x7fc91803b400 unknown :-1 s=NONE pgs=0 cs=0 l=1 rev1=0 crypto rx=0 tx=0 comp rx=0 tx=0).connect
2024-04-22T01:03:18.971 INFO:teuthology.orchestra.run.smithi038.stdout:/usr/bin/ceph: stderr
2024-04-22T01:03:18.009+0000 7fc9227fc700 1 -- 172.21.15.38:0/1010633361 <== mon.0 v2:172.21.15.38:3300/0 5 ==== osd_map(3..3 src has 1..3) ==== 1155+0+0 (secure 0 0 0) 0x7fc91c04d690 con 0x7fc92c108750
2024-04-22T01:03:18.972 INFO:teuthology.orchestra.run.smithi038.stdout:/usr/bin/ceph: stderr
2024-04-22T01:03:18.010+0000 7fc930d36700 1 --2- 172.21.15.38:0/1010633361 >> [v2:172.21.15.38:6800/3086698001,v1:172.21.15.38:6801/3086698001] conn(0x7fc918038f40 0x7fc91803b400 unknown :-1 s=BANNER_CONNECTING pgs=0 cs=0 l=1 rev1=0 crypto rx=0 tx=0 comp rx=0 tx=0)._handle_peer_banner_payload supported=3 required=0
2024-04-22T01:03:18.972 INFO:teuthology.orchestra.run.smithi038.stdout:/usr/bin/ceph: stderr
2024-04-22T01:03:18.010+0000 7fc930d36700 1 --2- 172.21.15.38:0/1010633361 >> [v2:172.21.15.38:6800/3086698001,v1:172.21.15.38:6801/3086698001] conn(0x7fc918038f40 0x7fc91803b400 secure :-1 s=READY pgs=7 cs=0 l=1 rev1=1 crypto rx=0x7fc928006fd0 tx=0x7fc928006e40 comp rx=0 tx=0).ready entity=mgr.14152 client_cookie=0 server_cookie=0 in_seq=0 out_seq=0
2024-04-22T01:03:18.972 INFO:teuthology.orchestra.run.smithi038.stdout:/usr/bin/ceph: stderr
2024-04-22T01:03:18.015+0000 7fc9227fc700 1 -- 172.21.15.38:0/1010633361 <== mon.0 v2:172.21.15.38:3300/0 6 ==== mon_command_ack([{"prefix": "get_command_descriptions"}]=0 v0) ==== 72+0+186074 (secure 0 0 0) 0x7fc91c011e20 con 0x7fc92c108750
2024-04-22T01:03:18.972 INFO:teuthology.orchestra.run.smithi038.stdout:/usr/bin/ceph: stderr
2024-04-22T01:03:18.231+0000 7fc93379b700 1 -- 172.21.15.38:0/1010633361 --> [v2:172.21.15.38:6800/3086698001,v1:172.21.15.38:6801/3086698001] -- mgr_command(tid 0: {"prefix": "dashboard create-self-signed-cert", "target": ["mon-mgr", ""]}) -- 0x7fc92c1074d0 con 0x7fc918038f40
2024-04-22T01:03:18.972 INFO:teuthology.orchestra.run.smithi038.stdout:/usr/bin/ceph: stderr
2024-04-22T01:03:18.320+0000 7fc9227fc700 1 -- 172.21.15.38:0/1010633361 <== mgr.14152 v2:172.21.15.38:6800/3086698001 1 ==== mgr_command_reply(tid 0: 0 ) ==== 8+0+32 (secure 0 0 0) 0x7fc92c1074d0 con 0x7fc918038f40
2024-04-22T01:03:18.972 INFO:teuthology.orchestra.run.smithi038.stdout:/usr/bin/ceph: stderr
2024-04-22T01:03:18.322+0000 7fc93379b700 1 -- 172.21.15.38:0/1010633361 >> [v2:172.21.15.38:6800/3086698001,v1:172.21.15.38:6801/3086698001] conn(0x7fc918038f40 msgr2=0x7fc91803b400 secure :-1 s=STATE_CONNECTION_ESTABLISHED l=1).mark_down
2024-04-22T01:03:18.972 INFO:teuthology.orchestra.run.smithi038.stdout:/usr/bin/ceph: stderr
2024-04-22T01:03:18.322+0000 7fc93379b700 1 --2- 172.21.15.38:0/1010633361 >> [v2:172.21.15.38:6800/3086698001,v1:172.21.15.38:6801/3086698001] conn(0x7fc918038f40 0x7fc91803b400 secure :-1 s=READY pgs=7 cs=0 l=1 rev1=1 crypto rx=0x7fc928006fd0 tx=0x7fc928006e40 comp rx=0 tx=0).stop
2024-04-22T01:03:18.972 INFO:teuthology.orchestra.run.smithi038.stdout:/usr/bin/ceph: stderr
2024-04-22T01:03:18.322+0000 7fc93379b700 1 -- 172.21.15.38:0/1010633361 >> [v2:172.21.15.38:3300/0,v1:172.21.15.38:6789/0] conn(0x7fc92c108750 msgr2=0x7fc92c107fd0 secure :-1 s=STATE_CONNECTION_ESTABLISHED l=1).mark_down
2024-04-22T01:03:18.972 INFO:teuthology.orchestra.run.smithi038.stdout:/usr/bin/ceph: stderr
2024-04-22T01:03:18.322+0000 7fc93379b700 1 --2- 172.21.15.38:0/1010633361 >> [v2:172.21.15.38:3300/0,v1:172.21.15.38:6789/0] conn(0x7fc92c108750 0x7fc92c107fd0 secure :-1 s=READY pgs=71 cs=0 l=1 rev1=1 crypto rx=0x7fc91c0116a0 tx=0x7fc91c011ba0 comp rx=0 tx=0).stop
2024-04-22T01:03:18.972 INFO:teuthology.orchestra.run.smithi038.stdout:/usr/bin/ceph: stderr
2024-04-22T01:03:18.322+0000 7fc93379b700 1 -- 172.21.15.38:0/1010633361 shutdown_connections
2024-04-22T01:03:18.972 INFO:teuthology.orchestra.run.smithi038.stdout:/usr/bin/ceph: stderr
2024-04-22T01:03:18.322+0000 7fc93379b700 1 --2- 172.21.15.38:0/1010633361 >> [v2:172.21.15.38:6800/3086698001,v1:172.21.15.38:6801/3086698001] conn(0x7fc918038f40 0x7fc91803b400 unknown :-1 s=CLOSED pgs=7 cs=0 l=1 rev1=1 crypto rx=0 tx=0 comp rx=0 tx=0).stop
2024-04-22T01:03:18.972 INFO:teuthology.orchestra.run.smithi038.stdout:/usr/bin/ceph: stderr
2024-04-22T01:03:18.322+0000 7fc93379b700 1 --2- 172.21.15.38:0/1010633361 >> [v2:172.21.15.38:3300/0,v1:172.21.15.38:6789/0] conn(0x7fc92c108750 0x7fc92c107fd0 unknown :-1 s=CLOSED pgs=71 cs=0 l=1 rev1=1 crypto rx=0 tx=0 comp rx=0 tx=0).stop
2024-04-22T01:03:18.972 INFO:teuthology.orchestra.run.smithi038.stdout:/usr/bin/ceph: stderr
2024-04-22T01:03:18.322+0000 7fc93379b700 1 -- 172.21.15.38:0/1010633361 >> 172.21.15.38:0/1010633361 conn(0x7fc92c102160 msgr2=0x7fc92c102c30 unknown :-1 s=STATE_NONE l=0).mark_down
2024-04-22T01:03:18.973 INFO:teuthology.orchestra.run.smithi038.stdout:/usr/bin/ceph: stderr
2024-04-22T01:03:18.323+0000 7fc93379b700 1 -- 172.21.15.38:0/1010633361 shutdown_connections
2024-04-22T01:03:18.973 INFO:teuthology.orchestra.run.smithi038.stdout:/usr/bin/ceph: stderr
2024-04-22T01:03:18.323+0000 7fc93379b700 1 -- 172.21.15.38:0/1010633361 wait complete.
2024-04-22T01:03:18.973 INFO:teuthology.orchestra.run.smithi038.stdout:Creating initial admin user...
2024-04-22T01:03:19.888 INFO:journalctl@ceph.mon.a.smithi038.stdout:Apr 22 01:03:19 smithi038 ceph-mon[28043]: from='client.14164 -' entity='client.admin' cmd=[{"prefix": "dashboard create-self-signed-cert", "target": ["mon-mgr", ""]}]: dispatch
2024-04-22T01:03:19.888 INFO:journalctl@ceph.mon.a.smithi038.stdout:Apr 22 01:03:19 smithi038 ceph-mon[28043]: mgrmap e12: x(active, since 2s)
2024-04-22T01:03:19.888 INFO:journalctl@ceph.mon.a.smithi038.stdout:Apr 22 01:03:19 smithi038 ceph-mon[28043]: from='mgr.14152 172.21.15.38:0/179048906' entity='mgr.x'
2024-04-22T01:03:20.446 INFO:teuthology.orchestra.run.smithi038.stdout:/usr/bin/ceph: stdout {"username": "admin", "password": "$2b$12$ZfD6gIflnQaPWh9kyNdsYutgoWbNcdyF3MSkttIInEt18HQHnlyTW", "roles": ["administrator"], "name": null, "email": null, "lastUpdate": 1713747799, "enabled": true, "pwdExpirationDate": null, "pwdUpdateRequired": true}
2024-04-22T01:03:20.446 INFO:teuthology.orchestra.run.smithi038.stdout:/usr/bin/ceph: stderr
2024-04-22T01:03:19.401+0000 7f45062b3700 1 Processor -- start
2024-04-22T01:03:20.446 INFO:teuthology.orchestra.run.smithi038.stdout:/usr/bin/ceph: stderr
2024-04-22T01:03:19.401+0000 7f45062b3700 1 -- start start
2024-04-22T01:03:20.446 INFO:teuthology.orchestra.run.smithi038.stdout:/usr/bin/ceph: stderr
2024-04-22T01:03:19.401+0000 7f45062b3700 1 --2- >> [v2:172.21.15.38:3300/0,v1:172.21.15.38:6789/0] conn(0x7f4500107ca0 0x7f45001080c0 unknown :-1 s=NONE pgs=0 cs=0 l=0 rev1=0 crypto rx=0 tx=0 comp rx=0 tx=0).connect
2024-04-22T01:03:20.446 INFO:teuthology.orchestra.run.smithi038.stdout:/usr/bin/ceph: stderr
2024-04-22T01:03:19.401+0000 7f45062b3700 1 -- --> [v2:172.21.15.38:3300/0,v1:172.21.15.38:6789/0] -- mon_getmap magic: 0 -- 0x7f4500108690 con 0x7f4500107ca0
2024-04-22T01:03:20.447 INFO:teuthology.orchestra.run.smithi038.stdout:/usr/bin/ceph: stderr
2024-04-22T01:03:19.401+0000 7f44fffff700 1 --2- >> [v2:172.21.15.38:3300/0,v1:172.21.15.38:6789/0] conn(0x7f4500107ca0 0x7f45001080c0 unknown :-1 s=BANNER_CONNECTING pgs=0 cs=0 l=0 rev1=0 crypto rx=0 tx=0 comp rx=0 tx=0)._handle_peer_banner_payload supported=3 required=0
2024-04-22T01:03:20.447 INFO:teuthology.orchestra.run.smithi038.stdout:/usr/bin/ceph: stderr
2024-04-22T01:03:19.401+0000 7f44fffff700 1 --2- >> [v2:172.21.15.38:3300/0,v1:172.21.15.38:6789/0] conn(0x7f4500107ca0 0x7f45001080c0 unknown :-1 s=HELLO_CONNECTING pgs=0 cs=0 l=0 rev1=1 crypto rx=0 tx=0 comp rx=0 tx=0).handle_hello peer v2:172.21.15.38:3300/0 says I am v2:172.21.15.38:59422/0 (socket says 172.21.15.38:59422)
2024-04-22T01:03:20.447 INFO:teuthology.orchestra.run.smithi038.stdout:/usr/bin/ceph: stderr
2024-04-22T01:03:19.401+0000 7f44fffff700 1 -- 172.21.15.38:0/3858460029 learned_addr learned my addr 172.21.15.38:0/3858460029 (peer_addr_for_me v2:172.21.15.38:0/0)
2024-04-22T01:03:20.447 INFO:teuthology.orchestra.run.smithi038.stdout:/usr/bin/ceph: stderr
2024-04-22T01:03:19.402+0000 7f44fffff700 1 -- 172.21.15.38:0/3858460029 --> [v2:172.21.15.38:3300/0,v1:172.21.15.38:6789/0] -- mon_subscribe({config=0+,monmap=0+}) -- 0x7f4500108e50 con 0x7f4500107ca0
2024-04-22T01:03:20.447 INFO:teuthology.orchestra.run.smithi038.stdout:/usr/bin/ceph: stderr
2024-04-22T01:03:19.402+0000 7f44fffff700 1 --2- 172.21.15.38:0/3858460029 >> [v2:172.21.15.38:3300/0,v1:172.21.15.38:6789/0] conn(0x7f4500107ca0 0x7f45001080c0 secure :-1 s=READY pgs=72 cs=0 l=1 rev1=1 crypto rx=0x7f44f00098a0 tx=0x7f44f0009bb0 comp rx=0 tx=0).ready entity=mon.0 client_cookie=f1f7a65f2bbc7ecb server_cookie=0 in_seq=0 out_seq=0
2024-04-22T01:03:20.447 INFO:teuthology.orchestra.run.smithi038.stdout:/usr/bin/ceph: stderr
2024-04-22T01:03:19.402+0000 7f44feffd700 1 -- 172.21.15.38:0/3858460029 <== mon.0 v2:172.21.15.38:3300/0 1 ==== mon_map magic: 0 ==== 205+0+0 (secure 0 0 0) 0x7f44f0004160 con 0x7f4500107ca0
2024-04-22T01:03:20.447 INFO:teuthology.orchestra.run.smithi038.stdout:/usr/bin/ceph: stderr
2024-04-22T01:03:19.402+0000 7f44feffd700 1 -- 172.21.15.38:0/3858460029 <== mon.0 v2:172.21.15.38:3300/0 2 ==== config(27 keys) ==== 1140+0+0 (secure 0 0 0) 0x7f44f0004300 con 0x7f4500107ca0
2024-04-22T01:03:20.447 INFO:teuthology.orchestra.run.smithi038.stdout:/usr/bin/ceph: stderr
2024-04-22T01:03:19.402+0000 7f44feffd700 1 -- 172.21.15.38:0/3858460029 <== mon.0 v2:172.21.15.38:3300/0 3 ==== mon_map magic: 0 ==== 205+0+0 (secure 0 0 0) 0x7f44f0011b20 con 0x7f4500107ca0
2024-04-22T01:03:20.447 INFO:teuthology.orchestra.run.smithi038.stdout:/usr/bin/ceph: stderr
2024-04-22T01:03:19.403+0000 7f45062b3700 1 -- 172.21.15.38:0/3858460029 >> [v2:172.21.15.38:3300/0,v1:172.21.15.38:6789/0] conn(0x7f4500107ca0 msgr2=0x7f45001080c0 secure :-1 s=STATE_CONNECTION_ESTABLISHED l=1).mark_down
2024-04-22T01:03:20.447 INFO:teuthology.orchestra.run.smithi038.stdout:/usr/bin/ceph: stderr
2024-04-22T01:03:19.403+0000 7f45062b3700 1 --2- 172.21.15.38:0/3858460029 >> [v2:172.21.15.38:3300/0,v1:172.21.15.38:6789/0] conn(0x7f4500107ca0 0x7f45001080c0 secure :-1 s=READY pgs=72 cs=0 l=1 rev1=1 crypto rx=0x7f44f00098a0 tx=0x7f44f0009bb0 comp rx=0 tx=0).stop
2024-04-22T01:03:20.447 INFO:teuthology.orchestra.run.smithi038.stdout:/usr/bin/ceph: stderr
2024-04-22T01:03:19.403+0000 7f45062b3700 1 -- 172.21.15.38:0/3858460029 shutdown_connections
2024-04-22T01:03:20.447 INFO:teuthology.orchestra.run.smithi038.stdout:/usr/bin/ceph: stderr
2024-04-22T01:03:19.403+0000 7f45062b3700 1 --2- 172.21.15.38:0/3858460029 >> [v2:172.21.15.38:3300/0,v1:172.21.15.38:6789/0] conn(0x7f4500107ca0 0x7f45001080c0 unknown :-1 s=CLOSED pgs=72 cs=0 l=1 rev1=1 crypto rx=0 tx=0 comp rx=0 tx=0).stop
2024-04-22T01:03:20.447 INFO:teuthology.orchestra.run.smithi038.stdout:/usr/bin/ceph: stderr
2024-04-22T01:03:19.403+0000 7f45062b3700 1 -- 172.21.15.38:0/3858460029 >> 172.21.15.38:0/3858460029 conn(0x7f45001032a0 msgr2=0x7f45001056c0 unknown :-1 s=STATE_NONE l=0).mark_down
2024-04-22T01:03:20.447 INFO:teuthology.orchestra.run.smithi038.stdout:/usr/bin/ceph: stderr
2024-04-22T01:03:19.403+0000 7f45062b3700 1 -- 172.21.15.38:0/3858460029 shutdown_connections
2024-04-22T01:03:20.447 INFO:teuthology.orchestra.run.smithi038.stdout:/usr/bin/ceph: stderr
2024-04-22T01:03:19.403+0000 7f45062b3700 1 -- 172.21.15.38:0/3858460029 wait complete.
2024-04-22T01:03:20.447 INFO:teuthology.orchestra.run.smithi038.stdout:/usr/bin/ceph: stderr
2024-04-22T01:03:19.403+0000 7f45062b3700 1 Processor -- start
2024-04-22T01:03:20.448 INFO:teuthology.orchestra.run.smithi038.stdout:/usr/bin/ceph: stderr
2024-04-22T01:03:19.403+0000 7f45062b3700 1 -- start start
2024-04-22T01:03:20.448 INFO:teuthology.orchestra.run.smithi038.stdout:/usr/bin/ceph: stderr
2024-04-22T01:03:19.404+0000 7f45062b3700 1 --2- >> [v2:172.21.15.38:3300/0,v1:172.21.15.38:6789/0] conn(0x7f4500107ca0 0x7f450007daf0 unknown :-1 s=NONE pgs=0 cs=0 l=1 rev1=0 crypto rx=0 tx=0 comp rx=0 tx=0).connect
2024-04-22T01:03:20.448 INFO:teuthology.orchestra.run.smithi038.stdout:/usr/bin/ceph: stderr
2024-04-22T01:03:19.404+0000 7f45062b3700 1 -- --> [v2:172.21.15.38:3300/0,v1:172.21.15.38:6789/0] -- mon_getmap magic: 0 -- 0x7f450010c200 con 0x7f4500107ca0
2024-04-22T01:03:20.448 INFO:teuthology.orchestra.run.smithi038.stdout:/usr/bin/ceph: stderr
2024-04-22T01:03:19.404+0000 7f44fffff700 1 --2- >> [v2:172.21.15.38:3300/0,v1:172.21.15.38:6789/0] conn(0x7f4500107ca0 0x7f450007daf0 unknown :-1 s=BANNER_CONNECTING pgs=0 cs=0 l=1 rev1=0 crypto rx=0 tx=0 comp rx=0 tx=0)._handle_peer_banner_payload supported=3 required=0
2024-04-22T01:03:20.448 INFO:teuthology.orchestra.run.smithi038.stdout:/usr/bin/ceph: stderr
2024-04-22T01:03:19.404+0000 7f44fffff700 1 --2- >> [v2:172.21.15.38:3300/0,v1:172.21.15.38:6789/0] conn(0x7f4500107ca0 0x7f450007daf0 unknown :-1 s=HELLO_CONNECTING pgs=0 cs=0 l=1 rev1=1 crypto rx=0 tx=0 comp rx=0 tx=0).handle_hello peer v2:172.21.15.38:3300/0 says I am v2:172.21.15.38:59432/0 (socket says 172.21.15.38:59432)
2024-04-22T01:03:20.448 INFO:teuthology.orchestra.run.smithi038.stdout:/usr/bin/ceph: stderr
2024-04-22T01:03:19.404+0000 7f44fffff700 1 -- 172.21.15.38:0/214673191 learned_addr learned my addr 172.21.15.38:0/214673191 (peer_addr_for_me v2:172.21.15.38:0/0)
2024-04-22T01:03:20.448 INFO:teuthology.orchestra.run.smithi038.stdout:/usr/bin/ceph: stderr
2024-04-22T01:03:19.404+0000 7f44fffff700 1 -- 172.21.15.38:0/214673191 --> [v2:172.21.15.38:3300/0,v1:172.21.15.38:6789/0] -- mon_subscribe({config=0+,monmap=0+}) -- 0x7f450007e030 con 0x7f4500107ca0
2024-04-22T01:03:20.448 INFO:teuthology.orchestra.run.smithi038.stdout:/usr/bin/ceph: stderr
2024-04-22T01:03:19.404+0000 7f44fffff700 1 --2- 172.21.15.38:0/214673191 >> [v2:172.21.15.38:3300/0,v1:172.21.15.38:6789/0] conn(0x7f4500107ca0 0x7f450007daf0 secure :-1 s=READY pgs=73 cs=0 l=1 rev1=1 crypto rx=0x7f44f00116a0 tx=0x7f44f0011ba0 comp rx=0 tx=0).ready entity=mon.0 client_cookie=0 server_cookie=0 in_seq=0 out_seq=0
2024-04-22T01:03:20.448 INFO:teuthology.orchestra.run.smithi038.stdout:/usr/bin/ceph: stderr
2024-04-22T01:03:19.404+0000 7f44fd7fa700 1 -- 172.21.15.38:0/214673191 <== mon.0 v2:172.21.15.38:3300/0 1 ==== mon_map magic: 0 ==== 205+0+0 (secure 0 0 0) 0x7f44f0003a40 con 0x7f4500107ca0
2024-04-22T01:03:20.448 INFO:teuthology.orchestra.run.smithi038.stdout:/usr/bin/ceph: stderr
2024-04-22T01:03:19.404+0000 7f44fd7fa700 1 -- 172.21.15.38:0/214673191 <== mon.0 v2:172.21.15.38:3300/0 2 ==== config(27 keys) ==== 1140+0+0 (secure 0 0 0) 0x7f44f0003be0 con 0x7f4500107ca0
2024-04-22T01:03:20.448 INFO:teuthology.orchestra.run.smithi038.stdout:/usr/bin/ceph: stderr
2024-04-22T01:03:19.404+0000 7f45062b3700 1 -- 172.21.15.38:0/214673191 --> [v2:172.21.15.38:3300/0,v1:172.21.15.38:6789/0] -- mon_subscribe({mgrmap=0+}) -- 0x7f450007c220 con 0x7f4500107ca0
2024-04-22T01:03:20.448 INFO:teuthology.orchestra.run.smithi038.stdout:/usr/bin/ceph: stderr
2024-04-22T01:03:19.404+0000 7f44fd7fa700 1 -- 172.21.15.38:0/214673191 <== mon.0 v2:172.21.15.38:3300/0 3 ==== mon_map magic: 0 ==== 205+0+0 (secure 0 0 0) 0x7f44f001a720 con 0x7f4500107ca0
2024-04-22T01:03:20.448 INFO:teuthology.orchestra.run.smithi038.stdout:/usr/bin/ceph: stderr
2024-04-22T01:03:19.405+0000 7f45062b3700 1 -- 172.21.15.38:0/214673191 --> [v2:172.21.15.38:3300/0,v1:172.21.15.38:6789/0] -- mon_subscribe({osdmap=0}) -- 0x7f450007c6e0 con 0x7f4500107ca0
2024-04-22T01:03:20.448 INFO:teuthology.orchestra.run.smithi038.stdout:/usr/bin/ceph: stderr
2024-04-22T01:03:19.405+0000 7f44fd7fa700 1 -- 172.21.15.38:0/214673191 <== mon.0 v2:172.21.15.38:3300/0 4 ==== mgrmap(e 12) ==== 46300+0+0 (secure 0 0 0) 0x7f44f001aa20 con 0x7f4500107ca0
2024-04-22T01:03:20.448 INFO:teuthology.orchestra.run.smithi038.stdout:/usr/bin/ceph: stderr
2024-04-22T01:03:19.406+0000 7f45062b3700 1 -- 172.21.15.38:0/214673191 --> [v2:172.21.15.38:3300/0,v1:172.21.15.38:6789/0] -- mon_command({"prefix": "get_command_descriptions"} v 0) -- 0x7f4500063890 con 0x7f4500107ca0
2024-04-22T01:03:20.449 INFO:teuthology.orchestra.run.smithi038.stdout:/usr/bin/ceph: stderr
2024-04-22T01:03:19.406+0000 7f44fd7fa700 1 --2- 172.21.15.38:0/214673191 >> [v2:172.21.15.38:6800/3086698001,v1:172.21.15.38:6801/3086698001] conn(0x7f44e8039050 0x7f44e803b510 unknown :-1 s=NONE pgs=0 cs=0 l=1 rev1=0 crypto rx=0 tx=0 comp rx=0 tx=0).connect
2024-04-22T01:03:20.449 INFO:teuthology.orchestra.run.smithi038.stdout:/usr/bin/ceph: stderr
2024-04-22T01:03:19.406+0000 7f44fd7fa700 1 -- 172.21.15.38:0/214673191 <== mon.0 v2:172.21.15.38:3300/0 5 ==== osd_map(3..3 src has 1..3) ==== 1155+0+0 (secure 0 0 0) 0x7f44f004d7e0 con 0x7f4500107ca0
2024-04-22T01:03:20.449 INFO:teuthology.orchestra.run.smithi038.stdout:/usr/bin/ceph: stderr
2024-04-22T01:03:19.406+0000 7f44ff7fe700 1 --2- 172.21.15.38:0/214673191 >> [v2:172.21.15.38:6800/3086698001,v1:172.21.15.38:6801/3086698001] conn(0x7f44e8039050 0x7f44e803b510 unknown :-1 s=BANNER_CONNECTING pgs=0 cs=0 l=1 rev1=0 crypto rx=0 tx=0 comp rx=0 tx=0)._handle_peer_banner_payload supported=3 required=0
2024-04-22T01:03:20.449 INFO:teuthology.orchestra.run.smithi038.stdout:/usr/bin/ceph: stderr
2024-04-22T01:03:19.406+0000 7f44ff7fe700 1 --2- 172.21.15.38:0/214673191 >> [v2:172.21.15.38:6800/3086698001,v1:172.21.15.38:6801/3086698001] conn(0x7f44e8039050 0x7f44e803b510 secure :-1 s=READY pgs=8 cs=0 l=1 rev1=1 crypto rx=0x7f44f4006fd0 tx=0x7f44f4006e40 comp rx=0 tx=0).ready entity=mgr.14152 client_cookie=0 server_cookie=0 in_seq=0 out_seq=0
2024-04-22T01:03:20.449 INFO:teuthology.orchestra.run.smithi038.stdout:/usr/bin/ceph: stderr
2024-04-22T01:03:19.411+0000 7f44fd7fa700 1 -- 172.21.15.38:0/214673191 <== mon.0 v2:172.21.15.38:3300/0 6 ==== mon_command_ack([{"prefix": "get_command_descriptions"}]=0 v0) ==== 72+0+186074 (secure 0 0 0) 0x7f44f0011e20 con 0x7f4500107ca0
2024-04-22T01:03:20.449 INFO:teuthology.orchestra.run.smithi038.stdout:/usr/bin/ceph: stderr
