2024-04-22T21:01:21.111+0000 7fe664c25700 1 --2- 172.21.15.38:0/1554195213 >> [v2:172.21.15.38:6800/2551561659,v1:172.21.15.38:6801/2551561659] conn(0x7fe6480367e0 0x7fe648038c90 secure :-1 s=READY pgs=19 cs=0 l=1 rev1=1 crypto rx=0x7fe654009990 tx=0x7fe654006e40 comp rx=0 tx=0).stop
2024-04-22T21:01:21.618 INFO:teuthology.orchestra.run.smithi038.stdout:/usr/bin/ceph: stderr
2024-04-22T21:01:21.111+0000 7fe664c25700 1 -- 172.21.15.38:0/1554195213 >> [v2:172.21.15.38:3300/0,v1:172.21.15.38:6789/0] conn(0x7fe660076b40 msgr2=0x7fe660102ea0 secure :-1 s=STATE_CONNECTION_ESTABLISHED l=1).mark_down
2024-04-22T21:01:21.618 INFO:teuthology.orchestra.run.smithi038.stdout:/usr/bin/ceph: stderr
2024-04-22T21:01:21.111+0000 7fe664c25700 1 --2- 172.21.15.38:0/1554195213 >> [v2:172.21.15.38:3300/0,v1:172.21.15.38:6789/0] conn(0x7fe660076b40 0x7fe660102ea0 secure :-1 s=READY pgs=62 cs=0 l=1 rev1=1 crypto rx=0x7fe650011cf0 tx=0x7fe650009250 comp rx=0 tx=0).stop
2024-04-22T21:01:21.618 INFO:teuthology.orchestra.run.smithi038.stdout:/usr/bin/ceph: stderr
2024-04-22T21:01:21.111+0000 7fe664c25700 1 -- 172.21.15.38:0/1554195213 shutdown_connections
2024-04-22T21:01:21.618 INFO:teuthology.orchestra.run.smithi038.stdout:/usr/bin/ceph: stderr
2024-04-22T21:01:21.111+0000 7fe664c25700 1 --2- 172.21.15.38:0/1554195213 >> [v2:172.21.15.38:6800/2551561659,v1:172.21.15.38:6801/2551561659] conn(0x7fe6480367e0 0x7fe648038c90 unknown :-1 s=CLOSED pgs=19 cs=0 l=1 rev1=1 crypto rx=0 tx=0 comp rx=0 tx=0).stop
2024-04-22T21:01:21.619 INFO:teuthology.orchestra.run.smithi038.stdout:/usr/bin/ceph: stderr
2024-04-22T21:01:21.111+0000 7fe664c25700 1 --2- 172.21.15.38:0/1554195213 >> [v2:172.21.15.38:3300/0,v1:172.21.15.38:6789/0] conn(0x7fe660076b40 0x7fe660102ea0 unknown :-1 s=CLOSED pgs=62 cs=0 l=1 rev1=1 crypto rx=0 tx=0 comp rx=0 tx=0).stop
2024-04-22T21:01:21.619 INFO:teuthology.orchestra.run.smithi038.stdout:/usr/bin/ceph: stderr
2024-04-22T21:01:21.111+0000 7fe664c25700 1 -- 172.21.15.38:0/1554195213 >> 172.21.15.38:0/1554195213 conn(0x7fe6600fd040 msgr2=0x7fe6600fdbc0 unknown :-1 s=STATE_NONE l=0).mark_down
2024-04-22T21:01:21.619 INFO:teuthology.orchestra.run.smithi038.stdout:/usr/bin/ceph: stderr
2024-04-22T21:01:21.111+0000 7fe664c25700 1 -- 172.21.15.38:0/1554195213 shutdown_connections
2024-04-22T21:01:21.619 INFO:teuthology.orchestra.run.smithi038.stdout:/usr/bin/ceph: stderr
2024-04-22T21:01:21.111+0000 7fe664c25700 1 -- 172.21.15.38:0/1554195213 wait complete.
2024-04-22T21:01:22.283 INFO:journalctl@ceph.mon.smithi038.smithi038.stdout:Apr 22 21:01:22 smithi038 ceph-mon[26374]: pgmap v4: 0 pgs: ; 0 B data, 0 B used, 0 B / 0 B avail
2024-04-22T21:01:22.284 INFO:journalctl@ceph.mon.smithi038.smithi038.stdout:Apr 22 21:01:22 smithi038 ceph-mon[26374]: from='client.? 172.21.15.38:0/1554195213' entity='client.admin'
2024-04-22T21:01:22.873 INFO:teuthology.orchestra.run.smithi038.stdout:/usr/bin/ceph: stderr
2024-04-22T21:01:22.069+0000 7f490e7ba700 1 Processor -- start
2024-04-22T21:01:22.873 INFO:teuthology.orchestra.run.smithi038.stdout:/usr/bin/ceph: stderr
2024-04-22T21:01:22.069+0000 7f490e7ba700 1 -- start start
2024-04-22T21:01:22.873 INFO:teuthology.orchestra.run.smithi038.stdout:/usr/bin/ceph: stderr
2024-04-22T21:01:22.069+0000 7f490e7ba700 1 --2- >> [v2:172.21.15.38:3300/0,v1:172.21.15.38:6789/0] conn(0x7f4908102cf0 0x7f4908103100 unknown :-1 s=NONE pgs=0 cs=0 l=0 rev1=0 crypto rx=0 tx=0 comp rx=0 tx=0).connect
2024-04-22T21:01:22.873 INFO:teuthology.orchestra.run.smithi038.stdout:/usr/bin/ceph: stderr
2024-04-22T21:01:22.069+0000 7f490e7ba700 1 -- --> [v2:172.21.15.38:3300/0,v1:172.21.15.38:6789/0] -- mon_getmap magic: 0 v1 -- 0x7f49081036d0 con 0x7f4908102cf0
2024-04-22T21:01:22.873 INFO:teuthology.orchestra.run.smithi038.stdout:/usr/bin/ceph: stderr
2024-04-22T21:01:22.070+0000 7f4907fff700 1 --2- >> [v2:172.21.15.38:3300/0,v1:172.21.15.38:6789/0] conn(0x7f4908102cf0 0x7f4908103100 unknown :-1 s=BANNER_CONNECTING pgs=0 cs=0 l=0 rev1=0 crypto rx=0 tx=0 comp rx=0 tx=0)._handle_peer_banner_payload supported=3 required=0
2024-04-22T21:01:22.873 INFO:teuthology.orchestra.run.smithi038.stdout:/usr/bin/ceph: stderr
2024-04-22T21:01:22.070+0000 7f4907fff700 1 --2- >> [v2:172.21.15.38:3300/0,v1:172.21.15.38:6789/0] conn(0x7f4908102cf0 0x7f4908103100 unknown :-1 s=HELLO_CONNECTING pgs=0 cs=0 l=0 rev1=1 crypto rx=0 tx=0 comp rx=0 tx=0).handle_hello peer v2:172.21.15.38:3300/0 says I am v2:172.21.15.38:52246/0 (socket says 172.21.15.38:52246)
2024-04-22T21:01:22.873 INFO:teuthology.orchestra.run.smithi038.stdout:/usr/bin/ceph: stderr
2024-04-22T21:01:22.070+0000 7f4907fff700 1 -- 172.21.15.38:0/2873371547 learned_addr learned my addr 172.21.15.38:0/2873371547 (peer_addr_for_me v2:172.21.15.38:0/0)
2024-04-22T21:01:22.873 INFO:teuthology.orchestra.run.smithi038.stdout:/usr/bin/ceph: stderr
2024-04-22T21:01:22.070+0000 7f4907fff700 1 -- 172.21.15.38:0/2873371547 --> [v2:172.21.15.38:3300/0,v1:172.21.15.38:6789/0] -- mon_subscribe({config=0+,monmap=0+}) v3 -- 0x7f4908103810 con 0x7f4908102cf0
2024-04-22T21:01:22.873 INFO:teuthology.orchestra.run.smithi038.stdout:/usr/bin/ceph: stderr
2024-04-22T21:01:22.070+0000 7f4907fff700 1 --2- 172.21.15.38:0/2873371547 >> [v2:172.21.15.38:3300/0,v1:172.21.15.38:6789/0] conn(0x7f4908102cf0 0x7f4908103100 secure :-1 s=READY pgs=63 cs=0 l=1 rev1=1 crypto rx=0x7f48f80098e0 tx=0x7f48f8009250 comp rx=0 tx=0).ready entity=mon.0 client_cookie=599cd592a8a15803 server_cookie=0 in_seq=0 out_seq=0
2024-04-22T21:01:22.873 INFO:teuthology.orchestra.run.smithi038.stdout:/usr/bin/ceph: stderr
2024-04-22T21:01:22.070+0000 7f4906ffd700 1 -- 172.21.15.38:0/2873371547 <== mon.0 v2:172.21.15.38:3300/0 1 ==== mon_map magic: 0 v1 ==== 229+0+0 (secure 0 0 0) 0x7f48f800b860 con 0x7f4908102cf0
2024-04-22T21:01:22.874 INFO:teuthology.orchestra.run.smithi038.stdout:/usr/bin/ceph: stderr
2024-04-22T21:01:22.070+0000 7f4906ffd700 1 -- 172.21.15.38:0/2873371547 <== mon.0 v2:172.21.15.38:3300/0 2 ==== config(27 keys) v1 ==== 1109+0+0 (secure 0 0 0) 0x7f48f800be90 con 0x7f4908102cf0
2024-04-22T21:01:22.874 INFO:teuthology.orchestra.run.smithi038.stdout:/usr/bin/ceph: stderr
2024-04-22T21:01:22.070+0000 7f4906ffd700 1 -- 172.21.15.38:0/2873371547 <== mon.0 v2:172.21.15.38:3300/0 3 ==== mon_map magic: 0 v1 ==== 229+0+0 (secure 0 0 0) 0x7f48f80103c0 con 0x7f4908102cf0
2024-04-22T21:01:22.874 INFO:teuthology.orchestra.run.smithi038.stdout:/usr/bin/ceph: stderr
2024-04-22T21:01:22.071+0000 7f490e7ba700 1 -- 172.21.15.38:0/2873371547 >> [v2:172.21.15.38:3300/0,v1:172.21.15.38:6789/0] conn(0x7f4908102cf0 msgr2=0x7f4908103100 secure :-1 s=STATE_CONNECTION_ESTABLISHED l=1).mark_down
2024-04-22T21:01:22.874 INFO:teuthology.orchestra.run.smithi038.stdout:/usr/bin/ceph: stderr
2024-04-22T21:01:22.071+0000 7f490e7ba700 1 --2- 172.21.15.38:0/2873371547 >> [v2:172.21.15.38:3300/0,v1:172.21.15.38:6789/0] conn(0x7f4908102cf0 0x7f4908103100 secure :-1 s=READY pgs=63 cs=0 l=1 rev1=1 crypto rx=0x7f48f80098e0 tx=0x7f48f8009250 comp rx=0 tx=0).stop
2024-04-22T21:01:22.874 INFO:teuthology.orchestra.run.smithi038.stdout:/usr/bin/ceph: stderr
2024-04-22T21:01:22.071+0000 7f490e7ba700 1 -- 172.21.15.38:0/2873371547 shutdown_connections
2024-04-22T21:01:22.874 INFO:teuthology.orchestra.run.smithi038.stdout:/usr/bin/ceph: stderr
2024-04-22T21:01:22.071+0000 7f490e7ba700 1 --2- 172.21.15.38:0/2873371547 >> [v2:172.21.15.38:3300/0,v1:172.21.15.38:6789/0] conn(0x7f4908102cf0 0x7f4908103100 unknown :-1 s=CLOSED pgs=63 cs=0 l=1 rev1=1 crypto rx=0 tx=0 comp rx=0 tx=0).stop
2024-04-22T21:01:22.874 INFO:teuthology.orchestra.run.smithi038.stdout:/usr/bin/ceph: stderr
2024-04-22T21:01:22.071+0000 7f490e7ba700 1 -- 172.21.15.38:0/2873371547 >> 172.21.15.38:0/2873371547 conn(0x7f49080fc770 msgr2=0x7f49080feb80 unknown :-1 s=STATE_NONE l=0).mark_down
2024-04-22T21:01:22.874 INFO:teuthology.orchestra.run.smithi038.stdout:/usr/bin/ceph: stderr
2024-04-22T21:01:22.071+0000 7f490e7ba700 1 -- 172.21.15.38:0/2873371547 shutdown_connections
2024-04-22T21:01:22.874 INFO:teuthology.orchestra.run.smithi038.stdout:/usr/bin/ceph: stderr
2024-04-22T21:01:22.071+0000 7f490e7ba700 1 -- 172.21.15.38:0/2873371547 wait complete.
2024-04-22T21:01:22.874 INFO:teuthology.orchestra.run.smithi038.stdout:/usr/bin/ceph: stderr
2024-04-22T21:01:22.071+0000 7f490e7ba700 1 Processor -- start
2024-04-22T21:01:22.874 INFO:teuthology.orchestra.run.smithi038.stdout:/usr/bin/ceph: stderr
2024-04-22T21:01:22.072+0000 7f490e7ba700 1 -- start start
2024-04-22T21:01:22.875 INFO:teuthology.orchestra.run.smithi038.stdout:/usr/bin/ceph: stderr
2024-04-22T21:01:22.072+0000 7f490e7ba700 1 --2- >> [v2:172.21.15.38:3300/0,v1:172.21.15.38:6789/0] conn(0x7f4908102cf0 0x7f4908113980 unknown :-1 s=NONE pgs=0 cs=0 l=1 rev1=0 crypto rx=0 tx=0 comp rx=0 tx=0).connect
2024-04-22T21:01:22.875 INFO:teuthology.orchestra.run.smithi038.stdout:/usr/bin/ceph: stderr
2024-04-22T21:01:22.072+0000 7f490e7ba700 1 -- --> [v2:172.21.15.38:3300/0,v1:172.21.15.38:6789/0] -- mon_getmap magic: 0 v1 -- 0x7f4908113ec0 con 0x7f4908102cf0
2024-04-22T21:01:22.875 INFO:teuthology.orchestra.run.smithi038.stdout:/usr/bin/ceph: stderr
2024-04-22T21:01:22.072+0000 7f4907fff700 1 --2- >> [v2:172.21.15.38:3300/0,v1:172.21.15.38:6789/0] conn(0x7f4908102cf0 0x7f4908113980 unknown :-1 s=BANNER_CONNECTING pgs=0 cs=0 l=1 rev1=0 crypto rx=0 tx=0 comp rx=0 tx=0)._handle_peer_banner_payload supported=3 required=0
2024-04-22T21:01:22.875 INFO:teuthology.orchestra.run.smithi038.stdout:/usr/bin/ceph: stderr
2024-04-22T21:01:22.072+0000 7f4907fff700 1 --2- >> [v2:172.21.15.38:3300/0,v1:172.21.15.38:6789/0] conn(0x7f4908102cf0 0x7f4908113980 unknown :-1 s=HELLO_CONNECTING pgs=0 cs=0 l=1 rev1=1 crypto rx=0 tx=0 comp rx=0 tx=0).handle_hello peer v2:172.21.15.38:3300/0 says I am v2:172.21.15.38:52254/0 (socket says 172.21.15.38:52254)
2024-04-22T21:01:22.875 INFO:teuthology.orchestra.run.smithi038.stdout:/usr/bin/ceph: stderr
2024-04-22T21:01:22.072+0000 7f4907fff700 1 -- 172.21.15.38:0/2770597708 learned_addr learned my addr 172.21.15.38:0/2770597708 (peer_addr_for_me v2:172.21.15.38:0/0)
2024-04-22T21:01:22.875 INFO:teuthology.orchestra.run.smithi038.stdout:/usr/bin/ceph: stderr
2024-04-22T21:01:22.072+0000 7f4907fff700 1 -- 172.21.15.38:0/2770597708 --> [v2:172.21.15.38:3300/0,v1:172.21.15.38:6789/0] -- mon_subscribe({config=0+,monmap=0+}) v3 -- 0x7f48f80094f0 con 0x7f4908102cf0
2024-04-22T21:01:22.875 INFO:teuthology.orchestra.run.smithi038.stdout:/usr/bin/ceph: stderr
2024-04-22T21:01:22.072+0000 7f4907fff700 1 --2- 172.21.15.38:0/2770597708 >> [v2:172.21.15.38:3300/0,v1:172.21.15.38:6789/0] conn(0x7f4908102cf0 0x7f4908113980 secure :-1 s=READY pgs=64 cs=0 l=1 rev1=1 crypto rx=0x7f48f80094c0 tx=0x7f48f8009250 comp rx=0 tx=0).ready entity=mon.0 client_cookie=0 server_cookie=0 in_seq=0 out_seq=0
2024-04-22T21:01:22.875 INFO:teuthology.orchestra.run.smithi038.stdout:/usr/bin/ceph: stderr
2024-04-22T21:01:22.073+0000 7f4904ff9700 1 -- 172.21.15.38:0/2770597708 <== mon.0 v2:172.21.15.38:3300/0 1 ==== mon_map magic: 0 v1 ==== 229+0+0 (secure 0 0 0) 0x7f48f80118f0 con 0x7f4908102cf0
2024-04-22T21:01:22.875 INFO:teuthology.orchestra.run.smithi038.stdout:/usr/bin/ceph: stderr
2024-04-22T21:01:22.073+0000 7f4904ff9700 1 -- 172.21.15.38:0/2770597708 <== mon.0 v2:172.21.15.38:3300/0 2 ==== config(27 keys) v1 ==== 1109+0+0 (secure 0 0 0) 0x7f48f8010d60 con 0x7f4908102cf0
2024-04-22T21:01:22.875 INFO:teuthology.orchestra.run.smithi038.stdout:/usr/bin/ceph: stderr
2024-04-22T21:01:22.073+0000 7f490e7ba700 1 -- 172.21.15.38:0/2770597708 --> [v2:172.21.15.38:3300/0,v1:172.21.15.38:6789/0] -- mon_subscribe({mgrmap=0+}) v3 -- 0x7f49081140c0 con 0x7f4908102cf0
2024-04-22T21:01:22.876 INFO:teuthology.orchestra.run.smithi038.stdout:/usr/bin/ceph: stderr
2024-04-22T21:01:22.073+0000 7f4904ff9700 1 -- 172.21.15.38:0/2770597708 <== mon.0 v2:172.21.15.38:3300/0 3 ==== mon_map magic: 0 v1 ==== 229+0+0 (secure 0 0 0) 0x7f48f801a430 con 0x7f4908102cf0
2024-04-22T21:01:22.876 INFO:teuthology.orchestra.run.smithi038.stdout:/usr/bin/ceph: stderr
2024-04-22T21:01:22.073+0000 7f490e7ba700 1 -- 172.21.15.38:0/2770597708 --> [v2:172.21.15.38:3300/0,v1:172.21.15.38:6789/0] -- mon_subscribe({osdmap=0}) v3 -- 0x7f4908114c30 con 0x7f4908102cf0
2024-04-22T21:01:22.876 INFO:teuthology.orchestra.run.smithi038.stdout:/usr/bin/ceph: stderr
2024-04-22T21:01:22.073+0000 7f4904ff9700 1 -- 172.21.15.38:0/2770597708 <== mon.0 v2:172.21.15.38:3300/0 4 ==== mgrmap(e 8) v1 ==== 43376+0+0 (secure 0 0 0) 0x7f48f801a590 con 0x7f4908102cf0
2024-04-22T21:01:22.876 INFO:teuthology.orchestra.run.smithi038.stdout:/usr/bin/ceph: stderr
2024-04-22T21:01:22.074+0000 7f4904ff9700 1 --2- 172.21.15.38:0/2770597708 >> [v2:172.21.15.38:6800/2551561659,v1:172.21.15.38:6801/2551561659] conn(0x7f48f00367e0 0x7f48f0038c90 unknown :-1 s=NONE pgs=0 cs=0 l=1 rev1=0 crypto rx=0 tx=0 comp rx=0 tx=0).connect
2024-04-22T21:01:22.876 INFO:teuthology.orchestra.run.smithi038.stdout:/usr/bin/ceph: stderr
2024-04-22T21:01:22.074+0000 7f4904ff9700 1 -- 172.21.15.38:0/2770597708 <== mon.0 v2:172.21.15.38:3300/0 5 ==== osd_map(2..2 src has 1..2) v4 ==== 936+0+0 (secure 0 0 0) 0x7f48f804a400 con 0x7f4908102cf0
2024-04-22T21:01:22.876 INFO:teuthology.orchestra.run.smithi038.stdout:/usr/bin/ceph: stderr
2024-04-22T21:01:22.074+0000 7f490e7ba700 1 -- 172.21.15.38:0/2770597708 --> [v2:172.21.15.38:3300/0,v1:172.21.15.38:6789/0] -- mon_command({"prefix": "get_command_descriptions"} v 0) v1 -- 0x7f490805f5f0 con 0x7f4908102cf0
2024-04-22T21:01:22.876 INFO:teuthology.orchestra.run.smithi038.stdout:/usr/bin/ceph: stderr
2024-04-22T21:01:22.074+0000 7f49077fe700 1 --2- 172.21.15.38:0/2770597708 >> [v2:172.21.15.38:6800/2551561659,v1:172.21.15.38:6801/2551561659] conn(0x7f48f00367e0 0x7f48f0038c90 unknown :-1 s=BANNER_CONNECTING pgs=0 cs=0 l=1 rev1=0 crypto rx=0 tx=0 comp rx=0 tx=0)._handle_peer_banner_payload supported=3 required=0
2024-04-22T21:01:22.876 INFO:teuthology.orchestra.run.smithi038.stdout:/usr/bin/ceph: stderr
2024-04-22T21:01:22.074+0000 7f49077fe700 1 --2- 172.21.15.38:0/2770597708 >> [v2:172.21.15.38:6800/2551561659,v1:172.21.15.38:6801/2551561659] conn(0x7f48f00367e0 0x7f48f0038c90 secure :-1 s=READY pgs=20 cs=0 l=1 rev1=1 crypto rx=0x7f48fc009990 tx=0x7f48fc006e40 comp rx=0 tx=0).ready entity=mgr.14120 client_cookie=0 server_cookie=0 in_seq=0 out_seq=0
2024-04-22T21:01:22.876 INFO:teuthology.orchestra.run.smithi038.stdout:/usr/bin/ceph: stderr
2024-04-22T21:01:22.079+0000 7f4904ff9700 1 -- 172.21.15.38:0/2770597708 <== mon.0 v2:172.21.15.38:3300/0 6 ==== mon_command_ack([{"prefix": "get_command_descriptions"}]=0 v0) v1 ==== 72+0+176702 (secure 0 0 0) 0x7f48f802d3f0 con 0x7f4908102cf0
2024-04-22T21:01:22.876 INFO:teuthology.orchestra.run.smithi038.stdout:/usr/bin/ceph: stderr
2024-04-22T21:01:22.288+0000 7f490e7ba700 1 -- 172.21.15.38:0/2770597708 --> [v2:172.21.15.38:3300/0,v1:172.21.15.38:6789/0] -- mon_command([{prefix=config set, name=mgr/dashboard/ssl_server_port}] v 0) v1 -- 0x7f490804bed0 con 0x7f4908102cf0
2024-04-22T21:01:22.877 INFO:teuthology.orchestra.run.smithi038.stdout:/usr/bin/ceph: stderr
2024-04-22T21:01:22.292+0000 7f4904ff9700 1 -- 172.21.15.38:0/2770597708 <== mon.0 v2:172.21.15.38:3300/0 7 ==== mon_command_ack([{prefix=config set, name=mgr/dashboard/ssl_server_port}]=0 v8)=0 v8) v1 ==== 130+0+0 (secure 0 0 0) 0x7f48f8020e90 con 0x7f4908102cf0
2024-04-22T21:01:22.877 INFO:teuthology.orchestra.run.smithi038.stdout:/usr/bin/ceph: stderr
2024-04-22T21:01:22.294+0000 7f490e7ba700 1 -- 172.21.15.38:0/2770597708 >> [v2:172.21.15.38:6800/2551561659,v1:172.21.15.38:6801/2551561659] conn(0x7f48f00367e0 msgr2=0x7f48f0038c90 secure :-1 s=STATE_CONNECTION_ESTABLISHED l=1).mark_down
2024-04-22T21:01:22.877 INFO:teuthology.orchestra.run.smithi038.stdout:/usr/bin/ceph: stderr
2024-04-22T21:01:22.294+0000 7f490e7ba700 1 --2- 172.21.15.38:0/2770597708 >> [v2:172.21.15.38:6800/2551561659,v1:172.21.15.38:6801/2551561659] conn(0x7f48f00367e0 0x7f48f0038c90 secure :-1 s=READY pgs=20 cs=0 l=1 rev1=1 crypto rx=0x7f48fc009990 tx=0x7f48fc006e40 comp rx=0 tx=0).stop
2024-04-22T21:01:22.877 INFO:teuthology.orchestra.run.smithi038.stdout:/usr/bin/ceph: stderr
2024-04-22T21:01:22.294+0000 7f490e7ba700 1 -- 172.21.15.38:0/2770597708 >> [v2:172.21.15.38:3300/0,v1:172.21.15.38:6789/0] conn(0x7f4908102cf0 msgr2=0x7f4908113980 secure :-1 s=STATE_CONNECTION_ESTABLISHED l=1).mark_down
2024-04-22T21:01:22.877 INFO:teuthology.orchestra.run.smithi038.stdout:/usr/bin/ceph: stderr
2024-04-22T21:01:22.294+0000 7f490e7ba700 1 --2- 172.21.15.38:0/2770597708 >> [v2:172.21.15.38:3300/0,v1:172.21.15.38:6789/0] conn(0x7f4908102cf0 0x7f4908113980 secure :-1 s=READY pgs=64 cs=0 l=1 rev1=1 crypto rx=0x7f48f80094c0 tx=0x7f48f8009250 comp rx=0 tx=0).stop
2024-04-22T21:01:22.877 INFO:teuthology.orchestra.run.smithi038.stdout:/usr/bin/ceph: stderr
2024-04-22T21:01:22.294+0000 7f490e7ba700 1 -- 172.21.15.38:0/2770597708 shutdown_connections
2024-04-22T21:01:22.877 INFO:teuthology.orchestra.run.smithi038.stdout:/usr/bin/ceph: stderr
2024-04-22T21:01:22.294+0000 7f490e7ba700 1 --2- 172.21.15.38:0/2770597708 >> [v2:172.21.15.38:6800/2551561659,v1:172.21.15.38:6801/2551561659] conn(0x7f48f00367e0 0x7f48f0038c90 unknown :-1 s=CLOSED pgs=20 cs=0 l=1 rev1=1 crypto rx=0 tx=0 comp rx=0 tx=0).stop
2024-04-22T21:01:22.877 INFO:teuthology.orchestra.run.smithi038.stdout:/usr/bin/ceph: stderr
2024-04-22T21:01:22.294+0000 7f490e7ba700 1 --2- 172.21.15.38:0/2770597708 >> [v2:172.21.15.38:3300/0,v1:172.21.15.38:6789/0] conn(0x7f4908102cf0 0x7f4908113980 unknown :-1 s=CLOSED pgs=64 cs=0 l=1 rev1=1 crypto rx=0 tx=0 comp rx=0 tx=0).stop
2024-04-22T21:01:22.877 INFO:teuthology.orchestra.run.smithi038.stdout:/usr/bin/ceph: stderr
2024-04-22T21:01:22.294+0000 7f490e7ba700 1 -- 172.21.15.38:0/2770597708 >> 172.21.15.38:0/2770597708 conn(0x7f49080fc770 msgr2=0x7f49080fd360 unknown :-1 s=STATE_NONE l=0).mark_down
2024-04-22T21:01:22.877 INFO:teuthology.orchestra.run.smithi038.stdout:/usr/bin/ceph: stderr
2024-04-22T21:01:22.294+0000 7f490e7ba700 1 -- 172.21.15.38:0/2770597708 shutdown_connections
2024-04-22T21:01:22.877 INFO:teuthology.orchestra.run.smithi038.stdout:/usr/bin/ceph: stderr
2024-04-22T21:01:22.294+0000 7f490e7ba700 1 -- 172.21.15.38:0/2770597708 wait complete.
2024-04-22T21:01:22.877 INFO:teuthology.orchestra.run.smithi038.stdout:Enabling the dashboard module...
2024-04-22T21:01:23.553 INFO:journalctl@ceph.mon.smithi038.smithi038.stdout:Apr 22 21:01:23 smithi038 ceph-mon[26374]: from='client.? 172.21.15.38:0/2770597708' entity='client.admin'
2024-04-22T21:01:24.612 INFO:journalctl@ceph.mon.smithi038.smithi038.stdout:Apr 22 21:01:24 smithi038 ceph-mon[26374]: pgmap v5: 0 pgs: ; 0 B data, 0 B used, 0 B / 0 B avail
2024-04-22T21:01:24.612 INFO:journalctl@ceph.mon.smithi038.smithi038.stdout:Apr 22 21:01:24 smithi038 ceph-mon[26374]: from='client.? 172.21.15.38:0/3411673372' entity='client.admin' cmd=[{"prefix": "mgr module enable", "module": "dashboard"}]: dispatch
2024-04-22T21:01:24.895 INFO:teuthology.orchestra.run.smithi038.stdout:/usr/bin/ceph: stderr
2024-04-22T21:01:23.295+0000 7f6a0aefb700 1 Processor -- start
2024-04-22T21:01:24.896 INFO:teuthology.orchestra.run.smithi038.stdout:/usr/bin/ceph: stderr
2024-04-22T21:01:23.295+0000 7f6a0aefb700 1 -- start start
2024-04-22T21:01:24.896 INFO:teuthology.orchestra.run.smithi038.stdout:/usr/bin/ceph: stderr
2024-04-22T21:01:23.295+0000 7f6a0aefb700 1 --2- >> [v2:172.21.15.38:3300/0,v1:172.21.15.38:6789/0] conn(0x7f6a04103f30 0x7f6a04104340 unknown :-1 s=NONE pgs=0 cs=0 l=0 rev1=0 crypto rx=0 tx=0 comp rx=0 tx=0).connect
2024-04-22T21:01:24.896 INFO:teuthology.orchestra.run.smithi038.stdout:/usr/bin/ceph: stderr
2024-04-22T21:01:23.295+0000 7f6a0aefb700 1 -- --> [v2:172.21.15.38:3300/0,v1:172.21.15.38:6789/0] -- mon_getmap magic: 0 v1 -- 0x7f6a04070e20 con 0x7f6a04103f30
2024-04-22T21:01:24.896 INFO:teuthology.orchestra.run.smithi038.stdout:/usr/bin/ceph: stderr
2024-04-22T21:01:23.295+0000 7f6a08c97700 1 --2- >> [v2:172.21.15.38:3300/0,v1:172.21.15.38:6789/0] conn(0x7f6a04103f30 0x7f6a04104340 unknown :-1 s=BANNER_CONNECTING pgs=0 cs=0 l=0 rev1=0 crypto rx=0 tx=0 comp rx=0 tx=0)._handle_peer_banner_payload supported=3 required=0
2024-04-22T21:01:24.896 INFO:teuthology.orchestra.run.smithi038.stdout:/usr/bin/ceph: stderr
2024-04-22T21:01:23.295+0000 7f6a08c97700 1 --2- >> [v2:172.21.15.38:3300/0,v1:172.21.15.38:6789/0] conn(0x7f6a04103f30 0x7f6a04104340 unknown :-1 s=HELLO_CONNECTING pgs=0 cs=0 l=0 rev1=1 crypto rx=0 tx=0 comp rx=0 tx=0).handle_hello peer v2:172.21.15.38:3300/0 says I am v2:172.21.15.38:42302/0 (socket says 172.21.15.38:42302)
2024-04-22T21:01:24.896 INFO:teuthology.orchestra.run.smithi038.stdout:/usr/bin/ceph: stderr
2024-04-22T21:01:23.295+0000 7f6a08c97700 1 -- 172.21.15.38:0/1399240553 learned_addr learned my addr 172.21.15.38:0/1399240553 (peer_addr_for_me v2:172.21.15.38:0/0)
2024-04-22T21:01:24.896 INFO:teuthology.orchestra.run.smithi038.stdout:/usr/bin/ceph: stderr
2024-04-22T21:01:23.295+0000 7f6a08c97700 1 -- 172.21.15.38:0/1399240553 --> [v2:172.21.15.38:3300/0,v1:172.21.15.38:6789/0] -- mon_subscribe({config=0+,monmap=0+}) v3 -- 0x7f6a04104880 con 0x7f6a04103f30
2024-04-22T21:01:24.896 INFO:teuthology.orchestra.run.smithi038.stdout:/usr/bin/ceph: stderr
2024-04-22T21:01:23.295+0000 7f6a08c97700 1 --2- 172.21.15.38:0/1399240553 >> [v2:172.21.15.38:3300/0,v1:172.21.15.38:6789/0] conn(0x7f6a04103f30 0x7f6a04104340 secure :-1 s=READY pgs=65 cs=0 l=1 rev1=1 crypto rx=0x7f69f80098e0 tx=0x7f69f8009250 comp rx=0 tx=0).ready entity=mon.0 client_cookie=6d517ca64c58f402 server_cookie=0 in_seq=0 out_seq=0
2024-04-22T21:01:24.896 INFO:teuthology.orchestra.run.smithi038.stdout:/usr/bin/ceph: stderr
2024-04-22T21:01:23.297+0000 7f6a037fe700 1 -- 172.21.15.38:0/1399240553 <== mon.0 v2:172.21.15.38:3300/0 1 ==== mon_map magic: 0 v1 ==== 229+0+0 (secure 0 0 0) 0x7f69f800b860 con 0x7f6a04103f30
2024-04-22T21:01:24.896 INFO:teuthology.orchestra.run.smithi038.stdout:/usr/bin/ceph: stderr
2024-04-22T21:01:23.297+0000 7f6a037fe700 1 -- 172.21.15.38:0/1399240553 <== mon.0 v2:172.21.15.38:3300/0 2 ==== config(27 keys) v1 ==== 1109+0+0 (secure 0 0 0) 0x7f69f800be90 con 0x7f6a04103f30
2024-04-22T21:01:24.896 INFO:teuthology.orchestra.run.smithi038.stdout:/usr/bin/ceph: stderr
2024-04-22T21:01:23.297+0000 7f6a037fe700 1 -- 172.21.15.38:0/1399240553 <== mon.0 v2:172.21.15.38:3300/0 3 ==== mon_map magic: 0 v1 ==== 229+0+0 (secure 0 0 0) 0x7f69f80103c0 con 0x7f6a04103f30
2024-04-22T21:01:24.896 INFO:teuthology.orchestra.run.smithi038.stdout:/usr/bin/ceph: stderr
2024-04-22T21:01:23.298+0000 7f6a0aefb700 1 -- 172.21.15.38:0/1399240553 >> [v2:172.21.15.38:3300/0,v1:172.21.15.38:6789/0] conn(0x7f6a04103f30 msgr2=0x7f6a04104340 secure :-1 s=STATE_CONNECTION_ESTABLISHED l=1).mark_down
2024-04-22T21:01:24.897 INFO:teuthology.orchestra.run.smithi038.stdout:/usr/bin/ceph: stderr
2024-04-22T21:01:23.298+0000 7f6a0aefb700 1 --2- 172.21.15.38:0/1399240553 >> [v2:172.21.15.38:3300/0,v1:172.21.15.38:6789/0] conn(0x7f6a04103f30 0x7f6a04104340 secure :-1 s=READY pgs=65 cs=0 l=1 rev1=1 crypto rx=0x7f69f80098e0 tx=0x7f69f8009250 comp rx=0 tx=0).stop
2024-04-22T21:01:24.897 INFO:teuthology.orchestra.run.smithi038.stdout:/usr/bin/ceph: stderr
2024-04-22T21:01:23.298+0000 7f6a0aefb700 1 -- 172.21.15.38:0/1399240553 shutdown_connections
2024-04-22T21:01:24.897 INFO:teuthology.orchestra.run.smithi038.stdout:/usr/bin/ceph: stderr
2024-04-22T21:01:23.298+0000 7f6a0aefb700 1 --2- 172.21.15.38:0/1399240553 >> [v2:172.21.15.38:3300/0,v1:172.21.15.38:6789/0] conn(0x7f6a04103f30 0x7f6a04104340 unknown :-1 s=CLOSED pgs=65 cs=0 l=1 rev1=1 crypto rx=0 tx=0 comp rx=0 tx=0).stop
2024-04-22T21:01:24.897 INFO:teuthology.orchestra.run.smithi038.stdout:/usr/bin/ceph: stderr
2024-04-22T21:01:23.298+0000 7f6a0aefb700 1 -- 172.21.15.38:0/1399240553 >> 172.21.15.38:0/1399240553 conn(0x7f6a040fc770 msgr2=0x7f6a040feb80 unknown :-1 s=STATE_NONE l=0).mark_down
2024-04-22T21:01:24.897 INFO:teuthology.orchestra.run.smithi038.stdout:/usr/bin/ceph: stderr
2024-04-22T21:01:23.298+0000 7f6a0aefb700 1 -- 172.21.15.38:0/1399240553 shutdown_connections
2024-04-22T21:01:24.897 INFO:teuthology.orchestra.run.smithi038.stdout:/usr/bin/ceph: stderr
2024-04-22T21:01:23.298+0000 7f6a0aefb700 1 -- 172.21.15.38:0/1399240553 wait complete.
2024-04-22T21:01:24.897 INFO:teuthology.orchestra.run.smithi038.stdout:/usr/bin/ceph: stderr
2024-04-22T21:01:23.299+0000 7f6a0aefb700 1 Processor -- start
2024-04-22T21:01:24.897 INFO:teuthology.orchestra.run.smithi038.stdout:/usr/bin/ceph: stderr
2024-04-22T21:01:23.299+0000 7f6a0aefb700 1 -- start start
2024-04-22T21:01:24.897 INFO:teuthology.orchestra.run.smithi038.stdout:/usr/bin/ceph: stderr
2024-04-22T21:01:23.299+0000 7f6a0aefb700 1 --2- >> [v2:172.21.15.38:3300/0,v1:172.21.15.38:6789/0] conn(0x7f6a04103f30 0x7f6a04111780 unknown :-1 s=NONE pgs=0 cs=0 l=1 rev1=0 crypto rx=0 tx=0 comp rx=0 tx=0).connect
2024-04-22T21:01:24.897 INFO:teuthology.orchestra.run.smithi038.stdout:/usr/bin/ceph: stderr
2024-04-22T21:01:23.299+0000 7f6a0aefb700 1 -- --> [v2:172.21.15.38:3300/0,v1:172.21.15.38:6789/0] -- mon_getmap magic: 0 v1 -- 0x7f6a04111cc0 con 0x7f6a04103f30
2024-04-22T21:01:24.897 INFO:teuthology.orchestra.run.smithi038.stdout:/usr/bin/ceph: stderr
2024-04-22T21:01:23.299+0000 7f6a08c97700 1 --2- >> [v2:172.21.15.38:3300/0,v1:172.21.15.38:6789/0] conn(0x7f6a04103f30 0x7f6a04111780 unknown :-1 s=BANNER_CONNECTING pgs=0 cs=0 l=1 rev1=0 crypto rx=0 tx=0 comp rx=0 tx=0)._handle_peer_banner_payload supported=3 required=0
2024-04-22T21:01:24.898 INFO:teuthology.orchestra.run.smithi038.stdout:/usr/bin/ceph: stderr
2024-04-22T21:01:23.299+0000 7f6a08c97700 1 --2- >> [v2:172.21.15.38:3300/0,v1:172.21.15.38:6789/0] conn(0x7f6a04103f30 0x7f6a04111780 unknown :-1 s=HELLO_CONNECTING pgs=0 cs=0 l=1 rev1=1 crypto rx=0 tx=0 comp rx=0 tx=0).handle_hello peer v2:172.21.15.38:3300/0 says I am v2:172.21.15.38:42318/0 (socket says 172.21.15.38:42318)
2024-04-22T21:01:24.898 INFO:teuthology.orchestra.run.smithi038.stdout:/usr/bin/ceph: stderr
2024-04-22T21:01:23.299+0000 7f6a08c97700 1 -- 172.21.15.38:0/3411673372 learned_addr learned my addr 172.21.15.38:0/3411673372 (peer_addr_for_me v2:172.21.15.38:0/0)
2024-04-22T21:01:24.898 INFO:teuthology.orchestra.run.smithi038.stdout:/usr/bin/ceph: stderr
2024-04-22T21:01:23.300+0000 7f6a08c97700 1 -- 172.21.15.38:0/3411673372 --> [v2:172.21.15.38:3300/0,v1:172.21.15.38:6789/0] -- mon_subscribe({config=0+,monmap=0+}) v3 -- 0x7f69f80094f0 con 0x7f6a04103f30
2024-04-22T21:01:24.898 INFO:teuthology.orchestra.run.smithi038.stdout:/usr/bin/ceph: stderr
2024-04-22T21:01:23.300+0000 7f6a08c97700 1 --2- 172.21.15.38:0/3411673372 >> [v2:172.21.15.38:3300/0,v1:172.21.15.38:6789/0] conn(0x7f6a04103f30 0x7f6a04111780 secure :-1 s=READY pgs=66 cs=0 l=1 rev1=1 crypto rx=0x7f69f8011c10 tx=0x7f69f8009250 comp rx=0 tx=0).ready entity=mon.0 client_cookie=0 server_cookie=0 in_seq=0 out_seq=0
2024-04-22T21:01:24.898 INFO:teuthology.orchestra.run.smithi038.stdout:/usr/bin/ceph: stderr
2024-04-22T21:01:23.300+0000 7f6a017fa700 1 -- 172.21.15.38:0/3411673372 <== mon.0 v2:172.21.15.38:3300/0 1 ==== mon_map magic: 0 v1 ==== 229+0+0 (secure 0 0 0) 0x7f69f8010890 con 0x7f6a04103f30
2024-04-22T21:01:24.898 INFO:teuthology.orchestra.run.smithi038.stdout:/usr/bin/ceph: stderr
2024-04-22T21:01:23.300+0000 7f6a017fa700 1 -- 172.21.15.38:0/3411673372 <== mon.0 v2:172.21.15.38:3300/0 2 ==== config(27 keys) v1 ==== 1109+0+0 (secure 0 0 0) 0x7f69f8010ec0 con 0x7f6a04103f30
2024-04-22T21:01:24.898 INFO:teuthology.orchestra.run.smithi038.stdout:/usr/bin/ceph: stderr
2024-04-22T21:01:23.300+0000 7f6a017fa700 1 -- 172.21.15.38:0/3411673372 <== mon.0 v2:172.21.15.38:3300/0 3 ==== mon_map magic: 0 v1 ==== 229+0+0 (secure 0 0 0) 0x7f69f80243f0 con 0x7f6a04103f30
2024-04-22T21:01:24.898 INFO:teuthology.orchestra.run.smithi038.stdout:/usr/bin/ceph: stderr
2024-04-22T21:01:23.300+0000 7f6a0aefb700 1 -- 172.21.15.38:0/3411673372 --> [v2:172.21.15.38:3300/0,v1:172.21.15.38:6789/0] -- mon_subscribe({mgrmap=0+}) v3 -- 0x7f6a04111ec0 con 0x7f6a04103f30
2024-04-22T21:01:24.898 INFO:teuthology.orchestra.run.smithi038.stdout:/usr/bin/ceph: stderr
2024-04-22T21:01:23.300+0000 7f6a0aefb700 1 -- 172.21.15.38:0/3411673372 --> [v2:172.21.15.38:3300/0,v1:172.21.15.38:6789/0] -- mon_subscribe({osdmap=0}) v3 -- 0x7f6a04112a30 con 0x7f6a04103f30
2024-04-22T21:01:24.898 INFO:teuthology.orchestra.run.smithi038.stdout:/usr/bin/ceph: stderr
2024-04-22T21:01:23.301+0000 7f6a017fa700 1 -- 172.21.15.38:0/3411673372 <== mon.0 v2:172.21.15.38:3300/0 4 ==== mgrmap(e 8) v1 ==== 43376+0+0 (secure 0 0 0) 0x7f69f802d3f0 con 0x7f6a04103f30
2024-04-22T21:01:24.898 INFO:teuthology.orchestra.run.smithi038.stdout:/usr/bin/ceph: stderr
2024-04-22T21:01:23.301+0000 7f6a017fa700 1 --2- 172.21.15.38:0/3411673372 >> [v2:172.21.15.38:6800/2551561659,v1:172.21.15.38:6801/2551561659] conn(0x7f69f40367e0 0x7f69f4038c90 unknown :-1 s=NONE pgs=0 cs=0 l=1 rev1=0 crypto rx=0 tx=0 comp rx=0 tx=0).connect
2024-04-22T21:01:24.899 INFO:teuthology.orchestra.run.smithi038.stdout:/usr/bin/ceph: stderr
2024-04-22T21:01:23.301+0000 7f6a017fa700 1 -- 172.21.15.38:0/3411673372 <== mon.0 v2:172.21.15.38:3300/0 5 ==== osd_map(2..2 src has 1..2) v4 ==== 936+0+0 (secure 0 0 0) 0x7f69f804a210 con 0x7f6a04103f30
2024-04-22T21:01:24.899 INFO:teuthology.orchestra.run.smithi038.stdout:/usr/bin/ceph: stderr
2024-04-22T21:01:23.301+0000 7f6a0aefb700 1 -- 172.21.15.38:0/3411673372 --> [v2:172.21.15.38:3300/0,v1:172.21.15.38:6789/0] -- mon_command({"prefix": "get_command_descriptions"} v 0) v1 -- 0x7f6a0405f5f0 con 0x7f6a04103f30
2024-04-22T21:01:24.899 INFO:teuthology.orchestra.run.smithi038.stdout:/usr/bin/ceph: stderr
2024-04-22T21:01:23.301+0000 7f6a03fff700 1 --2- 172.21.15.38:0/3411673372 >> [v2:172.21.15.38:6800/2551561659,v1:172.21.15.38:6801/2551561659] conn(0x7f69f40367e0 0x7f69f4038c90 unknown :-1 s=BANNER_CONNECTING pgs=0 cs=0 l=1 rev1=0 crypto rx=0 tx=0 comp rx=0 tx=0)._handle_peer_banner_payload supported=3 required=0
2024-04-22T21:01:24.899 INFO:teuthology.orchestra.run.smithi038.stdout:/usr/bin/ceph: stderr
2024-04-22T21:01:23.302+0000 7f6a03fff700 1 --2- 172.21.15.38:0/3411673372 >> [v2:172.21.15.38:6800/2551561659,v1:172.21.15.38:6801/2551561659] conn(0x7f69f40367e0 0x7f69f4038c90 secure :-1 s=READY pgs=21 cs=0 l=1 rev1=1 crypto rx=0x7f69f0009990 tx=0x7f69f0006e40 comp rx=0 tx=0).ready entity=mgr.14120 client_cookie=0 server_cookie=0 in_seq=0 out_seq=0
2024-04-22T21:01:24.899 INFO:teuthology.orchestra.run.smithi038.stdout:/usr/bin/ceph: stderr
2024-04-22T21:01:23.306+0000 7f6a017fa700 1 -- 172.21.15.38:0/3411673372 <== mon.0 v2:172.21.15.38:3300/0 6 ==== mon_command_ack([{"prefix": "get_command_descriptions"}]=0 v0) v1 ==== 72+0+176702 (secure 0 0 0) 0x7f69f802b8e0 con 0x7f6a04103f30
2024-04-22T21:01:24.899 INFO:teuthology.orchestra.run.smithi038.stdout:/usr/bin/ceph: stderr
2024-04-22T21:01:23.558+0000 7f6a0aefb700 1 -- 172.21.15.38:0/3411673372 --> [v2:172.21.15.38:3300/0,v1:172.21.15.38:6789/0] -- mon_command({"prefix": "mgr module enable", "module": "dashboard"} v 0) v1 -- 0x7f6a0404bed0 con 0x7f6a04103f30
2024-04-22T21:01:24.899 INFO:teuthology.orchestra.run.smithi038.stdout:/usr/bin/ceph: stderr
2024-04-22T21:01:24.297+0000 7f6a017fa700 1 -- 172.21.15.38:0/3411673372 <== mon.0 v2:172.21.15.38:3300/0 7 ==== mgrmap(e 9) v1 ==== 43389+0+0 (secure 0 0 0) 0x7f69f80193c0 con 0x7f6a04103f30
2024-04-22T21:01:24.899 INFO:teuthology.orchestra.run.smithi038.stdout:/usr/bin/ceph: stderr
2024-04-22T21:01:24.299+0000 7f6a017fa700 1 -- 172.21.15.38:0/3411673372 <== mon.0 v2:172.21.15.38:3300/0 8 ==== mon_command_ack([{"prefix": "mgr module enable", "module": "dashboard"}]=0 v9) v1 ==== 88+0+0 (secure 0 0 0) 0x7f69f8017490 con 0x7f6a04103f30
2024-04-22T21:01:24.899 INFO:teuthology.orchestra.run.smithi038.stdout:/usr/bin/ceph: stderr
2024-04-22T21:01:24.302+0000 7f6a0aefb700 1 -- 172.21.15.38:0/3411673372 >> [v2:172.21.15.38:6800/2551561659,v1:172.21.15.38:6801/2551561659] conn(0x7f69f40367e0 msgr2=0x7f69f4038c90 secure :-1 s=STATE_CONNECTION_ESTABLISHED l=1).mark_down
2024-04-22T21:01:24.899 INFO:teuthology.orchestra.run.smithi038.stdout:/usr/bin/ceph: stderr
2024-04-22T21:01:24.302+0000 7f6a0aefb700 1 --2- 172.21.15.38:0/3411673372 >> [v2:172.21.15.38:6800/2551561659,v1:172.21.15.38:6801/2551561659] conn(0x7f69f40367e0 0x7f69f4038c90 secure :-1 s=READY pgs=21 cs=0 l=1 rev1=1 crypto rx=0x7f69f0009990 tx=0x7f69f0006e40 comp rx=0 tx=0).stop
2024-04-22T21:01:24.899 INFO:teuthology.orchestra.run.smithi038.stdout:/usr/bin/ceph: stderr
2024-04-22T21:01:24.302+0000 7f6a0aefb700 1 -- 172.21.15.38:0/3411673372 >> [v2:172.21.15.38:3300/0,v1:172.21.15.38:6789/0] conn(0x7f6a04103f30 msgr2=0x7f6a04111780 secure :-1 s=STATE_CONNECTION_ESTABLISHED l=1).mark_down
2024-04-22T21:01:24.899 INFO:teuthology.orchestra.run.smithi038.stdout:/usr/bin/ceph: stderr
2024-04-22T21:01:24.302+0000 7f6a0aefb700 1 --2- 172.21.15.38:0/3411673372 >> [v2:172.21.15.38:3300/0,v1:172.21.15.38:6789/0] conn(0x7f6a04103f30 0x7f6a04111780 secure :-1 s=READY pgs=66 cs=0 l=1 rev1=1 crypto rx=0x7f69f8011c10 tx=0x7f69f8009250 comp rx=0 tx=0).stop
2024-04-22T21:01:24.899 INFO:teuthology.orchestra.run.smithi038.stdout:/usr/bin/ceph: stderr
2024-04-22T21:01:24.302+0000 7f6a0aefb700 1 -- 172.21.15.38:0/3411673372 shutdown_connections
2024-04-22T21:01:24.899 INFO:teuthology.orchestra.run.smithi038.stdout:/usr/bin/ceph: stderr
2024-04-22T21:01:24.302+0000 7f6a0aefb700 1 --2- 172.21.15.38:0/3411673372 >> [v2:172.21.15.38:6800/2551561659,v1:172.21.15.38:6801/2551561659] conn(0x7f69f40367e0 0x7f69f4038c90 unknown :-1 s=CLOSED pgs=21 cs=0 l=1 rev1=1 crypto rx=0 tx=0 comp rx=0 tx=0).stop
2024-04-22T21:01:24.899 INFO:teuthology.orchestra.run.smithi038.stdout:/usr/bin/ceph: stderr
2024-04-22T21:01:24.302+0000 7f6a0aefb700 1 --2- 172.21.15.38:0/3411673372 >> [v2:172.21.15.38:3300/0,v1:172.21.15.38:6789/0] conn(0x7f6a04103f30 0x7f6a04111780 unknown :-1 s=CLOSED pgs=66 cs=0 l=1 rev1=1 crypto rx=0 tx=0 comp rx=0 tx=0).stop
2024-04-22T21:01:24.900 INFO:teuthology.orchestra.run.smithi038.stdout:/usr/bin/ceph: stderr
2024-04-22T21:01:24.302+0000 7f6a0aefb700 1 -- 172.21.15.38:0/3411673372 >> 172.21.15.38:0/3411673372 conn(0x7f6a040fc770 msgr2=0x7f6a040fd2f0 unknown :-1 s=STATE_NONE l=0).mark_down
2024-04-22T21:01:24.900 INFO:teuthology.orchestra.run.smithi038.stdout:/usr/bin/ceph: stderr
2024-04-22T21:01:24.302+0000 7f6a0aefb700 1 -- 172.21.15.38:0/3411673372 shutdown_connections
2024-04-22T21:01:24.900 INFO:teuthology.orchestra.run.smithi038.stdout:/usr/bin/ceph: stderr
2024-04-22T21:01:24.302+0000 7f6a0aefb700 1 -- 172.21.15.38:0/3411673372 wait complete.
2024-04-22T21:01:25.398 INFO:journalctl@ceph.mon.smithi038.smithi038.stdout:Apr 22 21:01:25 smithi038 ceph-mon[26374]: from='client.? 172.21.15.38:0/3411673372' entity='client.admin' cmd='[{"prefix": "mgr module enable", "module": "dashboard"}]': finished
2024-04-22T21:01:25.399 INFO:journalctl@ceph.mon.smithi038.smithi038.stdout:Apr 22 21:01:25 smithi038 ceph-mon[26374]: mgrmap e9: smithi038.lxfgut(active, since 25s)
2024-04-22T21:01:26.369 INFO:journalctl@ceph.mon.smithi038.smithi038.stdout:Apr 22 21:01:26 smithi038 ceph-mon[26374]: from='client.? 172.21.15.38:0/4110024529' entity='client.admin' cmd=[{"prefix": "mgr stat"}]: dispatch
2024-04-22T21:01:26.377 INFO:teuthology.orchestra.run.smithi038.stdout:/usr/bin/ceph: stdout {
2024-04-22T21:01:26.377 INFO:teuthology.orchestra.run.smithi038.stdout:/usr/bin/ceph: stdout "epoch": 9,
2024-04-22T21:01:26.377 INFO:teuthology.orchestra.run.smithi038.stdout:/usr/bin/ceph: stdout "available": true,
2024-04-22T21:01:26.377 INFO:teuthology.orchestra.run.smithi038.stdout:/usr/bin/ceph: stdout "active_name": "smithi038.lxfgut",
2024-04-22T21:01:26.377 INFO:teuthology.orchestra.run.smithi038.stdout:/usr/bin/ceph: stdout "num_standby": 0
2024-04-22T21:01:26.377 INFO:teuthology.orchestra.run.smithi038.stdout:/usr/bin/ceph: stdout }
2024-04-22T21:01:26.377 INFO:teuthology.orchestra.run.smithi038.stdout:/usr/bin/ceph: stderr
2024-04-22T21:01:25.421+0000 7fb117aaa700 1 Processor -- start
2024-04-22T21:01:26.377 INFO:teuthology.orchestra.run.smithi038.stdout:/usr/bin/ceph: stderr
2024-04-22T21:01:25.421+0000 7fb117aaa700 1 -- start start
2024-04-22T21:01:26.378 INFO:teuthology.orchestra.run.smithi038.stdout:/usr/bin/ceph: stderr
2024-04-22T21:01:25.421+0000 7fb117aaa700 1 --2- >> [v2:172.21.15.38:3300/0,v1:172.21.15.38:6789/0] conn(0x7fb110071280 0x7fb110107970 unknown :-1 s=NONE pgs=0 cs=0 l=0 rev1=0 crypto rx=0 tx=0 comp rx=0 tx=0).connect
2024-04-22T21:01:26.378 INFO:teuthology.orchestra.run.smithi038.stdout:/usr/bin/ceph: stderr
2024-04-22T21:01:25.421+0000 7fb117aaa700 1 -- --> [v2:172.21.15.38:3300/0,v1:172.21.15.38:6789/0] -- mon_getmap magic: 0 v1 -- 0x7fb110071690 con 0x7fb110071280
2024-04-22T21:01:26.378 INFO:teuthology.orchestra.run.smithi038.stdout:/usr/bin/ceph: stderr
2024-04-22T21:01:25.422+0000 7fb115846700 1 --2- >> [v2:172.21.15.38:3300/0,v1:172.21.15.38:6789/0] conn(0x7fb110071280 0x7fb110107970 unknown :-1 s=BANNER_CONNECTING pgs=0 cs=0 l=0 rev1=0 crypto rx=0 tx=0 comp rx=0 tx=0)._handle_peer_banner_payload supported=3 required=0
2024-04-22T21:01:26.378 INFO:teuthology.orchestra.run.smithi038.stdout:/usr/bin/ceph: stderr
2024-04-22T21:01:25.422+0000 7fb115846700 1 --2- >> [v2:172.21.15.38:3300/0,v1:172.21.15.38:6789/0] conn(0x7fb110071280 0x7fb110107970 unknown :-1 s=HELLO_CONNECTING pgs=0 cs=0 l=0 rev1=1 crypto rx=0 tx=0 comp rx=0 tx=0).handle_hello peer v2:172.21.15.38:3300/0 says I am v2:172.21.15.38:42342/0 (socket says 172.21.15.38:42342)
2024-04-22T21:01:26.378 INFO:teuthology.orchestra.run.smithi038.stdout:/usr/bin/ceph: stderr
2024-04-22T21:01:25.422+0000 7fb115846700 1 -- 172.21.15.38:0/1258864340 learned_addr learned my addr 172.21.15.38:0/1258864340 (peer_addr_for_me v2:172.21.15.38:0/0)
2024-04-22T21:01:26.378 INFO:teuthology.orchestra.run.smithi038.stdout:/usr/bin/ceph: stderr
2024-04-22T21:01:25.422+0000 7fb115846700 1 -- 172.21.15.38:0/1258864340 --> [v2:172.21.15.38:3300/0,v1:172.21.15.38:6789/0] -- mon_subscribe({config=0+,monmap=0+}) v3 -- 0x7fb110103360 con 0x7fb110071280
2024-04-22T21:01:26.378 INFO:teuthology.orchestra.run.smithi038.stdout:/usr/bin/ceph: stderr
2024-04-22T21:01:25.422+0000 7fb115846700 1 --2- 172.21.15.38:0/1258864340 >> [v2:172.21.15.38:3300/0,v1:172.21.15.38:6789/0] conn(0x7fb110071280 0x7fb110107970 secure :-1 s=READY pgs=69 cs=0 l=1 rev1=1 crypto rx=0x7fb10c0098e0 tx=0x7fb10c009250 comp rx=0 tx=0).ready entity=mon.0 client_cookie=98c2e96665c9535e server_cookie=0 in_seq=0 out_seq=0
2024-04-22T21:01:26.378 INFO:teuthology.orchestra.run.smithi038.stdout:/usr/bin/ceph: stderr
2024-04-22T21:01:25.422+0000 7fb114844700 1 -- 172.21.15.38:0/1258864340 <== mon.0 v2:172.21.15.38:3300/0 1 ==== mon_map magic: 0 v1 ==== 229+0+0 (secure 0 0 0) 0x7fb10c00b860 con 0x7fb110071280
2024-04-22T21:01:26.378 INFO:teuthology.orchestra.run.smithi038.stdout:/usr/bin/ceph: stderr
2024-04-22T21:01:25.422+0000 7fb114844700 1 -- 172.21.15.38:0/1258864340 <== mon.0 v2:172.21.15.38:3300/0 2 ==== config(27 keys) v1 ==== 1109+0+0 (secure 0 0 0) 0x7fb10c00be90 con 0x7fb110071280
2024-04-22T21:01:26.378 INFO:teuthology.orchestra.run.smithi038.stdout:/usr/bin/ceph: stderr
2024-04-22T21:01:25.422+0000 7fb114844700 1 -- 172.21.15.38:0/1258864340 <== mon.0 v2:172.21.15.38:3300/0 3 ==== mon_map magic: 0 v1 ==== 229+0+0 (secure 0 0 0) 0x7fb10c0103c0 con 0x7fb110071280
2024-04-22T21:01:26.379 INFO:teuthology.orchestra.run.smithi038.stdout:/usr/bin/ceph: stderr
2024-04-22T21:01:25.423+0000 7fb117aaa700 1 -- 172.21.15.38:0/1258864340 >> [v2:172.21.15.38:3300/0,v1:172.21.15.38:6789/0] conn(0x7fb110071280 msgr2=0x7fb110107970 secure :-1 s=STATE_CONNECTION_ESTABLISHED l=1).mark_down
2024-04-22T21:01:26.379 INFO:teuthology.orchestra.run.smithi038.stdout:/usr/bin/ceph: stderr
2024-04-22T21:01:25.423+0000 7fb117aaa700 1 --2- 172.21.15.38:0/1258864340 >> [v2:172.21.15.38:3300/0,v1:172.21.15.38:6789/0] conn(0x7fb110071280 0x7fb110107970 secure :-1 s=READY pgs=69 cs=0 l=1 rev1=1 crypto rx=0x7fb10c0098e0 tx=0x7fb10c009250 comp rx=0 tx=0).stop
2024-04-22T21:01:26.379 INFO:teuthology.orchestra.run.smithi038.stdout:/usr/bin/ceph: stderr
2024-04-22T21:01:25.423+0000 7fb117aaa700 1 -- 172.21.15.38:0/1258864340 shutdown_connections
2024-04-22T21:01:26.379 INFO:teuthology.orchestra.run.smithi038.stdout:/usr/bin/ceph: stderr
2024-04-22T21:01:25.423+0000 7fb117aaa700 1 --2- 172.21.15.38:0/1258864340 >> [v2:172.21.15.38:3300/0,v1:172.21.15.38:6789/0] conn(0x7fb110071280 0x7fb110107970 unknown :-1 s=CLOSED pgs=69 cs=0 l=1 rev1=1 crypto rx=0 tx=0 comp rx=0 tx=0).stop
2024-04-22T21:01:26.379 INFO:teuthology.orchestra.run.smithi038.stdout:/usr/bin/ceph: stderr
2024-04-22T21:01:25.423+0000 7fb117aaa700 1 -- 172.21.15.38:0/1258864340 >> 172.21.15.38:0/1258864340 conn(0x7fb1100fcf80 msgr2=0x7fb1100ff3b0 unknown :-1 s=STATE_NONE l=0).mark_down
2024-04-22T21:01:26.379 INFO:teuthology.orchestra.run.smithi038.stdout:/usr/bin/ceph: stderr
2024-04-22T21:01:25.423+0000 7fb117aaa700 1 -- 172.21.15.38:0/1258864340 shutdown_connections
2024-04-22T21:01:26.379 INFO:teuthology.orchestra.run.smithi038.stdout:/usr/bin/ceph: stderr
2024-04-22T21:01:25.423+0000 7fb117aaa700 1 -- 172.21.15.38:0/1258864340 wait complete.
2024-04-22T21:01:26.379 INFO:teuthology.orchestra.run.smithi038.stdout:/usr/bin/ceph: stderr
2024-04-22T21:01:25.424+0000 7fb117aaa700 1 Processor -- start
2024-04-22T21:01:26.379 INFO:teuthology.orchestra.run.smithi038.stdout:/usr/bin/ceph: stderr
2024-04-22T21:01:25.424+0000 7fb117aaa700 1 -- start start
2024-04-22T21:01:26.379 INFO:teuthology.orchestra.run.smithi038.stdout:/usr/bin/ceph: stderr
2024-04-22T21:01:25.424+0000 7fb117aaa700 1 --2- >> [v2:172.21.15.38:3300/0,v1:172.21.15.38:6789/0] conn(0x7fb110071280 0x7fb110113930 unknown :-1 s=NONE pgs=0 cs=0 l=1 rev1=0 crypto rx=0 tx=0 comp rx=0 tx=0).connect
2024-04-22T21:01:26.379 INFO:teuthology.orchestra.run.smithi038.stdout:/usr/bin/ceph: stderr
2024-04-22T21:01:25.424+0000 7fb117aaa700 1 -- --> [v2:172.21.15.38:3300/0,v1:172.21.15.38:6789/0] -- mon_getmap magic: 0 v1 -- 0x7fb110113e70 con 0x7fb110071280
2024-04-22T21:01:26.379 INFO:teuthology.orchestra.run.smithi038.stdout:/usr/bin/ceph: stderr
2024-04-22T21:01:25.424+0000 7fb115846700 1 --2- >> [v2:172.21.15.38:3300/0,v1:172.21.15.38:6789/0] conn(0x7fb110071280 0x7fb110113930 unknown :-1 s=BANNER_CONNECTING pgs=0 cs=0 l=1 rev1=0 crypto rx=0 tx=0 comp rx=0 tx=0)._handle_peer_banner_payload supported=3 required=0
2024-04-22T21:01:26.380 INFO:teuthology.orchestra.run.smithi038.stdout:/usr/bin/ceph: stderr
2024-04-22T21:01:25.424+0000 7fb115846700 1 --2- >> [v2:172.21.15.38:3300/0,v1:172.21.15.38:6789/0] conn(0x7fb110071280 0x7fb110113930 unknown :-1 s=HELLO_CONNECTING pgs=0 cs=0 l=1 rev1=1 crypto rx=0 tx=0 comp rx=0 tx=0).handle_hello peer v2:172.21.15.38:3300/0 says I am v2:172.21.15.38:42352/0 (socket says 172.21.15.38:42352)
2024-04-22T21:01:26.380 INFO:teuthology.orchestra.run.smithi038.stdout:/usr/bin/ceph: stderr
2024-04-22T21:01:25.424+0000 7fb115846700 1 -- 172.21.15.38:0/4110024529 learned_addr learned my addr 172.21.15.38:0/4110024529 (peer_addr_for_me v2:172.21.15.38:0/0)
2024-04-22T21:01:26.380 INFO:teuthology.orchestra.run.smithi038.stdout:/usr/bin/ceph: stderr
2024-04-22T21:01:25.424+0000 7fb115846700 1 -- 172.21.15.38:0/4110024529 --> [v2:172.21.15.38:3300/0,v1:172.21.15.38:6789/0] -- mon_subscribe({config=0+,monmap=0+}) v3 -- 0x7fb10c0094f0 con 0x7fb110071280
2024-04-22T21:01:26.380 INFO:teuthology.orchestra.run.smithi038.stdout:/usr/bin/ceph: stderr
2024-04-22T21:01:25.424+0000 7fb115846700 1 --2- 172.21.15.38:0/4110024529 >> [v2:172.21.15.38:3300/0,v1:172.21.15.38:6789/0] conn(0x7fb110071280 0x7fb110113930 secure :-1 s=READY pgs=70 cs=0 l=1 rev1=1 crypto rx=0x7fb10c0094c0 tx=0x7fb10c009250 comp rx=0 tx=0).ready entity=mon.0 client_cookie=0 server_cookie=0 in_seq=0 out_seq=0
2024-04-22T21:01:26.380 INFO:teuthology.orchestra.run.smithi038.stdout:/usr/bin/ceph: stderr
2024-04-22T21:01:25.424+0000 7fb1067fc700 1 -- 172.21.15.38:0/4110024529 <== mon.0 v2:172.21.15.38:3300/0 1 ==== mon_map magic: 0 v1 ==== 229+0+0 (secure 0 0 0) 0x7fb10c0118f0 con 0x7fb110071280
2024-04-22T21:01:26.380 INFO:teuthology.orchestra.run.smithi038.stdout:/usr/bin/ceph: stderr
2024-04-22T21:01:25.425+0000 7fb117aaa700 1 -- 172.21.15.38:0/4110024529 --> [v2:172.21.15.38:3300/0,v1:172.21.15.38:6789/0] -- mon_subscribe({mgrmap=0+}) v3 -- 0x7fb1101140d0 con 0x7fb110071280
2024-04-22T21:01:26.380 INFO:teuthology.orchestra.run.smithi038.stdout:/usr/bin/ceph: stderr
2024-04-22T21:01:25.425+0000 7fb1067fc700 1 -- 172.21.15.38:0/4110024529 <== mon.0 v2:172.21.15.38:3300/0 2 ==== config(27 keys) v1 ==== 1109+0+0 (secure 0 0 0) 0x7fb10c010d60 con 0x7fb110071280
2024-04-22T21:01:26.380 INFO:teuthology.orchestra.run.smithi038.stdout:/usr/bin/ceph: stderr
2024-04-22T21:01:25.425+0000 7fb1067fc700 1 -- 172.21.15.38:0/4110024529 <== mon.0 v2:172.21.15.38:3300/0 3 ==== mon_map magic: 0 v1 ==== 229+0+0 (secure 0 0 0) 0x7fb10c024e50 con 0x7fb110071280
2024-04-22T21:01:26.380 INFO:teuthology.orchestra.run.smithi038.stdout:/usr/bin/ceph: stderr
2024-04-22T21:01:25.425+0000 7fb117aaa700 1 -- 172.21.15.38:0/4110024529 --> [v2:172.21.15.38:3300/0,v1:172.21.15.38:6789/0] -- mon_subscribe({osdmap=0}) v3 -- 0x7fb110114be0 con 0x7fb110071280
2024-04-22T21:01:26.380 INFO:teuthology.orchestra.run.smithi038.stdout:/usr/bin/ceph: stderr
2024-04-22T21:01:25.425+0000 7fb1067fc700 1 -- 172.21.15.38:0/4110024529 <== mon.0 v2:172.21.15.38:3300/0 4 ==== mgrmap(e 9) v1 ==== 43389+0+0 (secure 0 0 0) 0x7fb10c01a430 con 0x7fb110071280
2024-04-22T21:01:26.380 INFO:teuthology.orchestra.run.smithi038.stdout:/usr/bin/ceph: stderr
2024-04-22T21:01:25.425+0000 7fb117aaa700 1 -- 172.21.15.38:0/4110024529 --> [v2:172.21.15.38:3300/0,v1:172.21.15.38:6789/0] -- mon_command({"prefix": "get_command_descriptions"} v 0) v1 -- 0x7fb11005f5f0 con 0x7fb110071280
2024-04-22T21:01:26.380 INFO:teuthology.orchestra.run.smithi038.stdout:/usr/bin/ceph: stderr
2024-04-22T21:01:25.426+0000 7fb1067fc700 1 --2- 172.21.15.38:0/4110024529 >> [v2:172.21.15.38:6800/2551561659,v1:172.21.15.38:6801/2551561659] conn(0x7fb0fc036790 0x7fb0fc038c40 unknown :-1 s=NONE pgs=0 cs=0 l=1 rev1=0 crypto rx=0 tx=0 comp rx=0 tx=0).connect
2024-04-22T21:01:26.380 INFO:teuthology.orchestra.run.smithi038.stdout:/usr/bin/ceph: stderr
2024-04-22T21:01:25.426+0000 7fb1067fc700 1 -- 172.21.15.38:0/4110024529 <== mon.0 v2:172.21.15.38:3300/0 5 ==== osd_map(2..2 src has 1..2) v4 ==== 936+0+0 (secure 0 0 0) 0x7fb10c04a630 con 0x7fb110071280
2024-04-22T21:01:26.380 INFO:teuthology.orchestra.run.smithi038.stdout:/usr/bin/ceph: stderr
2024-04-22T21:01:25.426+0000 7fb115045700 1 -- 172.21.15.38:0/4110024529 >> [v2:172.21.15.38:6800/2551561659,v1:172.21.15.38:6801/2551561659] conn(0x7fb0fc036790 msgr2=0x7fb0fc038c40 unknown :-1 s=STATE_CONNECTING_RE l=1).process reconnect failed to v2:172.21.15.38:6800/2551561659
2024-04-22T21:01:26.381 INFO:teuthology.orchestra.run.smithi038.stdout:/usr/bin/ceph: stderr
2024-04-22T21:01:25.426+0000 7fb115045700 1 --2- 172.21.15.38:0/4110024529 >> [v2:172.21.15.38:6800/2551561659,v1:172.21.15.38:6801/2551561659] conn(0x7fb0fc036790 0x7fb0fc038c40 unknown :-1 s=START_CONNECT pgs=0 cs=0 l=1 rev1=0 crypto rx=0 tx=0 comp rx=0 tx=0)._fault waiting 0.200000
2024-04-22T21:01:26.381 INFO:teuthology.orchestra.run.smithi038.stdout:/usr/bin/ceph: stderr
2024-04-22T21:01:25.430+0000 7fb1067fc700 1 -- 172.21.15.38:0/4110024529 <== mon.0 v2:172.21.15.38:3300/0 6 ==== mon_command_ack([{"prefix": "get_command_descriptions"}]=0 v0) v1 ==== 72+0+176702 (secure 0 0 0) 0x7fb10c018350 con 0x7fb110071280
2024-04-22T21:01:26.381 INFO:teuthology.orchestra.run.smithi038.stdout:/usr/bin/ceph: stderr
2024-04-22T21:01:25.627+0000 7fb115045700 1 -- 172.21.15.38:0/4110024529 >> [v2:172.21.15.38:6800/2551561659,v1:172.21.15.38:6801/2551561659] conn(0x7fb0fc036790 msgr2=0x7fb0fc038c40 unknown :-1 s=STATE_CONNECTING_RE l=1).process reconnect failed to v2:172.21.15.38:6800/2551561659
2024-04-22T21:01:26.381 INFO:teuthology.orchestra.run.smithi038.stdout:/usr/bin/ceph: stderr
2024-04-22T21:01:25.627+0000 7fb115045700 1 --2- 172.21.15.38:0/4110024529 >> [v2:172.21.15.38:6800/2551561659,v1:172.21.15.38:6801/2551561659] conn(0x7fb0fc036790 0x7fb0fc038c40 unknown :-1 s=START_CONNECT pgs=0 cs=0 l=1 rev1=0 crypto rx=0 tx=0 comp rx=0 tx=0)._fault waiting 0.400000
2024-04-22T21:01:26.381 INFO:teuthology.orchestra.run.smithi038.stdout:/usr/bin/ceph: stderr
2024-04-22T21:01:25.726+0000 7fb117aaa700 1 -- 172.21.15.38:0/4110024529 --> [v2:172.21.15.38:3300/0,v1:172.21.15.38:6789/0] -- mon_command({"prefix": "mgr stat"} v 0) v1 -- 0x7fb11004bed0 con 0x7fb110071280
2024-04-22T21:01:26.381 INFO:teuthology.orchestra.run.smithi038.stdout:/usr/bin/ceph: stderr
2024-04-22T21:01:25.726+0000 7fb1067fc700 1 -- 172.21.15.38:0/4110024529 <== mon.0 v2:172.21.15.38:3300/0 7 ==== mon_command_ack([{"prefix": "mgr stat"}]=0 v9) v1 ==== 56+0+103 (secure 0 0 0) 0x7fb10c018350 con 0x7fb110071280
2024-04-22T21:01:26.381 INFO:teuthology.orchestra.run.smithi038.stdout:/usr/bin/ceph: stderr
2024-04-22T21:01:25.728+0000 7fb117aaa700 1 -- 172.21.15.38:0/4110024529 >> [v2:172.21.15.38:6800/2551561659,v1:172.21.15.38:6801/2551561659] conn(0x7fb0fc036790 msgr2=0x7fb0fc038c40 unknown :-1 s=STATE_CONNECTING l=1).mark_down
2024-04-22T21:01:26.381 INFO:teuthology.orchestra.run.smithi038.stdout:/usr/bin/ceph: stderr
2024-04-22T21:01:25.728+0000 7fb117aaa700 1 --2- 172.21.15.38:0/4110024529 >> [v2:172.21.15.38:6800/2551561659,v1:172.21.15.38:6801/2551561659] conn(0x7fb0fc036790 0x7fb0fc038c40 unknown :-1 s=START_CONNECT pgs=0 cs=0 l=1 rev1=0 crypto rx=0 tx=0 comp rx=0 tx=0).stop
