2024-04-22T21:01:16.833+0000 7fc3d4fe4700 1 -- 172.21.15.38:0/4265002632 --> [v2:172.21.15.38:6800/2551561659,v1:172.21.15.38:6801/2551561659] -- mgr_command(tid 0: {"prefix": "orch apply", "service_type": "grafana", "target": ["mon-mgr", ""]}) v1 -- 0x7fc3d00fda20 con 0x7fc3b8036790
2024-04-22T21:01:17.796 INFO:teuthology.orchestra.run.smithi038.stdout:/usr/bin/ceph: stderr
2024-04-22T21:01:16.839+0000 7fc3beffd700 1 -- 172.21.15.38:0/4265002632 <== mgr.14120 v2:172.21.15.38:6800/2551561659 1 ==== mgr_command_reply(tid 0: 0 ) v1 ==== 8+0+28 (secure 0 0 0) 0x7fc3d00fda20 con 0x7fc3b8036790
2024-04-22T21:01:17.796 INFO:teuthology.orchestra.run.smithi038.stdout:/usr/bin/ceph: stderr
2024-04-22T21:01:16.841+0000 7fc3d4fe4700 1 -- 172.21.15.38:0/4265002632 >> [v2:172.21.15.38:6800/2551561659,v1:172.21.15.38:6801/2551561659] conn(0x7fc3b8036790 msgr2=0x7fc3b8038c40 secure :-1 s=STATE_CONNECTION_ESTABLISHED l=1).mark_down
2024-04-22T21:01:17.796 INFO:teuthology.orchestra.run.smithi038.stdout:/usr/bin/ceph: stderr
2024-04-22T21:01:16.841+0000 7fc3d4fe4700 1 --2- 172.21.15.38:0/4265002632 >> [v2:172.21.15.38:6800/2551561659,v1:172.21.15.38:6801/2551561659] conn(0x7fc3b8036790 0x7fc3b8038c40 secure :-1 s=READY pgs=16 cs=0 l=1 rev1=1 crypto rx=0x7fc3c4009990 tx=0x7fc3c4006e40 comp rx=0 tx=0).stop
2024-04-22T21:01:17.796 INFO:teuthology.orchestra.run.smithi038.stdout:/usr/bin/ceph: stderr
2024-04-22T21:01:16.841+0000 7fc3d4fe4700 1 -- 172.21.15.38:0/4265002632 >> [v2:172.21.15.38:3300/0,v1:172.21.15.38:6789/0] conn(0x7fc3d0100c30 msgr2=0x7fc3d01116c0 secure :-1 s=STATE_CONNECTION_ESTABLISHED l=1).mark_down
2024-04-22T21:01:17.796 INFO:teuthology.orchestra.run.smithi038.stdout:/usr/bin/ceph: stderr
2024-04-22T21:01:16.841+0000 7fc3d4fe4700 1 --2- 172.21.15.38:0/4265002632 >> [v2:172.21.15.38:3300/0,v1:172.21.15.38:6789/0] conn(0x7fc3d0100c30 0x7fc3d01116c0 secure :-1 s=READY pgs=56 cs=0 l=1 rev1=1 crypto rx=0x7fc3c00090b0 tx=0x7fc3c0009250 comp rx=0 tx=0).stop
2024-04-22T21:01:17.796 INFO:teuthology.orchestra.run.smithi038.stdout:/usr/bin/ceph: stderr
2024-04-22T21:01:16.841+0000 7fc3d4fe4700 1 -- 172.21.15.38:0/4265002632 shutdown_connections
2024-04-22T21:01:17.796 INFO:teuthology.orchestra.run.smithi038.stdout:/usr/bin/ceph: stderr
2024-04-22T21:01:16.841+0000 7fc3d4fe4700 1 --2- 172.21.15.38:0/4265002632 >> [v2:172.21.15.38:6800/2551561659,v1:172.21.15.38:6801/2551561659] conn(0x7fc3b8036790 0x7fc3b8038c40 unknown :-1 s=CLOSED pgs=16 cs=0 l=1 rev1=1 crypto rx=0 tx=0 comp rx=0 tx=0).stop
2024-04-22T21:01:17.796 INFO:teuthology.orchestra.run.smithi038.stdout:/usr/bin/ceph: stderr
2024-04-22T21:01:16.841+0000 7fc3d4fe4700 1 --2- 172.21.15.38:0/4265002632 >> [v2:172.21.15.38:3300/0,v1:172.21.15.38:6789/0] conn(0x7fc3d0100c30 0x7fc3d01116c0 unknown :-1 s=CLOSED pgs=56 cs=0 l=1 rev1=1 crypto rx=0 tx=0 comp rx=0 tx=0).stop
2024-04-22T21:01:17.796 INFO:teuthology.orchestra.run.smithi038.stdout:/usr/bin/ceph: stderr
2024-04-22T21:01:16.841+0000 7fc3d4fe4700 1 -- 172.21.15.38:0/4265002632 >> 172.21.15.38:0/4265002632 conn(0x7fc3d00fc730 msgr2=0x7fc3d00fd2d0 unknown :-1 s=STATE_NONE l=0).mark_down
2024-04-22T21:01:17.796 INFO:teuthology.orchestra.run.smithi038.stdout:/usr/bin/ceph: stderr
2024-04-22T21:01:16.842+0000 7fc3d4fe4700 1 -- 172.21.15.38:0/4265002632 shutdown_connections
2024-04-22T21:01:17.796 INFO:teuthology.orchestra.run.smithi038.stdout:/usr/bin/ceph: stderr
2024-04-22T21:01:16.842+0000 7fc3d4fe4700 1 -- 172.21.15.38:0/4265002632 wait complete.
2024-04-22T21:01:17.796 INFO:teuthology.orchestra.run.smithi038.stdout:Deploying node-exporter service with default placement...
2024-04-22T21:01:18.625 INFO:journalctl@ceph.mon.smithi038.smithi038.stdout:Apr 22 21:01:18 smithi038 ceph-mon[26374]: from='client.14150 -' entity='client.admin' cmd=[{"prefix": "orch apply", "service_type": "grafana", "target": ["mon-mgr", ""]}]: dispatch
2024-04-22T21:01:18.625 INFO:journalctl@ceph.mon.smithi038.smithi038.stdout:Apr 22 21:01:18 smithi038 ceph-mon[26374]: Saving service grafana spec with placement count:1
2024-04-22T21:01:19.211 INFO:teuthology.orchestra.run.smithi038.stdout:/usr/bin/ceph: stdout Scheduled node-exporter update...
2024-04-22T21:01:19.211 INFO:teuthology.orchestra.run.smithi038.stdout:/usr/bin/ceph: stderr
2024-04-22T21:01:18.244+0000 7f2e73eec700 1 Processor -- start
2024-04-22T21:01:19.211 INFO:teuthology.orchestra.run.smithi038.stdout:/usr/bin/ceph: stderr
2024-04-22T21:01:18.244+0000 7f2e73eec700 1 -- start start
2024-04-22T21:01:19.211 INFO:teuthology.orchestra.run.smithi038.stdout:/usr/bin/ceph: stderr
2024-04-22T21:01:18.244+0000 7f2e73eec700 1 --2- >> [v2:172.21.15.38:3300/0,v1:172.21.15.38:6789/0] conn(0x7f2e6c100d30 0x7f2e6c101160 unknown :-1 s=NONE pgs=0 cs=0 l=0 rev1=0 crypto rx=0 tx=0 comp rx=0 tx=0).connect
2024-04-22T21:01:19.211 INFO:teuthology.orchestra.run.smithi038.stdout:/usr/bin/ceph: stderr
2024-04-22T21:01:18.244+0000 7f2e73eec700 1 -- --> [v2:172.21.15.38:3300/0,v1:172.21.15.38:6789/0] -- mon_getmap magic: 0 v1 -- 0x7f2e6c103b90 con 0x7f2e6c100d30
2024-04-22T21:01:19.212 INFO:teuthology.orchestra.run.smithi038.stdout:/usr/bin/ceph: stderr
2024-04-22T21:01:18.244+0000 7f2e71c88700 1 --2- >> [v2:172.21.15.38:3300/0,v1:172.21.15.38:6789/0] conn(0x7f2e6c100d30 0x7f2e6c101160 unknown :-1 s=BANNER_CONNECTING pgs=0 cs=0 l=0 rev1=0 crypto rx=0 tx=0 comp rx=0 tx=0)._handle_peer_banner_payload supported=3 required=0
2024-04-22T21:01:19.212 INFO:teuthology.orchestra.run.smithi038.stdout:/usr/bin/ceph: stderr
2024-04-22T21:01:18.244+0000 7f2e71c88700 1 --2- >> [v2:172.21.15.38:3300/0,v1:172.21.15.38:6789/0] conn(0x7f2e6c100d30 0x7f2e6c101160 unknown :-1 s=HELLO_CONNECTING pgs=0 cs=0 l=0 rev1=1 crypto rx=0 tx=0 comp rx=0 tx=0).handle_hello peer v2:172.21.15.38:3300/0 says I am v2:172.21.15.38:52182/0 (socket says 172.21.15.38:52182)
2024-04-22T21:01:19.212 INFO:teuthology.orchestra.run.smithi038.stdout:/usr/bin/ceph: stderr
2024-04-22T21:01:18.244+0000 7f2e71c88700 1 -- 172.21.15.38:0/1871745909 learned_addr learned my addr 172.21.15.38:0/1871745909 (peer_addr_for_me v2:172.21.15.38:0/0)
2024-04-22T21:01:19.212 INFO:teuthology.orchestra.run.smithi038.stdout:/usr/bin/ceph: stderr
2024-04-22T21:01:18.245+0000 7f2e71c88700 1 -- 172.21.15.38:0/1871745909 --> [v2:172.21.15.38:3300/0,v1:172.21.15.38:6789/0] -- mon_subscribe({config=0+,monmap=0+}) v3 -- 0x7f2e6c1016a0 con 0x7f2e6c100d30
2024-04-22T21:01:19.212 INFO:teuthology.orchestra.run.smithi038.stdout:/usr/bin/ceph: stderr
2024-04-22T21:01:18.245+0000 7f2e71c88700 1 --2- 172.21.15.38:0/1871745909 >> [v2:172.21.15.38:3300/0,v1:172.21.15.38:6789/0] conn(0x7f2e6c100d30 0x7f2e6c101160 secure :-1 s=READY pgs=57 cs=0 l=1 rev1=1 crypto rx=0x7f2e680098e0 tx=0x7f2e68009250 comp rx=0 tx=0).ready entity=mon.0 client_cookie=39b292b68eb28abc server_cookie=0 in_seq=0 out_seq=0
2024-04-22T21:01:19.212 INFO:teuthology.orchestra.run.smithi038.stdout:/usr/bin/ceph: stderr
2024-04-22T21:01:18.245+0000 7f2e70c86700 1 -- 172.21.15.38:0/1871745909 <== mon.0 v2:172.21.15.38:3300/0 1 ==== mon_map magic: 0 v1 ==== 229+0+0 (secure 0 0 0) 0x7f2e6800b860 con 0x7f2e6c100d30
2024-04-22T21:01:19.212 INFO:teuthology.orchestra.run.smithi038.stdout:/usr/bin/ceph: stderr
2024-04-22T21:01:18.245+0000 7f2e70c86700 1 -- 172.21.15.38:0/1871745909 <== mon.0 v2:172.21.15.38:3300/0 2 ==== config(27 keys) v1 ==== 1109+0+0 (secure 0 0 0) 0x7f2e6800be90 con 0x7f2e6c100d30
2024-04-22T21:01:19.212 INFO:teuthology.orchestra.run.smithi038.stdout:/usr/bin/ceph: stderr
2024-04-22T21:01:18.245+0000 7f2e70c86700 1 -- 172.21.15.38:0/1871745909 <== mon.0 v2:172.21.15.38:3300/0 3 ==== mon_map magic: 0 v1 ==== 229+0+0 (secure 0 0 0) 0x7f2e680103c0 con 0x7f2e6c100d30
2024-04-22T21:01:19.212 INFO:teuthology.orchestra.run.smithi038.stdout:/usr/bin/ceph: stderr
2024-04-22T21:01:18.245+0000 7f2e73eec700 1 -- 172.21.15.38:0/1871745909 >> [v2:172.21.15.38:3300/0,v1:172.21.15.38:6789/0] conn(0x7f2e6c100d30 msgr2=0x7f2e6c101160 secure :-1 s=STATE_CONNECTION_ESTABLISHED l=1).mark_down
2024-04-22T21:01:19.212 INFO:teuthology.orchestra.run.smithi038.stdout:/usr/bin/ceph: stderr
2024-04-22T21:01:18.245+0000 7f2e73eec700 1 --2- 172.21.15.38:0/1871745909 >> [v2:172.21.15.38:3300/0,v1:172.21.15.38:6789/0] conn(0x7f2e6c100d30 0x7f2e6c101160 secure :-1 s=READY pgs=57 cs=0 l=1 rev1=1 crypto rx=0x7f2e680098e0 tx=0x7f2e68009250 comp rx=0 tx=0).stop
2024-04-22T21:01:19.212 INFO:teuthology.orchestra.run.smithi038.stdout:/usr/bin/ceph: stderr
2024-04-22T21:01:18.246+0000 7f2e73eec700 1 -- 172.21.15.38:0/1871745909 shutdown_connections
2024-04-22T21:01:19.212 INFO:teuthology.orchestra.run.smithi038.stdout:/usr/bin/ceph: stderr
2024-04-22T21:01:18.246+0000 7f2e73eec700 1 --2- 172.21.15.38:0/1871745909 >> [v2:172.21.15.38:3300/0,v1:172.21.15.38:6789/0] conn(0x7f2e6c100d30 0x7f2e6c101160 unknown :-1 s=CLOSED pgs=57 cs=0 l=1 rev1=1 crypto rx=0 tx=0 comp rx=0 tx=0).stop
2024-04-22T21:01:19.212 INFO:teuthology.orchestra.run.smithi038.stdout:/usr/bin/ceph: stderr
2024-04-22T21:01:18.246+0000 7f2e73eec700 1 -- 172.21.15.38:0/1871745909 >> 172.21.15.38:0/1871745909 conn(0x7f2e6c0fc770 msgr2=0x7f2e6c0feb80 unknown :-1 s=STATE_NONE l=0).mark_down
2024-04-22T21:01:19.212 INFO:teuthology.orchestra.run.smithi038.stdout:/usr/bin/ceph: stderr
2024-04-22T21:01:18.246+0000 7f2e73eec700 1 -- 172.21.15.38:0/1871745909 shutdown_connections
2024-04-22T21:01:19.213 INFO:teuthology.orchestra.run.smithi038.stdout:/usr/bin/ceph: stderr
2024-04-22T21:01:18.246+0000 7f2e73eec700 1 -- 172.21.15.38:0/1871745909 wait complete.
2024-04-22T21:01:19.213 INFO:teuthology.orchestra.run.smithi038.stdout:/usr/bin/ceph: stderr
2024-04-22T21:01:18.246+0000 7f2e73eec700 1 Processor -- start
2024-04-22T21:01:19.213 INFO:teuthology.orchestra.run.smithi038.stdout:/usr/bin/ceph: stderr
2024-04-22T21:01:18.246+0000 7f2e73eec700 1 -- start start
2024-04-22T21:01:19.213 INFO:teuthology.orchestra.run.smithi038.stdout:/usr/bin/ceph: stderr
2024-04-22T21:01:18.246+0000 7f2e73eec700 1 --2- >> [v2:172.21.15.38:3300/0,v1:172.21.15.38:6789/0] conn(0x7f2e6c100d30 0x7f2e6c113990 unknown :-1 s=NONE pgs=0 cs=0 l=1 rev1=0 crypto rx=0 tx=0 comp rx=0 tx=0).connect
2024-04-22T21:01:19.213 INFO:teuthology.orchestra.run.smithi038.stdout:/usr/bin/ceph: stderr
2024-04-22T21:01:18.246+0000 7f2e73eec700 1 -- --> [v2:172.21.15.38:3300/0,v1:172.21.15.38:6789/0] -- mon_getmap magic: 0 v1 -- 0x7f2e6c113ed0 con 0x7f2e6c100d30
2024-04-22T21:01:19.213 INFO:teuthology.orchestra.run.smithi038.stdout:/usr/bin/ceph: stderr
2024-04-22T21:01:18.247+0000 7f2e71c88700 1 --2- >> [v2:172.21.15.38:3300/0,v1:172.21.15.38:6789/0] conn(0x7f2e6c100d30 0x7f2e6c113990 unknown :-1 s=BANNER_CONNECTING pgs=0 cs=0 l=1 rev1=0 crypto rx=0 tx=0 comp rx=0 tx=0)._handle_peer_banner_payload supported=3 required=0
2024-04-22T21:01:19.213 INFO:teuthology.orchestra.run.smithi038.stdout:/usr/bin/ceph: stderr
2024-04-22T21:01:18.247+0000 7f2e71c88700 1 --2- >> [v2:172.21.15.38:3300/0,v1:172.21.15.38:6789/0] conn(0x7f2e6c100d30 0x7f2e6c113990 unknown :-1 s=HELLO_CONNECTING pgs=0 cs=0 l=1 rev1=1 crypto rx=0 tx=0 comp rx=0 tx=0).handle_hello peer v2:172.21.15.38:3300/0 says I am v2:172.21.15.38:52190/0 (socket says 172.21.15.38:52190)
2024-04-22T21:01:19.213 INFO:teuthology.orchestra.run.smithi038.stdout:/usr/bin/ceph: stderr
2024-04-22T21:01:18.247+0000 7f2e71c88700 1 -- 172.21.15.38:0/699052750 learned_addr learned my addr 172.21.15.38:0/699052750 (peer_addr_for_me v2:172.21.15.38:0/0)
2024-04-22T21:01:19.213 INFO:teuthology.orchestra.run.smithi038.stdout:/usr/bin/ceph: stderr
2024-04-22T21:01:18.247+0000 7f2e71c88700 1 -- 172.21.15.38:0/699052750 --> [v2:172.21.15.38:3300/0,v1:172.21.15.38:6789/0] -- mon_subscribe({config=0+,monmap=0+}) v3 -- 0x7f2e680094f0 con 0x7f2e6c100d30
2024-04-22T21:01:19.213 INFO:teuthology.orchestra.run.smithi038.stdout:/usr/bin/ceph: stderr
2024-04-22T21:01:18.247+0000 7f2e71c88700 1 --2- 172.21.15.38:0/699052750 >> [v2:172.21.15.38:3300/0,v1:172.21.15.38:6789/0] conn(0x7f2e6c100d30 0x7f2e6c113990 secure :-1 s=READY pgs=58 cs=0 l=1 rev1=1 crypto rx=0x7f2e680094c0 tx=0x7f2e68009250 comp rx=0 tx=0).ready entity=mon.0 client_cookie=0 server_cookie=0 in_seq=0 out_seq=0
2024-04-22T21:01:19.213 INFO:teuthology.orchestra.run.smithi038.stdout:/usr/bin/ceph: stderr
2024-04-22T21:01:18.247+0000 7f2e5e7fc700 1 -- 172.21.15.38:0/699052750 <== mon.0 v2:172.21.15.38:3300/0 1 ==== mon_map magic: 0 v1 ==== 229+0+0 (secure 0 0 0) 0x7f2e680118f0 con 0x7f2e6c100d30
2024-04-22T21:01:19.213 INFO:teuthology.orchestra.run.smithi038.stdout:/usr/bin/ceph: stderr
2024-04-22T21:01:18.247+0000 7f2e5e7fc700 1 -- 172.21.15.38:0/699052750 <== mon.0 v2:172.21.15.38:3300/0 2 ==== config(27 keys) v1 ==== 1109+0+0 (secure 0 0 0) 0x7f2e68010d60 con 0x7f2e6c100d30
2024-04-22T21:01:19.213 INFO:teuthology.orchestra.run.smithi038.stdout:/usr/bin/ceph: stderr
2024-04-22T21:01:18.247+0000 7f2e73eec700 1 -- 172.21.15.38:0/699052750 --> [v2:172.21.15.38:3300/0,v1:172.21.15.38:6789/0] -- mon_subscribe({mgrmap=0+}) v3 -- 0x7f2e6c1140d0 con 0x7f2e6c100d30
2024-04-22T21:01:19.213 INFO:teuthology.orchestra.run.smithi038.stdout:/usr/bin/ceph: stderr
2024-04-22T21:01:18.247+0000 7f2e5e7fc700 1 -- 172.21.15.38:0/699052750 <== mon.0 v2:172.21.15.38:3300/0 3 ==== mon_map magic: 0 v1 ==== 229+0+0 (secure 0 0 0) 0x7f2e6801a430 con 0x7f2e6c100d30
2024-04-22T21:01:19.214 INFO:teuthology.orchestra.run.smithi038.stdout:/usr/bin/ceph: stderr
2024-04-22T21:01:18.247+0000 7f2e73eec700 1 -- 172.21.15.38:0/699052750 --> [v2:172.21.15.38:3300/0,v1:172.21.15.38:6789/0] -- mon_subscribe({osdmap=0}) v3 -- 0x7f2e6c114c40 con 0x7f2e6c100d30
2024-04-22T21:01:19.214 INFO:teuthology.orchestra.run.smithi038.stdout:/usr/bin/ceph: stderr
2024-04-22T21:01:18.248+0000 7f2e5e7fc700 1 -- 172.21.15.38:0/699052750 <== mon.0 v2:172.21.15.38:3300/0 4 ==== mgrmap(e 8) v1 ==== 43376+0+0 (secure 0 0 0) 0x7f2e6801a590 con 0x7f2e6c100d30
2024-04-22T21:01:19.214 INFO:teuthology.orchestra.run.smithi038.stdout:/usr/bin/ceph: stderr
2024-04-22T21:01:18.248+0000 7f2e73eec700 1 -- 172.21.15.38:0/699052750 --> [v2:172.21.15.38:3300/0,v1:172.21.15.38:6789/0] -- mon_command({"prefix": "get_command_descriptions"} v 0) v1 -- 0x7f2e6c05f5f0 con 0x7f2e6c100d30
2024-04-22T21:01:19.214 INFO:teuthology.orchestra.run.smithi038.stdout:/usr/bin/ceph: stderr
2024-04-22T21:01:18.248+0000 7f2e5e7fc700 1 --2- 172.21.15.38:0/699052750 >> [v2:172.21.15.38:6800/2551561659,v1:172.21.15.38:6801/2551561659] conn(0x7f2e58036790 0x7f2e58038c40 unknown :-1 s=NONE pgs=0 cs=0 l=1 rev1=0 crypto rx=0 tx=0 comp rx=0 tx=0).connect
2024-04-22T21:01:19.214 INFO:teuthology.orchestra.run.smithi038.stdout:/usr/bin/ceph: stderr
2024-04-22T21:01:18.249+0000 7f2e5e7fc700 1 -- 172.21.15.38:0/699052750 <== mon.0 v2:172.21.15.38:3300/0 5 ==== osd_map(2..2 src has 1..2) v4 ==== 936+0+0 (secure 0 0 0) 0x7f2e6804a650 con 0x7f2e6c100d30
2024-04-22T21:01:19.214 INFO:teuthology.orchestra.run.smithi038.stdout:/usr/bin/ceph: stderr
2024-04-22T21:01:18.249+0000 7f2e71487700 1 --2- 172.21.15.38:0/699052750 >> [v2:172.21.15.38:6800/2551561659,v1:172.21.15.38:6801/2551561659] conn(0x7f2e58036790 0x7f2e58038c40 unknown :-1 s=BANNER_CONNECTING pgs=0 cs=0 l=1 rev1=0 crypto rx=0 tx=0 comp rx=0 tx=0)._handle_peer_banner_payload supported=3 required=0
2024-04-22T21:01:19.214 INFO:teuthology.orchestra.run.smithi038.stdout:/usr/bin/ceph: stderr
2024-04-22T21:01:18.249+0000 7f2e71487700 1 --2- 172.21.15.38:0/699052750 >> [v2:172.21.15.38:6800/2551561659,v1:172.21.15.38:6801/2551561659] conn(0x7f2e58036790 0x7f2e58038c40 secure :-1 s=READY pgs=17 cs=0 l=1 rev1=1 crypto rx=0x7f2e60009990 tx=0x7f2e60006e40 comp rx=0 tx=0).ready entity=mgr.14120 client_cookie=0 server_cookie=0 in_seq=0 out_seq=0
2024-04-22T21:01:19.214 INFO:teuthology.orchestra.run.smithi038.stdout:/usr/bin/ceph: stderr
2024-04-22T21:01:18.253+0000 7f2e5e7fc700 1 -- 172.21.15.38:0/699052750 <== mon.0 v2:172.21.15.38:3300/0 6 ==== mon_command_ack([{"prefix": "get_command_descriptions"}]=0 v0) v1 ==== 72+0+176702 (secure 0 0 0) 0x7f2e6801a840 con 0x7f2e6c100d30
2024-04-22T21:01:19.214 INFO:teuthology.orchestra.run.smithi038.stdout:/usr/bin/ceph: stderr
2024-04-22T21:01:18.461+0000 7f2e73eec700 1 -- 172.21.15.38:0/699052750 --> [v2:172.21.15.38:6800/2551561659,v1:172.21.15.38:6801/2551561659] -- mgr_command(tid 0: {"prefix": "orch apply", "service_type": "node-exporter", "target": ["mon-mgr", ""]}) v1 -- 0x7f2e6c0fdba0 con 0x7f2e58036790
2024-04-22T21:01:19.214 INFO:teuthology.orchestra.run.smithi038.stdout:/usr/bin/ceph: stderr
2024-04-22T21:01:18.465+0000 7f2e5e7fc700 1 -- 172.21.15.38:0/699052750 <== mgr.14120 v2:172.21.15.38:6800/2551561659 1 ==== mgr_command_reply(tid 0: 0 ) v1 ==== 8+0+34 (secure 0 0 0) 0x7f2e6c0fdba0 con 0x7f2e58036790
2024-04-22T21:01:19.214 INFO:teuthology.orchestra.run.smithi038.stdout:/usr/bin/ceph: stderr
2024-04-22T21:01:18.467+0000 7f2e73eec700 1 -- 172.21.15.38:0/699052750 >> [v2:172.21.15.38:6800/2551561659,v1:172.21.15.38:6801/2551561659] conn(0x7f2e58036790 msgr2=0x7f2e58038c40 secure :-1 s=STATE_CONNECTION_ESTABLISHED l=1).mark_down
2024-04-22T21:01:19.214 INFO:teuthology.orchestra.run.smithi038.stdout:/usr/bin/ceph: stderr
2024-04-22T21:01:18.467+0000 7f2e73eec700 1 --2- 172.21.15.38:0/699052750 >> [v2:172.21.15.38:6800/2551561659,v1:172.21.15.38:6801/2551561659] conn(0x7f2e58036790 0x7f2e58038c40 secure :-1 s=READY pgs=17 cs=0 l=1 rev1=1 crypto rx=0x7f2e60009990 tx=0x7f2e60006e40 comp rx=0 tx=0).stop
2024-04-22T21:01:19.214 INFO:teuthology.orchestra.run.smithi038.stdout:/usr/bin/ceph: stderr
2024-04-22T21:01:18.467+0000 7f2e73eec700 1 -- 172.21.15.38:0/699052750 >> [v2:172.21.15.38:3300/0,v1:172.21.15.38:6789/0] conn(0x7f2e6c100d30 msgr2=0x7f2e6c113990 secure :-1 s=STATE_CONNECTION_ESTABLISHED l=1).mark_down
2024-04-22T21:01:19.215 INFO:teuthology.orchestra.run.smithi038.stdout:/usr/bin/ceph: stderr
2024-04-22T21:01:18.467+0000 7f2e73eec700 1 --2- 172.21.15.38:0/699052750 >> [v2:172.21.15.38:3300/0,v1:172.21.15.38:6789/0] conn(0x7f2e6c100d30 0x7f2e6c113990 secure :-1 s=READY pgs=58 cs=0 l=1 rev1=1 crypto rx=0x7f2e680094c0 tx=0x7f2e68009250 comp rx=0 tx=0).stop
2024-04-22T21:01:19.215 INFO:teuthology.orchestra.run.smithi038.stdout:/usr/bin/ceph: stderr
2024-04-22T21:01:18.467+0000 7f2e73eec700 1 -- 172.21.15.38:0/699052750 shutdown_connections
2024-04-22T21:01:19.215 INFO:teuthology.orchestra.run.smithi038.stdout:/usr/bin/ceph: stderr
2024-04-22T21:01:18.467+0000 7f2e73eec700 1 --2- 172.21.15.38:0/699052750 >> [v2:172.21.15.38:6800/2551561659,v1:172.21.15.38:6801/2551561659] conn(0x7f2e58036790 0x7f2e58038c40 unknown :-1 s=CLOSED pgs=17 cs=0 l=1 rev1=1 crypto rx=0 tx=0 comp rx=0 tx=0).stop
2024-04-22T21:01:19.215 INFO:teuthology.orchestra.run.smithi038.stdout:/usr/bin/ceph: stderr
2024-04-22T21:01:18.467+0000 7f2e73eec700 1 --2- 172.21.15.38:0/699052750 >> [v2:172.21.15.38:3300/0,v1:172.21.15.38:6789/0] conn(0x7f2e6c100d30 0x7f2e6c113990 unknown :-1 s=CLOSED pgs=58 cs=0 l=1 rev1=1 crypto rx=0 tx=0 comp rx=0 tx=0).stop
2024-04-22T21:01:19.215 INFO:teuthology.orchestra.run.smithi038.stdout:/usr/bin/ceph: stderr
2024-04-22T21:01:18.467+0000 7f2e73eec700 1 -- 172.21.15.38:0/699052750 >> 172.21.15.38:0/699052750 conn(0x7f2e6c0fc770 msgr2=0x7f2e6c0fd3d0 unknown :-1 s=STATE_NONE l=0).mark_down
2024-04-22T21:01:19.215 INFO:teuthology.orchestra.run.smithi038.stdout:/usr/bin/ceph: stderr
2024-04-22T21:01:18.467+0000 7f2e73eec700 1 -- 172.21.15.38:0/699052750 shutdown_connections
2024-04-22T21:01:19.215 INFO:teuthology.orchestra.run.smithi038.stdout:/usr/bin/ceph: stderr
2024-04-22T21:01:18.468+0000 7f2e73eec700 1 -- 172.21.15.38:0/699052750 wait complete.
2024-04-22T21:01:19.215 INFO:teuthology.orchestra.run.smithi038.stdout:Deploying alertmanager service with default placement...
2024-04-22T21:01:19.875 INFO:journalctl@ceph.mon.smithi038.smithi038.stdout:Apr 22 21:01:19 smithi038 ceph-mon[26374]: from='client.14152 -' entity='client.admin' cmd=[{"prefix": "orch apply", "service_type": "node-exporter", "target": ["mon-mgr", ""]}]: dispatch
2024-04-22T21:01:19.875 INFO:journalctl@ceph.mon.smithi038.smithi038.stdout:Apr 22 21:01:19 smithi038 ceph-mon[26374]: Saving service node-exporter spec with placement *
2024-04-22T21:01:19.875 INFO:journalctl@ceph.mon.smithi038.smithi038.stdout:Apr 22 21:01:19 smithi038 ceph-mon[26374]: from='mgr.14120 172.21.15.38:0/1872612510' entity='mgr.smithi038.lxfgut'
2024-04-22T21:01:19.875 INFO:journalctl@ceph.mon.smithi038.smithi038.stdout:Apr 22 21:01:19 smithi038 ceph-mon[26374]: pgmap v3: 0 pgs: ; 0 B data, 0 B used, 0 B / 0 B avail
2024-04-22T21:01:20.492 INFO:teuthology.orchestra.run.smithi038.stdout:/usr/bin/ceph: stdout Scheduled alertmanager update...
2024-04-22T21:01:20.492 INFO:teuthology.orchestra.run.smithi038.stdout:/usr/bin/ceph: stderr
2024-04-22T21:01:19.677+0000 7fccd5e86700 1 Processor -- start
2024-04-22T21:01:20.492 INFO:teuthology.orchestra.run.smithi038.stdout:/usr/bin/ceph: stderr
2024-04-22T21:01:19.677+0000 7fccd5e86700 1 -- start start
2024-04-22T21:01:20.492 INFO:teuthology.orchestra.run.smithi038.stdout:/usr/bin/ceph: stderr
2024-04-22T21:01:19.677+0000 7fccd5e86700 1 --2- >> [v2:172.21.15.38:3300/0,v1:172.21.15.38:6789/0] conn(0x7fccd0101880 0x7fccd0101c90 unknown :-1 s=NONE pgs=0 cs=0 l=0 rev1=0 crypto rx=0 tx=0 comp rx=0 tx=0).connect
2024-04-22T21:01:20.492 INFO:teuthology.orchestra.run.smithi038.stdout:/usr/bin/ceph: stderr
2024-04-22T21:01:19.677+0000 7fccd5e86700 1 -- --> [v2:172.21.15.38:3300/0,v1:172.21.15.38:6789/0] -- mon_getmap magic: 0 v1 -- 0x7fccd01021d0 con 0x7fccd0101880
2024-04-22T21:01:20.492 INFO:teuthology.orchestra.run.smithi038.stdout:/usr/bin/ceph: stderr
2024-04-22T21:01:19.677+0000 7fcccf7fe700 1 --2- >> [v2:172.21.15.38:3300/0,v1:172.21.15.38:6789/0] conn(0x7fccd0101880 0x7fccd0101c90 unknown :-1 s=BANNER_CONNECTING pgs=0 cs=0 l=0 rev1=0 crypto rx=0 tx=0 comp rx=0 tx=0)._handle_peer_banner_payload supported=3 required=0
2024-04-22T21:01:20.492 INFO:teuthology.orchestra.run.smithi038.stdout:/usr/bin/ceph: stderr
2024-04-22T21:01:19.677+0000 7fcccf7fe700 1 --2- >> [v2:172.21.15.38:3300/0,v1:172.21.15.38:6789/0] conn(0x7fccd0101880 0x7fccd0101c90 unknown :-1 s=HELLO_CONNECTING pgs=0 cs=0 l=0 rev1=1 crypto rx=0 tx=0 comp rx=0 tx=0).handle_hello peer v2:172.21.15.38:3300/0 says I am v2:172.21.15.38:52194/0 (socket says 172.21.15.38:52194)
2024-04-22T21:01:20.492 INFO:teuthology.orchestra.run.smithi038.stdout:/usr/bin/ceph: stderr
2024-04-22T21:01:19.677+0000 7fcccf7fe700 1 -- 172.21.15.38:0/2054880845 learned_addr learned my addr 172.21.15.38:0/2054880845 (peer_addr_for_me v2:172.21.15.38:0/0)
2024-04-22T21:01:20.492 INFO:teuthology.orchestra.run.smithi038.stdout:/usr/bin/ceph: stderr
2024-04-22T21:01:19.678+0000 7fcccf7fe700 1 -- 172.21.15.38:0/2054880845 --> [v2:172.21.15.38:3300/0,v1:172.21.15.38:6789/0] -- mon_subscribe({config=0+,monmap=0+}) v3 -- 0x7fccd0102310 con 0x7fccd0101880
2024-04-22T21:01:20.492 INFO:teuthology.orchestra.run.smithi038.stdout:/usr/bin/ceph: stderr
2024-04-22T21:01:19.678+0000 7fcccf7fe700 1 --2- 172.21.15.38:0/2054880845 >> [v2:172.21.15.38:3300/0,v1:172.21.15.38:6789/0] conn(0x7fccd0101880 0x7fccd0101c90 secure :-1 s=READY pgs=59 cs=0 l=1 rev1=1 crypto rx=0x7fccc00098e0 tx=0x7fccc0009250 comp rx=0 tx=0).ready entity=mon.0 client_cookie=5ac61a3f9cb3ba36 server_cookie=0 in_seq=0 out_seq=0
2024-04-22T21:01:20.492 INFO:teuthology.orchestra.run.smithi038.stdout:/usr/bin/ceph: stderr
2024-04-22T21:01:19.678+0000 7fccce7fc700 1 -- 172.21.15.38:0/2054880845 <== mon.0 v2:172.21.15.38:3300/0 1 ==== mon_map magic: 0 v1 ==== 229+0+0 (secure 0 0 0) 0x7fccc000b8f0 con 0x7fccd0101880
2024-04-22T21:01:20.492 INFO:teuthology.orchestra.run.smithi038.stdout:/usr/bin/ceph: stderr
2024-04-22T21:01:19.678+0000 7fccce7fc700 1 -- 172.21.15.38:0/2054880845 <== mon.0 v2:172.21.15.38:3300/0 2 ==== config(27 keys) v1 ==== 1109+0+0 (secure 0 0 0) 0x7fccc0011420 con 0x7fccd0101880
2024-04-22T21:01:20.493 INFO:teuthology.orchestra.run.smithi038.stdout:/usr/bin/ceph: stderr
2024-04-22T21:01:19.678+0000 7fccce7fc700 1 -- 172.21.15.38:0/2054880845 <== mon.0 v2:172.21.15.38:3300/0 3 ==== mon_map magic: 0 v1 ==== 229+0+0 (secure 0 0 0) 0x7fccc0010540 con 0x7fccd0101880
2024-04-22T21:01:20.493 INFO:teuthology.orchestra.run.smithi038.stdout:/usr/bin/ceph: stderr
2024-04-22T21:01:19.679+0000 7fccd5e86700 1 -- 172.21.15.38:0/2054880845 >> [v2:172.21.15.38:3300/0,v1:172.21.15.38:6789/0] conn(0x7fccd0101880 msgr2=0x7fccd0101c90 secure :-1 s=STATE_CONNECTION_ESTABLISHED l=1).mark_down
2024-04-22T21:01:20.493 INFO:teuthology.orchestra.run.smithi038.stdout:/usr/bin/ceph: stderr
2024-04-22T21:01:19.679+0000 7fccd5e86700 1 --2- 172.21.15.38:0/2054880845 >> [v2:172.21.15.38:3300/0,v1:172.21.15.38:6789/0] conn(0x7fccd0101880 0x7fccd0101c90 secure :-1 s=READY pgs=59 cs=0 l=1 rev1=1 crypto rx=0x7fccc00098e0 tx=0x7fccc0009250 comp rx=0 tx=0).stop
2024-04-22T21:01:20.493 INFO:teuthology.orchestra.run.smithi038.stdout:/usr/bin/ceph: stderr
2024-04-22T21:01:19.679+0000 7fccd5e86700 1 -- 172.21.15.38:0/2054880845 shutdown_connections
2024-04-22T21:01:20.493 INFO:teuthology.orchestra.run.smithi038.stdout:/usr/bin/ceph: stderr
2024-04-22T21:01:19.679+0000 7fccd5e86700 1 --2- 172.21.15.38:0/2054880845 >> [v2:172.21.15.38:3300/0,v1:172.21.15.38:6789/0] conn(0x7fccd0101880 0x7fccd0101c90 unknown :-1 s=CLOSED pgs=59 cs=0 l=1 rev1=1 crypto rx=0 tx=0 comp rx=0 tx=0).stop
2024-04-22T21:01:20.493 INFO:teuthology.orchestra.run.smithi038.stdout:/usr/bin/ceph: stderr
2024-04-22T21:01:19.679+0000 7fccd5e86700 1 -- 172.21.15.38:0/2054880845 >> 172.21.15.38:0/2054880845 conn(0x7fccd00fd040 msgr2=0x7fccd00ff450 unknown :-1 s=STATE_NONE l=0).mark_down
2024-04-22T21:01:20.493 INFO:teuthology.orchestra.run.smithi038.stdout:/usr/bin/ceph: stderr
2024-04-22T21:01:19.679+0000 7fccd5e86700 1 -- 172.21.15.38:0/2054880845 shutdown_connections
2024-04-22T21:01:20.493 INFO:teuthology.orchestra.run.smithi038.stdout:/usr/bin/ceph: stderr
2024-04-22T21:01:19.679+0000 7fccd5e86700 1 -- 172.21.15.38:0/2054880845 wait complete.
2024-04-22T21:01:20.493 INFO:teuthology.orchestra.run.smithi038.stdout:/usr/bin/ceph: stderr
2024-04-22T21:01:19.679+0000 7fccd5e86700 1 Processor -- start
2024-04-22T21:01:20.493 INFO:teuthology.orchestra.run.smithi038.stdout:/usr/bin/ceph: stderr
2024-04-22T21:01:19.680+0000 7fccd5e86700 1 -- start start
2024-04-22T21:01:20.493 INFO:teuthology.orchestra.run.smithi038.stdout:/usr/bin/ceph: stderr
2024-04-22T21:01:19.680+0000 7fccd5e86700 1 --2- >> [v2:172.21.15.38:3300/0,v1:172.21.15.38:6789/0] conn(0x7fccd0101880 0x7fccd0076b30 unknown :-1 s=NONE pgs=0 cs=0 l=1 rev1=0 crypto rx=0 tx=0 comp rx=0 tx=0).connect
2024-04-22T21:01:20.493 INFO:teuthology.orchestra.run.smithi038.stdout:/usr/bin/ceph: stderr
2024-04-22T21:01:19.680+0000 7fccd5e86700 1 -- --> [v2:172.21.15.38:3300/0,v1:172.21.15.38:6789/0] -- mon_getmap magic: 0 v1 -- 0x7fccd01143d0 con 0x7fccd0101880
2024-04-22T21:01:20.494 INFO:teuthology.orchestra.run.smithi038.stdout:/usr/bin/ceph: stderr
2024-04-22T21:01:19.680+0000 7fcccf7fe700 1 --2- >> [v2:172.21.15.38:3300/0,v1:172.21.15.38:6789/0] conn(0x7fccd0101880 0x7fccd0076b30 unknown :-1 s=BANNER_CONNECTING pgs=0 cs=0 l=1 rev1=0 crypto rx=0 tx=0 comp rx=0 tx=0)._handle_peer_banner_payload supported=3 required=0
2024-04-22T21:01:20.494 INFO:teuthology.orchestra.run.smithi038.stdout:/usr/bin/ceph: stderr
2024-04-22T21:01:19.680+0000 7fcccf7fe700 1 --2- >> [v2:172.21.15.38:3300/0,v1:172.21.15.38:6789/0] conn(0x7fccd0101880 0x7fccd0076b30 unknown :-1 s=HELLO_CONNECTING pgs=0 cs=0 l=1 rev1=1 crypto rx=0 tx=0 comp rx=0 tx=0).handle_hello peer v2:172.21.15.38:3300/0 says I am v2:172.21.15.38:52210/0 (socket says 172.21.15.38:52210)
2024-04-22T21:01:20.494 INFO:teuthology.orchestra.run.smithi038.stdout:/usr/bin/ceph: stderr
2024-04-22T21:01:19.680+0000 7fcccf7fe700 1 -- 172.21.15.38:0/3012004544 learned_addr learned my addr 172.21.15.38:0/3012004544 (peer_addr_for_me v2:172.21.15.38:0/0)
2024-04-22T21:01:20.494 INFO:teuthology.orchestra.run.smithi038.stdout:/usr/bin/ceph: stderr
2024-04-22T21:01:19.680+0000 7fcccf7fe700 1 -- 172.21.15.38:0/3012004544 --> [v2:172.21.15.38:3300/0,v1:172.21.15.38:6789/0] -- mon_subscribe({config=0+,monmap=0+}) v3 -- 0x7fccc00094f0 con 0x7fccd0101880
2024-04-22T21:01:20.494 INFO:teuthology.orchestra.run.smithi038.stdout:/usr/bin/ceph: stderr
2024-04-22T21:01:19.680+0000 7fcccf7fe700 1 --2- 172.21.15.38:0/3012004544 >> [v2:172.21.15.38:3300/0,v1:172.21.15.38:6789/0] conn(0x7fccd0101880 0x7fccd0076b30 secure :-1 s=READY pgs=60 cs=0 l=1 rev1=1 crypto rx=0x7fccc00090b0 tx=0x7fccc0009250 comp rx=0 tx=0).ready entity=mon.0 client_cookie=0 server_cookie=0 in_seq=0 out_seq=0
2024-04-22T21:01:20.494 INFO:teuthology.orchestra.run.smithi038.stdout:/usr/bin/ceph: stderr
2024-04-22T21:01:19.681+0000 7fccb7fff700 1 -- 172.21.15.38:0/3012004544 <== mon.0 v2:172.21.15.38:3300/0 1 ==== mon_map magic: 0 v1 ==== 229+0+0 (secure 0 0 0) 0x7fccc00107b0 con 0x7fccd0101880
2024-04-22T21:01:20.494 INFO:teuthology.orchestra.run.smithi038.stdout:/usr/bin/ceph: stderr
2024-04-22T21:01:19.681+0000 7fccb7fff700 1 -- 172.21.15.38:0/3012004544 <== mon.0 v2:172.21.15.38:3300/0 2 ==== config(27 keys) v1 ==== 1109+0+0 (secure 0 0 0) 0x7fccc0010de0 con 0x7fccd0101880
2024-04-22T21:01:20.494 INFO:teuthology.orchestra.run.smithi038.stdout:/usr/bin/ceph: stderr
2024-04-22T21:01:19.681+0000 7fccd5e86700 1 -- 172.21.15.38:0/3012004544 --> [v2:172.21.15.38:3300/0,v1:172.21.15.38:6789/0] -- mon_subscribe({mgrmap=0+}) v3 -- 0x7fccd0114510 con 0x7fccd0101880
2024-04-22T21:01:20.494 INFO:teuthology.orchestra.run.smithi038.stdout:/usr/bin/ceph: stderr
2024-04-22T21:01:19.681+0000 7fccb7fff700 1 -- 172.21.15.38:0/3012004544 <== mon.0 v2:172.21.15.38:3300/0 3 ==== mon_map magic: 0 v1 ==== 229+0+0 (secure 0 0 0) 0x7fccc001ae50 con 0x7fccd0101880
2024-04-22T21:01:20.494 INFO:teuthology.orchestra.run.smithi038.stdout:/usr/bin/ceph: stderr
2024-04-22T21:01:19.681+0000 7fccd5e86700 1 -- 172.21.15.38:0/3012004544 --> [v2:172.21.15.38:3300/0,v1:172.21.15.38:6789/0] -- mon_subscribe({osdmap=0}) v3 -- 0x7fccd01149a0 con 0x7fccd0101880
2024-04-22T21:01:20.494 INFO:teuthology.orchestra.run.smithi038.stdout:/usr/bin/ceph: stderr
2024-04-22T21:01:19.681+0000 7fccb7fff700 1 -- 172.21.15.38:0/3012004544 <== mon.0 v2:172.21.15.38:3300/0 4 ==== mgrmap(e 8) v1 ==== 43376+0+0 (secure 0 0 0) 0x7fccc002d3f0 con 0x7fccd0101880
2024-04-22T21:01:20.494 INFO:teuthology.orchestra.run.smithi038.stdout:/usr/bin/ceph: stderr
2024-04-22T21:01:19.682+0000 7fccb7fff700 1 --2- 172.21.15.38:0/3012004544 >> [v2:172.21.15.38:6800/2551561659,v1:172.21.15.38:6801/2551561659] conn(0x7fccb8036810 0x7fccb8038cc0 unknown :-1 s=NONE pgs=0 cs=0 l=1 rev1=0 crypto rx=0 tx=0 comp rx=0 tx=0).connect
2024-04-22T21:01:20.494 INFO:teuthology.orchestra.run.smithi038.stdout:/usr/bin/ceph: stderr
2024-04-22T21:01:19.682+0000 7fccb7fff700 1 -- 172.21.15.38:0/3012004544 <== mon.0 v2:172.21.15.38:3300/0 5 ==== osd_map(2..2 src has 1..2) v4 ==== 936+0+0 (secure 0 0 0) 0x7fccc004a0f0 con 0x7fccd0101880
2024-04-22T21:01:20.495 INFO:teuthology.orchestra.run.smithi038.stdout:/usr/bin/ceph: stderr
2024-04-22T21:01:19.682+0000 7fccd5e86700 1 -- 172.21.15.38:0/3012004544 --> [v2:172.21.15.38:3300/0,v1:172.21.15.38:6789/0] -- mon_command({"prefix": "get_command_descriptions"} v 0) v1 -- 0x7fccd004bed0 con 0x7fccd0101880
2024-04-22T21:01:20.495 INFO:teuthology.orchestra.run.smithi038.stdout:/usr/bin/ceph: stderr
2024-04-22T21:01:19.682+0000 7fccceffd700 1 --2- 172.21.15.38:0/3012004544 >> [v2:172.21.15.38:6800/2551561659,v1:172.21.15.38:6801/2551561659] conn(0x7fccb8036810 0x7fccb8038cc0 unknown :-1 s=BANNER_CONNECTING pgs=0 cs=0 l=1 rev1=0 crypto rx=0 tx=0 comp rx=0 tx=0)._handle_peer_banner_payload supported=3 required=0
2024-04-22T21:01:20.495 INFO:teuthology.orchestra.run.smithi038.stdout:/usr/bin/ceph: stderr
2024-04-22T21:01:19.682+0000 7fccceffd700 1 --2- 172.21.15.38:0/3012004544 >> [v2:172.21.15.38:6800/2551561659,v1:172.21.15.38:6801/2551561659] conn(0x7fccb8036810 0x7fccb8038cc0 secure :-1 s=READY pgs=18 cs=0 l=1 rev1=1 crypto rx=0x7fccc4009990 tx=0x7fccc4006e40 comp rx=0 tx=0).ready entity=mgr.14120 client_cookie=0 server_cookie=0 in_seq=0 out_seq=0
2024-04-22T21:01:20.495 INFO:teuthology.orchestra.run.smithi038.stdout:/usr/bin/ceph: stderr
2024-04-22T21:01:19.687+0000 7fccb7fff700 1 -- 172.21.15.38:0/3012004544 <== mon.0 v2:172.21.15.38:3300/0 6 ==== mon_command_ack([{"prefix": "get_command_descriptions"}]=0 v0) v1 ==== 72+0+176702 (secure 0 0 0) 0x7fccc002b8e0 con 0x7fccd0101880
2024-04-22T21:01:20.495 INFO:teuthology.orchestra.run.smithi038.stdout:/usr/bin/ceph: stderr
2024-04-22T21:01:19.894+0000 7fccd5e86700 1 -- 172.21.15.38:0/3012004544 --> [v2:172.21.15.38:6800/2551561659,v1:172.21.15.38:6801/2551561659] -- mgr_command(tid 0: {"prefix": "orch apply", "service_type": "alertmanager", "target": ["mon-mgr", ""]}) v1 -- 0x7fccd00fe2f0 con 0x7fccb8036810
2024-04-22T21:01:20.495 INFO:teuthology.orchestra.run.smithi038.stdout:/usr/bin/ceph: stderr
2024-04-22T21:01:19.898+0000 7fccb7fff700 1 -- 172.21.15.38:0/3012004544 <== mgr.14120 v2:172.21.15.38:6800/2551561659 1 ==== mgr_command_reply(tid 0: 0 ) v1 ==== 8+0+33 (secure 0 0 0) 0x7fccd00fe2f0 con 0x7fccb8036810
2024-04-22T21:01:20.495 INFO:teuthology.orchestra.run.smithi038.stdout:/usr/bin/ceph: stderr
2024-04-22T21:01:19.900+0000 7fccd5e86700 1 -- 172.21.15.38:0/3012004544 >> [v2:172.21.15.38:6800/2551561659,v1:172.21.15.38:6801/2551561659] conn(0x7fccb8036810 msgr2=0x7fccb8038cc0 secure :-1 s=STATE_CONNECTION_ESTABLISHED l=1).mark_down
2024-04-22T21:01:20.495 INFO:teuthology.orchestra.run.smithi038.stdout:/usr/bin/ceph: stderr
2024-04-22T21:01:19.900+0000 7fccd5e86700 1 --2- 172.21.15.38:0/3012004544 >> [v2:172.21.15.38:6800/2551561659,v1:172.21.15.38:6801/2551561659] conn(0x7fccb8036810 0x7fccb8038cc0 secure :-1 s=READY pgs=18 cs=0 l=1 rev1=1 crypto rx=0x7fccc4009990 tx=0x7fccc4006e40 comp rx=0 tx=0).stop
2024-04-22T21:01:20.495 INFO:teuthology.orchestra.run.smithi038.stdout:/usr/bin/ceph: stderr
2024-04-22T21:01:19.900+0000 7fccd5e86700 1 -- 172.21.15.38:0/3012004544 >> [v2:172.21.15.38:3300/0,v1:172.21.15.38:6789/0] conn(0x7fccd0101880 msgr2=0x7fccd0076b30 secure :-1 s=STATE_CONNECTION_ESTABLISHED l=1).mark_down
2024-04-22T21:01:20.495 INFO:teuthology.orchestra.run.smithi038.stdout:/usr/bin/ceph: stderr
2024-04-22T21:01:19.900+0000 7fccd5e86700 1 --2- 172.21.15.38:0/3012004544 >> [v2:172.21.15.38:3300/0,v1:172.21.15.38:6789/0] conn(0x7fccd0101880 0x7fccd0076b30 secure :-1 s=READY pgs=60 cs=0 l=1 rev1=1 crypto rx=0x7fccc00090b0 tx=0x7fccc0009250 comp rx=0 tx=0).stop
2024-04-22T21:01:20.495 INFO:teuthology.orchestra.run.smithi038.stdout:/usr/bin/ceph: stderr
2024-04-22T21:01:19.900+0000 7fccd5e86700 1 -- 172.21.15.38:0/3012004544 shutdown_connections
2024-04-22T21:01:20.495 INFO:teuthology.orchestra.run.smithi038.stdout:/usr/bin/ceph: stderr
2024-04-22T21:01:19.900+0000 7fccd5e86700 1 --2- 172.21.15.38:0/3012004544 >> [v2:172.21.15.38:6800/2551561659,v1:172.21.15.38:6801/2551561659] conn(0x7fccb8036810 0x7fccb8038cc0 unknown :-1 s=CLOSED pgs=18 cs=0 l=1 rev1=1 crypto rx=0 tx=0 comp rx=0 tx=0).stop
2024-04-22T21:01:20.495 INFO:teuthology.orchestra.run.smithi038.stdout:/usr/bin/ceph: stderr
2024-04-22T21:01:19.900+0000 7fccd5e86700 1 --2- 172.21.15.38:0/3012004544 >> [v2:172.21.15.38:3300/0,v1:172.21.15.38:6789/0] conn(0x7fccd0101880 0x7fccd0076b30 unknown :-1 s=CLOSED pgs=60 cs=0 l=1 rev1=1 crypto rx=0 tx=0 comp rx=0 tx=0).stop
2024-04-22T21:01:20.496 INFO:teuthology.orchestra.run.smithi038.stdout:/usr/bin/ceph: stderr
2024-04-22T21:01:19.900+0000 7fccd5e86700 1 -- 172.21.15.38:0/3012004544 >> 172.21.15.38:0/3012004544 conn(0x7fccd00fd040 msgr2=0x7fccd00fdbe0 unknown :-1 s=STATE_NONE l=0).mark_down
2024-04-22T21:01:20.496 INFO:teuthology.orchestra.run.smithi038.stdout:/usr/bin/ceph: stderr
2024-04-22T21:01:19.901+0000 7fccd5e86700 1 -- 172.21.15.38:0/3012004544 shutdown_connections
2024-04-22T21:01:20.496 INFO:teuthology.orchestra.run.smithi038.stdout:/usr/bin/ceph: stderr
2024-04-22T21:01:19.901+0000 7fccd5e86700 1 -- 172.21.15.38:0/3012004544 wait complete.
2024-04-22T21:01:21.100 INFO:journalctl@ceph.mon.smithi038.smithi038.stdout:Apr 22 21:01:20 smithi038 ceph-mon[26374]: from='client.14154 -' entity='client.admin' cmd=[{"prefix": "orch apply", "service_type": "alertmanager", "target": ["mon-mgr", ""]}]: dispatch
2024-04-22T21:01:21.101 INFO:journalctl@ceph.mon.smithi038.smithi038.stdout:Apr 22 21:01:20 smithi038 ceph-mon[26374]: Saving service alertmanager spec with placement count:1
2024-04-22T21:01:21.101 INFO:journalctl@ceph.mon.smithi038.smithi038.stdout:Apr 22 21:01:20 smithi038 ceph-mon[26374]: from='mgr.14120 172.21.15.38:0/1872612510' entity='mgr.smithi038.lxfgut'
2024-04-22T21:01:21.615 INFO:teuthology.orchestra.run.smithi038.stdout:/usr/bin/ceph: stderr
2024-04-22T21:01:20.899+0000 7fe664c25700 1 Processor -- start
2024-04-22T21:01:21.615 INFO:teuthology.orchestra.run.smithi038.stdout:/usr/bin/ceph: stderr
2024-04-22T21:01:20.899+0000 7fe664c25700 1 -- start start
2024-04-22T21:01:21.615 INFO:teuthology.orchestra.run.smithi038.stdout:/usr/bin/ceph: stderr
2024-04-22T21:01:20.899+0000 7fe664c25700 1 --2- >> [v2:172.21.15.38:3300/0,v1:172.21.15.38:6789/0] conn(0x7fe660076b40 0x7fe660105550 unknown :-1 s=NONE pgs=0 cs=0 l=0 rev1=0 crypto rx=0 tx=0 comp rx=0 tx=0).connect
2024-04-22T21:01:21.615 INFO:teuthology.orchestra.run.smithi038.stdout:/usr/bin/ceph: stderr
2024-04-22T21:01:20.899+0000 7fe664c25700 1 -- --> [v2:172.21.15.38:3300/0,v1:172.21.15.38:6789/0] -- mon_getmap magic: 0 v1 -- 0x7fe660076f50 con 0x7fe660076b40
2024-04-22T21:01:21.615 INFO:teuthology.orchestra.run.smithi038.stdout:/usr/bin/ceph: stderr
2024-04-22T21:01:20.900+0000 7fe65e59c700 1 --2- >> [v2:172.21.15.38:3300/0,v1:172.21.15.38:6789/0] conn(0x7fe660076b40 0x7fe660105550 unknown :-1 s=BANNER_CONNECTING pgs=0 cs=0 l=0 rev1=0 crypto rx=0 tx=0 comp rx=0 tx=0)._handle_peer_banner_payload supported=3 required=0
2024-04-22T21:01:21.615 INFO:teuthology.orchestra.run.smithi038.stdout:/usr/bin/ceph: stderr
2024-04-22T21:01:20.900+0000 7fe65e59c700 1 --2- >> [v2:172.21.15.38:3300/0,v1:172.21.15.38:6789/0] conn(0x7fe660076b40 0x7fe660105550 unknown :-1 s=HELLO_CONNECTING pgs=0 cs=0 l=0 rev1=1 crypto rx=0 tx=0 comp rx=0 tx=0).handle_hello peer v2:172.21.15.38:3300/0 says I am v2:172.21.15.38:52216/0 (socket says 172.21.15.38:52216)
2024-04-22T21:01:21.615 INFO:teuthology.orchestra.run.smithi038.stdout:/usr/bin/ceph: stderr
2024-04-22T21:01:20.900+0000 7fe65e59c700 1 -- 172.21.15.38:0/3624229985 learned_addr learned my addr 172.21.15.38:0/3624229985 (peer_addr_for_me v2:172.21.15.38:0/0)
2024-04-22T21:01:21.616 INFO:teuthology.orchestra.run.smithi038.stdout:/usr/bin/ceph: stderr
2024-04-22T21:01:20.900+0000 7fe65e59c700 1 -- 172.21.15.38:0/3624229985 --> [v2:172.21.15.38:3300/0,v1:172.21.15.38:6789/0] -- mon_subscribe({config=0+,monmap=0+}) v3 -- 0x7fe660105a90 con 0x7fe660076b40
2024-04-22T21:01:21.616 INFO:teuthology.orchestra.run.smithi038.stdout:/usr/bin/ceph: stderr
2024-04-22T21:01:20.900+0000 7fe65e59c700 1 --2- 172.21.15.38:0/3624229985 >> [v2:172.21.15.38:3300/0,v1:172.21.15.38:6789/0] conn(0x7fe660076b40 0x7fe660105550 secure :-1 s=READY pgs=61 cs=0 l=1 rev1=1 crypto rx=0x7fe6500098e0 tx=0x7fe650009250 comp rx=0 tx=0).ready entity=mon.0 client_cookie=581ede74c4c38dcf server_cookie=0 in_seq=0 out_seq=0
2024-04-22T21:01:21.616 INFO:teuthology.orchestra.run.smithi038.stdout:/usr/bin/ceph: stderr
2024-04-22T21:01:20.900+0000 7fe65d59a700 1 -- 172.21.15.38:0/3624229985 <== mon.0 v2:172.21.15.38:3300/0 1 ==== mon_map magic: 0 v1 ==== 229+0+0 (secure 0 0 0) 0x7fe65000b8f0 con 0x7fe660076b40
2024-04-22T21:01:21.616 INFO:teuthology.orchestra.run.smithi038.stdout:/usr/bin/ceph: stderr
2024-04-22T21:01:20.901+0000 7fe65d59a700 1 -- 172.21.15.38:0/3624229985 <== mon.0 v2:172.21.15.38:3300/0 2 ==== config(27 keys) v1 ==== 1109+0+0 (secure 0 0 0) 0x7fe650011420 con 0x7fe660076b40
2024-04-22T21:01:21.616 INFO:teuthology.orchestra.run.smithi038.stdout:/usr/bin/ceph: stderr
2024-04-22T21:01:20.901+0000 7fe65d59a700 1 -- 172.21.15.38:0/3624229985 <== mon.0 v2:172.21.15.38:3300/0 3 ==== mon_map magic: 0 v1 ==== 229+0+0 (secure 0 0 0) 0x7fe650010540 con 0x7fe660076b40
2024-04-22T21:01:21.616 INFO:teuthology.orchestra.run.smithi038.stdout:/usr/bin/ceph: stderr
2024-04-22T21:01:20.901+0000 7fe664c25700 1 -- 172.21.15.38:0/3624229985 >> [v2:172.21.15.38:3300/0,v1:172.21.15.38:6789/0] conn(0x7fe660076b40 msgr2=0x7fe660105550 secure :-1 s=STATE_CONNECTION_ESTABLISHED l=1).mark_down
2024-04-22T21:01:21.616 INFO:teuthology.orchestra.run.smithi038.stdout:/usr/bin/ceph: stderr
2024-04-22T21:01:20.901+0000 7fe664c25700 1 --2- 172.21.15.38:0/3624229985 >> [v2:172.21.15.38:3300/0,v1:172.21.15.38:6789/0] conn(0x7fe660076b40 0x7fe660105550 secure :-1 s=READY pgs=61 cs=0 l=1 rev1=1 crypto rx=0x7fe6500098e0 tx=0x7fe650009250 comp rx=0 tx=0).stop
2024-04-22T21:01:21.616 INFO:teuthology.orchestra.run.smithi038.stdout:/usr/bin/ceph: stderr
2024-04-22T21:01:20.901+0000 7fe664c25700 1 -- 172.21.15.38:0/3624229985 shutdown_connections
2024-04-22T21:01:21.616 INFO:teuthology.orchestra.run.smithi038.stdout:/usr/bin/ceph: stderr
2024-04-22T21:01:20.901+0000 7fe664c25700 1 --2- 172.21.15.38:0/3624229985 >> [v2:172.21.15.38:3300/0,v1:172.21.15.38:6789/0] conn(0x7fe660076b40 0x7fe660105550 unknown :-1 s=CLOSED pgs=61 cs=0 l=1 rev1=1 crypto rx=0 tx=0 comp rx=0 tx=0).stop
2024-04-22T21:01:21.616 INFO:teuthology.orchestra.run.smithi038.stdout:/usr/bin/ceph: stderr
2024-04-22T21:01:20.901+0000 7fe664c25700 1 -- 172.21.15.38:0/3624229985 >> 172.21.15.38:0/3624229985 conn(0x7fe6600fd040 msgr2=0x7fe6600ff450 unknown :-1 s=STATE_NONE l=0).mark_down
2024-04-22T21:01:21.616 INFO:teuthology.orchestra.run.smithi038.stdout:/usr/bin/ceph: stderr
2024-04-22T21:01:20.901+0000 7fe664c25700 1 -- 172.21.15.38:0/3624229985 shutdown_connections
2024-04-22T21:01:21.616 INFO:teuthology.orchestra.run.smithi038.stdout:/usr/bin/ceph: stderr
2024-04-22T21:01:20.901+0000 7fe664c25700 1 -- 172.21.15.38:0/3624229985 wait complete.
2024-04-22T21:01:21.617 INFO:teuthology.orchestra.run.smithi038.stdout:/usr/bin/ceph: stderr
2024-04-22T21:01:20.902+0000 7fe664c25700 1 Processor -- start
2024-04-22T21:01:21.617 INFO:teuthology.orchestra.run.smithi038.stdout:/usr/bin/ceph: stderr
2024-04-22T21:01:20.902+0000 7fe664c25700 1 -- start start
2024-04-22T21:01:21.617 INFO:teuthology.orchestra.run.smithi038.stdout:/usr/bin/ceph: stderr
2024-04-22T21:01:20.902+0000 7fe664c25700 1 --2- >> [v2:172.21.15.38:3300/0,v1:172.21.15.38:6789/0] conn(0x7fe660076b40 0x7fe660102ea0 unknown :-1 s=NONE pgs=0 cs=0 l=1 rev1=0 crypto rx=0 tx=0 comp rx=0 tx=0).connect
2024-04-22T21:01:21.617 INFO:teuthology.orchestra.run.smithi038.stdout:/usr/bin/ceph: stderr
2024-04-22T21:01:20.902+0000 7fe664c25700 1 -- --> [v2:172.21.15.38:3300/0,v1:172.21.15.38:6789/0] -- mon_getmap magic: 0 v1 -- 0x7fe6601033e0 con 0x7fe660076b40
2024-04-22T21:01:21.617 INFO:teuthology.orchestra.run.smithi038.stdout:/usr/bin/ceph: stderr
2024-04-22T21:01:20.902+0000 7fe65e59c700 1 --2- >> [v2:172.21.15.38:3300/0,v1:172.21.15.38:6789/0] conn(0x7fe660076b40 0x7fe660102ea0 unknown :-1 s=BANNER_CONNECTING pgs=0 cs=0 l=1 rev1=0 crypto rx=0 tx=0 comp rx=0 tx=0)._handle_peer_banner_payload supported=3 required=0
2024-04-22T21:01:21.617 INFO:teuthology.orchestra.run.smithi038.stdout:/usr/bin/ceph: stderr
2024-04-22T21:01:20.902+0000 7fe65e59c700 1 --2- >> [v2:172.21.15.38:3300/0,v1:172.21.15.38:6789/0] conn(0x7fe660076b40 0x7fe660102ea0 unknown :-1 s=HELLO_CONNECTING pgs=0 cs=0 l=1 rev1=1 crypto rx=0 tx=0 comp rx=0 tx=0).handle_hello peer v2:172.21.15.38:3300/0 says I am v2:172.21.15.38:52230/0 (socket says 172.21.15.38:52230)
2024-04-22T21:01:21.617 INFO:teuthology.orchestra.run.smithi038.stdout:/usr/bin/ceph: stderr
2024-04-22T21:01:20.902+0000 7fe65e59c700 1 -- 172.21.15.38:0/1554195213 learned_addr learned my addr 172.21.15.38:0/1554195213 (peer_addr_for_me v2:172.21.15.38:0/0)
2024-04-22T21:01:21.617 INFO:teuthology.orchestra.run.smithi038.stdout:/usr/bin/ceph: stderr
2024-04-22T21:01:20.902+0000 7fe65e59c700 1 -- 172.21.15.38:0/1554195213 --> [v2:172.21.15.38:3300/0,v1:172.21.15.38:6789/0] -- mon_subscribe({config=0+,monmap=0+}) v3 -- 0x7fe6500094f0 con 0x7fe660076b40
2024-04-22T21:01:21.617 INFO:teuthology.orchestra.run.smithi038.stdout:/usr/bin/ceph: stderr
2024-04-22T21:01:20.903+0000 7fe65e59c700 1 --2- 172.21.15.38:0/1554195213 >> [v2:172.21.15.38:3300/0,v1:172.21.15.38:6789/0] conn(0x7fe660076b40 0x7fe660102ea0 secure :-1 s=READY pgs=62 cs=0 l=1 rev1=1 crypto rx=0x7fe650011cf0 tx=0x7fe650009250 comp rx=0 tx=0).ready entity=mon.0 client_cookie=0 server_cookie=0 in_seq=0 out_seq=0
2024-04-22T21:01:21.617 INFO:teuthology.orchestra.run.smithi038.stdout:/usr/bin/ceph: stderr
2024-04-22T21:01:20.903+0000 7fe64effd700 1 -- 172.21.15.38:0/1554195213 <== mon.0 v2:172.21.15.38:3300/0 1 ==== mon_map magic: 0 v1 ==== 229+0+0 (secure 0 0 0) 0x7fe650010800 con 0x7fe660076b40
2024-04-22T21:01:21.617 INFO:teuthology.orchestra.run.smithi038.stdout:/usr/bin/ceph: stderr
2024-04-22T21:01:20.903+0000 7fe64effd700 1 -- 172.21.15.38:0/1554195213 <== mon.0 v2:172.21.15.38:3300/0 2 ==== config(27 keys) v1 ==== 1109+0+0 (secure 0 0 0) 0x7fe650010e30 con 0x7fe660076b40
2024-04-22T21:01:21.617 INFO:teuthology.orchestra.run.smithi038.stdout:/usr/bin/ceph: stderr
2024-04-22T21:01:20.903+0000 7fe664c25700 1 -- 172.21.15.38:0/1554195213 --> [v2:172.21.15.38:3300/0,v1:172.21.15.38:6789/0] -- mon_subscribe({mgrmap=0+}) v3 -- 0x7fe660101450 con 0x7fe660076b40
2024-04-22T21:01:21.617 INFO:teuthology.orchestra.run.smithi038.stdout:/usr/bin/ceph: stderr
2024-04-22T21:01:20.903+0000 7fe64effd700 1 -- 172.21.15.38:0/1554195213 <== mon.0 v2:172.21.15.38:3300/0 3 ==== mon_map magic: 0 v1 ==== 229+0+0 (secure 0 0 0) 0x7fe65001ae80 con 0x7fe660076b40
2024-04-22T21:01:21.617 INFO:teuthology.orchestra.run.smithi038.stdout:/usr/bin/ceph: stderr
2024-04-22T21:01:20.903+0000 7fe664c25700 1 -- 172.21.15.38:0/1554195213 --> [v2:172.21.15.38:3300/0,v1:172.21.15.38:6789/0] -- mon_subscribe({osdmap=0}) v3 -- 0x7fe660101940 con 0x7fe660076b40
2024-04-22T21:01:21.617 INFO:teuthology.orchestra.run.smithi038.stdout:/usr/bin/ceph: stderr
2024-04-22T21:01:20.904+0000 7fe64effd700 1 -- 172.21.15.38:0/1554195213 <== mon.0 v2:172.21.15.38:3300/0 4 ==== mgrmap(e 8) v1 ==== 43376+0+0 (secure 0 0 0) 0x7fe65002d3f0 con 0x7fe660076b40
2024-04-22T21:01:21.618 INFO:teuthology.orchestra.run.smithi038.stdout:/usr/bin/ceph: stderr
2024-04-22T21:01:20.904+0000 7fe664c25700 1 -- 172.21.15.38:0/1554195213 --> [v2:172.21.15.38:3300/0,v1:172.21.15.38:6789/0] -- mon_command({"prefix": "get_command_descriptions"} v 0) v1 -- 0x7fe66004bed0 con 0x7fe660076b40
2024-04-22T21:01:21.618 INFO:teuthology.orchestra.run.smithi038.stdout:/usr/bin/ceph: stderr
2024-04-22T21:01:20.904+0000 7fe64effd700 1 --2- 172.21.15.38:0/1554195213 >> [v2:172.21.15.38:6800/2551561659,v1:172.21.15.38:6801/2551561659] conn(0x7fe6480367e0 0x7fe648038c90 unknown :-1 s=NONE pgs=0 cs=0 l=1 rev1=0 crypto rx=0 tx=0 comp rx=0 tx=0).connect
2024-04-22T21:01:21.618 INFO:teuthology.orchestra.run.smithi038.stdout:/usr/bin/ceph: stderr
2024-04-22T21:01:20.904+0000 7fe64effd700 1 -- 172.21.15.38:0/1554195213 <== mon.0 v2:172.21.15.38:3300/0 5 ==== osd_map(2..2 src has 1..2) v4 ==== 936+0+0 (secure 0 0 0) 0x7fe65004a3a0 con 0x7fe660076b40
2024-04-22T21:01:21.618 INFO:teuthology.orchestra.run.smithi038.stdout:/usr/bin/ceph: stderr
2024-04-22T21:01:20.904+0000 7fe65dd9b700 1 --2- 172.21.15.38:0/1554195213 >> [v2:172.21.15.38:6800/2551561659,v1:172.21.15.38:6801/2551561659] conn(0x7fe6480367e0 0x7fe648038c90 unknown :-1 s=BANNER_CONNECTING pgs=0 cs=0 l=1 rev1=0 crypto rx=0 tx=0 comp rx=0 tx=0)._handle_peer_banner_payload supported=3 required=0
2024-04-22T21:01:21.618 INFO:teuthology.orchestra.run.smithi038.stdout:/usr/bin/ceph: stderr
2024-04-22T21:01:20.904+0000 7fe65dd9b700 1 --2- 172.21.15.38:0/1554195213 >> [v2:172.21.15.38:6800/2551561659,v1:172.21.15.38:6801/2551561659] conn(0x7fe6480367e0 0x7fe648038c90 secure :-1 s=READY pgs=19 cs=0 l=1 rev1=1 crypto rx=0x7fe654009990 tx=0x7fe654006e40 comp rx=0 tx=0).ready entity=mgr.14120 client_cookie=0 server_cookie=0 in_seq=0 out_seq=0
2024-04-22T21:01:21.618 INFO:teuthology.orchestra.run.smithi038.stdout:/usr/bin/ceph: stderr
2024-04-22T21:01:20.909+0000 7fe64effd700 1 -- 172.21.15.38:0/1554195213 <== mon.0 v2:172.21.15.38:3300/0 6 ==== mon_command_ack([{"prefix": "get_command_descriptions"}]=0 v0) v1 ==== 72+0+176702 (secure 0 0 0) 0x7fe65002b8e0 con 0x7fe660076b40
2024-04-22T21:01:21.618 INFO:teuthology.orchestra.run.smithi038.stdout:/usr/bin/ceph: stderr
2024-04-22T21:01:21.105+0000 7fe664c25700 1 -- 172.21.15.38:0/1554195213 --> [v2:172.21.15.38:3300/0,v1:172.21.15.38:6789/0] -- mon_command([{prefix=config set, name=mgr/cephadm/container_init}] v 0) v1 -- 0x7fe660106880 con 0x7fe660076b40
2024-04-22T21:01:21.618 INFO:teuthology.orchestra.run.smithi038.stdout:/usr/bin/ceph: stderr
2024-04-22T21:01:21.108+0000 7fe64effd700 1 -- 172.21.15.38:0/1554195213 <== mon.0 v2:172.21.15.38:3300/0 7 ==== mon_command_ack([{prefix=config set, name=mgr/cephadm/container_init}]=0 v7)=0 v7) v1 ==== 142+0+0 (secure 0 0 0) 0x7fe65002b2f0 con 0x7fe660076b40
2024-04-22T21:01:21.618 INFO:teuthology.orchestra.run.smithi038.stdout:/usr/bin/ceph: stderr
2024-04-22T21:01:21.111+0000 7fe664c25700 1 -- 172.21.15.38:0/1554195213 >> [v2:172.21.15.38:6800/2551561659,v1:172.21.15.38:6801/2551561659] conn(0x7fe6480367e0 msgr2=0x7fe648038c90 secure :-1 s=STATE_CONNECTION_ESTABLISHED l=1).mark_down
2024-04-22T21:01:21.618 INFO:teuthology.orchestra.run.smithi038.stdout:/usr/bin/ceph: stderr
