2024-04-22T21:01:12.251+0000 7f9424ff9700 1 -- 172.21.15.38:0/135025510 <== mon.0 v2:172.21.15.38:3300/0 6 ==== mon_command_ack([{"prefix": "get_command_descriptions"}]=0 v0) v1 ==== 72+0+176702 (secure 0 0 0) 0x7f941802b8e0 con 0x7f9428102990
2024-04-22T21:01:13.091 INFO:teuthology.orchestra.run.smithi038.stdout:/usr/bin/ceph: stderr
2024-04-22T21:01:12.459+0000 7f942e85f700 1 -- 172.21.15.38:0/135025510 --> [v2:172.21.15.38:6800/2551561659,v1:172.21.15.38:6801/2551561659] -- mgr_command(tid 0: {"prefix": "orch apply", "service_type": "mgr", "target": ["mon-mgr", ""]}) v1 -- 0x7f94280ff3c0 con 0x7f9410036810
2024-04-22T21:01:13.091 INFO:teuthology.orchestra.run.smithi038.stdout:/usr/bin/ceph: stderr
2024-04-22T21:01:12.464+0000 7f9424ff9700 1 -- 172.21.15.38:0/135025510 <== mgr.14120 v2:172.21.15.38:6800/2551561659 1 ==== mgr_command_reply(tid 0: 0 ) v1 ==== 8+0+24 (secure 0 0 0) 0x7f94280ff3c0 con 0x7f9410036810
2024-04-22T21:01:13.091 INFO:teuthology.orchestra.run.smithi038.stdout:/usr/bin/ceph: stderr
2024-04-22T21:01:12.466+0000 7f942e85f700 1 -- 172.21.15.38:0/135025510 >> [v2:172.21.15.38:6800/2551561659,v1:172.21.15.38:6801/2551561659] conn(0x7f9410036810 msgr2=0x7f9410038cc0 secure :-1 s=STATE_CONNECTION_ESTABLISHED l=1).mark_down
2024-04-22T21:01:13.091 INFO:teuthology.orchestra.run.smithi038.stdout:/usr/bin/ceph: stderr
2024-04-22T21:01:12.466+0000 7f942e85f700 1 --2- 172.21.15.38:0/135025510 >> [v2:172.21.15.38:6800/2551561659,v1:172.21.15.38:6801/2551561659] conn(0x7f9410036810 0x7f9410038cc0 secure :-1 s=READY pgs=13 cs=0 l=1 rev1=1 crypto rx=0x7f941c009990 tx=0x7f941c006e40 comp rx=0 tx=0).stop
2024-04-22T21:01:13.091 INFO:teuthology.orchestra.run.smithi038.stdout:/usr/bin/ceph: stderr
2024-04-22T21:01:12.466+0000 7f942e85f700 1 -- 172.21.15.38:0/135025510 >> [v2:172.21.15.38:3300/0,v1:172.21.15.38:6789/0] conn(0x7f9428102990 msgr2=0x7f9428111710 secure :-1 s=STATE_CONNECTION_ESTABLISHED l=1).mark_down
2024-04-22T21:01:13.091 INFO:teuthology.orchestra.run.smithi038.stdout:/usr/bin/ceph: stderr
2024-04-22T21:01:12.466+0000 7f942e85f700 1 --2- 172.21.15.38:0/135025510 >> [v2:172.21.15.38:3300/0,v1:172.21.15.38:6789/0] conn(0x7f9428102990 0x7f9428111710 secure :-1 s=READY pgs=50 cs=0 l=1 rev1=1 crypto rx=0x7f94180090b0 tx=0x7f9418009250 comp rx=0 tx=0).stop
2024-04-22T21:01:13.091 INFO:teuthology.orchestra.run.smithi038.stdout:/usr/bin/ceph: stderr
2024-04-22T21:01:12.466+0000 7f942e85f700 1 -- 172.21.15.38:0/135025510 shutdown_connections
2024-04-22T21:01:13.091 INFO:teuthology.orchestra.run.smithi038.stdout:/usr/bin/ceph: stderr
2024-04-22T21:01:12.466+0000 7f942e85f700 1 --2- 172.21.15.38:0/135025510 >> [v2:172.21.15.38:6800/2551561659,v1:172.21.15.38:6801/2551561659] conn(0x7f9410036810 0x7f9410038cc0 unknown :-1 s=CLOSED pgs=13 cs=0 l=1 rev1=1 crypto rx=0 tx=0 comp rx=0 tx=0).stop
2024-04-22T21:01:13.091 INFO:teuthology.orchestra.run.smithi038.stdout:/usr/bin/ceph: stderr
2024-04-22T21:01:12.466+0000 7f942e85f700 1 --2- 172.21.15.38:0/135025510 >> [v2:172.21.15.38:3300/0,v1:172.21.15.38:6789/0] conn(0x7f9428102990 0x7f9428111710 unknown :-1 s=CLOSED pgs=50 cs=0 l=1 rev1=1 crypto rx=0 tx=0 comp rx=0 tx=0).stop
2024-04-22T21:01:13.091 INFO:teuthology.orchestra.run.smithi038.stdout:/usr/bin/ceph: stderr
2024-04-22T21:01:12.466+0000 7f942e85f700 1 -- 172.21.15.38:0/135025510 >> 172.21.15.38:0/135025510 conn(0x7f94280fe110 msgr2=0x7f94280fec90 unknown :-1 s=STATE_NONE l=0).mark_down
2024-04-22T21:01:13.091 INFO:teuthology.orchestra.run.smithi038.stdout:/usr/bin/ceph: stderr
2024-04-22T21:01:12.466+0000 7f942e85f700 1 -- 172.21.15.38:0/135025510 shutdown_connections
2024-04-22T21:01:13.092 INFO:teuthology.orchestra.run.smithi038.stdout:/usr/bin/ceph: stderr
2024-04-22T21:01:12.467+0000 7f942e85f700 1 -- 172.21.15.38:0/135025510 wait complete.
2024-04-22T21:01:13.092 INFO:teuthology.orchestra.run.smithi038.stdout:Deploying crash service with default placement...
2024-04-22T21:01:14.375 INFO:journalctl@ceph.mon.smithi038.smithi038.stdout:Apr 22 21:01:14 smithi038 ceph-mon[26374]: from='client.14144 -' entity='client.admin' cmd=[{"prefix": "orch apply", "service_type": "mgr", "target": ["mon-mgr", ""]}]: dispatch
2024-04-22T21:01:14.375 INFO:journalctl@ceph.mon.smithi038.smithi038.stdout:Apr 22 21:01:14 smithi038 ceph-mon[26374]: Saving service mgr spec with placement count:2
2024-04-22T21:01:14.375 INFO:journalctl@ceph.mon.smithi038.smithi038.stdout:Apr 22 21:01:14 smithi038 ceph-mon[26374]: from='mgr.14120 172.21.15.38:0/1872612510' entity='mgr.smithi038.lxfgut'
2024-04-22T21:01:14.789 INFO:teuthology.orchestra.run.smithi038.stdout:/usr/bin/ceph: stdout Scheduled crash update...
2024-04-22T21:01:14.789 INFO:teuthology.orchestra.run.smithi038.stdout:/usr/bin/ceph: stderr
2024-04-22T21:01:13.545+0000 7fe629b93700 1 Processor -- start
2024-04-22T21:01:14.789 INFO:teuthology.orchestra.run.smithi038.stdout:/usr/bin/ceph: stderr
2024-04-22T21:01:13.545+0000 7fe629b93700 1 -- start start
2024-04-22T21:01:14.789 INFO:teuthology.orchestra.run.smithi038.stdout:/usr/bin/ceph: stderr
2024-04-22T21:01:13.545+0000 7fe629b93700 1 --2- >> [v2:172.21.15.38:3300/0,v1:172.21.15.38:6789/0] conn(0x7fe624078bb0 0x7fe624077240 unknown :-1 s=NONE pgs=0 cs=0 l=0 rev1=0 crypto rx=0 tx=0 comp rx=0 tx=0).connect
2024-04-22T21:01:14.789 INFO:teuthology.orchestra.run.smithi038.stdout:/usr/bin/ceph: stderr
2024-04-22T21:01:13.545+0000 7fe629b93700 1 -- --> [v2:172.21.15.38:3300/0,v1:172.21.15.38:6789/0] -- mon_getmap magic: 0 v1 -- 0x7fe624078fc0 con 0x7fe624078bb0
2024-04-22T21:01:14.789 INFO:teuthology.orchestra.run.smithi038.stdout:/usr/bin/ceph: stderr
2024-04-22T21:01:13.545+0000 7fe6237fe700 1 --2- >> [v2:172.21.15.38:3300/0,v1:172.21.15.38:6789/0] conn(0x7fe624078bb0 0x7fe624077240 unknown :-1 s=BANNER_CONNECTING pgs=0 cs=0 l=0 rev1=0 crypto rx=0 tx=0 comp rx=0 tx=0)._handle_peer_banner_payload supported=3 required=0
2024-04-22T21:01:14.789 INFO:teuthology.orchestra.run.smithi038.stdout:/usr/bin/ceph: stderr
2024-04-22T21:01:13.545+0000 7fe6237fe700 1 --2- >> [v2:172.21.15.38:3300/0,v1:172.21.15.38:6789/0] conn(0x7fe624078bb0 0x7fe624077240 unknown :-1 s=HELLO_CONNECTING pgs=0 cs=0 l=0 rev1=1 crypto rx=0 tx=0 comp rx=0 tx=0).handle_hello peer v2:172.21.15.38:3300/0 says I am v2:172.21.15.38:52130/0 (socket says 172.21.15.38:52130)
2024-04-22T21:01:14.789 INFO:teuthology.orchestra.run.smithi038.stdout:/usr/bin/ceph: stderr
2024-04-22T21:01:13.545+0000 7fe6237fe700 1 -- 172.21.15.38:0/2785489601 learned_addr learned my addr 172.21.15.38:0/2785489601 (peer_addr_for_me v2:172.21.15.38:0/0)
2024-04-22T21:01:14.789 INFO:teuthology.orchestra.run.smithi038.stdout:/usr/bin/ceph: stderr
2024-04-22T21:01:13.546+0000 7fe6237fe700 1 -- 172.21.15.38:0/2785489601 --> [v2:172.21.15.38:3300/0,v1:172.21.15.38:6789/0] -- mon_subscribe({config=0+,monmap=0+}) v3 -- 0x7fe624079100 con 0x7fe624078bb0
2024-04-22T21:01:14.789 INFO:teuthology.orchestra.run.smithi038.stdout:/usr/bin/ceph: stderr
2024-04-22T21:01:13.546+0000 7fe6237fe700 1 --2- 172.21.15.38:0/2785489601 >> [v2:172.21.15.38:3300/0,v1:172.21.15.38:6789/0] conn(0x7fe624078bb0 0x7fe624077240 secure :-1 s=READY pgs=51 cs=0 l=1 rev1=1 crypto rx=0x7fe61c009e50 tx=0x7fe61c009840 comp rx=0 tx=0).ready entity=mon.0 client_cookie=27351952014ef338 server_cookie=0 in_seq=0 out_seq=0
2024-04-22T21:01:14.789 INFO:teuthology.orchestra.run.smithi038.stdout:/usr/bin/ceph: stderr
2024-04-22T21:01:13.546+0000 7fe6227fc700 1 -- 172.21.15.38:0/2785489601 <== mon.0 v2:172.21.15.38:3300/0 1 ==== mon_map magic: 0 v1 ==== 229+0+0 (secure 0 0 0) 0x7fe61c0092e0 con 0x7fe624078bb0
2024-04-22T21:01:14.790 INFO:teuthology.orchestra.run.smithi038.stdout:/usr/bin/ceph: stderr
2024-04-22T21:01:13.546+0000 7fe6227fc700 1 -- 172.21.15.38:0/2785489601 <== mon.0 v2:172.21.15.38:3300/0 2 ==== config(27 keys) v1 ==== 1109+0+0 (secure 0 0 0) 0x7fe61c012430 con 0x7fe624078bb0
2024-04-22T21:01:14.790 INFO:teuthology.orchestra.run.smithi038.stdout:/usr/bin/ceph: stderr
2024-04-22T21:01:13.546+0000 7fe6227fc700 1 -- 172.21.15.38:0/2785489601 <== mon.0 v2:172.21.15.38:3300/0 3 ==== mon_map magic: 0 v1 ==== 229+0+0 (secure 0 0 0) 0x7fe61c0075c0 con 0x7fe624078bb0
2024-04-22T21:01:14.790 INFO:teuthology.orchestra.run.smithi038.stdout:/usr/bin/ceph: stderr
2024-04-22T21:01:13.547+0000 7fe629b93700 1 -- 172.21.15.38:0/2785489601 >> [v2:172.21.15.38:3300/0,v1:172.21.15.38:6789/0] conn(0x7fe624078bb0 msgr2=0x7fe624077240 secure :-1 s=STATE_CONNECTION_ESTABLISHED l=1).mark_down
2024-04-22T21:01:14.790 INFO:teuthology.orchestra.run.smithi038.stdout:/usr/bin/ceph: stderr
2024-04-22T21:01:13.547+0000 7fe629b93700 1 --2- 172.21.15.38:0/2785489601 >> [v2:172.21.15.38:3300/0,v1:172.21.15.38:6789/0] conn(0x7fe624078bb0 0x7fe624077240 secure :-1 s=READY pgs=51 cs=0 l=1 rev1=1 crypto rx=0x7fe61c009e50 tx=0x7fe61c009840 comp rx=0 tx=0).stop
2024-04-22T21:01:14.790 INFO:teuthology.orchestra.run.smithi038.stdout:/usr/bin/ceph: stderr
2024-04-22T21:01:13.547+0000 7fe629b93700 1 -- 172.21.15.38:0/2785489601 shutdown_connections
2024-04-22T21:01:14.790 INFO:teuthology.orchestra.run.smithi038.stdout:/usr/bin/ceph: stderr
2024-04-22T21:01:13.547+0000 7fe629b93700 1 --2- 172.21.15.38:0/2785489601 >> [v2:172.21.15.38:3300/0,v1:172.21.15.38:6789/0] conn(0x7fe624078bb0 0x7fe624077240 unknown :-1 s=CLOSED pgs=51 cs=0 l=1 rev1=1 crypto rx=0 tx=0 comp rx=0 tx=0).stop
2024-04-22T21:01:14.790 INFO:teuthology.orchestra.run.smithi038.stdout:/usr/bin/ceph: stderr
2024-04-22T21:01:13.547+0000 7fe629b93700 1 -- 172.21.15.38:0/2785489601 >> 172.21.15.38:0/2785489601 conn(0x7fe6240fe140 msgr2=0x7fe624100550 unknown :-1 s=STATE_NONE l=0).mark_down
2024-04-22T21:01:14.790 INFO:teuthology.orchestra.run.smithi038.stdout:/usr/bin/ceph: stderr
2024-04-22T21:01:13.547+0000 7fe629b93700 1 -- 172.21.15.38:0/2785489601 shutdown_connections
2024-04-22T21:01:14.790 INFO:teuthology.orchestra.run.smithi038.stdout:/usr/bin/ceph: stderr
2024-04-22T21:01:13.547+0000 7fe629b93700 1 -- 172.21.15.38:0/2785489601 wait complete.
2024-04-22T21:01:14.790 INFO:teuthology.orchestra.run.smithi038.stdout:/usr/bin/ceph: stderr
2024-04-22T21:01:13.547+0000 7fe629b93700 1 Processor -- start
2024-04-22T21:01:14.790 INFO:teuthology.orchestra.run.smithi038.stdout:/usr/bin/ceph: stderr
2024-04-22T21:01:13.547+0000 7fe629b93700 1 -- start start
2024-04-22T21:01:14.790 INFO:teuthology.orchestra.run.smithi038.stdout:/usr/bin/ceph: stderr
2024-04-22T21:01:13.548+0000 7fe629b93700 1 --2- >> [v2:172.21.15.38:3300/0,v1:172.21.15.38:6789/0] conn(0x7fe624078bb0 0x7fe6241138d0 unknown :-1 s=NONE pgs=0 cs=0 l=1 rev1=0 crypto rx=0 tx=0 comp rx=0 tx=0).connect
2024-04-22T21:01:14.790 INFO:teuthology.orchestra.run.smithi038.stdout:/usr/bin/ceph: stderr
2024-04-22T21:01:13.548+0000 7fe629b93700 1 -- --> [v2:172.21.15.38:3300/0,v1:172.21.15.38:6789/0] -- mon_getmap magic: 0 v1 -- 0x7fe624113e10 con 0x7fe624078bb0
2024-04-22T21:01:14.791 INFO:teuthology.orchestra.run.smithi038.stdout:/usr/bin/ceph: stderr
2024-04-22T21:01:13.548+0000 7fe6237fe700 1 --2- >> [v2:172.21.15.38:3300/0,v1:172.21.15.38:6789/0] conn(0x7fe624078bb0 0x7fe6241138d0 unknown :-1 s=BANNER_CONNECTING pgs=0 cs=0 l=1 rev1=0 crypto rx=0 tx=0 comp rx=0 tx=0)._handle_peer_banner_payload supported=3 required=0
2024-04-22T21:01:14.791 INFO:teuthology.orchestra.run.smithi038.stdout:/usr/bin/ceph: stderr
2024-04-22T21:01:13.548+0000 7fe6237fe700 1 --2- >> [v2:172.21.15.38:3300/0,v1:172.21.15.38:6789/0] conn(0x7fe624078bb0 0x7fe6241138d0 unknown :-1 s=HELLO_CONNECTING pgs=0 cs=0 l=1 rev1=1 crypto rx=0 tx=0 comp rx=0 tx=0).handle_hello peer v2:172.21.15.38:3300/0 says I am v2:172.21.15.38:52136/0 (socket says 172.21.15.38:52136)
2024-04-22T21:01:14.791 INFO:teuthology.orchestra.run.smithi038.stdout:/usr/bin/ceph: stderr
2024-04-22T21:01:13.548+0000 7fe6237fe700 1 -- 172.21.15.38:0/884974286 learned_addr learned my addr 172.21.15.38:0/884974286 (peer_addr_for_me v2:172.21.15.38:0/0)
2024-04-22T21:01:14.791 INFO:teuthology.orchestra.run.smithi038.stdout:/usr/bin/ceph: stderr
2024-04-22T21:01:13.548+0000 7fe6237fe700 1 -- 172.21.15.38:0/884974286 --> [v2:172.21.15.38:3300/0,v1:172.21.15.38:6789/0] -- mon_subscribe({config=0+,monmap=0+}) v3 -- 0x7fe61c009ae0 con 0x7fe624078bb0
2024-04-22T21:01:14.791 INFO:teuthology.orchestra.run.smithi038.stdout:/usr/bin/ceph: stderr
2024-04-22T21:01:13.548+0000 7fe6237fe700 1 --2- 172.21.15.38:0/884974286 >> [v2:172.21.15.38:3300/0,v1:172.21.15.38:6789/0] conn(0x7fe624078bb0 0x7fe6241138d0 secure :-1 s=READY pgs=52 cs=0 l=1 rev1=1 crypto rx=0x7fe61c009fd0 tx=0x7fe61c009840 comp rx=0 tx=0).ready entity=mon.0 client_cookie=0 server_cookie=0 in_seq=0 out_seq=0
2024-04-22T21:01:14.791 INFO:teuthology.orchestra.run.smithi038.stdout:/usr/bin/ceph: stderr
2024-04-22T21:01:13.548+0000 7fe61bfff700 1 -- 172.21.15.38:0/884974286 <== mon.0 v2:172.21.15.38:3300/0 1 ==== mon_map magic: 0 v1 ==== 229+0+0 (secure 0 0 0) 0x7fe61c0092e0 con 0x7fe624078bb0
2024-04-22T21:01:14.791 INFO:teuthology.orchestra.run.smithi038.stdout:/usr/bin/ceph: stderr
2024-04-22T21:01:13.548+0000 7fe61bfff700 1 -- 172.21.15.38:0/884974286 <== mon.0 v2:172.21.15.38:3300/0 2 ==== config(27 keys) v1 ==== 1109+0+0 (secure 0 0 0) 0x7fe61c007d50 con 0x7fe624078bb0
2024-04-22T21:01:14.791 INFO:teuthology.orchestra.run.smithi038.stdout:/usr/bin/ceph: stderr
2024-04-22T21:01:13.548+0000 7fe629b93700 1 -- 172.21.15.38:0/884974286 --> [v2:172.21.15.38:3300/0,v1:172.21.15.38:6789/0] -- mon_subscribe({mgrmap=0+}) v3 -- 0x7fe624114010 con 0x7fe624078bb0
2024-04-22T21:01:14.791 INFO:teuthology.orchestra.run.smithi038.stdout:/usr/bin/ceph: stderr
2024-04-22T21:01:13.548+0000 7fe61bfff700 1 -- 172.21.15.38:0/884974286 <== mon.0 v2:172.21.15.38:3300/0 3 ==== mon_map magic: 0 v1 ==== 229+0+0 (secure 0 0 0) 0x7fe61c01ca90 con 0x7fe624078bb0
2024-04-22T21:01:14.791 INFO:teuthology.orchestra.run.smithi038.stdout:/usr/bin/ceph: stderr
2024-04-22T21:01:13.548+0000 7fe629b93700 1 -- 172.21.15.38:0/884974286 --> [v2:172.21.15.38:3300/0,v1:172.21.15.38:6789/0] -- mon_subscribe({osdmap=0}) v3 -- 0x7fe624114b80 con 0x7fe624078bb0
2024-04-22T21:01:14.791 INFO:teuthology.orchestra.run.smithi038.stdout:/usr/bin/ceph: stderr
2024-04-22T21:01:13.549+0000 7fe61bfff700 1 -- 172.21.15.38:0/884974286 <== mon.0 v2:172.21.15.38:3300/0 4 ==== mgrmap(e 8) v1 ==== 43376+0+0 (secure 0 0 0) 0x7fe61c019070 con 0x7fe624078bb0
2024-04-22T21:01:14.791 INFO:teuthology.orchestra.run.smithi038.stdout:/usr/bin/ceph: stderr
2024-04-22T21:01:13.549+0000 7fe629b93700 1 -- 172.21.15.38:0/884974286 --> [v2:172.21.15.38:3300/0,v1:172.21.15.38:6789/0] -- mon_command({"prefix": "get_command_descriptions"} v 0) v1 -- 0x7fe62405f5f0 con 0x7fe624078bb0
2024-04-22T21:01:14.791 INFO:teuthology.orchestra.run.smithi038.stdout:/usr/bin/ceph: stderr
2024-04-22T21:01:13.549+0000 7fe61bfff700 1 --2- 172.21.15.38:0/884974286 >> [v2:172.21.15.38:6800/2551561659,v1:172.21.15.38:6801/2551561659] conn(0x7fe610036790 0x7fe610038c40 unknown :-1 s=NONE pgs=0 cs=0 l=1 rev1=0 crypto rx=0 tx=0 comp rx=0 tx=0).connect
2024-04-22T21:01:14.791 INFO:teuthology.orchestra.run.smithi038.stdout:/usr/bin/ceph: stderr
2024-04-22T21:01:13.550+0000 7fe61bfff700 1 -- 172.21.15.38:0/884974286 <== mon.0 v2:172.21.15.38:3300/0 5 ==== osd_map(2..2 src has 1..2) v4 ==== 936+0+0 (secure 0 0 0) 0x7fe61c04a140 con 0x7fe624078bb0
2024-04-22T21:01:14.792 INFO:teuthology.orchestra.run.smithi038.stdout:/usr/bin/ceph: stderr
2024-04-22T21:01:13.550+0000 7fe622ffd700 1 --2- 172.21.15.38:0/884974286 >> [v2:172.21.15.38:6800/2551561659,v1:172.21.15.38:6801/2551561659] conn(0x7fe610036790 0x7fe610038c40 unknown :-1 s=BANNER_CONNECTING pgs=0 cs=0 l=1 rev1=0 crypto rx=0 tx=0 comp rx=0 tx=0)._handle_peer_banner_payload supported=3 required=0
2024-04-22T21:01:14.792 INFO:teuthology.orchestra.run.smithi038.stdout:/usr/bin/ceph: stderr
2024-04-22T21:01:13.550+0000 7fe622ffd700 1 --2- 172.21.15.38:0/884974286 >> [v2:172.21.15.38:6800/2551561659,v1:172.21.15.38:6801/2551561659] conn(0x7fe610036790 0x7fe610038c40 secure :-1 s=READY pgs=14 cs=0 l=1 rev1=1 crypto rx=0x7fe60c009990 tx=0x7fe60c006e40 comp rx=0 tx=0).ready entity=mgr.14120 client_cookie=0 server_cookie=0 in_seq=0 out_seq=0
2024-04-22T21:01:14.792 INFO:teuthology.orchestra.run.smithi038.stdout:/usr/bin/ceph: stderr
2024-04-22T21:01:13.554+0000 7fe61bfff700 1 -- 172.21.15.38:0/884974286 <== mon.0 v2:172.21.15.38:3300/0 6 ==== mon_command_ack([{"prefix": "get_command_descriptions"}]=0 v0) v1 ==== 72+0+176702 (secure 0 0 0) 0x7fe61c019910 con 0x7fe624078bb0
2024-04-22T21:01:14.792 INFO:teuthology.orchestra.run.smithi038.stdout:/usr/bin/ceph: stderr
2024-04-22T21:01:13.767+0000 7fe629b93700 1 -- 172.21.15.38:0/884974286 --> [v2:172.21.15.38:6800/2551561659,v1:172.21.15.38:6801/2551561659] -- mgr_command(tid 0: {"prefix": "orch apply", "service_type": "crash", "target": ["mon-mgr", ""]}) v1 -- 0x7fe6240ff370 con 0x7fe610036790
2024-04-22T21:01:14.792 INFO:teuthology.orchestra.run.smithi038.stdout:/usr/bin/ceph: stderr
2024-04-22T21:01:13.772+0000 7fe61bfff700 1 -- 172.21.15.38:0/884974286 <== mgr.14120 v2:172.21.15.38:6800/2551561659 1 ==== mgr_command_reply(tid 0: 0 ) v1 ==== 8+0+26 (secure 0 0 0) 0x7fe6240ff370 con 0x7fe610036790
2024-04-22T21:01:14.792 INFO:teuthology.orchestra.run.smithi038.stdout:/usr/bin/ceph: stderr
2024-04-22T21:01:13.775+0000 7fe629b93700 1 -- 172.21.15.38:0/884974286 >> [v2:172.21.15.38:6800/2551561659,v1:172.21.15.38:6801/2551561659] conn(0x7fe610036790 msgr2=0x7fe610038c40 secure :-1 s=STATE_CONNECTION_ESTABLISHED l=1).mark_down
2024-04-22T21:01:14.792 INFO:teuthology.orchestra.run.smithi038.stdout:/usr/bin/ceph: stderr
2024-04-22T21:01:13.775+0000 7fe629b93700 1 --2- 172.21.15.38:0/884974286 >> [v2:172.21.15.38:6800/2551561659,v1:172.21.15.38:6801/2551561659] conn(0x7fe610036790 0x7fe610038c40 secure :-1 s=READY pgs=14 cs=0 l=1 rev1=1 crypto rx=0x7fe60c009990 tx=0x7fe60c006e40 comp rx=0 tx=0).stop
2024-04-22T21:01:14.792 INFO:teuthology.orchestra.run.smithi038.stdout:/usr/bin/ceph: stderr
2024-04-22T21:01:13.775+0000 7fe629b93700 1 -- 172.21.15.38:0/884974286 >> [v2:172.21.15.38:3300/0,v1:172.21.15.38:6789/0] conn(0x7fe624078bb0 msgr2=0x7fe6241138d0 secure :-1 s=STATE_CONNECTION_ESTABLISHED l=1).mark_down
2024-04-22T21:01:14.792 INFO:teuthology.orchestra.run.smithi038.stdout:/usr/bin/ceph: stderr
2024-04-22T21:01:13.775+0000 7fe629b93700 1 --2- 172.21.15.38:0/884974286 >> [v2:172.21.15.38:3300/0,v1:172.21.15.38:6789/0] conn(0x7fe624078bb0 0x7fe6241138d0 secure :-1 s=READY pgs=52 cs=0 l=1 rev1=1 crypto rx=0x7fe61c009fd0 tx=0x7fe61c009840 comp rx=0 tx=0).stop
2024-04-22T21:01:14.792 INFO:teuthology.orchestra.run.smithi038.stdout:/usr/bin/ceph: stderr
2024-04-22T21:01:13.775+0000 7fe629b93700 1 -- 172.21.15.38:0/884974286 shutdown_connections
2024-04-22T21:01:14.792 INFO:teuthology.orchestra.run.smithi038.stdout:/usr/bin/ceph: stderr
2024-04-22T21:01:13.775+0000 7fe629b93700 1 --2- 172.21.15.38:0/884974286 >> [v2:172.21.15.38:6800/2551561659,v1:172.21.15.38:6801/2551561659] conn(0x7fe610036790 0x7fe610038c40 unknown :-1 s=CLOSED pgs=14 cs=0 l=1 rev1=1 crypto rx=0 tx=0 comp rx=0 tx=0).stop
2024-04-22T21:01:14.792 INFO:teuthology.orchestra.run.smithi038.stdout:/usr/bin/ceph: stderr
2024-04-22T21:01:13.775+0000 7fe629b93700 1 --2- 172.21.15.38:0/884974286 >> [v2:172.21.15.38:3300/0,v1:172.21.15.38:6789/0] conn(0x7fe624078bb0 0x7fe6241138d0 unknown :-1 s=CLOSED pgs=52 cs=0 l=1 rev1=1 crypto rx=0 tx=0 comp rx=0 tx=0).stop
2024-04-22T21:01:14.792 INFO:teuthology.orchestra.run.smithi038.stdout:/usr/bin/ceph: stderr
2024-04-22T21:01:13.775+0000 7fe629b93700 1 -- 172.21.15.38:0/884974286 >> 172.21.15.38:0/884974286 conn(0x7fe6240fe140 msgr2=0x7fe6240fec60 unknown :-1 s=STATE_NONE l=0).mark_down
2024-04-22T21:01:14.792 INFO:teuthology.orchestra.run.smithi038.stdout:/usr/bin/ceph: stderr
2024-04-22T21:01:13.775+0000 7fe629b93700 1 -- 172.21.15.38:0/884974286 shutdown_connections
2024-04-22T21:01:14.793 INFO:teuthology.orchestra.run.smithi038.stdout:/usr/bin/ceph: stderr
2024-04-22T21:01:13.775+0000 7fe629b93700 1 -- 172.21.15.38:0/884974286 wait complete.
2024-04-22T21:01:14.793 INFO:teuthology.orchestra.run.smithi038.stdout:Deploying prometheus service with default placement...
2024-04-22T21:01:15.125 INFO:journalctl@ceph.mon.smithi038.smithi038.stdout:Apr 22 21:01:15 smithi038 ceph-mon[26374]: from='client.14146 -' entity='client.admin' cmd=[{"prefix": "orch apply", "service_type": "crash", "target": ["mon-mgr", ""]}]: dispatch
2024-04-22T21:01:15.125 INFO:journalctl@ceph.mon.smithi038.smithi038.stdout:Apr 22 21:01:15 smithi038 ceph-mon[26374]: Saving service crash spec with placement *
2024-04-22T21:01:15.125 INFO:journalctl@ceph.mon.smithi038.smithi038.stdout:Apr 22 21:01:15 smithi038 ceph-mon[26374]: from='mgr.14120 172.21.15.38:0/1872612510' entity='mgr.smithi038.lxfgut'
2024-04-22T21:01:16.014 INFO:teuthology.orchestra.run.smithi038.stdout:/usr/bin/ceph: stdout Scheduled prometheus update...
2024-04-22T21:01:16.014 INFO:teuthology.orchestra.run.smithi038.stdout:/usr/bin/ceph: stderr
2024-04-22T21:01:15.260+0000 7f9912673700 1 Processor -- start
2024-04-22T21:01:16.014 INFO:teuthology.orchestra.run.smithi038.stdout:/usr/bin/ceph: stderr
2024-04-22T21:01:15.260+0000 7f9912673700 1 -- start start
2024-04-22T21:01:16.014 INFO:teuthology.orchestra.run.smithi038.stdout:/usr/bin/ceph: stderr
2024-04-22T21:01:15.260+0000 7f9912673700 1 --2- >> [v2:172.21.15.38:3300/0,v1:172.21.15.38:6789/0] conn(0x7f990c1018b0 0x7f990c101cc0 unknown :-1 s=NONE pgs=0 cs=0 l=0 rev1=0 crypto rx=0 tx=0 comp rx=0 tx=0).connect
2024-04-22T21:01:16.014 INFO:teuthology.orchestra.run.smithi038.stdout:/usr/bin/ceph: stderr
2024-04-22T21:01:15.260+0000 7f9912673700 1 -- --> [v2:172.21.15.38:3300/0,v1:172.21.15.38:6789/0] -- mon_getmap magic: 0 v1 -- 0x7f990c102200 con 0x7f990c1018b0
2024-04-22T21:01:16.015 INFO:teuthology.orchestra.run.smithi038.stdout:/usr/bin/ceph: stderr
2024-04-22T21:01:15.260+0000 7f990bfff700 1 --2- >> [v2:172.21.15.38:3300/0,v1:172.21.15.38:6789/0] conn(0x7f990c1018b0 0x7f990c101cc0 unknown :-1 s=BANNER_CONNECTING pgs=0 cs=0 l=0 rev1=0 crypto rx=0 tx=0 comp rx=0 tx=0)._handle_peer_banner_payload supported=3 required=0
2024-04-22T21:01:16.015 INFO:teuthology.orchestra.run.smithi038.stdout:/usr/bin/ceph: stderr
2024-04-22T21:01:15.260+0000 7f990bfff700 1 --2- >> [v2:172.21.15.38:3300/0,v1:172.21.15.38:6789/0] conn(0x7f990c1018b0 0x7f990c101cc0 unknown :-1 s=HELLO_CONNECTING pgs=0 cs=0 l=0 rev1=1 crypto rx=0 tx=0 comp rx=0 tx=0).handle_hello peer v2:172.21.15.38:3300/0 says I am v2:172.21.15.38:52144/0 (socket says 172.21.15.38:52144)
2024-04-22T21:01:16.015 INFO:teuthology.orchestra.run.smithi038.stdout:/usr/bin/ceph: stderr
2024-04-22T21:01:15.260+0000 7f990bfff700 1 -- 172.21.15.38:0/2398552911 learned_addr learned my addr 172.21.15.38:0/2398552911 (peer_addr_for_me v2:172.21.15.38:0/0)
2024-04-22T21:01:16.015 INFO:teuthology.orchestra.run.smithi038.stdout:/usr/bin/ceph: stderr
2024-04-22T21:01:15.260+0000 7f990bfff700 1 -- 172.21.15.38:0/2398552911 --> [v2:172.21.15.38:3300/0,v1:172.21.15.38:6789/0] -- mon_subscribe({config=0+,monmap=0+}) v3 -- 0x7f990c102340 con 0x7f990c1018b0
2024-04-22T21:01:16.015 INFO:teuthology.orchestra.run.smithi038.stdout:/usr/bin/ceph: stderr
2024-04-22T21:01:15.261+0000 7f990bfff700 1 --2- 172.21.15.38:0/2398552911 >> [v2:172.21.15.38:3300/0,v1:172.21.15.38:6789/0] conn(0x7f990c1018b0 0x7f990c101cc0 secure :-1 s=READY pgs=53 cs=0 l=1 rev1=1 crypto rx=0x7f98fc0098e0 tx=0x7f98fc009250 comp rx=0 tx=0).ready entity=mon.0 client_cookie=1d6693bffd42554f server_cookie=0 in_seq=0 out_seq=0
2024-04-22T21:01:16.015 INFO:teuthology.orchestra.run.smithi038.stdout:/usr/bin/ceph: stderr
2024-04-22T21:01:15.261+0000 7f990affd700 1 -- 172.21.15.38:0/2398552911 <== mon.0 v2:172.21.15.38:3300/0 1 ==== mon_map magic: 0 v1 ==== 229+0+0 (secure 0 0 0) 0x7f98fc00b8f0 con 0x7f990c1018b0
2024-04-22T21:01:16.015 INFO:teuthology.orchestra.run.smithi038.stdout:/usr/bin/ceph: stderr
2024-04-22T21:01:15.261+0000 7f990affd700 1 -- 172.21.15.38:0/2398552911 <== mon.0 v2:172.21.15.38:3300/0 2 ==== config(27 keys) v1 ==== 1109+0+0 (secure 0 0 0) 0x7f98fc011420 con 0x7f990c1018b0
2024-04-22T21:01:16.015 INFO:teuthology.orchestra.run.smithi038.stdout:/usr/bin/ceph: stderr
2024-04-22T21:01:15.261+0000 7f990affd700 1 -- 172.21.15.38:0/2398552911 <== mon.0 v2:172.21.15.38:3300/0 3 ==== mon_map magic: 0 v1 ==== 229+0+0 (secure 0 0 0) 0x7f98fc010540 con 0x7f990c1018b0
2024-04-22T21:01:16.015 INFO:teuthology.orchestra.run.smithi038.stdout:/usr/bin/ceph: stderr
2024-04-22T21:01:15.262+0000 7f9912673700 1 -- 172.21.15.38:0/2398552911 >> [v2:172.21.15.38:3300/0,v1:172.21.15.38:6789/0] conn(0x7f990c1018b0 msgr2=0x7f990c101cc0 secure :-1 s=STATE_CONNECTION_ESTABLISHED l=1).mark_down
2024-04-22T21:01:16.015 INFO:teuthology.orchestra.run.smithi038.stdout:/usr/bin/ceph: stderr
2024-04-22T21:01:15.262+0000 7f9912673700 1 --2- 172.21.15.38:0/2398552911 >> [v2:172.21.15.38:3300/0,v1:172.21.15.38:6789/0] conn(0x7f990c1018b0 0x7f990c101cc0 secure :-1 s=READY pgs=53 cs=0 l=1 rev1=1 crypto rx=0x7f98fc0098e0 tx=0x7f98fc009250 comp rx=0 tx=0).stop
2024-04-22T21:01:16.015 INFO:teuthology.orchestra.run.smithi038.stdout:/usr/bin/ceph: stderr
2024-04-22T21:01:15.262+0000 7f9912673700 1 -- 172.21.15.38:0/2398552911 shutdown_connections
2024-04-22T21:01:16.015 INFO:teuthology.orchestra.run.smithi038.stdout:/usr/bin/ceph: stderr
2024-04-22T21:01:15.262+0000 7f9912673700 1 --2- 172.21.15.38:0/2398552911 >> [v2:172.21.15.38:3300/0,v1:172.21.15.38:6789/0] conn(0x7f990c1018b0 0x7f990c101cc0 unknown :-1 s=CLOSED pgs=53 cs=0 l=1 rev1=1 crypto rx=0 tx=0 comp rx=0 tx=0).stop
2024-04-22T21:01:16.015 INFO:teuthology.orchestra.run.smithi038.stdout:/usr/bin/ceph: stderr
2024-04-22T21:01:15.262+0000 7f9912673700 1 -- 172.21.15.38:0/2398552911 >> 172.21.15.38:0/2398552911 conn(0x7f990c0fd010 msgr2=0x7f990c0ff440 unknown :-1 s=STATE_NONE l=0).mark_down
2024-04-22T21:01:16.016 INFO:teuthology.orchestra.run.smithi038.stdout:/usr/bin/ceph: stderr
2024-04-22T21:01:15.262+0000 7f9912673700 1 -- 172.21.15.38:0/2398552911 shutdown_connections
2024-04-22T21:01:16.016 INFO:teuthology.orchestra.run.smithi038.stdout:/usr/bin/ceph: stderr
2024-04-22T21:01:15.262+0000 7f9912673700 1 -- 172.21.15.38:0/2398552911 wait complete.
2024-04-22T21:01:16.016 INFO:teuthology.orchestra.run.smithi038.stdout:/usr/bin/ceph: stderr
2024-04-22T21:01:15.262+0000 7f9912673700 1 Processor -- start
2024-04-22T21:01:16.016 INFO:teuthology.orchestra.run.smithi038.stdout:/usr/bin/ceph: stderr
2024-04-22T21:01:15.262+0000 7f9912673700 1 -- start start
2024-04-22T21:01:16.016 INFO:teuthology.orchestra.run.smithi038.stdout:/usr/bin/ceph: stderr
2024-04-22T21:01:15.263+0000 7f9912673700 1 --2- >> [v2:172.21.15.38:3300/0,v1:172.21.15.38:6789/0] conn(0x7f990c1018b0 0x7f990c076b30 unknown :-1 s=NONE pgs=0 cs=0 l=1 rev1=0 crypto rx=0 tx=0 comp rx=0 tx=0).connect
2024-04-22T21:01:16.016 INFO:teuthology.orchestra.run.smithi038.stdout:/usr/bin/ceph: stderr
2024-04-22T21:01:15.263+0000 7f9912673700 1 -- --> [v2:172.21.15.38:3300/0,v1:172.21.15.38:6789/0] -- mon_getmap magic: 0 v1 -- 0x7f990c112270 con 0x7f990c1018b0
2024-04-22T21:01:16.016 INFO:teuthology.orchestra.run.smithi038.stdout:/usr/bin/ceph: stderr
2024-04-22T21:01:15.263+0000 7f990bfff700 1 --2- >> [v2:172.21.15.38:3300/0,v1:172.21.15.38:6789/0] conn(0x7f990c1018b0 0x7f990c076b30 unknown :-1 s=BANNER_CONNECTING pgs=0 cs=0 l=1 rev1=0 crypto rx=0 tx=0 comp rx=0 tx=0)._handle_peer_banner_payload supported=3 required=0
2024-04-22T21:01:16.016 INFO:teuthology.orchestra.run.smithi038.stdout:/usr/bin/ceph: stderr
2024-04-22T21:01:15.263+0000 7f990bfff700 1 --2- >> [v2:172.21.15.38:3300/0,v1:172.21.15.38:6789/0] conn(0x7f990c1018b0 0x7f990c076b30 unknown :-1 s=HELLO_CONNECTING pgs=0 cs=0 l=1 rev1=1 crypto rx=0 tx=0 comp rx=0 tx=0).handle_hello peer v2:172.21.15.38:3300/0 says I am v2:172.21.15.38:52148/0 (socket says 172.21.15.38:52148)
2024-04-22T21:01:16.016 INFO:teuthology.orchestra.run.smithi038.stdout:/usr/bin/ceph: stderr
2024-04-22T21:01:15.263+0000 7f990bfff700 1 -- 172.21.15.38:0/1683433971 learned_addr learned my addr 172.21.15.38:0/1683433971 (peer_addr_for_me v2:172.21.15.38:0/0)
2024-04-22T21:01:16.016 INFO:teuthology.orchestra.run.smithi038.stdout:/usr/bin/ceph: stderr
2024-04-22T21:01:15.263+0000 7f990bfff700 1 -- 172.21.15.38:0/1683433971 --> [v2:172.21.15.38:3300/0,v1:172.21.15.38:6789/0] -- mon_subscribe({config=0+,monmap=0+}) v3 -- 0x7f98fc0094f0 con 0x7f990c1018b0
2024-04-22T21:01:16.016 INFO:teuthology.orchestra.run.smithi038.stdout:/usr/bin/ceph: stderr
2024-04-22T21:01:15.263+0000 7f990bfff700 1 --2- 172.21.15.38:0/1683433971 >> [v2:172.21.15.38:3300/0,v1:172.21.15.38:6789/0] conn(0x7f990c1018b0 0x7f990c076b30 secure :-1 s=READY pgs=54 cs=0 l=1 rev1=1 crypto rx=0x7f98fc006d40 tx=0x7f98fc009250 comp rx=0 tx=0).ready entity=mon.0 client_cookie=0 server_cookie=0 in_seq=0 out_seq=0
2024-04-22T21:01:16.016 INFO:teuthology.orchestra.run.smithi038.stdout:/usr/bin/ceph: stderr
2024-04-22T21:01:15.263+0000 7f9908ff9700 1 -- 172.21.15.38:0/1683433971 <== mon.0 v2:172.21.15.38:3300/0 1 ==== mon_map magic: 0 v1 ==== 229+0+0 (secure 0 0 0) 0x7f98fc00beb0 con 0x7f990c1018b0
2024-04-22T21:01:16.016 INFO:teuthology.orchestra.run.smithi038.stdout:/usr/bin/ceph: stderr
2024-04-22T21:01:15.263+0000 7f9912673700 1 -- 172.21.15.38:0/1683433971 --> [v2:172.21.15.38:3300/0,v1:172.21.15.38:6789/0] -- mon_subscribe({mgrmap=0+}) v3 -- 0x7f990c116880 con 0x7f990c1018b0
2024-04-22T21:01:16.016 INFO:teuthology.orchestra.run.smithi038.stdout:/usr/bin/ceph: stderr
2024-04-22T21:01:15.263+0000 7f9908ff9700 1 -- 172.21.15.38:0/1683433971 <== mon.0 v2:172.21.15.38:3300/0 2 ==== config(27 keys) v1 ==== 1109+0+0 (secure 0 0 0) 0x7f98fc010c80 con 0x7f990c1018b0
2024-04-22T21:01:16.017 INFO:teuthology.orchestra.run.smithi038.stdout:/usr/bin/ceph: stderr
2024-04-22T21:01:15.264+0000 7f9908ff9700 1 -- 172.21.15.38:0/1683433971 <== mon.0 v2:172.21.15.38:3300/0 3 ==== mon_map magic: 0 v1 ==== 229+0+0 (secure 0 0 0) 0x7f98fc024d40 con 0x7f990c1018b0
2024-04-22T21:01:16.017 INFO:teuthology.orchestra.run.smithi038.stdout:/usr/bin/ceph: stderr
2024-04-22T21:01:15.264+0000 7f9912673700 1 -- 172.21.15.38:0/1683433971 --> [v2:172.21.15.38:3300/0,v1:172.21.15.38:6789/0] -- mon_subscribe({osdmap=0}) v3 -- 0x7f990c116c50 con 0x7f990c1018b0
2024-04-22T21:01:16.017 INFO:teuthology.orchestra.run.smithi038.stdout:/usr/bin/ceph: stderr
2024-04-22T21:01:15.264+0000 7f9908ff9700 1 -- 172.21.15.38:0/1683433971 <== mon.0 v2:172.21.15.38:3300/0 4 ==== mgrmap(e 8) v1 ==== 43376+0+0 (secure 0 0 0) 0x7f98fc01a430 con 0x7f990c1018b0
2024-04-22T21:01:16.017 INFO:teuthology.orchestra.run.smithi038.stdout:/usr/bin/ceph: stderr
2024-04-22T21:01:15.264+0000 7f9912673700 1 -- 172.21.15.38:0/1683433971 --> [v2:172.21.15.38:3300/0,v1:172.21.15.38:6789/0] -- mon_command({"prefix": "get_command_descriptions"} v 0) v1 -- 0x7f990c04bed0 con 0x7f990c1018b0
2024-04-22T21:01:16.017 INFO:teuthology.orchestra.run.smithi038.stdout:/usr/bin/ceph: stderr
2024-04-22T21:01:15.265+0000 7f9908ff9700 1 --2- 172.21.15.38:0/1683433971 >> [v2:172.21.15.38:6800/2551561659,v1:172.21.15.38:6801/2551561659] conn(0x7f98f4036810 0x7f98f4038cc0 unknown :-1 s=NONE pgs=0 cs=0 l=1 rev1=0 crypto rx=0 tx=0 comp rx=0 tx=0).connect
2024-04-22T21:01:16.017 INFO:teuthology.orchestra.run.smithi038.stdout:/usr/bin/ceph: stderr
2024-04-22T21:01:15.265+0000 7f9908ff9700 1 -- 172.21.15.38:0/1683433971 <== mon.0 v2:172.21.15.38:3300/0 5 ==== osd_map(2..2 src has 1..2) v4 ==== 936+0+0 (secure 0 0 0) 0x7f98fc04a200 con 0x7f990c1018b0
2024-04-22T21:01:16.017 INFO:teuthology.orchestra.run.smithi038.stdout:/usr/bin/ceph: stderr
2024-04-22T21:01:15.265+0000 7f990b7fe700 1 --2- 172.21.15.38:0/1683433971 >> [v2:172.21.15.38:6800/2551561659,v1:172.21.15.38:6801/2551561659] conn(0x7f98f4036810 0x7f98f4038cc0 unknown :-1 s=BANNER_CONNECTING pgs=0 cs=0 l=1 rev1=0 crypto rx=0 tx=0 comp rx=0 tx=0)._handle_peer_banner_payload supported=3 required=0
2024-04-22T21:01:16.017 INFO:teuthology.orchestra.run.smithi038.stdout:/usr/bin/ceph: stderr
2024-04-22T21:01:15.265+0000 7f990b7fe700 1 --2- 172.21.15.38:0/1683433971 >> [v2:172.21.15.38:6800/2551561659,v1:172.21.15.38:6801/2551561659] conn(0x7f98f4036810 0x7f98f4038cc0 secure :-1 s=READY pgs=15 cs=0 l=1 rev1=1 crypto rx=0x7f9900009990 tx=0x7f9900006e40 comp rx=0 tx=0).ready entity=mgr.14120 client_cookie=0 server_cookie=0 in_seq=0 out_seq=0
2024-04-22T21:01:16.017 INFO:teuthology.orchestra.run.smithi038.stdout:/usr/bin/ceph: stderr
2024-04-22T21:01:15.270+0000 7f9908ff9700 1 -- 172.21.15.38:0/1683433971 <== mon.0 v2:172.21.15.38:3300/0 6 ==== mon_command_ack([{"prefix": "get_command_descriptions"}]=0 v0) v1 ==== 72+0+176702 (secure 0 0 0) 0x7f98fc018940 con 0x7f990c1018b0
2024-04-22T21:01:16.017 INFO:teuthology.orchestra.run.smithi038.stdout:/usr/bin/ceph: stderr
2024-04-22T21:01:15.486+0000 7f9912673700 1 -- 172.21.15.38:0/1683433971 --> [v2:172.21.15.38:6800/2551561659,v1:172.21.15.38:6801/2551561659] -- mgr_command(tid 0: {"prefix": "orch apply", "service_type": "prometheus", "target": ["mon-mgr", ""]}) v1 -- 0x7f990c0fe3e0 con 0x7f98f4036810
2024-04-22T21:01:16.017 INFO:teuthology.orchestra.run.smithi038.stdout:/usr/bin/ceph: stderr
2024-04-22T21:01:15.491+0000 7f9908ff9700 1 -- 172.21.15.38:0/1683433971 <== mgr.14120 v2:172.21.15.38:6800/2551561659 1 ==== mgr_command_reply(tid 0: 0 ) v1 ==== 8+0+31 (secure 0 0 0) 0x7f990c0fe3e0 con 0x7f98f4036810
2024-04-22T21:01:16.017 INFO:teuthology.orchestra.run.smithi038.stdout:/usr/bin/ceph: stderr
2024-04-22T21:01:15.493+0000 7f9912673700 1 -- 172.21.15.38:0/1683433971 >> [v2:172.21.15.38:6800/2551561659,v1:172.21.15.38:6801/2551561659] conn(0x7f98f4036810 msgr2=0x7f98f4038cc0 secure :-1 s=STATE_CONNECTION_ESTABLISHED l=1).mark_down
2024-04-22T21:01:16.017 INFO:teuthology.orchestra.run.smithi038.stdout:/usr/bin/ceph: stderr
2024-04-22T21:01:15.493+0000 7f9912673700 1 --2- 172.21.15.38:0/1683433971 >> [v2:172.21.15.38:6800/2551561659,v1:172.21.15.38:6801/2551561659] conn(0x7f98f4036810 0x7f98f4038cc0 secure :-1 s=READY pgs=15 cs=0 l=1 rev1=1 crypto rx=0x7f9900009990 tx=0x7f9900006e40 comp rx=0 tx=0).stop
2024-04-22T21:01:16.017 INFO:teuthology.orchestra.run.smithi038.stdout:/usr/bin/ceph: stderr
2024-04-22T21:01:15.493+0000 7f9912673700 1 -- 172.21.15.38:0/1683433971 >> [v2:172.21.15.38:3300/0,v1:172.21.15.38:6789/0] conn(0x7f990c1018b0 msgr2=0x7f990c076b30 secure :-1 s=STATE_CONNECTION_ESTABLISHED l=1).mark_down
2024-04-22T21:01:16.018 INFO:teuthology.orchestra.run.smithi038.stdout:/usr/bin/ceph: stderr
2024-04-22T21:01:15.493+0000 7f9912673700 1 --2- 172.21.15.38:0/1683433971 >> [v2:172.21.15.38:3300/0,v1:172.21.15.38:6789/0] conn(0x7f990c1018b0 0x7f990c076b30 secure :-1 s=READY pgs=54 cs=0 l=1 rev1=1 crypto rx=0x7f98fc006d40 tx=0x7f98fc009250 comp rx=0 tx=0).stop
2024-04-22T21:01:16.018 INFO:teuthology.orchestra.run.smithi038.stdout:/usr/bin/ceph: stderr
2024-04-22T21:01:15.494+0000 7f9912673700 1 -- 172.21.15.38:0/1683433971 shutdown_connections
2024-04-22T21:01:16.018 INFO:teuthology.orchestra.run.smithi038.stdout:/usr/bin/ceph: stderr
2024-04-22T21:01:15.494+0000 7f9912673700 1 --2- 172.21.15.38:0/1683433971 >> [v2:172.21.15.38:6800/2551561659,v1:172.21.15.38:6801/2551561659] conn(0x7f98f4036810 0x7f98f4038cc0 unknown :-1 s=CLOSED pgs=15 cs=0 l=1 rev1=1 crypto rx=0 tx=0 comp rx=0 tx=0).stop
2024-04-22T21:01:16.018 INFO:teuthology.orchestra.run.smithi038.stdout:/usr/bin/ceph: stderr
2024-04-22T21:01:15.494+0000 7f9912673700 1 --2- 172.21.15.38:0/1683433971 >> [v2:172.21.15.38:3300/0,v1:172.21.15.38:6789/0] conn(0x7f990c1018b0 0x7f990c076b30 unknown :-1 s=CLOSED pgs=54 cs=0 l=1 rev1=1 crypto rx=0 tx=0 comp rx=0 tx=0).stop
2024-04-22T21:01:16.018 INFO:teuthology.orchestra.run.smithi038.stdout:/usr/bin/ceph: stderr
2024-04-22T21:01:15.494+0000 7f9912673700 1 -- 172.21.15.38:0/1683433971 >> 172.21.15.38:0/1683433971 conn(0x7f990c0fd010 msgr2=0x7f990c0fdc50 unknown :-1 s=STATE_NONE l=0).mark_down
2024-04-22T21:01:16.018 INFO:teuthology.orchestra.run.smithi038.stdout:/usr/bin/ceph: stderr
2024-04-22T21:01:15.494+0000 7f9912673700 1 -- 172.21.15.38:0/1683433971 shutdown_connections
2024-04-22T21:01:16.018 INFO:teuthology.orchestra.run.smithi038.stdout:/usr/bin/ceph: stderr
2024-04-22T21:01:15.494+0000 7f9912673700 1 -- 172.21.15.38:0/1683433971 wait complete.
2024-04-22T21:01:16.018 INFO:teuthology.orchestra.run.smithi038.stdout:Deploying grafana service with default placement...
2024-04-22T21:01:16.493 INFO:journalctl@ceph.mon.smithi038.smithi038.stdout:Apr 22 21:01:16 smithi038 ceph-mon[26374]: from='mgr.14120 172.21.15.38:0/1872612510' entity='mgr.smithi038.lxfgut'
2024-04-22T21:01:16.493 INFO:journalctl@ceph.mon.smithi038.smithi038.stdout:Apr 22 21:01:16 smithi038 ceph-mon[26374]: from='mgr.14120 172.21.15.38:0/1872612510' entity='mgr.smithi038.lxfgut'
2024-04-22T21:01:17.375 INFO:journalctl@ceph.mon.smithi038.smithi038.stdout:Apr 22 21:01:17 smithi038 ceph-mon[26374]: from='client.14148 -' entity='client.admin' cmd=[{"prefix": "orch apply", "service_type": "prometheus", "target": ["mon-mgr", ""]}]: dispatch
2024-04-22T21:01:17.375 INFO:journalctl@ceph.mon.smithi038.smithi038.stdout:Apr 22 21:01:17 smithi038 ceph-mon[26374]: Saving service prometheus spec with placement count:1
2024-04-22T21:01:17.375 INFO:journalctl@ceph.mon.smithi038.smithi038.stdout:Apr 22 21:01:17 smithi038 ceph-mon[26374]: from='mgr.14120 172.21.15.38:0/1872612510' entity='mgr.smithi038.lxfgut'
2024-04-22T21:01:17.792 INFO:teuthology.orchestra.run.smithi038.stdout:/usr/bin/ceph: stdout Scheduled grafana update...
2024-04-22T21:01:17.792 INFO:teuthology.orchestra.run.smithi038.stdout:/usr/bin/ceph: stderr
2024-04-22T21:01:16.610+0000 7fc3d4fe4700 1 Processor -- start
2024-04-22T21:01:17.793 INFO:teuthology.orchestra.run.smithi038.stdout:/usr/bin/ceph: stderr
2024-04-22T21:01:16.610+0000 7fc3d4fe4700 1 -- start start
2024-04-22T21:01:17.793 INFO:teuthology.orchestra.run.smithi038.stdout:/usr/bin/ceph: stderr
2024-04-22T21:01:16.610+0000 7fc3d4fe4700 1 --2- >> [v2:172.21.15.38:3300/0,v1:172.21.15.38:6789/0] conn(0x7fc3d0100c30 0x7fc3d0101040 unknown :-1 s=NONE pgs=0 cs=0 l=0 rev1=0 crypto rx=0 tx=0 comp rx=0 tx=0).connect
2024-04-22T21:01:17.793 INFO:teuthology.orchestra.run.smithi038.stdout:/usr/bin/ceph: stderr
2024-04-22T21:01:16.610+0000 7fc3d4fe4700 1 -- --> [v2:172.21.15.38:3300/0,v1:172.21.15.38:6789/0] -- mon_getmap magic: 0 v1 -- 0x7fc3d0101580 con 0x7fc3d0100c30
2024-04-22T21:01:17.793 INFO:teuthology.orchestra.run.smithi038.stdout:/usr/bin/ceph: stderr
2024-04-22T21:01:16.610+0000 7fc3ce59c700 1 --2- >> [v2:172.21.15.38:3300/0,v1:172.21.15.38:6789/0] conn(0x7fc3d0100c30 0x7fc3d0101040 unknown :-1 s=BANNER_CONNECTING pgs=0 cs=0 l=0 rev1=0 crypto rx=0 tx=0 comp rx=0 tx=0)._handle_peer_banner_payload supported=3 required=0
2024-04-22T21:01:17.793 INFO:teuthology.orchestra.run.smithi038.stdout:/usr/bin/ceph: stderr
2024-04-22T21:01:16.610+0000 7fc3ce59c700 1 --2- >> [v2:172.21.15.38:3300/0,v1:172.21.15.38:6789/0] conn(0x7fc3d0100c30 0x7fc3d0101040 unknown :-1 s=HELLO_CONNECTING pgs=0 cs=0 l=0 rev1=1 crypto rx=0 tx=0 comp rx=0 tx=0).handle_hello peer v2:172.21.15.38:3300/0 says I am v2:172.21.15.38:52164/0 (socket says 172.21.15.38:52164)
2024-04-22T21:01:17.793 INFO:teuthology.orchestra.run.smithi038.stdout:/usr/bin/ceph: stderr
2024-04-22T21:01:16.610+0000 7fc3ce59c700 1 -- 172.21.15.38:0/4257752894 learned_addr learned my addr 172.21.15.38:0/4257752894 (peer_addr_for_me v2:172.21.15.38:0/0)
2024-04-22T21:01:17.793 INFO:teuthology.orchestra.run.smithi038.stdout:/usr/bin/ceph: stderr
2024-04-22T21:01:16.611+0000 7fc3ce59c700 1 -- 172.21.15.38:0/4257752894 --> [v2:172.21.15.38:3300/0,v1:172.21.15.38:6789/0] -- mon_subscribe({config=0+,monmap=0+}) v3 -- 0x7fc3d01016c0 con 0x7fc3d0100c30
2024-04-22T21:01:17.793 INFO:teuthology.orchestra.run.smithi038.stdout:/usr/bin/ceph: stderr
2024-04-22T21:01:16.611+0000 7fc3ce59c700 1 --2- 172.21.15.38:0/4257752894 >> [v2:172.21.15.38:3300/0,v1:172.21.15.38:6789/0] conn(0x7fc3d0100c30 0x7fc3d0101040 secure :-1 s=READY pgs=55 cs=0 l=1 rev1=1 crypto rx=0x7fc3c00098e0 tx=0x7fc3c0009250 comp rx=0 tx=0).ready entity=mon.0 client_cookie=79859edb80ec02d8 server_cookie=0 in_seq=0 out_seq=0
2024-04-22T21:01:17.793 INFO:teuthology.orchestra.run.smithi038.stdout:/usr/bin/ceph: stderr
2024-04-22T21:01:16.611+0000 7fc3cd59a700 1 -- 172.21.15.38:0/4257752894 <== mon.0 v2:172.21.15.38:3300/0 1 ==== mon_map magic: 0 v1 ==== 229+0+0 (secure 0 0 0) 0x7fc3c000b860 con 0x7fc3d0100c30
2024-04-22T21:01:17.793 INFO:teuthology.orchestra.run.smithi038.stdout:/usr/bin/ceph: stderr
2024-04-22T21:01:16.611+0000 7fc3cd59a700 1 -- 172.21.15.38:0/4257752894 <== mon.0 v2:172.21.15.38:3300/0 2 ==== config(27 keys) v1 ==== 1109+0+0 (secure 0 0 0) 0x7fc3c000be90 con 0x7fc3d0100c30
2024-04-22T21:01:17.793 INFO:teuthology.orchestra.run.smithi038.stdout:/usr/bin/ceph: stderr
2024-04-22T21:01:16.611+0000 7fc3cd59a700 1 -- 172.21.15.38:0/4257752894 <== mon.0 v2:172.21.15.38:3300/0 3 ==== mon_map magic: 0 v1 ==== 229+0+0 (secure 0 0 0) 0x7fc3c00103c0 con 0x7fc3d0100c30
2024-04-22T21:01:17.793 INFO:teuthology.orchestra.run.smithi038.stdout:/usr/bin/ceph: stderr
2024-04-22T21:01:16.612+0000 7fc3d4fe4700 1 -- 172.21.15.38:0/4257752894 >> [v2:172.21.15.38:3300/0,v1:172.21.15.38:6789/0] conn(0x7fc3d0100c30 msgr2=0x7fc3d0101040 secure :-1 s=STATE_CONNECTION_ESTABLISHED l=1).mark_down
2024-04-22T21:01:17.794 INFO:teuthology.orchestra.run.smithi038.stdout:/usr/bin/ceph: stderr
2024-04-22T21:01:16.612+0000 7fc3d4fe4700 1 --2- 172.21.15.38:0/4257752894 >> [v2:172.21.15.38:3300/0,v1:172.21.15.38:6789/0] conn(0x7fc3d0100c30 0x7fc3d0101040 secure :-1 s=READY pgs=55 cs=0 l=1 rev1=1 crypto rx=0x7fc3c00098e0 tx=0x7fc3c0009250 comp rx=0 tx=0).stop
2024-04-22T21:01:17.794 INFO:teuthology.orchestra.run.smithi038.stdout:/usr/bin/ceph: stderr
2024-04-22T21:01:16.612+0000 7fc3d4fe4700 1 -- 172.21.15.38:0/4257752894 shutdown_connections
2024-04-22T21:01:17.794 INFO:teuthology.orchestra.run.smithi038.stdout:/usr/bin/ceph: stderr
2024-04-22T21:01:16.612+0000 7fc3d4fe4700 1 --2- 172.21.15.38:0/4257752894 >> [v2:172.21.15.38:3300/0,v1:172.21.15.38:6789/0] conn(0x7fc3d0100c30 0x7fc3d0101040 unknown :-1 s=CLOSED pgs=55 cs=0 l=1 rev1=1 crypto rx=0 tx=0 comp rx=0 tx=0).stop
2024-04-22T21:01:17.794 INFO:teuthology.orchestra.run.smithi038.stdout:/usr/bin/ceph: stderr
2024-04-22T21:01:16.612+0000 7fc3d4fe4700 1 -- 172.21.15.38:0/4257752894 >> 172.21.15.38:0/4257752894 conn(0x7fc3d00fc730 msgr2=0x7fc3d00feb40 unknown :-1 s=STATE_NONE l=0).mark_down
2024-04-22T21:01:17.794 INFO:teuthology.orchestra.run.smithi038.stdout:/usr/bin/ceph: stderr
2024-04-22T21:01:16.612+0000 7fc3d4fe4700 1 -- 172.21.15.38:0/4257752894 shutdown_connections
2024-04-22T21:01:17.794 INFO:teuthology.orchestra.run.smithi038.stdout:/usr/bin/ceph: stderr
2024-04-22T21:01:16.612+0000 7fc3d4fe4700 1 -- 172.21.15.38:0/4257752894 wait complete.
2024-04-22T21:01:17.794 INFO:teuthology.orchestra.run.smithi038.stdout:/usr/bin/ceph: stderr
2024-04-22T21:01:16.613+0000 7fc3d4fe4700 1 Processor -- start
2024-04-22T21:01:17.794 INFO:teuthology.orchestra.run.smithi038.stdout:/usr/bin/ceph: stderr
2024-04-22T21:01:16.613+0000 7fc3d4fe4700 1 -- start start
2024-04-22T21:01:17.794 INFO:teuthology.orchestra.run.smithi038.stdout:/usr/bin/ceph: stderr
2024-04-22T21:01:16.613+0000 7fc3d4fe4700 1 --2- >> [v2:172.21.15.38:3300/0,v1:172.21.15.38:6789/0] conn(0x7fc3d0100c30 0x7fc3d01116c0 unknown :-1 s=NONE pgs=0 cs=0 l=1 rev1=0 crypto rx=0 tx=0 comp rx=0 tx=0).connect
2024-04-22T21:01:17.794 INFO:teuthology.orchestra.run.smithi038.stdout:/usr/bin/ceph: stderr
2024-04-22T21:01:16.613+0000 7fc3d4fe4700 1 -- --> [v2:172.21.15.38:3300/0,v1:172.21.15.38:6789/0] -- mon_getmap magic: 0 v1 -- 0x7fc3d0111c00 con 0x7fc3d0100c30
2024-04-22T21:01:17.794 INFO:teuthology.orchestra.run.smithi038.stdout:/usr/bin/ceph: stderr
2024-04-22T21:01:16.613+0000 7fc3ce59c700 1 --2- >> [v2:172.21.15.38:3300/0,v1:172.21.15.38:6789/0] conn(0x7fc3d0100c30 0x7fc3d01116c0 unknown :-1 s=BANNER_CONNECTING pgs=0 cs=0 l=1 rev1=0 crypto rx=0 tx=0 comp rx=0 tx=0)._handle_peer_banner_payload supported=3 required=0
2024-04-22T21:01:17.794 INFO:teuthology.orchestra.run.smithi038.stdout:/usr/bin/ceph: stderr
2024-04-22T21:01:16.613+0000 7fc3ce59c700 1 --2- >> [v2:172.21.15.38:3300/0,v1:172.21.15.38:6789/0] conn(0x7fc3d0100c30 0x7fc3d01116c0 unknown :-1 s=HELLO_CONNECTING pgs=0 cs=0 l=1 rev1=1 crypto rx=0 tx=0 comp rx=0 tx=0).handle_hello peer v2:172.21.15.38:3300/0 says I am v2:172.21.15.38:52180/0 (socket says 172.21.15.38:52180)
2024-04-22T21:01:17.795 INFO:teuthology.orchestra.run.smithi038.stdout:/usr/bin/ceph: stderr
2024-04-22T21:01:16.613+0000 7fc3ce59c700 1 -- 172.21.15.38:0/4265002632 learned_addr learned my addr 172.21.15.38:0/4265002632 (peer_addr_for_me v2:172.21.15.38:0/0)
2024-04-22T21:01:17.795 INFO:teuthology.orchestra.run.smithi038.stdout:/usr/bin/ceph: stderr
2024-04-22T21:01:16.614+0000 7fc3ce59c700 1 -- 172.21.15.38:0/4265002632 --> [v2:172.21.15.38:3300/0,v1:172.21.15.38:6789/0] -- mon_subscribe({config=0+,monmap=0+}) v3 -- 0x7fc3c00094f0 con 0x7fc3d0100c30
2024-04-22T21:01:17.795 INFO:teuthology.orchestra.run.smithi038.stdout:/usr/bin/ceph: stderr
2024-04-22T21:01:16.614+0000 7fc3ce59c700 1 --2- 172.21.15.38:0/4265002632 >> [v2:172.21.15.38:3300/0,v1:172.21.15.38:6789/0] conn(0x7fc3d0100c30 0x7fc3d01116c0 secure :-1 s=READY pgs=56 cs=0 l=1 rev1=1 crypto rx=0x7fc3c00090b0 tx=0x7fc3c0009250 comp rx=0 tx=0).ready entity=mon.0 client_cookie=0 server_cookie=0 in_seq=0 out_seq=0
2024-04-22T21:01:17.795 INFO:teuthology.orchestra.run.smithi038.stdout:/usr/bin/ceph: stderr
2024-04-22T21:01:16.614+0000 7fc3beffd700 1 -- 172.21.15.38:0/4265002632 <== mon.0 v2:172.21.15.38:3300/0 1 ==== mon_map magic: 0 v1 ==== 229+0+0 (secure 0 0 0) 0x7fc3c0010840 con 0x7fc3d0100c30
2024-04-22T21:01:17.795 INFO:teuthology.orchestra.run.smithi038.stdout:/usr/bin/ceph: stderr
2024-04-22T21:01:16.614+0000 7fc3beffd700 1 -- 172.21.15.38:0/4265002632 <== mon.0 v2:172.21.15.38:3300/0 2 ==== config(27 keys) v1 ==== 1109+0+0 (secure 0 0 0) 0x7fc3c0010e70 con 0x7fc3d0100c30
2024-04-22T21:01:17.795 INFO:teuthology.orchestra.run.smithi038.stdout:/usr/bin/ceph: stderr
2024-04-22T21:01:16.614+0000 7fc3d4fe4700 1 -- 172.21.15.38:0/4265002632 --> [v2:172.21.15.38:3300/0,v1:172.21.15.38:6789/0] -- mon_subscribe({mgrmap=0+}) v3 -- 0x7fc3d0111e00 con 0x7fc3d0100c30
2024-04-22T21:01:17.795 INFO:teuthology.orchestra.run.smithi038.stdout:/usr/bin/ceph: stderr
2024-04-22T21:01:16.614+0000 7fc3beffd700 1 -- 172.21.15.38:0/4265002632 <== mon.0 v2:172.21.15.38:3300/0 3 ==== mon_map magic: 0 v1 ==== 229+0+0 (secure 0 0 0) 0x7fc3c0024e40 con 0x7fc3d0100c30
2024-04-22T21:01:17.795 INFO:teuthology.orchestra.run.smithi038.stdout:/usr/bin/ceph: stderr
2024-04-22T21:01:16.614+0000 7fc3d4fe4700 1 -- 172.21.15.38:0/4265002632 --> [v2:172.21.15.38:3300/0,v1:172.21.15.38:6789/0] -- mon_subscribe({osdmap=0}) v3 -- 0x7fc3d0112970 con 0x7fc3d0100c30
2024-04-22T21:01:17.795 INFO:teuthology.orchestra.run.smithi038.stdout:/usr/bin/ceph: stderr
2024-04-22T21:01:16.615+0000 7fc3beffd700 1 -- 172.21.15.38:0/4265002632 <== mon.0 v2:172.21.15.38:3300/0 4 ==== mgrmap(e 8) v1 ==== 43376+0+0 (secure 0 0 0) 0x7fc3c001a4e0 con 0x7fc3d0100c30
2024-04-22T21:01:17.795 INFO:teuthology.orchestra.run.smithi038.stdout:/usr/bin/ceph: stderr
2024-04-22T21:01:16.615+0000 7fc3d4fe4700 1 -- 172.21.15.38:0/4265002632 --> [v2:172.21.15.38:3300/0,v1:172.21.15.38:6789/0] -- mon_command({"prefix": "get_command_descriptions"} v 0) v1 -- 0x7fc3d005f5f0 con 0x7fc3d0100c30
2024-04-22T21:01:17.795 INFO:teuthology.orchestra.run.smithi038.stdout:/usr/bin/ceph: stderr
2024-04-22T21:01:16.616+0000 7fc3beffd700 1 --2- 172.21.15.38:0/4265002632 >> [v2:172.21.15.38:6800/2551561659,v1:172.21.15.38:6801/2551561659] conn(0x7fc3b8036790 0x7fc3b8038c40 unknown :-1 s=NONE pgs=0 cs=0 l=1 rev1=0 crypto rx=0 tx=0 comp rx=0 tx=0).connect
2024-04-22T21:01:17.795 INFO:teuthology.orchestra.run.smithi038.stdout:/usr/bin/ceph: stderr
2024-04-22T21:01:16.616+0000 7fc3beffd700 1 -- 172.21.15.38:0/4265002632 <== mon.0 v2:172.21.15.38:3300/0 5 ==== osd_map(2..2 src has 1..2) v4 ==== 936+0+0 (secure 0 0 0) 0x7fc3c004a750 con 0x7fc3d0100c30
2024-04-22T21:01:17.795 INFO:teuthology.orchestra.run.smithi038.stdout:/usr/bin/ceph: stderr
2024-04-22T21:01:16.616+0000 7fc3cdd9b700 1 --2- 172.21.15.38:0/4265002632 >> [v2:172.21.15.38:6800/2551561659,v1:172.21.15.38:6801/2551561659] conn(0x7fc3b8036790 0x7fc3b8038c40 unknown :-1 s=BANNER_CONNECTING pgs=0 cs=0 l=1 rev1=0 crypto rx=0 tx=0 comp rx=0 tx=0)._handle_peer_banner_payload supported=3 required=0
2024-04-22T21:01:17.795 INFO:teuthology.orchestra.run.smithi038.stdout:/usr/bin/ceph: stderr
2024-04-22T21:01:16.616+0000 7fc3cdd9b700 1 --2- 172.21.15.38:0/4265002632 >> [v2:172.21.15.38:6800/2551561659,v1:172.21.15.38:6801/2551561659] conn(0x7fc3b8036790 0x7fc3b8038c40 secure :-1 s=READY pgs=16 cs=0 l=1 rev1=1 crypto rx=0x7fc3c4009990 tx=0x7fc3c4006e40 comp rx=0 tx=0).ready entity=mgr.14120 client_cookie=0 server_cookie=0 in_seq=0 out_seq=0
2024-04-22T21:01:17.796 INFO:teuthology.orchestra.run.smithi038.stdout:/usr/bin/ceph: stderr
2024-04-22T21:01:16.621+0000 7fc3beffd700 1 -- 172.21.15.38:0/4265002632 <== mon.0 v2:172.21.15.38:3300/0 6 ==== mon_command_ack([{"prefix": "get_command_descriptions"}]=0 v0) v1 ==== 72+0+176702 (secure 0 0 0) 0x7fc3c0018920 con 0x7fc3d0100c30
2024-04-22T21:01:17.796 INFO:teuthology.orchestra.run.smithi038.stdout:/usr/bin/ceph: stderr
