2024-04-23T02:47:20.619+0000 7f14d51c3700 1 --2- 172.21.15.137:0/3265294489 >> [v2:172.21.15.137:3300/0,v1:172.21.15.137:6789/0] conn(0x7f14d0109ad0 0x7f14d019d940 secure :-1 s=READY pgs=21 cs=0 l=1 rev1=1 crypto rx=0x7f14c0006b20 tx=0x7f14c0011a60 comp rx=0 tx=0).ready entity=mon.0 client_cookie=0 server_cookie=0 in_seq=0 out_seq=0
2024-04-23T02:47:21.708 INFO:teuthology.orchestra.run.smithi137.stdout:/usr/bin/ceph: stderr
2024-04-23T02:47:20.619+0000 7f14c67fc700 1 -- 172.21.15.137:0/3265294489 <== mon.0 v2:172.21.15.137:3300/0 1 ==== mon_map magic: 0 ==== 205+0+0 (secure 0 0 0) 0x7f14c0003a60 con 0x7f14d0109ad0
2024-04-23T02:47:21.708 INFO:teuthology.orchestra.run.smithi137.stdout:/usr/bin/ceph: stderr
2024-04-23T02:47:20.619+0000 7f14c67fc700 1 -- 172.21.15.137:0/3265294489 <== mon.0 v2:172.21.15.137:3300/0 2 ==== config(25 keys) ==== 1032+0+0 (secure 0 0 0) 0x7f14c0003c00 con 0x7f14d0109ad0
2024-04-23T02:47:21.708 INFO:teuthology.orchestra.run.smithi137.stdout:/usr/bin/ceph: stderr
2024-04-23T02:47:20.619+0000 7f14d7427700 1 -- 172.21.15.137:0/3265294489 --> [v2:172.21.15.137:3300/0,v1:172.21.15.137:6789/0] -- mon_subscribe({mgrmap=0+}) -- 0x7f14d019e110 con 0x7f14d0109ad0
2024-04-23T02:47:21.708 INFO:teuthology.orchestra.run.smithi137.stdout:/usr/bin/ceph: stderr
2024-04-23T02:47:20.619+0000 7f14c67fc700 1 -- 172.21.15.137:0/3265294489 <== mon.0 v2:172.21.15.137:3300/0 3 ==== mon_map magic: 0 ==== 205+0+0 (secure 0 0 0) 0x7f14c0024780 con 0x7f14d0109ad0
2024-04-23T02:47:21.708 INFO:teuthology.orchestra.run.smithi137.stdout:/usr/bin/ceph: stderr
2024-04-23T02:47:20.619+0000 7f14d7427700 1 -- 172.21.15.137:0/3265294489 --> [v2:172.21.15.137:3300/0,v1:172.21.15.137:6789/0] -- mon_subscribe({osdmap=0}) -- 0x7f14d01a0e00 con 0x7f14d0109ad0
2024-04-23T02:47:21.708 INFO:teuthology.orchestra.run.smithi137.stdout:/usr/bin/ceph: stderr
2024-04-23T02:47:20.623+0000 7f14c67fc700 1 -- 172.21.15.137:0/3265294489 <== mon.0 v2:172.21.15.137:3300/0 4 ==== mgrmap(e 4) ==== 46547+0+0 (secure 0 0 0) 0x7f14c0022020 con 0x7f14d0109ad0
2024-04-23T02:47:21.708 INFO:teuthology.orchestra.run.smithi137.stdout:/usr/bin/ceph: stderr
2024-04-23T02:47:20.623+0000 7f14c67fc700 1 --2- 172.21.15.137:0/3265294489 >> [v2:172.21.15.137:6800/1882294426,v1:172.21.15.137:6801/1882294426] conn(0x7f14bc0395b0 0x7f14bc03ba70 unknown :-1 s=NONE pgs=0 cs=0 l=1 rev1=0 crypto rx=0 tx=0 comp rx=0 tx=0).connect
2024-04-23T02:47:21.708 INFO:teuthology.orchestra.run.smithi137.stdout:/usr/bin/ceph: stderr
2024-04-23T02:47:20.623+0000 7f14d7427700 1 -- 172.21.15.137:0/3265294489 --> [v2:172.21.15.137:3300/0,v1:172.21.15.137:6789/0] -- mon_command({"prefix": "get_command_descriptions"} v 0) -- 0x7f14b4005360 con 0x7f14d0109ad0
2024-04-23T02:47:21.709 INFO:teuthology.orchestra.run.smithi137.stdout:/usr/bin/ceph: stderr
2024-04-23T02:47:20.623+0000 7f14c67fc700 1 -- 172.21.15.137:0/3265294489 <== mon.0 v2:172.21.15.137:3300/0 5 ==== osd_map(1..1 src has 1..1) ==== 725+0+0 (secure 0 0 0) 0x7f14c004d650 con 0x7f14d0109ad0
2024-04-23T02:47:21.709 INFO:teuthology.orchestra.run.smithi137.stdout:/usr/bin/ceph: stderr
2024-04-23T02:47:20.623+0000 7f14d49c2700 1 --2- 172.21.15.137:0/3265294489 >> [v2:172.21.15.137:6800/1882294426,v1:172.21.15.137:6801/1882294426] conn(0x7f14bc0395b0 0x7f14bc03ba70 unknown :-1 s=BANNER_CONNECTING pgs=0 cs=0 l=1 rev1=0 crypto rx=0 tx=0 comp rx=0 tx=0)._handle_peer_banner_payload supported=3 required=0
2024-04-23T02:47:21.709 INFO:teuthology.orchestra.run.smithi137.stdout:/usr/bin/ceph: stderr
2024-04-23T02:47:20.623+0000 7f14d49c2700 1 --2- 172.21.15.137:0/3265294489 >> [v2:172.21.15.137:6800/1882294426,v1:172.21.15.137:6801/1882294426] conn(0x7f14bc0395b0 0x7f14bc03ba70 secure :-1 s=READY pgs=7 cs=0 l=1 rev1=1 crypto rx=0x7f14cc006fd0 tx=0x7f14cc006e40 comp rx=0 tx=0).ready entity=mgr.14100 client_cookie=0 server_cookie=0 in_seq=0 out_seq=0
2024-04-23T02:47:21.709 INFO:teuthology.orchestra.run.smithi137.stdout:/usr/bin/ceph: stderr
2024-04-23T02:47:20.627+0000 7f14c67fc700 1 -- 172.21.15.137:0/3265294489 <== mon.0 v2:172.21.15.137:3300/0 6 ==== mon_command_ack([{"prefix": "get_command_descriptions"}]=0 v0) ==== 72+0+188370 (secure 0 0 0) 0x7f14c0004300 con 0x7f14d0109ad0
2024-04-23T02:47:21.709 INFO:teuthology.orchestra.run.smithi137.stdout:/usr/bin/ceph: stderr
2024-04-23T02:47:20.991+0000 7f14d7427700 1 -- 172.21.15.137:0/3265294489 --> [v2:172.21.15.137:3300/0,v1:172.21.15.137:6789/0] -- mon_command({"prefix": "config assimilate-conf"} v 0) -- 0x7f14b4002430 con 0x7f14d0109ad0
2024-04-23T02:47:21.709 INFO:teuthology.orchestra.run.smithi137.stdout:/usr/bin/ceph: stderr
2024-04-23T02:47:20.991+0000 7f14c67fc700 1 -- 172.21.15.137:0/3265294489 <== mon.0 v2:172.21.15.137:3300/0 7 ==== mon_command_ack([{"prefix": "config assimilate-conf"}]=0 v3) ==== 70+0+318 (secure 0 0 0) 0x7f14c0000ed0 con 0x7f14d0109ad0
2024-04-23T02:47:21.709 INFO:teuthology.orchestra.run.smithi137.stdout:/usr/bin/ceph: stderr
2024-04-23T02:47:20.995+0000 7f14d7427700 1 -- 172.21.15.137:0/3265294489 >> [v2:172.21.15.137:6800/1882294426,v1:172.21.15.137:6801/1882294426] conn(0x7f14bc0395b0 msgr2=0x7f14bc03ba70 secure :-1 s=STATE_CONNECTION_ESTABLISHED l=1).mark_down
2024-04-23T02:47:21.709 INFO:teuthology.orchestra.run.smithi137.stdout:/usr/bin/ceph: stderr
2024-04-23T02:47:20.995+0000 7f14d7427700 1 --2- 172.21.15.137:0/3265294489 >> [v2:172.21.15.137:6800/1882294426,v1:172.21.15.137:6801/1882294426] conn(0x7f14bc0395b0 0x7f14bc03ba70 secure :-1 s=READY pgs=7 cs=0 l=1 rev1=1 crypto rx=0x7f14cc006fd0 tx=0x7f14cc006e40 comp rx=0 tx=0).stop
2024-04-23T02:47:21.709 INFO:teuthology.orchestra.run.smithi137.stdout:/usr/bin/ceph: stderr
2024-04-23T02:47:20.995+0000 7f14d7427700 1 -- 172.21.15.137:0/3265294489 >> [v2:172.21.15.137:3300/0,v1:172.21.15.137:6789/0] conn(0x7f14d0109ad0 msgr2=0x7f14d019d940 secure :-1 s=STATE_CONNECTION_ESTABLISHED l=1).mark_down
2024-04-23T02:47:21.709 INFO:teuthology.orchestra.run.smithi137.stdout:/usr/bin/ceph: stderr
2024-04-23T02:47:20.995+0000 7f14d7427700 1 --2- 172.21.15.137:0/3265294489 >> [v2:172.21.15.137:3300/0,v1:172.21.15.137:6789/0] conn(0x7f14d0109ad0 0x7f14d019d940 secure :-1 s=READY pgs=21 cs=0 l=1 rev1=1 crypto rx=0x7f14c0006b20 tx=0x7f14c0011a60 comp rx=0 tx=0).stop
2024-04-23T02:47:21.709 INFO:teuthology.orchestra.run.smithi137.stdout:/usr/bin/ceph: stderr
2024-04-23T02:47:20.995+0000 7f14d7427700 1 -- 172.21.15.137:0/3265294489 shutdown_connections
2024-04-23T02:47:21.709 INFO:teuthology.orchestra.run.smithi137.stdout:/usr/bin/ceph: stderr
2024-04-23T02:47:20.995+0000 7f14d7427700 1 --2- 172.21.15.137:0/3265294489 >> [v2:172.21.15.137:6800/1882294426,v1:172.21.15.137:6801/1882294426] conn(0x7f14bc0395b0 0x7f14bc03ba70 unknown :-1 s=CLOSED pgs=7 cs=0 l=1 rev1=1 crypto rx=0 tx=0 comp rx=0 tx=0).stop
2024-04-23T02:47:21.709 INFO:teuthology.orchestra.run.smithi137.stdout:/usr/bin/ceph: stderr
2024-04-23T02:47:20.995+0000 7f14d7427700 1 --2- 172.21.15.137:0/3265294489 >> [v2:172.21.15.137:3300/0,v1:172.21.15.137:6789/0] conn(0x7f14d0109ad0 0x7f14d019d940 unknown :-1 s=CLOSED pgs=21 cs=0 l=1 rev1=1 crypto rx=0 tx=0 comp rx=0 tx=0).stop
2024-04-23T02:47:21.709 INFO:teuthology.orchestra.run.smithi137.stdout:/usr/bin/ceph: stderr
2024-04-23T02:47:20.995+0000 7f14d7427700 1 -- 172.21.15.137:0/3265294489 >> 172.21.15.137:0/3265294489 conn(0x7f14d007cfb0 msgr2=0x7f14d0106c90 unknown :-1 s=STATE_NONE l=0).mark_down
2024-04-23T02:47:21.710 INFO:teuthology.orchestra.run.smithi137.stdout:/usr/bin/ceph: stderr
2024-04-23T02:47:20.995+0000 7f14d7427700 1 -- 172.21.15.137:0/3265294489 shutdown_connections
2024-04-23T02:47:21.710 INFO:teuthology.orchestra.run.smithi137.stdout:/usr/bin/ceph: stderr
2024-04-23T02:47:20.995+0000 7f14d7427700 1 -- 172.21.15.137:0/3265294489 wait complete.
2024-04-23T02:47:21.710 INFO:teuthology.orchestra.run.smithi137.stdout:Enabling cephadm module...
2024-04-23T02:47:23.558 INFO:journalctl@ceph.mgr.x.smithi137.stdout:Apr 23 02:47:23 smithi137 bash[21821]: ignoring --setuser ceph since I am not root
2024-04-23T02:47:23.558 INFO:journalctl@ceph.mgr.x.smithi137.stdout:Apr 23 02:47:23 smithi137 bash[21821]: ignoring --setgroup ceph since I am not root
2024-04-23T02:47:23.558 INFO:journalctl@ceph.mgr.x.smithi137.stdout:Apr 23 02:47:23 smithi137 bash[21821]: debug
2024-04-23T02:47:23.279+0000 7f04b9239200 -1 mgr[py] Module devicehealth has missing NOTIFY_TYPES member
2024-04-23T02:47:23.559 INFO:journalctl@ceph.mon.a.smithi137.stdout:Apr 23 02:47:23 smithi137 bash[21564]: audit
2024-04-23T02:47:23.036099+0000 mon.a (mon.0) 33 : audit [INF] from='client.? 172.21.15.137:0/2876279816' entity='client.admin' cmd=[{"prefix": "mgr module enable", "module": "cephadm"}]: dispatch
2024-04-23T02:47:23.559 INFO:journalctl@ceph.mon.a.smithi137.stdout:Apr 23 02:47:23 smithi137 bash[21564]: audit
2024-04-23T02:47:23.036099+0000 mon.a (mon.0) 33 : audit [INF] from='client.? 172.21.15.137:0/2876279816' entity='client.admin' cmd=[{"prefix": "mgr module enable", "module": "cephadm"}]: dispatch
2024-04-23T02:47:23.683 INFO:teuthology.orchestra.run.smithi137.stdout:/usr/bin/ceph: stderr
2024-04-23T02:47:22.543+0000 7f64d84c2700 1 Processor -- start
2024-04-23T02:47:23.683 INFO:teuthology.orchestra.run.smithi137.stdout:/usr/bin/ceph: stderr
2024-04-23T02:47:22.543+0000 7f64d84c2700 1 -- start start
2024-04-23T02:47:23.683 INFO:teuthology.orchestra.run.smithi137.stdout:/usr/bin/ceph: stderr
2024-04-23T02:47:22.543+0000 7f64d84c2700 1 --2- >> [v2:172.21.15.137:3300/0,v1:172.21.15.137:6789/0] conn(0x7f64d01078d0 0x7f64d0107cf0 unknown :-1 s=NONE pgs=0 cs=0 l=0 rev1=0 crypto rx=0 tx=0 comp rx=0 tx=0).connect
2024-04-23T02:47:23.684 INFO:teuthology.orchestra.run.smithi137.stdout:/usr/bin/ceph: stderr
2024-04-23T02:47:22.543+0000 7f64d84c2700 1 -- --> [v2:172.21.15.137:3300/0,v1:172.21.15.137:6789/0] -- mon_getmap magic: 0 -- 0x7f64d01082c0 con 0x7f64d01078d0
2024-04-23T02:47:23.684 INFO:teuthology.orchestra.run.smithi137.stdout:/usr/bin/ceph: stderr
2024-04-23T02:47:22.543+0000 7f64d625e700 1 --2- >> [v2:172.21.15.137:3300/0,v1:172.21.15.137:6789/0] conn(0x7f64d01078d0 0x7f64d0107cf0 unknown :-1 s=BANNER_CONNECTING pgs=0 cs=0 l=0 rev1=0 crypto rx=0 tx=0 comp rx=0 tx=0)._handle_peer_banner_payload supported=3 required=0
2024-04-23T02:47:23.684 INFO:teuthology.orchestra.run.smithi137.stdout:/usr/bin/ceph: stderr
2024-04-23T02:47:22.543+0000 7f64d625e700 1 --2- >> [v2:172.21.15.137:3300/0,v1:172.21.15.137:6789/0] conn(0x7f64d01078d0 0x7f64d0107cf0 unknown :-1 s=HELLO_CONNECTING pgs=0 cs=0 l=0 rev1=1 crypto rx=0 tx=0 comp rx=0 tx=0).handle_hello peer v2:172.21.15.137:3300/0 says I am v2:172.21.15.137:59532/0 (socket says 172.21.15.137:59532)
2024-04-23T02:47:23.684 INFO:teuthology.orchestra.run.smithi137.stdout:/usr/bin/ceph: stderr
2024-04-23T02:47:22.543+0000 7f64d625e700 1 -- 172.21.15.137:0/2713075511 learned_addr learned my addr 172.21.15.137:0/2713075511 (peer_addr_for_me v2:172.21.15.137:0/0)
2024-04-23T02:47:23.684 INFO:teuthology.orchestra.run.smithi137.stdout:/usr/bin/ceph: stderr
2024-04-23T02:47:22.543+0000 7f64d625e700 1 -- 172.21.15.137:0/2713075511 --> [v2:172.21.15.137:3300/0,v1:172.21.15.137:6789/0] -- mon_subscribe({config=0+,monmap=0+}) -- 0x7f64d0108ad0 con 0x7f64d01078d0
2024-04-23T02:47:23.684 INFO:teuthology.orchestra.run.smithi137.stdout:/usr/bin/ceph: stderr
2024-04-23T02:47:22.543+0000 7f64d625e700 1 --2- 172.21.15.137:0/2713075511 >> [v2:172.21.15.137:3300/0,v1:172.21.15.137:6789/0] conn(0x7f64d01078d0 0x7f64d0107cf0 secure :-1 s=READY pgs=22 cs=0 l=1 rev1=1 crypto rx=0x7f64c00098a0 tx=0x7f64c0009bb0 comp rx=0 tx=0).ready entity=mon.0 client_cookie=d1c8a97752bc8ab8 server_cookie=0 in_seq=0 out_seq=0
2024-04-23T02:47:23.684 INFO:teuthology.orchestra.run.smithi137.stdout:/usr/bin/ceph: stderr
2024-04-23T02:47:22.543+0000 7f64d525c700 1 -- 172.21.15.137:0/2713075511 <== mon.0 v2:172.21.15.137:3300/0 1 ==== mon_map magic: 0 ==== 205+0+0 (secure 0 0 0) 0x7f64c0004160 con 0x7f64d01078d0
2024-04-23T02:47:23.684 INFO:teuthology.orchestra.run.smithi137.stdout:/usr/bin/ceph: stderr
2024-04-23T02:47:22.543+0000 7f64d525c700 1 -- 172.21.15.137:0/2713075511 <== mon.0 v2:172.21.15.137:3300/0 2 ==== config(25 keys) ==== 1032+0+0 (secure 0 0 0) 0x7f64c0004300 con 0x7f64d01078d0
2024-04-23T02:47:23.684 INFO:teuthology.orchestra.run.smithi137.stdout:/usr/bin/ceph: stderr
2024-04-23T02:47:22.543+0000 7f64d525c700 1 -- 172.21.15.137:0/2713075511 <== mon.0 v2:172.21.15.137:3300/0 3 ==== mon_map magic: 0 ==== 205+0+0 (secure 0 0 0) 0x7f64c00119e0 con 0x7f64d01078d0
2024-04-23T02:47:23.684 INFO:teuthology.orchestra.run.smithi137.stdout:/usr/bin/ceph: stderr
2024-04-23T02:47:22.543+0000 7f64d84c2700 1 -- 172.21.15.137:0/2713075511 >> [v2:172.21.15.137:3300/0,v1:172.21.15.137:6789/0] conn(0x7f64d01078d0 msgr2=0x7f64d0107cf0 secure :-1 s=STATE_CONNECTION_ESTABLISHED l=1).mark_down
2024-04-23T02:47:23.684 INFO:teuthology.orchestra.run.smithi137.stdout:/usr/bin/ceph: stderr
2024-04-23T02:47:22.543+0000 7f64d84c2700 1 --2- 172.21.15.137:0/2713075511 >> [v2:172.21.15.137:3300/0,v1:172.21.15.137:6789/0] conn(0x7f64d01078d0 0x7f64d0107cf0 secure :-1 s=READY pgs=22 cs=0 l=1 rev1=1 crypto rx=0x7f64c00098a0 tx=0x7f64c0009bb0 comp rx=0 tx=0).stop
2024-04-23T02:47:23.684 INFO:teuthology.orchestra.run.smithi137.stdout:/usr/bin/ceph: stderr
2024-04-23T02:47:22.543+0000 7f64d84c2700 1 -- 172.21.15.137:0/2713075511 shutdown_connections
2024-04-23T02:47:23.684 INFO:teuthology.orchestra.run.smithi137.stdout:/usr/bin/ceph: stderr
2024-04-23T02:47:22.543+0000 7f64d84c2700 1 --2- 172.21.15.137:0/2713075511 >> [v2:172.21.15.137:3300/0,v1:172.21.15.137:6789/0] conn(0x7f64d01078d0 0x7f64d0107cf0 unknown :-1 s=CLOSED pgs=22 cs=0 l=1 rev1=1 crypto rx=0 tx=0 comp rx=0 tx=0).stop
2024-04-23T02:47:23.684 INFO:teuthology.orchestra.run.smithi137.stdout:/usr/bin/ceph: stderr
2024-04-23T02:47:22.543+0000 7f64d84c2700 1 -- 172.21.15.137:0/2713075511 >> 172.21.15.137:0/2713075511 conn(0x7f64d0102e50 msgr2=0x7f64d01052b0 unknown :-1 s=STATE_NONE l=0).mark_down
2024-04-23T02:47:23.685 INFO:teuthology.orchestra.run.smithi137.stdout:/usr/bin/ceph: stderr
2024-04-23T02:47:22.543+0000 7f64d84c2700 1 -- 172.21.15.137:0/2713075511 shutdown_connections
2024-04-23T02:47:23.685 INFO:teuthology.orchestra.run.smithi137.stdout:/usr/bin/ceph: stderr
2024-04-23T02:47:22.543+0000 7f64d84c2700 1 -- 172.21.15.137:0/2713075511 wait complete.
2024-04-23T02:47:23.685 INFO:teuthology.orchestra.run.smithi137.stdout:/usr/bin/ceph: stderr
2024-04-23T02:47:22.543+0000 7f64d84c2700 1 Processor -- start
2024-04-23T02:47:23.685 INFO:teuthology.orchestra.run.smithi137.stdout:/usr/bin/ceph: stderr
2024-04-23T02:47:22.543+0000 7f64d84c2700 1 -- start start
2024-04-23T02:47:23.685 INFO:teuthology.orchestra.run.smithi137.stdout:/usr/bin/ceph: stderr
2024-04-23T02:47:22.543+0000 7f64d84c2700 1 --2- >> [v2:172.21.15.137:3300/0,v1:172.21.15.137:6789/0] conn(0x7f64d01078d0 0x7f64d007d410 unknown :-1 s=NONE pgs=0 cs=0 l=1 rev1=0 crypto rx=0 tx=0 comp rx=0 tx=0).connect
2024-04-23T02:47:23.685 INFO:teuthology.orchestra.run.smithi137.stdout:/usr/bin/ceph: stderr
2024-04-23T02:47:22.543+0000 7f64d84c2700 1 -- --> [v2:172.21.15.137:3300/0,v1:172.21.15.137:6789/0] -- mon_getmap magic: 0 -- 0x7f64d010bd00 con 0x7f64d01078d0
2024-04-23T02:47:23.685 INFO:teuthology.orchestra.run.smithi137.stdout:/usr/bin/ceph: stderr
2024-04-23T02:47:22.543+0000 7f64d625e700 1 --2- >> [v2:172.21.15.137:3300/0,v1:172.21.15.137:6789/0] conn(0x7f64d01078d0 0x7f64d007d410 unknown :-1 s=BANNER_CONNECTING pgs=0 cs=0 l=1 rev1=0 crypto rx=0 tx=0 comp rx=0 tx=0)._handle_peer_banner_payload supported=3 required=0
2024-04-23T02:47:23.685 INFO:teuthology.orchestra.run.smithi137.stdout:/usr/bin/ceph: stderr
2024-04-23T02:47:22.543+0000 7f64d625e700 1 --2- >> [v2:172.21.15.137:3300/0,v1:172.21.15.137:6789/0] conn(0x7f64d01078d0 0x7f64d007d410 unknown :-1 s=HELLO_CONNECTING pgs=0 cs=0 l=1 rev1=1 crypto rx=0 tx=0 comp rx=0 tx=0).handle_hello peer v2:172.21.15.137:3300/0 says I am v2:172.21.15.137:59538/0 (socket says 172.21.15.137:59538)
2024-04-23T02:47:23.685 INFO:teuthology.orchestra.run.smithi137.stdout:/usr/bin/ceph: stderr
2024-04-23T02:47:22.543+0000 7f64d625e700 1 -- 172.21.15.137:0/2876279816 learned_addr learned my addr 172.21.15.137:0/2876279816 (peer_addr_for_me v2:172.21.15.137:0/0)
2024-04-23T02:47:23.685 INFO:teuthology.orchestra.run.smithi137.stdout:/usr/bin/ceph: stderr
2024-04-23T02:47:22.543+0000 7f64d625e700 1 -- 172.21.15.137:0/2876279816 --> [v2:172.21.15.137:3300/0,v1:172.21.15.137:6789/0] -- mon_subscribe({config=0+,monmap=0+}) -- 0x7f64d007d950 con 0x7f64d01078d0
2024-04-23T02:47:23.685 INFO:teuthology.orchestra.run.smithi137.stdout:/usr/bin/ceph: stderr
2024-04-23T02:47:22.543+0000 7f64d625e700 1 --2- 172.21.15.137:0/2876279816 >> [v2:172.21.15.137:3300/0,v1:172.21.15.137:6789/0] conn(0x7f64d01078d0 0x7f64d007d410 secure :-1 s=READY pgs=23 cs=0 l=1 rev1=1 crypto rx=0x7f64c0006b20 tx=0x7f64c0011a60 comp rx=0 tx=0).ready entity=mon.0 client_cookie=0 server_cookie=0 in_seq=0 out_seq=0
2024-04-23T02:47:23.685 INFO:teuthology.orchestra.run.smithi137.stdout:/usr/bin/ceph: stderr
2024-04-23T02:47:22.543+0000 7f64c77fe700 1 -- 172.21.15.137:0/2876279816 <== mon.0 v2:172.21.15.137:3300/0 1 ==== mon_map magic: 0 ==== 205+0+0 (secure 0 0 0) 0x7f64c0003a60 con 0x7f64d01078d0
2024-04-23T02:47:23.685 INFO:teuthology.orchestra.run.smithi137.stdout:/usr/bin/ceph: stderr
2024-04-23T02:47:22.547+0000 7f64c77fe700 1 -- 172.21.15.137:0/2876279816 <== mon.0 v2:172.21.15.137:3300/0 2 ==== config(25 keys) ==== 1032+0+0 (secure 0 0 0) 0x7f64c0003c00 con 0x7f64d01078d0
2024-04-23T02:47:23.685 INFO:teuthology.orchestra.run.smithi137.stdout:/usr/bin/ceph: stderr
2024-04-23T02:47:22.547+0000 7f64d84c2700 1 -- 172.21.15.137:0/2876279816 --> [v2:172.21.15.137:3300/0,v1:172.21.15.137:6789/0] -- mon_subscribe({mgrmap=0+}) -- 0x7f64d007bb40 con 0x7f64d01078d0
2024-04-23T02:47:23.685 INFO:teuthology.orchestra.run.smithi137.stdout:/usr/bin/ceph: stderr
2024-04-23T02:47:22.547+0000 7f64c77fe700 1 -- 172.21.15.137:0/2876279816 <== mon.0 v2:172.21.15.137:3300/0 3 ==== mon_map magic: 0 ==== 205+0+0 (secure 0 0 0) 0x7f64c0024780 con 0x7f64d01078d0
2024-04-23T02:47:23.686 INFO:teuthology.orchestra.run.smithi137.stdout:/usr/bin/ceph: stderr
2024-04-23T02:47:22.547+0000 7f64d84c2700 1 -- 172.21.15.137:0/2876279816 --> [v2:172.21.15.137:3300/0,v1:172.21.15.137:6789/0] -- mon_subscribe({osdmap=0}) -- 0x7f64d007c080 con 0x7f64d01078d0
2024-04-23T02:47:23.686 INFO:teuthology.orchestra.run.smithi137.stdout:/usr/bin/ceph: stderr
2024-04-23T02:47:22.547+0000 7f64c77fe700 1 -- 172.21.15.137:0/2876279816 <== mon.0 v2:172.21.15.137:3300/0 4 ==== mgrmap(e 4) ==== 46547+0+0 (secure 0 0 0) 0x7f64c0022020 con 0x7f64d01078d0
2024-04-23T02:47:23.686 INFO:teuthology.orchestra.run.smithi137.stdout:/usr/bin/ceph: stderr
2024-04-23T02:47:22.547+0000 7f64d84c2700 1 -- 172.21.15.137:0/2876279816 --> [v2:172.21.15.137:3300/0,v1:172.21.15.137:6789/0] -- mon_command({"prefix": "get_command_descriptions"} v 0) -- 0x7f64b4005360 con 0x7f64d01078d0
2024-04-23T02:47:23.686 INFO:teuthology.orchestra.run.smithi137.stdout:/usr/bin/ceph: stderr
2024-04-23T02:47:22.547+0000 7f64c77fe700 1 --2- 172.21.15.137:0/2876279816 >> [v2:172.21.15.137:6800/1882294426,v1:172.21.15.137:6801/1882294426] conn(0x7f64bc0395b0 0x7f64bc03ba70 unknown :-1 s=NONE pgs=0 cs=0 l=1 rev1=0 crypto rx=0 tx=0 comp rx=0 tx=0).connect
2024-04-23T02:47:23.686 INFO:teuthology.orchestra.run.smithi137.stdout:/usr/bin/ceph: stderr
2024-04-23T02:47:22.547+0000 7f64c77fe700 1 -- 172.21.15.137:0/2876279816 <== mon.0 v2:172.21.15.137:3300/0 5 ==== osd_map(1..1 src has 1..1) ==== 725+0+0 (secure 0 0 0) 0x7f64c004d8d0 con 0x7f64d01078d0
2024-04-23T02:47:23.686 INFO:teuthology.orchestra.run.smithi137.stdout:/usr/bin/ceph: stderr
2024-04-23T02:47:22.547+0000 7f64d5a5d700 1 --2- 172.21.15.137:0/2876279816 >> [v2:172.21.15.137:6800/1882294426,v1:172.21.15.137:6801/1882294426] conn(0x7f64bc0395b0 0x7f64bc03ba70 unknown :-1 s=BANNER_CONNECTING pgs=0 cs=0 l=1 rev1=0 crypto rx=0 tx=0 comp rx=0 tx=0)._handle_peer_banner_payload supported=3 required=0
2024-04-23T02:47:23.686 INFO:teuthology.orchestra.run.smithi137.stdout:/usr/bin/ceph: stderr
2024-04-23T02:47:22.547+0000 7f64d5a5d700 1 --2- 172.21.15.137:0/2876279816 >> [v2:172.21.15.137:6800/1882294426,v1:172.21.15.137:6801/1882294426] conn(0x7f64bc0395b0 0x7f64bc03ba70 secure :-1 s=READY pgs=8 cs=0 l=1 rev1=1 crypto rx=0x7f64cc006fd0 tx=0x7f64cc006e40 comp rx=0 tx=0).ready entity=mgr.14100 client_cookie=0 server_cookie=0 in_seq=0 out_seq=0
2024-04-23T02:47:23.686 INFO:teuthology.orchestra.run.smithi137.stdout:/usr/bin/ceph: stderr
2024-04-23T02:47:22.551+0000 7f64c77fe700 1 -- 172.21.15.137:0/2876279816 <== mon.0 v2:172.21.15.137:3300/0 6 ==== mon_command_ack([{"prefix": "get_command_descriptions"}]=0 v0) ==== 72+0+188370 (secure 0 0 0) 0x7f64c002cdf0 con 0x7f64d01078d0
2024-04-23T02:47:23.686 INFO:teuthology.orchestra.run.smithi137.stdout:/usr/bin/ceph: stderr
2024-04-23T02:47:23.031+0000 7f64d84c2700 1 -- 172.21.15.137:0/2876279816 --> [v2:172.21.15.137:3300/0,v1:172.21.15.137:6789/0] -- mon_command({"prefix": "mgr module enable", "module": "cephadm"} v 0) -- 0x7f64b4005650 con 0x7f64d01078d0
2024-04-23T02:47:23.686 INFO:teuthology.orchestra.run.smithi137.stdout:/usr/bin/ceph: stderr
2024-04-23T02:47:23.087+0000 7f64c77fe700 1 -- 172.21.15.137:0/2876279816 <== mon.0 v2:172.21.15.137:3300/0 7 ==== mon_command_ack([{"prefix": "mgr module enable", "module": "cephadm"}]=0 v5) ==== 86+0+0 (secure 0 0 0) 0x7f64c004d630 con 0x7f64d01078d0
2024-04-23T02:47:23.686 INFO:teuthology.orchestra.run.smithi137.stdout:/usr/bin/ceph: stderr
2024-04-23T02:47:23.091+0000 7f64c77fe700 1 -- 172.21.15.137:0/2876279816 <== mon.0 v2:172.21.15.137:3300/0 8 ==== mgrmap(e 5) ==== 46558+0+0 (secure 0 0 0) 0x7f64c002dc90 con 0x7f64d01078d0
2024-04-23T02:47:23.686 INFO:teuthology.orchestra.run.smithi137.stdout:/usr/bin/ceph: stderr
2024-04-23T02:47:23.091+0000 7f64d84c2700 1 -- 172.21.15.137:0/2876279816 >> [v2:172.21.15.137:6800/1882294426,v1:172.21.15.137:6801/1882294426] conn(0x7f64bc0395b0 msgr2=0x7f64bc03ba70 secure :-1 s=STATE_CONNECTION_ESTABLISHED l=1).mark_down
2024-04-23T02:47:23.686 INFO:teuthology.orchestra.run.smithi137.stdout:/usr/bin/ceph: stderr
2024-04-23T02:47:23.091+0000 7f64d84c2700 1 --2- 172.21.15.137:0/2876279816 >> [v2:172.21.15.137:6800/1882294426,v1:172.21.15.137:6801/1882294426] conn(0x7f64bc0395b0 0x7f64bc03ba70 secure :-1 s=READY pgs=8 cs=0 l=1 rev1=1 crypto rx=0x7f64cc006fd0 tx=0x7f64cc006e40 comp rx=0 tx=0).stop
2024-04-23T02:47:23.687 INFO:teuthology.orchestra.run.smithi137.stdout:/usr/bin/ceph: stderr
2024-04-23T02:47:23.091+0000 7f64d84c2700 1 -- 172.21.15.137:0/2876279816 >> [v2:172.21.15.137:3300/0,v1:172.21.15.137:6789/0] conn(0x7f64d01078d0 msgr2=0x7f64d007d410 secure :-1 s=STATE_CONNECTION_ESTABLISHED l=1).mark_down
2024-04-23T02:47:23.687 INFO:teuthology.orchestra.run.smithi137.stdout:/usr/bin/ceph: stderr
2024-04-23T02:47:23.091+0000 7f64d84c2700 1 --2- 172.21.15.137:0/2876279816 >> [v2:172.21.15.137:3300/0,v1:172.21.15.137:6789/0] conn(0x7f64d01078d0 0x7f64d007d410 secure :-1 s=READY pgs=23 cs=0 l=1 rev1=1 crypto rx=0x7f64c0006b20 tx=0x7f64c0011a60 comp rx=0 tx=0).stop
2024-04-23T02:47:23.687 INFO:teuthology.orchestra.run.smithi137.stdout:/usr/bin/ceph: stderr
2024-04-23T02:47:23.091+0000 7f64d84c2700 1 -- 172.21.15.137:0/2876279816 shutdown_connections
2024-04-23T02:47:23.687 INFO:teuthology.orchestra.run.smithi137.stdout:/usr/bin/ceph: stderr
2024-04-23T02:47:23.091+0000 7f64d84c2700 1 --2- 172.21.15.137:0/2876279816 >> [v2:172.21.15.137:6800/1882294426,v1:172.21.15.137:6801/1882294426] conn(0x7f64bc0395b0 0x7f64bc03ba70 unknown :-1 s=CLOSED pgs=8 cs=0 l=1 rev1=1 crypto rx=0 tx=0 comp rx=0 tx=0).stop
2024-04-23T02:47:23.687 INFO:teuthology.orchestra.run.smithi137.stdout:/usr/bin/ceph: stderr
2024-04-23T02:47:23.091+0000 7f64d84c2700 1 --2- 172.21.15.137:0/2876279816 >> [v2:172.21.15.137:3300/0,v1:172.21.15.137:6789/0] conn(0x7f64d01078d0 0x7f64d007d410 unknown :-1 s=CLOSED pgs=23 cs=0 l=1 rev1=1 crypto rx=0 tx=0 comp rx=0 tx=0).stop
2024-04-23T02:47:23.687 INFO:teuthology.orchestra.run.smithi137.stdout:/usr/bin/ceph: stderr
2024-04-23T02:47:23.091+0000 7f64d84c2700 1 -- 172.21.15.137:0/2876279816 >> 172.21.15.137:0/2876279816 conn(0x7f64d0102e50 msgr2=0x7f64d01038c0 unknown :-1 s=STATE_NONE l=0).mark_down
2024-04-23T02:47:23.687 INFO:teuthology.orchestra.run.smithi137.stdout:/usr/bin/ceph: stderr
2024-04-23T02:47:23.091+0000 7f64d84c2700 1 -- 172.21.15.137:0/2876279816 shutdown_connections
2024-04-23T02:47:23.687 INFO:teuthology.orchestra.run.smithi137.stdout:/usr/bin/ceph: stderr
2024-04-23T02:47:23.091+0000 7f64d84c2700 1 -- 172.21.15.137:0/2876279816 wait complete.
2024-04-23T02:47:24.347 INFO:journalctl@ceph.mon.a.smithi137.stdout:Apr 23 02:47:24 smithi137 bash[21564]: audit
2024-04-23T02:47:23.088226+0000 mon.a (mon.0) 34 : audit [INF] from='client.? 172.21.15.137:0/2876279816' entity='client.admin' cmd='[{"prefix": "mgr module enable", "module": "cephadm"}]': finished
2024-04-23T02:47:24.347 INFO:journalctl@ceph.mon.a.smithi137.stdout:Apr 23 02:47:24 smithi137 bash[21564]: audit
2024-04-23T02:47:23.088226+0000 mon.a (mon.0) 34 : audit [INF] from='client.? 172.21.15.137:0/2876279816' entity='client.admin' cmd='[{"prefix": "mgr module enable", "module": "cephadm"}]': finished
2024-04-23T02:47:24.347 INFO:journalctl@ceph.mon.a.smithi137.stdout:Apr 23 02:47:24 smithi137 bash[21564]: cluster
2024-04-23T02:47:23.093898+0000 mon.a (mon.0) 35 : cluster [DBG] mgrmap e5: x(active, since 7s)
2024-04-23T02:47:24.347 INFO:journalctl@ceph.mon.a.smithi137.stdout:Apr 23 02:47:24 smithi137 bash[21564]: cluster
2024-04-23T02:47:23.093898+0000 mon.a (mon.0) 35 : cluster [DBG] mgrmap e5: x(active, since 7s)
2024-04-23T02:47:25.212 INFO:journalctl@ceph.mgr.x.smithi137.stdout:Apr 23 02:47:24 smithi137 bash[21821]: debug
2024-04-23T02:47:24.866+0000 7f04b9239200 -1 mgr[py] Module rook has missing NOTIFY_TYPES member
2024-04-23T02:47:25.213 INFO:journalctl@ceph.mgr.x.smithi137.stdout:Apr 23 02:47:24 smithi137 bash[21821]: debug
2024-04-23T02:47:24.962+0000 7f04b9239200 -1 mgr[py] Module iostat has missing NOTIFY_TYPES member
2024-04-23T02:47:25.213 INFO:journalctl@ceph.mon.a.smithi137.stdout:Apr 23 02:47:25 smithi137 bash[21564]: audit
2024-04-23T02:47:25.031280+0000 mon.a (mon.0) 36 : audit [DBG] from='client.? 172.21.15.137:0/801551881' entity='client.admin' cmd=[{"prefix": "mgr stat"}]: dispatch
2024-04-23T02:47:25.213 INFO:journalctl@ceph.mon.a.smithi137.stdout:Apr 23 02:47:25 smithi137 bash[21564]: audit
2024-04-23T02:47:25.031280+0000 mon.a (mon.0) 36 : audit [DBG] from='client.? 172.21.15.137:0/801551881' entity='client.admin' cmd=[{"prefix": "mgr stat"}]: dispatch
2024-04-23T02:47:25.558 INFO:journalctl@ceph.mgr.x.smithi137.stdout:Apr 23 02:47:25 smithi137 bash[21821]: debug
2024-04-23T02:47:25.222+0000 7f04b9239200 -1 mgr[py] Module telemetry has missing NOTIFY_TYPES member
2024-04-23T02:47:25.706 INFO:teuthology.orchestra.run.smithi137.stdout:/usr/bin/ceph: stdout {
2024-04-23T02:47:25.706 INFO:teuthology.orchestra.run.smithi137.stdout:/usr/bin/ceph: stdout "epoch": 5,
2024-04-23T02:47:25.706 INFO:teuthology.orchestra.run.smithi137.stdout:/usr/bin/ceph: stdout "available": true,
2024-04-23T02:47:25.706 INFO:teuthology.orchestra.run.smithi137.stdout:/usr/bin/ceph: stdout "active_name": "x",
2024-04-23T02:47:25.706 INFO:teuthology.orchestra.run.smithi137.stdout:/usr/bin/ceph: stdout "num_standby": 0
2024-04-23T02:47:25.706 INFO:teuthology.orchestra.run.smithi137.stdout:/usr/bin/ceph: stdout }
2024-04-23T02:47:25.706 INFO:teuthology.orchestra.run.smithi137.stdout:/usr/bin/ceph: stderr
2024-04-23T02:47:24.538+0000 7fb93f385700 1 Processor -- start
2024-04-23T02:47:25.706 INFO:teuthology.orchestra.run.smithi137.stdout:/usr/bin/ceph: stderr
2024-04-23T02:47:24.538+0000 7fb93f385700 1 -- start start
2024-04-23T02:47:25.707 INFO:teuthology.orchestra.run.smithi137.stdout:/usr/bin/ceph: stderr
2024-04-23T02:47:24.538+0000 7fb93f385700 1 --2- >> [v2:172.21.15.137:3300/0,v1:172.21.15.137:6789/0] conn(0x7fb938107890 0x7fb938107cb0 unknown :-1 s=NONE pgs=0 cs=0 l=0 rev1=0 crypto rx=0 tx=0 comp rx=0 tx=0).connect
2024-04-23T02:47:25.707 INFO:teuthology.orchestra.run.smithi137.stdout:/usr/bin/ceph: stderr
2024-04-23T02:47:24.538+0000 7fb93f385700 1 -- --> [v2:172.21.15.137:3300/0,v1:172.21.15.137:6789/0] -- mon_getmap magic: 0 -- 0x7fb938108280 con 0x7fb938107890
2024-04-23T02:47:25.707 INFO:teuthology.orchestra.run.smithi137.stdout:/usr/bin/ceph: stderr
2024-04-23T02:47:24.538+0000 7fb93d121700 1 --2- >> [v2:172.21.15.137:3300/0,v1:172.21.15.137:6789/0] conn(0x7fb938107890 0x7fb938107cb0 unknown :-1 s=BANNER_CONNECTING pgs=0 cs=0 l=0 rev1=0 crypto rx=0 tx=0 comp rx=0 tx=0)._handle_peer_banner_payload supported=3 required=0
2024-04-23T02:47:25.707 INFO:teuthology.orchestra.run.smithi137.stdout:/usr/bin/ceph: stderr
2024-04-23T02:47:24.538+0000 7fb93d121700 1 --2- >> [v2:172.21.15.137:3300/0,v1:172.21.15.137:6789/0] conn(0x7fb938107890 0x7fb938107cb0 unknown :-1 s=HELLO_CONNECTING pgs=0 cs=0 l=0 rev1=1 crypto rx=0 tx=0 comp rx=0 tx=0).handle_hello peer v2:172.21.15.137:3300/0 says I am v2:172.21.15.137:57496/0 (socket says 172.21.15.137:57496)
2024-04-23T02:47:25.707 INFO:teuthology.orchestra.run.smithi137.stdout:/usr/bin/ceph: stderr
2024-04-23T02:47:24.538+0000 7fb93d121700 1 -- 172.21.15.137:0/1569275161 learned_addr learned my addr 172.21.15.137:0/1569275161 (peer_addr_for_me v2:172.21.15.137:0/0)
2024-04-23T02:47:25.707 INFO:teuthology.orchestra.run.smithi137.stdout:/usr/bin/ceph: stderr
2024-04-23T02:47:24.538+0000 7fb93d121700 1 -- 172.21.15.137:0/1569275161 --> [v2:172.21.15.137:3300/0,v1:172.21.15.137:6789/0] -- mon_subscribe({config=0+,monmap=0+}) -- 0x7fb938108a90 con 0x7fb938107890
2024-04-23T02:47:25.707 INFO:teuthology.orchestra.run.smithi137.stdout:/usr/bin/ceph: stderr
2024-04-23T02:47:24.538+0000 7fb93d121700 1 --2- 172.21.15.137:0/1569275161 >> [v2:172.21.15.137:3300/0,v1:172.21.15.137:6789/0] conn(0x7fb938107890 0x7fb938107cb0 secure :-1 s=READY pgs=26 cs=0 l=1 rev1=1 crypto rx=0x7fb9280098a0 tx=0x7fb928009bb0 comp rx=0 tx=0).ready entity=mon.0 client_cookie=a5ab7c3fa4291ffb server_cookie=0 in_seq=0 out_seq=0
2024-04-23T02:47:25.707 INFO:teuthology.orchestra.run.smithi137.stdout:/usr/bin/ceph: stderr
2024-04-23T02:47:24.538+0000 7fb92ffff700 1 -- 172.21.15.137:0/1569275161 <== mon.0 v2:172.21.15.137:3300/0 1 ==== mon_map magic: 0 ==== 205+0+0 (secure 0 0 0) 0x7fb928004160 con 0x7fb938107890
2024-04-23T02:47:25.707 INFO:teuthology.orchestra.run.smithi137.stdout:/usr/bin/ceph: stderr
2024-04-23T02:47:24.538+0000 7fb92ffff700 1 -- 172.21.15.137:0/1569275161 <== mon.0 v2:172.21.15.137:3300/0 2 ==== config(25 keys) ==== 1032+0+0 (secure 0 0 0) 0x7fb928004300 con 0x7fb938107890
2024-04-23T02:47:25.707 INFO:teuthology.orchestra.run.smithi137.stdout:/usr/bin/ceph: stderr
2024-04-23T02:47:24.538+0000 7fb92ffff700 1 -- 172.21.15.137:0/1569275161 <== mon.0 v2:172.21.15.137:3300/0 3 ==== mon_map magic: 0 ==== 205+0+0 (secure 0 0 0) 0x7fb9280119e0 con 0x7fb938107890
2024-04-23T02:47:25.707 INFO:teuthology.orchestra.run.smithi137.stdout:/usr/bin/ceph: stderr
2024-04-23T02:47:24.538+0000 7fb93f385700 1 -- 172.21.15.137:0/1569275161 >> [v2:172.21.15.137:3300/0,v1:172.21.15.137:6789/0] conn(0x7fb938107890 msgr2=0x7fb938107cb0 secure :-1 s=STATE_CONNECTION_ESTABLISHED l=1).mark_down
2024-04-23T02:47:25.707 INFO:teuthology.orchestra.run.smithi137.stdout:/usr/bin/ceph: stderr
2024-04-23T02:47:24.538+0000 7fb93f385700 1 --2- 172.21.15.137:0/1569275161 >> [v2:172.21.15.137:3300/0,v1:172.21.15.137:6789/0] conn(0x7fb938107890 0x7fb938107cb0 secure :-1 s=READY pgs=26 cs=0 l=1 rev1=1 crypto rx=0x7fb9280098a0 tx=0x7fb928009bb0 comp rx=0 tx=0).stop
2024-04-23T02:47:25.707 INFO:teuthology.orchestra.run.smithi137.stdout:/usr/bin/ceph: stderr
2024-04-23T02:47:24.538+0000 7fb93f385700 1 -- 172.21.15.137:0/1569275161 shutdown_connections
2024-04-23T02:47:25.707 INFO:teuthology.orchestra.run.smithi137.stdout:/usr/bin/ceph: stderr
2024-04-23T02:47:24.538+0000 7fb93f385700 1 --2- 172.21.15.137:0/1569275161 >> [v2:172.21.15.137:3300/0,v1:172.21.15.137:6789/0] conn(0x7fb938107890 0x7fb938107cb0 unknown :-1 s=CLOSED pgs=26 cs=0 l=1 rev1=1 crypto rx=0 tx=0 comp rx=0 tx=0).stop
2024-04-23T02:47:25.707 INFO:teuthology.orchestra.run.smithi137.stdout:/usr/bin/ceph: stderr
2024-04-23T02:47:24.538+0000 7fb93f385700 1 -- 172.21.15.137:0/1569275161 >> 172.21.15.137:0/1569275161 conn(0x7fb938102e50 msgr2=0x7fb938105270 unknown :-1 s=STATE_NONE l=0).mark_down
2024-04-23T02:47:25.708 INFO:teuthology.orchestra.run.smithi137.stdout:/usr/bin/ceph: stderr
2024-04-23T02:47:24.538+0000 7fb93f385700 1 -- 172.21.15.137:0/1569275161 shutdown_connections
2024-04-23T02:47:25.708 INFO:teuthology.orchestra.run.smithi137.stdout:/usr/bin/ceph: stderr
2024-04-23T02:47:24.538+0000 7fb93f385700 1 -- 172.21.15.137:0/1569275161 wait complete.
2024-04-23T02:47:25.708 INFO:teuthology.orchestra.run.smithi137.stdout:/usr/bin/ceph: stderr
2024-04-23T02:47:24.538+0000 7fb93f385700 1 Processor -- start
2024-04-23T02:47:25.708 INFO:teuthology.orchestra.run.smithi137.stdout:/usr/bin/ceph: stderr
2024-04-23T02:47:24.538+0000 7fb93f385700 1 -- start start
2024-04-23T02:47:25.708 INFO:teuthology.orchestra.run.smithi137.stdout:/usr/bin/ceph: stderr
2024-04-23T02:47:24.542+0000 7fb93f385700 1 --2- >> [v2:172.21.15.137:3300/0,v1:172.21.15.137:6789/0] conn(0x7fb938107890 0x7fb93807d410 unknown :-1 s=NONE pgs=0 cs=0 l=1 rev1=0 crypto rx=0 tx=0 comp rx=0 tx=0).connect
2024-04-23T02:47:25.708 INFO:teuthology.orchestra.run.smithi137.stdout:/usr/bin/ceph: stderr
2024-04-23T02:47:24.542+0000 7fb93f385700 1 -- --> [v2:172.21.15.137:3300/0,v1:172.21.15.137:6789/0] -- mon_getmap magic: 0 -- 0x7fb93810bcc0 con 0x7fb938107890
2024-04-23T02:47:25.708 INFO:teuthology.orchestra.run.smithi137.stdout:/usr/bin/ceph: stderr
2024-04-23T02:47:24.542+0000 7fb93d121700 1 --2- >> [v2:172.21.15.137:3300/0,v1:172.21.15.137:6789/0] conn(0x7fb938107890 0x7fb93807d410 unknown :-1 s=BANNER_CONNECTING pgs=0 cs=0 l=1 rev1=0 crypto rx=0 tx=0 comp rx=0 tx=0)._handle_peer_banner_payload supported=3 required=0
2024-04-23T02:47:25.708 INFO:teuthology.orchestra.run.smithi137.stdout:/usr/bin/ceph: stderr
2024-04-23T02:47:24.542+0000 7fb93d121700 1 --2- >> [v2:172.21.15.137:3300/0,v1:172.21.15.137:6789/0] conn(0x7fb938107890 0x7fb93807d410 unknown :-1 s=HELLO_CONNECTING pgs=0 cs=0 l=1 rev1=1 crypto rx=0 tx=0 comp rx=0 tx=0).handle_hello peer v2:172.21.15.137:3300/0 says I am v2:172.21.15.137:57510/0 (socket says 172.21.15.137:57510)
2024-04-23T02:47:25.708 INFO:teuthology.orchestra.run.smithi137.stdout:/usr/bin/ceph: stderr
2024-04-23T02:47:24.542+0000 7fb93d121700 1 -- 172.21.15.137:0/801551881 learned_addr learned my addr 172.21.15.137:0/801551881 (peer_addr_for_me v2:172.21.15.137:0/0)
2024-04-23T02:47:25.708 INFO:teuthology.orchestra.run.smithi137.stdout:/usr/bin/ceph: stderr
2024-04-23T02:47:24.542+0000 7fb93d121700 1 -- 172.21.15.137:0/801551881 --> [v2:172.21.15.137:3300/0,v1:172.21.15.137:6789/0] -- mon_subscribe({config=0+,monmap=0+}) -- 0x7fb93807d950 con 0x7fb938107890
2024-04-23T02:47:25.708 INFO:teuthology.orchestra.run.smithi137.stdout:/usr/bin/ceph: stderr
2024-04-23T02:47:24.542+0000 7fb93d121700 1 --2- 172.21.15.137:0/801551881 >> [v2:172.21.15.137:3300/0,v1:172.21.15.137:6789/0] conn(0x7fb938107890 0x7fb93807d410 secure :-1 s=READY pgs=27 cs=0 l=1 rev1=1 crypto rx=0x7fb9280119b0 tx=0x7fb928011a90 comp rx=0 tx=0).ready entity=mon.0 client_cookie=0 server_cookie=0 in_seq=0 out_seq=0
2024-04-23T02:47:25.708 INFO:teuthology.orchestra.run.smithi137.stdout:/usr/bin/ceph: stderr
2024-04-23T02:47:24.542+0000 7fb92e7fc700 1 -- 172.21.15.137:0/801551881 <== mon.0 v2:172.21.15.137:3300/0 1 ==== mon_map magic: 0 ==== 205+0+0 (secure 0 0 0) 0x7fb928003af0 con 0x7fb938107890
2024-04-23T02:47:25.708 INFO:teuthology.orchestra.run.smithi137.stdout:/usr/bin/ceph: stderr
2024-04-23T02:47:24.542+0000 7fb93f385700 1 -- 172.21.15.137:0/801551881 --> [v2:172.21.15.137:3300/0,v1:172.21.15.137:6789/0] -- mon_subscribe({mgrmap=0+}) -- 0x7fb93807bb40 con 0x7fb938107890
2024-04-23T02:47:25.708 INFO:teuthology.orchestra.run.smithi137.stdout:/usr/bin/ceph: stderr
2024-04-23T02:47:24.542+0000 7fb92e7fc700 1 -- 172.21.15.137:0/801551881 <== mon.0 v2:172.21.15.137:3300/0 2 ==== config(25 keys) ==== 1032+0+0 (secure 0 0 0) 0x7fb92801a8a0 con 0x7fb938107890
2024-04-23T02:47:25.708 INFO:teuthology.orchestra.run.smithi137.stdout:/usr/bin/ceph: stderr
2024-04-23T02:47:24.542+0000 7fb92e7fc700 1 -- 172.21.15.137:0/801551881 <== mon.0 v2:172.21.15.137:3300/0 3 ==== mon_map magic: 0 ==== 205+0+0 (secure 0 0 0) 0x7fb928024830 con 0x7fb938107890
2024-04-23T02:47:25.709 INFO:teuthology.orchestra.run.smithi137.stdout:/usr/bin/ceph: stderr
2024-04-23T02:47:24.542+0000 7fb93f385700 1 -- 172.21.15.137:0/801551881 --> [v2:172.21.15.137:3300/0,v1:172.21.15.137:6789/0] -- mon_subscribe({osdmap=0}) -- 0x7fb93807c080 con 0x7fb938107890
2024-04-23T02:47:25.709 INFO:teuthology.orchestra.run.smithi137.stdout:/usr/bin/ceph: stderr
2024-04-23T02:47:24.542+0000 7fb92e7fc700 1 -- 172.21.15.137:0/801551881 <== mon.0 v2:172.21.15.137:3300/0 4 ==== mgrmap(e 5) ==== 46558+0+0 (secure 0 0 0) 0x7fb928022020 con 0x7fb938107890
2024-04-23T02:47:25.709 INFO:teuthology.orchestra.run.smithi137.stdout:/usr/bin/ceph: stderr
2024-04-23T02:47:24.542+0000 7fb92e7fc700 1 --2- 172.21.15.137:0/801551881 >> [v2:172.21.15.137:6800/1882294426,v1:172.21.15.137:6801/1882294426] conn(0x7fb924039600 0x7fb92403bac0 unknown :-1 s=NONE pgs=0 cs=0 l=1 rev1=0 crypto rx=0 tx=0 comp rx=0 tx=0).connect
2024-04-23T02:47:25.709 INFO:teuthology.orchestra.run.smithi137.stdout:/usr/bin/ceph: stderr
2024-04-23T02:47:24.542+0000 7fb92e7fc700 1 -- 172.21.15.137:0/801551881 <== mon.0 v2:172.21.15.137:3300/0 5 ==== osd_map(1..1 src has 1..1) ==== 725+0+0 (secure 0 0 0) 0x7fb92804d720 con 0x7fb938107890
2024-04-23T02:47:25.709 INFO:teuthology.orchestra.run.smithi137.stdout:/usr/bin/ceph: stderr
2024-04-23T02:47:24.542+0000 7fb93c920700 1 -- 172.21.15.137:0/801551881 >> [v2:172.21.15.137:6800/1882294426,v1:172.21.15.137:6801/1882294426] conn(0x7fb924039600 msgr2=0x7fb92403bac0 unknown :-1 s=STATE_CONNECTING_RE l=1).process reconnect failed to v2:172.21.15.137:6800/1882294426
2024-04-23T02:47:25.709 INFO:teuthology.orchestra.run.smithi137.stdout:/usr/bin/ceph: stderr
2024-04-23T02:47:24.542+0000 7fb93c920700 1 --2- 172.21.15.137:0/801551881 >> [v2:172.21.15.137:6800/1882294426,v1:172.21.15.137:6801/1882294426] conn(0x7fb924039600 0x7fb92403bac0 unknown :-1 s=START_CONNECT pgs=0 cs=0 l=1 rev1=0 crypto rx=0 tx=0 comp rx=0 tx=0)._fault waiting 0.200000
2024-04-23T02:47:25.709 INFO:teuthology.orchestra.run.smithi137.stdout:/usr/bin/ceph: stderr
2024-04-23T02:47:24.542+0000 7fb93f385700 1 -- 172.21.15.137:0/801551881 --> [v2:172.21.15.137:3300/0,v1:172.21.15.137:6789/0] -- mon_command({"prefix": "get_command_descriptions"} v 0) -- 0x7fb93810be40 con 0x7fb938107890
2024-04-23T02:47:25.709 INFO:teuthology.orchestra.run.smithi137.stdout:/usr/bin/ceph: stderr
2024-04-23T02:47:24.550+0000 7fb92e7fc700 1 -- 172.21.15.137:0/801551881 <== mon.0 v2:172.21.15.137:3300/0 6 ==== mon_command_ack([{"prefix": "get_command_descriptions"}]=0 v0) ==== 72+0+188370 (secure 0 0 0) 0x7fb92800b3e0 con 0x7fb938107890
2024-04-23T02:47:25.709 INFO:teuthology.orchestra.run.smithi137.stdout:/usr/bin/ceph: stderr
2024-04-23T02:47:24.746+0000 7fb93c920700 1 -- 172.21.15.137:0/801551881 >> [v2:172.21.15.137:6800/1882294426,v1:172.21.15.137:6801/1882294426] conn(0x7fb924039600 msgr2=0x7fb92403bac0 unknown :-1 s=STATE_CONNECTING_RE l=1).process reconnect failed to v2:172.21.15.137:6800/1882294426
2024-04-23T02:47:25.709 INFO:teuthology.orchestra.run.smithi137.stdout:/usr/bin/ceph: stderr
2024-04-23T02:47:24.746+0000 7fb93c920700 1 --2- 172.21.15.137:0/801551881 >> [v2:172.21.15.137:6800/1882294426,v1:172.21.15.137:6801/1882294426] conn(0x7fb924039600 0x7fb92403bac0 unknown :-1 s=START_CONNECT pgs=0 cs=0 l=1 rev1=0 crypto rx=0 tx=0 comp rx=0 tx=0)._fault waiting 0.400000
2024-04-23T02:47:25.709 INFO:teuthology.orchestra.run.smithi137.stdout:/usr/bin/ceph: stderr
2024-04-23T02:47:25.026+0000 7fb93f385700 1 -- 172.21.15.137:0/801551881 --> [v2:172.21.15.137:3300/0,v1:172.21.15.137:6789/0] -- mon_command({"prefix": "mgr stat"} v 0) -- 0x7fb9380640a0 con 0x7fb938107890
2024-04-23T02:47:25.709 INFO:teuthology.orchestra.run.smithi137.stdout:/usr/bin/ceph: stderr
2024-04-23T02:47:25.026+0000 7fb92e7fc700 1 -- 172.21.15.137:0/801551881 <== mon.0 v2:172.21.15.137:3300/0 7 ==== mon_command_ack([{"prefix": "mgr stat"}]=0 v5) ==== 56+0+88 (secure 0 0 0) 0x7fb92804d530 con 0x7fb938107890
2024-04-23T02:47:25.709 INFO:teuthology.orchestra.run.smithi137.stdout:/usr/bin/ceph: stderr
2024-04-23T02:47:25.030+0000 7fb93f385700 1 -- 172.21.15.137:0/801551881 >> [v2:172.21.15.137:6800/1882294426,v1:172.21.15.137:6801/1882294426] conn(0x7fb924039600 msgr2=0x7fb92403bac0 unknown :-1 s=STATE_CONNECTING l=1).mark_down
2024-04-23T02:47:25.709 INFO:teuthology.orchestra.run.smithi137.stdout:/usr/bin/ceph: stderr
2024-04-23T02:47:25.030+0000 7fb93f385700 1 --2- 172.21.15.137:0/801551881 >> [v2:172.21.15.137:6800/1882294426,v1:172.21.15.137:6801/1882294426] conn(0x7fb924039600 0x7fb92403bac0 unknown :-1 s=START_CONNECT pgs=0 cs=0 l=1 rev1=0 crypto rx=0 tx=0 comp rx=0 tx=0).stop
2024-04-23T02:47:25.709 INFO:teuthology.orchestra.run.smithi137.stdout:/usr/bin/ceph: stderr
2024-04-23T02:47:25.030+0000 7fb93f385700 1 -- 172.21.15.137:0/801551881 >> [v2:172.21.15.137:3300/0,v1:172.21.15.137:6789/0] conn(0x7fb938107890 msgr2=0x7fb93807d410 secure :-1 s=STATE_CONNECTION_ESTABLISHED l=1).mark_down
2024-04-23T02:47:25.710 INFO:teuthology.orchestra.run.smithi137.stdout:/usr/bin/ceph: stderr
2024-04-23T02:47:25.030+0000 7fb93f385700 1 --2- 172.21.15.137:0/801551881 >> [v2:172.21.15.137:3300/0,v1:172.21.15.137:6789/0] conn(0x7fb938107890 0x7fb93807d410 secure :-1 s=READY pgs=27 cs=0 l=1 rev1=1 crypto rx=0x7fb9280119b0 tx=0x7fb928011a90 comp rx=0 tx=0).stop
2024-04-23T02:47:25.710 INFO:teuthology.orchestra.run.smithi137.stdout:/usr/bin/ceph: stderr
2024-04-23T02:47:25.030+0000 7fb93f385700 1 -- 172.21.15.137:0/801551881 shutdown_connections
2024-04-23T02:47:25.710 INFO:teuthology.orchestra.run.smithi137.stdout:/usr/bin/ceph: stderr
2024-04-23T02:47:25.030+0000 7fb93f385700 1 --2- 172.21.15.137:0/801551881 >> [v2:172.21.15.137:6800/1882294426,v1:172.21.15.137:6801/1882294426] conn(0x7fb924039600 0x7fb92403bac0 unknown :-1 s=CLOSED pgs=0 cs=0 l=1 rev1=0 crypto rx=0 tx=0 comp rx=0 tx=0).stop
2024-04-23T02:47:25.710 INFO:teuthology.orchestra.run.smithi137.stdout:/usr/bin/ceph: stderr
2024-04-23T02:47:25.030+0000 7fb93f385700 1 --2- 172.21.15.137:0/801551881 >> [v2:172.21.15.137:3300/0,v1:172.21.15.137:6789/0] conn(0x7fb938107890 0x7fb93807d410 unknown :-1 s=CLOSED pgs=27 cs=0 l=1 rev1=1 crypto rx=0 tx=0 comp rx=0 tx=0).stop
2024-04-23T02:47:25.710 INFO:teuthology.orchestra.run.smithi137.stdout:/usr/bin/ceph: stderr
2024-04-23T02:47:25.030+0000 7fb93f385700 1 -- 172.21.15.137:0/801551881 >> 172.21.15.137:0/801551881 conn(0x7fb938102e50 msgr2=0x7fb9381038f0 unknown :-1 s=STATE_NONE l=0).mark_down
2024-04-23T02:47:25.710 INFO:teuthology.orchestra.run.smithi137.stdout:/usr/bin/ceph: stderr
2024-04-23T02:47:25.034+0000 7fb93f385700 1 -- 172.21.15.137:0/801551881 shutdown_connections
2024-04-23T02:47:25.710 INFO:teuthology.orchestra.run.smithi137.stdout:/usr/bin/ceph: stderr
2024-04-23T02:47:25.034+0000 7fb93f385700 1 -- 172.21.15.137:0/801551881 wait complete.
2024-04-23T02:47:25.710 INFO:teuthology.orchestra.run.smithi137.stdout:Waiting for the mgr to restart...
2024-04-23T02:47:25.710 INFO:teuthology.orchestra.run.smithi137.stdout:Waiting for mgr epoch 5...
2024-04-23T02:47:26.308 INFO:journalctl@ceph.mgr.x.smithi137.stdout:Apr 23 02:47:26 smithi137 bash[21821]: debug
2024-04-23T02:47:26.018+0000 7f04b9239200 -1 mgr[py] Module osd_support has missing NOTIFY_TYPES member
2024-04-23T02:47:26.308 INFO:journalctl@ceph.mgr.x.smithi137.stdout:Apr 23 02:47:26 smithi137 bash[21821]: debug
2024-04-23T02:47:26.130+0000 7f04b9239200 -1 mgr[py] Module selftest has missing NOTIFY_TYPES member
2024-04-23T02:47:26.308 INFO:journalctl@ceph.mgr.x.smithi137.stdout:Apr 23 02:47:26 smithi137 bash[21821]: debug
2024-04-23T02:47:26.234+0000 7f04b9239200 -1 mgr[py] Module progress has missing NOTIFY_TYPES member
2024-04-23T02:47:26.718 INFO:journalctl@ceph.mgr.x.smithi137.stdout:Apr 23 02:47:26 smithi137 bash[21821]: debug
2024-04-23T02:47:26.602+0000 7f04b9239200 -1 mgr[py] Module rgw has missing NOTIFY_TYPES member
2024-04-23T02:47:26.719 INFO:journalctl@ceph.mgr.x.smithi137.stdout:Apr 23 02:47:26 smithi137 bash[21821]: debug
2024-04-23T02:47:26.714+0000 7f04b9239200 -1 mgr[py] Module crash has missing NOTIFY_TYPES member
2024-04-23T02:47:27.058 INFO:journalctl@ceph.mgr.x.smithi137.stdout:Apr 23 02:47:26 smithi137 bash[21821]: debug
2024-04-23T02:47:26.818+0000 7f04b9239200 -1 mgr[py] Module telegraf has missing NOTIFY_TYPES member
2024-04-23T02:47:27.558 INFO:journalctl@ceph.mgr.x.smithi137.stdout:Apr 23 02:47:27 smithi137 bash[21821]: debug
2024-04-23T02:47:27.170+0000 7f04b9239200 -1 mgr[py] Module pg_autoscaler has missing NOTIFY_TYPES member
2024-04-23T02:47:27.558 INFO:journalctl@ceph.mgr.x.smithi137.stdout:Apr 23 02:47:27 smithi137 bash[21821]: debug
2024-04-23T02:47:27.414+0000 7f04b9239200 -1 mgr[py] Module zabbix has missing NOTIFY_TYPES member
2024-04-23T02:47:28.058 INFO:journalctl@ceph.mgr.x.smithi137.stdout:Apr 23 02:47:27 smithi137 bash[21821]: debug
2024-04-23T02:47:27.674+0000 7f04b9239200 -1 mgr[py] Module nfs has missing NOTIFY_TYPES member
2024-04-23T02:47:28.058 INFO:journalctl@ceph.mgr.x.smithi137.stdout:Apr 23 02:47:27 smithi137 bash[21821]: debug
2024-04-23T02:47:27.786+0000 7f04b9239200 -1 mgr[py] Module balancer has missing NOTIFY_TYPES member
2024-04-23T02:47:28.485 INFO:journalctl@ceph.mgr.x.smithi137.stdout:Apr 23 02:47:28 smithi137 bash[21821]: debug
2024-04-23T02:47:28.058+0000 7f04b9239200 -1 mgr[py] Module diskprediction_local has missing NOTIFY_TYPES member
2024-04-23T02:47:28.808 INFO:journalctl@ceph.mgr.x.smithi137.stdout:Apr 23 02:47:28 smithi137 bash[21821]: debug
2024-04-23T02:47:28.478+0000 7f04b9239200 -1 mgr[py] Module orchestrator has missing NOTIFY_TYPES member
2024-04-23T02:47:28.808 INFO:journalctl@ceph.mgr.x.smithi137.stdout:Apr 23 02:47:28 smithi137 bash[21821]: debug
2024-04-23T02:47:28.722+0000 7f04b9239200 -1 mgr[py] Module rbd_support has missing NOTIFY_TYPES member
2024-04-23T02:47:29.308 INFO:journalctl@ceph.mgr.x.smithi137.stdout:Apr 23 02:47:28 smithi137 bash[21821]: debug
2024-04-23T02:47:28.838+0000 7f04b9239200 -1 mgr[py] Module alerts has missing NOTIFY_TYPES member
2024-04-23T02:47:29.308 INFO:journalctl@ceph.mgr.x.smithi137.stdout:Apr 23 02:47:29 smithi137 bash[21821]: debug
2024-04-23T02:47:29.082+0000 7f04b9239200 -1 mgr[py] Module test_orchestrator has missing NOTIFY_TYPES member
2024-04-23T02:47:30.501 INFO:journalctl@ceph.mgr.x.smithi137.stdout:Apr 23 02:47:30 smithi137 bash[21821]: debug
2024-04-23T02:47:30.090+0000 7f04b9239200 -1 mgr[py] Module influx has missing NOTIFY_TYPES member
2024-04-23T02:47:30.502 INFO:journalctl@ceph.mgr.x.smithi137.stdout:Apr 23 02:47:30 smithi137 bash[21821]: debug
2024-04-23T02:47:30.206+0000 7f04b9239200 -1 mgr[py] Module status has missing NOTIFY_TYPES member
2024-04-23T02:47:30.808 INFO:journalctl@ceph.mgr.x.smithi137.stdout:Apr 23 02:47:30 smithi137 bash[21821]: debug
2024-04-23T02:47:30.498+0000 7f04b9239200 -1 mgr[py] Module volumes has missing NOTIFY_TYPES member
2024-04-23T02:47:30.808 INFO:journalctl@ceph.mgr.x.smithi137.stdout:Apr 23 02:47:30 smithi137 bash[21821]: debug
2024-04-23T02:47:30.610+0000 7f04b9239200 -1 mgr[py] Module osd_perf_query has missing NOTIFY_TYPES member
2024-04-23T02:47:31.558 INFO:journalctl@ceph.mgr.x.smithi137.stdout:Apr 23 02:47:31 smithi137 bash[21821]: debug
2024-04-23T02:47:31.054+0000 7f04b9239200 -1 mgr[py] Module prometheus has missing NOTIFY_TYPES member
2024-04-23T02:47:31.558 INFO:journalctl@ceph.mgr.x.smithi137.stdout:Apr 23 02:47:31 smithi137 bash[21821]: debug
2024-04-23T02:47:31.174+0000 7f04b9239200 -1 mgr[py] Module snap_schedule has missing NOTIFY_TYPES member
2024-04-23T02:47:31.559 INFO:journalctl@ceph.mon.a.smithi137.stdout:Apr 23 02:47:31 smithi137 bash[21564]: cluster
2024-04-23T02:47:31.197691+0000 mon.a (mon.0) 37 : cluster [INF] Active manager daemon x restarted
2024-04-23T02:47:31.559 INFO:journalctl@ceph.mon.a.smithi137.stdout:Apr 23 02:47:31 smithi137 bash[21564]: cluster
2024-04-23T02:47:31.197691+0000 mon.a (mon.0) 37 : cluster [INF] Active manager daemon x restarted
2024-04-23T02:47:31.559 INFO:journalctl@ceph.mon.a.smithi137.stdout:Apr 23 02:47:31 smithi137 bash[21564]: cluster
2024-04-23T02:47:31.198527+0000 mon.a (mon.0) 38 : cluster [INF] Activating manager daemon x
2024-04-23T02:47:31.559 INFO:journalctl@ceph.mon.a.smithi137.stdout:Apr 23 02:47:31 smithi137 bash[21564]: cluster
2024-04-23T02:47:31.198527+0000 mon.a (mon.0) 38 : cluster [INF] Activating manager daemon x
2024-04-23T02:47:31.559 INFO:journalctl@ceph.mon.a.smithi137.stdout:Apr 23 02:47:31 smithi137 bash[21564]: cluster
2024-04-23T02:47:31.203001+0000 mon.a (mon.0) 39 : cluster [DBG] osdmap e2: 0 total, 0 up, 0 in
2024-04-23T02:47:31.559 INFO:journalctl@ceph.mon.a.smithi137.stdout:Apr 23 02:47:31 smithi137 bash[21564]: cluster
2024-04-23T02:47:31.203001+0000 mon.a (mon.0) 39 : cluster [DBG] osdmap e2: 0 total, 0 up, 0 in
2024-04-23T02:47:31.559 INFO:journalctl@ceph.mon.a.smithi137.stdout:Apr 23 02:47:31 smithi137 bash[21564]: cluster
