2024-04-23T02:47:59.575 INFO:teuthology.orchestra.run.smithi137.stdout:/usr/bin/ceph: stderr
2024-04-23T02:47:57.398+0000 7f374b694700 1 -- 172.21.15.137:0/3023820423 >> 172.21.15.137:0/3023820423 conn(0x7f3744101d90 msgr2=0x7f37441041b0 unknown :-1 s=STATE_NONE l=0).mark_down
2024-04-23T02:47:59.575 INFO:teuthology.orchestra.run.smithi137.stdout:/usr/bin/ceph: stderr
2024-04-23T02:47:57.398+0000 7f374b694700 1 -- 172.21.15.137:0/3023820423 shutdown_connections
2024-04-23T02:47:59.575 INFO:teuthology.orchestra.run.smithi137.stdout:/usr/bin/ceph: stderr
2024-04-23T02:47:57.398+0000 7f374b694700 1 -- 172.21.15.137:0/3023820423 wait complete.
2024-04-23T02:47:59.575 INFO:teuthology.orchestra.run.smithi137.stdout:/usr/bin/ceph: stderr
2024-04-23T02:47:57.398+0000 7f374b694700 1 Processor -- start
2024-04-23T02:47:59.575 INFO:teuthology.orchestra.run.smithi137.stdout:/usr/bin/ceph: stderr
2024-04-23T02:47:57.398+0000 7f374b694700 1 -- start start
2024-04-23T02:47:59.575 INFO:teuthology.orchestra.run.smithi137.stdout:/usr/bin/ceph: stderr
2024-04-23T02:47:57.398+0000 7f374b694700 1 --2- >> [v2:172.21.15.137:3300/0,v1:172.21.15.137:6789/0] conn(0x7f37441061b0 0x7f374419d910 unknown :-1 s=NONE pgs=0 cs=0 l=1 rev1=0 crypto rx=0 tx=0 comp rx=0 tx=0).connect
2024-04-23T02:47:59.575 INFO:teuthology.orchestra.run.smithi137.stdout:/usr/bin/ceph: stderr
2024-04-23T02:47:57.398+0000 7f374b694700 1 -- --> [v2:172.21.15.137:3300/0,v1:172.21.15.137:6789/0] -- mon_getmap magic: 0 -- 0x7f3744107b20 con 0x7f37441061b0
2024-04-23T02:47:59.575 INFO:teuthology.orchestra.run.smithi137.stdout:/usr/bin/ceph: stderr
2024-04-23T02:47:57.398+0000 7f3749430700 1 --2- >> [v2:172.21.15.137:3300/0,v1:172.21.15.137:6789/0] conn(0x7f37441061b0 0x7f374419d910 unknown :-1 s=BANNER_CONNECTING pgs=0 cs=0 l=1 rev1=0 crypto rx=0 tx=0 comp rx=0 tx=0)._handle_peer_banner_payload supported=3 required=0
2024-04-23T02:47:59.575 INFO:teuthology.orchestra.run.smithi137.stdout:/usr/bin/ceph: stderr
2024-04-23T02:47:57.398+0000 7f3749430700 1 --2- >> [v2:172.21.15.137:3300/0,v1:172.21.15.137:6789/0] conn(0x7f37441061b0 0x7f374419d910 unknown :-1 s=HELLO_CONNECTING pgs=0 cs=0 l=1 rev1=1 crypto rx=0 tx=0 comp rx=0 tx=0).handle_hello peer v2:172.21.15.137:3300/0 says I am v2:172.21.15.137:38488/0 (socket says 172.21.15.137:38488)
2024-04-23T02:47:59.576 INFO:teuthology.orchestra.run.smithi137.stdout:/usr/bin/ceph: stderr
2024-04-23T02:47:57.398+0000 7f3749430700 1 -- 172.21.15.137:0/3536383368 learned_addr learned my addr 172.21.15.137:0/3536383368 (peer_addr_for_me v2:172.21.15.137:0/0)
2024-04-23T02:47:59.576 INFO:teuthology.orchestra.run.smithi137.stdout:/usr/bin/ceph: stderr
2024-04-23T02:47:57.398+0000 7f3749430700 1 -- 172.21.15.137:0/3536383368 --> [v2:172.21.15.137:3300/0,v1:172.21.15.137:6789/0] -- mon_subscribe({config=0+,monmap=0+}) -- 0x7f374419de50 con 0x7f37441061b0
2024-04-23T02:47:59.576 INFO:teuthology.orchestra.run.smithi137.stdout:/usr/bin/ceph: stderr
2024-04-23T02:47:57.398+0000 7f3749430700 1 --2- 172.21.15.137:0/3536383368 >> [v2:172.21.15.137:3300/0,v1:172.21.15.137:6789/0] conn(0x7f37441061b0 0x7f374419d910 secure :-1 s=READY pgs=56 cs=0 l=1 rev1=1 crypto rx=0x7f3740011670 tx=0x7f3740011a30 comp rx=0 tx=0).ready entity=mon.0 client_cookie=0 server_cookie=0 in_seq=0 out_seq=0
2024-04-23T02:47:59.576 INFO:teuthology.orchestra.run.smithi137.stdout:/usr/bin/ceph: stderr
2024-04-23T02:47:57.398+0000 7f373a7fc700 1 -- 172.21.15.137:0/3536383368 <== mon.0 v2:172.21.15.137:3300/0 1 ==== mon_map magic: 0 ==== 205+0+0 (secure 0 0 0) 0x7f374001f070 con 0x7f37441061b0
2024-04-23T02:47:59.576 INFO:teuthology.orchestra.run.smithi137.stdout:/usr/bin/ceph: stderr
2024-04-23T02:47:57.398+0000 7f373a7fc700 1 -- 172.21.15.137:0/3536383368 <== mon.0 v2:172.21.15.137:3300/0 2 ==== config(25 keys) ==== 1063+0+0 (secure 0 0 0) 0x7f3740003b20 con 0x7f37441061b0
2024-04-23T02:47:59.576 INFO:teuthology.orchestra.run.smithi137.stdout:/usr/bin/ceph: stderr
2024-04-23T02:47:57.398+0000 7f374b694700 1 -- 172.21.15.137:0/3536383368 --> [v2:172.21.15.137:3300/0,v1:172.21.15.137:6789/0] -- mon_subscribe({mgrmap=0+}) -- 0x7f374419e0e0 con 0x7f37441061b0
2024-04-23T02:47:59.576 INFO:teuthology.orchestra.run.smithi137.stdout:/usr/bin/ceph: stderr
2024-04-23T02:47:57.398+0000 7f373a7fc700 1 -- 172.21.15.137:0/3536383368 <== mon.0 v2:172.21.15.137:3300/0 3 ==== mon_map magic: 0 ==== 205+0+0 (secure 0 0 0) 0x7f37400195f0 con 0x7f37441061b0
2024-04-23T02:47:59.576 INFO:teuthology.orchestra.run.smithi137.stdout:/usr/bin/ceph: stderr
2024-04-23T02:47:57.398+0000 7f374b694700 1 -- 172.21.15.137:0/3536383368 --> [v2:172.21.15.137:3300/0,v1:172.21.15.137:6789/0] -- mon_subscribe({osdmap=0}) -- 0x7f37441a0dd0 con 0x7f37441061b0
2024-04-23T02:47:59.576 INFO:teuthology.orchestra.run.smithi137.stdout:/usr/bin/ceph: stderr
2024-04-23T02:47:57.402+0000 7f373a7fc700 1 -- 172.21.15.137:0/3536383368 <== mon.0 v2:172.21.15.137:3300/0 4 ==== mgrmap(e 8) ==== 46558+0+0 (secure 0 0 0) 0x7f3740022070 con 0x7f37441061b0
2024-04-23T02:47:59.576 INFO:teuthology.orchestra.run.smithi137.stdout:/usr/bin/ceph: stderr
2024-04-23T02:47:57.402+0000 7f373a7fc700 1 --2- 172.21.15.137:0/3536383368 >> [v2:172.21.15.137:6800/188424206,v1:172.21.15.137:6801/188424206] conn(0x7f3730039600 0x7f373003bac0 unknown :-1 s=NONE pgs=0 cs=0 l=1 rev1=0 crypto rx=0 tx=0 comp rx=0 tx=0).connect
2024-04-23T02:47:59.576 INFO:teuthology.orchestra.run.smithi137.stdout:/usr/bin/ceph: stderr
2024-04-23T02:47:57.402+0000 7f373a7fc700 1 -- 172.21.15.137:0/3536383368 <== mon.0 v2:172.21.15.137:3300/0 5 ==== osd_map(2..2 src has 1..2) ==== 940+0+0 (secure 0 0 0) 0x7f374004db10 con 0x7f37441061b0
2024-04-23T02:47:59.576 INFO:teuthology.orchestra.run.smithi137.stdout:/usr/bin/ceph: stderr
2024-04-23T02:47:57.402+0000 7f374b694700 1 -- 172.21.15.137:0/3536383368 --> [v2:172.21.15.137:3300/0,v1:172.21.15.137:6789/0] -- mon_command({"prefix": "get_command_descriptions"} v 0) -- 0x7f37440640a0 con 0x7f37441061b0
2024-04-23T02:47:59.576 INFO:teuthology.orchestra.run.smithi137.stdout:/usr/bin/ceph: stderr
2024-04-23T02:47:57.402+0000 7f3748c2f700 1 --2- 172.21.15.137:0/3536383368 >> [v2:172.21.15.137:6800/188424206,v1:172.21.15.137:6801/188424206] conn(0x7f3730039600 0x7f373003bac0 unknown :-1 s=BANNER_CONNECTING pgs=0 cs=0 l=1 rev1=0 crypto rx=0 tx=0 comp rx=0 tx=0)._handle_peer_banner_payload supported=3 required=0
2024-04-23T02:47:59.576 INFO:teuthology.orchestra.run.smithi137.stdout:/usr/bin/ceph: stderr
2024-04-23T02:47:57.402+0000 7f3748c2f700 1 --2- 172.21.15.137:0/3536383368 >> [v2:172.21.15.137:6800/188424206,v1:172.21.15.137:6801/188424206] conn(0x7f3730039600 0x7f373003bac0 secure :-1 s=READY pgs=16 cs=0 l=1 rev1=1 crypto rx=0x7f3734006fd0 tx=0x7f3734006e40 comp rx=0 tx=0).ready entity=mgr.14120 client_cookie=0 server_cookie=0 in_seq=0 out_seq=0
2024-04-23T02:47:59.577 INFO:teuthology.orchestra.run.smithi137.stdout:/usr/bin/ceph: stderr
2024-04-23T02:47:57.406+0000 7f373a7fc700 1 -- 172.21.15.137:0/3536383368 <== mon.0 v2:172.21.15.137:3300/0 6 ==== mon_command_ack([{"prefix": "get_command_descriptions"}]=0 v0) ==== 72+0+188370 (secure 0 0 0) 0x7f374004d4a0 con 0x7f37441061b0
2024-04-23T02:47:59.577 INFO:teuthology.orchestra.run.smithi137.stdout:/usr/bin/ceph: stderr
2024-04-23T02:47:57.890+0000 7f374b694700 1 -- 172.21.15.137:0/3536383368 --> [v2:172.21.15.137:3300/0,v1:172.21.15.137:6789/0] -- mon_command({"prefix": "mgr module enable", "module": "dashboard"} v 0) -- 0x7f374402e110 con 0x7f37441061b0
2024-04-23T02:47:59.577 INFO:teuthology.orchestra.run.smithi137.stdout:/usr/bin/ceph: stderr
2024-04-23T02:47:58.846+0000 7f373a7fc700 1 -- 172.21.15.137:0/3536383368 <== mon.0 v2:172.21.15.137:3300/0 7 ==== mon_command_ack([{"prefix": "mgr module enable", "module": "dashboard"}]=0 v9) ==== 88+0+0 (secure 0 0 0) 0x7f3740022520 con 0x7f37441061b0
2024-04-23T02:47:59.577 INFO:teuthology.orchestra.run.smithi137.stdout:/usr/bin/ceph: stderr
2024-04-23T02:47:58.850+0000 7f373a7fc700 1 -- 172.21.15.137:0/3536383368 <== mon.0 v2:172.21.15.137:3300/0 8 ==== mgrmap(e 9) ==== 46571+0+0 (secure 0 0 0) 0x7f374001baf0 con 0x7f37441061b0
2024-04-23T02:47:59.577 INFO:teuthology.orchestra.run.smithi137.stdout:/usr/bin/ceph: stderr
2024-04-23T02:47:58.850+0000 7f374b694700 1 -- 172.21.15.137:0/3536383368 >> [v2:172.21.15.137:6800/188424206,v1:172.21.15.137:6801/188424206] conn(0x7f3730039600 msgr2=0x7f373003bac0 secure :-1 s=STATE_CONNECTION_ESTABLISHED l=1).mark_down
2024-04-23T02:47:59.577 INFO:teuthology.orchestra.run.smithi137.stdout:/usr/bin/ceph: stderr
2024-04-23T02:47:58.850+0000 7f374b694700 1 --2- 172.21.15.137:0/3536383368 >> [v2:172.21.15.137:6800/188424206,v1:172.21.15.137:6801/188424206] conn(0x7f3730039600 0x7f373003bac0 secure :-1 s=READY pgs=16 cs=0 l=1 rev1=1 crypto rx=0x7f3734006fd0 tx=0x7f3734006e40 comp rx=0 tx=0).stop
2024-04-23T02:47:59.577 INFO:teuthology.orchestra.run.smithi137.stdout:/usr/bin/ceph: stderr
2024-04-23T02:47:58.850+0000 7f374b694700 1 -- 172.21.15.137:0/3536383368 >> [v2:172.21.15.137:3300/0,v1:172.21.15.137:6789/0] conn(0x7f37441061b0 msgr2=0x7f374419d910 secure :-1 s=STATE_CONNECTION_ESTABLISHED l=1).mark_down
2024-04-23T02:47:59.577 INFO:teuthology.orchestra.run.smithi137.stdout:/usr/bin/ceph: stderr
2024-04-23T02:47:58.850+0000 7f374b694700 1 --2- 172.21.15.137:0/3536383368 >> [v2:172.21.15.137:3300/0,v1:172.21.15.137:6789/0] conn(0x7f37441061b0 0x7f374419d910 secure :-1 s=READY pgs=56 cs=0 l=1 rev1=1 crypto rx=0x7f3740011670 tx=0x7f3740011a30 comp rx=0 tx=0).stop
2024-04-23T02:47:59.577 INFO:teuthology.orchestra.run.smithi137.stdout:/usr/bin/ceph: stderr
2024-04-23T02:47:58.850+0000 7f374b694700 1 -- 172.21.15.137:0/3536383368 shutdown_connections
2024-04-23T02:47:59.577 INFO:teuthology.orchestra.run.smithi137.stdout:/usr/bin/ceph: stderr
2024-04-23T02:47:58.850+0000 7f374b694700 1 --2- 172.21.15.137:0/3536383368 >> [v2:172.21.15.137:6800/188424206,v1:172.21.15.137:6801/188424206] conn(0x7f3730039600 0x7f373003bac0 unknown :-1 s=CLOSED pgs=16 cs=0 l=1 rev1=1 crypto rx=0 tx=0 comp rx=0 tx=0).stop
2024-04-23T02:47:59.577 INFO:teuthology.orchestra.run.smithi137.stdout:/usr/bin/ceph: stderr
2024-04-23T02:47:58.850+0000 7f374b694700 1 --2- 172.21.15.137:0/3536383368 >> [v2:172.21.15.137:3300/0,v1:172.21.15.137:6789/0] conn(0x7f37441061b0 0x7f374419d910 unknown :-1 s=CLOSED pgs=56 cs=0 l=1 rev1=1 crypto rx=0 tx=0 comp rx=0 tx=0).stop
2024-04-23T02:47:59.577 INFO:teuthology.orchestra.run.smithi137.stdout:/usr/bin/ceph: stderr
2024-04-23T02:47:58.850+0000 7f374b694700 1 -- 172.21.15.137:0/3536383368 >> 172.21.15.137:0/3536383368 conn(0x7f3744101d90 msgr2=0x7f3744194570 unknown :-1 s=STATE_NONE l=0).mark_down
2024-04-23T02:47:59.578 INFO:teuthology.orchestra.run.smithi137.stdout:/usr/bin/ceph: stderr
2024-04-23T02:47:58.850+0000 7f374b694700 1 -- 172.21.15.137:0/3536383368 shutdown_connections
2024-04-23T02:47:59.578 INFO:teuthology.orchestra.run.smithi137.stdout:/usr/bin/ceph: stderr
2024-04-23T02:47:58.850+0000 7f374b694700 1 -- 172.21.15.137:0/3536383368 wait complete.
2024-04-23T02:48:00.308 INFO:journalctl@ceph.mon.a.smithi137.stdout:Apr 23 02:47:59 smithi137 bash[21564]: audit
2024-04-23T02:47:58.849188+0000 mon.a (mon.0) 71 : audit [INF] from='client.? 172.21.15.137:0/3536383368' entity='client.admin' cmd='[{"prefix": "mgr module enable", "module": "dashboard"}]': finished
2024-04-23T02:48:00.308 INFO:journalctl@ceph.mon.a.smithi137.stdout:Apr 23 02:47:59 smithi137 bash[21564]: audit
2024-04-23T02:47:58.849188+0000 mon.a (mon.0) 71 : audit [INF] from='client.? 172.21.15.137:0/3536383368' entity='client.admin' cmd='[{"prefix": "mgr module enable", "module": "dashboard"}]': finished
2024-04-23T02:48:00.308 INFO:journalctl@ceph.mon.a.smithi137.stdout:Apr 23 02:47:59 smithi137 bash[21564]: cluster
2024-04-23T02:47:58.856807+0000 mon.a (mon.0) 72 : cluster [DBG] mgrmap e9: x(active, since 27s)
2024-04-23T02:48:00.309 INFO:journalctl@ceph.mon.a.smithi137.stdout:Apr 23 02:47:59 smithi137 bash[21564]: cluster
2024-04-23T02:47:58.856807+0000 mon.a (mon.0) 72 : cluster [DBG] mgrmap e9: x(active, since 27s)
2024-04-23T02:48:01.001 INFO:journalctl@ceph.mgr.x.smithi137.stdout:Apr 23 02:48:00 smithi137 bash[21821]: debug
2024-04-23T02:48:00.657+0000 7f46e7771200 -1 mgr[py] Module rook has missing NOTIFY_TYPES member
2024-04-23T02:48:01.001 INFO:journalctl@ceph.mgr.x.smithi137.stdout:Apr 23 02:48:00 smithi137 bash[21821]: debug
2024-04-23T02:48:00.753+0000 7f46e7771200 -1 mgr[py] Module iostat has missing NOTIFY_TYPES member
2024-04-23T02:48:01.308 INFO:journalctl@ceph.mon.a.smithi137.stdout:Apr 23 02:48:01 smithi137 bash[21564]: audit
2024-04-23T02:48:00.984033+0000 mon.a (mon.0) 73 : audit [DBG] from='client.? 172.21.15.137:0/895257007' entity='client.admin' cmd=[{"prefix": "mgr stat"}]: dispatch
2024-04-23T02:48:01.308 INFO:journalctl@ceph.mon.a.smithi137.stdout:Apr 23 02:48:01 smithi137 bash[21564]: audit
2024-04-23T02:48:00.984033+0000 mon.a (mon.0) 73 : audit [DBG] from='client.? 172.21.15.137:0/895257007' entity='client.admin' cmd=[{"prefix": "mgr stat"}]: dispatch
2024-04-23T02:48:01.309 INFO:journalctl@ceph.mgr.x.smithi137.stdout:Apr 23 02:48:01 smithi137 bash[21821]: debug
2024-04-23T02:48:01.009+0000 7f46e7771200 -1 mgr[py] Module telemetry has missing NOTIFY_TYPES member
2024-04-23T02:48:01.578 INFO:teuthology.orchestra.run.smithi137.stdout:/usr/bin/ceph: stdout {
2024-04-23T02:48:01.578 INFO:teuthology.orchestra.run.smithi137.stdout:/usr/bin/ceph: stdout "epoch": 9,
2024-04-23T02:48:01.579 INFO:teuthology.orchestra.run.smithi137.stdout:/usr/bin/ceph: stdout "available": true,
2024-04-23T02:48:01.579 INFO:teuthology.orchestra.run.smithi137.stdout:/usr/bin/ceph: stdout "active_name": "x",
2024-04-23T02:48:01.579 INFO:teuthology.orchestra.run.smithi137.stdout:/usr/bin/ceph: stdout "num_standby": 0
2024-04-23T02:48:01.579 INFO:teuthology.orchestra.run.smithi137.stdout:/usr/bin/ceph: stdout }
2024-04-23T02:48:01.579 INFO:teuthology.orchestra.run.smithi137.stdout:/usr/bin/ceph: stderr
2024-04-23T02:48:00.494+0000 7f40db5ac700 1 Processor -- start
2024-04-23T02:48:01.579 INFO:teuthology.orchestra.run.smithi137.stdout:/usr/bin/ceph: stderr
2024-04-23T02:48:00.494+0000 7f40db5ac700 1 -- start start
2024-04-23T02:48:01.579 INFO:teuthology.orchestra.run.smithi137.stdout:/usr/bin/ceph: stderr
2024-04-23T02:48:00.494+0000 7f40db5ac700 1 --2- >> [v2:172.21.15.137:3300/0,v1:172.21.15.137:6789/0] conn(0x7f40d4108360 0x7f40d410a750 unknown :-1 s=NONE pgs=0 cs=0 l=0 rev1=0 crypto rx=0 tx=0 comp rx=0 tx=0).connect
2024-04-23T02:48:01.579 INFO:teuthology.orchestra.run.smithi137.stdout:/usr/bin/ceph: stderr
2024-04-23T02:48:00.494+0000 7f40db5ac700 1 -- --> [v2:172.21.15.137:3300/0,v1:172.21.15.137:6789/0] -- mon_getmap magic: 0 -- 0x7f40d407aea0 con 0x7f40d4108360
2024-04-23T02:48:01.579 INFO:teuthology.orchestra.run.smithi137.stdout:/usr/bin/ceph: stderr
2024-04-23T02:48:00.494+0000 7f40d9348700 1 --2- >> [v2:172.21.15.137:3300/0,v1:172.21.15.137:6789/0] conn(0x7f40d4108360 0x7f40d410a750 unknown :-1 s=BANNER_CONNECTING pgs=0 cs=0 l=0 rev1=0 crypto rx=0 tx=0 comp rx=0 tx=0)._handle_peer_banner_payload supported=3 required=0
2024-04-23T02:48:01.579 INFO:teuthology.orchestra.run.smithi137.stdout:/usr/bin/ceph: stderr
2024-04-23T02:48:00.494+0000 7f40d9348700 1 --2- >> [v2:172.21.15.137:3300/0,v1:172.21.15.137:6789/0] conn(0x7f40d4108360 0x7f40d410a750 unknown :-1 s=HELLO_CONNECTING pgs=0 cs=0 l=0 rev1=1 crypto rx=0 tx=0 comp rx=0 tx=0).handle_hello peer v2:172.21.15.137:3300/0 says I am v2:172.21.15.137:38510/0 (socket says 172.21.15.137:38510)
2024-04-23T02:48:01.579 INFO:teuthology.orchestra.run.smithi137.stdout:/usr/bin/ceph: stderr
2024-04-23T02:48:00.494+0000 7f40d9348700 1 -- 172.21.15.137:0/647155923 learned_addr learned my addr 172.21.15.137:0/647155923 (peer_addr_for_me v2:172.21.15.137:0/0)
2024-04-23T02:48:01.579 INFO:teuthology.orchestra.run.smithi137.stdout:/usr/bin/ceph: stderr
2024-04-23T02:48:00.494+0000 7f40d9348700 1 -- 172.21.15.137:0/647155923 --> [v2:172.21.15.137:3300/0,v1:172.21.15.137:6789/0] -- mon_subscribe({config=0+,monmap=0+}) -- 0x7f40d410ac90 con 0x7f40d4108360
2024-04-23T02:48:01.580 INFO:teuthology.orchestra.run.smithi137.stdout:/usr/bin/ceph: stderr
2024-04-23T02:48:00.494+0000 7f40d9348700 1 --2- 172.21.15.137:0/647155923 >> [v2:172.21.15.137:3300/0,v1:172.21.15.137:6789/0] conn(0x7f40d4108360 0x7f40d410a750 secure :-1 s=READY pgs=59 cs=0 l=1 rev1=1 crypto rx=0x7f40d00098a0 tx=0x7f40d0009bb0 comp rx=0 tx=0).ready entity=mon.0 client_cookie=bdfbbe1abd0f94df server_cookie=0 in_seq=0 out_seq=0
2024-04-23T02:48:01.580 INFO:teuthology.orchestra.run.smithi137.stdout:/usr/bin/ceph: stderr
2024-04-23T02:48:00.494+0000 7f40cbfff700 1 -- 172.21.15.137:0/647155923 <== mon.0 v2:172.21.15.137:3300/0 1 ==== mon_map magic: 0 ==== 205+0+0 (secure 0 0 0) 0x7f40d0004160 con 0x7f40d4108360
2024-04-23T02:48:01.580 INFO:teuthology.orchestra.run.smithi137.stdout:/usr/bin/ceph: stderr
2024-04-23T02:48:00.494+0000 7f40cbfff700 1 -- 172.21.15.137:0/647155923 <== mon.0 v2:172.21.15.137:3300/0 2 ==== config(25 keys) ==== 1063+0+0 (secure 0 0 0) 0x7f40d0004300 con 0x7f40d4108360
2024-04-23T02:48:01.580 INFO:teuthology.orchestra.run.smithi137.stdout:/usr/bin/ceph: stderr
2024-04-23T02:48:00.494+0000 7f40cbfff700 1 -- 172.21.15.137:0/647155923 <== mon.0 v2:172.21.15.137:3300/0 3 ==== mon_map magic: 0 ==== 205+0+0 (secure 0 0 0) 0x7f40d0011960 con 0x7f40d4108360
2024-04-23T02:48:01.580 INFO:teuthology.orchestra.run.smithi137.stdout:/usr/bin/ceph: stderr
2024-04-23T02:48:00.494+0000 7f40db5ac700 1 -- 172.21.15.137:0/647155923 >> [v2:172.21.15.137:3300/0,v1:172.21.15.137:6789/0] conn(0x7f40d4108360 msgr2=0x7f40d410a750 secure :-1 s=STATE_CONNECTION_ESTABLISHED l=1).mark_down
2024-04-23T02:48:01.580 INFO:teuthology.orchestra.run.smithi137.stdout:/usr/bin/ceph: stderr
2024-04-23T02:48:00.494+0000 7f40db5ac700 1 --2- 172.21.15.137:0/647155923 >> [v2:172.21.15.137:3300/0,v1:172.21.15.137:6789/0] conn(0x7f40d4108360 0x7f40d410a750 secure :-1 s=READY pgs=59 cs=0 l=1 rev1=1 crypto rx=0x7f40d00098a0 tx=0x7f40d0009bb0 comp rx=0 tx=0).stop
2024-04-23T02:48:01.580 INFO:teuthology.orchestra.run.smithi137.stdout:/usr/bin/ceph: stderr
2024-04-23T02:48:00.494+0000 7f40db5ac700 1 -- 172.21.15.137:0/647155923 shutdown_connections
2024-04-23T02:48:01.580 INFO:teuthology.orchestra.run.smithi137.stdout:/usr/bin/ceph: stderr
2024-04-23T02:48:00.494+0000 7f40db5ac700 1 --2- 172.21.15.137:0/647155923 >> [v2:172.21.15.137:3300/0,v1:172.21.15.137:6789/0] conn(0x7f40d4108360 0x7f40d410a750 unknown :-1 s=CLOSED pgs=59 cs=0 l=1 rev1=1 crypto rx=0 tx=0 comp rx=0 tx=0).stop
2024-04-23T02:48:01.580 INFO:teuthology.orchestra.run.smithi137.stdout:/usr/bin/ceph: stderr
2024-04-23T02:48:00.494+0000 7f40db5ac700 1 -- 172.21.15.137:0/647155923 >> 172.21.15.137:0/647155923 conn(0x7f40d4101d70 msgr2=0x7f40d41041b0 unknown :-1 s=STATE_NONE l=0).mark_down
2024-04-23T02:48:01.580 INFO:teuthology.orchestra.run.smithi137.stdout:/usr/bin/ceph: stderr
2024-04-23T02:48:00.494+0000 7f40db5ac700 1 -- 172.21.15.137:0/647155923 shutdown_connections
2024-04-23T02:48:01.580 INFO:teuthology.orchestra.run.smithi137.stdout:/usr/bin/ceph: stderr
2024-04-23T02:48:00.494+0000 7f40db5ac700 1 -- 172.21.15.137:0/647155923 wait complete.
2024-04-23T02:48:01.580 INFO:teuthology.orchestra.run.smithi137.stdout:/usr/bin/ceph: stderr
2024-04-23T02:48:00.494+0000 7f40db5ac700 1 Processor -- start
2024-04-23T02:48:01.580 INFO:teuthology.orchestra.run.smithi137.stdout:/usr/bin/ceph: stderr
2024-04-23T02:48:00.494+0000 7f40db5ac700 1 -- start start
2024-04-23T02:48:01.581 INFO:teuthology.orchestra.run.smithi137.stdout:/usr/bin/ceph: stderr
2024-04-23T02:48:00.494+0000 7f40db5ac700 1 --2- >> [v2:172.21.15.137:3300/0,v1:172.21.15.137:6789/0] conn(0x7f40d4108360 0x7f40d419b740 unknown :-1 s=NONE pgs=0 cs=0 l=1 rev1=0 crypto rx=0 tx=0 comp rx=0 tx=0).connect
2024-04-23T02:48:01.581 INFO:teuthology.orchestra.run.smithi137.stdout:/usr/bin/ceph: stderr
2024-04-23T02:48:00.494+0000 7f40db5ac700 1 -- --> [v2:172.21.15.137:3300/0,v1:172.21.15.137:6789/0] -- mon_getmap magic: 0 -- 0x7f40d410bbd0 con 0x7f40d4108360
2024-04-23T02:48:01.581 INFO:teuthology.orchestra.run.smithi137.stdout:/usr/bin/ceph: stderr
2024-04-23T02:48:00.494+0000 7f40d9348700 1 --2- >> [v2:172.21.15.137:3300/0,v1:172.21.15.137:6789/0] conn(0x7f40d4108360 0x7f40d419b740 unknown :-1 s=BANNER_CONNECTING pgs=0 cs=0 l=1 rev1=0 crypto rx=0 tx=0 comp rx=0 tx=0)._handle_peer_banner_payload supported=3 required=0
2024-04-23T02:48:01.581 INFO:teuthology.orchestra.run.smithi137.stdout:/usr/bin/ceph: stderr
2024-04-23T02:48:00.494+0000 7f40d9348700 1 --2- >> [v2:172.21.15.137:3300/0,v1:172.21.15.137:6789/0] conn(0x7f40d4108360 0x7f40d419b740 unknown :-1 s=HELLO_CONNECTING pgs=0 cs=0 l=1 rev1=1 crypto rx=0 tx=0 comp rx=0 tx=0).handle_hello peer v2:172.21.15.137:3300/0 says I am v2:172.21.15.137:38526/0 (socket says 172.21.15.137:38526)
2024-04-23T02:48:01.581 INFO:teuthology.orchestra.run.smithi137.stdout:/usr/bin/ceph: stderr
2024-04-23T02:48:00.494+0000 7f40d9348700 1 -- 172.21.15.137:0/895257007 learned_addr learned my addr 172.21.15.137:0/895257007 (peer_addr_for_me v2:172.21.15.137:0/0)
2024-04-23T02:48:01.581 INFO:teuthology.orchestra.run.smithi137.stdout:/usr/bin/ceph: stderr
2024-04-23T02:48:00.498+0000 7f40d9348700 1 -- 172.21.15.137:0/895257007 --> [v2:172.21.15.137:3300/0,v1:172.21.15.137:6789/0] -- mon_subscribe({config=0+,monmap=0+}) -- 0x7f40d419bc80 con 0x7f40d4108360
2024-04-23T02:48:01.581 INFO:teuthology.orchestra.run.smithi137.stdout:/usr/bin/ceph: stderr
2024-04-23T02:48:00.498+0000 7f40d9348700 1 --2- 172.21.15.137:0/895257007 >> [v2:172.21.15.137:3300/0,v1:172.21.15.137:6789/0] conn(0x7f40d4108360 0x7f40d419b740 secure :-1 s=READY pgs=60 cs=0 l=1 rev1=1 crypto rx=0x7f40d0011670 tx=0x7f40d0011a30 comp rx=0 tx=0).ready entity=mon.0 client_cookie=0 server_cookie=0 in_seq=0 out_seq=0
2024-04-23T02:48:01.581 INFO:teuthology.orchestra.run.smithi137.stdout:/usr/bin/ceph: stderr
2024-04-23T02:48:00.498+0000 7f40ca7fc700 1 -- 172.21.15.137:0/895257007 <== mon.0 v2:172.21.15.137:3300/0 1 ==== mon_map magic: 0 ==== 205+0+0 (secure 0 0 0) 0x7f40d001f070 con 0x7f40d4108360
2024-04-23T02:48:01.581 INFO:teuthology.orchestra.run.smithi137.stdout:/usr/bin/ceph: stderr
2024-04-23T02:48:00.498+0000 7f40ca7fc700 1 -- 172.21.15.137:0/895257007 <== mon.0 v2:172.21.15.137:3300/0 2 ==== config(25 keys) ==== 1063+0+0 (secure 0 0 0) 0x7f40d0003b20 con 0x7f40d4108360
2024-04-23T02:48:01.581 INFO:teuthology.orchestra.run.smithi137.stdout:/usr/bin/ceph: stderr
2024-04-23T02:48:00.498+0000 7f40ca7fc700 1 -- 172.21.15.137:0/895257007 <== mon.0 v2:172.21.15.137:3300/0 3 ==== mon_map magic: 0 ==== 205+0+0 (secure 0 0 0) 0x7f40d00195f0 con 0x7f40d4108360
2024-04-23T02:48:01.581 INFO:teuthology.orchestra.run.smithi137.stdout:/usr/bin/ceph: stderr
2024-04-23T02:48:00.498+0000 7f40db5ac700 1 -- 172.21.15.137:0/895257007 --> [v2:172.21.15.137:3300/0,v1:172.21.15.137:6789/0] -- mon_subscribe({mgrmap=0+}) -- 0x7f40d419bf70 con 0x7f40d4108360
2024-04-23T02:48:01.581 INFO:teuthology.orchestra.run.smithi137.stdout:/usr/bin/ceph: stderr
2024-04-23T02:48:00.498+0000 7f40db5ac700 1 -- 172.21.15.137:0/895257007 --> [v2:172.21.15.137:3300/0,v1:172.21.15.137:6789/0] -- mon_subscribe({osdmap=0}) -- 0x7f40d419ec00 con 0x7f40d4108360
2024-04-23T02:48:01.581 INFO:teuthology.orchestra.run.smithi137.stdout:/usr/bin/ceph: stderr
2024-04-23T02:48:00.498+0000 7f40ca7fc700 1 -- 172.21.15.137:0/895257007 <== mon.0 v2:172.21.15.137:3300/0 4 ==== mgrmap(e 9) ==== 46571+0+0 (secure 0 0 0) 0x7f40d0022070 con 0x7f40d4108360
2024-04-23T02:48:01.581 INFO:teuthology.orchestra.run.smithi137.stdout:/usr/bin/ceph: stderr
2024-04-23T02:48:00.498+0000 7f40ca7fc700 1 --2- 172.21.15.137:0/895257007 >> [v2:172.21.15.137:6800/188424206,v1:172.21.15.137:6801/188424206] conn(0x7f40c0039660 0x7f40c003bb20 unknown :-1 s=NONE pgs=0 cs=0 l=1 rev1=0 crypto rx=0 tx=0 comp rx=0 tx=0).connect
2024-04-23T02:48:01.582 INFO:teuthology.orchestra.run.smithi137.stdout:/usr/bin/ceph: stderr
2024-04-23T02:48:00.498+0000 7f40ca7fc700 1 -- 172.21.15.137:0/895257007 <== mon.0 v2:172.21.15.137:3300/0 5 ==== osd_map(2..2 src has 1..2) ==== 940+0+0 (secure 0 0 0) 0x7f40d004dc50 con 0x7f40d4108360
2024-04-23T02:48:01.582 INFO:teuthology.orchestra.run.smithi137.stdout:/usr/bin/ceph: stderr
2024-04-23T02:48:00.498+0000 7f40d8b47700 1 -- 172.21.15.137:0/895257007 >> [v2:172.21.15.137:6800/188424206,v1:172.21.15.137:6801/188424206] conn(0x7f40c0039660 msgr2=0x7f40c003bb20 unknown :-1 s=STATE_CONNECTING_RE l=1).process reconnect failed to v2:172.21.15.137:6800/188424206
2024-04-23T02:48:01.582 INFO:teuthology.orchestra.run.smithi137.stdout:/usr/bin/ceph: stderr
2024-04-23T02:48:00.498+0000 7f40d8b47700 1 --2- 172.21.15.137:0/895257007 >> [v2:172.21.15.137:6800/188424206,v1:172.21.15.137:6801/188424206] conn(0x7f40c0039660 0x7f40c003bb20 unknown :-1 s=START_CONNECT pgs=0 cs=0 l=1 rev1=0 crypto rx=0 tx=0 comp rx=0 tx=0)._fault waiting 0.200000
2024-04-23T02:48:01.582 INFO:teuthology.orchestra.run.smithi137.stdout:/usr/bin/ceph: stderr
2024-04-23T02:48:00.498+0000 7f40db5ac700 1 -- 172.21.15.137:0/895257007 --> [v2:172.21.15.137:3300/0,v1:172.21.15.137:6789/0] -- mon_command({"prefix": "get_command_descriptions"} v 0) -- 0x7f40d40640a0 con 0x7f40d4108360
2024-04-23T02:48:01.582 INFO:teuthology.orchestra.run.smithi137.stdout:/usr/bin/ceph: stderr
2024-04-23T02:48:00.502+0000 7f40ca7fc700 1 -- 172.21.15.137:0/895257007 <== mon.0 v2:172.21.15.137:3300/0 6 ==== mon_command_ack([{"prefix": "get_command_descriptions"}]=0 v0) ==== 72+0+188370 (secure 0 0 0) 0x7f40d002ad20 con 0x7f40d4108360
2024-04-23T02:48:01.582 INFO:teuthology.orchestra.run.smithi137.stdout:/usr/bin/ceph: stderr
2024-04-23T02:48:00.701+0000 7f40d8b47700 1 -- 172.21.15.137:0/895257007 >> [v2:172.21.15.137:6800/188424206,v1:172.21.15.137:6801/188424206] conn(0x7f40c0039660 msgr2=0x7f40c003bb20 unknown :-1 s=STATE_CONNECTING_RE l=1).process reconnect failed to v2:172.21.15.137:6800/188424206
2024-04-23T02:48:01.582 INFO:teuthology.orchestra.run.smithi137.stdout:/usr/bin/ceph: stderr
2024-04-23T02:48:00.701+0000 7f40d8b47700 1 --2- 172.21.15.137:0/895257007 >> [v2:172.21.15.137:6800/188424206,v1:172.21.15.137:6801/188424206] conn(0x7f40c0039660 0x7f40c003bb20 unknown :-1 s=START_CONNECT pgs=0 cs=0 l=1 rev1=0 crypto rx=0 tx=0 comp rx=0 tx=0)._fault waiting 0.400000
2024-04-23T02:48:01.582 INFO:teuthology.orchestra.run.smithi137.stdout:/usr/bin/ceph: stderr
2024-04-23T02:48:00.981+0000 7f40db5ac700 1 -- 172.21.15.137:0/895257007 --> [v2:172.21.15.137:3300/0,v1:172.21.15.137:6789/0] -- mon_command({"prefix": "mgr stat"} v 0) -- 0x7f40d419f160 con 0x7f40d4108360
2024-04-23T02:48:01.582 INFO:teuthology.orchestra.run.smithi137.stdout:/usr/bin/ceph: stderr
2024-04-23T02:48:00.981+0000 7f40ca7fc700 1 -- 172.21.15.137:0/895257007 <== mon.0 v2:172.21.15.137:3300/0 7 ==== mon_command_ack([{"prefix": "mgr stat"}]=0 v9) ==== 56+0+88 (secure 0 0 0) 0x7f40d0019cf0 con 0x7f40d4108360
2024-04-23T02:48:01.582 INFO:teuthology.orchestra.run.smithi137.stdout:/usr/bin/ceph: stderr
2024-04-23T02:48:00.981+0000 7f40db5ac700 1 -- 172.21.15.137:0/895257007 >> [v2:172.21.15.137:6800/188424206,v1:172.21.15.137:6801/188424206] conn(0x7f40c0039660 msgr2=0x7f40c003bb20 unknown :-1 s=STATE_CONNECTING l=1).mark_down
2024-04-23T02:48:01.582 INFO:teuthology.orchestra.run.smithi137.stdout:/usr/bin/ceph: stderr
2024-04-23T02:48:00.981+0000 7f40db5ac700 1 --2- 172.21.15.137:0/895257007 >> [v2:172.21.15.137:6800/188424206,v1:172.21.15.137:6801/188424206] conn(0x7f40c0039660 0x7f40c003bb20 unknown :-1 s=START_CONNECT pgs=0 cs=0 l=1 rev1=0 crypto rx=0 tx=0 comp rx=0 tx=0).stop
2024-04-23T02:48:01.582 INFO:teuthology.orchestra.run.smithi137.stdout:/usr/bin/ceph: stderr
2024-04-23T02:48:00.981+0000 7f40db5ac700 1 -- 172.21.15.137:0/895257007 >> [v2:172.21.15.137:3300/0,v1:172.21.15.137:6789/0] conn(0x7f40d4108360 msgr2=0x7f40d419b740 secure :-1 s=STATE_CONNECTION_ESTABLISHED l=1).mark_down
2024-04-23T02:48:01.583 INFO:teuthology.orchestra.run.smithi137.stdout:/usr/bin/ceph: stderr
2024-04-23T02:48:00.981+0000 7f40db5ac700 1 --2- 172.21.15.137:0/895257007 >> [v2:172.21.15.137:3300/0,v1:172.21.15.137:6789/0] conn(0x7f40d4108360 0x7f40d419b740 secure :-1 s=READY pgs=60 cs=0 l=1 rev1=1 crypto rx=0x7f40d0011670 tx=0x7f40d0011a30 comp rx=0 tx=0).stop
2024-04-23T02:48:01.583 INFO:teuthology.orchestra.run.smithi137.stdout:/usr/bin/ceph: stderr
2024-04-23T02:48:00.981+0000 7f40db5ac700 1 -- 172.21.15.137:0/895257007 shutdown_connections
2024-04-23T02:48:01.583 INFO:teuthology.orchestra.run.smithi137.stdout:/usr/bin/ceph: stderr
2024-04-23T02:48:00.981+0000 7f40db5ac700 1 --2- 172.21.15.137:0/895257007 >> [v2:172.21.15.137:6800/188424206,v1:172.21.15.137:6801/188424206] conn(0x7f40c0039660 0x7f40c003bb20 unknown :-1 s=CLOSED pgs=0 cs=0 l=1 rev1=0 crypto rx=0 tx=0 comp rx=0 tx=0).stop
2024-04-23T02:48:01.583 INFO:teuthology.orchestra.run.smithi137.stdout:/usr/bin/ceph: stderr
2024-04-23T02:48:00.981+0000 7f40db5ac700 1 --2- 172.21.15.137:0/895257007 >> [v2:172.21.15.137:3300/0,v1:172.21.15.137:6789/0] conn(0x7f40d4108360 0x7f40d419b740 unknown :-1 s=CLOSED pgs=60 cs=0 l=1 rev1=1 crypto rx=0 tx=0 comp rx=0 tx=0).stop
2024-04-23T02:48:01.583 INFO:teuthology.orchestra.run.smithi137.stdout:/usr/bin/ceph: stderr
2024-04-23T02:48:00.981+0000 7f40db5ac700 1 -- 172.21.15.137:0/895257007 >> 172.21.15.137:0/895257007 conn(0x7f40d4101d70 msgr2=0x7f40d4102890 unknown :-1 s=STATE_NONE l=0).mark_down
2024-04-23T02:48:01.583 INFO:teuthology.orchestra.run.smithi137.stdout:/usr/bin/ceph: stderr
2024-04-23T02:48:00.981+0000 7f40db5ac700 1 -- 172.21.15.137:0/895257007 shutdown_connections
2024-04-23T02:48:01.583 INFO:teuthology.orchestra.run.smithi137.stdout:/usr/bin/ceph: stderr
2024-04-23T02:48:00.981+0000 7f40db5ac700 1 -- 172.21.15.137:0/895257007 wait complete.
2024-04-23T02:48:01.583 INFO:teuthology.orchestra.run.smithi137.stdout:Waiting for the mgr to restart...
2024-04-23T02:48:01.583 INFO:teuthology.orchestra.run.smithi137.stdout:Waiting for mgr epoch 9...
2024-04-23T02:48:01.933 INFO:journalctl@ceph.mgr.x.smithi137.stdout:Apr 23 02:48:01 smithi137 bash[21821]: debug
2024-04-23T02:48:01.813+0000 7f46e7771200 -1 mgr[py] Module osd_support has missing NOTIFY_TYPES member
2024-04-23T02:48:02.184 INFO:journalctl@ceph.mgr.x.smithi137.stdout:Apr 23 02:48:01 smithi137 bash[21821]: debug
2024-04-23T02:48:01.925+0000 7f46e7771200 -1 mgr[py] Module selftest has missing NOTIFY_TYPES member
2024-04-23T02:48:02.184 INFO:journalctl@ceph.mgr.x.smithi137.stdout:Apr 23 02:48:02 smithi137 bash[21821]: debug
2024-04-23T02:48:02.033+0000 7f46e7771200 -1 mgr[py] Module progress has missing NOTIFY_TYPES member
2024-04-23T02:48:02.524 INFO:journalctl@ceph.mgr.x.smithi137.stdout:Apr 23 02:48:02 smithi137 bash[21821]: debug
2024-04-23T02:48:02.405+0000 7f46e7771200 -1 mgr[py] Module rgw has missing NOTIFY_TYPES member
2024-04-23T02:48:02.808 INFO:journalctl@ceph.mgr.x.smithi137.stdout:Apr 23 02:48:02 smithi137 bash[21821]: debug
2024-04-23T02:48:02.517+0000 7f46e7771200 -1 mgr[py] Module crash has missing NOTIFY_TYPES member
2024-04-23T02:48:02.808 INFO:journalctl@ceph.mgr.x.smithi137.stdout:Apr 23 02:48:02 smithi137 bash[21821]: debug
2024-04-23T02:48:02.621+0000 7f46e7771200 -1 mgr[py] Module telegraf has missing NOTIFY_TYPES member
2024-04-23T02:48:03.308 INFO:journalctl@ceph.mgr.x.smithi137.stdout:Apr 23 02:48:02 smithi137 bash[21821]: debug
2024-04-23T02:48:02.981+0000 7f46e7771200 -1 mgr[py] Module pg_autoscaler has missing NOTIFY_TYPES member
2024-04-23T02:48:03.308 INFO:journalctl@ceph.mgr.x.smithi137.stdout:Apr 23 02:48:03 smithi137 bash[21821]: debug
2024-04-23T02:48:03.221+0000 7f46e7771200 -1 mgr[py] Module zabbix has missing NOTIFY_TYPES member
2024-04-23T02:48:03.808 INFO:journalctl@ceph.mgr.x.smithi137.stdout:Apr 23 02:48:03 smithi137 bash[21821]: debug
2024-04-23T02:48:03.485+0000 7f46e7771200 -1 mgr[py] Module nfs has missing NOTIFY_TYPES member
2024-04-23T02:48:03.808 INFO:journalctl@ceph.mgr.x.smithi137.stdout:Apr 23 02:48:03 smithi137 bash[21821]: debug
2024-04-23T02:48:03.597+0000 7f46e7771200 -1 mgr[py] Module balancer has missing NOTIFY_TYPES member
2024-04-23T02:48:04.290 INFO:journalctl@ceph.mgr.x.smithi137.stdout:Apr 23 02:48:03 smithi137 bash[21821]: debug
2024-04-23T02:48:03.869+0000 7f46e7771200 -1 mgr[py] Module diskprediction_local has missing NOTIFY_TYPES member
2024-04-23T02:48:04.558 INFO:journalctl@ceph.mgr.x.smithi137.stdout:Apr 23 02:48:04 smithi137 bash[21821]: debug
2024-04-23T02:48:04.285+0000 7f46e7771200 -1 mgr[py] Module orchestrator has missing NOTIFY_TYPES member
2024-04-23T02:48:04.558 INFO:journalctl@ceph.mgr.x.smithi137.stdout:Apr 23 02:48:04 smithi137 bash[21821]: debug
2024-04-23T02:48:04.521+0000 7f46e7771200 -1 mgr[py] Module rbd_support has missing NOTIFY_TYPES member
2024-04-23T02:48:05.058 INFO:journalctl@ceph.mgr.x.smithi137.stdout:Apr 23 02:48:04 smithi137 bash[21821]: debug
2024-04-23T02:48:04.641+0000 7f46e7771200 -1 mgr[py] Module alerts has missing NOTIFY_TYPES member
2024-04-23T02:48:05.058 INFO:journalctl@ceph.mgr.x.smithi137.stdout:Apr 23 02:48:04 smithi137 bash[21821]: debug
2024-04-23T02:48:04.889+0000 7f46e7771200 -1 mgr[py] Module test_orchestrator has missing NOTIFY_TYPES member
2024-04-23T02:48:06.308 INFO:journalctl@ceph.mgr.x.smithi137.stdout:Apr 23 02:48:05 smithi137 bash[21821]: debug
2024-04-23T02:48:05.905+0000 7f46e7771200 -1 mgr[py] Module influx has missing NOTIFY_TYPES member
2024-04-23T02:48:06.308 INFO:journalctl@ceph.mgr.x.smithi137.stdout:Apr 23 02:48:06 smithi137 bash[21821]: debug
2024-04-23T02:48:06.021+0000 7f46e7771200 -1 mgr[py] Module status has missing NOTIFY_TYPES member
2024-04-23T02:48:06.808 INFO:journalctl@ceph.mgr.x.smithi137.stdout:Apr 23 02:48:06 smithi137 bash[21821]: debug
2024-04-23T02:48:06.317+0000 7f46e7771200 -1 mgr[py] Module volumes has missing NOTIFY_TYPES member
2024-04-23T02:48:06.808 INFO:journalctl@ceph.mgr.x.smithi137.stdout:Apr 23 02:48:06 smithi137 bash[21821]: debug
2024-04-23T02:48:06.433+0000 7f46e7771200 -1 mgr[py] Module osd_perf_query has missing NOTIFY_TYPES member
2024-04-23T02:48:07.143 INFO:journalctl@ceph.mgr.x.smithi137.stdout:Apr 23 02:48:06 smithi137 bash[21821]: debug
2024-04-23T02:48:06.881+0000 7f46e7771200 -1 mgr[py] Module prometheus has missing NOTIFY_TYPES member
2024-04-23T02:48:07.143 INFO:journalctl@ceph.mgr.x.smithi137.stdout:Apr 23 02:48:07 smithi137 bash[21821]: debug
2024-04-23T02:48:07.001+0000 7f46e7771200 -1 mgr[py] Module snap_schedule has missing NOTIFY_TYPES member
2024-04-23T02:48:07.143 INFO:journalctl@ceph.mon.a.smithi137.stdout:Apr 23 02:48:07 smithi137 bash[21564]: cluster
2024-04-23T02:48:07.029749+0000 mon.a (mon.0) 74 : cluster [INF] Active manager daemon x restarted
2024-04-23T02:48:07.143 INFO:journalctl@ceph.mon.a.smithi137.stdout:Apr 23 02:48:07 smithi137 bash[21564]: cluster
2024-04-23T02:48:07.029749+0000 mon.a (mon.0) 74 : cluster [INF] Active manager daemon x restarted
2024-04-23T02:48:07.143 INFO:journalctl@ceph.mon.a.smithi137.stdout:Apr 23 02:48:07 smithi137 bash[21564]: cluster
2024-04-23T02:48:07.030250+0000 mon.a (mon.0) 75 : cluster [INF] Activating manager daemon x
2024-04-23T02:48:07.143 INFO:journalctl@ceph.mon.a.smithi137.stdout:Apr 23 02:48:07 smithi137 bash[21564]: cluster
2024-04-23T02:48:07.030250+0000 mon.a (mon.0) 75 : cluster [INF] Activating manager daemon x
2024-04-23T02:48:07.143 INFO:journalctl@ceph.mon.a.smithi137.stdout:Apr 23 02:48:07 smithi137 bash[21564]: cluster
2024-04-23T02:48:07.038052+0000 mon.a (mon.0) 76 : cluster [DBG] osdmap e3: 0 total, 0 up, 0 in
2024-04-23T02:48:07.143 INFO:journalctl@ceph.mon.a.smithi137.stdout:Apr 23 02:48:07 smithi137 bash[21564]: cluster
2024-04-23T02:48:07.038052+0000 mon.a (mon.0) 76 : cluster [DBG] osdmap e3: 0 total, 0 up, 0 in
2024-04-23T02:48:07.144 INFO:journalctl@ceph.mon.a.smithi137.stdout:Apr 23 02:48:07 smithi137 bash[21564]: cluster
2024-04-23T02:48:07.038303+0000 mon.a (mon.0) 77 : cluster [DBG] mgrmap e10: x(active, starting, since 0.00825265s)
2024-04-23T02:48:07.144 INFO:journalctl@ceph.mon.a.smithi137.stdout:Apr 23 02:48:07 smithi137 bash[21564]: cluster
2024-04-23T02:48:07.038303+0000 mon.a (mon.0) 77 : cluster [DBG] mgrmap e10: x(active, starting, since 0.00825265s)
2024-04-23T02:48:07.144 INFO:journalctl@ceph.mon.a.smithi137.stdout:Apr 23 02:48:07 smithi137 bash[21564]: audit
2024-04-23T02:48:07.040997+0000 mon.a (mon.0) 78 : audit [DBG] from='mgr.14152 172.21.15.137:0/2778351757' entity='mgr.x' cmd=[{"prefix": "mon metadata", "id": "a"}]: dispatch
2024-04-23T02:48:07.144 INFO:journalctl@ceph.mon.a.smithi137.stdout:Apr 23 02:48:07 smithi137 bash[21564]: audit
2024-04-23T02:48:07.040997+0000 mon.a (mon.0) 78 : audit [DBG] from='mgr.14152 172.21.15.137:0/2778351757' entity='mgr.x' cmd=[{"prefix": "mon metadata", "id": "a"}]: dispatch
2024-04-23T02:48:07.144 INFO:journalctl@ceph.mon.a.smithi137.stdout:Apr 23 02:48:07 smithi137 bash[21564]: audit
2024-04-23T02:48:07.042868+0000 mon.a (mon.0) 79 : audit [DBG] from='mgr.14152 172.21.15.137:0/2778351757' entity='mgr.x' cmd=[{"prefix": "mgr metadata", "who": "x", "id": "x"}]: dispatch
2024-04-23T02:48:07.144 INFO:journalctl@ceph.mon.a.smithi137.stdout:Apr 23 02:48:07 smithi137 bash[21564]: audit
2024-04-23T02:48:07.042868+0000 mon.a (mon.0) 79 : audit [DBG] from='mgr.14152 172.21.15.137:0/2778351757' entity='mgr.x' cmd=[{"prefix": "mgr metadata", "who": "x", "id": "x"}]: dispatch
2024-04-23T02:48:07.144 INFO:journalctl@ceph.mon.a.smithi137.stdout:Apr 23 02:48:07 smithi137 bash[21564]: audit
2024-04-23T02:48:07.043905+0000 mon.a (mon.0) 80 : audit [DBG] from='mgr.14152 172.21.15.137:0/2778351757' entity='mgr.x' cmd=[{"prefix": "mds metadata"}]: dispatch
2024-04-23T02:48:07.144 INFO:journalctl@ceph.mon.a.smithi137.stdout:Apr 23 02:48:07 smithi137 bash[21564]: audit
2024-04-23T02:48:07.043905+0000 mon.a (mon.0) 80 : audit [DBG] from='mgr.14152 172.21.15.137:0/2778351757' entity='mgr.x' cmd=[{"prefix": "mds metadata"}]: dispatch
2024-04-23T02:48:07.144 INFO:journalctl@ceph.mon.a.smithi137.stdout:Apr 23 02:48:07 smithi137 bash[21564]: audit
2024-04-23T02:48:07.044304+0000 mon.a (mon.0) 81 : audit [DBG] from='mgr.14152 172.21.15.137:0/2778351757' entity='mgr.x' cmd=[{"prefix": "osd metadata"}]: dispatch
2024-04-23T02:48:07.144 INFO:journalctl@ceph.mon.a.smithi137.stdout:Apr 23 02:48:07 smithi137 bash[21564]: audit
2024-04-23T02:48:07.044304+0000 mon.a (mon.0) 81 : audit [DBG] from='mgr.14152 172.21.15.137:0/2778351757' entity='mgr.x' cmd=[{"prefix": "osd metadata"}]: dispatch
2024-04-23T02:48:07.144 INFO:journalctl@ceph.mon.a.smithi137.stdout:Apr 23 02:48:07 smithi137 bash[21564]: audit
2024-04-23T02:48:07.044661+0000 mon.a (mon.0) 82 : audit [DBG] from='mgr.14152 172.21.15.137:0/2778351757' entity='mgr.x' cmd=[{"prefix": "mon metadata"}]: dispatch
2024-04-23T02:48:07.144 INFO:journalctl@ceph.mon.a.smithi137.stdout:Apr 23 02:48:07 smithi137 bash[21564]: audit
2024-04-23T02:48:07.044661+0000 mon.a (mon.0) 82 : audit [DBG] from='mgr.14152 172.21.15.137:0/2778351757' entity='mgr.x' cmd=[{"prefix": "mon metadata"}]: dispatch
2024-04-23T02:48:07.144 INFO:journalctl@ceph.mon.a.smithi137.stdout:Apr 23 02:48:07 smithi137 bash[21564]: cluster
2024-04-23T02:48:07.069702+0000 mon.a (mon.0) 83 : cluster [INF] Manager daemon x is now available
2024-04-23T02:48:07.144 INFO:journalctl@ceph.mon.a.smithi137.stdout:Apr 23 02:48:07 smithi137 bash[21564]: cluster
2024-04-23T02:48:07.069702+0000 mon.a (mon.0) 83 : cluster [INF] Manager daemon x is now available
2024-04-23T02:48:08.559 INFO:journalctl@ceph.mon.a.smithi137.stdout:Apr 23 02:48:08 smithi137 bash[21564]: audit
2024-04-23T02:48:07.093230+0000 mon.a (mon.0) 84 : audit [DBG] from='mgr.14152 172.21.15.137:0/2778351757' entity='mgr.x' cmd=[{"prefix": "config dump", "format": "json"}]: dispatch
2024-04-23T02:48:08.559 INFO:journalctl@ceph.mon.a.smithi137.stdout:Apr 23 02:48:08 smithi137 bash[21564]: audit
2024-04-23T02:48:07.093230+0000 mon.a (mon.0) 84 : audit [DBG] from='mgr.14152 172.21.15.137:0/2778351757' entity='mgr.x' cmd=[{"prefix": "config dump", "format": "json"}]: dispatch
2024-04-23T02:48:08.559 INFO:journalctl@ceph.mon.a.smithi137.stdout:Apr 23 02:48:08 smithi137 bash[21564]: audit
2024-04-23T02:48:07.112712+0000 mon.a (mon.0) 85 : audit [INF] from='mgr.14152 172.21.15.137:0/2778351757' entity='mgr.x' cmd=[{"prefix":"config rm","who":"mgr","name":"mgr/rbd_support/x/mirror_snapshot_schedule"}]: dispatch
2024-04-23T02:48:08.559 INFO:journalctl@ceph.mon.a.smithi137.stdout:Apr 23 02:48:08 smithi137 bash[21564]: audit
2024-04-23T02:48:07.112712+0000 mon.a (mon.0) 85 : audit [INF] from='mgr.14152 172.21.15.137:0/2778351757' entity='mgr.x' cmd=[{"prefix":"config rm","who":"mgr","name":"mgr/rbd_support/x/mirror_snapshot_schedule"}]: dispatch
2024-04-23T02:48:08.559 INFO:journalctl@ceph.mon.a.smithi137.stdout:Apr 23 02:48:08 smithi137 bash[21564]: audit
2024-04-23T02:48:07.116419+0000 mon.a (mon.0) 86 : audit [INF] from='mgr.14152 172.21.15.137:0/2778351757' entity='mgr.x' cmd=[{"prefix":"config rm","who":"mgr","name":"mgr/rbd_support/x/trash_purge_schedule"}]: dispatch
2024-04-23T02:48:08.559 INFO:journalctl@ceph.mon.a.smithi137.stdout:Apr 23 02:48:08 smithi137 bash[21564]: audit
2024-04-23T02:48:07.116419+0000 mon.a (mon.0) 86 : audit [INF] from='mgr.14152 172.21.15.137:0/2778351757' entity='mgr.x' cmd=[{"prefix":"config rm","who":"mgr","name":"mgr/rbd_support/x/trash_purge_schedule"}]: dispatch
2024-04-23T02:48:08.559 INFO:journalctl@ceph.mon.a.smithi137.stdout:Apr 23 02:48:08 smithi137 bash[21564]: cephadm
2024-04-23T02:48:07.305805+0000 mgr.x (mgr.14152) 1 : cephadm [INF] [23/Apr/2024:02:48:07] ENGINE Bus STARTING
2024-04-23T02:48:08.559 INFO:journalctl@ceph.mon.a.smithi137.stdout:Apr 23 02:48:08 smithi137 bash[21564]: cephadm
2024-04-23T02:48:07.305805+0000 mgr.x (mgr.14152) 1 : cephadm [INF] [23/Apr/2024:02:48:07] ENGINE Bus STARTING
2024-04-23T02:48:08.559 INFO:journalctl@ceph.mon.a.smithi137.stdout:Apr 23 02:48:08 smithi137 bash[21564]: cephadm
2024-04-23T02:48:07.422893+0000 mgr.x (mgr.14152) 2 : cephadm [INF] [23/Apr/2024:02:48:07] ENGINE Serving on https://172.21.15.137:7150
2024-04-23T02:48:08.559 INFO:journalctl@ceph.mon.a.smithi137.stdout:Apr 23 02:48:08 smithi137 bash[21564]: cephadm
2024-04-23T02:48:07.422893+0000 mgr.x (mgr.14152) 2 : cephadm [INF] [23/Apr/2024:02:48:07] ENGINE Serving on https://172.21.15.137:7150
2024-04-23T02:48:08.559 INFO:journalctl@ceph.mon.a.smithi137.stdout:Apr 23 02:48:08 smithi137 bash[21564]: cephadm
2024-04-23T02:48:07.524224+0000 mgr.x (mgr.14152) 3 : cephadm [INF] [23/Apr/2024:02:48:07] ENGINE Serving on http://172.21.15.137:8765
2024-04-23T02:48:08.559 INFO:journalctl@ceph.mon.a.smithi137.stdout:Apr 23 02:48:08 smithi137 bash[21564]: cephadm
2024-04-23T02:48:07.524224+0000 mgr.x (mgr.14152) 3 : cephadm [INF] [23/Apr/2024:02:48:07] ENGINE Serving on http://172.21.15.137:8765
2024-04-23T02:48:08.560 INFO:journalctl@ceph.mon.a.smithi137.stdout:Apr 23 02:48:08 smithi137 bash[21564]: cephadm
2024-04-23T02:48:07.524372+0000 mgr.x (mgr.14152) 4 : cephadm [INF] [23/Apr/2024:02:48:07] ENGINE Bus STARTED
2024-04-23T02:48:08.560 INFO:journalctl@ceph.mon.a.smithi137.stdout:Apr 23 02:48:08 smithi137 bash[21564]: cephadm
2024-04-23T02:48:07.524372+0000 mgr.x (mgr.14152) 4 : cephadm [INF] [23/Apr/2024:02:48:07] ENGINE Bus STARTED
2024-04-23T02:48:08.560 INFO:journalctl@ceph.mon.a.smithi137.stdout:Apr 23 02:48:08 smithi137 bash[21564]: cluster
2024-04-23T02:48:08.043864+0000 mon.a (mon.0) 87 : cluster [DBG] mgrmap e11: x(active, since 1.01381s)
2024-04-23T02:48:08.560 INFO:journalctl@ceph.mon.a.smithi137.stdout:Apr 23 02:48:08 smithi137 bash[21564]: cluster
2024-04-23T02:48:08.043864+0000 mon.a (mon.0) 87 : cluster [DBG] mgrmap e11: x(active, since 1.01381s)
2024-04-23T02:48:08.707 INFO:teuthology.orchestra.run.smithi137.stdout:/usr/bin/ceph: stdout {
2024-04-23T02:48:08.707 INFO:teuthology.orchestra.run.smithi137.stdout:/usr/bin/ceph: stdout "mgrmap_epoch": 11,
2024-04-23T02:48:08.708 INFO:teuthology.orchestra.run.smithi137.stdout:/usr/bin/ceph: stdout "initialized": true
2024-04-23T02:48:08.708 INFO:teuthology.orchestra.run.smithi137.stdout:/usr/bin/ceph: stdout }
2024-04-23T02:48:08.708 INFO:teuthology.orchestra.run.smithi137.stdout:/usr/bin/ceph: stderr
2024-04-23T02:48:02.377+0000 7f245b2a7700 1 Processor -- start
2024-04-23T02:48:08.708 INFO:teuthology.orchestra.run.smithi137.stdout:/usr/bin/ceph: stderr
2024-04-23T02:48:02.377+0000 7f245b2a7700 1 -- start start
2024-04-23T02:48:08.708 INFO:teuthology.orchestra.run.smithi137.stdout:/usr/bin/ceph: stderr
2024-04-23T02:48:02.377+0000 7f245b2a7700 1 --2- >> [v2:172.21.15.137:3300/0,v1:172.21.15.137:6789/0] conn(0x7f245407d760 0x7f245407bbc0 unknown :-1 s=NONE pgs=0 cs=0 l=0 rev1=0 crypto rx=0 tx=0 comp rx=0 tx=0).connect
2024-04-23T02:48:08.710 INFO:teuthology.orchestra.run.smithi137.stdout:/usr/bin/ceph: stderr
2024-04-23T02:48:02.377+0000 7f245b2a7700 1 -- --> [v2:172.21.15.137:3300/0,v1:172.21.15.137:6789/0] -- mon_getmap magic: 0 -- 0x7f245407c190 con 0x7f245407d760
2024-04-23T02:48:08.710 INFO:teuthology.orchestra.run.smithi137.stdout:/usr/bin/ceph: stderr
2024-04-23T02:48:02.377+0000 7f2459043700 1 --2- >> [v2:172.21.15.137:3300/0,v1:172.21.15.137:6789/0] conn(0x7f245407d760 0x7f245407bbc0 unknown :-1 s=BANNER_CONNECTING pgs=0 cs=0 l=0 rev1=0 crypto rx=0 tx=0 comp rx=0 tx=0)._handle_peer_banner_payload supported=3 required=0
2024-04-23T02:48:08.710 INFO:teuthology.orchestra.run.smithi137.stdout:/usr/bin/ceph: stderr
2024-04-23T02:48:02.377+0000 7f2459043700 1 --2- >> [v2:172.21.15.137:3300/0,v1:172.21.15.137:6789/0] conn(0x7f245407d760 0x7f245407bbc0 unknown :-1 s=HELLO_CONNECTING pgs=0 cs=0 l=0 rev1=1 crypto rx=0 tx=0 comp rx=0 tx=0).handle_hello peer v2:172.21.15.137:3300/0 says I am v2:172.21.15.137:38540/0 (socket says 172.21.15.137:38540)
2024-04-23T02:48:08.711 INFO:teuthology.orchestra.run.smithi137.stdout:/usr/bin/ceph: stderr
2024-04-23T02:48:02.377+0000 7f2459043700 1 -- 172.21.15.137:0/2649589637 learned_addr learned my addr 172.21.15.137:0/2649589637 (peer_addr_for_me v2:172.21.15.137:0/0)
2024-04-23T02:48:08.711 INFO:teuthology.orchestra.run.smithi137.stdout:/usr/bin/ceph: stderr
2024-04-23T02:48:02.377+0000 7f2459043700 1 -- 172.21.15.137:0/2649589637 --> [v2:172.21.15.137:3300/0,v1:172.21.15.137:6789/0] -- mon_subscribe({config=0+,monmap=0+}) -- 0x7f245407c310 con 0x7f245407d760
2024-04-23T02:48:08.711 INFO:teuthology.orchestra.run.smithi137.stdout:/usr/bin/ceph: stderr
2024-04-23T02:48:02.377+0000 7f2459043700 1 --2- 172.21.15.137:0/2649589637 >> [v2:172.21.15.137:3300/0,v1:172.21.15.137:6789/0] conn(0x7f245407d760 0x7f245407bbc0 secure :-1 s=READY pgs=61 cs=0 l=1 rev1=1 crypto rx=0x7f24440098a0 tx=0x7f2444009bb0 comp rx=0 tx=0).ready entity=mon.0 client_cookie=6ebc758972a11014 server_cookie=0 in_seq=0 out_seq=0
2024-04-23T02:48:08.711 INFO:teuthology.orchestra.run.smithi137.stdout:/usr/bin/ceph: stderr
2024-04-23T02:48:02.377+0000 7f244bfff700 1 -- 172.21.15.137:0/2649589637 <== mon.0 v2:172.21.15.137:3300/0 1 ==== mon_map magic: 0 ==== 205+0+0 (secure 0 0 0) 0x7f2444004160 con 0x7f245407d760
2024-04-23T02:48:08.711 INFO:teuthology.orchestra.run.smithi137.stdout:/usr/bin/ceph: stderr
2024-04-23T02:48:02.377+0000 7f244bfff700 1 -- 172.21.15.137:0/2649589637 <== mon.0 v2:172.21.15.137:3300/0 2 ==== config(25 keys) ==== 1063+0+0 (secure 0 0 0) 0x7f2444004300 con 0x7f245407d760
2024-04-23T02:48:08.711 INFO:teuthology.orchestra.run.smithi137.stdout:/usr/bin/ceph: stderr
2024-04-23T02:48:02.377+0000 7f244bfff700 1 -- 172.21.15.137:0/2649589637 <== mon.0 v2:172.21.15.137:3300/0 3 ==== mon_map magic: 0 ==== 205+0+0 (secure 0 0 0) 0x7f2444011960 con 0x7f245407d760
2024-04-23T02:48:08.711 INFO:teuthology.orchestra.run.smithi137.stdout:/usr/bin/ceph: stderr
2024-04-23T02:48:02.377+0000 7f245b2a7700 1 -- 172.21.15.137:0/2649589637 >> [v2:172.21.15.137:3300/0,v1:172.21.15.137:6789/0] conn(0x7f245407d760 msgr2=0x7f245407bbc0 secure :-1 s=STATE_CONNECTION_ESTABLISHED l=1).mark_down
2024-04-23T02:48:08.711 INFO:teuthology.orchestra.run.smithi137.stdout:/usr/bin/ceph: stderr
2024-04-23T02:48:02.377+0000 7f245b2a7700 1 --2- 172.21.15.137:0/2649589637 >> [v2:172.21.15.137:3300/0,v1:172.21.15.137:6789/0] conn(0x7f245407d760 0x7f245407bbc0 secure :-1 s=READY pgs=61 cs=0 l=1 rev1=1 crypto rx=0x7f24440098a0 tx=0x7f2444009bb0 comp rx=0 tx=0).stop
2024-04-23T02:48:08.711 INFO:teuthology.orchestra.run.smithi137.stdout:/usr/bin/ceph: stderr
2024-04-23T02:48:02.377+0000 7f245b2a7700 1 -- 172.21.15.137:0/2649589637 shutdown_connections
2024-04-23T02:48:08.711 INFO:teuthology.orchestra.run.smithi137.stdout:/usr/bin/ceph: stderr
2024-04-23T02:48:02.377+0000 7f245b2a7700 1 --2- 172.21.15.137:0/2649589637 >> [v2:172.21.15.137:3300/0,v1:172.21.15.137:6789/0] conn(0x7f245407d760 0x7f245407bbc0 unknown :-1 s=CLOSED pgs=61 cs=0 l=1 rev1=1 crypto rx=0 tx=0 comp rx=0 tx=0).stop
2024-04-23T02:48:08.711 INFO:teuthology.orchestra.run.smithi137.stdout:/usr/bin/ceph: stderr
2024-04-23T02:48:02.377+0000 7f245b2a7700 1 -- 172.21.15.137:0/2649589637 >> 172.21.15.137:0/2649589637 conn(0x7f2454102e50 msgr2=0x7f2454105270 unknown :-1 s=STATE_NONE l=0).mark_down
2024-04-23T02:48:08.711 INFO:teuthology.orchestra.run.smithi137.stdout:/usr/bin/ceph: stderr
2024-04-23T02:48:02.377+0000 7f245b2a7700 1 -- 172.21.15.137:0/2649589637 shutdown_connections
2024-04-23T02:48:08.711 INFO:teuthology.orchestra.run.smithi137.stdout:/usr/bin/ceph: stderr
2024-04-23T02:48:02.377+0000 7f245b2a7700 1 -- 172.21.15.137:0/2649589637 wait complete.
2024-04-23T02:48:08.712 INFO:teuthology.orchestra.run.smithi137.stdout:/usr/bin/ceph: stderr
2024-04-23T02:48:02.377+0000 7f245b2a7700 1 Processor -- start
