2024-04-23T03:02:04.823+0000 7feaa1104700 1 --2- 172.21.15.32:0/3717551179 >> [v2:172.21.15.32:6800/1919487097,v1:172.21.15.32:6801/1919487097] conn(0x7fea84038730 0x7fea8403abf0 secure :-1 s=READY pgs=14 cs=0 l=1 rev1=1 crypto rx=0x7fea90006fd0 tx=0x7fea90006e40 comp rx=0 tx=0).stop
2024-04-23T03:02:05.471 INFO:teuthology.orchestra.run.smithi032.stdout:/usr/bin/ceph: stderr
2024-04-23T03:02:04.823+0000 7feaa1104700 1 -- 172.21.15.32:0/3717551179 >> [v2:172.21.15.32:3300/0,v1:172.21.15.32:6789/0] conn(0x7fea9c1070d0 msgr2=0x7fea9c19a370 secure :-1 s=STATE_CONNECTION_ESTABLISHED l=1).mark_down
2024-04-23T03:02:05.471 INFO:teuthology.orchestra.run.smithi032.stdout:/usr/bin/ceph: stderr
2024-04-23T03:02:04.823+0000 7feaa1104700 1 --2- 172.21.15.32:0/3717551179 >> [v2:172.21.15.32:3300/0,v1:172.21.15.32:6789/0] conn(0x7fea9c1070d0 0x7fea9c19a370 secure :-1 s=READY pgs=50 cs=0 l=1 rev1=1 crypto rx=0x7fea8c009fb0 tx=0x7fea8c011890 comp rx=0 tx=0).stop
2024-04-23T03:02:05.471 INFO:teuthology.orchestra.run.smithi032.stdout:/usr/bin/ceph: stderr
2024-04-23T03:02:04.823+0000 7feaa1104700 1 -- 172.21.15.32:0/3717551179 shutdown_connections
2024-04-23T03:02:05.471 INFO:teuthology.orchestra.run.smithi032.stdout:/usr/bin/ceph: stderr
2024-04-23T03:02:04.823+0000 7feaa1104700 1 --2- 172.21.15.32:0/3717551179 >> [v2:172.21.15.32:6800/1919487097,v1:172.21.15.32:6801/1919487097] conn(0x7fea84038730 0x7fea8403abf0 unknown :-1 s=CLOSED pgs=14 cs=0 l=1 rev1=1 crypto rx=0 tx=0 comp rx=0 tx=0).stop
2024-04-23T03:02:05.471 INFO:teuthology.orchestra.run.smithi032.stdout:/usr/bin/ceph: stderr
2024-04-23T03:02:04.823+0000 7feaa1104700 1 --2- 172.21.15.32:0/3717551179 >> [v2:172.21.15.32:3300/0,v1:172.21.15.32:6789/0] conn(0x7fea9c1070d0 0x7fea9c19a370 unknown :-1 s=CLOSED pgs=50 cs=0 l=1 rev1=1 crypto rx=0 tx=0 comp rx=0 tx=0).stop
2024-04-23T03:02:05.471 INFO:teuthology.orchestra.run.smithi032.stdout:/usr/bin/ceph: stderr
2024-04-23T03:02:04.823+0000 7feaa1104700 1 -- 172.21.15.32:0/3717551179 >> 172.21.15.32:0/3717551179 conn(0x7fea9c100ac0 msgr2=0x7fea9c1015c0 unknown :-1 s=STATE_NONE l=0).mark_down
2024-04-23T03:02:05.471 INFO:teuthology.orchestra.run.smithi032.stdout:/usr/bin/ceph: stderr
2024-04-23T03:02:04.824+0000 7feaa1104700 1 -- 172.21.15.32:0/3717551179 shutdown_connections
2024-04-23T03:02:05.471 INFO:teuthology.orchestra.run.smithi032.stdout:/usr/bin/ceph: stderr
2024-04-23T03:02:04.824+0000 7feaa1104700 1 -- 172.21.15.32:0/3717551179 wait complete.
2024-04-23T03:02:05.471 INFO:teuthology.orchestra.run.smithi032.stdout:Deploying ceph-exporter service with default placement...
2024-04-23T03:02:05.862 INFO:journalctl@ceph.mon.smithi032.smithi032.stdout:Apr 23 03:02:05 smithi032 ceph-mon[26942]: from='client.14144 -' entity='client.admin' cmd=[{"prefix": "orch apply", "service_type": "crash", "target": ["mon-mgr", ""]}]: dispatch
2024-04-23T03:02:05.862 INFO:journalctl@ceph.mon.smithi032.smithi032.stdout:Apr 23 03:02:05 smithi032 ceph-mon[26942]: Saving service crash spec with placement *
2024-04-23T03:02:05.862 INFO:journalctl@ceph.mon.smithi032.smithi032.stdout:Apr 23 03:02:05 smithi032 ceph-mon[26942]: from='mgr.14118 172.21.15.32:0/1398296453' entity='mgr.smithi032.ecexiv'
2024-04-23T03:02:06.639 INFO:teuthology.orchestra.run.smithi032.stdout:/usr/bin/ceph: stdout Scheduled ceph-exporter update...
2024-04-23T03:02:06.639 INFO:teuthology.orchestra.run.smithi032.stdout:/usr/bin/ceph: stderr
2024-04-23T03:02:05.883+0000 7f0804782700 1 Processor -- start
2024-04-23T03:02:06.639 INFO:teuthology.orchestra.run.smithi032.stdout:/usr/bin/ceph: stderr
2024-04-23T03:02:05.883+0000 7f0804782700 1 -- start start
2024-04-23T03:02:06.640 INFO:teuthology.orchestra.run.smithi032.stdout:/usr/bin/ceph: stderr
2024-04-23T03:02:05.883+0000 7f0804782700 1 --2- >> [v2:172.21.15.32:3300/0,v1:172.21.15.32:6789/0] conn(0x7f07fc104e10 0x7f07fc105230 unknown :-1 s=NONE pgs=0 cs=0 l=0 rev1=0 crypto rx=0 tx=0 comp rx=0 tx=0).connect
2024-04-23T03:02:06.640 INFO:teuthology.orchestra.run.smithi032.stdout:/usr/bin/ceph: stderr
2024-04-23T03:02:05.883+0000 7f0804782700 1 -- --> [v2:172.21.15.32:3300/0,v1:172.21.15.32:6789/0] -- mon_getmap magic: 0 v1 -- 0x7f07fc0747b0 con 0x7f07fc104e10
2024-04-23T03:02:06.640 INFO:teuthology.orchestra.run.smithi032.stdout:/usr/bin/ceph: stderr
2024-04-23T03:02:05.884+0000 7f080251e700 1 --2- >> [v2:172.21.15.32:3300/0,v1:172.21.15.32:6789/0] conn(0x7f07fc104e10 0x7f07fc105230 unknown :-1 s=BANNER_CONNECTING pgs=0 cs=0 l=0 rev1=0 crypto rx=0 tx=0 comp rx=0 tx=0)._handle_peer_banner_payload supported=3 required=0
2024-04-23T03:02:06.640 INFO:teuthology.orchestra.run.smithi032.stdout:/usr/bin/ceph: stderr
2024-04-23T03:02:05.884+0000 7f080251e700 1 --2- >> [v2:172.21.15.32:3300/0,v1:172.21.15.32:6789/0] conn(0x7f07fc104e10 0x7f07fc105230 unknown :-1 s=HELLO_CONNECTING pgs=0 cs=0 l=0 rev1=1 crypto rx=0 tx=0 comp rx=0 tx=0).handle_hello peer v2:172.21.15.32:3300/0 says I am v2:172.21.15.32:34394/0 (socket says 172.21.15.32:34394)
2024-04-23T03:02:06.640 INFO:teuthology.orchestra.run.smithi032.stdout:/usr/bin/ceph: stderr
2024-04-23T03:02:05.884+0000 7f080251e700 1 -- 172.21.15.32:0/574072612 learned_addr learned my addr 172.21.15.32:0/574072612 (peer_addr_for_me v2:172.21.15.32:0/0)
2024-04-23T03:02:06.640 INFO:teuthology.orchestra.run.smithi032.stdout:/usr/bin/ceph: stderr
2024-04-23T03:02:05.884+0000 7f080251e700 1 -- 172.21.15.32:0/574072612 --> [v2:172.21.15.32:3300/0,v1:172.21.15.32:6789/0] -- mon_subscribe({config=0+,monmap=0+}) v3 -- 0x7f07fc105770 con 0x7f07fc104e10
2024-04-23T03:02:06.640 INFO:teuthology.orchestra.run.smithi032.stdout:/usr/bin/ceph: stderr
2024-04-23T03:02:05.884+0000 7f080251e700 1 --2- 172.21.15.32:0/574072612 >> [v2:172.21.15.32:3300/0,v1:172.21.15.32:6789/0] conn(0x7f07fc104e10 0x7f07fc105230 secure :-1 s=READY pgs=51 cs=0 l=1 rev1=1 crypto rx=0x7f07f80098a0 tx=0x7f07f8009bb0 comp rx=0 tx=0).ready entity=mon.0 client_cookie=6448523c7efe6a19 server_cookie=0 in_seq=0 out_seq=0
2024-04-23T03:02:06.640 INFO:teuthology.orchestra.run.smithi032.stdout:/usr/bin/ceph: stderr
2024-04-23T03:02:05.884+0000 7f080151c700 1 -- 172.21.15.32:0/574072612 <== mon.0 v2:172.21.15.32:3300/0 1 ==== mon_map magic: 0 v1 ==== 229+0+0 (secure 0 0 0) 0x7f07f8004180 con 0x7f07fc104e10
2024-04-23T03:02:06.640 INFO:teuthology.orchestra.run.smithi032.stdout:/usr/bin/ceph: stderr
2024-04-23T03:02:05.884+0000 7f080151c700 1 -- 172.21.15.32:0/574072612 <== mon.0 v2:172.21.15.32:3300/0 2 ==== config(27 keys) v1 ==== 1109+0+0 (secure 0 0 0) 0x7f07f80042e0 con 0x7f07fc104e10
2024-04-23T03:02:06.640 INFO:teuthology.orchestra.run.smithi032.stdout:/usr/bin/ceph: stderr
2024-04-23T03:02:05.884+0000 7f080151c700 1 -- 172.21.15.32:0/574072612 <== mon.0 v2:172.21.15.32:3300/0 3 ==== mon_map magic: 0 v1 ==== 229+0+0 (secure 0 0 0) 0x7f07f8011b10 con 0x7f07fc104e10
2024-04-23T03:02:06.640 INFO:teuthology.orchestra.run.smithi032.stdout:/usr/bin/ceph: stderr
2024-04-23T03:02:05.885+0000 7f0804782700 1 -- 172.21.15.32:0/574072612 >> [v2:172.21.15.32:3300/0,v1:172.21.15.32:6789/0] conn(0x7f07fc104e10 msgr2=0x7f07fc105230 secure :-1 s=STATE_CONNECTION_ESTABLISHED l=1).mark_down
2024-04-23T03:02:06.640 INFO:teuthology.orchestra.run.smithi032.stdout:/usr/bin/ceph: stderr
2024-04-23T03:02:05.885+0000 7f0804782700 1 --2- 172.21.15.32:0/574072612 >> [v2:172.21.15.32:3300/0,v1:172.21.15.32:6789/0] conn(0x7f07fc104e10 0x7f07fc105230 secure :-1 s=READY pgs=51 cs=0 l=1 rev1=1 crypto rx=0x7f07f80098a0 tx=0x7f07f8009bb0 comp rx=0 tx=0).stop
2024-04-23T03:02:06.641 INFO:teuthology.orchestra.run.smithi032.stdout:/usr/bin/ceph: stderr
2024-04-23T03:02:05.885+0000 7f0804782700 1 -- 172.21.15.32:0/574072612 shutdown_connections
2024-04-23T03:02:06.641 INFO:teuthology.orchestra.run.smithi032.stdout:/usr/bin/ceph: stderr
2024-04-23T03:02:05.885+0000 7f0804782700 1 --2- 172.21.15.32:0/574072612 >> [v2:172.21.15.32:3300/0,v1:172.21.15.32:6789/0] conn(0x7f07fc104e10 0x7f07fc105230 unknown :-1 s=CLOSED pgs=51 cs=0 l=1 rev1=1 crypto rx=0 tx=0 comp rx=0 tx=0).stop
2024-04-23T03:02:06.641 INFO:teuthology.orchestra.run.smithi032.stdout:/usr/bin/ceph: stderr
2024-04-23T03:02:05.885+0000 7f0804782700 1 -- 172.21.15.32:0/574072612 >> 172.21.15.32:0/574072612 conn(0x7f07fc100a50 msgr2=0x7f07fc102e90 unknown :-1 s=STATE_NONE l=0).mark_down
2024-04-23T03:02:06.641 INFO:teuthology.orchestra.run.smithi032.stdout:/usr/bin/ceph: stderr
2024-04-23T03:02:05.885+0000 7f0804782700 1 -- 172.21.15.32:0/574072612 shutdown_connections
2024-04-23T03:02:06.641 INFO:teuthology.orchestra.run.smithi032.stdout:/usr/bin/ceph: stderr
2024-04-23T03:02:05.885+0000 7f0804782700 1 -- 172.21.15.32:0/574072612 wait complete.
2024-04-23T03:02:06.641 INFO:teuthology.orchestra.run.smithi032.stdout:/usr/bin/ceph: stderr
2024-04-23T03:02:05.886+0000 7f0804782700 1 Processor -- start
2024-04-23T03:02:06.641 INFO:teuthology.orchestra.run.smithi032.stdout:/usr/bin/ceph: stderr
2024-04-23T03:02:05.886+0000 7f0804782700 1 -- start start
2024-04-23T03:02:06.641 INFO:teuthology.orchestra.run.smithi032.stdout:/usr/bin/ceph: stderr
2024-04-23T03:02:05.886+0000 7f0804782700 1 --2- >> [v2:172.21.15.32:3300/0,v1:172.21.15.32:6789/0] conn(0x7f07fc104e10 0x7f07fc19c550 unknown :-1 s=NONE pgs=0 cs=0 l=1 rev1=0 crypto rx=0 tx=0 comp rx=0 tx=0).connect
2024-04-23T03:02:06.641 INFO:teuthology.orchestra.run.smithi032.stdout:/usr/bin/ceph: stderr
2024-04-23T03:02:05.886+0000 7f0804782700 1 -- --> [v2:172.21.15.32:3300/0,v1:172.21.15.32:6789/0] -- mon_getmap magic: 0 v1 -- 0x7f07fc19ca90 con 0x7f07fc104e10
2024-04-23T03:02:06.641 INFO:teuthology.orchestra.run.smithi032.stdout:/usr/bin/ceph: stderr
2024-04-23T03:02:05.886+0000 7f080251e700 1 --2- >> [v2:172.21.15.32:3300/0,v1:172.21.15.32:6789/0] conn(0x7f07fc104e10 0x7f07fc19c550 unknown :-1 s=BANNER_CONNECTING pgs=0 cs=0 l=1 rev1=0 crypto rx=0 tx=0 comp rx=0 tx=0)._handle_peer_banner_payload supported=3 required=0
2024-04-23T03:02:06.641 INFO:teuthology.orchestra.run.smithi032.stdout:/usr/bin/ceph: stderr
2024-04-23T03:02:05.886+0000 7f080251e700 1 --2- >> [v2:172.21.15.32:3300/0,v1:172.21.15.32:6789/0] conn(0x7f07fc104e10 0x7f07fc19c550 unknown :-1 s=HELLO_CONNECTING pgs=0 cs=0 l=1 rev1=1 crypto rx=0 tx=0 comp rx=0 tx=0).handle_hello peer v2:172.21.15.32:3300/0 says I am v2:172.21.15.32:34404/0 (socket says 172.21.15.32:34404)
2024-04-23T03:02:06.641 INFO:teuthology.orchestra.run.smithi032.stdout:/usr/bin/ceph: stderr
2024-04-23T03:02:05.886+0000 7f080251e700 1 -- 172.21.15.32:0/853734437 learned_addr learned my addr 172.21.15.32:0/853734437 (peer_addr_for_me v2:172.21.15.32:0/0)
2024-04-23T03:02:06.641 INFO:teuthology.orchestra.run.smithi032.stdout:/usr/bin/ceph: stderr
2024-04-23T03:02:05.886+0000 7f080251e700 1 -- 172.21.15.32:0/853734437 --> [v2:172.21.15.32:3300/0,v1:172.21.15.32:6789/0] -- mon_subscribe({config=0+,monmap=0+}) v3 -- 0x7f07f8009550 con 0x7f07fc104e10
2024-04-23T03:02:06.641 INFO:teuthology.orchestra.run.smithi032.stdout:/usr/bin/ceph: stderr
2024-04-23T03:02:05.886+0000 7f080251e700 1 --2- 172.21.15.32:0/853734437 >> [v2:172.21.15.32:3300/0,v1:172.21.15.32:6789/0] conn(0x7f07fc104e10 0x7f07fc19c550 secure :-1 s=READY pgs=52 cs=0 l=1 rev1=1 crypto rx=0x7f07f80117b0 tx=0x7f07f8011890 comp rx=0 tx=0).ready entity=mon.0 client_cookie=0 server_cookie=0 in_seq=0 out_seq=0
2024-04-23T03:02:06.642 INFO:teuthology.orchestra.run.smithi032.stdout:/usr/bin/ceph: stderr
2024-04-23T03:02:05.886+0000 7f07f37fe700 1 -- 172.21.15.32:0/853734437 <== mon.0 v2:172.21.15.32:3300/0 1 ==== mon_map magic: 0 v1 ==== 229+0+0 (secure 0 0 0) 0x7f07f80038b0 con 0x7f07fc104e10
2024-04-23T03:02:06.642 INFO:teuthology.orchestra.run.smithi032.stdout:/usr/bin/ceph: stderr
2024-04-23T03:02:05.886+0000 7f07f37fe700 1 -- 172.21.15.32:0/853734437 <== mon.0 v2:172.21.15.32:3300/0 2 ==== config(27 keys) v1 ==== 1109+0+0 (secure 0 0 0) 0x7f07f8003a10 con 0x7f07fc104e10
2024-04-23T03:02:06.642 INFO:teuthology.orchestra.run.smithi032.stdout:/usr/bin/ceph: stderr
2024-04-23T03:02:05.886+0000 7f0804782700 1 -- 172.21.15.32:0/853734437 --> [v2:172.21.15.32:3300/0,v1:172.21.15.32:6789/0] -- mon_subscribe({mgrmap=0+}) v3 -- 0x7f07fc19cc90 con 0x7f07fc104e10
2024-04-23T03:02:06.642 INFO:teuthology.orchestra.run.smithi032.stdout:/usr/bin/ceph: stderr
2024-04-23T03:02:05.887+0000 7f07f37fe700 1 -- 172.21.15.32:0/853734437 <== mon.0 v2:172.21.15.32:3300/0 3 ==== mon_map magic: 0 v1 ==== 229+0+0 (secure 0 0 0) 0x7f07f8024780 con 0x7f07fc104e10
2024-04-23T03:02:06.642 INFO:teuthology.orchestra.run.smithi032.stdout:/usr/bin/ceph: stderr
2024-04-23T03:02:05.887+0000 7f0804782700 1 -- 172.21.15.32:0/853734437 --> [v2:172.21.15.32:3300/0,v1:172.21.15.32:6789/0] -- mon_subscribe({osdmap=0}) v3 -- 0x7f07fc19d130 con 0x7f07fc104e10
2024-04-23T03:02:06.642 INFO:teuthology.orchestra.run.smithi032.stdout:/usr/bin/ceph: stderr
2024-04-23T03:02:05.888+0000 7f07f37fe700 1 -- 172.21.15.32:0/853734437 <== mon.0 v2:172.21.15.32:3300/0 4 ==== mgrmap(e 8) v1 ==== 45556+0+0 (secure 0 0 0) 0x7f07f801a430 con 0x7f07fc104e10
2024-04-23T03:02:06.642 INFO:teuthology.orchestra.run.smithi032.stdout:/usr/bin/ceph: stderr
2024-04-23T03:02:05.888+0000 7f07f37fe700 1 --2- 172.21.15.32:0/853734437 >> [v2:172.21.15.32:6800/1919487097,v1:172.21.15.32:6801/1919487097] conn(0x7f07e8038770 0x7f07e803ac30 unknown :-1 s=NONE pgs=0 cs=0 l=1 rev1=0 crypto rx=0 tx=0 comp rx=0 tx=0).connect
2024-04-23T03:02:06.642 INFO:teuthology.orchestra.run.smithi032.stdout:/usr/bin/ceph: stderr
2024-04-23T03:02:05.888+0000 7f0804782700 1 -- 172.21.15.32:0/853734437 --> [v2:172.21.15.32:3300/0,v1:172.21.15.32:6789/0] -- mon_command({"prefix": "get_command_descriptions"} v 0) v1 -- 0x7f07fc196180 con 0x7f07fc104e10
2024-04-23T03:02:06.642 INFO:teuthology.orchestra.run.smithi032.stdout:/usr/bin/ceph: stderr
2024-04-23T03:02:05.888+0000 7f07f37fe700 1 -- 172.21.15.32:0/853734437 <== mon.0 v2:172.21.15.32:3300/0 5 ==== osd_map(2..2 src has 1..2) v4 ==== 940+0+0 (secure 0 0 0) 0x7f07f804c780 con 0x7f07fc104e10
2024-04-23T03:02:06.642 INFO:teuthology.orchestra.run.smithi032.stdout:/usr/bin/ceph: stderr
2024-04-23T03:02:05.888+0000 7f0801d1d700 1 --2- 172.21.15.32:0/853734437 >> [v2:172.21.15.32:6800/1919487097,v1:172.21.15.32:6801/1919487097] conn(0x7f07e8038770 0x7f07e803ac30 unknown :-1 s=BANNER_CONNECTING pgs=0 cs=0 l=1 rev1=0 crypto rx=0 tx=0 comp rx=0 tx=0)._handle_peer_banner_payload supported=3 required=0
2024-04-23T03:02:06.642 INFO:teuthology.orchestra.run.smithi032.stdout:/usr/bin/ceph: stderr
2024-04-23T03:02:05.888+0000 7f0801d1d700 1 --2- 172.21.15.32:0/853734437 >> [v2:172.21.15.32:6800/1919487097,v1:172.21.15.32:6801/1919487097] conn(0x7f07e8038770 0x7f07e803ac30 secure :-1 s=READY pgs=15 cs=0 l=1 rev1=1 crypto rx=0x7f07ec006fd0 tx=0x7f07ec006e40 comp rx=0 tx=0).ready entity=mgr.14118 client_cookie=0 server_cookie=0 in_seq=0 out_seq=0
2024-04-23T03:02:06.642 INFO:teuthology.orchestra.run.smithi032.stdout:/usr/bin/ceph: stderr
2024-04-23T03:02:05.893+0000 7f07f37fe700 1 -- 172.21.15.32:0/853734437 <== mon.0 v2:172.21.15.32:3300/0 6 ==== mon_command_ack([{"prefix": "get_command_descriptions"}]=0 v0) v1 ==== 72+0+183351 (secure 0 0 0) 0x7f07f801a6e0 con 0x7f07fc104e10
2024-04-23T03:02:06.642 INFO:teuthology.orchestra.run.smithi032.stdout:/usr/bin/ceph: stderr
2024-04-23T03:02:06.111+0000 7f0804782700 1 -- 172.21.15.32:0/853734437 --> [v2:172.21.15.32:6800/1919487097,v1:172.21.15.32:6801/1919487097] -- mgr_command(tid 0: {"prefix": "orch apply", "service_type": "ceph-exporter", "target": ["mon-mgr", ""]}) v1 -- 0x7f07fc02cfb0 con 0x7f07e8038770
2024-04-23T03:02:06.643 INFO:teuthology.orchestra.run.smithi032.stdout:/usr/bin/ceph: stderr
2024-04-23T03:02:06.116+0000 7f07f37fe700 1 -- 172.21.15.32:0/853734437 <== mgr.14118 v2:172.21.15.32:6800/1919487097 1 ==== mgr_command_reply(tid 0: 0 ) v1 ==== 8+0+34 (secure 0 0 0) 0x7f07fc02cfb0 con 0x7f07e8038770
2024-04-23T03:02:06.643 INFO:teuthology.orchestra.run.smithi032.stdout:/usr/bin/ceph: stderr
2024-04-23T03:02:06.118+0000 7f0804782700 1 -- 172.21.15.32:0/853734437 >> [v2:172.21.15.32:6800/1919487097,v1:172.21.15.32:6801/1919487097] conn(0x7f07e8038770 msgr2=0x7f07e803ac30 secure :-1 s=STATE_CONNECTION_ESTABLISHED l=1).mark_down
2024-04-23T03:02:06.643 INFO:teuthology.orchestra.run.smithi032.stdout:/usr/bin/ceph: stderr
2024-04-23T03:02:06.118+0000 7f0804782700 1 --2- 172.21.15.32:0/853734437 >> [v2:172.21.15.32:6800/1919487097,v1:172.21.15.32:6801/1919487097] conn(0x7f07e8038770 0x7f07e803ac30 secure :-1 s=READY pgs=15 cs=0 l=1 rev1=1 crypto rx=0x7f07ec006fd0 tx=0x7f07ec006e40 comp rx=0 tx=0).stop
2024-04-23T03:02:06.643 INFO:teuthology.orchestra.run.smithi032.stdout:/usr/bin/ceph: stderr
2024-04-23T03:02:06.118+0000 7f0804782700 1 -- 172.21.15.32:0/853734437 >> [v2:172.21.15.32:3300/0,v1:172.21.15.32:6789/0] conn(0x7f07fc104e10 msgr2=0x7f07fc19c550 secure :-1 s=STATE_CONNECTION_ESTABLISHED l=1).mark_down
2024-04-23T03:02:06.643 INFO:teuthology.orchestra.run.smithi032.stdout:/usr/bin/ceph: stderr
2024-04-23T03:02:06.118+0000 7f0804782700 1 --2- 172.21.15.32:0/853734437 >> [v2:172.21.15.32:3300/0,v1:172.21.15.32:6789/0] conn(0x7f07fc104e10 0x7f07fc19c550 secure :-1 s=READY pgs=52 cs=0 l=1 rev1=1 crypto rx=0x7f07f80117b0 tx=0x7f07f8011890 comp rx=0 tx=0).stop
2024-04-23T03:02:06.643 INFO:teuthology.orchestra.run.smithi032.stdout:/usr/bin/ceph: stderr
2024-04-23T03:02:06.118+0000 7f0804782700 1 -- 172.21.15.32:0/853734437 shutdown_connections
2024-04-23T03:02:06.643 INFO:teuthology.orchestra.run.smithi032.stdout:/usr/bin/ceph: stderr
2024-04-23T03:02:06.118+0000 7f0804782700 1 --2- 172.21.15.32:0/853734437 >> [v2:172.21.15.32:6800/1919487097,v1:172.21.15.32:6801/1919487097] conn(0x7f07e8038770 0x7f07e803ac30 unknown :-1 s=CLOSED pgs=15 cs=0 l=1 rev1=1 crypto rx=0 tx=0 comp rx=0 tx=0).stop
2024-04-23T03:02:06.643 INFO:teuthology.orchestra.run.smithi032.stdout:/usr/bin/ceph: stderr
2024-04-23T03:02:06.118+0000 7f0804782700 1 --2- 172.21.15.32:0/853734437 >> [v2:172.21.15.32:3300/0,v1:172.21.15.32:6789/0] conn(0x7f07fc104e10 0x7f07fc19c550 unknown :-1 s=CLOSED pgs=52 cs=0 l=1 rev1=1 crypto rx=0 tx=0 comp rx=0 tx=0).stop
2024-04-23T03:02:06.643 INFO:teuthology.orchestra.run.smithi032.stdout:/usr/bin/ceph: stderr
2024-04-23T03:02:06.118+0000 7f0804782700 1 -- 172.21.15.32:0/853734437 >> 172.21.15.32:0/853734437 conn(0x7f07fc100a50 msgr2=0x7f07fc1932c0 unknown :-1 s=STATE_NONE l=0).mark_down
2024-04-23T03:02:06.643 INFO:teuthology.orchestra.run.smithi032.stdout:/usr/bin/ceph: stderr
2024-04-23T03:02:06.118+0000 7f0804782700 1 -- 172.21.15.32:0/853734437 shutdown_connections
2024-04-23T03:02:06.643 INFO:teuthology.orchestra.run.smithi032.stdout:/usr/bin/ceph: stderr
2024-04-23T03:02:06.118+0000 7f0804782700 1 -- 172.21.15.32:0/853734437 wait complete.
2024-04-23T03:02:06.643 INFO:teuthology.orchestra.run.smithi032.stdout:Deploying prometheus service with default placement...
2024-04-23T03:02:07.244 INFO:journalctl@ceph.mon.smithi032.smithi032.stdout:Apr 23 03:02:07 smithi032 ceph-mon[26942]: from='mgr.14118 172.21.15.32:0/1398296453' entity='mgr.smithi032.ecexiv'
2024-04-23T03:02:07.244 INFO:journalctl@ceph.mon.smithi032.smithi032.stdout:Apr 23 03:02:07 smithi032 ceph-mon[26942]: from='client.14146 -' entity='client.admin' cmd=[{"prefix": "orch apply", "service_type": "ceph-exporter", "target": ["mon-mgr", ""]}]: dispatch
2024-04-23T03:02:07.244 INFO:journalctl@ceph.mon.smithi032.smithi032.stdout:Apr 23 03:02:07 smithi032 ceph-mon[26942]: Saving service ceph-exporter spec with placement *
2024-04-23T03:02:07.244 INFO:journalctl@ceph.mon.smithi032.smithi032.stdout:Apr 23 03:02:07 smithi032 ceph-mon[26942]: from='mgr.14118 172.21.15.32:0/1398296453' entity='mgr.smithi032.ecexiv'
2024-04-23T03:02:07.913 INFO:teuthology.orchestra.run.smithi032.stdout:/usr/bin/ceph: stdout Scheduled prometheus update...
2024-04-23T03:02:07.913 INFO:teuthology.orchestra.run.smithi032.stdout:/usr/bin/ceph: stderr
2024-04-23T03:02:07.072+0000 7fd9a7e6a700 1 Processor -- start
2024-04-23T03:02:07.913 INFO:teuthology.orchestra.run.smithi032.stdout:/usr/bin/ceph: stderr
2024-04-23T03:02:07.073+0000 7fd9a7e6a700 1 -- start start
2024-04-23T03:02:07.913 INFO:teuthology.orchestra.run.smithi032.stdout:/usr/bin/ceph: stderr
2024-04-23T03:02:07.073+0000 7fd9a7e6a700 1 --2- >> [v2:172.21.15.32:3300/0,v1:172.21.15.32:6789/0] conn(0x7fd9a01054b0 0x7fd9a01058d0 unknown :-1 s=NONE pgs=0 cs=0 l=0 rev1=0 crypto rx=0 tx=0 comp rx=0 tx=0).connect
2024-04-23T03:02:07.913 INFO:teuthology.orchestra.run.smithi032.stdout:/usr/bin/ceph: stderr
2024-04-23T03:02:07.073+0000 7fd9a7e6a700 1 -- --> [v2:172.21.15.32:3300/0,v1:172.21.15.32:6789/0] -- mon_getmap magic: 0 v1 -- 0x7fd9a0105ea0 con 0x7fd9a01054b0
2024-04-23T03:02:07.913 INFO:teuthology.orchestra.run.smithi032.stdout:/usr/bin/ceph: stderr
2024-04-23T03:02:07.073+0000 7fd9a5c06700 1 --2- >> [v2:172.21.15.32:3300/0,v1:172.21.15.32:6789/0] conn(0x7fd9a01054b0 0x7fd9a01058d0 unknown :-1 s=BANNER_CONNECTING pgs=0 cs=0 l=0 rev1=0 crypto rx=0 tx=0 comp rx=0 tx=0)._handle_peer_banner_payload supported=3 required=0
2024-04-23T03:02:07.914 INFO:teuthology.orchestra.run.smithi032.stdout:/usr/bin/ceph: stderr
2024-04-23T03:02:07.073+0000 7fd9a5c06700 1 --2- >> [v2:172.21.15.32:3300/0,v1:172.21.15.32:6789/0] conn(0x7fd9a01054b0 0x7fd9a01058d0 unknown :-1 s=HELLO_CONNECTING pgs=0 cs=0 l=0 rev1=1 crypto rx=0 tx=0 comp rx=0 tx=0).handle_hello peer v2:172.21.15.32:3300/0 says I am v2:172.21.15.32:34418/0 (socket says 172.21.15.32:34418)
2024-04-23T03:02:07.914 INFO:teuthology.orchestra.run.smithi032.stdout:/usr/bin/ceph: stderr
2024-04-23T03:02:07.073+0000 7fd9a5c06700 1 -- 172.21.15.32:0/747076581 learned_addr learned my addr 172.21.15.32:0/747076581 (peer_addr_for_me v2:172.21.15.32:0/0)
2024-04-23T03:02:07.914 INFO:teuthology.orchestra.run.smithi032.stdout:/usr/bin/ceph: stderr
2024-04-23T03:02:07.073+0000 7fd9a5c06700 1 -- 172.21.15.32:0/747076581 --> [v2:172.21.15.32:3300/0,v1:172.21.15.32:6789/0] -- mon_subscribe({config=0+,monmap=0+}) v3 -- 0x7fd9a01066b0 con 0x7fd9a01054b0
2024-04-23T03:02:07.914 INFO:teuthology.orchestra.run.smithi032.stdout:/usr/bin/ceph: stderr
2024-04-23T03:02:07.074+0000 7fd9a5c06700 1 --2- 172.21.15.32:0/747076581 >> [v2:172.21.15.32:3300/0,v1:172.21.15.32:6789/0] conn(0x7fd9a01054b0 0x7fd9a01058d0 secure :-1 s=READY pgs=53 cs=0 l=1 rev1=1 crypto rx=0x7fd99c00bb40 tx=0x7fd99c00be50 comp rx=0 tx=0).ready entity=mon.0 client_cookie=21e082ff2def00c2 server_cookie=0 in_seq=0 out_seq=0
2024-04-23T03:02:07.914 INFO:teuthology.orchestra.run.smithi032.stdout:/usr/bin/ceph: stderr
2024-04-23T03:02:07.074+0000 7fd9a4c04700 1 -- 172.21.15.32:0/747076581 <== mon.0 v2:172.21.15.32:3300/0 1 ==== mon_map magic: 0 v1 ==== 229+0+0 (secure 0 0 0) 0x7fd99c00dc00 con 0x7fd9a01054b0
2024-04-23T03:02:07.914 INFO:teuthology.orchestra.run.smithi032.stdout:/usr/bin/ceph: stderr
2024-04-23T03:02:07.074+0000 7fd9a4c04700 1 -- 172.21.15.32:0/747076581 <== mon.0 v2:172.21.15.32:3300/0 2 ==== config(27 keys) v1 ==== 1109+0+0 (secure 0 0 0) 0x7fd99c0044f0 con 0x7fd9a01054b0
2024-04-23T03:02:07.914 INFO:teuthology.orchestra.run.smithi032.stdout:/usr/bin/ceph: stderr
2024-04-23T03:02:07.074+0000 7fd9a4c04700 1 -- 172.21.15.32:0/747076581 <== mon.0 v2:172.21.15.32:3300/0 3 ==== mon_map magic: 0 v1 ==== 229+0+0 (secure 0 0 0) 0x7fd99c010470 con 0x7fd9a01054b0
2024-04-23T03:02:07.914 INFO:teuthology.orchestra.run.smithi032.stdout:/usr/bin/ceph: stderr
2024-04-23T03:02:07.074+0000 7fd9a7e6a700 1 -- 172.21.15.32:0/747076581 >> [v2:172.21.15.32:3300/0,v1:172.21.15.32:6789/0] conn(0x7fd9a01054b0 msgr2=0x7fd9a01058d0 secure :-1 s=STATE_CONNECTION_ESTABLISHED l=1).mark_down
2024-04-23T03:02:07.914 INFO:teuthology.orchestra.run.smithi032.stdout:/usr/bin/ceph: stderr
2024-04-23T03:02:07.074+0000 7fd9a7e6a700 1 --2- 172.21.15.32:0/747076581 >> [v2:172.21.15.32:3300/0,v1:172.21.15.32:6789/0] conn(0x7fd9a01054b0 0x7fd9a01058d0 secure :-1 s=READY pgs=53 cs=0 l=1 rev1=1 crypto rx=0x7fd99c00bb40 tx=0x7fd99c00be50 comp rx=0 tx=0).stop
2024-04-23T03:02:07.914 INFO:teuthology.orchestra.run.smithi032.stdout:/usr/bin/ceph: stderr
2024-04-23T03:02:07.074+0000 7fd9a7e6a700 1 -- 172.21.15.32:0/747076581 shutdown_connections
2024-04-23T03:02:07.914 INFO:teuthology.orchestra.run.smithi032.stdout:/usr/bin/ceph: stderr
2024-04-23T03:02:07.074+0000 7fd9a7e6a700 1 --2- 172.21.15.32:0/747076581 >> [v2:172.21.15.32:3300/0,v1:172.21.15.32:6789/0] conn(0x7fd9a01054b0 0x7fd9a01058d0 unknown :-1 s=CLOSED pgs=53 cs=0 l=1 rev1=1 crypto rx=0 tx=0 comp rx=0 tx=0).stop
2024-04-23T03:02:07.914 INFO:teuthology.orchestra.run.smithi032.stdout:/usr/bin/ceph: stderr
2024-04-23T03:02:07.074+0000 7fd9a7e6a700 1 -- 172.21.15.32:0/747076581 >> 172.21.15.32:0/747076581 conn(0x7fd9a0100a50 msgr2=0x7fd9a0102e90 unknown :-1 s=STATE_NONE l=0).mark_down
2024-04-23T03:02:07.914 INFO:teuthology.orchestra.run.smithi032.stdout:/usr/bin/ceph: stderr
2024-04-23T03:02:07.075+0000 7fd9a7e6a700 1 -- 172.21.15.32:0/747076581 shutdown_connections
2024-04-23T03:02:07.915 INFO:teuthology.orchestra.run.smithi032.stdout:/usr/bin/ceph: stderr
2024-04-23T03:02:07.075+0000 7fd9a7e6a700 1 -- 172.21.15.32:0/747076581 wait complete.
2024-04-23T03:02:07.915 INFO:teuthology.orchestra.run.smithi032.stdout:/usr/bin/ceph: stderr
2024-04-23T03:02:07.075+0000 7fd9a7e6a700 1 Processor -- start
2024-04-23T03:02:07.915 INFO:teuthology.orchestra.run.smithi032.stdout:/usr/bin/ceph: stderr
2024-04-23T03:02:07.075+0000 7fd9a7e6a700 1 -- start start
2024-04-23T03:02:07.915 INFO:teuthology.orchestra.run.smithi032.stdout:/usr/bin/ceph: stderr
2024-04-23T03:02:07.075+0000 7fd9a7e6a700 1 --2- >> [v2:172.21.15.32:3300/0,v1:172.21.15.32:6789/0] conn(0x7fd9a01054b0 0x7fd9a01981d0 unknown :-1 s=NONE pgs=0 cs=0 l=1 rev1=0 crypto rx=0 tx=0 comp rx=0 tx=0).connect
2024-04-23T03:02:07.915 INFO:teuthology.orchestra.run.smithi032.stdout:/usr/bin/ceph: stderr
2024-04-23T03:02:07.075+0000 7fd9a7e6a700 1 -- --> [v2:172.21.15.32:3300/0,v1:172.21.15.32:6789/0] -- mon_getmap magic: 0 v1 -- 0x7fd9a0198710 con 0x7fd9a01054b0
2024-04-23T03:02:07.915 INFO:teuthology.orchestra.run.smithi032.stdout:/usr/bin/ceph: stderr
2024-04-23T03:02:07.075+0000 7fd9a5c06700 1 --2- >> [v2:172.21.15.32:3300/0,v1:172.21.15.32:6789/0] conn(0x7fd9a01054b0 0x7fd9a01981d0 unknown :-1 s=BANNER_CONNECTING pgs=0 cs=0 l=1 rev1=0 crypto rx=0 tx=0 comp rx=0 tx=0)._handle_peer_banner_payload supported=3 required=0
2024-04-23T03:02:07.915 INFO:teuthology.orchestra.run.smithi032.stdout:/usr/bin/ceph: stderr
2024-04-23T03:02:07.075+0000 7fd9a5c06700 1 --2- >> [v2:172.21.15.32:3300/0,v1:172.21.15.32:6789/0] conn(0x7fd9a01054b0 0x7fd9a01981d0 unknown :-1 s=HELLO_CONNECTING pgs=0 cs=0 l=1 rev1=1 crypto rx=0 tx=0 comp rx=0 tx=0).handle_hello peer v2:172.21.15.32:3300/0 says I am v2:172.21.15.32:34428/0 (socket says 172.21.15.32:34428)
2024-04-23T03:02:07.915 INFO:teuthology.orchestra.run.smithi032.stdout:/usr/bin/ceph: stderr
2024-04-23T03:02:07.075+0000 7fd9a5c06700 1 -- 172.21.15.32:0/1864015068 learned_addr learned my addr 172.21.15.32:0/1864015068 (peer_addr_for_me v2:172.21.15.32:0/0)
2024-04-23T03:02:07.915 INFO:teuthology.orchestra.run.smithi032.stdout:/usr/bin/ceph: stderr
2024-04-23T03:02:07.076+0000 7fd9a5c06700 1 -- 172.21.15.32:0/1864015068 --> [v2:172.21.15.32:3300/0,v1:172.21.15.32:6789/0] -- mon_subscribe({config=0+,monmap=0+}) v3 -- 0x7fd99c00b7f0 con 0x7fd9a01054b0
2024-04-23T03:02:07.915 INFO:teuthology.orchestra.run.smithi032.stdout:/usr/bin/ceph: stderr
2024-04-23T03:02:07.076+0000 7fd9a5c06700 1 --2- 172.21.15.32:0/1864015068 >> [v2:172.21.15.32:3300/0,v1:172.21.15.32:6789/0] conn(0x7fd9a01054b0 0x7fd9a01981d0 secure :-1 s=READY pgs=54 cs=0 l=1 rev1=1 crypto rx=0x7fd99c00b340 tx=0x7fd99c004070 comp rx=0 tx=0).ready entity=mon.0 client_cookie=0 server_cookie=0 in_seq=0 out_seq=0
2024-04-23T03:02:07.915 INFO:teuthology.orchestra.run.smithi032.stdout:/usr/bin/ceph: stderr
2024-04-23T03:02:07.076+0000 7fd996ffd700 1 -- 172.21.15.32:0/1864015068 <== mon.0 v2:172.21.15.32:3300/0 1 ==== mon_map magic: 0 v1 ==== 229+0+0 (secure 0 0 0) 0x7fd99c01e070 con 0x7fd9a01054b0
2024-04-23T03:02:07.915 INFO:teuthology.orchestra.run.smithi032.stdout:/usr/bin/ceph: stderr
2024-04-23T03:02:07.076+0000 7fd996ffd700 1 -- 172.21.15.32:0/1864015068 <== mon.0 v2:172.21.15.32:3300/0 2 ==== config(27 keys) v1 ==== 1109+0+0 (secure 0 0 0) 0x7fd99c00de20 con 0x7fd9a01054b0
2024-04-23T03:02:07.915 INFO:teuthology.orchestra.run.smithi032.stdout:/usr/bin/ceph: stderr
2024-04-23T03:02:07.076+0000 7fd9a7e6a700 1 -- 172.21.15.32:0/1864015068 --> [v2:172.21.15.32:3300/0,v1:172.21.15.32:6789/0] -- mon_subscribe({mgrmap=0+}) v3 -- 0x7fd9a0198910 con 0x7fd9a01054b0
2024-04-23T03:02:07.915 INFO:teuthology.orchestra.run.smithi032.stdout:/usr/bin/ceph: stderr
2024-04-23T03:02:07.076+0000 7fd996ffd700 1 -- 172.21.15.32:0/1864015068 <== mon.0 v2:172.21.15.32:3300/0 3 ==== mon_map magic: 0 v1 ==== 229+0+0 (secure 0 0 0) 0x7fd99c022a40 con 0x7fd9a01054b0
2024-04-23T03:02:07.916 INFO:teuthology.orchestra.run.smithi032.stdout:/usr/bin/ceph: stderr
2024-04-23T03:02:07.076+0000 7fd9a7e6a700 1 -- 172.21.15.32:0/1864015068 --> [v2:172.21.15.32:3300/0,v1:172.21.15.32:6789/0] -- mon_subscribe({osdmap=0}) v3 -- 0x7fd9a0198db0 con 0x7fd9a01054b0
2024-04-23T03:02:07.916 INFO:teuthology.orchestra.run.smithi032.stdout:/usr/bin/ceph: stderr
2024-04-23T03:02:07.077+0000 7fd996ffd700 1 -- 172.21.15.32:0/1864015068 <== mon.0 v2:172.21.15.32:3300/0 4 ==== mgrmap(e 8) v1 ==== 45556+0+0 (secure 0 0 0) 0x7fd99c02c440 con 0x7fd9a01054b0
2024-04-23T03:02:07.916 INFO:teuthology.orchestra.run.smithi032.stdout:/usr/bin/ceph: stderr
2024-04-23T03:02:07.077+0000 7fd9a7e6a700 1 -- 172.21.15.32:0/1864015068 --> [v2:172.21.15.32:3300/0,v1:172.21.15.32:6789/0] -- mon_command({"prefix": "get_command_descriptions"} v 0) v1 -- 0x7fd9a00738d0 con 0x7fd9a01054b0
2024-04-23T03:02:07.916 INFO:teuthology.orchestra.run.smithi032.stdout:/usr/bin/ceph: stderr
2024-04-23T03:02:07.077+0000 7fd996ffd700 1 --2- 172.21.15.32:0/1864015068 >> [v2:172.21.15.32:6800/1919487097,v1:172.21.15.32:6801/1919487097] conn(0x7fd98c0386e0 0x7fd98c03aba0 unknown :-1 s=NONE pgs=0 cs=0 l=1 rev1=0 crypto rx=0 tx=0 comp rx=0 tx=0).connect
2024-04-23T03:02:07.916 INFO:teuthology.orchestra.run.smithi032.stdout:/usr/bin/ceph: stderr
2024-04-23T03:02:07.077+0000 7fd996ffd700 1 -- 172.21.15.32:0/1864015068 <== mon.0 v2:172.21.15.32:3300/0 5 ==== osd_map(2..2 src has 1..2) v4 ==== 940+0+0 (secure 0 0 0) 0x7fd99c04edb0 con 0x7fd9a01054b0
2024-04-23T03:02:07.916 INFO:teuthology.orchestra.run.smithi032.stdout:/usr/bin/ceph: stderr
2024-04-23T03:02:07.077+0000 7fd9a5405700 1 --2- 172.21.15.32:0/1864015068 >> [v2:172.21.15.32:6800/1919487097,v1:172.21.15.32:6801/1919487097] conn(0x7fd98c0386e0 0x7fd98c03aba0 unknown :-1 s=BANNER_CONNECTING pgs=0 cs=0 l=1 rev1=0 crypto rx=0 tx=0 comp rx=0 tx=0)._handle_peer_banner_payload supported=3 required=0
2024-04-23T03:02:07.916 INFO:teuthology.orchestra.run.smithi032.stdout:/usr/bin/ceph: stderr
2024-04-23T03:02:07.078+0000 7fd9a5405700 1 --2- 172.21.15.32:0/1864015068 >> [v2:172.21.15.32:6800/1919487097,v1:172.21.15.32:6801/1919487097] conn(0x7fd98c0386e0 0x7fd98c03aba0 secure :-1 s=READY pgs=16 cs=0 l=1 rev1=1 crypto rx=0x7fd990006fd0 tx=0x7fd990006e40 comp rx=0 tx=0).ready entity=mgr.14118 client_cookie=0 server_cookie=0 in_seq=0 out_seq=0
2024-04-23T03:02:07.916 INFO:teuthology.orchestra.run.smithi032.stdout:/usr/bin/ceph: stderr
2024-04-23T03:02:07.082+0000 7fd996ffd700 1 -- 172.21.15.32:0/1864015068 <== mon.0 v2:172.21.15.32:3300/0 6 ==== mon_command_ack([{"prefix": "get_command_descriptions"}]=0 v0) v1 ==== 72+0+183351 (secure 0 0 0) 0x7fd99c053070 con 0x7fd9a01054b0
2024-04-23T03:02:07.916 INFO:teuthology.orchestra.run.smithi032.stdout:/usr/bin/ceph: stderr
2024-04-23T03:02:07.304+0000 7fd9a7e6a700 1 -- 172.21.15.32:0/1864015068 --> [v2:172.21.15.32:6800/1919487097,v1:172.21.15.32:6801/1919487097] -- mgr_command(tid 0: {"prefix": "orch apply", "service_type": "prometheus", "target": ["mon-mgr", ""]}) v1 -- 0x7fd9a0061320 con 0x7fd98c0386e0
2024-04-23T03:02:07.916 INFO:teuthology.orchestra.run.smithi032.stdout:/usr/bin/ceph: stderr
2024-04-23T03:02:07.310+0000 7fd996ffd700 1 -- 172.21.15.32:0/1864015068 <== mgr.14118 v2:172.21.15.32:6800/1919487097 1 ==== mgr_command_reply(tid 0: 0 ) v1 ==== 8+0+31 (secure 0 0 0) 0x7fd9a0061320 con 0x7fd98c0386e0
2024-04-23T03:02:07.916 INFO:teuthology.orchestra.run.smithi032.stdout:/usr/bin/ceph: stderr
2024-04-23T03:02:07.313+0000 7fd9a7e6a700 1 -- 172.21.15.32:0/1864015068 >> [v2:172.21.15.32:6800/1919487097,v1:172.21.15.32:6801/1919487097] conn(0x7fd98c0386e0 msgr2=0x7fd98c03aba0 secure :-1 s=STATE_CONNECTION_ESTABLISHED l=1).mark_down
2024-04-23T03:02:07.916 INFO:teuthology.orchestra.run.smithi032.stdout:/usr/bin/ceph: stderr
2024-04-23T03:02:07.313+0000 7fd9a7e6a700 1 --2- 172.21.15.32:0/1864015068 >> [v2:172.21.15.32:6800/1919487097,v1:172.21.15.32:6801/1919487097] conn(0x7fd98c0386e0 0x7fd98c03aba0 secure :-1 s=READY pgs=16 cs=0 l=1 rev1=1 crypto rx=0x7fd990006fd0 tx=0x7fd990006e40 comp rx=0 tx=0).stop
2024-04-23T03:02:07.916 INFO:teuthology.orchestra.run.smithi032.stdout:/usr/bin/ceph: stderr
2024-04-23T03:02:07.313+0000 7fd9a7e6a700 1 -- 172.21.15.32:0/1864015068 >> [v2:172.21.15.32:3300/0,v1:172.21.15.32:6789/0] conn(0x7fd9a01054b0 msgr2=0x7fd9a01981d0 secure :-1 s=STATE_CONNECTION_ESTABLISHED l=1).mark_down
2024-04-23T03:02:07.916 INFO:teuthology.orchestra.run.smithi032.stdout:/usr/bin/ceph: stderr
2024-04-23T03:02:07.313+0000 7fd9a7e6a700 1 --2- 172.21.15.32:0/1864015068 >> [v2:172.21.15.32:3300/0,v1:172.21.15.32:6789/0] conn(0x7fd9a01054b0 0x7fd9a01981d0 secure :-1 s=READY pgs=54 cs=0 l=1 rev1=1 crypto rx=0x7fd99c00b340 tx=0x7fd99c004070 comp rx=0 tx=0).stop
2024-04-23T03:02:07.917 INFO:teuthology.orchestra.run.smithi032.stdout:/usr/bin/ceph: stderr
2024-04-23T03:02:07.313+0000 7fd9a7e6a700 1 -- 172.21.15.32:0/1864015068 shutdown_connections
2024-04-23T03:02:07.917 INFO:teuthology.orchestra.run.smithi032.stdout:/usr/bin/ceph: stderr
2024-04-23T03:02:07.313+0000 7fd9a7e6a700 1 --2- 172.21.15.32:0/1864015068 >> [v2:172.21.15.32:6800/1919487097,v1:172.21.15.32:6801/1919487097] conn(0x7fd98c0386e0 0x7fd98c03aba0 unknown :-1 s=CLOSED pgs=16 cs=0 l=1 rev1=1 crypto rx=0 tx=0 comp rx=0 tx=0).stop
2024-04-23T03:02:07.917 INFO:teuthology.orchestra.run.smithi032.stdout:/usr/bin/ceph: stderr
2024-04-23T03:02:07.313+0000 7fd9a7e6a700 1 --2- 172.21.15.32:0/1864015068 >> [v2:172.21.15.32:3300/0,v1:172.21.15.32:6789/0] conn(0x7fd9a01054b0 0x7fd9a01981d0 unknown :-1 s=CLOSED pgs=54 cs=0 l=1 rev1=1 crypto rx=0 tx=0 comp rx=0 tx=0).stop
2024-04-23T03:02:07.917 INFO:teuthology.orchestra.run.smithi032.stdout:/usr/bin/ceph: stderr
2024-04-23T03:02:07.313+0000 7fd9a7e6a700 1 -- 172.21.15.32:0/1864015068 >> 172.21.15.32:0/1864015068 conn(0x7fd9a0100a50 msgr2=0x7fd9a018e9d0 unknown :-1 s=STATE_NONE l=0).mark_down
2024-04-23T03:02:07.917 INFO:teuthology.orchestra.run.smithi032.stdout:/usr/bin/ceph: stderr
2024-04-23T03:02:07.313+0000 7fd9a7e6a700 1 -- 172.21.15.32:0/1864015068 shutdown_connections
2024-04-23T03:02:07.917 INFO:teuthology.orchestra.run.smithi032.stdout:/usr/bin/ceph: stderr
2024-04-23T03:02:07.313+0000 7fd9a7e6a700 1 -- 172.21.15.32:0/1864015068 wait complete.
2024-04-23T03:02:07.917 INFO:teuthology.orchestra.run.smithi032.stdout:Deploying grafana service with default placement...
2024-04-23T03:02:08.494 INFO:journalctl@ceph.mon.smithi032.smithi032.stdout:Apr 23 03:02:08 smithi032 ceph-mon[26942]: from='mgr.14118 172.21.15.32:0/1398296453' entity='mgr.smithi032.ecexiv'
2024-04-23T03:02:08.494 INFO:journalctl@ceph.mon.smithi032.smithi032.stdout:Apr 23 03:02:08 smithi032 ceph-mon[26942]: from='client.14148 -' entity='client.admin' cmd=[{"prefix": "orch apply", "service_type": "prometheus", "target": ["mon-mgr", ""]}]: dispatch
2024-04-23T03:02:08.494 INFO:journalctl@ceph.mon.smithi032.smithi032.stdout:Apr 23 03:02:08 smithi032 ceph-mon[26942]: Saving service prometheus spec with placement count:1
2024-04-23T03:02:08.494 INFO:journalctl@ceph.mon.smithi032.smithi032.stdout:Apr 23 03:02:08 smithi032 ceph-mon[26942]: from='mgr.14118 172.21.15.32:0/1398296453' entity='mgr.smithi032.ecexiv'
2024-04-23T03:02:09.623 INFO:teuthology.orchestra.run.smithi032.stdout:/usr/bin/ceph: stdout Scheduled grafana update...
2024-04-23T03:02:09.623 INFO:teuthology.orchestra.run.smithi032.stdout:/usr/bin/ceph: stderr
2024-04-23T03:02:08.343+0000 7ff92acf6700 1 Processor -- start
2024-04-23T03:02:09.623 INFO:teuthology.orchestra.run.smithi032.stdout:/usr/bin/ceph: stderr
2024-04-23T03:02:08.343+0000 7ff92acf6700 1 -- start start
2024-04-23T03:02:09.623 INFO:teuthology.orchestra.run.smithi032.stdout:/usr/bin/ceph: stderr
2024-04-23T03:02:08.343+0000 7ff92acf6700 1 --2- >> [v2:172.21.15.32:3300/0,v1:172.21.15.32:6789/0] conn(0x7ff924104ea0 0x7ff9241052c0 unknown :-1 s=NONE pgs=0 cs=0 l=0 rev1=0 crypto rx=0 tx=0 comp rx=0 tx=0).connect
2024-04-23T03:02:09.623 INFO:teuthology.orchestra.run.smithi032.stdout:/usr/bin/ceph: stderr
2024-04-23T03:02:08.343+0000 7ff92acf6700 1 -- --> [v2:172.21.15.32:3300/0,v1:172.21.15.32:6789/0] -- mon_getmap magic: 0 v1 -- 0x7ff924079e70 con 0x7ff924104ea0
2024-04-23T03:02:09.624 INFO:teuthology.orchestra.run.smithi032.stdout:/usr/bin/ceph: stderr
2024-04-23T03:02:08.343+0000 7ff928a92700 1 --2- >> [v2:172.21.15.32:3300/0,v1:172.21.15.32:6789/0] conn(0x7ff924104ea0 0x7ff9241052c0 unknown :-1 s=BANNER_CONNECTING pgs=0 cs=0 l=0 rev1=0 crypto rx=0 tx=0 comp rx=0 tx=0)._handle_peer_banner_payload supported=3 required=0
2024-04-23T03:02:09.624 INFO:teuthology.orchestra.run.smithi032.stdout:/usr/bin/ceph: stderr
2024-04-23T03:02:08.343+0000 7ff928a92700 1 --2- >> [v2:172.21.15.32:3300/0,v1:172.21.15.32:6789/0] conn(0x7ff924104ea0 0x7ff9241052c0 unknown :-1 s=HELLO_CONNECTING pgs=0 cs=0 l=0 rev1=1 crypto rx=0 tx=0 comp rx=0 tx=0).handle_hello peer v2:172.21.15.32:3300/0 says I am v2:172.21.15.32:34430/0 (socket says 172.21.15.32:34430)
2024-04-23T03:02:09.624 INFO:teuthology.orchestra.run.smithi032.stdout:/usr/bin/ceph: stderr
2024-04-23T03:02:08.343+0000 7ff928a92700 1 -- 172.21.15.32:0/3399965915 learned_addr learned my addr 172.21.15.32:0/3399965915 (peer_addr_for_me v2:172.21.15.32:0/0)
2024-04-23T03:02:09.624 INFO:teuthology.orchestra.run.smithi032.stdout:/usr/bin/ceph: stderr
2024-04-23T03:02:08.344+0000 7ff928a92700 1 -- 172.21.15.32:0/3399965915 --> [v2:172.21.15.32:3300/0,v1:172.21.15.32:6789/0] -- mon_subscribe({config=0+,monmap=0+}) v3 -- 0x7ff924105800 con 0x7ff924104ea0
2024-04-23T03:02:09.624 INFO:teuthology.orchestra.run.smithi032.stdout:/usr/bin/ceph: stderr
2024-04-23T03:02:08.344+0000 7ff928a92700 1 --2- 172.21.15.32:0/3399965915 >> [v2:172.21.15.32:3300/0,v1:172.21.15.32:6789/0] conn(0x7ff924104ea0 0x7ff9241052c0 secure :-1 s=READY pgs=55 cs=0 l=1 rev1=1 crypto rx=0x7ff9180098a0 tx=0x7ff918009bb0 comp rx=0 tx=0).ready entity=mon.0 client_cookie=b81d56543baaba6 server_cookie=0 in_seq=0 out_seq=0
2024-04-23T03:02:09.624 INFO:teuthology.orchestra.run.smithi032.stdout:/usr/bin/ceph: stderr
2024-04-23T03:02:08.344+0000 7ff9237fe700 1 -- 172.21.15.32:0/3399965915 <== mon.0 v2:172.21.15.32:3300/0 1 ==== mon_map magic: 0 v1 ==== 229+0+0 (secure 0 0 0) 0x7ff918004180 con 0x7ff924104ea0
2024-04-23T03:02:09.624 INFO:teuthology.orchestra.run.smithi032.stdout:/usr/bin/ceph: stderr
2024-04-23T03:02:08.344+0000 7ff9237fe700 1 -- 172.21.15.32:0/3399965915 <== mon.0 v2:172.21.15.32:3300/0 2 ==== config(27 keys) v1 ==== 1109+0+0 (secure 0 0 0) 0x7ff9180042e0 con 0x7ff924104ea0
2024-04-23T03:02:09.624 INFO:teuthology.orchestra.run.smithi032.stdout:/usr/bin/ceph: stderr
2024-04-23T03:02:08.344+0000 7ff9237fe700 1 -- 172.21.15.32:0/3399965915 <== mon.0 v2:172.21.15.32:3300/0 3 ==== mon_map magic: 0 v1 ==== 229+0+0 (secure 0 0 0) 0x7ff918011b10 con 0x7ff924104ea0
2024-04-23T03:02:09.624 INFO:teuthology.orchestra.run.smithi032.stdout:/usr/bin/ceph: stderr
2024-04-23T03:02:08.344+0000 7ff92acf6700 1 -- 172.21.15.32:0/3399965915 >> [v2:172.21.15.32:3300/0,v1:172.21.15.32:6789/0] conn(0x7ff924104ea0 msgr2=0x7ff9241052c0 secure :-1 s=STATE_CONNECTION_ESTABLISHED l=1).mark_down
2024-04-23T03:02:09.624 INFO:teuthology.orchestra.run.smithi032.stdout:/usr/bin/ceph: stderr
2024-04-23T03:02:08.344+0000 7ff92acf6700 1 --2- 172.21.15.32:0/3399965915 >> [v2:172.21.15.32:3300/0,v1:172.21.15.32:6789/0] conn(0x7ff924104ea0 0x7ff9241052c0 secure :-1 s=READY pgs=55 cs=0 l=1 rev1=1 crypto rx=0x7ff9180098a0 tx=0x7ff918009bb0 comp rx=0 tx=0).stop
2024-04-23T03:02:09.624 INFO:teuthology.orchestra.run.smithi032.stdout:/usr/bin/ceph: stderr
2024-04-23T03:02:08.345+0000 7ff92acf6700 1 -- 172.21.15.32:0/3399965915 shutdown_connections
2024-04-23T03:02:09.624 INFO:teuthology.orchestra.run.smithi032.stdout:/usr/bin/ceph: stderr
2024-04-23T03:02:08.345+0000 7ff92acf6700 1 --2- 172.21.15.32:0/3399965915 >> [v2:172.21.15.32:3300/0,v1:172.21.15.32:6789/0] conn(0x7ff924104ea0 0x7ff9241052c0 unknown :-1 s=CLOSED pgs=55 cs=0 l=1 rev1=1 crypto rx=0 tx=0 comp rx=0 tx=0).stop
2024-04-23T03:02:09.624 INFO:teuthology.orchestra.run.smithi032.stdout:/usr/bin/ceph: stderr
2024-04-23T03:02:08.345+0000 7ff92acf6700 1 -- 172.21.15.32:0/3399965915 >> 172.21.15.32:0/3399965915 conn(0x7ff924100b00 msgr2=0x7ff924102f20 unknown :-1 s=STATE_NONE l=0).mark_down
2024-04-23T03:02:09.625 INFO:teuthology.orchestra.run.smithi032.stdout:/usr/bin/ceph: stderr
2024-04-23T03:02:08.345+0000 7ff92acf6700 1 -- 172.21.15.32:0/3399965915 shutdown_connections
2024-04-23T03:02:09.625 INFO:teuthology.orchestra.run.smithi032.stdout:/usr/bin/ceph: stderr
2024-04-23T03:02:08.345+0000 7ff92acf6700 1 -- 172.21.15.32:0/3399965915 wait complete.
2024-04-23T03:02:09.625 INFO:teuthology.orchestra.run.smithi032.stdout:/usr/bin/ceph: stderr
2024-04-23T03:02:08.345+0000 7ff92acf6700 1 Processor -- start
2024-04-23T03:02:09.625 INFO:teuthology.orchestra.run.smithi032.stdout:/usr/bin/ceph: stderr
2024-04-23T03:02:08.345+0000 7ff92acf6700 1 -- start start
2024-04-23T03:02:09.625 INFO:teuthology.orchestra.run.smithi032.stdout:/usr/bin/ceph: stderr
2024-04-23T03:02:08.345+0000 7ff92acf6700 1 --2- >> [v2:172.21.15.32:3300/0,v1:172.21.15.32:6789/0] conn(0x7ff924104ea0 0x7ff92419c4e0 unknown :-1 s=NONE pgs=0 cs=0 l=1 rev1=0 crypto rx=0 tx=0 comp rx=0 tx=0).connect
2024-04-23T03:02:09.625 INFO:teuthology.orchestra.run.smithi032.stdout:/usr/bin/ceph: stderr
2024-04-23T03:02:08.345+0000 7ff92acf6700 1 -- --> [v2:172.21.15.32:3300/0,v1:172.21.15.32:6789/0] -- mon_getmap magic: 0 v1 -- 0x7ff92419ca20 con 0x7ff924104ea0
2024-04-23T03:02:09.625 INFO:teuthology.orchestra.run.smithi032.stdout:/usr/bin/ceph: stderr
2024-04-23T03:02:08.345+0000 7ff928a92700 1 --2- >> [v2:172.21.15.32:3300/0,v1:172.21.15.32:6789/0] conn(0x7ff924104ea0 0x7ff92419c4e0 unknown :-1 s=BANNER_CONNECTING pgs=0 cs=0 l=1 rev1=0 crypto rx=0 tx=0 comp rx=0 tx=0)._handle_peer_banner_payload supported=3 required=0
2024-04-23T03:02:09.625 INFO:teuthology.orchestra.run.smithi032.stdout:/usr/bin/ceph: stderr
2024-04-23T03:02:08.345+0000 7ff928a92700 1 --2- >> [v2:172.21.15.32:3300/0,v1:172.21.15.32:6789/0] conn(0x7ff924104ea0 0x7ff92419c4e0 unknown :-1 s=HELLO_CONNECTING pgs=0 cs=0 l=1 rev1=1 crypto rx=0 tx=0 comp rx=0 tx=0).handle_hello peer v2:172.21.15.32:3300/0 says I am v2:172.21.15.32:34446/0 (socket says 172.21.15.32:34446)
2024-04-23T03:02:09.625 INFO:teuthology.orchestra.run.smithi032.stdout:/usr/bin/ceph: stderr
2024-04-23T03:02:08.346+0000 7ff928a92700 1 -- 172.21.15.32:0/4229788047 learned_addr learned my addr 172.21.15.32:0/4229788047 (peer_addr_for_me v2:172.21.15.32:0/0)
2024-04-23T03:02:09.625 INFO:teuthology.orchestra.run.smithi032.stdout:/usr/bin/ceph: stderr
2024-04-23T03:02:08.346+0000 7ff928a92700 1 -- 172.21.15.32:0/4229788047 --> [v2:172.21.15.32:3300/0,v1:172.21.15.32:6789/0] -- mon_subscribe({config=0+,monmap=0+}) v3 -- 0x7ff918009550 con 0x7ff924104ea0
2024-04-23T03:02:09.625 INFO:teuthology.orchestra.run.smithi032.stdout:/usr/bin/ceph: stderr
2024-04-23T03:02:08.346+0000 7ff928a92700 1 --2- 172.21.15.32:0/4229788047 >> [v2:172.21.15.32:3300/0,v1:172.21.15.32:6789/0] conn(0x7ff924104ea0 0x7ff92419c4e0 secure :-1 s=READY pgs=56 cs=0 l=1 rev1=1 crypto rx=0x7ff9180117b0 tx=0x7ff918011890 comp rx=0 tx=0).ready entity=mon.0 client_cookie=0 server_cookie=0 in_seq=0 out_seq=0
2024-04-23T03:02:09.625 INFO:teuthology.orchestra.run.smithi032.stdout:/usr/bin/ceph: stderr
2024-04-23T03:02:08.346+0000 7ff921ffb700 1 -- 172.21.15.32:0/4229788047 <== mon.0 v2:172.21.15.32:3300/0 1 ==== mon_map magic: 0 v1 ==== 229+0+0 (secure 0 0 0) 0x7ff9180038b0 con 0x7ff924104ea0
2024-04-23T03:02:09.625 INFO:teuthology.orchestra.run.smithi032.stdout:/usr/bin/ceph: stderr
2024-04-23T03:02:08.346+0000 7ff921ffb700 1 -- 172.21.15.32:0/4229788047 <== mon.0 v2:172.21.15.32:3300/0 2 ==== config(27 keys) v1 ==== 1109+0+0 (secure 0 0 0) 0x7ff918003a10 con 0x7ff924104ea0
2024-04-23T03:02:09.625 INFO:teuthology.orchestra.run.smithi032.stdout:/usr/bin/ceph: stderr
2024-04-23T03:02:08.346+0000 7ff92acf6700 1 -- 172.21.15.32:0/4229788047 --> [v2:172.21.15.32:3300/0,v1:172.21.15.32:6789/0] -- mon_subscribe({mgrmap=0+}) v3 -- 0x7ff92419cc20 con 0x7ff924104ea0
2024-04-23T03:02:09.626 INFO:teuthology.orchestra.run.smithi032.stdout:/usr/bin/ceph: stderr
2024-04-23T03:02:08.346+0000 7ff921ffb700 1 -- 172.21.15.32:0/4229788047 <== mon.0 v2:172.21.15.32:3300/0 3 ==== mon_map magic: 0 v1 ==== 229+0+0 (secure 0 0 0) 0x7ff918024780 con 0x7ff924104ea0
2024-04-23T03:02:09.626 INFO:teuthology.orchestra.run.smithi032.stdout:/usr/bin/ceph: stderr
2024-04-23T03:02:08.346+0000 7ff92acf6700 1 -- 172.21.15.32:0/4229788047 --> [v2:172.21.15.32:3300/0,v1:172.21.15.32:6789/0] -- mon_subscribe({osdmap=0}) v3 -- 0x7ff92419d0c0 con 0x7ff924104ea0
2024-04-23T03:02:09.626 INFO:teuthology.orchestra.run.smithi032.stdout:/usr/bin/ceph: stderr
2024-04-23T03:02:08.347+0000 7ff921ffb700 1 -- 172.21.15.32:0/4229788047 <== mon.0 v2:172.21.15.32:3300/0 4 ==== mgrmap(e 8) v1 ==== 45556+0+0 (secure 0 0 0) 0x7ff91801a430 con 0x7ff924104ea0
2024-04-23T03:02:09.626 INFO:teuthology.orchestra.run.smithi032.stdout:/usr/bin/ceph: stderr
2024-04-23T03:02:08.347+0000 7ff92acf6700 1 -- 172.21.15.32:0/4229788047 --> [v2:172.21.15.32:3300/0,v1:172.21.15.32:6789/0] -- mon_command({"prefix": "get_command_descriptions"} v 0) v1 -- 0x7ff924196170 con 0x7ff924104ea0
2024-04-23T03:02:09.626 INFO:teuthology.orchestra.run.smithi032.stdout:/usr/bin/ceph: stderr
2024-04-23T03:02:08.347+0000 7ff921ffb700 1 --2- 172.21.15.32:0/4229788047 >> [v2:172.21.15.32:6800/1919487097,v1:172.21.15.32:6801/1919487097] conn(0x7ff914038770 0x7ff91403ac30 unknown :-1 s=NONE pgs=0 cs=0 l=1 rev1=0 crypto rx=0 tx=0 comp rx=0 tx=0).connect
2024-04-23T03:02:09.626 INFO:teuthology.orchestra.run.smithi032.stdout:/usr/bin/ceph: stderr
2024-04-23T03:02:08.347+0000 7ff921ffb700 1 -- 172.21.15.32:0/4229788047 <== mon.0 v2:172.21.15.32:3300/0 5 ==== osd_map(2..2 src has 1..2) v4 ==== 940+0+0 (secure 0 0 0) 0x7ff91804c840 con 0x7ff924104ea0
2024-04-23T03:02:09.626 INFO:teuthology.orchestra.run.smithi032.stdout:/usr/bin/ceph: stderr
2024-04-23T03:02:08.347+0000 7ff923fff700 1 --2- 172.21.15.32:0/4229788047 >> [v2:172.21.15.32:6800/1919487097,v1:172.21.15.32:6801/1919487097] conn(0x7ff914038770 0x7ff91403ac30 unknown :-1 s=BANNER_CONNECTING pgs=0 cs=0 l=1 rev1=0 crypto rx=0 tx=0 comp rx=0 tx=0)._handle_peer_banner_payload supported=3 required=0
2024-04-23T03:02:09.626 INFO:teuthology.orchestra.run.smithi032.stdout:/usr/bin/ceph: stderr
2024-04-23T03:02:08.348+0000 7ff923fff700 1 --2- 172.21.15.32:0/4229788047 >> [v2:172.21.15.32:6800/1919487097,v1:172.21.15.32:6801/1919487097] conn(0x7ff914038770 0x7ff91403ac30 secure :-1 s=READY pgs=17 cs=0 l=1 rev1=1 crypto rx=0x7ff910006fd0 tx=0x7ff910006e40 comp rx=0 tx=0).ready entity=mgr.14118 client_cookie=0 server_cookie=0 in_seq=0 out_seq=0
2024-04-23T03:02:09.626 INFO:teuthology.orchestra.run.smithi032.stdout:/usr/bin/ceph: stderr
2024-04-23T03:02:08.352+0000 7ff921ffb700 1 -- 172.21.15.32:0/4229788047 <== mon.0 v2:172.21.15.32:3300/0 6 ==== mon_command_ack([{"prefix": "get_command_descriptions"}]=0 v0) v1 ==== 72+0+183351 (secure 0 0 0) 0x7ff91801a6e0 con 0x7ff924104ea0
2024-04-23T03:02:09.626 INFO:teuthology.orchestra.run.smithi032.stdout:/usr/bin/ceph: stderr
2024-04-23T03:02:08.578+0000 7ff92acf6700 1 -- 172.21.15.32:0/4229788047 --> [v2:172.21.15.32:6800/1919487097,v1:172.21.15.32:6801/1919487097] -- mgr_command(tid 0: {"prefix": "orch apply", "service_type": "grafana", "target": ["mon-mgr", ""]}) v1 -- 0x7ff92402cfb0 con 0x7ff914038770
2024-04-23T03:02:09.626 INFO:teuthology.orchestra.run.smithi032.stdout:/usr/bin/ceph: stderr
2024-04-23T03:02:08.582+0000 7ff921ffb700 1 -- 172.21.15.32:0/4229788047 <== mgr.14118 v2:172.21.15.32:6800/1919487097 1 ==== mgr_command_reply(tid 0: 0 ) v1 ==== 8+0+28 (secure 0 0 0) 0x7ff92402cfb0 con 0x7ff914038770
2024-04-23T03:02:09.626 INFO:teuthology.orchestra.run.smithi032.stdout:/usr/bin/ceph: stderr
2024-04-23T03:02:08.585+0000 7ff92acf6700 1 -- 172.21.15.32:0/4229788047 >> [v2:172.21.15.32:6800/1919487097,v1:172.21.15.32:6801/1919487097] conn(0x7ff914038770 msgr2=0x7ff91403ac30 secure :-1 s=STATE_CONNECTION_ESTABLISHED l=1).mark_down
2024-04-23T03:02:09.627 INFO:teuthology.orchestra.run.smithi032.stdout:/usr/bin/ceph: stderr
2024-04-23T03:02:08.585+0000 7ff92acf6700 1 --2- 172.21.15.32:0/4229788047 >> [v2:172.21.15.32:6800/1919487097,v1:172.21.15.32:6801/1919487097] conn(0x7ff914038770 0x7ff91403ac30 secure :-1 s=READY pgs=17 cs=0 l=1 rev1=1 crypto rx=0x7ff910006fd0 tx=0x7ff910006e40 comp rx=0 tx=0).stop
2024-04-23T03:02:09.627 INFO:teuthology.orchestra.run.smithi032.stdout:/usr/bin/ceph: stderr
