2024-04-23T03:02:18.159 INFO:teuthology.orchestra.run.smithi032.stdout:/usr/bin/ceph: stderr
2024-04-23T03:02:17.604+0000 7f1070b5a700 1 -- 172.21.15.32:0/2005782677 >> 172.21.15.32:0/2005782677 conn(0x7f106c101b50 msgr2=0x7f106c102720 unknown :-1 s=STATE_NONE l=0).mark_down
2024-04-23T03:02:18.159 INFO:teuthology.orchestra.run.smithi032.stdout:/usr/bin/ceph: stderr
2024-04-23T03:02:17.604+0000 7f1070b5a700 1 -- 172.21.15.32:0/2005782677 shutdown_connections
2024-04-23T03:02:18.159 INFO:teuthology.orchestra.run.smithi032.stdout:/usr/bin/ceph: stderr
2024-04-23T03:02:17.604+0000 7f1070b5a700 1 -- 172.21.15.32:0/2005782677 wait complete.
2024-04-23T03:02:18.159 INFO:teuthology.orchestra.run.smithi032.stdout:Waiting for the mgr to restart...
2024-04-23T03:02:18.159 INFO:teuthology.orchestra.run.smithi032.stdout:Waiting for mgr epoch 9...
2024-04-23T03:02:18.507 INFO:journalctl@ceph.mon.smithi032.smithi032.stdout:Apr 23 03:02:18 smithi032 ceph-mon[26942]: from='client.? 172.21.15.32:0/2005782677' entity='client.admin' cmd=[{"prefix": "mgr stat"}]: dispatch
2024-04-23T03:02:23.744 INFO:journalctl@ceph.mon.smithi032.smithi032.stdout:Apr 23 03:02:23 smithi032 ceph-mon[26942]: Active manager daemon smithi032.ecexiv restarted
2024-04-23T03:02:23.744 INFO:journalctl@ceph.mon.smithi032.smithi032.stdout:Apr 23 03:02:23 smithi032 ceph-mon[26942]: Activating manager daemon smithi032.ecexiv
2024-04-23T03:02:23.744 INFO:journalctl@ceph.mon.smithi032.smithi032.stdout:Apr 23 03:02:23 smithi032 ceph-mon[26942]: osdmap e3: 0 total, 0 up, 0 in
2024-04-23T03:02:23.744 INFO:journalctl@ceph.mon.smithi032.smithi032.stdout:Apr 23 03:02:23 smithi032 ceph-mon[26942]: mgrmap e10: smithi032.ecexiv(active, starting, since 0.00331283s)
2024-04-23T03:02:23.744 INFO:journalctl@ceph.mon.smithi032.smithi032.stdout:Apr 23 03:02:23 smithi032 ceph-mon[26942]: from='mgr.14162 172.21.15.32:0/1622918672' entity='mgr.smithi032.ecexiv' cmd=[{"prefix": "mon metadata", "id": "smithi032"}]: dispatch
2024-04-23T03:02:23.744 INFO:journalctl@ceph.mon.smithi032.smithi032.stdout:Apr 23 03:02:23 smithi032 ceph-mon[26942]: from='mgr.14162 172.21.15.32:0/1622918672' entity='mgr.smithi032.ecexiv' cmd=[{"prefix": "mgr metadata", "who": "smithi032.ecexiv", "id": "smithi032.ecexiv"}]: dispatch
2024-04-23T03:02:23.745 INFO:journalctl@ceph.mon.smithi032.smithi032.stdout:Apr 23 03:02:23 smithi032 ceph-mon[26942]: from='mgr.14162 172.21.15.32:0/1622918672' entity='mgr.smithi032.ecexiv' cmd=[{"prefix": "mds metadata"}]: dispatch
2024-04-23T03:02:23.745 INFO:journalctl@ceph.mon.smithi032.smithi032.stdout:Apr 23 03:02:23 smithi032 ceph-mon[26942]: from='mgr.14162 172.21.15.32:0/1622918672' entity='mgr.smithi032.ecexiv' cmd=[{"prefix": "osd metadata"}]: dispatch
2024-04-23T03:02:23.745 INFO:journalctl@ceph.mon.smithi032.smithi032.stdout:Apr 23 03:02:23 smithi032 ceph-mon[26942]: from='mgr.14162 172.21.15.32:0/1622918672' entity='mgr.smithi032.ecexiv' cmd=[{"prefix": "mon metadata"}]: dispatch
2024-04-23T03:02:23.745 INFO:journalctl@ceph.mon.smithi032.smithi032.stdout:Apr 23 03:02:23 smithi032 ceph-mon[26942]: Manager daemon smithi032.ecexiv is now available
2024-04-23T03:02:23.745 INFO:journalctl@ceph.mon.smithi032.smithi032.stdout:Apr 23 03:02:23 smithi032 ceph-mon[26942]: from='mgr.14162 172.21.15.32:0/1622918672' entity='mgr.smithi032.ecexiv' cmd=[{"prefix": "config dump", "format": "json"}]: dispatch
2024-04-23T03:02:23.745 INFO:journalctl@ceph.mon.smithi032.smithi032.stdout:Apr 23 03:02:23 smithi032 ceph-mon[26942]: from='mgr.14162 172.21.15.32:0/1622918672' entity='mgr.smithi032.ecexiv' cmd=[{"prefix":"config rm","who":"mgr","name":"mgr/rbd_support/smithi032.ecexiv/mirror_snapshot_schedule"}]: dispatch
2024-04-23T03:02:24.744 INFO:journalctl@ceph.mon.smithi032.smithi032.stdout:Apr 23 03:02:24 smithi032 ceph-mon[26942]: from='mgr.14162 172.21.15.32:0/1622918672' entity='mgr.smithi032.ecexiv' cmd=[{"prefix":"config rm","who":"mgr","name":"mgr/rbd_support/smithi032.ecexiv/trash_purge_schedule"}]: dispatch
2024-04-23T03:02:24.744 INFO:journalctl@ceph.mon.smithi032.smithi032.stdout:Apr 23 03:02:24 smithi032 ceph-mon[26942]: mgrmap e11: smithi032.ecexiv(active, since 1.0057s)
2024-04-23T03:02:25.042 INFO:teuthology.orchestra.run.smithi032.stdout:/usr/bin/ceph: stdout {
2024-04-23T03:02:25.042 INFO:teuthology.orchestra.run.smithi032.stdout:/usr/bin/ceph: stdout "mgrmap_epoch": 11,
2024-04-23T03:02:25.042 INFO:teuthology.orchestra.run.smithi032.stdout:/usr/bin/ceph: stdout "initialized": true
2024-04-23T03:02:25.042 INFO:teuthology.orchestra.run.smithi032.stdout:/usr/bin/ceph: stdout }
2024-04-23T03:02:25.042 INFO:teuthology.orchestra.run.smithi032.stdout:/usr/bin/ceph: stderr
2024-04-23T03:02:18.608+0000 7fc7cce49700 1 Processor -- start
2024-04-23T03:02:25.042 INFO:teuthology.orchestra.run.smithi032.stdout:/usr/bin/ceph: stderr
2024-04-23T03:02:18.608+0000 7fc7cce49700 1 -- start start
2024-04-23T03:02:25.042 INFO:teuthology.orchestra.run.smithi032.stdout:/usr/bin/ceph: stderr
2024-04-23T03:02:18.608+0000 7fc7cce49700 1 --2- >> [v2:172.21.15.32:3300/0,v1:172.21.15.32:6789/0] conn(0x7fc7c8107050 0x7fc7c8109440 unknown :-1 s=NONE pgs=0 cs=0 l=0 rev1=0 crypto rx=0 tx=0 comp rx=0 tx=0).connect
2024-04-23T03:02:25.042 INFO:teuthology.orchestra.run.smithi032.stdout:/usr/bin/ceph: stderr
2024-04-23T03:02:18.608+0000 7fc7cce49700 1 -- --> [v2:172.21.15.32:3300/0,v1:172.21.15.32:6789/0] -- mon_getmap magic: 0 v1 -- 0x7fc7c8079e90 con 0x7fc7c8107050
2024-04-23T03:02:25.042 INFO:teuthology.orchestra.run.smithi032.stdout:/usr/bin/ceph: stderr
2024-04-23T03:02:18.609+0000 7fc7c659c700 1 --2- >> [v2:172.21.15.32:3300/0,v1:172.21.15.32:6789/0] conn(0x7fc7c8107050 0x7fc7c8109440 unknown :-1 s=BANNER_CONNECTING pgs=0 cs=0 l=0 rev1=0 crypto rx=0 tx=0 comp rx=0 tx=0)._handle_peer_banner_payload supported=3 required=0
2024-04-23T03:02:25.043 INFO:teuthology.orchestra.run.smithi032.stdout:/usr/bin/ceph: stderr
2024-04-23T03:02:18.609+0000 7fc7c659c700 1 --2- >> [v2:172.21.15.32:3300/0,v1:172.21.15.32:6789/0] conn(0x7fc7c8107050 0x7fc7c8109440 unknown :-1 s=HELLO_CONNECTING pgs=0 cs=0 l=0 rev1=1 crypto rx=0 tx=0 comp rx=0 tx=0).handle_hello peer v2:172.21.15.32:3300/0 says I am v2:172.21.15.32:47128/0 (socket says 172.21.15.32:47128)
2024-04-23T03:02:25.043 INFO:teuthology.orchestra.run.smithi032.stdout:/usr/bin/ceph: stderr
2024-04-23T03:02:18.609+0000 7fc7c659c700 1 -- 172.21.15.32:0/3440682108 learned_addr learned my addr 172.21.15.32:0/3440682108 (peer_addr_for_me v2:172.21.15.32:0/0)
2024-04-23T03:02:25.043 INFO:teuthology.orchestra.run.smithi032.stdout:/usr/bin/ceph: stderr
2024-04-23T03:02:18.609+0000 7fc7c659c700 1 -- 172.21.15.32:0/3440682108 --> [v2:172.21.15.32:3300/0,v1:172.21.15.32:6789/0] -- mon_subscribe({config=0+,monmap=0+}) v3 -- 0x7fc7c8109980 con 0x7fc7c8107050
2024-04-23T03:02:25.043 INFO:teuthology.orchestra.run.smithi032.stdout:/usr/bin/ceph: stderr
2024-04-23T03:02:18.609+0000 7fc7c659c700 1 --2- 172.21.15.32:0/3440682108 >> [v2:172.21.15.32:3300/0,v1:172.21.15.32:6789/0] conn(0x7fc7c8107050 0x7fc7c8109440 secure :-1 s=READY pgs=71 cs=0 l=1 rev1=1 crypto rx=0x7fc7b80098a0 tx=0x7fc7b8009bb0 comp rx=0 tx=0).ready entity=mon.0 client_cookie=5fa96dcb5a2a480c server_cookie=0 in_seq=0 out_seq=0
2024-04-23T03:02:25.043 INFO:teuthology.orchestra.run.smithi032.stdout:/usr/bin/ceph: stderr
2024-04-23T03:02:18.609+0000 7fc7c559a700 1 -- 172.21.15.32:0/3440682108 <== mon.0 v2:172.21.15.32:3300/0 1 ==== mon_map magic: 0 v1 ==== 229+0+0 (secure 0 0 0) 0x7fc7b8004180 con 0x7fc7c8107050
2024-04-23T03:02:25.043 INFO:teuthology.orchestra.run.smithi032.stdout:/usr/bin/ceph: stderr
2024-04-23T03:02:18.609+0000 7fc7c559a700 1 -- 172.21.15.32:0/3440682108 <== mon.0 v2:172.21.15.32:3300/0 2 ==== config(27 keys) v1 ==== 1109+0+0 (secure 0 0 0) 0x7fc7b80042e0 con 0x7fc7c8107050
2024-04-23T03:02:25.043 INFO:teuthology.orchestra.run.smithi032.stdout:/usr/bin/ceph: stderr
2024-04-23T03:02:18.609+0000 7fc7c559a700 1 -- 172.21.15.32:0/3440682108 <== mon.0 v2:172.21.15.32:3300/0 3 ==== mon_map magic: 0 v1 ==== 229+0+0 (secure 0 0 0) 0x7fc7b8011b10 con 0x7fc7c8107050
2024-04-23T03:02:25.043 INFO:teuthology.orchestra.run.smithi032.stdout:/usr/bin/ceph: stderr
2024-04-23T03:02:18.610+0000 7fc7cce49700 1 -- 172.21.15.32:0/3440682108 >> [v2:172.21.15.32:3300/0,v1:172.21.15.32:6789/0] conn(0x7fc7c8107050 msgr2=0x7fc7c8109440 secure :-1 s=STATE_CONNECTION_ESTABLISHED l=1).mark_down
2024-04-23T03:02:25.043 INFO:teuthology.orchestra.run.smithi032.stdout:/usr/bin/ceph: stderr
2024-04-23T03:02:18.610+0000 7fc7cce49700 1 --2- 172.21.15.32:0/3440682108 >> [v2:172.21.15.32:3300/0,v1:172.21.15.32:6789/0] conn(0x7fc7c8107050 0x7fc7c8109440 secure :-1 s=READY pgs=71 cs=0 l=1 rev1=1 crypto rx=0x7fc7b80098a0 tx=0x7fc7b8009bb0 comp rx=0 tx=0).stop
2024-04-23T03:02:25.043 INFO:teuthology.orchestra.run.smithi032.stdout:/usr/bin/ceph: stderr
2024-04-23T03:02:18.610+0000 7fc7cce49700 1 -- 172.21.15.32:0/3440682108 shutdown_connections
2024-04-23T03:02:25.043 INFO:teuthology.orchestra.run.smithi032.stdout:/usr/bin/ceph: stderr
2024-04-23T03:02:18.610+0000 7fc7cce49700 1 --2- 172.21.15.32:0/3440682108 >> [v2:172.21.15.32:3300/0,v1:172.21.15.32:6789/0] conn(0x7fc7c8107050 0x7fc7c8109440 unknown :-1 s=CLOSED pgs=71 cs=0 l=1 rev1=1 crypto rx=0 tx=0 comp rx=0 tx=0).stop
2024-04-23T03:02:25.043 INFO:teuthology.orchestra.run.smithi032.stdout:/usr/bin/ceph: stderr
2024-04-23T03:02:18.610+0000 7fc7cce49700 1 -- 172.21.15.32:0/3440682108 >> 172.21.15.32:0/3440682108 conn(0x7fc7c8100aa0 msgr2=0x7fc7c8102ec0 unknown :-1 s=STATE_NONE l=0).mark_down
2024-04-23T03:02:25.043 INFO:teuthology.orchestra.run.smithi032.stdout:/usr/bin/ceph: stderr
2024-04-23T03:02:18.610+0000 7fc7cce49700 1 -- 172.21.15.32:0/3440682108 shutdown_connections
2024-04-23T03:02:25.043 INFO:teuthology.orchestra.run.smithi032.stdout:/usr/bin/ceph: stderr
2024-04-23T03:02:18.610+0000 7fc7cce49700 1 -- 172.21.15.32:0/3440682108 wait complete.
2024-04-23T03:02:25.044 INFO:teuthology.orchestra.run.smithi032.stdout:/usr/bin/ceph: stderr
2024-04-23T03:02:18.611+0000 7fc7cce49700 1 Processor -- start
2024-04-23T03:02:25.044 INFO:teuthology.orchestra.run.smithi032.stdout:/usr/bin/ceph: stderr
2024-04-23T03:02:18.611+0000 7fc7cce49700 1 -- start start
2024-04-23T03:02:25.044 INFO:teuthology.orchestra.run.smithi032.stdout:/usr/bin/ceph: stderr
2024-04-23T03:02:18.611+0000 7fc7cce49700 1 --2- >> [v2:172.21.15.32:3300/0,v1:172.21.15.32:6789/0] conn(0x7fc7c8107050 0x7fc7c8106880 unknown :-1 s=NONE pgs=0 cs=0 l=1 rev1=0 crypto rx=0 tx=0 comp rx=0 tx=0).connect
2024-04-23T03:02:25.044 INFO:teuthology.orchestra.run.smithi032.stdout:/usr/bin/ceph: stderr
2024-04-23T03:02:18.611+0000 7fc7cce49700 1 -- --> [v2:172.21.15.32:3300/0,v1:172.21.15.32:6789/0] -- mon_getmap magic: 0 v1 -- 0x7fc7c8106dc0 con 0x7fc7c8107050
2024-04-23T03:02:25.044 INFO:teuthology.orchestra.run.smithi032.stdout:/usr/bin/ceph: stderr
2024-04-23T03:02:18.611+0000 7fc7c659c700 1 --2- >> [v2:172.21.15.32:3300/0,v1:172.21.15.32:6789/0] conn(0x7fc7c8107050 0x7fc7c8106880 unknown :-1 s=BANNER_CONNECTING pgs=0 cs=0 l=1 rev1=0 crypto rx=0 tx=0 comp rx=0 tx=0)._handle_peer_banner_payload supported=3 required=0
2024-04-23T03:02:25.044 INFO:teuthology.orchestra.run.smithi032.stdout:/usr/bin/ceph: stderr
2024-04-23T03:02:18.611+0000 7fc7c659c700 1 --2- >> [v2:172.21.15.32:3300/0,v1:172.21.15.32:6789/0] conn(0x7fc7c8107050 0x7fc7c8106880 unknown :-1 s=HELLO_CONNECTING pgs=0 cs=0 l=1 rev1=1 crypto rx=0 tx=0 comp rx=0 tx=0).handle_hello peer v2:172.21.15.32:3300/0 says I am v2:172.21.15.32:47130/0 (socket says 172.21.15.32:47130)
2024-04-23T03:02:25.044 INFO:teuthology.orchestra.run.smithi032.stdout:/usr/bin/ceph: stderr
2024-04-23T03:02:18.611+0000 7fc7c659c700 1 -- 172.21.15.32:0/1495380818 learned_addr learned my addr 172.21.15.32:0/1495380818 (peer_addr_for_me v2:172.21.15.32:0/0)
2024-04-23T03:02:25.044 INFO:teuthology.orchestra.run.smithi032.stdout:/usr/bin/ceph: stderr
2024-04-23T03:02:18.612+0000 7fc7c659c700 1 -- 172.21.15.32:0/1495380818 --> [v2:172.21.15.32:3300/0,v1:172.21.15.32:6789/0] -- mon_subscribe({config=0+,monmap=0+}) v3 -- 0x7fc7b8009550 con 0x7fc7c8107050
2024-04-23T03:02:25.044 INFO:teuthology.orchestra.run.smithi032.stdout:/usr/bin/ceph: stderr
2024-04-23T03:02:18.612+0000 7fc7c659c700 1 --2- 172.21.15.32:0/1495380818 >> [v2:172.21.15.32:3300/0,v1:172.21.15.32:6789/0] conn(0x7fc7c8107050 0x7fc7c8106880 secure :-1 s=READY pgs=72 cs=0 l=1 rev1=1 crypto rx=0x7fc7b80117b0 tx=0x7fc7b8011890 comp rx=0 tx=0).ready entity=mon.0 client_cookie=0 server_cookie=0 in_seq=0 out_seq=0
2024-04-23T03:02:25.044 INFO:teuthology.orchestra.run.smithi032.stdout:/usr/bin/ceph: stderr
2024-04-23T03:02:18.612+0000 7fc7b77fe700 1 -- 172.21.15.32:0/1495380818 <== mon.0 v2:172.21.15.32:3300/0 1 ==== mon_map magic: 0 v1 ==== 229+0+0 (secure 0 0 0) 0x7fc7b80038b0 con 0x7fc7c8107050
2024-04-23T03:02:25.044 INFO:teuthology.orchestra.run.smithi032.stdout:/usr/bin/ceph: stderr
2024-04-23T03:02:18.612+0000 7fc7b77fe700 1 -- 172.21.15.32:0/1495380818 <== mon.0 v2:172.21.15.32:3300/0 2 ==== config(27 keys) v1 ==== 1109+0+0 (secure 0 0 0) 0x7fc7b8003a10 con 0x7fc7c8107050
2024-04-23T03:02:25.044 INFO:teuthology.orchestra.run.smithi032.stdout:/usr/bin/ceph: stderr
2024-04-23T03:02:18.612+0000 7fc7cce49700 1 -- 172.21.15.32:0/1495380818 --> [v2:172.21.15.32:3300/0,v1:172.21.15.32:6789/0] -- mon_subscribe({mgrmap=0+}) v3 -- 0x7fc7c8105000 con 0x7fc7c8107050
2024-04-23T03:02:25.044 INFO:teuthology.orchestra.run.smithi032.stdout:/usr/bin/ceph: stderr
2024-04-23T03:02:18.612+0000 7fc7b77fe700 1 -- 172.21.15.32:0/1495380818 <== mon.0 v2:172.21.15.32:3300/0 3 ==== mon_map magic: 0 v1 ==== 229+0+0 (secure 0 0 0) 0x7fc7b8024780 con 0x7fc7c8107050
2024-04-23T03:02:25.044 INFO:teuthology.orchestra.run.smithi032.stdout:/usr/bin/ceph: stderr
2024-04-23T03:02:18.612+0000 7fc7cce49700 1 -- 172.21.15.32:0/1495380818 --> [v2:172.21.15.32:3300/0,v1:172.21.15.32:6789/0] -- mon_subscribe({osdmap=0}) v3 -- 0x7fc7c81054a0 con 0x7fc7c8107050
2024-04-23T03:02:25.044 INFO:teuthology.orchestra.run.smithi032.stdout:/usr/bin/ceph: stderr
2024-04-23T03:02:18.613+0000 7fc7b77fe700 1 -- 172.21.15.32:0/1495380818 <== mon.0 v2:172.21.15.32:3300/0 4 ==== mgrmap(e 9) v1 ==== 45569+0+0 (secure 0 0 0) 0x7fc7b80248e0 con 0x7fc7c8107050
2024-04-23T03:02:25.044 INFO:teuthology.orchestra.run.smithi032.stdout:/usr/bin/ceph: stderr
2024-04-23T03:02:18.613+0000 7fc7b77fe700 1 --2- 172.21.15.32:0/1495380818 >> [v2:172.21.15.32:6800/1919487097,v1:172.21.15.32:6801/1919487097] conn(0x7fc7b0038770 0x7fc7b003ac30 unknown :-1 s=NONE pgs=0 cs=0 l=1 rev1=0 crypto rx=0 tx=0 comp rx=0 tx=0).connect
2024-04-23T03:02:25.045 INFO:teuthology.orchestra.run.smithi032.stdout:/usr/bin/ceph: stderr
2024-04-23T03:02:18.613+0000 7fc7b77fe700 1 -- 172.21.15.32:0/1495380818 --> [v2:172.21.15.32:6800/1919487097,v1:172.21.15.32:6801/1919487097] -- command(tid 0: {"prefix": "get_command_descriptions"}) v1 -- 0x7fc7b003b340 con 0x7fc7b0038770
2024-04-23T03:02:25.045 INFO:teuthology.orchestra.run.smithi032.stdout:/usr/bin/ceph: stderr
2024-04-23T03:02:18.613+0000 7fc7c5d9b700 1 -- 172.21.15.32:0/1495380818 >> [v2:172.21.15.32:6800/1919487097,v1:172.21.15.32:6801/1919487097] conn(0x7fc7b0038770 msgr2=0x7fc7b003ac30 unknown :-1 s=STATE_CONNECTING_RE l=1).process reconnect failed to v2:172.21.15.32:6800/1919487097
2024-04-23T03:02:25.045 INFO:teuthology.orchestra.run.smithi032.stdout:/usr/bin/ceph: stderr
2024-04-23T03:02:18.613+0000 7fc7b77fe700 1 -- 172.21.15.32:0/1495380818 <== mon.0 v2:172.21.15.32:3300/0 5 ==== osd_map(2..2 src has 1..2) v4 ==== 940+0+0 (secure 0 0 0) 0x7fc7b804c810 con 0x7fc7c8107050
2024-04-23T03:02:25.045 INFO:teuthology.orchestra.run.smithi032.stdout:/usr/bin/ceph: stderr
2024-04-23T03:02:18.613+0000 7fc7c5d9b700 1 --2- 172.21.15.32:0/1495380818 >> [v2:172.21.15.32:6800/1919487097,v1:172.21.15.32:6801/1919487097] conn(0x7fc7b0038770 0x7fc7b003ac30 unknown :-1 s=START_CONNECT pgs=0 cs=0 l=1 rev1=0 crypto rx=0 tx=0 comp rx=0 tx=0)._fault waiting 0.200000
2024-04-23T03:02:25.045 INFO:teuthology.orchestra.run.smithi032.stdout:/usr/bin/ceph: stderr
2024-04-23T03:02:18.814+0000 7fc7c5d9b700 1 -- 172.21.15.32:0/1495380818 >> [v2:172.21.15.32:6800/1919487097,v1:172.21.15.32:6801/1919487097] conn(0x7fc7b0038770 msgr2=0x7fc7b003ac30 unknown :-1 s=STATE_CONNECTING_RE l=1).process reconnect failed to v2:172.21.15.32:6800/1919487097
2024-04-23T03:02:25.045 INFO:teuthology.orchestra.run.smithi032.stdout:/usr/bin/ceph: stderr
2024-04-23T03:02:18.814+0000 7fc7c5d9b700 1 --2- 172.21.15.32:0/1495380818 >> [v2:172.21.15.32:6800/1919487097,v1:172.21.15.32:6801/1919487097] conn(0x7fc7b0038770 0x7fc7b003ac30 unknown :-1 s=START_CONNECT pgs=0 cs=0 l=1 rev1=0 crypto rx=0 tx=0 comp rx=0 tx=0)._fault waiting 0.400000
2024-04-23T03:02:25.045 INFO:teuthology.orchestra.run.smithi032.stdout:/usr/bin/ceph: stderr
2024-04-23T03:02:19.215+0000 7fc7c5d9b700 1 -- 172.21.15.32:0/1495380818 >> [v2:172.21.15.32:6800/1919487097,v1:172.21.15.32:6801/1919487097] conn(0x7fc7b0038770 msgr2=0x7fc7b003ac30 unknown :-1 s=STATE_CONNECTING_RE l=1).process reconnect failed to v2:172.21.15.32:6800/1919487097
2024-04-23T03:02:25.045 INFO:teuthology.orchestra.run.smithi032.stdout:/usr/bin/ceph: stderr
2024-04-23T03:02:19.215+0000 7fc7c5d9b700 1 --2- 172.21.15.32:0/1495380818 >> [v2:172.21.15.32:6800/1919487097,v1:172.21.15.32:6801/1919487097] conn(0x7fc7b0038770 0x7fc7b003ac30 unknown :-1 s=START_CONNECT pgs=0 cs=0 l=1 rev1=0 crypto rx=0 tx=0 comp rx=0 tx=0)._fault waiting 0.800000
2024-04-23T03:02:25.045 INFO:teuthology.orchestra.run.smithi032.stdout:/usr/bin/ceph: stderr
2024-04-23T03:02:20.016+0000 7fc7c5d9b700 1 -- 172.21.15.32:0/1495380818 >> [v2:172.21.15.32:6800/1919487097,v1:172.21.15.32:6801/1919487097] conn(0x7fc7b0038770 msgr2=0x7fc7b003ac30 unknown :-1 s=STATE_CONNECTING_RE l=1).process reconnect failed to v2:172.21.15.32:6800/1919487097
2024-04-23T03:02:25.045 INFO:teuthology.orchestra.run.smithi032.stdout:/usr/bin/ceph: stderr
2024-04-23T03:02:20.016+0000 7fc7c5d9b700 1 --2- 172.21.15.32:0/1495380818 >> [v2:172.21.15.32:6800/1919487097,v1:172.21.15.32:6801/1919487097] conn(0x7fc7b0038770 0x7fc7b003ac30 unknown :-1 s=START_CONNECT pgs=0 cs=0 l=1 rev1=0 crypto rx=0 tx=0 comp rx=0 tx=0)._fault waiting 1.600000
2024-04-23T03:02:25.045 INFO:teuthology.orchestra.run.smithi032.stdout:/usr/bin/ceph: stderr
2024-04-23T03:02:21.620+0000 7fc7c5d9b700 1 -- 172.21.15.32:0/1495380818 >> [v2:172.21.15.32:6800/1919487097,v1:172.21.15.32:6801/1919487097] conn(0x7fc7b0038770 msgr2=0x7fc7b003ac30 unknown :-1 s=STATE_CONNECTING_RE l=1).process reconnect failed to v2:172.21.15.32:6800/1919487097
2024-04-23T03:02:25.045 INFO:teuthology.orchestra.run.smithi032.stdout:/usr/bin/ceph: stderr
2024-04-23T03:02:21.620+0000 7fc7c5d9b700 1 --2- 172.21.15.32:0/1495380818 >> [v2:172.21.15.32:6800/1919487097,v1:172.21.15.32:6801/1919487097] conn(0x7fc7b0038770 0x7fc7b003ac30 unknown :-1 s=START_CONNECT pgs=0 cs=0 l=1 rev1=0 crypto rx=0 tx=0 comp rx=0 tx=0)._fault waiting 3.200000
2024-04-23T03:02:25.045 INFO:teuthology.orchestra.run.smithi032.stdout:/usr/bin/ceph: stderr
2024-04-23T03:02:23.352+0000 7fc7b77fe700 1 -- 172.21.15.32:0/1495380818 <== mon.0 v2:172.21.15.32:3300/0 6 ==== mgrmap(e 10) v1 ==== 45336+0+0 (secure 0 0 0) 0x7fc7b802d9b0 con 0x7fc7c8107050
2024-04-23T03:02:25.045 INFO:teuthology.orchestra.run.smithi032.stdout:/usr/bin/ceph: stderr
2024-04-23T03:02:23.352+0000 7fc7b77fe700 1 -- 172.21.15.32:0/1495380818 >> [v2:172.21.15.32:6800/1919487097,v1:172.21.15.32:6801/1919487097] conn(0x7fc7b0038770 msgr2=0x7fc7b003ac30 unknown :-1 s=STATE_CONNECTING l=1).mark_down
2024-04-23T03:02:25.046 INFO:teuthology.orchestra.run.smithi032.stdout:/usr/bin/ceph: stderr
2024-04-23T03:02:23.352+0000 7fc7b77fe700 1 --2- 172.21.15.32:0/1495380818 >> [v2:172.21.15.32:6800/1919487097,v1:172.21.15.32:6801/1919487097] conn(0x7fc7b0038770 0x7fc7b003ac30 unknown :-1 s=START_CONNECT pgs=0 cs=0 l=1 rev1=0 crypto rx=0 tx=0 comp rx=0 tx=0).stop
2024-04-23T03:02:25.046 INFO:teuthology.orchestra.run.smithi032.stdout:/usr/bin/ceph: stderr
2024-04-23T03:02:24.354+0000 7fc7b77fe700 1 -- 172.21.15.32:0/1495380818 <== mon.0 v2:172.21.15.32:3300/0 7 ==== mgrmap(e 11) v1 ==== 45463+0+0 (secure 0 0 0) 0x7fc7b804e090 con 0x7fc7c8107050
2024-04-23T03:02:25.046 INFO:teuthology.orchestra.run.smithi032.stdout:/usr/bin/ceph: stderr
2024-04-23T03:02:24.354+0000 7fc7b77fe700 1 --2- 172.21.15.32:0/1495380818 >> [v2:172.21.15.32:6800/2222856419,v1:172.21.15.32:6801/2222856419] conn(0x7fc7b003bfc0 0x7fc7b003e3b0 unknown :-1 s=NONE pgs=0 cs=0 l=1 rev1=0 crypto rx=0 tx=0 comp rx=0 tx=0).connect
2024-04-23T03:02:25.046 INFO:teuthology.orchestra.run.smithi032.stdout:/usr/bin/ceph: stderr
2024-04-23T03:02:24.354+0000 7fc7b77fe700 1 -- 172.21.15.32:0/1495380818 --> [v2:172.21.15.32:6800/2222856419,v1:172.21.15.32:6801/2222856419] -- command(tid 0: {"prefix": "get_command_descriptions"}) v1 -- 0x7fc7b003b340 con 0x7fc7b003bfc0
2024-04-23T03:02:25.046 INFO:teuthology.orchestra.run.smithi032.stdout:/usr/bin/ceph: stderr
2024-04-23T03:02:24.354+0000 7fc7c5d9b700 1 --2- 172.21.15.32:0/1495380818 >> [v2:172.21.15.32:6800/2222856419,v1:172.21.15.32:6801/2222856419] conn(0x7fc7b003bfc0 0x7fc7b003e3b0 unknown :-1 s=BANNER_CONNECTING pgs=0 cs=0 l=1 rev1=0 crypto rx=0 tx=0 comp rx=0 tx=0)._handle_peer_banner_payload supported=3 required=0
2024-04-23T03:02:25.046 INFO:teuthology.orchestra.run.smithi032.stdout:/usr/bin/ceph: stderr
2024-04-23T03:02:24.355+0000 7fc7c5d9b700 1 --2- 172.21.15.32:0/1495380818 >> [v2:172.21.15.32:6800/2222856419,v1:172.21.15.32:6801/2222856419] conn(0x7fc7b003bfc0 0x7fc7b003e3b0 secure :-1 s=READY pgs=1 cs=0 l=1 rev1=1 crypto rx=0x7fc7bc003a10 tx=0x7fc7bc0092b0 comp rx=0 tx=0).ready entity=mgr.14162 client_cookie=0 server_cookie=0 in_seq=0 out_seq=0
2024-04-23T03:02:25.046 INFO:teuthology.orchestra.run.smithi032.stdout:/usr/bin/ceph: stderr
2024-04-23T03:02:24.356+0000 7fc7b77fe700 1 -- 172.21.15.32:0/1495380818 <== mgr.14162 v2:172.21.15.32:6800/2222856419 1 ==== command_reply(tid 0: 0 ) v1 ==== 8+0+6910 (secure 0 0 0) 0x7fc7b003b340 con 0x7fc7b003bfc0
2024-04-23T03:02:25.046 INFO:teuthology.orchestra.run.smithi032.stdout:/usr/bin/ceph: stderr
2024-04-23T03:02:24.363+0000 7fc7cce49700 1 -- 172.21.15.32:0/1495380818 --> [v2:172.21.15.32:6800/2222856419,v1:172.21.15.32:6801/2222856419] -- command(tid 1: {"prefix": "mgr_status"}) v1 -- 0x7fc7c8062510 con 0x7fc7b003bfc0
2024-04-23T03:02:25.046 INFO:teuthology.orchestra.run.smithi032.stdout:/usr/bin/ceph: stderr
2024-04-23T03:02:24.363+0000 7fc7b77fe700 1 -- 172.21.15.32:0/1495380818 <== mgr.14162 v2:172.21.15.32:6800/2222856419 2 ==== command_reply(tid 1: 0 ) v1 ==== 8+0+52 (secure 0 0 0) 0x7fc7c8062510 con 0x7fc7b003bfc0
2024-04-23T03:02:25.046 INFO:teuthology.orchestra.run.smithi032.stdout:/usr/bin/ceph: stderr
2024-04-23T03:02:24.364+0000 7fc7cce49700 1 -- 172.21.15.32:0/1495380818 >> [v2:172.21.15.32:6800/2222856419,v1:172.21.15.32:6801/2222856419] conn(0x7fc7b003bfc0 msgr2=0x7fc7b003e3b0 secure :-1 s=STATE_CONNECTION_ESTABLISHED l=1).mark_down
2024-04-23T03:02:25.046 INFO:teuthology.orchestra.run.smithi032.stdout:/usr/bin/ceph: stderr
2024-04-23T03:02:24.364+0000 7fc7cce49700 1 --2- 172.21.15.32:0/1495380818 >> [v2:172.21.15.32:6800/2222856419,v1:172.21.15.32:6801/2222856419] conn(0x7fc7b003bfc0 0x7fc7b003e3b0 secure :-1 s=READY pgs=1 cs=0 l=1 rev1=1 crypto rx=0x7fc7bc003a10 tx=0x7fc7bc0092b0 comp rx=0 tx=0).stop
2024-04-23T03:02:25.046 INFO:teuthology.orchestra.run.smithi032.stdout:/usr/bin/ceph: stderr
2024-04-23T03:02:24.364+0000 7fc7cce49700 1 -- 172.21.15.32:0/1495380818 >> [v2:172.21.15.32:3300/0,v1:172.21.15.32:6789/0] conn(0x7fc7c8107050 msgr2=0x7fc7c8106880 secure :-1 s=STATE_CONNECTION_ESTABLISHED l=1).mark_down
2024-04-23T03:02:25.046 INFO:teuthology.orchestra.run.smithi032.stdout:/usr/bin/ceph: stderr
2024-04-23T03:02:24.364+0000 7fc7cce49700 1 --2- 172.21.15.32:0/1495380818 >> [v2:172.21.15.32:3300/0,v1:172.21.15.32:6789/0] conn(0x7fc7c8107050 0x7fc7c8106880 secure :-1 s=READY pgs=72 cs=0 l=1 rev1=1 crypto rx=0x7fc7b80117b0 tx=0x7fc7b8011890 comp rx=0 tx=0).stop
2024-04-23T03:02:25.046 INFO:teuthology.orchestra.run.smithi032.stdout:/usr/bin/ceph: stderr
2024-04-23T03:02:24.364+0000 7fc7cce49700 1 -- 172.21.15.32:0/1495380818 shutdown_connections
2024-04-23T03:02:25.047 INFO:teuthology.orchestra.run.smithi032.stdout:/usr/bin/ceph: stderr
2024-04-23T03:02:24.364+0000 7fc7cce49700 1 --2- 172.21.15.32:0/1495380818 >> [v2:172.21.15.32:6800/2222856419,v1:172.21.15.32:6801/2222856419] conn(0x7fc7b003bfc0 0x7fc7b003e3b0 unknown :-1 s=CLOSED pgs=1 cs=0 l=1 rev1=1 crypto rx=0 tx=0 comp rx=0 tx=0).stop
2024-04-23T03:02:25.047 INFO:teuthology.orchestra.run.smithi032.stdout:/usr/bin/ceph: stderr
2024-04-23T03:02:24.364+0000 7fc7cce49700 1 --2- 172.21.15.32:0/1495380818 >> [v2:172.21.15.32:3300/0,v1:172.21.15.32:6789/0] conn(0x7fc7c8107050 0x7fc7c8106880 unknown :-1 s=CLOSED pgs=72 cs=0 l=1 rev1=1 crypto rx=0 tx=0 comp rx=0 tx=0).stop
2024-04-23T03:02:25.047 INFO:teuthology.orchestra.run.smithi032.stdout:/usr/bin/ceph: stderr
2024-04-23T03:02:24.364+0000 7fc7cce49700 1 --2- 172.21.15.32:0/1495380818 >> [v2:172.21.15.32:6800/1919487097,v1:172.21.15.32:6801/1919487097] conn(0x7fc7b0038770 0x7fc7b003ac30 unknown :-1 s=CLOSED pgs=0 cs=0 l=1 rev1=0 crypto rx=0 tx=0 comp rx=0 tx=0).stop
2024-04-23T03:02:25.047 INFO:teuthology.orchestra.run.smithi032.stdout:/usr/bin/ceph: stderr
2024-04-23T03:02:24.364+0000 7fc7cce49700 1 -- 172.21.15.32:0/1495380818 >> 172.21.15.32:0/1495380818 conn(0x7fc7c8100aa0 msgr2=0x7fc7c8101600 unknown :-1 s=STATE_NONE l=0).mark_down
2024-04-23T03:02:25.047 INFO:teuthology.orchestra.run.smithi032.stdout:/usr/bin/ceph: stderr
2024-04-23T03:02:24.364+0000 7fc7cce49700 1 -- 172.21.15.32:0/1495380818 shutdown_connections
2024-04-23T03:02:25.047 INFO:teuthology.orchestra.run.smithi032.stdout:/usr/bin/ceph: stderr
2024-04-23T03:02:24.364+0000 7fc7cce49700 1 -- 172.21.15.32:0/1495380818 wait complete.
2024-04-23T03:02:25.047 INFO:teuthology.orchestra.run.smithi032.stdout:mgr epoch 9 is available
2024-04-23T03:02:25.047 INFO:teuthology.orchestra.run.smithi032.stdout:Generating a dashboard self-signed certificate...
2024-04-23T03:02:26.203 INFO:journalctl@ceph.mon.smithi032.smithi032.stdout:Apr 23 03:02:25 smithi032 ceph-mon[26942]: from='mgr.14162 172.21.15.32:0/1622918672' entity='mgr.smithi032.ecexiv'
2024-04-23T03:02:26.203 INFO:journalctl@ceph.mon.smithi032.smithi032.stdout:Apr 23 03:02:25 smithi032 ceph-mon[26942]: [23/Apr/2024:03:02:24] ENGINE Bus STARTING
2024-04-23T03:02:26.203 INFO:journalctl@ceph.mon.smithi032.smithi032.stdout:Apr 23 03:02:25 smithi032 ceph-mon[26942]: [23/Apr/2024:03:02:24] ENGINE Serving on https://172.21.15.32:7150
2024-04-23T03:02:26.203 INFO:journalctl@ceph.mon.smithi032.smithi032.stdout:Apr 23 03:02:25 smithi032 ceph-mon[26942]: [23/Apr/2024:03:02:25] ENGINE Serving on http://172.21.15.32:8765
2024-04-23T03:02:26.203 INFO:journalctl@ceph.mon.smithi032.smithi032.stdout:Apr 23 03:02:25 smithi032 ceph-mon[26942]: [23/Apr/2024:03:02:25] ENGINE Bus STARTED
2024-04-23T03:02:26.203 INFO:journalctl@ceph.mon.smithi032.smithi032.stdout:Apr 23 03:02:25 smithi032 ceph-mon[26942]: from='mgr.14162 172.21.15.32:0/1622918672' entity='mgr.smithi032.ecexiv'
2024-04-23T03:02:26.487 INFO:teuthology.orchestra.run.smithi032.stdout:/usr/bin/ceph: stdout Self-signed certificate created
2024-04-23T03:02:26.487 INFO:teuthology.orchestra.run.smithi032.stdout:/usr/bin/ceph: stderr
2024-04-23T03:02:25.520+0000 7f3aa56db700 1 Processor -- start
2024-04-23T03:02:26.487 INFO:teuthology.orchestra.run.smithi032.stdout:/usr/bin/ceph: stderr
2024-04-23T03:02:25.520+0000 7f3aa56db700 1 -- start start
2024-04-23T03:02:26.487 INFO:teuthology.orchestra.run.smithi032.stdout:/usr/bin/ceph: stderr
2024-04-23T03:02:25.520+0000 7f3aa56db700 1 --2- >> [v2:172.21.15.32:3300/0,v1:172.21.15.32:6789/0] conn(0x7f3aa01065c0 0x7f3aa01069e0 unknown :-1 s=NONE pgs=0 cs=0 l=0 rev1=0 crypto rx=0 tx=0 comp rx=0 tx=0).connect
2024-04-23T03:02:26.487 INFO:teuthology.orchestra.run.smithi032.stdout:/usr/bin/ceph: stderr
2024-04-23T03:02:25.520+0000 7f3aa56db700 1 -- --> [v2:172.21.15.32:3300/0,v1:172.21.15.32:6789/0] -- mon_getmap magic: 0 v1 -- 0x7f3aa0106fb0 con 0x7f3aa01065c0
2024-04-23T03:02:26.487 INFO:teuthology.orchestra.run.smithi032.stdout:/usr/bin/ceph: stderr
2024-04-23T03:02:25.520+0000 7f3a9effd700 1 --2- >> [v2:172.21.15.32:3300/0,v1:172.21.15.32:6789/0] conn(0x7f3aa01065c0 0x7f3aa01069e0 unknown :-1 s=BANNER_CONNECTING pgs=0 cs=0 l=0 rev1=0 crypto rx=0 tx=0 comp rx=0 tx=0)._handle_peer_banner_payload supported=3 required=0
2024-04-23T03:02:26.488 INFO:teuthology.orchestra.run.smithi032.stdout:/usr/bin/ceph: stderr
2024-04-23T03:02:25.520+0000 7f3a9effd700 1 --2- >> [v2:172.21.15.32:3300/0,v1:172.21.15.32:6789/0] conn(0x7f3aa01065c0 0x7f3aa01069e0 unknown :-1 s=HELLO_CONNECTING pgs=0 cs=0 l=0 rev1=1 crypto rx=0 tx=0 comp rx=0 tx=0).handle_hello peer v2:172.21.15.32:3300/0 says I am v2:172.21.15.32:46306/0 (socket says 172.21.15.32:46306)
2024-04-23T03:02:26.488 INFO:teuthology.orchestra.run.smithi032.stdout:/usr/bin/ceph: stderr
2024-04-23T03:02:25.520+0000 7f3a9effd700 1 -- 172.21.15.32:0/3581411983 learned_addr learned my addr 172.21.15.32:0/3581411983 (peer_addr_for_me v2:172.21.15.32:0/0)
2024-04-23T03:02:26.488 INFO:teuthology.orchestra.run.smithi032.stdout:/usr/bin/ceph: stderr
2024-04-23T03:02:25.521+0000 7f3a9effd700 1 -- 172.21.15.32:0/3581411983 --> [v2:172.21.15.32:3300/0,v1:172.21.15.32:6789/0] -- mon_subscribe({config=0+,monmap=0+}) v3 -- 0x7f3aa01077c0 con 0x7f3aa01065c0
2024-04-23T03:02:26.488 INFO:teuthology.orchestra.run.smithi032.stdout:/usr/bin/ceph: stderr
2024-04-23T03:02:25.521+0000 7f3a9effd700 1 --2- 172.21.15.32:0/3581411983 >> [v2:172.21.15.32:3300/0,v1:172.21.15.32:6789/0] conn(0x7f3aa01065c0 0x7f3aa01069e0 secure :-1 s=READY pgs=80 cs=0 l=1 rev1=1 crypto rx=0x7f3a900098a0 tx=0x7f3a90009bb0 comp rx=0 tx=0).ready entity=mon.0 client_cookie=d2c32ea94d4fa22d server_cookie=0 in_seq=0 out_seq=0
2024-04-23T03:02:26.488 INFO:teuthology.orchestra.run.smithi032.stdout:/usr/bin/ceph: stderr
2024-04-23T03:02:25.521+0000 7f3a9dffb700 1 -- 172.21.15.32:0/3581411983 <== mon.0 v2:172.21.15.32:3300/0 1 ==== mon_map magic: 0 v1 ==== 229+0+0 (secure 0 0 0) 0x7f3a90004180 con 0x7f3aa01065c0
2024-04-23T03:02:26.488 INFO:teuthology.orchestra.run.smithi032.stdout:/usr/bin/ceph: stderr
2024-04-23T03:02:25.521+0000 7f3a9dffb700 1 -- 172.21.15.32:0/3581411983 <== mon.0 v2:172.21.15.32:3300/0 2 ==== config(27 keys) v1 ==== 1109+0+0 (secure 0 0 0) 0x7f3a900042e0 con 0x7f3aa01065c0
2024-04-23T03:02:26.488 INFO:teuthology.orchestra.run.smithi032.stdout:/usr/bin/ceph: stderr
2024-04-23T03:02:25.521+0000 7f3a9dffb700 1 -- 172.21.15.32:0/3581411983 <== mon.0 v2:172.21.15.32:3300/0 3 ==== mon_map magic: 0 v1 ==== 229+0+0 (secure 0 0 0) 0x7f3a90011b10 con 0x7f3aa01065c0
2024-04-23T03:02:26.488 INFO:teuthology.orchestra.run.smithi032.stdout:/usr/bin/ceph: stderr
2024-04-23T03:02:25.522+0000 7f3aa56db700 1 -- 172.21.15.32:0/3581411983 >> [v2:172.21.15.32:3300/0,v1:172.21.15.32:6789/0] conn(0x7f3aa01065c0 msgr2=0x7f3aa01069e0 secure :-1 s=STATE_CONNECTION_ESTABLISHED l=1).mark_down
2024-04-23T03:02:26.488 INFO:teuthology.orchestra.run.smithi032.stdout:/usr/bin/ceph: stderr
2024-04-23T03:02:25.522+0000 7f3aa56db700 1 --2- 172.21.15.32:0/3581411983 >> [v2:172.21.15.32:3300/0,v1:172.21.15.32:6789/0] conn(0x7f3aa01065c0 0x7f3aa01069e0 secure :-1 s=READY pgs=80 cs=0 l=1 rev1=1 crypto rx=0x7f3a900098a0 tx=0x7f3a90009bb0 comp rx=0 tx=0).stop
2024-04-23T03:02:26.488 INFO:teuthology.orchestra.run.smithi032.stdout:/usr/bin/ceph: stderr
2024-04-23T03:02:25.522+0000 7f3aa56db700 1 -- 172.21.15.32:0/3581411983 shutdown_connections
2024-04-23T03:02:26.488 INFO:teuthology.orchestra.run.smithi032.stdout:/usr/bin/ceph: stderr
2024-04-23T03:02:25.522+0000 7f3aa56db700 1 --2- 172.21.15.32:0/3581411983 >> [v2:172.21.15.32:3300/0,v1:172.21.15.32:6789/0] conn(0x7f3aa01065c0 0x7f3aa01069e0 unknown :-1 s=CLOSED pgs=80 cs=0 l=1 rev1=1 crypto rx=0 tx=0 comp rx=0 tx=0).stop
2024-04-23T03:02:26.488 INFO:teuthology.orchestra.run.smithi032.stdout:/usr/bin/ceph: stderr
2024-04-23T03:02:25.522+0000 7f3aa56db700 1 -- 172.21.15.32:0/3581411983 >> 172.21.15.32:0/3581411983 conn(0x7f3aa0101be0 msgr2=0x7f3aa0104000 unknown :-1 s=STATE_NONE l=0).mark_down
2024-04-23T03:02:26.488 INFO:teuthology.orchestra.run.smithi032.stdout:/usr/bin/ceph: stderr
2024-04-23T03:02:25.522+0000 7f3aa56db700 1 -- 172.21.15.32:0/3581411983 shutdown_connections
2024-04-23T03:02:26.489 INFO:teuthology.orchestra.run.smithi032.stdout:/usr/bin/ceph: stderr
2024-04-23T03:02:25.522+0000 7f3aa56db700 1 -- 172.21.15.32:0/3581411983 wait complete.
2024-04-23T03:02:26.489 INFO:teuthology.orchestra.run.smithi032.stdout:/usr/bin/ceph: stderr
2024-04-23T03:02:25.523+0000 7f3aa56db700 1 Processor -- start
2024-04-23T03:02:26.489 INFO:teuthology.orchestra.run.smithi032.stdout:/usr/bin/ceph: stderr
2024-04-23T03:02:25.523+0000 7f3aa56db700 1 -- start start
2024-04-23T03:02:26.489 INFO:teuthology.orchestra.run.smithi032.stdout:/usr/bin/ceph: stderr
2024-04-23T03:02:25.523+0000 7f3aa56db700 1 --2- >> [v2:172.21.15.32:3300/0,v1:172.21.15.32:6789/0] conn(0x7f3aa01065c0 0x7f3aa019a370 unknown :-1 s=NONE pgs=0 cs=0 l=1 rev1=0 crypto rx=0 tx=0 comp rx=0 tx=0).connect
2024-04-23T03:02:26.489 INFO:teuthology.orchestra.run.smithi032.stdout:/usr/bin/ceph: stderr
2024-04-23T03:02:25.523+0000 7f3aa56db700 1 -- --> [v2:172.21.15.32:3300/0,v1:172.21.15.32:6789/0] -- mon_getmap magic: 0 v1 -- 0x7f3aa019a8b0 con 0x7f3aa01065c0
2024-04-23T03:02:26.489 INFO:teuthology.orchestra.run.smithi032.stdout:/usr/bin/ceph: stderr
2024-04-23T03:02:25.523+0000 7f3a9effd700 1 --2- >> [v2:172.21.15.32:3300/0,v1:172.21.15.32:6789/0] conn(0x7f3aa01065c0 0x7f3aa019a370 unknown :-1 s=BANNER_CONNECTING pgs=0 cs=0 l=1 rev1=0 crypto rx=0 tx=0 comp rx=0 tx=0)._handle_peer_banner_payload supported=3 required=0
2024-04-23T03:02:26.489 INFO:teuthology.orchestra.run.smithi032.stdout:/usr/bin/ceph: stderr
2024-04-23T03:02:25.523+0000 7f3a9effd700 1 --2- >> [v2:172.21.15.32:3300/0,v1:172.21.15.32:6789/0] conn(0x7f3aa01065c0 0x7f3aa019a370 unknown :-1 s=HELLO_CONNECTING pgs=0 cs=0 l=1 rev1=1 crypto rx=0 tx=0 comp rx=0 tx=0).handle_hello peer v2:172.21.15.32:3300/0 says I am v2:172.21.15.32:46320/0 (socket says 172.21.15.32:46320)
2024-04-23T03:02:26.489 INFO:teuthology.orchestra.run.smithi032.stdout:/usr/bin/ceph: stderr
2024-04-23T03:02:25.523+0000 7f3a9effd700 1 -- 172.21.15.32:0/2182292904 learned_addr learned my addr 172.21.15.32:0/2182292904 (peer_addr_for_me v2:172.21.15.32:0/0)
2024-04-23T03:02:26.489 INFO:teuthology.orchestra.run.smithi032.stdout:/usr/bin/ceph: stderr
2024-04-23T03:02:25.524+0000 7f3a9effd700 1 -- 172.21.15.32:0/2182292904 --> [v2:172.21.15.32:3300/0,v1:172.21.15.32:6789/0] -- mon_subscribe({config=0+,monmap=0+}) v3 -- 0x7f3a90009550 con 0x7f3aa01065c0
2024-04-23T03:02:26.489 INFO:teuthology.orchestra.run.smithi032.stdout:/usr/bin/ceph: stderr
2024-04-23T03:02:25.524+0000 7f3a9effd700 1 --2- 172.21.15.32:0/2182292904 >> [v2:172.21.15.32:3300/0,v1:172.21.15.32:6789/0] conn(0x7f3aa01065c0 0x7f3aa019a370 secure :-1 s=READY pgs=81 cs=0 l=1 rev1=1 crypto rx=0x7f3a90009fb0 tx=0x7f3a90011890 comp rx=0 tx=0).ready entity=mon.0 client_cookie=0 server_cookie=0 in_seq=0 out_seq=0
2024-04-23T03:02:26.489 INFO:teuthology.orchestra.run.smithi032.stdout:/usr/bin/ceph: stderr
2024-04-23T03:02:25.524+0000 7f3a87fff700 1 -- 172.21.15.32:0/2182292904 <== mon.0 v2:172.21.15.32:3300/0 1 ==== mon_map magic: 0 v1 ==== 229+0+0 (secure 0 0 0) 0x7f3a900038b0 con 0x7f3aa01065c0
2024-04-23T03:02:26.489 INFO:teuthology.orchestra.run.smithi032.stdout:/usr/bin/ceph: stderr
2024-04-23T03:02:25.524+0000 7f3aa56db700 1 -- 172.21.15.32:0/2182292904 --> [v2:172.21.15.32:3300/0,v1:172.21.15.32:6789/0] -- mon_subscribe({mgrmap=0+}) v3 -- 0x7f3aa019a9f0 con 0x7f3aa01065c0
2024-04-23T03:02:26.489 INFO:teuthology.orchestra.run.smithi032.stdout:/usr/bin/ceph: stderr
2024-04-23T03:02:25.524+0000 7f3a87fff700 1 -- 172.21.15.32:0/2182292904 <== mon.0 v2:172.21.15.32:3300/0 2 ==== config(27 keys) v1 ==== 1109+0+0 (secure 0 0 0) 0x7f3a90003a10 con 0x7f3aa01065c0
2024-04-23T03:02:26.489 INFO:teuthology.orchestra.run.smithi032.stdout:/usr/bin/ceph: stderr
2024-04-23T03:02:25.524+0000 7f3a87fff700 1 -- 172.21.15.32:0/2182292904 <== mon.0 v2:172.21.15.32:3300/0 3 ==== mon_map magic: 0 v1 ==== 229+0+0 (secure 0 0 0) 0x7f3a90019770 con 0x7f3aa01065c0
2024-04-23T03:02:26.490 INFO:teuthology.orchestra.run.smithi032.stdout:/usr/bin/ceph: stderr
2024-04-23T03:02:25.524+0000 7f3aa56db700 1 -- 172.21.15.32:0/2182292904 --> [v2:172.21.15.32:3300/0,v1:172.21.15.32:6789/0] -- mon_subscribe({osdmap=0}) v3 -- 0x7f3aa019ae90 con 0x7f3aa01065c0
2024-04-23T03:02:26.490 INFO:teuthology.orchestra.run.smithi032.stdout:/usr/bin/ceph: stderr
2024-04-23T03:02:25.525+0000 7f3a87fff700 1 -- 172.21.15.32:0/2182292904 <== mon.0 v2:172.21.15.32:3300/0 4 ==== mgrmap(e 11) v1 ==== 45463+0+0 (secure 0 0 0) 0x7f3a900198d0 con 0x7f3aa01065c0
2024-04-23T03:02:26.490 INFO:teuthology.orchestra.run.smithi032.stdout:/usr/bin/ceph: stderr
2024-04-23T03:02:25.525+0000 7f3aa56db700 1 -- 172.21.15.32:0/2182292904 --> [v2:172.21.15.32:3300/0,v1:172.21.15.32:6789/0] -- mon_command({"prefix": "get_command_descriptions"} v 0) v1 -- 0x7f3aa010a9f0 con 0x7f3aa01065c0
2024-04-23T03:02:26.490 INFO:teuthology.orchestra.run.smithi032.stdout:/usr/bin/ceph: stderr
2024-04-23T03:02:25.526+0000 7f3a87fff700 1 --2- 172.21.15.32:0/2182292904 >> [v2:172.21.15.32:6800/2222856419,v1:172.21.15.32:6801/2222856419] conn(0x7f3a88038610 0x7f3a8803aad0 unknown :-1 s=NONE pgs=0 cs=0 l=1 rev1=0 crypto rx=0 tx=0 comp rx=0 tx=0).connect
2024-04-23T03:02:26.490 INFO:teuthology.orchestra.run.smithi032.stdout:/usr/bin/ceph: stderr
2024-04-23T03:02:25.526+0000 7f3a87fff700 1 -- 172.21.15.32:0/2182292904 <== mon.0 v2:172.21.15.32:3300/0 5 ==== osd_map(3..3 src has 1..3) v4 ==== 1155+0+0 (secure 0 0 0) 0x7f3a90051660 con 0x7f3aa01065c0
2024-04-23T03:02:26.490 INFO:teuthology.orchestra.run.smithi032.stdout:/usr/bin/ceph: stderr
2024-04-23T03:02:25.526+0000 7f3a9e7fc700 1 --2- 172.21.15.32:0/2182292904 >> [v2:172.21.15.32:6800/2222856419,v1:172.21.15.32:6801/2222856419] conn(0x7f3a88038610 0x7f3a8803aad0 unknown :-1 s=BANNER_CONNECTING pgs=0 cs=0 l=1 rev1=0 crypto rx=0 tx=0 comp rx=0 tx=0)._handle_peer_banner_payload supported=3 required=0
2024-04-23T03:02:26.490 INFO:teuthology.orchestra.run.smithi032.stdout:/usr/bin/ceph: stderr
2024-04-23T03:02:25.526+0000 7f3a9e7fc700 1 --2- 172.21.15.32:0/2182292904 >> [v2:172.21.15.32:6800/2222856419,v1:172.21.15.32:6801/2222856419] conn(0x7f3a88038610 0x7f3a8803aad0 secure :-1 s=READY pgs=7 cs=0 l=1 rev1=1 crypto rx=0x7f3a94006fd0 tx=0x7f3a94006e40 comp rx=0 tx=0).ready entity=mgr.14162 client_cookie=0 server_cookie=0 in_seq=0 out_seq=0
2024-04-23T03:02:26.490 INFO:teuthology.orchestra.run.smithi032.stdout:/usr/bin/ceph: stderr
2024-04-23T03:02:25.532+0000 7f3a87fff700 1 -- 172.21.15.32:0/2182292904 <== mon.0 v2:172.21.15.32:3300/0 6 ==== mon_command_ack([{"prefix": "get_command_descriptions"}]=0 v0) v1 ==== 72+0+183351 (secure 0 0 0) 0x7f3a90052060 con 0x7f3aa01065c0
2024-04-23T03:02:26.490 INFO:teuthology.orchestra.run.smithi032.stdout:/usr/bin/ceph: stderr
2024-04-23T03:02:25.743+0000 7f3aa56db700 1 -- 172.21.15.32:0/2182292904 --> [v2:172.21.15.32:6800/2222856419,v1:172.21.15.32:6801/2222856419] -- mgr_command(tid 0: {"prefix": "dashboard create-self-signed-cert", "target": ["mon-mgr", ""]}) v1 -- 0x7f3aa0102dd0 con 0x7f3a88038610
2024-04-23T03:02:26.490 INFO:teuthology.orchestra.run.smithi032.stdout:/usr/bin/ceph: stderr
2024-04-23T03:02:25.758+0000 7f3a87fff700 1 -- 172.21.15.32:0/2182292904 <== mon.0 v2:172.21.15.32:3300/0 7 ==== mgrmap(e 12) v1 ==== 45569+0+0 (secure 0 0 0) 0x7f3a9001ac10 con 0x7f3aa01065c0
2024-04-23T03:02:26.490 INFO:teuthology.orchestra.run.smithi032.stdout:/usr/bin/ceph: stderr
2024-04-23T03:02:25.920+0000 7f3a87fff700 1 -- 172.21.15.32:0/2182292904 <== mgr.14162 v2:172.21.15.32:6800/2222856419 1 ==== mgr_command_reply(tid 0: 0 ) v1 ==== 8+0+32 (secure 0 0 0) 0x7f3aa0102dd0 con 0x7f3a88038610
2024-04-23T03:02:26.490 INFO:teuthology.orchestra.run.smithi032.stdout:/usr/bin/ceph: stderr
2024-04-23T03:02:25.922+0000 7f3aa56db700 1 -- 172.21.15.32:0/2182292904 >> [v2:172.21.15.32:6800/2222856419,v1:172.21.15.32:6801/2222856419] conn(0x7f3a88038610 msgr2=0x7f3a8803aad0 secure :-1 s=STATE_CONNECTION_ESTABLISHED l=1).mark_down
2024-04-23T03:02:26.490 INFO:teuthology.orchestra.run.smithi032.stdout:/usr/bin/ceph: stderr
2024-04-23T03:02:25.922+0000 7f3aa56db700 1 --2- 172.21.15.32:0/2182292904 >> [v2:172.21.15.32:6800/2222856419,v1:172.21.15.32:6801/2222856419] conn(0x7f3a88038610 0x7f3a8803aad0 secure :-1 s=READY pgs=7 cs=0 l=1 rev1=1 crypto rx=0x7f3a94006fd0 tx=0x7f3a94006e40 comp rx=0 tx=0).stop
2024-04-23T03:02:26.491 INFO:teuthology.orchestra.run.smithi032.stdout:/usr/bin/ceph: stderr
2024-04-23T03:02:25.922+0000 7f3aa56db700 1 -- 172.21.15.32:0/2182292904 >> [v2:172.21.15.32:3300/0,v1:172.21.15.32:6789/0] conn(0x7f3aa01065c0 msgr2=0x7f3aa019a370 secure :-1 s=STATE_CONNECTION_ESTABLISHED l=1).mark_down
2024-04-23T03:02:26.491 INFO:teuthology.orchestra.run.smithi032.stdout:/usr/bin/ceph: stderr
2024-04-23T03:02:25.922+0000 7f3aa56db700 1 --2- 172.21.15.32:0/2182292904 >> [v2:172.21.15.32:3300/0,v1:172.21.15.32:6789/0] conn(0x7f3aa01065c0 0x7f3aa019a370 secure :-1 s=READY pgs=81 cs=0 l=1 rev1=1 crypto rx=0x7f3a90009fb0 tx=0x7f3a90011890 comp rx=0 tx=0).stop
2024-04-23T03:02:26.491 INFO:teuthology.orchestra.run.smithi032.stdout:/usr/bin/ceph: stderr
2024-04-23T03:02:25.922+0000 7f3aa56db700 1 -- 172.21.15.32:0/2182292904 shutdown_connections
2024-04-23T03:02:26.491 INFO:teuthology.orchestra.run.smithi032.stdout:/usr/bin/ceph: stderr
2024-04-23T03:02:25.922+0000 7f3aa56db700 1 --2- 172.21.15.32:0/2182292904 >> [v2:172.21.15.32:6800/2222856419,v1:172.21.15.32:6801/2222856419] conn(0x7f3a88038610 0x7f3a8803aad0 unknown :-1 s=CLOSED pgs=7 cs=0 l=1 rev1=1 crypto rx=0 tx=0 comp rx=0 tx=0).stop
2024-04-23T03:02:26.491 INFO:teuthology.orchestra.run.smithi032.stdout:/usr/bin/ceph: stderr
2024-04-23T03:02:25.922+0000 7f3aa56db700 1 --2- 172.21.15.32:0/2182292904 >> [v2:172.21.15.32:3300/0,v1:172.21.15.32:6789/0] conn(0x7f3aa01065c0 0x7f3aa019a370 unknown :-1 s=CLOSED pgs=81 cs=0 l=1 rev1=1 crypto rx=0 tx=0 comp rx=0 tx=0).stop
2024-04-23T03:02:26.491 INFO:teuthology.orchestra.run.smithi032.stdout:/usr/bin/ceph: stderr
2024-04-23T03:02:25.922+0000 7f3aa56db700 1 -- 172.21.15.32:0/2182292904 >> 172.21.15.32:0/2182292904 conn(0x7f3aa0101be0 msgr2=0x7f3aa01026c0 unknown :-1 s=STATE_NONE l=0).mark_down
2024-04-23T03:02:26.491 INFO:teuthology.orchestra.run.smithi032.stdout:/usr/bin/ceph: stderr
2024-04-23T03:02:25.922+0000 7f3aa56db700 1 -- 172.21.15.32:0/2182292904 shutdown_connections
2024-04-23T03:02:26.491 INFO:teuthology.orchestra.run.smithi032.stdout:/usr/bin/ceph: stderr
2024-04-23T03:02:25.922+0000 7f3aa56db700 1 -- 172.21.15.32:0/2182292904 wait complete.
2024-04-23T03:02:26.491 INFO:teuthology.orchestra.run.smithi032.stdout:Creating initial admin user...
2024-04-23T03:02:26.994 INFO:journalctl@ceph.mon.smithi032.smithi032.stdout:Apr 23 03:02:26 smithi032 ceph-mon[26942]: from='client.14174 -' entity='client.admin' cmd=[{"prefix": "dashboard create-self-signed-cert", "target": ["mon-mgr", ""]}]: dispatch
2024-04-23T03:02:26.994 INFO:journalctl@ceph.mon.smithi032.smithi032.stdout:Apr 23 03:02:26 smithi032 ceph-mon[26942]: mgrmap e12: smithi032.ecexiv(active, since 2s)
2024-04-23T03:02:26.994 INFO:journalctl@ceph.mon.smithi032.smithi032.stdout:Apr 23 03:02:26 smithi032 ceph-mon[26942]: from='mgr.14162 172.21.15.32:0/1622918672' entity='mgr.smithi032.ecexiv'
2024-04-23T03:02:26.994 INFO:journalctl@ceph.mon.smithi032.smithi032.stdout:Apr 23 03:02:26 smithi032 ceph-mon[26942]: from='mgr.14162 172.21.15.32:0/1622918672' entity='mgr.smithi032.ecexiv'
2024-04-23T03:02:28.203 INFO:journalctl@ceph.mon.smithi032.smithi032.stdout:Apr 23 03:02:27 smithi032 ceph-mon[26942]: from='client.14176 -' entity='client.admin' cmd=[{"prefix": "dashboard ac-user-create", "username": "admin", "rolename": "administrator", "force_password": true, "pwd_update_required": true, "target": ["mon-mgr", ""]}]: dispatch
2024-04-23T03:02:28.203 INFO:journalctl@ceph.mon.smithi032.smithi032.stdout:Apr 23 03:02:27 smithi032 ceph-mon[26942]: from='mgr.14162 172.21.15.32:0/1622918672' entity='mgr.smithi032.ecexiv'
2024-04-23T03:02:28.807 INFO:teuthology.orchestra.run.smithi032.stdout:/usr/bin/ceph: stdout {"username": "admin", "password": "$2b$12$/ZzMYIqvcRdIy7I5GDCiXuEzGAfMRhiavsZzeRqMs2ui5z/tm7cTu", "roles": ["administrator"], "name": null, "email": null, "lastUpdate": 1713841347, "enabled": true, "pwdExpirationDate": null, "pwdUpdateRequired": true}
2024-04-23T03:02:28.808 INFO:teuthology.orchestra.run.smithi032.stdout:/usr/bin/ceph: stderr
2024-04-23T03:02:26.973+0000 7fc6b3959700 1 Processor -- start
2024-04-23T03:02:28.808 INFO:teuthology.orchestra.run.smithi032.stdout:/usr/bin/ceph: stderr
2024-04-23T03:02:26.973+0000 7fc6b3959700 1 -- start start
2024-04-23T03:02:28.808 INFO:teuthology.orchestra.run.smithi032.stdout:/usr/bin/ceph: stderr
2024-04-23T03:02:26.973+0000 7fc6b3959700 1 --2- >> [v2:172.21.15.32:3300/0,v1:172.21.15.32:6789/0] conn(0x7fc6ac1054b0 0x7fc6ac1058d0 unknown :-1 s=NONE pgs=0 cs=0 l=0 rev1=0 crypto rx=0 tx=0 comp rx=0 tx=0).connect
2024-04-23T03:02:28.808 INFO:teuthology.orchestra.run.smithi032.stdout:/usr/bin/ceph: stderr
2024-04-23T03:02:26.973+0000 7fc6b3959700 1 -- --> [v2:172.21.15.32:3300/0,v1:172.21.15.32:6789/0] -- mon_getmap magic: 0 v1 -- 0x7fc6ac105ea0 con 0x7fc6ac1054b0
2024-04-23T03:02:28.808 INFO:teuthology.orchestra.run.smithi032.stdout:/usr/bin/ceph: stderr
2024-04-23T03:02:26.973+0000 7fc6b16f5700 1 --2- >> [v2:172.21.15.32:3300/0,v1:172.21.15.32:6789/0] conn(0x7fc6ac1054b0 0x7fc6ac1058d0 unknown :-1 s=BANNER_CONNECTING pgs=0 cs=0 l=0 rev1=0 crypto rx=0 tx=0 comp rx=0 tx=0)._handle_peer_banner_payload supported=3 required=0
2024-04-23T03:02:28.808 INFO:teuthology.orchestra.run.smithi032.stdout:/usr/bin/ceph: stderr
2024-04-23T03:02:26.973+0000 7fc6b16f5700 1 --2- >> [v2:172.21.15.32:3300/0,v1:172.21.15.32:6789/0] conn(0x7fc6ac1054b0 0x7fc6ac1058d0 unknown :-1 s=HELLO_CONNECTING pgs=0 cs=0 l=0 rev1=1 crypto rx=0 tx=0 comp rx=0 tx=0).handle_hello peer v2:172.21.15.32:3300/0 says I am v2:172.21.15.32:46326/0 (socket says 172.21.15.32:46326)
2024-04-23T03:02:28.808 INFO:teuthology.orchestra.run.smithi032.stdout:/usr/bin/ceph: stderr
2024-04-23T03:02:26.973+0000 7fc6b16f5700 1 -- 172.21.15.32:0/3978915553 learned_addr learned my addr 172.21.15.32:0/3978915553 (peer_addr_for_me v2:172.21.15.32:0/0)
2024-04-23T03:02:28.808 INFO:teuthology.orchestra.run.smithi032.stdout:/usr/bin/ceph: stderr
2024-04-23T03:02:26.973+0000 7fc6b16f5700 1 -- 172.21.15.32:0/3978915553 --> [v2:172.21.15.32:3300/0,v1:172.21.15.32:6789/0] -- mon_subscribe({config=0+,monmap=0+}) v3 -- 0x7fc6ac1066b0 con 0x7fc6ac1054b0
2024-04-23T03:02:28.808 INFO:teuthology.orchestra.run.smithi032.stdout:/usr/bin/ceph: stderr
2024-04-23T03:02:26.974+0000 7fc6b16f5700 1 --2- 172.21.15.32:0/3978915553 >> [v2:172.21.15.32:3300/0,v1:172.21.15.32:6789/0] conn(0x7fc6ac1054b0 0x7fc6ac1058d0 secure :-1 s=READY pgs=82 cs=0 l=1 rev1=1 crypto rx=0x7fc6a80098a0 tx=0x7fc6a8009bb0 comp rx=0 tx=0).ready entity=mon.0 client_cookie=1dfd279fb674b4aa server_cookie=0 in_seq=0 out_seq=0
2024-04-23T03:02:28.808 INFO:teuthology.orchestra.run.smithi032.stdout:/usr/bin/ceph: stderr
2024-04-23T03:02:26.974+0000 7fc6a3fff700 1 -- 172.21.15.32:0/3978915553 <== mon.0 v2:172.21.15.32:3300/0 1 ==== mon_map magic: 0 v1 ==== 229+0+0 (secure 0 0 0) 0x7fc6a8004180 con 0x7fc6ac1054b0
2024-04-23T03:02:28.808 INFO:teuthology.orchestra.run.smithi032.stdout:/usr/bin/ceph: stderr
2024-04-23T03:02:26.974+0000 7fc6a3fff700 1 -- 172.21.15.32:0/3978915553 <== mon.0 v2:172.21.15.32:3300/0 2 ==== config(27 keys) v1 ==== 1109+0+0 (secure 0 0 0) 0x7fc6a80042e0 con 0x7fc6ac1054b0
2024-04-23T03:02:28.808 INFO:teuthology.orchestra.run.smithi032.stdout:/usr/bin/ceph: stderr
2024-04-23T03:02:26.974+0000 7fc6a3fff700 1 -- 172.21.15.32:0/3978915553 <== mon.0 v2:172.21.15.32:3300/0 3 ==== mon_map magic: 0 v1 ==== 229+0+0 (secure 0 0 0) 0x7fc6a8011b10 con 0x7fc6ac1054b0
2024-04-23T03:02:28.809 INFO:teuthology.orchestra.run.smithi032.stdout:/usr/bin/ceph: stderr
2024-04-23T03:02:26.974+0000 7fc6b3959700 1 -- 172.21.15.32:0/3978915553 >> [v2:172.21.15.32:3300/0,v1:172.21.15.32:6789/0] conn(0x7fc6ac1054b0 msgr2=0x7fc6ac1058d0 secure :-1 s=STATE_CONNECTION_ESTABLISHED l=1).mark_down
2024-04-23T03:02:28.809 INFO:teuthology.orchestra.run.smithi032.stdout:/usr/bin/ceph: stderr
2024-04-23T03:02:26.974+0000 7fc6b3959700 1 --2- 172.21.15.32:0/3978915553 >> [v2:172.21.15.32:3300/0,v1:172.21.15.32:6789/0] conn(0x7fc6ac1054b0 0x7fc6ac1058d0 secure :-1 s=READY pgs=82 cs=0 l=1 rev1=1 crypto rx=0x7fc6a80098a0 tx=0x7fc6a8009bb0 comp rx=0 tx=0).stop
2024-04-23T03:02:28.809 INFO:teuthology.orchestra.run.smithi032.stdout:/usr/bin/ceph: stderr
2024-04-23T03:02:26.974+0000 7fc6b3959700 1 -- 172.21.15.32:0/3978915553 shutdown_connections
2024-04-23T03:02:28.809 INFO:teuthology.orchestra.run.smithi032.stdout:/usr/bin/ceph: stderr
2024-04-23T03:02:26.974+0000 7fc6b3959700 1 --2- 172.21.15.32:0/3978915553 >> [v2:172.21.15.32:3300/0,v1:172.21.15.32:6789/0] conn(0x7fc6ac1054b0 0x7fc6ac1058d0 unknown :-1 s=CLOSED pgs=82 cs=0 l=1 rev1=1 crypto rx=0 tx=0 comp rx=0 tx=0).stop
2024-04-23T03:02:28.809 INFO:teuthology.orchestra.run.smithi032.stdout:/usr/bin/ceph: stderr
