2024-04-22T21:23:07.738 INFO:teuthology.orchestra.run.smithi110.stdout:/usr/bin/ceph: stderr
2024-04-22T21:23:07.164+0000 7fa3a3e6e700 1 -- 172.21.15.110:0/2418066861 --> [v2:172.21.15.110:6800/1702757835,v1:172.21.15.110:6801/1702757835] -- mgr_command(tid 0: {"prefix": "cephadm get-pub-key", "target": ["mon-mgr", ""]}) v1 -- 0x7fa39c0ff4d0 con 0x7fa3880367e0
2024-04-22T21:23:07.738 INFO:teuthology.orchestra.run.smithi110.stdout:/usr/bin/ceph: stderr
2024-04-22T21:23:07.165+0000 7fa3927fc700 1 -- 172.21.15.110:0/2418066861 <== mgr.14120 v2:172.21.15.110:6800/1702757835 1 ==== mgr_command_reply(tid 0: 0 ) v1 ==== 8+0+595 (secure 0 0 0) 0x7fa39c0ff4d0 con 0x7fa3880367e0
2024-04-22T21:23:07.738 INFO:teuthology.orchestra.run.smithi110.stdout:/usr/bin/ceph: stderr
2024-04-22T21:23:07.167+0000 7fa3a3e6e700 1 -- 172.21.15.110:0/2418066861 >> [v2:172.21.15.110:6800/1702757835,v1:172.21.15.110:6801/1702757835] conn(0x7fa3880367e0 msgr2=0x7fa388038c90 secure :-1 s=STATE_CONNECTION_ESTABLISHED l=1).mark_down
2024-04-22T21:23:07.738 INFO:teuthology.orchestra.run.smithi110.stdout:/usr/bin/ceph: stderr
2024-04-22T21:23:07.167+0000 7fa3a3e6e700 1 --2- 172.21.15.110:0/2418066861 >> [v2:172.21.15.110:6800/1702757835,v1:172.21.15.110:6801/1702757835] conn(0x7fa3880367e0 0x7fa388038c90 secure :-1 s=READY pgs=10 cs=0 l=1 rev1=1 crypto rx=0x7fa38c009990 tx=0x7fa38c006e40 comp rx=0 tx=0).stop
2024-04-22T21:23:07.738 INFO:teuthology.orchestra.run.smithi110.stdout:/usr/bin/ceph: stderr
2024-04-22T21:23:07.167+0000 7fa3a3e6e700 1 -- 172.21.15.110:0/2418066861 >> [v2:172.21.15.110:3300/0,v1:172.21.15.110:6789/0] conn(0x7fa39c102960 msgr2=0x7fa39c111750 secure :-1 s=STATE_CONNECTION_ESTABLISHED l=1).mark_down
2024-04-22T21:23:07.738 INFO:teuthology.orchestra.run.smithi110.stdout:/usr/bin/ceph: stderr
2024-04-22T21:23:07.167+0000 7fa3a3e6e700 1 --2- 172.21.15.110:0/2418066861 >> [v2:172.21.15.110:3300/0,v1:172.21.15.110:6789/0] conn(0x7fa39c102960 0x7fa39c111750 secure :-1 s=READY pgs=44 cs=0 l=1 rev1=1 crypto rx=0x7fa398006b00 tx=0x7fa398009250 comp rx=0 tx=0).stop
2024-04-22T21:23:07.738 INFO:teuthology.orchestra.run.smithi110.stdout:/usr/bin/ceph: stderr
2024-04-22T21:23:07.167+0000 7fa3a3e6e700 1 -- 172.21.15.110:0/2418066861 shutdown_connections
2024-04-22T21:23:07.738 INFO:teuthology.orchestra.run.smithi110.stdout:/usr/bin/ceph: stderr
2024-04-22T21:23:07.167+0000 7fa3a3e6e700 1 --2- 172.21.15.110:0/2418066861 >> [v2:172.21.15.110:6800/1702757835,v1:172.21.15.110:6801/1702757835] conn(0x7fa3880367e0 0x7fa388038c90 unknown :-1 s=CLOSED pgs=10 cs=0 l=1 rev1=1 crypto rx=0 tx=0 comp rx=0 tx=0).stop
2024-04-22T21:23:07.738 INFO:teuthology.orchestra.run.smithi110.stdout:/usr/bin/ceph: stderr
2024-04-22T21:23:07.167+0000 7fa3a3e6e700 1 --2- 172.21.15.110:0/2418066861 >> [v2:172.21.15.110:3300/0,v1:172.21.15.110:6789/0] conn(0x7fa39c102960 0x7fa39c111750 unknown :-1 s=CLOSED pgs=44 cs=0 l=1 rev1=1 crypto rx=0 tx=0 comp rx=0 tx=0).stop
2024-04-22T21:23:07.738 INFO:teuthology.orchestra.run.smithi110.stdout:/usr/bin/ceph: stderr
2024-04-22T21:23:07.167+0000 7fa3a3e6e700 1 -- 172.21.15.110:0/2418066861 >> 172.21.15.110:0/2418066861 conn(0x7fa39c0fe0e0 msgr2=0x7fa39c0fed00 unknown :-1 s=STATE_NONE l=0).mark_down
2024-04-22T21:23:07.738 INFO:teuthology.orchestra.run.smithi110.stdout:/usr/bin/ceph: stderr
2024-04-22T21:23:07.167+0000 7fa3a3e6e700 1 -- 172.21.15.110:0/2418066861 shutdown_connections
2024-04-22T21:23:07.738 INFO:teuthology.orchestra.run.smithi110.stdout:/usr/bin/ceph: stderr
2024-04-22T21:23:07.167+0000 7fa3a3e6e700 1 -- 172.21.15.110:0/2418066861 wait complete.
2024-04-22T21:23:07.739 INFO:teuthology.orchestra.run.smithi110.stdout:Wrote public SSH key to /home/ubuntu/cephtest/ceph.pub
2024-04-22T21:23:07.739 INFO:teuthology.orchestra.run.smithi110.stdout:Adding key to root@localhost authorized_keys...
2024-04-22T21:23:07.739 INFO:teuthology.orchestra.run.smithi110.stdout:Adding host smithi110...
2024-04-22T21:23:08.045 INFO:journalctl@ceph.mon.smithi110.smithi110.stdout:Apr 22 21:23:07 smithi110 ceph-mon[26715]: from='client.14138 -' entity='client.admin' cmd=[{"prefix": "cephadm get-pub-key", "target": ["mon-mgr", ""]}]: dispatch
2024-04-22T21:23:09.197 INFO:journalctl@ceph.mon.smithi110.smithi110.stdout:Apr 22 21:23:08 smithi110 ceph-mon[26715]: from='client.14140 -' entity='client.admin' cmd=[{"prefix": "orch host add", "hostname": "smithi110", "addr": "172.21.15.110", "target": ["mon-mgr", ""]}]: dispatch
2024-04-22T21:23:09.948 INFO:journalctl@ceph.mon.smithi110.smithi110.stdout:Apr 22 21:23:09 smithi110 ceph-mon[26715]: Deploying cephadm binary to smithi110
2024-04-22T21:23:10.777 INFO:teuthology.orchestra.run.smithi110.stdout:/usr/bin/ceph: stdout Added host 'smithi110' with addr '172.21.15.110'
2024-04-22T21:23:10.777 INFO:teuthology.orchestra.run.smithi110.stdout:/usr/bin/ceph: stderr
2024-04-22T21:23:08.159+0000 7fa83852e700 1 Processor -- start
2024-04-22T21:23:10.778 INFO:teuthology.orchestra.run.smithi110.stdout:/usr/bin/ceph: stderr
2024-04-22T21:23:08.159+0000 7fa83852e700 1 -- start start
2024-04-22T21:23:10.778 INFO:teuthology.orchestra.run.smithi110.stdout:/usr/bin/ceph: stderr
2024-04-22T21:23:08.160+0000 7fa83852e700 1 --2- >> [v2:172.21.15.110:3300/0,v1:172.21.15.110:6789/0] conn(0x7fa830071220 0x7fa8301055e0 unknown :-1 s=NONE pgs=0 cs=0 l=0 rev1=0 crypto rx=0 tx=0 comp rx=0 tx=0).connect
2024-04-22T21:23:10.778 INFO:teuthology.orchestra.run.smithi110.stdout:/usr/bin/ceph: stderr
2024-04-22T21:23:08.160+0000 7fa83852e700 1 -- --> [v2:172.21.15.110:3300/0,v1:172.21.15.110:6789/0] -- mon_getmap magic: 0 v1 -- 0x7fa830071630 con 0x7fa830071220
2024-04-22T21:23:10.778 INFO:teuthology.orchestra.run.smithi110.stdout:/usr/bin/ceph: stderr
2024-04-22T21:23:08.160+0000 7fa8362ca700 1 --2- >> [v2:172.21.15.110:3300/0,v1:172.21.15.110:6789/0] conn(0x7fa830071220 0x7fa8301055e0 unknown :-1 s=BANNER_CONNECTING pgs=0 cs=0 l=0 rev1=0 crypto rx=0 tx=0 comp rx=0 tx=0)._handle_peer_banner_payload supported=3 required=0
2024-04-22T21:23:10.778 INFO:teuthology.orchestra.run.smithi110.stdout:/usr/bin/ceph: stderr
2024-04-22T21:23:08.160+0000 7fa8362ca700 1 --2- >> [v2:172.21.15.110:3300/0,v1:172.21.15.110:6789/0] conn(0x7fa830071220 0x7fa8301055e0 unknown :-1 s=HELLO_CONNECTING pgs=0 cs=0 l=0 rev1=1 crypto rx=0 tx=0 comp rx=0 tx=0).handle_hello peer v2:172.21.15.110:3300/0 says I am v2:172.21.15.110:47324/0 (socket says 172.21.15.110:47324)
2024-04-22T21:23:10.778 INFO:teuthology.orchestra.run.smithi110.stdout:/usr/bin/ceph: stderr
2024-04-22T21:23:08.160+0000 7fa8362ca700 1 -- 172.21.15.110:0/3529395921 learned_addr learned my addr 172.21.15.110:0/3529395921 (peer_addr_for_me v2:172.21.15.110:0/0)
2024-04-22T21:23:10.778 INFO:teuthology.orchestra.run.smithi110.stdout:/usr/bin/ceph: stderr
2024-04-22T21:23:08.160+0000 7fa8362ca700 1 -- 172.21.15.110:0/3529395921 --> [v2:172.21.15.110:3300/0,v1:172.21.15.110:6789/0] -- mon_subscribe({config=0+,monmap=0+}) v3 -- 0x7fa830105b20 con 0x7fa830071220
2024-04-22T21:23:10.778 INFO:teuthology.orchestra.run.smithi110.stdout:/usr/bin/ceph: stderr
2024-04-22T21:23:08.160+0000 7fa8362ca700 1 --2- 172.21.15.110:0/3529395921 >> [v2:172.21.15.110:3300/0,v1:172.21.15.110:6789/0] conn(0x7fa830071220 0x7fa8301055e0 secure :-1 s=READY pgs=45 cs=0 l=1 rev1=1 crypto rx=0x7fa82c0098e0 tx=0x7fa82c009250 comp rx=0 tx=0).ready entity=mon.0 client_cookie=5bb20fc61f8c8789 server_cookie=0 in_seq=0 out_seq=0
2024-04-22T21:23:10.778 INFO:teuthology.orchestra.run.smithi110.stdout:/usr/bin/ceph: stderr
2024-04-22T21:23:08.161+0000 7fa8352c8700 1 -- 172.21.15.110:0/3529395921 <== mon.0 v2:172.21.15.110:3300/0 1 ==== mon_map magic: 0 v1 ==== 229+0+0 (secure 0 0 0) 0x7fa82c00b860 con 0x7fa830071220
2024-04-22T21:23:10.778 INFO:teuthology.orchestra.run.smithi110.stdout:/usr/bin/ceph: stderr
2024-04-22T21:23:08.161+0000 7fa8352c8700 1 -- 172.21.15.110:0/3529395921 <== mon.0 v2:172.21.15.110:3300/0 2 ==== config(27 keys) v1 ==== 1044+0+0 (secure 0 0 0) 0x7fa82c00be50 con 0x7fa830071220
2024-04-22T21:23:10.778 INFO:teuthology.orchestra.run.smithi110.stdout:/usr/bin/ceph: stderr
2024-04-22T21:23:08.161+0000 7fa8352c8700 1 -- 172.21.15.110:0/3529395921 <== mon.0 v2:172.21.15.110:3300/0 3 ==== mon_map magic: 0 v1 ==== 229+0+0 (secure 0 0 0) 0x7fa82c010380 con 0x7fa830071220
2024-04-22T21:23:10.778 INFO:teuthology.orchestra.run.smithi110.stdout:/usr/bin/ceph: stderr
2024-04-22T21:23:08.161+0000 7fa83852e700 1 -- 172.21.15.110:0/3529395921 >> [v2:172.21.15.110:3300/0,v1:172.21.15.110:6789/0] conn(0x7fa830071220 msgr2=0x7fa8301055e0 secure :-1 s=STATE_CONNECTION_ESTABLISHED l=1).mark_down
2024-04-22T21:23:10.779 INFO:teuthology.orchestra.run.smithi110.stdout:/usr/bin/ceph: stderr
2024-04-22T21:23:08.161+0000 7fa83852e700 1 --2- 172.21.15.110:0/3529395921 >> [v2:172.21.15.110:3300/0,v1:172.21.15.110:6789/0] conn(0x7fa830071220 0x7fa8301055e0 secure :-1 s=READY pgs=45 cs=0 l=1 rev1=1 crypto rx=0x7fa82c0098e0 tx=0x7fa82c009250 comp rx=0 tx=0).stop
2024-04-22T21:23:10.779 INFO:teuthology.orchestra.run.smithi110.stdout:/usr/bin/ceph: stderr
2024-04-22T21:23:08.161+0000 7fa83852e700 1 -- 172.21.15.110:0/3529395921 shutdown_connections
2024-04-22T21:23:10.779 INFO:teuthology.orchestra.run.smithi110.stdout:/usr/bin/ceph: stderr
2024-04-22T21:23:08.161+0000 7fa83852e700 1 --2- 172.21.15.110:0/3529395921 >> [v2:172.21.15.110:3300/0,v1:172.21.15.110:6789/0] conn(0x7fa830071220 0x7fa8301055e0 unknown :-1 s=CLOSED pgs=45 cs=0 l=1 rev1=1 crypto rx=0 tx=0 comp rx=0 tx=0).stop
2024-04-22T21:23:10.779 INFO:teuthology.orchestra.run.smithi110.stdout:/usr/bin/ceph: stderr
2024-04-22T21:23:08.161+0000 7fa83852e700 1 -- 172.21.15.110:0/3529395921 >> 172.21.15.110:0/3529395921 conn(0x7fa8300fcfb0 msgr2=0x7fa8300ff3c0 unknown :-1 s=STATE_NONE l=0).mark_down
2024-04-22T21:23:10.779 INFO:teuthology.orchestra.run.smithi110.stdout:/usr/bin/ceph: stderr
2024-04-22T21:23:08.161+0000 7fa83852e700 1 -- 172.21.15.110:0/3529395921 shutdown_connections
2024-04-22T21:23:10.779 INFO:teuthology.orchestra.run.smithi110.stdout:/usr/bin/ceph: stderr
2024-04-22T21:23:08.161+0000 7fa83852e700 1 -- 172.21.15.110:0/3529395921 wait complete.
2024-04-22T21:23:10.779 INFO:teuthology.orchestra.run.smithi110.stdout:/usr/bin/ceph: stderr
2024-04-22T21:23:08.162+0000 7fa83852e700 1 Processor -- start
2024-04-22T21:23:10.779 INFO:teuthology.orchestra.run.smithi110.stdout:/usr/bin/ceph: stderr
2024-04-22T21:23:08.162+0000 7fa83852e700 1 -- start start
2024-04-22T21:23:10.779 INFO:teuthology.orchestra.run.smithi110.stdout:/usr/bin/ceph: stderr
2024-04-22T21:23:08.162+0000 7fa83852e700 1 --2- >> [v2:172.21.15.110:3300/0,v1:172.21.15.110:6789/0] conn(0x7fa830071220 0x7fa830111730 unknown :-1 s=NONE pgs=0 cs=0 l=1 rev1=0 crypto rx=0 tx=0 comp rx=0 tx=0).connect
2024-04-22T21:23:10.779 INFO:teuthology.orchestra.run.smithi110.stdout:/usr/bin/ceph: stderr
2024-04-22T21:23:08.162+0000 7fa83852e700 1 -- --> [v2:172.21.15.110:3300/0,v1:172.21.15.110:6789/0] -- mon_getmap magic: 0 v1 -- 0x7fa830111c70 con 0x7fa830071220
2024-04-22T21:23:10.779 INFO:teuthology.orchestra.run.smithi110.stdout:/usr/bin/ceph: stderr
2024-04-22T21:23:08.162+0000 7fa8362ca700 1 --2- >> [v2:172.21.15.110:3300/0,v1:172.21.15.110:6789/0] conn(0x7fa830071220 0x7fa830111730 unknown :-1 s=BANNER_CONNECTING pgs=0 cs=0 l=1 rev1=0 crypto rx=0 tx=0 comp rx=0 tx=0)._handle_peer_banner_payload supported=3 required=0
2024-04-22T21:23:10.779 INFO:teuthology.orchestra.run.smithi110.stdout:/usr/bin/ceph: stderr
2024-04-22T21:23:08.162+0000 7fa8362ca700 1 --2- >> [v2:172.21.15.110:3300/0,v1:172.21.15.110:6789/0] conn(0x7fa830071220 0x7fa830111730 unknown :-1 s=HELLO_CONNECTING pgs=0 cs=0 l=1 rev1=1 crypto rx=0 tx=0 comp rx=0 tx=0).handle_hello peer v2:172.21.15.110:3300/0 says I am v2:172.21.15.110:47334/0 (socket says 172.21.15.110:47334)
2024-04-22T21:23:10.779 INFO:teuthology.orchestra.run.smithi110.stdout:/usr/bin/ceph: stderr
2024-04-22T21:23:08.162+0000 7fa8362ca700 1 -- 172.21.15.110:0/2075858479 learned_addr learned my addr 172.21.15.110:0/2075858479 (peer_addr_for_me v2:172.21.15.110:0/0)
2024-04-22T21:23:10.779 INFO:teuthology.orchestra.run.smithi110.stdout:/usr/bin/ceph: stderr
2024-04-22T21:23:08.162+0000 7fa8362ca700 1 -- 172.21.15.110:0/2075858479 --> [v2:172.21.15.110:3300/0,v1:172.21.15.110:6789/0] -- mon_subscribe({config=0+,monmap=0+}) v3 -- 0x7fa82c0094f0 con 0x7fa830071220
2024-04-22T21:23:10.779 INFO:teuthology.orchestra.run.smithi110.stdout:/usr/bin/ceph: stderr
2024-04-22T21:23:08.163+0000 7fa8362ca700 1 --2- 172.21.15.110:0/2075858479 >> [v2:172.21.15.110:3300/0,v1:172.21.15.110:6789/0] conn(0x7fa830071220 0x7fa830111730 secure :-1 s=READY pgs=46 cs=0 l=1 rev1=1 crypto rx=0x7fa82c0090b0 tx=0x7fa82c009250 comp rx=0 tx=0).ready entity=mon.0 client_cookie=0 server_cookie=0 in_seq=0 out_seq=0
2024-04-22T21:23:10.779 INFO:teuthology.orchestra.run.smithi110.stdout:/usr/bin/ceph: stderr
2024-04-22T21:23:08.163+0000 7fa826ffd700 1 -- 172.21.15.110:0/2075858479 <== mon.0 v2:172.21.15.110:3300/0 1 ==== mon_map magic: 0 v1 ==== 229+0+0 (secure 0 0 0) 0x7fa82c010760 con 0x7fa830071220
2024-04-22T21:23:10.780 INFO:teuthology.orchestra.run.smithi110.stdout:/usr/bin/ceph: stderr
2024-04-22T21:23:08.163+0000 7fa83852e700 1 -- 172.21.15.110:0/2075858479 --> [v2:172.21.15.110:3300/0,v1:172.21.15.110:6789/0] -- mon_subscribe({mgrmap=0+}) v3 -- 0x7fa830111e70 con 0x7fa830071220
2024-04-22T21:23:10.780 INFO:teuthology.orchestra.run.smithi110.stdout:/usr/bin/ceph: stderr
2024-04-22T21:23:08.163+0000 7fa826ffd700 1 -- 172.21.15.110:0/2075858479 <== mon.0 v2:172.21.15.110:3300/0 2 ==== config(27 keys) v1 ==== 1044+0+0 (secure 0 0 0) 0x7fa82c010d50 con 0x7fa830071220
2024-04-22T21:23:10.780 INFO:teuthology.orchestra.run.smithi110.stdout:/usr/bin/ceph: stderr
2024-04-22T21:23:08.163+0000 7fa826ffd700 1 -- 172.21.15.110:0/2075858479 <== mon.0 v2:172.21.15.110:3300/0 3 ==== mon_map magic: 0 v1 ==== 229+0+0 (secure 0 0 0) 0x7fa82c01ace0 con 0x7fa830071220
2024-04-22T21:23:10.780 INFO:teuthology.orchestra.run.smithi110.stdout:/usr/bin/ceph: stderr
2024-04-22T21:23:08.163+0000 7fa83852e700 1 -- 172.21.15.110:0/2075858479 --> [v2:172.21.15.110:3300/0,v1:172.21.15.110:6789/0] -- mon_subscribe({osdmap=0}) v3 -- 0x7fa8301129e0 con 0x7fa830071220
2024-04-22T21:23:10.780 INFO:teuthology.orchestra.run.smithi110.stdout:/usr/bin/ceph: stderr
2024-04-22T21:23:08.163+0000 7fa826ffd700 1 -- 172.21.15.110:0/2075858479 <== mon.0 v2:172.21.15.110:3300/0 4 ==== mgrmap(e 8) v1 ==== 43376+0+0 (secure 0 0 0) 0x7fa82c02d3f0 con 0x7fa830071220
2024-04-22T21:23:10.780 INFO:teuthology.orchestra.run.smithi110.stdout:/usr/bin/ceph: stderr
2024-04-22T21:23:08.164+0000 7fa826ffd700 1 --2- 172.21.15.110:0/2075858479 >> [v2:172.21.15.110:6800/1702757835,v1:172.21.15.110:6801/1702757835] conn(0x7fa81c036790 0x7fa81c038c40 unknown :-1 s=NONE pgs=0 cs=0 l=1 rev1=0 crypto rx=0 tx=0 comp rx=0 tx=0).connect
2024-04-22T21:23:10.780 INFO:teuthology.orchestra.run.smithi110.stdout:/usr/bin/ceph: stderr
2024-04-22T21:23:08.164+0000 7fa826ffd700 1 -- 172.21.15.110:0/2075858479 <== mon.0 v2:172.21.15.110:3300/0 5 ==== osd_map(2..2 src has 1..2) v4 ==== 936+0+0 (secure 0 0 0) 0x7fa82c04a1b0 con 0x7fa830071220
2024-04-22T21:23:10.780 INFO:teuthology.orchestra.run.smithi110.stdout:/usr/bin/ceph: stderr
2024-04-22T21:23:08.164+0000 7fa83852e700 1 -- 172.21.15.110:0/2075858479 --> [v2:172.21.15.110:3300/0,v1:172.21.15.110:6789/0] -- mon_command({"prefix": "get_command_descriptions"} v 0) v1 -- 0x7fa83005f5f0 con 0x7fa830071220
2024-04-22T21:23:10.780 INFO:teuthology.orchestra.run.smithi110.stdout:/usr/bin/ceph: stderr
2024-04-22T21:23:08.164+0000 7fa835ac9700 1 --2- 172.21.15.110:0/2075858479 >> [v2:172.21.15.110:6800/1702757835,v1:172.21.15.110:6801/1702757835] conn(0x7fa81c036790 0x7fa81c038c40 unknown :-1 s=BANNER_CONNECTING pgs=0 cs=0 l=1 rev1=0 crypto rx=0 tx=0 comp rx=0 tx=0)._handle_peer_banner_payload supported=3 required=0
2024-04-22T21:23:10.780 INFO:teuthology.orchestra.run.smithi110.stdout:/usr/bin/ceph: stderr
2024-04-22T21:23:08.164+0000 7fa835ac9700 1 --2- 172.21.15.110:0/2075858479 >> [v2:172.21.15.110:6800/1702757835,v1:172.21.15.110:6801/1702757835] conn(0x7fa81c036790 0x7fa81c038c40 secure :-1 s=READY pgs=11 cs=0 l=1 rev1=1 crypto rx=0x7fa820009990 tx=0x7fa820006e40 comp rx=0 tx=0).ready entity=mgr.14120 client_cookie=0 server_cookie=0 in_seq=0 out_seq=0
2024-04-22T21:23:10.780 INFO:teuthology.orchestra.run.smithi110.stdout:/usr/bin/ceph: stderr
2024-04-22T21:23:08.168+0000 7fa826ffd700 1 -- 172.21.15.110:0/2075858479 <== mon.0 v2:172.21.15.110:3300/0 6 ==== mon_command_ack([{"prefix": "get_command_descriptions"}]=0 v0) v1 ==== 72+0+176702 (secure 0 0 0) 0x7fa82c02b8e0 con 0x7fa830071220
2024-04-22T21:23:10.780 INFO:teuthology.orchestra.run.smithi110.stdout:/usr/bin/ceph: stderr
2024-04-22T21:23:08.356+0000 7fa83852e700 1 -- 172.21.15.110:0/2075858479 --> [v2:172.21.15.110:6800/1702757835,v1:172.21.15.110:6801/1702757835] -- mgr_command(tid 0: {"prefix": "orch host add", "hostname": "smithi110", "addr": "172.21.15.110", "target": ["mon-mgr", ""]}) v1 -- 0x7fa8300fe3a0 con 0x7fa81c036790
2024-04-22T21:23:10.780 INFO:teuthology.orchestra.run.smithi110.stdout:/usr/bin/ceph: stderr
2024-04-22T21:23:10.190+0000 7fa826ffd700 1 -- 172.21.15.110:0/2075858479 <== mgr.14120 v2:172.21.15.110:6800/1702757835 1 ==== mgr_command_reply(tid 0: 0 ) v1 ==== 8+0+49 (secure 0 0 0) 0x7fa8300fe3a0 con 0x7fa81c036790
2024-04-22T21:23:10.780 INFO:teuthology.orchestra.run.smithi110.stdout:/usr/bin/ceph: stderr
2024-04-22T21:23:10.193+0000 7fa83852e700 1 -- 172.21.15.110:0/2075858479 >> [v2:172.21.15.110:6800/1702757835,v1:172.21.15.110:6801/1702757835] conn(0x7fa81c036790 msgr2=0x7fa81c038c40 secure :-1 s=STATE_CONNECTION_ESTABLISHED l=1).mark_down
2024-04-22T21:23:10.781 INFO:teuthology.orchestra.run.smithi110.stdout:/usr/bin/ceph: stderr
2024-04-22T21:23:10.193+0000 7fa83852e700 1 --2- 172.21.15.110:0/2075858479 >> [v2:172.21.15.110:6800/1702757835,v1:172.21.15.110:6801/1702757835] conn(0x7fa81c036790 0x7fa81c038c40 secure :-1 s=READY pgs=11 cs=0 l=1 rev1=1 crypto rx=0x7fa820009990 tx=0x7fa820006e40 comp rx=0 tx=0).stop
2024-04-22T21:23:10.781 INFO:teuthology.orchestra.run.smithi110.stdout:/usr/bin/ceph: stderr
2024-04-22T21:23:10.193+0000 7fa83852e700 1 -- 172.21.15.110:0/2075858479 >> [v2:172.21.15.110:3300/0,v1:172.21.15.110:6789/0] conn(0x7fa830071220 msgr2=0x7fa830111730 secure :-1 s=STATE_CONNECTION_ESTABLISHED l=1).mark_down
2024-04-22T21:23:10.781 INFO:teuthology.orchestra.run.smithi110.stdout:/usr/bin/ceph: stderr
2024-04-22T21:23:10.193+0000 7fa83852e700 1 --2- 172.21.15.110:0/2075858479 >> [v2:172.21.15.110:3300/0,v1:172.21.15.110:6789/0] conn(0x7fa830071220 0x7fa830111730 secure :-1 s=READY pgs=46 cs=0 l=1 rev1=1 crypto rx=0x7fa82c0090b0 tx=0x7fa82c009250 comp rx=0 tx=0).stop
2024-04-22T21:23:10.781 INFO:teuthology.orchestra.run.smithi110.stdout:/usr/bin/ceph: stderr
2024-04-22T21:23:10.193+0000 7fa83852e700 1 -- 172.21.15.110:0/2075858479 shutdown_connections
2024-04-22T21:23:10.781 INFO:teuthology.orchestra.run.smithi110.stdout:/usr/bin/ceph: stderr
2024-04-22T21:23:10.193+0000 7fa83852e700 1 --2- 172.21.15.110:0/2075858479 >> [v2:172.21.15.110:6800/1702757835,v1:172.21.15.110:6801/1702757835] conn(0x7fa81c036790 0x7fa81c038c40 unknown :-1 s=CLOSED pgs=11 cs=0 l=1 rev1=1 crypto rx=0 tx=0 comp rx=0 tx=0).stop
2024-04-22T21:23:10.781 INFO:teuthology.orchestra.run.smithi110.stdout:/usr/bin/ceph: stderr
2024-04-22T21:23:10.193+0000 7fa83852e700 1 --2- 172.21.15.110:0/2075858479 >> [v2:172.21.15.110:3300/0,v1:172.21.15.110:6789/0] conn(0x7fa830071220 0x7fa830111730 unknown :-1 s=CLOSED pgs=46 cs=0 l=1 rev1=1 crypto rx=0 tx=0 comp rx=0 tx=0).stop
2024-04-22T21:23:10.781 INFO:teuthology.orchestra.run.smithi110.stdout:/usr/bin/ceph: stderr
2024-04-22T21:23:10.193+0000 7fa83852e700 1 -- 172.21.15.110:0/2075858479 >> 172.21.15.110:0/2075858479 conn(0x7fa8300fcfb0 msgr2=0x7fa8300fdbb0 unknown :-1 s=STATE_NONE l=0).mark_down
2024-04-22T21:23:10.781 INFO:teuthology.orchestra.run.smithi110.stdout:/usr/bin/ceph: stderr
2024-04-22T21:23:10.193+0000 7fa83852e700 1 -- 172.21.15.110:0/2075858479 shutdown_connections
2024-04-22T21:23:10.781 INFO:teuthology.orchestra.run.smithi110.stdout:/usr/bin/ceph: stderr
2024-04-22T21:23:10.193+0000 7fa83852e700 1 -- 172.21.15.110:0/2075858479 wait complete.
2024-04-22T21:23:10.781 INFO:teuthology.orchestra.run.smithi110.stdout:Deploying mon service with default placement...
2024-04-22T21:23:11.383 INFO:journalctl@ceph.mon.smithi110.smithi110.stdout:Apr 22 21:23:11 smithi110 ceph-mon[26715]: from='mgr.14120 172.21.15.110:0/4120245410' entity='mgr.smithi110.axuhmb'
2024-04-22T21:23:11.383 INFO:journalctl@ceph.mon.smithi110.smithi110.stdout:Apr 22 21:23:11 smithi110 ceph-mon[26715]: Added host smithi110
2024-04-22T21:23:11.383 INFO:journalctl@ceph.mon.smithi110.smithi110.stdout:Apr 22 21:23:11 smithi110 ceph-mon[26715]: from='mgr.14120 172.21.15.110:0/4120245410' entity='mgr.smithi110.axuhmb' cmd=[{"prefix": "config dump", "format": "json"}]: dispatch
2024-04-22T21:23:12.205 INFO:teuthology.orchestra.run.smithi110.stdout:/usr/bin/ceph: stdout Scheduled mon update...
2024-04-22T21:23:12.205 INFO:teuthology.orchestra.run.smithi110.stdout:/usr/bin/ceph: stderr
2024-04-22T21:23:11.233+0000 7f0470385700 1 Processor -- start
2024-04-22T21:23:12.205 INFO:teuthology.orchestra.run.smithi110.stdout:/usr/bin/ceph: stderr
2024-04-22T21:23:11.233+0000 7f0470385700 1 -- start start
2024-04-22T21:23:12.205 INFO:teuthology.orchestra.run.smithi110.stdout:/usr/bin/ceph: stderr
2024-04-22T21:23:11.233+0000 7f0470385700 1 --2- >> [v2:172.21.15.110:3300/0,v1:172.21.15.110:6789/0] conn(0x7f0468102930 0x7f0468102d40 unknown :-1 s=NONE pgs=0 cs=0 l=0 rev1=0 crypto rx=0 tx=0 comp rx=0 tx=0).connect
2024-04-22T21:23:12.205 INFO:teuthology.orchestra.run.smithi110.stdout:/usr/bin/ceph: stderr
2024-04-22T21:23:11.233+0000 7f0470385700 1 -- --> [v2:172.21.15.110:3300/0,v1:172.21.15.110:6789/0] -- mon_getmap magic: 0 v1 -- 0x7f0468103280 con 0x7f0468102930
2024-04-22T21:23:12.205 INFO:teuthology.orchestra.run.smithi110.stdout:/usr/bin/ceph: stderr
2024-04-22T21:23:11.233+0000 7f046e121700 1 --2- >> [v2:172.21.15.110:3300/0,v1:172.21.15.110:6789/0] conn(0x7f0468102930 0x7f0468102d40 unknown :-1 s=BANNER_CONNECTING pgs=0 cs=0 l=0 rev1=0 crypto rx=0 tx=0 comp rx=0 tx=0)._handle_peer_banner_payload supported=3 required=0
2024-04-22T21:23:12.205 INFO:teuthology.orchestra.run.smithi110.stdout:/usr/bin/ceph: stderr
2024-04-22T21:23:11.233+0000 7f046e121700 1 --2- >> [v2:172.21.15.110:3300/0,v1:172.21.15.110:6789/0] conn(0x7f0468102930 0x7f0468102d40 unknown :-1 s=HELLO_CONNECTING pgs=0 cs=0 l=0 rev1=1 crypto rx=0 tx=0 comp rx=0 tx=0).handle_hello peer v2:172.21.15.110:3300/0 says I am v2:172.21.15.110:39054/0 (socket says 172.21.15.110:39054)
2024-04-22T21:23:12.205 INFO:teuthology.orchestra.run.smithi110.stdout:/usr/bin/ceph: stderr
2024-04-22T21:23:11.233+0000 7f046e121700 1 -- 172.21.15.110:0/2822311687 learned_addr learned my addr 172.21.15.110:0/2822311687 (peer_addr_for_me v2:172.21.15.110:0/0)
2024-04-22T21:23:12.206 INFO:teuthology.orchestra.run.smithi110.stdout:/usr/bin/ceph: stderr
2024-04-22T21:23:11.233+0000 7f046e121700 1 -- 172.21.15.110:0/2822311687 --> [v2:172.21.15.110:3300/0,v1:172.21.15.110:6789/0] -- mon_subscribe({config=0+,monmap=0+}) v3 -- 0x7f04681033c0 con 0x7f0468102930
2024-04-22T21:23:12.206 INFO:teuthology.orchestra.run.smithi110.stdout:/usr/bin/ceph: stderr
2024-04-22T21:23:11.234+0000 7f046e121700 1 --2- 172.21.15.110:0/2822311687 >> [v2:172.21.15.110:3300/0,v1:172.21.15.110:6789/0] conn(0x7f0468102930 0x7f0468102d40 secure :-1 s=READY pgs=47 cs=0 l=1 rev1=1 crypto rx=0x7f04640098e0 tx=0x7f0464009250 comp rx=0 tx=0).ready entity=mon.0 client_cookie=1c9faf1ffcc65e43 server_cookie=0 in_seq=0 out_seq=0
2024-04-22T21:23:12.206 INFO:teuthology.orchestra.run.smithi110.stdout:/usr/bin/ceph: stderr
2024-04-22T21:23:11.234+0000 7f046d11f700 1 -- 172.21.15.110:0/2822311687 <== mon.0 v2:172.21.15.110:3300/0 1 ==== mon_map magic: 0 v1 ==== 229+0+0 (secure 0 0 0) 0x7f046400b8f0 con 0x7f0468102930
2024-04-22T21:23:12.206 INFO:teuthology.orchestra.run.smithi110.stdout:/usr/bin/ceph: stderr
2024-04-22T21:23:11.234+0000 7f046d11f700 1 -- 172.21.15.110:0/2822311687 <== mon.0 v2:172.21.15.110:3300/0 2 ==== config(27 keys) v1 ==== 1044+0+0 (secure 0 0 0) 0x7f0464011420 con 0x7f0468102930
2024-04-22T21:23:12.206 INFO:teuthology.orchestra.run.smithi110.stdout:/usr/bin/ceph: stderr
2024-04-22T21:23:11.234+0000 7f046d11f700 1 -- 172.21.15.110:0/2822311687 <== mon.0 v2:172.21.15.110:3300/0 3 ==== mon_map magic: 0 v1 ==== 229+0+0 (secure 0 0 0) 0x7f0464010540 con 0x7f0468102930
2024-04-22T21:23:12.206 INFO:teuthology.orchestra.run.smithi110.stdout:/usr/bin/ceph: stderr
2024-04-22T21:23:11.234+0000 7f0470385700 1 -- 172.21.15.110:0/2822311687 >> [v2:172.21.15.110:3300/0,v1:172.21.15.110:6789/0] conn(0x7f0468102930 msgr2=0x7f0468102d40 secure :-1 s=STATE_CONNECTION_ESTABLISHED l=1).mark_down
2024-04-22T21:23:12.206 INFO:teuthology.orchestra.run.smithi110.stdout:/usr/bin/ceph: stderr
2024-04-22T21:23:11.234+0000 7f0470385700 1 --2- 172.21.15.110:0/2822311687 >> [v2:172.21.15.110:3300/0,v1:172.21.15.110:6789/0] conn(0x7f0468102930 0x7f0468102d40 secure :-1 s=READY pgs=47 cs=0 l=1 rev1=1 crypto rx=0x7f04640098e0 tx=0x7f0464009250 comp rx=0 tx=0).stop
2024-04-22T21:23:12.206 INFO:teuthology.orchestra.run.smithi110.stdout:/usr/bin/ceph: stderr
2024-04-22T21:23:11.234+0000 7f0470385700 1 -- 172.21.15.110:0/2822311687 shutdown_connections
2024-04-22T21:23:12.206 INFO:teuthology.orchestra.run.smithi110.stdout:/usr/bin/ceph: stderr
2024-04-22T21:23:11.234+0000 7f0470385700 1 --2- 172.21.15.110:0/2822311687 >> [v2:172.21.15.110:3300/0,v1:172.21.15.110:6789/0] conn(0x7f0468102930 0x7f0468102d40 unknown :-1 s=CLOSED pgs=47 cs=0 l=1 rev1=1 crypto rx=0 tx=0 comp rx=0 tx=0).stop
2024-04-22T21:23:12.206 INFO:teuthology.orchestra.run.smithi110.stdout:/usr/bin/ceph: stderr
2024-04-22T21:23:11.234+0000 7f0470385700 1 -- 172.21.15.110:0/2822311687 >> 172.21.15.110:0/2822311687 conn(0x7f04680fe140 msgr2=0x7f0468100550 unknown :-1 s=STATE_NONE l=0).mark_down
2024-04-22T21:23:12.206 INFO:teuthology.orchestra.run.smithi110.stdout:/usr/bin/ceph: stderr
2024-04-22T21:23:11.234+0000 7f0470385700 1 -- 172.21.15.110:0/2822311687 shutdown_connections
2024-04-22T21:23:12.206 INFO:teuthology.orchestra.run.smithi110.stdout:/usr/bin/ceph: stderr
2024-04-22T21:23:11.234+0000 7f0470385700 1 -- 172.21.15.110:0/2822311687 wait complete.
2024-04-22T21:23:12.206 INFO:teuthology.orchestra.run.smithi110.stdout:/usr/bin/ceph: stderr
2024-04-22T21:23:11.235+0000 7f0470385700 1 Processor -- start
2024-04-22T21:23:12.207 INFO:teuthology.orchestra.run.smithi110.stdout:/usr/bin/ceph: stderr
2024-04-22T21:23:11.235+0000 7f0470385700 1 -- start start
2024-04-22T21:23:12.207 INFO:teuthology.orchestra.run.smithi110.stdout:/usr/bin/ceph: stderr
2024-04-22T21:23:11.235+0000 7f0470385700 1 --2- >> [v2:172.21.15.110:3300/0,v1:172.21.15.110:6789/0] conn(0x7f0468102930 0x7f0468111750 unknown :-1 s=NONE pgs=0 cs=0 l=1 rev1=0 crypto rx=0 tx=0 comp rx=0 tx=0).connect
2024-04-22T21:23:12.207 INFO:teuthology.orchestra.run.smithi110.stdout:/usr/bin/ceph: stderr
2024-04-22T21:23:11.235+0000 7f0470385700 1 -- --> [v2:172.21.15.110:3300/0,v1:172.21.15.110:6789/0] -- mon_getmap magic: 0 v1 -- 0x7f0468111c90 con 0x7f0468102930
2024-04-22T21:23:12.207 INFO:teuthology.orchestra.run.smithi110.stdout:/usr/bin/ceph: stderr
2024-04-22T21:23:11.235+0000 7f046e121700 1 --2- >> [v2:172.21.15.110:3300/0,v1:172.21.15.110:6789/0] conn(0x7f0468102930 0x7f0468111750 unknown :-1 s=BANNER_CONNECTING pgs=0 cs=0 l=1 rev1=0 crypto rx=0 tx=0 comp rx=0 tx=0)._handle_peer_banner_payload supported=3 required=0
2024-04-22T21:23:12.207 INFO:teuthology.orchestra.run.smithi110.stdout:/usr/bin/ceph: stderr
2024-04-22T21:23:11.235+0000 7f046e121700 1 --2- >> [v2:172.21.15.110:3300/0,v1:172.21.15.110:6789/0] conn(0x7f0468102930 0x7f0468111750 unknown :-1 s=HELLO_CONNECTING pgs=0 cs=0 l=1 rev1=1 crypto rx=0 tx=0 comp rx=0 tx=0).handle_hello peer v2:172.21.15.110:3300/0 says I am v2:172.21.15.110:39068/0 (socket says 172.21.15.110:39068)
2024-04-22T21:23:12.207 INFO:teuthology.orchestra.run.smithi110.stdout:/usr/bin/ceph: stderr
2024-04-22T21:23:11.235+0000 7f046e121700 1 -- 172.21.15.110:0/598684581 learned_addr learned my addr 172.21.15.110:0/598684581 (peer_addr_for_me v2:172.21.15.110:0/0)
2024-04-22T21:23:12.207 INFO:teuthology.orchestra.run.smithi110.stdout:/usr/bin/ceph: stderr
2024-04-22T21:23:11.235+0000 7f046e121700 1 -- 172.21.15.110:0/598684581 --> [v2:172.21.15.110:3300/0,v1:172.21.15.110:6789/0] -- mon_subscribe({config=0+,monmap=0+}) v3 -- 0x7f04640094f0 con 0x7f0468102930
2024-04-22T21:23:12.207 INFO:teuthology.orchestra.run.smithi110.stdout:/usr/bin/ceph: stderr
2024-04-22T21:23:11.236+0000 7f046e121700 1 --2- 172.21.15.110:0/598684581 >> [v2:172.21.15.110:3300/0,v1:172.21.15.110:6789/0] conn(0x7f0468102930 0x7f0468111750 secure :-1 s=READY pgs=48 cs=0 l=1 rev1=1 crypto rx=0x7f0464011ef0 tx=0x7f0464009250 comp rx=0 tx=0).ready entity=mon.0 client_cookie=0 server_cookie=0 in_seq=0 out_seq=0
2024-04-22T21:23:12.207 INFO:teuthology.orchestra.run.smithi110.stdout:/usr/bin/ceph: stderr
2024-04-22T21:23:11.236+0000 7f045effd700 1 -- 172.21.15.110:0/598684581 <== mon.0 v2:172.21.15.110:3300/0 1 ==== mon_map magic: 0 v1 ==== 229+0+0 (secure 0 0 0) 0x7f0464010910 con 0x7f0468102930
2024-04-22T21:23:12.207 INFO:teuthology.orchestra.run.smithi110.stdout:/usr/bin/ceph: stderr
2024-04-22T21:23:11.236+0000 7f045effd700 1 -- 172.21.15.110:0/598684581 <== mon.0 v2:172.21.15.110:3300/0 2 ==== config(27 keys) v1 ==== 1044+0+0 (secure 0 0 0) 0x7f0464010f00 con 0x7f0468102930
2024-04-22T21:23:12.207 INFO:teuthology.orchestra.run.smithi110.stdout:/usr/bin/ceph: stderr
2024-04-22T21:23:11.236+0000 7f0470385700 1 -- 172.21.15.110:0/598684581 --> [v2:172.21.15.110:3300/0,v1:172.21.15.110:6789/0] -- mon_subscribe({mgrmap=0+}) v3 -- 0x7f0468111e90 con 0x7f0468102930
2024-04-22T21:23:12.207 INFO:teuthology.orchestra.run.smithi110.stdout:/usr/bin/ceph: stderr
2024-04-22T21:23:11.236+0000 7f045effd700 1 -- 172.21.15.110:0/598684581 <== mon.0 v2:172.21.15.110:3300/0 3 ==== mon_map magic: 0 v1 ==== 229+0+0 (secure 0 0 0) 0x7f046401ae50 con 0x7f0468102930
2024-04-22T21:23:12.207 INFO:teuthology.orchestra.run.smithi110.stdout:/usr/bin/ceph: stderr
2024-04-22T21:23:11.236+0000 7f0470385700 1 -- 172.21.15.110:0/598684581 --> [v2:172.21.15.110:3300/0,v1:172.21.15.110:6789/0] -- mon_subscribe({osdmap=0}) v3 -- 0x7f04681122a0 con 0x7f0468102930
2024-04-22T21:23:12.208 INFO:teuthology.orchestra.run.smithi110.stdout:/usr/bin/ceph: stderr
2024-04-22T21:23:11.237+0000 7f045effd700 1 -- 172.21.15.110:0/598684581 <== mon.0 v2:172.21.15.110:3300/0 4 ==== mgrmap(e 8) v1 ==== 43376+0+0 (secure 0 0 0) 0x7f0464010a70 con 0x7f0468102930
2024-04-22T21:23:12.208 INFO:teuthology.orchestra.run.smithi110.stdout:/usr/bin/ceph: stderr
2024-04-22T21:23:11.237+0000 7f045effd700 1 --2- 172.21.15.110:0/598684581 >> [v2:172.21.15.110:6800/1702757835,v1:172.21.15.110:6801/1702757835] conn(0x7f045403ab50 0x7f045403d000 unknown :-1 s=NONE pgs=0 cs=0 l=1 rev1=0 crypto rx=0 tx=0 comp rx=0 tx=0).connect
2024-04-22T21:23:12.208 INFO:teuthology.orchestra.run.smithi110.stdout:/usr/bin/ceph: stderr
2024-04-22T21:23:11.237+0000 7f0470385700 1 -- 172.21.15.110:0/598684581 --> [v2:172.21.15.110:3300/0,v1:172.21.15.110:6789/0] -- mon_command({"prefix": "get_command_descriptions"} v 0) v1 -- 0x7f046804bed0 con 0x7f0468102930
2024-04-22T21:23:12.208 INFO:teuthology.orchestra.run.smithi110.stdout:/usr/bin/ceph: stderr
2024-04-22T21:23:11.237+0000 7f045effd700 1 -- 172.21.15.110:0/598684581 <== mon.0 v2:172.21.15.110:3300/0 5 ==== osd_map(2..2 src has 1..2) v4 ==== 936+0+0 (secure 0 0 0) 0x7f046404a370 con 0x7f0468102930
2024-04-22T21:23:12.208 INFO:teuthology.orchestra.run.smithi110.stdout:/usr/bin/ceph: stderr
2024-04-22T21:23:11.237+0000 7f046d920700 1 --2- 172.21.15.110:0/598684581 >> [v2:172.21.15.110:6800/1702757835,v1:172.21.15.110:6801/1702757835] conn(0x7f045403ab50 0x7f045403d000 unknown :-1 s=BANNER_CONNECTING pgs=0 cs=0 l=1 rev1=0 crypto rx=0 tx=0 comp rx=0 tx=0)._handle_peer_banner_payload supported=3 required=0
2024-04-22T21:23:12.208 INFO:teuthology.orchestra.run.smithi110.stdout:/usr/bin/ceph: stderr
2024-04-22T21:23:11.237+0000 7f046d920700 1 --2- 172.21.15.110:0/598684581 >> [v2:172.21.15.110:6800/1702757835,v1:172.21.15.110:6801/1702757835] conn(0x7f045403ab50 0x7f045403d000 secure :-1 s=READY pgs=12 cs=0 l=1 rev1=1 crypto rx=0x7f0458009990 tx=0x7f0458006e40 comp rx=0 tx=0).ready entity=mgr.14120 client_cookie=0 server_cookie=0 in_seq=0 out_seq=0
2024-04-22T21:23:12.208 INFO:teuthology.orchestra.run.smithi110.stdout:/usr/bin/ceph: stderr
2024-04-22T21:23:11.242+0000 7f045effd700 1 -- 172.21.15.110:0/598684581 <== mon.0 v2:172.21.15.110:3300/0 6 ==== mon_command_ack([{"prefix": "get_command_descriptions"}]=0 v0) v1 ==== 72+0+176702 (secure 0 0 0) 0x7f046401a650 con 0x7f0468102930
2024-04-22T21:23:12.208 INFO:teuthology.orchestra.run.smithi110.stdout:/usr/bin/ceph: stderr
2024-04-22T21:23:11.445+0000 7f0470385700 1 -- 172.21.15.110:0/598684581 --> [v2:172.21.15.110:6800/1702757835,v1:172.21.15.110:6801/1702757835] -- mgr_command(tid 0: {"prefix": "orch apply", "service_type": "mon", "target": ["mon-mgr", ""]}) v1 -- 0x7f04680ff470 con 0x7f045403ab50
2024-04-22T21:23:12.208 INFO:teuthology.orchestra.run.smithi110.stdout:/usr/bin/ceph: stderr
2024-04-22T21:23:11.450+0000 7f045effd700 1 -- 172.21.15.110:0/598684581 <== mgr.14120 v2:172.21.15.110:6800/1702757835 1 ==== mgr_command_reply(tid 0: 0 ) v1 ==== 8+0+24 (secure 0 0 0) 0x7f04680ff470 con 0x7f045403ab50
2024-04-22T21:23:12.208 INFO:teuthology.orchestra.run.smithi110.stdout:/usr/bin/ceph: stderr
2024-04-22T21:23:11.452+0000 7f0470385700 1 -- 172.21.15.110:0/598684581 >> [v2:172.21.15.110:6800/1702757835,v1:172.21.15.110:6801/1702757835] conn(0x7f045403ab50 msgr2=0x7f045403d000 secure :-1 s=STATE_CONNECTION_ESTABLISHED l=1).mark_down
2024-04-22T21:23:12.208 INFO:teuthology.orchestra.run.smithi110.stdout:/usr/bin/ceph: stderr
2024-04-22T21:23:11.452+0000 7f0470385700 1 --2- 172.21.15.110:0/598684581 >> [v2:172.21.15.110:6800/1702757835,v1:172.21.15.110:6801/1702757835] conn(0x7f045403ab50 0x7f045403d000 secure :-1 s=READY pgs=12 cs=0 l=1 rev1=1 crypto rx=0x7f0458009990 tx=0x7f0458006e40 comp rx=0 tx=0).stop
2024-04-22T21:23:12.208 INFO:teuthology.orchestra.run.smithi110.stdout:/usr/bin/ceph: stderr
2024-04-22T21:23:11.452+0000 7f0470385700 1 -- 172.21.15.110:0/598684581 >> [v2:172.21.15.110:3300/0,v1:172.21.15.110:6789/0] conn(0x7f0468102930 msgr2=0x7f0468111750 secure :-1 s=STATE_CONNECTION_ESTABLISHED l=1).mark_down
2024-04-22T21:23:12.208 INFO:teuthology.orchestra.run.smithi110.stdout:/usr/bin/ceph: stderr
2024-04-22T21:23:11.452+0000 7f0470385700 1 --2- 172.21.15.110:0/598684581 >> [v2:172.21.15.110:3300/0,v1:172.21.15.110:6789/0] conn(0x7f0468102930 0x7f0468111750 secure :-1 s=READY pgs=48 cs=0 l=1 rev1=1 crypto rx=0x7f0464011ef0 tx=0x7f0464009250 comp rx=0 tx=0).stop
2024-04-22T21:23:12.209 INFO:teuthology.orchestra.run.smithi110.stdout:/usr/bin/ceph: stderr
2024-04-22T21:23:11.452+0000 7f0470385700 1 -- 172.21.15.110:0/598684581 shutdown_connections
2024-04-22T21:23:12.209 INFO:teuthology.orchestra.run.smithi110.stdout:/usr/bin/ceph: stderr
2024-04-22T21:23:11.452+0000 7f0470385700 1 --2- 172.21.15.110:0/598684581 >> [v2:172.21.15.110:6800/1702757835,v1:172.21.15.110:6801/1702757835] conn(0x7f045403ab50 0x7f045403d000 unknown :-1 s=CLOSED pgs=12 cs=0 l=1 rev1=1 crypto rx=0 tx=0 comp rx=0 tx=0).stop
2024-04-22T21:23:12.209 INFO:teuthology.orchestra.run.smithi110.stdout:/usr/bin/ceph: stderr
2024-04-22T21:23:11.452+0000 7f0470385700 1 --2- 172.21.15.110:0/598684581 >> [v2:172.21.15.110:3300/0,v1:172.21.15.110:6789/0] conn(0x7f0468102930 0x7f0468111750 unknown :-1 s=CLOSED pgs=48 cs=0 l=1 rev1=1 crypto rx=0 tx=0 comp rx=0 tx=0).stop
2024-04-22T21:23:12.209 INFO:teuthology.orchestra.run.smithi110.stdout:/usr/bin/ceph: stderr
2024-04-22T21:23:11.452+0000 7f0470385700 1 -- 172.21.15.110:0/598684581 >> 172.21.15.110:0/598684581 conn(0x7f04680fe140 msgr2=0x7f04680feca0 unknown :-1 s=STATE_NONE l=0).mark_down
2024-04-22T21:23:12.209 INFO:teuthology.orchestra.run.smithi110.stdout:/usr/bin/ceph: stderr
2024-04-22T21:23:11.452+0000 7f0470385700 1 -- 172.21.15.110:0/598684581 shutdown_connections
2024-04-22T21:23:12.209 INFO:teuthology.orchestra.run.smithi110.stdout:/usr/bin/ceph: stderr
2024-04-22T21:23:11.452+0000 7f0470385700 1 -- 172.21.15.110:0/598684581 wait complete.
2024-04-22T21:23:12.209 INFO:teuthology.orchestra.run.smithi110.stdout:Deploying mgr service with default placement...
2024-04-22T21:23:12.448 INFO:journalctl@ceph.mon.smithi110.smithi110.stdout:Apr 22 21:23:12 smithi110 ceph-mon[26715]: from='client.14142 -' entity='client.admin' cmd=[{"prefix": "orch apply", "service_type": "mon", "target": ["mon-mgr", ""]}]: dispatch
2024-04-22T21:23:12.448 INFO:journalctl@ceph.mon.smithi110.smithi110.stdout:Apr 22 21:23:12 smithi110 ceph-mon[26715]: Saving service mon spec with placement count:5
2024-04-22T21:23:12.448 INFO:journalctl@ceph.mon.smithi110.smithi110.stdout:Apr 22 21:23:12 smithi110 ceph-mon[26715]: from='mgr.14120 172.21.15.110:0/4120245410' entity='mgr.smithi110.axuhmb'
2024-04-22T21:23:14.269 INFO:teuthology.orchestra.run.smithi110.stdout:/usr/bin/ceph: stdout Scheduled mgr update...
2024-04-22T21:23:14.269 INFO:teuthology.orchestra.run.smithi110.stdout:/usr/bin/ceph: stderr
2024-04-22T21:23:13.494+0000 7fde39e7c700 1 Processor -- start
2024-04-22T21:23:14.269 INFO:teuthology.orchestra.run.smithi110.stdout:/usr/bin/ceph: stderr
2024-04-22T21:23:13.494+0000 7fde39e7c700 1 -- start start
2024-04-22T21:23:14.269 INFO:teuthology.orchestra.run.smithi110.stdout:/usr/bin/ceph: stderr
2024-04-22T21:23:13.494+0000 7fde39e7c700 1 --2- >> [v2:172.21.15.110:3300/0,v1:172.21.15.110:6789/0] conn(0x7fde34101dc0 0x7fde341021d0 unknown :-1 s=NONE pgs=0 cs=0 l=0 rev1=0 crypto rx=0 tx=0 comp rx=0 tx=0).connect
2024-04-22T21:23:14.269 INFO:teuthology.orchestra.run.smithi110.stdout:/usr/bin/ceph: stderr
2024-04-22T21:23:13.495+0000 7fde39e7c700 1 -- --> [v2:172.21.15.110:3300/0,v1:172.21.15.110:6789/0] -- mon_getmap magic: 0 v1 -- 0x7fde34102710 con 0x7fde34101dc0
2024-04-22T21:23:14.269 INFO:teuthology.orchestra.run.smithi110.stdout:/usr/bin/ceph: stderr
2024-04-22T21:23:13.495+0000 7fde337fe700 1 --2- >> [v2:172.21.15.110:3300/0,v1:172.21.15.110:6789/0] conn(0x7fde34101dc0 0x7fde341021d0 unknown :-1 s=BANNER_CONNECTING pgs=0 cs=0 l=0 rev1=0 crypto rx=0 tx=0 comp rx=0 tx=0)._handle_peer_banner_payload supported=3 required=0
2024-04-22T21:23:14.270 INFO:teuthology.orchestra.run.smithi110.stdout:/usr/bin/ceph: stderr
2024-04-22T21:23:13.495+0000 7fde337fe700 1 --2- >> [v2:172.21.15.110:3300/0,v1:172.21.15.110:6789/0] conn(0x7fde34101dc0 0x7fde341021d0 unknown :-1 s=HELLO_CONNECTING pgs=0 cs=0 l=0 rev1=1 crypto rx=0 tx=0 comp rx=0 tx=0).handle_hello peer v2:172.21.15.110:3300/0 says I am v2:172.21.15.110:39074/0 (socket says 172.21.15.110:39074)
2024-04-22T21:23:14.270 INFO:teuthology.orchestra.run.smithi110.stdout:/usr/bin/ceph: stderr
2024-04-22T21:23:13.495+0000 7fde337fe700 1 -- 172.21.15.110:0/1834291391 learned_addr learned my addr 172.21.15.110:0/1834291391 (peer_addr_for_me v2:172.21.15.110:0/0)
2024-04-22T21:23:14.270 INFO:teuthology.orchestra.run.smithi110.stdout:/usr/bin/ceph: stderr
2024-04-22T21:23:13.495+0000 7fde337fe700 1 -- 172.21.15.110:0/1834291391 --> [v2:172.21.15.110:3300/0,v1:172.21.15.110:6789/0] -- mon_subscribe({config=0+,monmap=0+}) v3 -- 0x7fde34102850 con 0x7fde34101dc0
2024-04-22T21:23:14.270 INFO:teuthology.orchestra.run.smithi110.stdout:/usr/bin/ceph: stderr
2024-04-22T21:23:13.495+0000 7fde337fe700 1 --2- 172.21.15.110:0/1834291391 >> [v2:172.21.15.110:3300/0,v1:172.21.15.110:6789/0] conn(0x7fde34101dc0 0x7fde341021d0 secure :-1 s=READY pgs=49 cs=0 l=1 rev1=1 crypto rx=0x7fde240098e0 tx=0x7fde24009250 comp rx=0 tx=0).ready entity=mon.0 client_cookie=a462c1528d7bcf28 server_cookie=0 in_seq=0 out_seq=0
2024-04-22T21:23:14.270 INFO:teuthology.orchestra.run.smithi110.stdout:/usr/bin/ceph: stderr
2024-04-22T21:23:13.495+0000 7fde327fc700 1 -- 172.21.15.110:0/1834291391 <== mon.0 v2:172.21.15.110:3300/0 1 ==== mon_map magic: 0 v1 ==== 229+0+0 (secure 0 0 0) 0x7fde2400b860 con 0x7fde34101dc0
2024-04-22T21:23:14.270 INFO:teuthology.orchestra.run.smithi110.stdout:/usr/bin/ceph: stderr
2024-04-22T21:23:13.495+0000 7fde327fc700 1 -- 172.21.15.110:0/1834291391 <== mon.0 v2:172.21.15.110:3300/0 2 ==== config(27 keys) v1 ==== 1109+0+0 (secure 0 0 0) 0x7fde2400be90 con 0x7fde34101dc0
2024-04-22T21:23:14.270 INFO:teuthology.orchestra.run.smithi110.stdout:/usr/bin/ceph: stderr
2024-04-22T21:23:13.495+0000 7fde327fc700 1 -- 172.21.15.110:0/1834291391 <== mon.0 v2:172.21.15.110:3300/0 3 ==== mon_map magic: 0 v1 ==== 229+0+0 (secure 0 0 0) 0x7fde240103c0 con 0x7fde34101dc0
2024-04-22T21:23:14.270 INFO:teuthology.orchestra.run.smithi110.stdout:/usr/bin/ceph: stderr
2024-04-22T21:23:13.496+0000 7fde39e7c700 1 -- 172.21.15.110:0/1834291391 >> [v2:172.21.15.110:3300/0,v1:172.21.15.110:6789/0] conn(0x7fde34101dc0 msgr2=0x7fde341021d0 secure :-1 s=STATE_CONNECTION_ESTABLISHED l=1).mark_down
2024-04-22T21:23:14.270 INFO:teuthology.orchestra.run.smithi110.stdout:/usr/bin/ceph: stderr
2024-04-22T21:23:13.496+0000 7fde39e7c700 1 --2- 172.21.15.110:0/1834291391 >> [v2:172.21.15.110:3300/0,v1:172.21.15.110:6789/0] conn(0x7fde34101dc0 0x7fde341021d0 secure :-1 s=READY pgs=49 cs=0 l=1 rev1=1 crypto rx=0x7fde240098e0 tx=0x7fde24009250 comp rx=0 tx=0).stop
2024-04-22T21:23:14.270 INFO:teuthology.orchestra.run.smithi110.stdout:/usr/bin/ceph: stderr
2024-04-22T21:23:13.496+0000 7fde39e7c700 1 -- 172.21.15.110:0/1834291391 shutdown_connections
2024-04-22T21:23:14.270 INFO:teuthology.orchestra.run.smithi110.stdout:/usr/bin/ceph: stderr
2024-04-22T21:23:13.496+0000 7fde39e7c700 1 --2- 172.21.15.110:0/1834291391 >> [v2:172.21.15.110:3300/0,v1:172.21.15.110:6789/0] conn(0x7fde34101dc0 0x7fde341021d0 unknown :-1 s=CLOSED pgs=49 cs=0 l=1 rev1=1 crypto rx=0 tx=0 comp rx=0 tx=0).stop
2024-04-22T21:23:14.270 INFO:teuthology.orchestra.run.smithi110.stdout:/usr/bin/ceph: stderr
2024-04-22T21:23:13.496+0000 7fde39e7c700 1 -- 172.21.15.110:0/1834291391 >> 172.21.15.110:0/1834291391 conn(0x7fde340fc730 msgr2=0x7fde340feb40 unknown :-1 s=STATE_NONE l=0).mark_down
2024-04-22T21:23:14.271 INFO:teuthology.orchestra.run.smithi110.stdout:/usr/bin/ceph: stderr
2024-04-22T21:23:13.496+0000 7fde39e7c700 1 -- 172.21.15.110:0/1834291391 shutdown_connections
2024-04-22T21:23:14.271 INFO:teuthology.orchestra.run.smithi110.stdout:/usr/bin/ceph: stderr
2024-04-22T21:23:13.496+0000 7fde39e7c700 1 -- 172.21.15.110:0/1834291391 wait complete.
2024-04-22T21:23:14.271 INFO:teuthology.orchestra.run.smithi110.stdout:/usr/bin/ceph: stderr
2024-04-22T21:23:13.497+0000 7fde39e7c700 1 Processor -- start
2024-04-22T21:23:14.271 INFO:teuthology.orchestra.run.smithi110.stdout:/usr/bin/ceph: stderr
2024-04-22T21:23:13.497+0000 7fde39e7c700 1 -- start start
2024-04-22T21:23:14.271 INFO:teuthology.orchestra.run.smithi110.stdout:/usr/bin/ceph: stderr
2024-04-22T21:23:13.497+0000 7fde39e7c700 1 --2- >> [v2:172.21.15.110:3300/0,v1:172.21.15.110:6789/0] conn(0x7fde34101dc0 0x7fde341105f0 unknown :-1 s=NONE pgs=0 cs=0 l=1 rev1=0 crypto rx=0 tx=0 comp rx=0 tx=0).connect
2024-04-22T21:23:14.271 INFO:teuthology.orchestra.run.smithi110.stdout:/usr/bin/ceph: stderr
2024-04-22T21:23:13.497+0000 7fde39e7c700 1 -- --> [v2:172.21.15.110:3300/0,v1:172.21.15.110:6789/0] -- mon_getmap magic: 0 v1 -- 0x7fde34110b30 con 0x7fde34101dc0
2024-04-22T21:23:14.271 INFO:teuthology.orchestra.run.smithi110.stdout:/usr/bin/ceph: stderr
2024-04-22T21:23:13.497+0000 7fde337fe700 1 --2- >> [v2:172.21.15.110:3300/0,v1:172.21.15.110:6789/0] conn(0x7fde34101dc0 0x7fde341105f0 unknown :-1 s=BANNER_CONNECTING pgs=0 cs=0 l=1 rev1=0 crypto rx=0 tx=0 comp rx=0 tx=0)._handle_peer_banner_payload supported=3 required=0
2024-04-22T21:23:14.271 INFO:teuthology.orchestra.run.smithi110.stdout:/usr/bin/ceph: stderr
2024-04-22T21:23:13.497+0000 7fde337fe700 1 --2- >> [v2:172.21.15.110:3300/0,v1:172.21.15.110:6789/0] conn(0x7fde34101dc0 0x7fde341105f0 unknown :-1 s=HELLO_CONNECTING pgs=0 cs=0 l=1 rev1=1 crypto rx=0 tx=0 comp rx=0 tx=0).handle_hello peer v2:172.21.15.110:3300/0 says I am v2:172.21.15.110:39086/0 (socket says 172.21.15.110:39086)
2024-04-22T21:23:14.271 INFO:teuthology.orchestra.run.smithi110.stdout:/usr/bin/ceph: stderr
2024-04-22T21:23:13.497+0000 7fde337fe700 1 -- 172.21.15.110:0/492449588 learned_addr learned my addr 172.21.15.110:0/492449588 (peer_addr_for_me v2:172.21.15.110:0/0)
2024-04-22T21:23:14.271 INFO:teuthology.orchestra.run.smithi110.stdout:/usr/bin/ceph: stderr
2024-04-22T21:23:13.497+0000 7fde337fe700 1 -- 172.21.15.110:0/492449588 --> [v2:172.21.15.110:3300/0,v1:172.21.15.110:6789/0] -- mon_subscribe({config=0+,monmap=0+}) v3 -- 0x7fde240094f0 con 0x7fde34101dc0
2024-04-22T21:23:14.271 INFO:teuthology.orchestra.run.smithi110.stdout:/usr/bin/ceph: stderr
2024-04-22T21:23:13.498+0000 7fde337fe700 1 --2- 172.21.15.110:0/492449588 >> [v2:172.21.15.110:3300/0,v1:172.21.15.110:6789/0] conn(0x7fde34101dc0 0x7fde341105f0 secure :-1 s=READY pgs=50 cs=0 l=1 rev1=1 crypto rx=0x7fde24011680 tx=0x7fde24009250 comp rx=0 tx=0).ready entity=mon.0 client_cookie=0 server_cookie=0 in_seq=0 out_seq=0
2024-04-22T21:23:14.271 INFO:teuthology.orchestra.run.smithi110.stdout:/usr/bin/ceph: stderr
2024-04-22T21:23:13.498+0000 7fde1bfff700 1 -- 172.21.15.110:0/492449588 <== mon.0 v2:172.21.15.110:3300/0 1 ==== mon_map magic: 0 v1 ==== 229+0+0 (secure 0 0 0) 0x7fde24010890 con 0x7fde34101dc0
2024-04-22T21:23:14.271 INFO:teuthology.orchestra.run.smithi110.stdout:/usr/bin/ceph: stderr
2024-04-22T21:23:13.498+0000 7fde1bfff700 1 -- 172.21.15.110:0/492449588 <== mon.0 v2:172.21.15.110:3300/0 2 ==== config(27 keys) v1 ==== 1109+0+0 (secure 0 0 0) 0x7fde24010ec0 con 0x7fde34101dc0
2024-04-22T21:23:14.271 INFO:teuthology.orchestra.run.smithi110.stdout:/usr/bin/ceph: stderr
2024-04-22T21:23:13.498+0000 7fde1bfff700 1 -- 172.21.15.110:0/492449588 <== mon.0 v2:172.21.15.110:3300/0 3 ==== mon_map magic: 0 v1 ==== 229+0+0 (secure 0 0 0) 0x7fde240243f0 con 0x7fde34101dc0
2024-04-22T21:23:14.272 INFO:teuthology.orchestra.run.smithi110.stdout:/usr/bin/ceph: stderr
2024-04-22T21:23:13.498+0000 7fde39e7c700 1 -- 172.21.15.110:0/492449588 --> [v2:172.21.15.110:3300/0,v1:172.21.15.110:6789/0] -- mon_subscribe({mgrmap=0+}) v3 -- 0x7fde34110d30 con 0x7fde34101dc0
2024-04-22T21:23:14.272 INFO:teuthology.orchestra.run.smithi110.stdout:/usr/bin/ceph: stderr
2024-04-22T21:23:13.498+0000 7fde39e7c700 1 -- 172.21.15.110:0/492449588 --> [v2:172.21.15.110:3300/0,v1:172.21.15.110:6789/0] -- mon_subscribe({osdmap=0}) v3 -- 0x7fde341118a0 con 0x7fde34101dc0
2024-04-22T21:23:14.272 INFO:teuthology.orchestra.run.smithi110.stdout:/usr/bin/ceph: stderr
2024-04-22T21:23:13.499+0000 7fde1bfff700 1 -- 172.21.15.110:0/492449588 <== mon.0 v2:172.21.15.110:3300/0 4 ==== mgrmap(e 8) v1 ==== 43376+0+0 (secure 0 0 0) 0x7fde2402d3f0 con 0x7fde34101dc0
2024-04-22T21:23:14.272 INFO:teuthology.orchestra.run.smithi110.stdout:/usr/bin/ceph: stderr
2024-04-22T21:23:13.499+0000 7fde39e7c700 1 -- 172.21.15.110:0/492449588 --> [v2:172.21.15.110:3300/0,v1:172.21.15.110:6789/0] -- mon_command({"prefix": "get_command_descriptions"} v 0) v1 -- 0x7fde3405f5f0 con 0x7fde34101dc0
2024-04-22T21:23:14.272 INFO:teuthology.orchestra.run.smithi110.stdout:/usr/bin/ceph: stderr
2024-04-22T21:23:13.499+0000 7fde1bfff700 1 --2- 172.21.15.110:0/492449588 >> [v2:172.21.15.110:6800/1702757835,v1:172.21.15.110:6801/1702757835] conn(0x7fde1c0367e0 0x7fde1c038c90 unknown :-1 s=NONE pgs=0 cs=0 l=1 rev1=0 crypto rx=0 tx=0 comp rx=0 tx=0).connect
2024-04-22T21:23:14.272 INFO:teuthology.orchestra.run.smithi110.stdout:/usr/bin/ceph: stderr
2024-04-22T21:23:13.499+0000 7fde1bfff700 1 -- 172.21.15.110:0/492449588 <== mon.0 v2:172.21.15.110:3300/0 5 ==== osd_map(2..2 src has 1..2) v4 ==== 936+0+0 (secure 0 0 0) 0x7fde2404a220 con 0x7fde34101dc0
2024-04-22T21:23:14.272 INFO:teuthology.orchestra.run.smithi110.stdout:/usr/bin/ceph: stderr
2024-04-22T21:23:13.499+0000 7fde32ffd700 1 --2- 172.21.15.110:0/492449588 >> [v2:172.21.15.110:6800/1702757835,v1:172.21.15.110:6801/1702757835] conn(0x7fde1c0367e0 0x7fde1c038c90 unknown :-1 s=BANNER_CONNECTING pgs=0 cs=0 l=1 rev1=0 crypto rx=0 tx=0 comp rx=0 tx=0)._handle_peer_banner_payload supported=3 required=0
2024-04-22T21:23:14.272 INFO:teuthology.orchestra.run.smithi110.stdout:/usr/bin/ceph: stderr
2024-04-22T21:23:13.500+0000 7fde32ffd700 1 --2- 172.21.15.110:0/492449588 >> [v2:172.21.15.110:6800/1702757835,v1:172.21.15.110:6801/1702757835] conn(0x7fde1c0367e0 0x7fde1c038c90 secure :-1 s=READY pgs=13 cs=0 l=1 rev1=1 crypto rx=0x7fde28009990 tx=0x7fde28006e40 comp rx=0 tx=0).ready entity=mgr.14120 client_cookie=0 server_cookie=0 in_seq=0 out_seq=0
2024-04-22T21:23:14.272 INFO:teuthology.orchestra.run.smithi110.stdout:/usr/bin/ceph: stderr
2024-04-22T21:23:13.504+0000 7fde1bfff700 1 -- 172.21.15.110:0/492449588 <== mon.0 v2:172.21.15.110:3300/0 6 ==== mon_command_ack([{"prefix": "get_command_descriptions"}]=0 v0) v1 ==== 72+0+176702 (secure 0 0 0) 0x7fde2402b8e0 con 0x7fde34101dc0
2024-04-22T21:23:14.272 INFO:teuthology.orchestra.run.smithi110.stdout:/usr/bin/ceph: stderr
