2024-04-22T21:22:55.668+0000 7f1f89149700 1 --2- >> [v2:172.21.15.110:3300/0,v1:172.21.15.110:6789/0] conn(0x7f1f84100c80 0x7f1f841116c0 unknown :-1 s=BANNER_CONNECTING pgs=0 cs=0 l=1 rev1=0 crypto rx=0 tx=0 comp rx=0 tx=0)._handle_peer_banner_payload supported=3 required=0
2024-04-22T21:22:56.504 INFO:teuthology.orchestra.run.smithi110.stdout:/usr/bin/ceph: stderr
2024-04-22T21:22:55.668+0000 7f1f89149700 1 --2- >> [v2:172.21.15.110:3300/0,v1:172.21.15.110:6789/0] conn(0x7f1f84100c80 0x7f1f841116c0 unknown :-1 s=HELLO_CONNECTING pgs=0 cs=0 l=1 rev1=1 crypto rx=0 tx=0 comp rx=0 tx=0).handle_hello peer v2:172.21.15.110:3300/0 says I am v2:172.21.15.110:39400/0 (socket says 172.21.15.110:39400)
2024-04-22T21:22:56.504 INFO:teuthology.orchestra.run.smithi110.stdout:/usr/bin/ceph: stderr
2024-04-22T21:22:55.668+0000 7f1f89149700 1 -- 172.21.15.110:0/2640320240 learned_addr learned my addr 172.21.15.110:0/2640320240 (peer_addr_for_me v2:172.21.15.110:0/0)
2024-04-22T21:22:56.504 INFO:teuthology.orchestra.run.smithi110.stdout:/usr/bin/ceph: stderr
2024-04-22T21:22:55.668+0000 7f1f89149700 1 -- 172.21.15.110:0/2640320240 --> [v2:172.21.15.110:3300/0,v1:172.21.15.110:6789/0] -- mon_subscribe({config=0+,monmap=0+}) v3 -- 0x7f1f800094f0 con 0x7f1f84100c80
2024-04-22T21:22:56.504 INFO:teuthology.orchestra.run.smithi110.stdout:/usr/bin/ceph: stderr
2024-04-22T21:22:55.668+0000 7f1f89149700 1 --2- 172.21.15.110:0/2640320240 >> [v2:172.21.15.110:3300/0,v1:172.21.15.110:6789/0] conn(0x7f1f84100c80 0x7f1f841116c0 secure :-1 s=READY pgs=27 cs=0 l=1 rev1=1 crypto rx=0x7f1f80003050 tx=0x7f1f80009250 comp rx=0 tx=0).ready entity=mon.0 client_cookie=0 server_cookie=0 in_seq=0 out_seq=0
2024-04-22T21:22:56.504 INFO:teuthology.orchestra.run.smithi110.stdout:/usr/bin/ceph: stderr
2024-04-22T21:22:55.668+0000 7f1f79ffb700 1 -- 172.21.15.110:0/2640320240 <== mon.0 v2:172.21.15.110:3300/0 1 ==== mon_map magic: 0 v1 ==== 229+0+0 (secure 0 0 0) 0x7f1f80010760 con 0x7f1f84100c80
2024-04-22T21:22:56.504 INFO:teuthology.orchestra.run.smithi110.stdout:/usr/bin/ceph: stderr
2024-04-22T21:22:55.668+0000 7f1f8b3ad700 1 -- 172.21.15.110:0/2640320240 --> [v2:172.21.15.110:3300/0,v1:172.21.15.110:6789/0] -- mon_subscribe({mgrmap=0+}) v3 -- 0x7f1f84111e00 con 0x7f1f84100c80
2024-04-22T21:22:56.504 INFO:teuthology.orchestra.run.smithi110.stdout:/usr/bin/ceph: stderr
2024-04-22T21:22:55.668+0000 7f1f79ffb700 1 -- 172.21.15.110:0/2640320240 <== mon.0 v2:172.21.15.110:3300/0 2 ==== config(27 keys) v1 ==== 1044+0+0 (secure 0 0 0) 0x7f1f80010d50 con 0x7f1f84100c80
2024-04-22T21:22:56.504 INFO:teuthology.orchestra.run.smithi110.stdout:/usr/bin/ceph: stderr
2024-04-22T21:22:55.668+0000 7f1f79ffb700 1 -- 172.21.15.110:0/2640320240 <== mon.0 v2:172.21.15.110:3300/0 3 ==== mon_map magic: 0 v1 ==== 229+0+0 (secure 0 0 0) 0x7f1f8001ae20 con 0x7f1f84100c80
2024-04-22T21:22:56.504 INFO:teuthology.orchestra.run.smithi110.stdout:/usr/bin/ceph: stderr
2024-04-22T21:22:55.669+0000 7f1f8b3ad700 1 -- 172.21.15.110:0/2640320240 --> [v2:172.21.15.110:3300/0,v1:172.21.15.110:6789/0] -- mon_subscribe({osdmap=0}) v3 -- 0x7f1f84112970 con 0x7f1f84100c80
2024-04-22T21:22:56.504 INFO:teuthology.orchestra.run.smithi110.stdout:/usr/bin/ceph: stderr
2024-04-22T21:22:55.669+0000 7f1f8b3ad700 1 -- 172.21.15.110:0/2640320240 --> [v2:172.21.15.110:3300/0,v1:172.21.15.110:6789/0] -- mon_command({"prefix": "get_command_descriptions"} v 0) v1 -- 0x7f1f8405f5f0 con 0x7f1f84100c80
2024-04-22T21:22:56.504 INFO:teuthology.orchestra.run.smithi110.stdout:/usr/bin/ceph: stderr
2024-04-22T21:22:55.670+0000 7f1f79ffb700 1 -- 172.21.15.110:0/2640320240 <== mon.0 v2:172.21.15.110:3300/0 4 ==== mgrmap(e 5) v1 ==== 43376+0+0 (secure 0 0 0) 0x7f1f800108c0 con 0x7f1f84100c80
2024-04-22T21:22:56.504 INFO:teuthology.orchestra.run.smithi110.stdout:/usr/bin/ceph: stderr
2024-04-22T21:22:55.670+0000 7f1f79ffb700 1 --2- 172.21.15.110:0/2640320240 >> [v2:172.21.15.110:6800/2001754843,v1:172.21.15.110:6801/2001754843] conn(0x7f1f700367e0 0x7f1f70038c90 unknown :-1 s=NONE pgs=0 cs=0 l=1 rev1=0 crypto rx=0 tx=0 comp rx=0 tx=0).connect
2024-04-22T21:22:56.505 INFO:teuthology.orchestra.run.smithi110.stdout:/usr/bin/ceph: stderr
2024-04-22T21:22:55.670+0000 7f1f79ffb700 1 -- 172.21.15.110:0/2640320240 <== mon.0 v2:172.21.15.110:3300/0 5 ==== osd_map(1..1 src has 1..1) v4 ==== 721+0+0 (secure 0 0 0) 0x7f1f8004a4e0 con 0x7f1f84100c80
2024-04-22T21:22:56.505 INFO:teuthology.orchestra.run.smithi110.stdout:/usr/bin/ceph: stderr
2024-04-22T21:22:55.670+0000 7f1f88948700 1 -- 172.21.15.110:0/2640320240 >> [v2:172.21.15.110:6800/2001754843,v1:172.21.15.110:6801/2001754843] conn(0x7f1f700367e0 msgr2=0x7f1f70038c90 unknown :-1 s=STATE_CONNECTING_RE l=1).process reconnect failed to v2:172.21.15.110:6800/2001754843
2024-04-22T21:22:56.505 INFO:teuthology.orchestra.run.smithi110.stdout:/usr/bin/ceph: stderr
2024-04-22T21:22:55.670+0000 7f1f88948700 1 --2- 172.21.15.110:0/2640320240 >> [v2:172.21.15.110:6800/2001754843,v1:172.21.15.110:6801/2001754843] conn(0x7f1f700367e0 0x7f1f70038c90 unknown :-1 s=START_CONNECT pgs=0 cs=0 l=1 rev1=0 crypto rx=0 tx=0 comp rx=0 tx=0)._fault waiting 0.200000
2024-04-22T21:22:56.505 INFO:teuthology.orchestra.run.smithi110.stdout:/usr/bin/ceph: stderr
2024-04-22T21:22:55.678+0000 7f1f79ffb700 1 -- 172.21.15.110:0/2640320240 <== mon.0 v2:172.21.15.110:3300/0 6 ==== mon_command_ack([{"prefix": "get_command_descriptions"}]=0 v0) v1 ==== 72+0+176702 (secure 0 0 0) 0x7f1f8001a6a0 con 0x7f1f84100c80
2024-04-22T21:22:56.505 INFO:teuthology.orchestra.run.smithi110.stdout:/usr/bin/ceph: stderr
2024-04-22T21:22:55.871+0000 7f1f88948700 1 -- 172.21.15.110:0/2640320240 >> [v2:172.21.15.110:6800/2001754843,v1:172.21.15.110:6801/2001754843] conn(0x7f1f700367e0 msgr2=0x7f1f70038c90 unknown :-1 s=STATE_CONNECTING_RE l=1).process reconnect failed to v2:172.21.15.110:6800/2001754843
2024-04-22T21:22:56.505 INFO:teuthology.orchestra.run.smithi110.stdout:/usr/bin/ceph: stderr
2024-04-22T21:22:55.871+0000 7f1f88948700 1 --2- 172.21.15.110:0/2640320240 >> [v2:172.21.15.110:6800/2001754843,v1:172.21.15.110:6801/2001754843] conn(0x7f1f700367e0 0x7f1f70038c90 unknown :-1 s=START_CONNECT pgs=0 cs=0 l=1 rev1=0 crypto rx=0 tx=0 comp rx=0 tx=0)._fault waiting 0.400000
2024-04-22T21:22:56.505 INFO:teuthology.orchestra.run.smithi110.stdout:/usr/bin/ceph: stderr
2024-04-22T21:22:55.957+0000 7f1f8b3ad700 1 -- 172.21.15.110:0/2640320240 --> [v2:172.21.15.110:3300/0,v1:172.21.15.110:6789/0] -- mon_command({"prefix": "mgr stat"} v 0) v1 -- 0x7f1f84112d10 con 0x7f1f84100c80
2024-04-22T21:22:56.505 INFO:teuthology.orchestra.run.smithi110.stdout:/usr/bin/ceph: stderr
2024-04-22T21:22:55.958+0000 7f1f79ffb700 1 -- 172.21.15.110:0/2640320240 <== mon.0 v2:172.21.15.110:3300/0 7 ==== mon_command_ack([{"prefix": "mgr stat"}]=0 v5) v1 ==== 56+0+103 (secure 0 0 0) 0x7f1f80018350 con 0x7f1f84100c80
2024-04-22T21:22:56.505 INFO:teuthology.orchestra.run.smithi110.stdout:/usr/bin/ceph: stderr
2024-04-22T21:22:55.960+0000 7f1f8b3ad700 1 -- 172.21.15.110:0/2640320240 >> [v2:172.21.15.110:6800/2001754843,v1:172.21.15.110:6801/2001754843] conn(0x7f1f700367e0 msgr2=0x7f1f70038c90 unknown :-1 s=STATE_CONNECTING l=1).mark_down
2024-04-22T21:22:56.505 INFO:teuthology.orchestra.run.smithi110.stdout:/usr/bin/ceph: stderr
2024-04-22T21:22:55.960+0000 7f1f8b3ad700 1 --2- 172.21.15.110:0/2640320240 >> [v2:172.21.15.110:6800/2001754843,v1:172.21.15.110:6801/2001754843] conn(0x7f1f700367e0 0x7f1f70038c90 unknown :-1 s=START_CONNECT pgs=0 cs=0 l=1 rev1=0 crypto rx=0 tx=0 comp rx=0 tx=0).stop
2024-04-22T21:22:56.505 INFO:teuthology.orchestra.run.smithi110.stdout:/usr/bin/ceph: stderr
2024-04-22T21:22:55.960+0000 7f1f8b3ad700 1 -- 172.21.15.110:0/2640320240 >> [v2:172.21.15.110:3300/0,v1:172.21.15.110:6789/0] conn(0x7f1f84100c80 msgr2=0x7f1f841116c0 secure :-1 s=STATE_CONNECTION_ESTABLISHED l=1).mark_down
2024-04-22T21:22:56.505 INFO:teuthology.orchestra.run.smithi110.stdout:/usr/bin/ceph: stderr
2024-04-22T21:22:55.960+0000 7f1f8b3ad700 1 --2- 172.21.15.110:0/2640320240 >> [v2:172.21.15.110:3300/0,v1:172.21.15.110:6789/0] conn(0x7f1f84100c80 0x7f1f841116c0 secure :-1 s=READY pgs=27 cs=0 l=1 rev1=1 crypto rx=0x7f1f80003050 tx=0x7f1f80009250 comp rx=0 tx=0).stop
2024-04-22T21:22:56.506 INFO:teuthology.orchestra.run.smithi110.stdout:/usr/bin/ceph: stderr
2024-04-22T21:22:55.960+0000 7f1f8b3ad700 1 -- 172.21.15.110:0/2640320240 shutdown_connections
2024-04-22T21:22:56.506 INFO:teuthology.orchestra.run.smithi110.stdout:/usr/bin/ceph: stderr
2024-04-22T21:22:55.960+0000 7f1f8b3ad700 1 --2- 172.21.15.110:0/2640320240 >> [v2:172.21.15.110:6800/2001754843,v1:172.21.15.110:6801/2001754843] conn(0x7f1f700367e0 0x7f1f70038c90 unknown :-1 s=CLOSED pgs=0 cs=0 l=1 rev1=0 crypto rx=0 tx=0 comp rx=0 tx=0).stop
2024-04-22T21:22:56.506 INFO:teuthology.orchestra.run.smithi110.stdout:/usr/bin/ceph: stderr
2024-04-22T21:22:55.960+0000 7f1f8b3ad700 1 --2- 172.21.15.110:0/2640320240 >> [v2:172.21.15.110:3300/0,v1:172.21.15.110:6789/0] conn(0x7f1f84100c80 0x7f1f841116c0 unknown :-1 s=CLOSED pgs=27 cs=0 l=1 rev1=1 crypto rx=0 tx=0 comp rx=0 tx=0).stop
2024-04-22T21:22:56.506 INFO:teuthology.orchestra.run.smithi110.stdout:/usr/bin/ceph: stderr
2024-04-22T21:22:55.960+0000 7f1f8b3ad700 1 -- 172.21.15.110:0/2640320240 >> 172.21.15.110:0/2640320240 conn(0x7f1f840fc760 msgr2=0x7f1f840fd2c0 unknown :-1 s=STATE_NONE l=0).mark_down
2024-04-22T21:22:56.506 INFO:teuthology.orchestra.run.smithi110.stdout:/usr/bin/ceph: stderr
2024-04-22T21:22:55.960+0000 7f1f8b3ad700 1 -- 172.21.15.110:0/2640320240 shutdown_connections
2024-04-22T21:22:56.506 INFO:teuthology.orchestra.run.smithi110.stdout:/usr/bin/ceph: stderr
2024-04-22T21:22:55.960+0000 7f1f8b3ad700 1 -- 172.21.15.110:0/2640320240 wait complete.
2024-04-22T21:22:56.506 INFO:teuthology.orchestra.run.smithi110.stdout:Waiting for the mgr to restart...
2024-04-22T21:22:56.506 INFO:teuthology.orchestra.run.smithi110.stdout:Waiting for mgr epoch 5...
2024-04-22T21:22:56.853 INFO:journalctl@ceph.mon.smithi110.smithi110.stdout:Apr 22 21:22:56 smithi110 ceph-mon[26715]: from='client.? 172.21.15.110:0/2640320240' entity='client.admin' cmd=[{"prefix": "mgr stat"}]: dispatch
2024-04-22T21:23:01.198 INFO:journalctl@ceph.mon.smithi110.smithi110.stdout:Apr 22 21:23:01 smithi110 ceph-mon[26715]: Active manager daemon smithi110.axuhmb restarted
2024-04-22T21:23:01.198 INFO:journalctl@ceph.mon.smithi110.smithi110.stdout:Apr 22 21:23:01 smithi110 ceph-mon[26715]: Activating manager daemon smithi110.axuhmb
2024-04-22T21:23:01.198 INFO:journalctl@ceph.mon.smithi110.smithi110.stdout:Apr 22 21:23:01 smithi110 ceph-mon[26715]: osdmap e2: 0 total, 0 up, 0 in
2024-04-22T21:23:01.198 INFO:journalctl@ceph.mon.smithi110.smithi110.stdout:Apr 22 21:23:01 smithi110 ceph-mon[26715]: mgrmap e6: smithi110.axuhmb(active, starting, since 0.00302932s)
2024-04-22T21:23:01.199 INFO:journalctl@ceph.mon.smithi110.smithi110.stdout:Apr 22 21:23:01 smithi110 ceph-mon[26715]: from='mgr.14120 172.21.15.110:0/4120245410' entity='mgr.smithi110.axuhmb' cmd=[{"prefix": "mon metadata", "id": "smithi110"}]: dispatch
2024-04-22T21:23:01.199 INFO:journalctl@ceph.mon.smithi110.smithi110.stdout:Apr 22 21:23:01 smithi110 ceph-mon[26715]: from='mgr.14120 172.21.15.110:0/4120245410' entity='mgr.smithi110.axuhmb' cmd=[{"prefix": "mgr metadata", "who": "smithi110.axuhmb", "id": "smithi110.axuhmb"}]: dispatch
2024-04-22T21:23:01.199 INFO:journalctl@ceph.mon.smithi110.smithi110.stdout:Apr 22 21:23:01 smithi110 ceph-mon[26715]: from='mgr.14120 172.21.15.110:0/4120245410' entity='mgr.smithi110.axuhmb' cmd=[{"prefix": "mds metadata"}]: dispatch
2024-04-22T21:23:01.199 INFO:journalctl@ceph.mon.smithi110.smithi110.stdout:Apr 22 21:23:01 smithi110 ceph-mon[26715]: from='mgr.14120 172.21.15.110:0/4120245410' entity='mgr.smithi110.axuhmb' cmd=[{"prefix": "osd metadata"}]: dispatch
2024-04-22T21:23:01.199 INFO:journalctl@ceph.mon.smithi110.smithi110.stdout:Apr 22 21:23:01 smithi110 ceph-mon[26715]: from='mgr.14120 172.21.15.110:0/4120245410' entity='mgr.smithi110.axuhmb' cmd=[{"prefix": "mon metadata"}]: dispatch
2024-04-22T21:23:01.199 INFO:journalctl@ceph.mon.smithi110.smithi110.stdout:Apr 22 21:23:01 smithi110 ceph-mon[26715]: Manager daemon smithi110.axuhmb is now available
2024-04-22T21:23:01.199 INFO:journalctl@ceph.mon.smithi110.smithi110.stdout:Apr 22 21:23:01 smithi110 ceph-mon[26715]: from='mgr.14120 172.21.15.110:0/4120245410' entity='mgr.smithi110.axuhmb'
2024-04-22T21:23:01.199 INFO:journalctl@ceph.mon.smithi110.smithi110.stdout:Apr 22 21:23:01 smithi110 ceph-mon[26715]: from='mgr.14120 172.21.15.110:0/4120245410' entity='mgr.smithi110.axuhmb'
2024-04-22T21:23:01.199 INFO:journalctl@ceph.mon.smithi110.smithi110.stdout:Apr 22 21:23:01 smithi110 ceph-mon[26715]: from='mgr.14120 172.21.15.110:0/4120245410' entity='mgr.smithi110.axuhmb' cmd=[{"prefix": "config dump", "format": "json"}]: dispatch
2024-04-22T21:23:01.199 INFO:journalctl@ceph.mon.smithi110.smithi110.stdout:Apr 22 21:23:01 smithi110 ceph-mon[26715]: from='mgr.14120 172.21.15.110:0/4120245410' entity='mgr.smithi110.axuhmb' cmd=[{"prefix": "config dump", "format": "json"}]: dispatch
2024-04-22T21:23:01.199 INFO:journalctl@ceph.mon.smithi110.smithi110.stdout:Apr 22 21:23:01 smithi110 ceph-mon[26715]: from='mgr.14120 172.21.15.110:0/4120245410' entity='mgr.smithi110.axuhmb' cmd=[{"prefix": "config dump", "format": "json"}]: dispatch
2024-04-22T21:23:01.199 INFO:journalctl@ceph.mon.smithi110.smithi110.stdout:Apr 22 21:23:01 smithi110 ceph-mon[26715]: from='mgr.14120 172.21.15.110:0/4120245410' entity='mgr.smithi110.axuhmb' cmd=[{"prefix":"config rm","who":"mgr","name":"mgr/rbd_support/smithi110.axuhmb/mirror_snapshot_schedule"}]: dispatch
2024-04-22T21:23:01.199 INFO:journalctl@ceph.mon.smithi110.smithi110.stdout:Apr 22 21:23:01 smithi110 ceph-mon[26715]: from='mgr.14120 172.21.15.110:0/4120245410' entity='mgr.smithi110.axuhmb' cmd=[{"prefix":"config rm","who":"mgr","name":"mgr/rbd_support/smithi110.axuhmb/trash_purge_schedule"}]: dispatch
2024-04-22T21:23:02.398 INFO:journalctl@ceph.mon.smithi110.smithi110.stdout:Apr 22 21:23:02 smithi110 ceph-mon[26715]: Found migration_current of "None". Setting to last migration.
2024-04-22T21:23:02.399 INFO:journalctl@ceph.mon.smithi110.smithi110.stdout:Apr 22 21:23:02 smithi110 ceph-mon[26715]: mgrmap e7: smithi110.axuhmb(active, since 1.00515s)
2024-04-22T21:23:02.684 INFO:teuthology.orchestra.run.smithi110.stdout:/usr/bin/ceph: stdout {
2024-04-22T21:23:02.685 INFO:teuthology.orchestra.run.smithi110.stdout:/usr/bin/ceph: stdout "mgrmap_epoch": 7,
2024-04-22T21:23:02.685 INFO:teuthology.orchestra.run.smithi110.stdout:/usr/bin/ceph: stdout "initialized": true
2024-04-22T21:23:02.685 INFO:teuthology.orchestra.run.smithi110.stdout:/usr/bin/ceph: stdout }
2024-04-22T21:23:02.685 INFO:teuthology.orchestra.run.smithi110.stdout:/usr/bin/ceph: stderr
2024-04-22T21:22:56.965+0000 7f0ccb7c6700 1 Processor -- start
2024-04-22T21:23:02.685 INFO:teuthology.orchestra.run.smithi110.stdout:/usr/bin/ceph: stderr
2024-04-22T21:22:56.966+0000 7f0ccb7c6700 1 -- start start
2024-04-22T21:23:02.685 INFO:teuthology.orchestra.run.smithi110.stdout:/usr/bin/ceph: stderr
2024-04-22T21:22:56.966+0000 7f0ccb7c6700 1 --2- >> [v2:172.21.15.110:3300/0,v1:172.21.15.110:6789/0] conn(0x7f0cc41029c0 0x7f0cc4102dd0 unknown :-1 s=NONE pgs=0 cs=0 l=0 rev1=0 crypto rx=0 tx=0 comp rx=0 tx=0).connect
2024-04-22T21:23:02.685 INFO:teuthology.orchestra.run.smithi110.stdout:/usr/bin/ceph: stderr
2024-04-22T21:22:56.966+0000 7f0ccb7c6700 1 -- --> [v2:172.21.15.110:3300/0,v1:172.21.15.110:6789/0] -- mon_getmap magic: 0 v1 -- 0x7f0cc4103310 con 0x7f0cc41029c0
2024-04-22T21:23:02.685 INFO:teuthology.orchestra.run.smithi110.stdout:/usr/bin/ceph: stderr
2024-04-22T21:22:56.966+0000 7f0cc9562700 1 --2- >> [v2:172.21.15.110:3300/0,v1:172.21.15.110:6789/0] conn(0x7f0cc41029c0 0x7f0cc4102dd0 unknown :-1 s=BANNER_CONNECTING pgs=0 cs=0 l=0 rev1=0 crypto rx=0 tx=0 comp rx=0 tx=0)._handle_peer_banner_payload supported=3 required=0
2024-04-22T21:23:02.685 INFO:teuthology.orchestra.run.smithi110.stdout:/usr/bin/ceph: stderr
2024-04-22T21:22:56.966+0000 7f0cc9562700 1 --2- >> [v2:172.21.15.110:3300/0,v1:172.21.15.110:6789/0] conn(0x7f0cc41029c0 0x7f0cc4102dd0 unknown :-1 s=HELLO_CONNECTING pgs=0 cs=0 l=0 rev1=1 crypto rx=0 tx=0 comp rx=0 tx=0).handle_hello peer v2:172.21.15.110:3300/0 says I am v2:172.21.15.110:39412/0 (socket says 172.21.15.110:39412)
2024-04-22T21:23:02.685 INFO:teuthology.orchestra.run.smithi110.stdout:/usr/bin/ceph: stderr
2024-04-22T21:22:56.966+0000 7f0cc9562700 1 -- 172.21.15.110:0/1609360824 learned_addr learned my addr 172.21.15.110:0/1609360824 (peer_addr_for_me v2:172.21.15.110:0/0)
2024-04-22T21:23:02.685 INFO:teuthology.orchestra.run.smithi110.stdout:/usr/bin/ceph: stderr
2024-04-22T21:22:56.966+0000 7f0cc9562700 1 -- 172.21.15.110:0/1609360824 --> [v2:172.21.15.110:3300/0,v1:172.21.15.110:6789/0] -- mon_subscribe({config=0+,monmap=0+}) v3 -- 0x7f0cc4103450 con 0x7f0cc41029c0
2024-04-22T21:23:02.685 INFO:teuthology.orchestra.run.smithi110.stdout:/usr/bin/ceph: stderr
2024-04-22T21:22:56.966+0000 7f0cc9562700 1 --2- 172.21.15.110:0/1609360824 >> [v2:172.21.15.110:3300/0,v1:172.21.15.110:6789/0] conn(0x7f0cc41029c0 0x7f0cc4102dd0 secure :-1 s=READY pgs=28 cs=0 l=1 rev1=1 crypto rx=0x7f0cc00098e0 tx=0x7f0cc0009250 comp rx=0 tx=0).ready entity=mon.0 client_cookie=d4a17d4a19ce7ffc server_cookie=0 in_seq=0 out_seq=0
2024-04-22T21:23:02.685 INFO:teuthology.orchestra.run.smithi110.stdout:/usr/bin/ceph: stderr
2024-04-22T21:22:56.967+0000 7f0cbbfff700 1 -- 172.21.15.110:0/1609360824 <== mon.0 v2:172.21.15.110:3300/0 1 ==== mon_map magic: 0 v1 ==== 229+0+0 (secure 0 0 0) 0x7f0cc000b8f0 con 0x7f0cc41029c0
2024-04-22T21:23:02.685 INFO:teuthology.orchestra.run.smithi110.stdout:/usr/bin/ceph: stderr
2024-04-22T21:22:56.967+0000 7f0cbbfff700 1 -- 172.21.15.110:0/1609360824 <== mon.0 v2:172.21.15.110:3300/0 2 ==== config(27 keys) v1 ==== 1044+0+0 (secure 0 0 0) 0x7f0cc0011420 con 0x7f0cc41029c0
2024-04-22T21:23:02.686 INFO:teuthology.orchestra.run.smithi110.stdout:/usr/bin/ceph: stderr
2024-04-22T21:22:56.967+0000 7f0cbbfff700 1 -- 172.21.15.110:0/1609360824 <== mon.0 v2:172.21.15.110:3300/0 3 ==== mon_map magic: 0 v1 ==== 229+0+0 (secure 0 0 0) 0x7f0cc0010540 con 0x7f0cc41029c0
2024-04-22T21:23:02.686 INFO:teuthology.orchestra.run.smithi110.stdout:/usr/bin/ceph: stderr
2024-04-22T21:22:56.967+0000 7f0ccb7c6700 1 -- 172.21.15.110:0/1609360824 >> [v2:172.21.15.110:3300/0,v1:172.21.15.110:6789/0] conn(0x7f0cc41029c0 msgr2=0x7f0cc4102dd0 secure :-1 s=STATE_CONNECTION_ESTABLISHED l=1).mark_down
2024-04-22T21:23:02.686 INFO:teuthology.orchestra.run.smithi110.stdout:/usr/bin/ceph: stderr
2024-04-22T21:22:56.967+0000 7f0ccb7c6700 1 --2- 172.21.15.110:0/1609360824 >> [v2:172.21.15.110:3300/0,v1:172.21.15.110:6789/0] conn(0x7f0cc41029c0 0x7f0cc4102dd0 secure :-1 s=READY pgs=28 cs=0 l=1 rev1=1 crypto rx=0x7f0cc00098e0 tx=0x7f0cc0009250 comp rx=0 tx=0).stop
2024-04-22T21:23:02.686 INFO:teuthology.orchestra.run.smithi110.stdout:/usr/bin/ceph: stderr
2024-04-22T21:22:56.967+0000 7f0ccb7c6700 1 -- 172.21.15.110:0/1609360824 shutdown_connections
2024-04-22T21:23:02.686 INFO:teuthology.orchestra.run.smithi110.stdout:/usr/bin/ceph: stderr
2024-04-22T21:22:56.967+0000 7f0ccb7c6700 1 --2- 172.21.15.110:0/1609360824 >> [v2:172.21.15.110:3300/0,v1:172.21.15.110:6789/0] conn(0x7f0cc41029c0 0x7f0cc4102dd0 unknown :-1 s=CLOSED pgs=28 cs=0 l=1 rev1=1 crypto rx=0 tx=0 comp rx=0 tx=0).stop
2024-04-22T21:23:02.686 INFO:teuthology.orchestra.run.smithi110.stdout:/usr/bin/ceph: stderr
2024-04-22T21:22:56.967+0000 7f0ccb7c6700 1 -- 172.21.15.110:0/1609360824 >> 172.21.15.110:0/1609360824 conn(0x7f0cc40fe140 msgr2=0x7f0cc4100550 unknown :-1 s=STATE_NONE l=0).mark_down
2024-04-22T21:23:02.686 INFO:teuthology.orchestra.run.smithi110.stdout:/usr/bin/ceph: stderr
2024-04-22T21:22:56.967+0000 7f0ccb7c6700 1 -- 172.21.15.110:0/1609360824 shutdown_connections
2024-04-22T21:23:02.686 INFO:teuthology.orchestra.run.smithi110.stdout:/usr/bin/ceph: stderr
2024-04-22T21:22:56.967+0000 7f0ccb7c6700 1 -- 172.21.15.110:0/1609360824 wait complete.
2024-04-22T21:23:02.686 INFO:teuthology.orchestra.run.smithi110.stdout:/usr/bin/ceph: stderr
2024-04-22T21:22:56.968+0000 7f0ccb7c6700 1 Processor -- start
2024-04-22T21:23:02.686 INFO:teuthology.orchestra.run.smithi110.stdout:/usr/bin/ceph: stderr
2024-04-22T21:22:56.968+0000 7f0ccb7c6700 1 -- start start
2024-04-22T21:23:02.686 INFO:teuthology.orchestra.run.smithi110.stdout:/usr/bin/ceph: stderr
2024-04-22T21:22:56.968+0000 7f0ccb7c6700 1 --2- >> [v2:172.21.15.110:3300/0,v1:172.21.15.110:6789/0] conn(0x7f0cc41029c0 0x7f0cc4111790 unknown :-1 s=NONE pgs=0 cs=0 l=1 rev1=0 crypto rx=0 tx=0 comp rx=0 tx=0).connect
2024-04-22T21:23:02.686 INFO:teuthology.orchestra.run.smithi110.stdout:/usr/bin/ceph: stderr
2024-04-22T21:22:56.968+0000 7f0ccb7c6700 1 -- --> [v2:172.21.15.110:3300/0,v1:172.21.15.110:6789/0] -- mon_getmap magic: 0 v1 -- 0x7f0cc4111cd0 con 0x7f0cc41029c0
2024-04-22T21:23:02.686 INFO:teuthology.orchestra.run.smithi110.stdout:/usr/bin/ceph: stderr
2024-04-22T21:22:56.968+0000 7f0cc9562700 1 --2- >> [v2:172.21.15.110:3300/0,v1:172.21.15.110:6789/0] conn(0x7f0cc41029c0 0x7f0cc4111790 unknown :-1 s=BANNER_CONNECTING pgs=0 cs=0 l=1 rev1=0 crypto rx=0 tx=0 comp rx=0 tx=0)._handle_peer_banner_payload supported=3 required=0
2024-04-22T21:23:02.686 INFO:teuthology.orchestra.run.smithi110.stdout:/usr/bin/ceph: stderr
2024-04-22T21:22:56.968+0000 7f0cc9562700 1 --2- >> [v2:172.21.15.110:3300/0,v1:172.21.15.110:6789/0] conn(0x7f0cc41029c0 0x7f0cc4111790 unknown :-1 s=HELLO_CONNECTING pgs=0 cs=0 l=1 rev1=1 crypto rx=0 tx=0 comp rx=0 tx=0).handle_hello peer v2:172.21.15.110:3300/0 says I am v2:172.21.15.110:39426/0 (socket says 172.21.15.110:39426)
2024-04-22T21:23:02.686 INFO:teuthology.orchestra.run.smithi110.stdout:/usr/bin/ceph: stderr
2024-04-22T21:22:56.968+0000 7f0cc9562700 1 -- 172.21.15.110:0/1459791099 learned_addr learned my addr 172.21.15.110:0/1459791099 (peer_addr_for_me v2:172.21.15.110:0/0)
2024-04-22T21:23:02.687 INFO:teuthology.orchestra.run.smithi110.stdout:/usr/bin/ceph: stderr
2024-04-22T21:22:56.968+0000 7f0cc9562700 1 -- 172.21.15.110:0/1459791099 --> [v2:172.21.15.110:3300/0,v1:172.21.15.110:6789/0] -- mon_subscribe({config=0+,monmap=0+}) v3 -- 0x7f0cc00094f0 con 0x7f0cc41029c0
2024-04-22T21:23:02.687 INFO:teuthology.orchestra.run.smithi110.stdout:/usr/bin/ceph: stderr
2024-04-22T21:22:56.969+0000 7f0cc9562700 1 --2- 172.21.15.110:0/1459791099 >> [v2:172.21.15.110:3300/0,v1:172.21.15.110:6789/0] conn(0x7f0cc41029c0 0x7f0cc4111790 secure :-1 s=READY pgs=29 cs=0 l=1 rev1=1 crypto rx=0x7f0cc000b440 tx=0x7f0cc0009250 comp rx=0 tx=0).ready entity=mon.0 client_cookie=0 server_cookie=0 in_seq=0 out_seq=0
2024-04-22T21:23:02.687 INFO:teuthology.orchestra.run.smithi110.stdout:/usr/bin/ceph: stderr
2024-04-22T21:22:56.969+0000 7f0cb9ffb700 1 -- 172.21.15.110:0/1459791099 <== mon.0 v2:172.21.15.110:3300/0 1 ==== mon_map magic: 0 v1 ==== 229+0+0 (secure 0 0 0) 0x7f0cc00107b0 con 0x7f0cc41029c0
2024-04-22T21:23:02.687 INFO:teuthology.orchestra.run.smithi110.stdout:/usr/bin/ceph: stderr
2024-04-22T21:22:56.969+0000 7f0cb9ffb700 1 -- 172.21.15.110:0/1459791099 <== mon.0 v2:172.21.15.110:3300/0 2 ==== config(27 keys) v1 ==== 1044+0+0 (secure 0 0 0) 0x7f0cc0010da0 con 0x7f0cc41029c0
2024-04-22T21:23:02.687 INFO:teuthology.orchestra.run.smithi110.stdout:/usr/bin/ceph: stderr
2024-04-22T21:22:56.969+0000 7f0cb9ffb700 1 -- 172.21.15.110:0/1459791099 <== mon.0 v2:172.21.15.110:3300/0 3 ==== mon_map magic: 0 v1 ==== 229+0+0 (secure 0 0 0) 0x7f0cc0024e10 con 0x7f0cc41029c0
2024-04-22T21:23:02.687 INFO:teuthology.orchestra.run.smithi110.stdout:/usr/bin/ceph: stderr
2024-04-22T21:22:56.969+0000 7f0ccb7c6700 1 -- 172.21.15.110:0/1459791099 --> [v2:172.21.15.110:3300/0,v1:172.21.15.110:6789/0] -- mon_subscribe({mgrmap=0+}) v3 -- 0x7f0cc4111ed0 con 0x7f0cc41029c0
2024-04-22T21:23:02.687 INFO:teuthology.orchestra.run.smithi110.stdout:/usr/bin/ceph: stderr
2024-04-22T21:22:56.969+0000 7f0ccb7c6700 1 -- 172.21.15.110:0/1459791099 --> [v2:172.21.15.110:3300/0,v1:172.21.15.110:6789/0] -- mon_subscribe({osdmap=0}) v3 -- 0x7f0cc4112a40 con 0x7f0cc41029c0
2024-04-22T21:23:02.687 INFO:teuthology.orchestra.run.smithi110.stdout:/usr/bin/ceph: stderr
2024-04-22T21:22:56.970+0000 7f0cb9ffb700 1 -- 172.21.15.110:0/1459791099 <== mon.0 v2:172.21.15.110:3300/0 4 ==== mgrmap(e 5) v1 ==== 43376+0+0 (secure 0 0 0) 0x7f0cc0010910 con 0x7f0cc41029c0
2024-04-22T21:23:02.687 INFO:teuthology.orchestra.run.smithi110.stdout:/usr/bin/ceph: stderr
2024-04-22T21:22:56.970+0000 7f0cb9ffb700 1 --2- 172.21.15.110:0/1459791099 >> [v2:172.21.15.110:6800/2001754843,v1:172.21.15.110:6801/2001754843] conn(0x7f0cb0036740 0x7f0cb0038bf0 unknown :-1 s=NONE pgs=0 cs=0 l=1 rev1=0 crypto rx=0 tx=0 comp rx=0 tx=0).connect
2024-04-22T21:23:02.687 INFO:teuthology.orchestra.run.smithi110.stdout:/usr/bin/ceph: stderr
2024-04-22T21:22:56.970+0000 7f0caf7fe700 1 -- 172.21.15.110:0/1459791099 --> [v2:172.21.15.110:6800/2001754843,v1:172.21.15.110:6801/2001754843] -- command(tid 0: {"prefix": "get_command_descriptions"}) v1 -- 0x7f0cc405f5f0 con 0x7f0cb0036740
2024-04-22T21:23:02.687 INFO:teuthology.orchestra.run.smithi110.stdout:/usr/bin/ceph: stderr
2024-04-22T21:22:56.970+0000 7f0cb9ffb700 1 -- 172.21.15.110:0/1459791099 <== mon.0 v2:172.21.15.110:3300/0 5 ==== osd_map(1..1 src has 1..1) v4 ==== 721+0+0 (secure 0 0 0) 0x7f0cc004a6d0 con 0x7f0cc41029c0
2024-04-22T21:23:02.687 INFO:teuthology.orchestra.run.smithi110.stdout:/usr/bin/ceph: stderr
2024-04-22T21:22:56.970+0000 7f0cc8d61700 1 -- 172.21.15.110:0/1459791099 >> [v2:172.21.15.110:6800/2001754843,v1:172.21.15.110:6801/2001754843] conn(0x7f0cb0036740 msgr2=0x7f0cb0038bf0 unknown :-1 s=STATE_CONNECTING_RE l=1).process reconnect failed to v2:172.21.15.110:6800/2001754843
2024-04-22T21:23:02.687 INFO:teuthology.orchestra.run.smithi110.stdout:/usr/bin/ceph: stderr
2024-04-22T21:22:56.970+0000 7f0cc8d61700 1 --2- 172.21.15.110:0/1459791099 >> [v2:172.21.15.110:6800/2001754843,v1:172.21.15.110:6801/2001754843] conn(0x7f0cb0036740 0x7f0cb0038bf0 unknown :-1 s=START_CONNECT pgs=0 cs=0 l=1 rev1=0 crypto rx=0 tx=0 comp rx=0 tx=0)._fault waiting 0.200000
2024-04-22T21:23:02.687 INFO:teuthology.orchestra.run.smithi110.stdout:/usr/bin/ceph: stderr
2024-04-22T21:22:57.171+0000 7f0cc8d61700 1 -- 172.21.15.110:0/1459791099 >> [v2:172.21.15.110:6800/2001754843,v1:172.21.15.110:6801/2001754843] conn(0x7f0cb0036740 msgr2=0x7f0cb0038bf0 unknown :-1 s=STATE_CONNECTING_RE l=1).process reconnect failed to v2:172.21.15.110:6800/2001754843
2024-04-22T21:23:02.688 INFO:teuthology.orchestra.run.smithi110.stdout:/usr/bin/ceph: stderr
2024-04-22T21:22:57.171+0000 7f0cc8d61700 1 --2- 172.21.15.110:0/1459791099 >> [v2:172.21.15.110:6800/2001754843,v1:172.21.15.110:6801/2001754843] conn(0x7f0cb0036740 0x7f0cb0038bf0 unknown :-1 s=START_CONNECT pgs=0 cs=0 l=1 rev1=0 crypto rx=0 tx=0 comp rx=0 tx=0)._fault waiting 0.400000
2024-04-22T21:23:02.688 INFO:teuthology.orchestra.run.smithi110.stdout:/usr/bin/ceph: stderr
2024-04-22T21:22:57.572+0000 7f0cc8d61700 1 -- 172.21.15.110:0/1459791099 >> [v2:172.21.15.110:6800/2001754843,v1:172.21.15.110:6801/2001754843] conn(0x7f0cb0036740 msgr2=0x7f0cb0038bf0 unknown :-1 s=STATE_CONNECTING_RE l=1).process reconnect failed to v2:172.21.15.110:6800/2001754843
2024-04-22T21:23:02.688 INFO:teuthology.orchestra.run.smithi110.stdout:/usr/bin/ceph: stderr
2024-04-22T21:22:57.572+0000 7f0cc8d61700 1 --2- 172.21.15.110:0/1459791099 >> [v2:172.21.15.110:6800/2001754843,v1:172.21.15.110:6801/2001754843] conn(0x7f0cb0036740 0x7f0cb0038bf0 unknown :-1 s=START_CONNECT pgs=0 cs=0 l=1 rev1=0 crypto rx=0 tx=0 comp rx=0 tx=0)._fault waiting 0.800000
2024-04-22T21:23:02.688 INFO:teuthology.orchestra.run.smithi110.stdout:/usr/bin/ceph: stderr
2024-04-22T21:22:58.373+0000 7f0cc8d61700 1 -- 172.21.15.110:0/1459791099 >> [v2:172.21.15.110:6800/2001754843,v1:172.21.15.110:6801/2001754843] conn(0x7f0cb0036740 msgr2=0x7f0cb0038bf0 unknown :-1 s=STATE_CONNECTING_RE l=1).process reconnect failed to v2:172.21.15.110:6800/2001754843
2024-04-22T21:23:02.688 INFO:teuthology.orchestra.run.smithi110.stdout:/usr/bin/ceph: stderr
2024-04-22T21:22:58.373+0000 7f0cc8d61700 1 --2- 172.21.15.110:0/1459791099 >> [v2:172.21.15.110:6800/2001754843,v1:172.21.15.110:6801/2001754843] conn(0x7f0cb0036740 0x7f0cb0038bf0 unknown :-1 s=START_CONNECT pgs=0 cs=0 l=1 rev1=0 crypto rx=0 tx=0 comp rx=0 tx=0)._fault waiting 1.600000
2024-04-22T21:23:02.688 INFO:teuthology.orchestra.run.smithi110.stdout:/usr/bin/ceph: stderr
2024-04-22T21:22:59.974+0000 7f0cc8d61700 1 -- 172.21.15.110:0/1459791099 >> [v2:172.21.15.110:6800/2001754843,v1:172.21.15.110:6801/2001754843] conn(0x7f0cb0036740 msgr2=0x7f0cb0038bf0 unknown :-1 s=STATE_CONNECTING_RE l=1).process reconnect failed to v2:172.21.15.110:6800/2001754843
2024-04-22T21:23:02.688 INFO:teuthology.orchestra.run.smithi110.stdout:/usr/bin/ceph: stderr
2024-04-22T21:22:59.974+0000 7f0cc8d61700 1 --2- 172.21.15.110:0/1459791099 >> [v2:172.21.15.110:6800/2001754843,v1:172.21.15.110:6801/2001754843] conn(0x7f0cb0036740 0x7f0cb0038bf0 unknown :-1 s=START_CONNECT pgs=0 cs=0 l=1 rev1=0 crypto rx=0 tx=0 comp rx=0 tx=0)._fault waiting 3.200000
2024-04-22T21:23:02.688 INFO:teuthology.orchestra.run.smithi110.stdout:/usr/bin/ceph: stderr
2024-04-22T21:23:01.031+0000 7f0cb9ffb700 1 -- 172.21.15.110:0/1459791099 <== mon.0 v2:172.21.15.110:3300/0 6 ==== mgrmap(e 6) v1 ==== 43143+0+0 (secure 0 0 0) 0x7f0cc0024660 con 0x7f0cc41029c0
2024-04-22T21:23:02.689 INFO:teuthology.orchestra.run.smithi110.stdout:/usr/bin/ceph: stderr
2024-04-22T21:23:01.032+0000 7f0cb9ffb700 1 -- 172.21.15.110:0/1459791099 >> [v2:172.21.15.110:6800/2001754843,v1:172.21.15.110:6801/2001754843] conn(0x7f0cb0036740 msgr2=0x7f0cb0038bf0 unknown :-1 s=STATE_CONNECTING l=1).mark_down
2024-04-22T21:23:02.689 INFO:teuthology.orchestra.run.smithi110.stdout:/usr/bin/ceph: stderr
2024-04-22T21:23:01.032+0000 7f0cb9ffb700 1 --2- 172.21.15.110:0/1459791099 >> [v2:172.21.15.110:6800/2001754843,v1:172.21.15.110:6801/2001754843] conn(0x7f0cb0036740 0x7f0cb0038bf0 unknown :-1 s=START_CONNECT pgs=0 cs=0 l=1 rev1=0 crypto rx=0 tx=0 comp rx=0 tx=0).stop
2024-04-22T21:23:02.689 INFO:teuthology.orchestra.run.smithi110.stdout:/usr/bin/ceph: stderr
2024-04-22T21:23:02.032+0000 7f0cb9ffb700 1 -- 172.21.15.110:0/1459791099 <== mon.0 v2:172.21.15.110:3300/0 7 ==== mgrmap(e 7) v1 ==== 43270+0+0 (secure 0 0 0) 0x7f0cc004c270 con 0x7f0cc41029c0
2024-04-22T21:23:02.689 INFO:teuthology.orchestra.run.smithi110.stdout:/usr/bin/ceph: stderr
2024-04-22T21:23:02.033+0000 7f0cb9ffb700 1 --2- 172.21.15.110:0/1459791099 >> [v2:172.21.15.110:6800/1702757835,v1:172.21.15.110:6801/1702757835] conn(0x7f0cb0039f00 0x7f0cb003c2e0 unknown :-1 s=NONE pgs=0 cs=0 l=1 rev1=0 crypto rx=0 tx=0 comp rx=0 tx=0).connect
2024-04-22T21:23:02.689 INFO:teuthology.orchestra.run.smithi110.stdout:/usr/bin/ceph: stderr
2024-04-22T21:23:02.033+0000 7f0cb9ffb700 1 -- 172.21.15.110:0/1459791099 --> [v2:172.21.15.110:6800/1702757835,v1:172.21.15.110:6801/1702757835] -- command(tid 0: {"prefix": "get_command_descriptions"}) v1 -- 0x7f0cc405f5f0 con 0x7f0cb0039f00
2024-04-22T21:23:02.689 INFO:teuthology.orchestra.run.smithi110.stdout:/usr/bin/ceph: stderr
2024-04-22T21:23:02.033+0000 7f0cc8d61700 1 --2- 172.21.15.110:0/1459791099 >> [v2:172.21.15.110:6800/1702757835,v1:172.21.15.110:6801/1702757835] conn(0x7f0cb0039f00 0x7f0cb003c2e0 unknown :-1 s=BANNER_CONNECTING pgs=0 cs=0 l=1 rev1=0 crypto rx=0 tx=0 comp rx=0 tx=0)._handle_peer_banner_payload supported=3 required=0
2024-04-22T21:23:02.690 INFO:teuthology.orchestra.run.smithi110.stdout:/usr/bin/ceph: stderr
2024-04-22T21:23:02.034+0000 7f0cc8d61700 1 --2- 172.21.15.110:0/1459791099 >> [v2:172.21.15.110:6800/1702757835,v1:172.21.15.110:6801/1702757835] conn(0x7f0cb0039f00 0x7f0cb003c2e0 secure :-1 s=READY pgs=1 cs=0 l=1 rev1=1 crypto rx=0x7f0cb40039d0 tx=0x7f0cb4009350 comp rx=0 tx=0).ready entity=mgr.14120 client_cookie=0 server_cookie=0 in_seq=0 out_seq=0
2024-04-22T21:23:02.690 INFO:teuthology.orchestra.run.smithi110.stdout:/usr/bin/ceph: stderr
2024-04-22T21:23:02.034+0000 7f0cb9ffb700 1 -- 172.21.15.110:0/1459791099 <== mgr.14120 v2:172.21.15.110:6800/1702757835 1 ==== command_reply(tid 0: 0 ) v1 ==== 8+0+6549 (secure 0 0 0) 0x7f0cc405f5f0 con 0x7f0cb0039f00
2024-04-22T21:23:02.690 INFO:teuthology.orchestra.run.smithi110.stdout:/usr/bin/ceph: stderr
2024-04-22T21:23:02.040+0000 7f0caf7fe700 1 -- 172.21.15.110:0/1459791099 --> [v2:172.21.15.110:6800/1702757835,v1:172.21.15.110:6801/1702757835] -- command(tid 1: {"prefix": "mgr_status"}) v1 -- 0x7f0cc4112360 con 0x7f0cb0039f00
2024-04-22T21:23:02.690 INFO:teuthology.orchestra.run.smithi110.stdout:/usr/bin/ceph: stderr
2024-04-22T21:23:02.040+0000 7f0cb9ffb700 1 -- 172.21.15.110:0/1459791099 <== mgr.14120 v2:172.21.15.110:6800/1702757835 2 ==== command_reply(tid 1: 0 ) v1 ==== 8+0+51 (secure 0 0 0) 0x7f0cc4112360 con 0x7f0cb0039f00
2024-04-22T21:23:02.690 INFO:teuthology.orchestra.run.smithi110.stdout:/usr/bin/ceph: stderr
2024-04-22T21:23:02.041+0000 7f0caf7fe700 1 -- 172.21.15.110:0/1459791099 >> [v2:172.21.15.110:6800/1702757835,v1:172.21.15.110:6801/1702757835] conn(0x7f0cb0039f00 msgr2=0x7f0cb003c2e0 secure :-1 s=STATE_CONNECTION_ESTABLISHED l=1).mark_down
2024-04-22T21:23:02.690 INFO:teuthology.orchestra.run.smithi110.stdout:/usr/bin/ceph: stderr
2024-04-22T21:23:02.041+0000 7f0caf7fe700 1 --2- 172.21.15.110:0/1459791099 >> [v2:172.21.15.110:6800/1702757835,v1:172.21.15.110:6801/1702757835] conn(0x7f0cb0039f00 0x7f0cb003c2e0 secure :-1 s=READY pgs=1 cs=0 l=1 rev1=1 crypto rx=0x7f0cb40039d0 tx=0x7f0cb4009350 comp rx=0 tx=0).stop
2024-04-22T21:23:02.691 INFO:teuthology.orchestra.run.smithi110.stdout:/usr/bin/ceph: stderr
2024-04-22T21:23:02.041+0000 7f0caf7fe700 1 -- 172.21.15.110:0/1459791099 >> [v2:172.21.15.110:3300/0,v1:172.21.15.110:6789/0] conn(0x7f0cc41029c0 msgr2=0x7f0cc4111790 secure :-1 s=STATE_CONNECTION_ESTABLISHED l=1).mark_down
2024-04-22T21:23:02.691 INFO:teuthology.orchestra.run.smithi110.stdout:/usr/bin/ceph: stderr
2024-04-22T21:23:02.041+0000 7f0caf7fe700 1 --2- 172.21.15.110:0/1459791099 >> [v2:172.21.15.110:3300/0,v1:172.21.15.110:6789/0] conn(0x7f0cc41029c0 0x7f0cc4111790 secure :-1 s=READY pgs=29 cs=0 l=1 rev1=1 crypto rx=0x7f0cc000b440 tx=0x7f0cc0009250 comp rx=0 tx=0).stop
2024-04-22T21:23:02.691 INFO:teuthology.orchestra.run.smithi110.stdout:/usr/bin/ceph: stderr
2024-04-22T21:23:02.041+0000 7f0caf7fe700 1 -- 172.21.15.110:0/1459791099 shutdown_connections
2024-04-22T21:23:02.691 INFO:teuthology.orchestra.run.smithi110.stdout:/usr/bin/ceph: stderr
2024-04-22T21:23:02.041+0000 7f0caf7fe700 1 --2- 172.21.15.110:0/1459791099 >> [v2:172.21.15.110:6800/1702757835,v1:172.21.15.110:6801/1702757835] conn(0x7f0cb0039f00 0x7f0cb003c2e0 unknown :-1 s=CLOSED pgs=1 cs=0 l=1 rev1=1 crypto rx=0 tx=0 comp rx=0 tx=0).stop
2024-04-22T21:23:02.691 INFO:teuthology.orchestra.run.smithi110.stdout:/usr/bin/ceph: stderr
2024-04-22T21:23:02.041+0000 7f0caf7fe700 1 --2- 172.21.15.110:0/1459791099 >> [v2:172.21.15.110:3300/0,v1:172.21.15.110:6789/0] conn(0x7f0cc41029c0 0x7f0cc4111790 unknown :-1 s=CLOSED pgs=29 cs=0 l=1 rev1=1 crypto rx=0 tx=0 comp rx=0 tx=0).stop
2024-04-22T21:23:02.691 INFO:teuthology.orchestra.run.smithi110.stdout:/usr/bin/ceph: stderr
2024-04-22T21:23:02.041+0000 7f0caf7fe700 1 --2- 172.21.15.110:0/1459791099 >> [v2:172.21.15.110:6800/2001754843,v1:172.21.15.110:6801/2001754843] conn(0x7f0cb0036740 0x7f0cb0038bf0 unknown :-1 s=CLOSED pgs=0 cs=0 l=1 rev1=0 crypto rx=0 tx=0 comp rx=0 tx=0).stop
2024-04-22T21:23:02.691 INFO:teuthology.orchestra.run.smithi110.stdout:/usr/bin/ceph: stderr
2024-04-22T21:23:02.041+0000 7f0caf7fe700 1 -- 172.21.15.110:0/1459791099 >> 172.21.15.110:0/1459791099 conn(0x7f0cc40fe140 msgr2=0x7f0cc40fed40 unknown :-1 s=STATE_NONE l=0).mark_down
2024-04-22T21:23:02.692 INFO:teuthology.orchestra.run.smithi110.stdout:/usr/bin/ceph: stderr
2024-04-22T21:23:02.041+0000 7f0caf7fe700 1 -- 172.21.15.110:0/1459791099 shutdown_connections
2024-04-22T21:23:02.692 INFO:teuthology.orchestra.run.smithi110.stdout:/usr/bin/ceph: stderr
2024-04-22T21:23:02.041+0000 7f0caf7fe700 1 -- 172.21.15.110:0/1459791099 wait complete.
2024-04-22T21:23:02.692 INFO:teuthology.orchestra.run.smithi110.stdout:mgr epoch 5 is available
2024-04-22T21:23:02.692 INFO:teuthology.orchestra.run.smithi110.stdout:Setting orchestrator backend to cephadm...
2024-04-22T21:23:03.613 INFO:journalctl@ceph.mon.smithi110.smithi110.stdout:Apr 22 21:23:03 smithi110 ceph-mon[26715]: from='client.14124 -' entity='client.admin' cmd=[{"prefix": "get_command_descriptions"}]: dispatch
2024-04-22T21:23:03.614 INFO:journalctl@ceph.mon.smithi110.smithi110.stdout:Apr 22 21:23:03 smithi110 ceph-mon[26715]: from='client.14124 -' entity='client.admin' cmd=[{"prefix": "mgr_status"}]: dispatch
2024-04-22T21:23:03.614 INFO:journalctl@ceph.mon.smithi110.smithi110.stdout:Apr 22 21:23:03 smithi110 ceph-mon[26715]: [22/Apr/2024:21:23:02] ENGINE Bus STARTING
2024-04-22T21:23:03.614 INFO:journalctl@ceph.mon.smithi110.smithi110.stdout:Apr 22 21:23:03 smithi110 ceph-mon[26715]: [22/Apr/2024:21:23:02] ENGINE Serving on https://172.21.15.110:7150
2024-04-22T21:23:03.614 INFO:journalctl@ceph.mon.smithi110.smithi110.stdout:Apr 22 21:23:03 smithi110 ceph-mon[26715]: [22/Apr/2024:21:23:02] ENGINE Bus STARTED
2024-04-22T21:23:03.614 INFO:journalctl@ceph.mon.smithi110.smithi110.stdout:Apr 22 21:23:03 smithi110 ceph-mon[26715]: from='mgr.14120 172.21.15.110:0/4120245410' entity='mgr.smithi110.axuhmb'
2024-04-22T21:23:03.614 INFO:journalctl@ceph.mon.smithi110.smithi110.stdout:Apr 22 21:23:03 smithi110 ceph-mon[26715]: from='mgr.14120 172.21.15.110:0/4120245410' entity='mgr.smithi110.axuhmb' cmd=[{"prefix": "config dump", "format": "json"}]: dispatch
2024-04-22T21:23:03.614 INFO:journalctl@ceph.mon.smithi110.smithi110.stdout:Apr 22 21:23:03 smithi110 ceph-mon[26715]: from='mgr.14120 172.21.15.110:0/4120245410' entity='mgr.smithi110.axuhmb'
2024-04-22T21:23:03.906 INFO:teuthology.orchestra.run.smithi110.stdout:/usr/bin/ceph: stderr
2024-04-22T21:23:03.096+0000 7f99c9de9700 1 Processor -- start
2024-04-22T21:23:03.906 INFO:teuthology.orchestra.run.smithi110.stdout:/usr/bin/ceph: stderr
2024-04-22T21:23:03.096+0000 7f99c9de9700 1 -- start start
2024-04-22T21:23:03.906 INFO:teuthology.orchestra.run.smithi110.stdout:/usr/bin/ceph: stderr
2024-04-22T21:23:03.096+0000 7f99c9de9700 1 --2- >> [v2:172.21.15.110:3300/0,v1:172.21.15.110:6789/0] conn(0x7f99c4102930 0x7f99c4102d40 unknown :-1 s=NONE pgs=0 cs=0 l=0 rev1=0 crypto rx=0 tx=0 comp rx=0 tx=0).connect
2024-04-22T21:23:03.906 INFO:teuthology.orchestra.run.smithi110.stdout:/usr/bin/ceph: stderr
2024-04-22T21:23:03.096+0000 7f99c9de9700 1 -- --> [v2:172.21.15.110:3300/0,v1:172.21.15.110:6789/0] -- mon_getmap magic: 0 v1 -- 0x7f99c4103280 con 0x7f99c4102930
2024-04-22T21:23:03.906 INFO:teuthology.orchestra.run.smithi110.stdout:/usr/bin/ceph: stderr
2024-04-22T21:23:03.096+0000 7f99c37fe700 1 --2- >> [v2:172.21.15.110:3300/0,v1:172.21.15.110:6789/0] conn(0x7f99c4102930 0x7f99c4102d40 unknown :-1 s=BANNER_CONNECTING pgs=0 cs=0 l=0 rev1=0 crypto rx=0 tx=0 comp rx=0 tx=0)._handle_peer_banner_payload supported=3 required=0
2024-04-22T21:23:03.906 INFO:teuthology.orchestra.run.smithi110.stdout:/usr/bin/ceph: stderr
2024-04-22T21:23:03.096+0000 7f99c37fe700 1 --2- >> [v2:172.21.15.110:3300/0,v1:172.21.15.110:6789/0] conn(0x7f99c4102930 0x7f99c4102d40 unknown :-1 s=HELLO_CONNECTING pgs=0 cs=0 l=0 rev1=1 crypto rx=0 tx=0 comp rx=0 tx=0).handle_hello peer v2:172.21.15.110:3300/0 says I am v2:172.21.15.110:47252/0 (socket says 172.21.15.110:47252)
2024-04-22T21:23:03.906 INFO:teuthology.orchestra.run.smithi110.stdout:/usr/bin/ceph: stderr
2024-04-22T21:23:03.096+0000 7f99c37fe700 1 -- 172.21.15.110:0/1119771671 learned_addr learned my addr 172.21.15.110:0/1119771671 (peer_addr_for_me v2:172.21.15.110:0/0)
2024-04-22T21:23:03.907 INFO:teuthology.orchestra.run.smithi110.stdout:/usr/bin/ceph: stderr
2024-04-22T21:23:03.097+0000 7f99c37fe700 1 -- 172.21.15.110:0/1119771671 --> [v2:172.21.15.110:3300/0,v1:172.21.15.110:6789/0] -- mon_subscribe({config=0+,monmap=0+}) v3 -- 0x7f99c41033c0 con 0x7f99c4102930
2024-04-22T21:23:03.907 INFO:teuthology.orchestra.run.smithi110.stdout:/usr/bin/ceph: stderr
2024-04-22T21:23:03.097+0000 7f99c37fe700 1 --2- 172.21.15.110:0/1119771671 >> [v2:172.21.15.110:3300/0,v1:172.21.15.110:6789/0] conn(0x7f99c4102930 0x7f99c4102d40 secure :-1 s=READY pgs=37 cs=0 l=1 rev1=1 crypto rx=0x7f99b40098e0 tx=0x7f99b4009250 comp rx=0 tx=0).ready entity=mon.0 client_cookie=b6bc7b7dc5aff50e server_cookie=0 in_seq=0 out_seq=0
2024-04-22T21:23:03.907 INFO:teuthology.orchestra.run.smithi110.stdout:/usr/bin/ceph: stderr
2024-04-22T21:23:03.097+0000 7f99c2ffd700 1 -- 172.21.15.110:0/1119771671 <== mon.0 v2:172.21.15.110:3300/0 1 ==== mon_map magic: 0 v1 ==== 229+0+0 (secure 0 0 0) 0x7f99b400b8f0 con 0x7f99c4102930
2024-04-22T21:23:03.907 INFO:teuthology.orchestra.run.smithi110.stdout:/usr/bin/ceph: stderr
2024-04-22T21:23:03.097+0000 7f99c2ffd700 1 -- 172.21.15.110:0/1119771671 <== mon.0 v2:172.21.15.110:3300/0 2 ==== config(27 keys) v1 ==== 1044+0+0 (secure 0 0 0) 0x7f99b4011420 con 0x7f99c4102930
2024-04-22T21:23:03.907 INFO:teuthology.orchestra.run.smithi110.stdout:/usr/bin/ceph: stderr
2024-04-22T21:23:03.097+0000 7f99c2ffd700 1 -- 172.21.15.110:0/1119771671 <== mon.0 v2:172.21.15.110:3300/0 3 ==== mon_map magic: 0 v1 ==== 229+0+0 (secure 0 0 0) 0x7f99b4010540 con 0x7f99c4102930
2024-04-22T21:23:03.907 INFO:teuthology.orchestra.run.smithi110.stdout:/usr/bin/ceph: stderr
2024-04-22T21:23:03.097+0000 7f99c9de9700 1 -- 172.21.15.110:0/1119771671 >> [v2:172.21.15.110:3300/0,v1:172.21.15.110:6789/0] conn(0x7f99c4102930 msgr2=0x7f99c4102d40 secure :-1 s=STATE_CONNECTION_ESTABLISHED l=1).mark_down
2024-04-22T21:23:03.907 INFO:teuthology.orchestra.run.smithi110.stdout:/usr/bin/ceph: stderr
2024-04-22T21:23:03.097+0000 7f99c9de9700 1 --2- 172.21.15.110:0/1119771671 >> [v2:172.21.15.110:3300/0,v1:172.21.15.110:6789/0] conn(0x7f99c4102930 0x7f99c4102d40 secure :-1 s=READY pgs=37 cs=0 l=1 rev1=1 crypto rx=0x7f99b40098e0 tx=0x7f99b4009250 comp rx=0 tx=0).stop
2024-04-22T21:23:03.907 INFO:teuthology.orchestra.run.smithi110.stdout:/usr/bin/ceph: stderr
2024-04-22T21:23:03.097+0000 7f99c9de9700 1 -- 172.21.15.110:0/1119771671 shutdown_connections
2024-04-22T21:23:03.907 INFO:teuthology.orchestra.run.smithi110.stdout:/usr/bin/ceph: stderr
2024-04-22T21:23:03.097+0000 7f99c9de9700 1 --2- 172.21.15.110:0/1119771671 >> [v2:172.21.15.110:3300/0,v1:172.21.15.110:6789/0] conn(0x7f99c4102930 0x7f99c4102d40 unknown :-1 s=CLOSED pgs=37 cs=0 l=1 rev1=1 crypto rx=0 tx=0 comp rx=0 tx=0).stop
2024-04-22T21:23:03.907 INFO:teuthology.orchestra.run.smithi110.stdout:/usr/bin/ceph: stderr
2024-04-22T21:23:03.097+0000 7f99c9de9700 1 -- 172.21.15.110:0/1119771671 >> 172.21.15.110:0/1119771671 conn(0x7f99c40fe140 msgr2=0x7f99c4100550 unknown :-1 s=STATE_NONE l=0).mark_down
2024-04-22T21:23:03.907 INFO:teuthology.orchestra.run.smithi110.stdout:/usr/bin/ceph: stderr
2024-04-22T21:23:03.098+0000 7f99c9de9700 1 -- 172.21.15.110:0/1119771671 shutdown_connections
2024-04-22T21:23:03.907 INFO:teuthology.orchestra.run.smithi110.stdout:/usr/bin/ceph: stderr
2024-04-22T21:23:03.098+0000 7f99c9de9700 1 -- 172.21.15.110:0/1119771671 wait complete.
2024-04-22T21:23:03.907 INFO:teuthology.orchestra.run.smithi110.stdout:/usr/bin/ceph: stderr
2024-04-22T21:23:03.098+0000 7f99c9de9700 1 Processor -- start
2024-04-22T21:23:03.908 INFO:teuthology.orchestra.run.smithi110.stdout:/usr/bin/ceph: stderr
2024-04-22T21:23:03.098+0000 7f99c9de9700 1 -- start start
2024-04-22T21:23:03.908 INFO:teuthology.orchestra.run.smithi110.stdout:/usr/bin/ceph: stderr
2024-04-22T21:23:03.098+0000 7f99c9de9700 1 --2- >> [v2:172.21.15.110:3300/0,v1:172.21.15.110:6789/0] conn(0x7f99c4102930 0x7f99c4111750 unknown :-1 s=NONE pgs=0 cs=0 l=1 rev1=0 crypto rx=0 tx=0 comp rx=0 tx=0).connect
2024-04-22T21:23:03.908 INFO:teuthology.orchestra.run.smithi110.stdout:/usr/bin/ceph: stderr
2024-04-22T21:23:03.098+0000 7f99c9de9700 1 -- --> [v2:172.21.15.110:3300/0,v1:172.21.15.110:6789/0] -- mon_getmap magic: 0 v1 -- 0x7f99c4111c90 con 0x7f99c4102930
2024-04-22T21:23:03.908 INFO:teuthology.orchestra.run.smithi110.stdout:/usr/bin/ceph: stderr
2024-04-22T21:23:03.098+0000 7f99c37fe700 1 --2- >> [v2:172.21.15.110:3300/0,v1:172.21.15.110:6789/0] conn(0x7f99c4102930 0x7f99c4111750 unknown :-1 s=BANNER_CONNECTING pgs=0 cs=0 l=1 rev1=0 crypto rx=0 tx=0 comp rx=0 tx=0)._handle_peer_banner_payload supported=3 required=0
2024-04-22T21:23:03.908 INFO:teuthology.orchestra.run.smithi110.stdout:/usr/bin/ceph: stderr
2024-04-22T21:23:03.098+0000 7f99c37fe700 1 --2- >> [v2:172.21.15.110:3300/0,v1:172.21.15.110:6789/0] conn(0x7f99c4102930 0x7f99c4111750 unknown :-1 s=HELLO_CONNECTING pgs=0 cs=0 l=1 rev1=1 crypto rx=0 tx=0 comp rx=0 tx=0).handle_hello peer v2:172.21.15.110:3300/0 says I am v2:172.21.15.110:47264/0 (socket says 172.21.15.110:47264)
2024-04-22T21:23:03.908 INFO:teuthology.orchestra.run.smithi110.stdout:/usr/bin/ceph: stderr
2024-04-22T21:23:03.098+0000 7f99c37fe700 1 -- 172.21.15.110:0/1968696865 learned_addr learned my addr 172.21.15.110:0/1968696865 (peer_addr_for_me v2:172.21.15.110:0/0)
2024-04-22T21:23:03.908 INFO:teuthology.orchestra.run.smithi110.stdout:/usr/bin/ceph: stderr
2024-04-22T21:23:03.099+0000 7f99c37fe700 1 -- 172.21.15.110:0/1968696865 --> [v2:172.21.15.110:3300/0,v1:172.21.15.110:6789/0] -- mon_subscribe({config=0+,monmap=0+}) v3 -- 0x7f99b40094f0 con 0x7f99c4102930
2024-04-22T21:23:03.908 INFO:teuthology.orchestra.run.smithi110.stdout:/usr/bin/ceph: stderr
2024-04-22T21:23:03.099+0000 7f99c37fe700 1 --2- 172.21.15.110:0/1968696865 >> [v2:172.21.15.110:3300/0,v1:172.21.15.110:6789/0] conn(0x7f99c4102930 0x7f99c4111750 secure :-1 s=READY pgs=38 cs=0 l=1 rev1=1 crypto rx=0x7f99b4011ef0 tx=0x7f99b4009250 comp rx=0 tx=0).ready entity=mon.0 client_cookie=0 server_cookie=0 in_seq=0 out_seq=0
2024-04-22T21:23:03.908 INFO:teuthology.orchestra.run.smithi110.stdout:/usr/bin/ceph: stderr
2024-04-22T21:23:03.099+0000 7f99c0ff9700 1 -- 172.21.15.110:0/1968696865 <== mon.0 v2:172.21.15.110:3300/0 1 ==== mon_map magic: 0 v1 ==== 229+0+0 (secure 0 0 0) 0x7f99b4010910 con 0x7f99c4102930
2024-04-22T21:23:03.908 INFO:teuthology.orchestra.run.smithi110.stdout:/usr/bin/ceph: stderr
2024-04-22T21:23:03.099+0000 7f99c0ff9700 1 -- 172.21.15.110:0/1968696865 <== mon.0 v2:172.21.15.110:3300/0 2 ==== config(27 keys) v1 ==== 1044+0+0 (secure 0 0 0) 0x7f99b4010f00 con 0x7f99c4102930
2024-04-22T21:23:03.908 INFO:teuthology.orchestra.run.smithi110.stdout:/usr/bin/ceph: stderr
2024-04-22T21:23:03.099+0000 7f99c0ff9700 1 -- 172.21.15.110:0/1968696865 <== mon.0 v2:172.21.15.110:3300/0 3 ==== mon_map magic: 0 v1 ==== 229+0+0 (secure 0 0 0) 0x7f99b401ae50 con 0x7f99c4102930
2024-04-22T21:23:03.908 INFO:teuthology.orchestra.run.smithi110.stdout:/usr/bin/ceph: stderr
2024-04-22T21:23:03.099+0000 7f99c9de9700 1 -- 172.21.15.110:0/1968696865 --> [v2:172.21.15.110:3300/0,v1:172.21.15.110:6789/0] -- mon_subscribe({mgrmap=0+}) v3 -- 0x7f99c4111e90 con 0x7f99c4102930
2024-04-22T21:23:03.908 INFO:teuthology.orchestra.run.smithi110.stdout:/usr/bin/ceph: stderr
2024-04-22T21:23:03.099+0000 7f99c9de9700 1 -- 172.21.15.110:0/1968696865 --> [v2:172.21.15.110:3300/0,v1:172.21.15.110:6789/0] -- mon_subscribe({osdmap=0}) v3 -- 0x7f99c4112a00 con 0x7f99c4102930
2024-04-22T21:23:03.909 INFO:teuthology.orchestra.run.smithi110.stdout:/usr/bin/ceph: stderr
2024-04-22T21:23:03.100+0000 7f99c0ff9700 1 -- 172.21.15.110:0/1968696865 <== mon.0 v2:172.21.15.110:3300/0 4 ==== mgrmap(e 7) v1 ==== 43270+0+0 (secure 0 0 0) 0x7f99b4010a70 con 0x7f99c4102930
2024-04-22T21:23:03.909 INFO:teuthology.orchestra.run.smithi110.stdout:/usr/bin/ceph: stderr
2024-04-22T21:23:03.100+0000 7f99c9de9700 1 -- 172.21.15.110:0/1968696865 --> [v2:172.21.15.110:3300/0,v1:172.21.15.110:6789/0] -- mon_command({"prefix": "get_command_descriptions"} v 0) v1 -- 0x7f99c405f5f0 con 0x7f99c4102930
2024-04-22T21:23:03.909 INFO:teuthology.orchestra.run.smithi110.stdout:/usr/bin/ceph: stderr
2024-04-22T21:23:03.100+0000 7f99c0ff9700 1 --2- 172.21.15.110:0/1968696865 >> [v2:172.21.15.110:6800/1702757835,v1:172.21.15.110:6801/1702757835] conn(0x7f99b0036610 0x7f99b0038ac0 unknown :-1 s=NONE pgs=0 cs=0 l=1 rev1=0 crypto rx=0 tx=0 comp rx=0 tx=0).connect
2024-04-22T21:23:03.909 INFO:teuthology.orchestra.run.smithi110.stdout:/usr/bin/ceph: stderr
2024-04-22T21:23:03.100+0000 7f99c0ff9700 1 -- 172.21.15.110:0/1968696865 <== mon.0 v2:172.21.15.110:3300/0 5 ==== osd_map(2..2 src has 1..2) v4 ==== 936+0+0 (secure 0 0 0) 0x7f99b404a230 con 0x7f99c4102930
2024-04-22T21:23:03.909 INFO:teuthology.orchestra.run.smithi110.stdout:/usr/bin/ceph: stderr
2024-04-22T21:23:03.100+0000 7f99baffd700 1 --2- 172.21.15.110:0/1968696865 >> [v2:172.21.15.110:6800/1702757835,v1:172.21.15.110:6801/1702757835] conn(0x7f99b0036610 0x7f99b0038ac0 unknown :-1 s=BANNER_CONNECTING pgs=0 cs=0 l=1 rev1=0 crypto rx=0 tx=0 comp rx=0 tx=0)._handle_peer_banner_payload supported=3 required=0
2024-04-22T21:23:03.909 INFO:teuthology.orchestra.run.smithi110.stdout:/usr/bin/ceph: stderr
2024-04-22T21:23:03.101+0000 7f99baffd700 1 --2- 172.21.15.110:0/1968696865 >> [v2:172.21.15.110:6800/1702757835,v1:172.21.15.110:6801/1702757835] conn(0x7f99b0036610 0x7f99b0038ac0 secure :-1 s=READY pgs=7 cs=0 l=1 rev1=1 crypto rx=0x7f99ac009990 tx=0x7f99ac006e40 comp rx=0 tx=0).ready entity=mgr.14120 client_cookie=0 server_cookie=0 in_seq=0 out_seq=0
