2024-04-22T22:03:11.346 INFO:teuthology.orchestra.run.smithi137.stdout:/usr/bin/ceph: stderr
2024-04-22T22:03:08.725+0000 7f98d4852700 1 -- 172.21.15.137:0/2213158470 shutdown_connections
2024-04-22T22:03:11.346 INFO:teuthology.orchestra.run.smithi137.stdout:/usr/bin/ceph: stderr
2024-04-22T22:03:08.725+0000 7f98d4852700 1 --2- 172.21.15.137:0/2213158470 >> [v2:172.21.15.137:3300/0,v1:172.21.15.137:6789/0] conn(0x7f98d0071240 0x7f98d01055c0 unknown :-1 s=CLOSED pgs=45 cs=0 l=1 rev1=1 crypto rx=0 tx=0 comp rx=0 tx=0).stop
2024-04-22T22:03:11.346 INFO:teuthology.orchestra.run.smithi137.stdout:/usr/bin/ceph: stderr
2024-04-22T22:03:08.725+0000 7f98d4852700 1 -- 172.21.15.137:0/2213158470 >> 172.21.15.137:0/2213158470 conn(0x7f98d00fcfb0 msgr2=0x7f98d00ff3c0 unknown :-1 s=STATE_NONE l=0).mark_down
2024-04-22T22:03:11.346 INFO:teuthology.orchestra.run.smithi137.stdout:/usr/bin/ceph: stderr
2024-04-22T22:03:08.725+0000 7f98d4852700 1 -- 172.21.15.137:0/2213158470 shutdown_connections
2024-04-22T22:03:11.346 INFO:teuthology.orchestra.run.smithi137.stdout:/usr/bin/ceph: stderr
2024-04-22T22:03:08.725+0000 7f98d4852700 1 -- 172.21.15.137:0/2213158470 wait complete.
2024-04-22T22:03:11.346 INFO:teuthology.orchestra.run.smithi137.stdout:/usr/bin/ceph: stderr
2024-04-22T22:03:08.726+0000 7f98d4852700 1 Processor -- start
2024-04-22T22:03:11.346 INFO:teuthology.orchestra.run.smithi137.stdout:/usr/bin/ceph: stderr
2024-04-22T22:03:08.726+0000 7f98d4852700 1 -- start start
2024-04-22T22:03:11.346 INFO:teuthology.orchestra.run.smithi137.stdout:/usr/bin/ceph: stderr
2024-04-22T22:03:08.726+0000 7f98d4852700 1 --2- >> [v2:172.21.15.137:3300/0,v1:172.21.15.137:6789/0] conn(0x7f98d0071240 0x7f98d0102f10 unknown :-1 s=NONE pgs=0 cs=0 l=1 rev1=0 crypto rx=0 tx=0 comp rx=0 tx=0).connect
2024-04-22T22:03:11.346 INFO:teuthology.orchestra.run.smithi137.stdout:/usr/bin/ceph: stderr
2024-04-22T22:03:08.726+0000 7f98d4852700 1 -- --> [v2:172.21.15.137:3300/0,v1:172.21.15.137:6789/0] -- mon_getmap magic: 0 v1 -- 0x7f98d0103450 con 0x7f98d0071240
2024-04-22T22:03:11.346 INFO:teuthology.orchestra.run.smithi137.stdout:/usr/bin/ceph: stderr
2024-04-22T22:03:08.726+0000 7f98ce59c700 1 --2- >> [v2:172.21.15.137:3300/0,v1:172.21.15.137:6789/0] conn(0x7f98d0071240 0x7f98d0102f10 unknown :-1 s=BANNER_CONNECTING pgs=0 cs=0 l=1 rev1=0 crypto rx=0 tx=0 comp rx=0 tx=0)._handle_peer_banner_payload supported=3 required=0
2024-04-22T22:03:11.346 INFO:teuthology.orchestra.run.smithi137.stdout:/usr/bin/ceph: stderr
2024-04-22T22:03:08.726+0000 7f98ce59c700 1 --2- >> [v2:172.21.15.137:3300/0,v1:172.21.15.137:6789/0] conn(0x7f98d0071240 0x7f98d0102f10 unknown :-1 s=HELLO_CONNECTING pgs=0 cs=0 l=1 rev1=1 crypto rx=0 tx=0 comp rx=0 tx=0).handle_hello peer v2:172.21.15.137:3300/0 says I am v2:172.21.15.137:35228/0 (socket says 172.21.15.137:35228)
2024-04-22T22:03:11.346 INFO:teuthology.orchestra.run.smithi137.stdout:/usr/bin/ceph: stderr
2024-04-22T22:03:08.726+0000 7f98ce59c700 1 -- 172.21.15.137:0/1130007654 learned_addr learned my addr 172.21.15.137:0/1130007654 (peer_addr_for_me v2:172.21.15.137:0/0)
2024-04-22T22:03:11.346 INFO:teuthology.orchestra.run.smithi137.stdout:/usr/bin/ceph: stderr
2024-04-22T22:03:08.726+0000 7f98ce59c700 1 -- 172.21.15.137:0/1130007654 --> [v2:172.21.15.137:3300/0,v1:172.21.15.137:6789/0] -- mon_subscribe({config=0+,monmap=0+}) v3 -- 0x7f98c00094f0 con 0x7f98d0071240
2024-04-22T22:03:11.347 INFO:teuthology.orchestra.run.smithi137.stdout:/usr/bin/ceph: stderr
2024-04-22T22:03:08.726+0000 7f98ce59c700 1 --2- 172.21.15.137:0/1130007654 >> [v2:172.21.15.137:3300/0,v1:172.21.15.137:6789/0] conn(0x7f98d0071240 0x7f98d0102f10 secure :-1 s=READY pgs=46 cs=0 l=1 rev1=1 crypto rx=0x7f98c0011bd0 tx=0x7f98c0009250 comp rx=0 tx=0).ready entity=mon.0 client_cookie=0 server_cookie=0 in_seq=0 out_seq=0
2024-04-22T22:03:11.347 INFO:teuthology.orchestra.run.smithi137.stdout:/usr/bin/ceph: stderr
2024-04-22T22:03:08.726+0000 7f98beffd700 1 -- 172.21.15.137:0/1130007654 <== mon.0 v2:172.21.15.137:3300/0 1 ==== mon_map magic: 0 v1 ==== 229+0+0 (secure 0 0 0) 0x7f98c00107c0 con 0x7f98d0071240
2024-04-22T22:03:11.347 INFO:teuthology.orchestra.run.smithi137.stdout:/usr/bin/ceph: stderr
2024-04-22T22:03:08.726+0000 7f98beffd700 1 -- 172.21.15.137:0/1130007654 <== mon.0 v2:172.21.15.137:3300/0 2 ==== config(27 keys) v1 ==== 1044+0+0 (secure 0 0 0) 0x7f98c0010db0 con 0x7f98d0071240
2024-04-22T22:03:11.347 INFO:teuthology.orchestra.run.smithi137.stdout:/usr/bin/ceph: stderr
2024-04-22T22:03:08.726+0000 7f98d4852700 1 -- 172.21.15.137:0/1130007654 --> [v2:172.21.15.137:3300/0,v1:172.21.15.137:6789/0] -- mon_subscribe({mgrmap=0+}) v3 -- 0x7f98d01014c0 con 0x7f98d0071240
2024-04-22T22:03:11.347 INFO:teuthology.orchestra.run.smithi137.stdout:/usr/bin/ceph: stderr
2024-04-22T22:03:08.726+0000 7f98beffd700 1 -- 172.21.15.137:0/1130007654 <== mon.0 v2:172.21.15.137:3300/0 3 ==== mon_map magic: 0 v1 ==== 229+0+0 (secure 0 0 0) 0x7f98c001ad60 con 0x7f98d0071240
2024-04-22T22:03:11.347 INFO:teuthology.orchestra.run.smithi137.stdout:/usr/bin/ceph: stderr
2024-04-22T22:03:08.726+0000 7f98d4852700 1 -- 172.21.15.137:0/1130007654 --> [v2:172.21.15.137:3300/0,v1:172.21.15.137:6789/0] -- mon_subscribe({osdmap=0}) v3 -- 0x7f98d01019b0 con 0x7f98d0071240
2024-04-22T22:03:11.347 INFO:teuthology.orchestra.run.smithi137.stdout:/usr/bin/ceph: stderr
2024-04-22T22:03:08.727+0000 7f98beffd700 1 -- 172.21.15.137:0/1130007654 <== mon.0 v2:172.21.15.137:3300/0 4 ==== mgrmap(e 8) v1 ==== 43376+0+0 (secure 0 0 0) 0x7f98c002e440 con 0x7f98d0071240
2024-04-22T22:03:11.347 INFO:teuthology.orchestra.run.smithi137.stdout:/usr/bin/ceph: stderr
2024-04-22T22:03:08.727+0000 7f98beffd700 1 --2- 172.21.15.137:0/1130007654 >> [v2:172.21.15.137:6800/245912301,v1:172.21.15.137:6801/245912301] conn(0x7f98b80367e0 0x7f98b8038c90 unknown :-1 s=NONE pgs=0 cs=0 l=1 rev1=0 crypto rx=0 tx=0 comp rx=0 tx=0).connect
2024-04-22T22:03:11.347 INFO:teuthology.orchestra.run.smithi137.stdout:/usr/bin/ceph: stderr
2024-04-22T22:03:08.727+0000 7f98d4852700 1 -- 172.21.15.137:0/1130007654 --> [v2:172.21.15.137:3300/0,v1:172.21.15.137:6789/0] -- mon_command({"prefix": "get_command_descriptions"} v 0) v1 -- 0x7f98d004bed0 con 0x7f98d0071240
2024-04-22T22:03:11.347 INFO:teuthology.orchestra.run.smithi137.stdout:/usr/bin/ceph: stderr
2024-04-22T22:03:08.727+0000 7f98beffd700 1 -- 172.21.15.137:0/1130007654 <== mon.0 v2:172.21.15.137:3300/0 5 ==== osd_map(2..2 src has 1..2) v4 ==== 936+0+0 (secure 0 0 0) 0x7f98c004acb0 con 0x7f98d0071240
2024-04-22T22:03:11.347 INFO:teuthology.orchestra.run.smithi137.stdout:/usr/bin/ceph: stderr
2024-04-22T22:03:08.727+0000 7f98cdd9b700 1 --2- 172.21.15.137:0/1130007654 >> [v2:172.21.15.137:6800/245912301,v1:172.21.15.137:6801/245912301] conn(0x7f98b80367e0 0x7f98b8038c90 unknown :-1 s=BANNER_CONNECTING pgs=0 cs=0 l=1 rev1=0 crypto rx=0 tx=0 comp rx=0 tx=0)._handle_peer_banner_payload supported=3 required=0
2024-04-22T22:03:11.348 INFO:teuthology.orchestra.run.smithi137.stdout:/usr/bin/ceph: stderr
2024-04-22T22:03:08.728+0000 7f98cdd9b700 1 --2- 172.21.15.137:0/1130007654 >> [v2:172.21.15.137:6800/245912301,v1:172.21.15.137:6801/245912301] conn(0x7f98b80367e0 0x7f98b8038c90 secure :-1 s=READY pgs=11 cs=0 l=1 rev1=1 crypto rx=0x7f98c4009990 tx=0x7f98c4006e40 comp rx=0 tx=0).ready entity=mgr.14120 client_cookie=0 server_cookie=0 in_seq=0 out_seq=0
2024-04-22T22:03:11.348 INFO:teuthology.orchestra.run.smithi137.stdout:/usr/bin/ceph: stderr
2024-04-22T22:03:08.732+0000 7f98beffd700 1 -- 172.21.15.137:0/1130007654 <== mon.0 v2:172.21.15.137:3300/0 6 ==== mon_command_ack([{"prefix": "get_command_descriptions"}]=0 v0) v1 ==== 72+0+176702 (secure 0 0 0) 0x7f98c002ecb0 con 0x7f98d0071240
2024-04-22T22:03:11.348 INFO:teuthology.orchestra.run.smithi137.stdout:/usr/bin/ceph: stderr
2024-04-22T22:03:08.922+0000 7f98d4852700 1 -- 172.21.15.137:0/1130007654 --> [v2:172.21.15.137:6800/245912301,v1:172.21.15.137:6801/245912301] -- mgr_command(tid 0: {"prefix": "orch host add", "hostname": "smithi137", "addr": "172.21.15.137", "target": ["mon-mgr", ""]}) v1 -- 0x7f98d01020c0 con 0x7f98b80367e0
2024-04-22T22:03:11.348 INFO:teuthology.orchestra.run.smithi137.stdout:/usr/bin/ceph: stderr
2024-04-22T22:03:10.751+0000 7f98beffd700 1 -- 172.21.15.137:0/1130007654 <== mgr.14120 v2:172.21.15.137:6800/245912301 1 ==== mgr_command_reply(tid 0: 0 ) v1 ==== 8+0+49 (secure 0 0 0) 0x7f98d01020c0 con 0x7f98b80367e0
2024-04-22T22:03:11.348 INFO:teuthology.orchestra.run.smithi137.stdout:/usr/bin/ceph: stderr
2024-04-22T22:03:10.754+0000 7f98d4852700 1 -- 172.21.15.137:0/1130007654 >> [v2:172.21.15.137:6800/245912301,v1:172.21.15.137:6801/245912301] conn(0x7f98b80367e0 msgr2=0x7f98b8038c90 secure :-1 s=STATE_CONNECTION_ESTABLISHED l=1).mark_down
2024-04-22T22:03:11.348 INFO:teuthology.orchestra.run.smithi137.stdout:/usr/bin/ceph: stderr
2024-04-22T22:03:10.754+0000 7f98d4852700 1 --2- 172.21.15.137:0/1130007654 >> [v2:172.21.15.137:6800/245912301,v1:172.21.15.137:6801/245912301] conn(0x7f98b80367e0 0x7f98b8038c90 secure :-1 s=READY pgs=11 cs=0 l=1 rev1=1 crypto rx=0x7f98c4009990 tx=0x7f98c4006e40 comp rx=0 tx=0).stop
2024-04-22T22:03:11.348 INFO:teuthology.orchestra.run.smithi137.stdout:/usr/bin/ceph: stderr
2024-04-22T22:03:10.754+0000 7f98d4852700 1 -- 172.21.15.137:0/1130007654 >> [v2:172.21.15.137:3300/0,v1:172.21.15.137:6789/0] conn(0x7f98d0071240 msgr2=0x7f98d0102f10 secure :-1 s=STATE_CONNECTION_ESTABLISHED l=1).mark_down
2024-04-22T22:03:11.348 INFO:teuthology.orchestra.run.smithi137.stdout:/usr/bin/ceph: stderr
2024-04-22T22:03:10.754+0000 7f98d4852700 1 --2- 172.21.15.137:0/1130007654 >> [v2:172.21.15.137:3300/0,v1:172.21.15.137:6789/0] conn(0x7f98d0071240 0x7f98d0102f10 secure :-1 s=READY pgs=46 cs=0 l=1 rev1=1 crypto rx=0x7f98c0011bd0 tx=0x7f98c0009250 comp rx=0 tx=0).stop
2024-04-22T22:03:11.348 INFO:teuthology.orchestra.run.smithi137.stdout:/usr/bin/ceph: stderr
2024-04-22T22:03:10.754+0000 7f98d4852700 1 -- 172.21.15.137:0/1130007654 shutdown_connections
2024-04-22T22:03:11.348 INFO:teuthology.orchestra.run.smithi137.stdout:/usr/bin/ceph: stderr
2024-04-22T22:03:10.754+0000 7f98d4852700 1 --2- 172.21.15.137:0/1130007654 >> [v2:172.21.15.137:6800/245912301,v1:172.21.15.137:6801/245912301] conn(0x7f98b80367e0 0x7f98b8038c90 unknown :-1 s=CLOSED pgs=11 cs=0 l=1 rev1=1 crypto rx=0 tx=0 comp rx=0 tx=0).stop
2024-04-22T22:03:11.348 INFO:teuthology.orchestra.run.smithi137.stdout:/usr/bin/ceph: stderr
2024-04-22T22:03:10.754+0000 7f98d4852700 1 --2- 172.21.15.137:0/1130007654 >> [v2:172.21.15.137:3300/0,v1:172.21.15.137:6789/0] conn(0x7f98d0071240 0x7f98d0102f10 unknown :-1 s=CLOSED pgs=46 cs=0 l=1 rev1=1 crypto rx=0 tx=0 comp rx=0 tx=0).stop
2024-04-22T22:03:11.348 INFO:teuthology.orchestra.run.smithi137.stdout:/usr/bin/ceph: stderr
2024-04-22T22:03:10.754+0000 7f98d4852700 1 -- 172.21.15.137:0/1130007654 >> 172.21.15.137:0/1130007654 conn(0x7f98d00fcfb0 msgr2=0x7f98d00fdbc0 unknown :-1 s=STATE_NONE l=0).mark_down
2024-04-22T22:03:11.348 INFO:teuthology.orchestra.run.smithi137.stdout:/usr/bin/ceph: stderr
2024-04-22T22:03:10.754+0000 7f98d4852700 1 -- 172.21.15.137:0/1130007654 shutdown_connections
2024-04-22T22:03:11.349 INFO:teuthology.orchestra.run.smithi137.stdout:/usr/bin/ceph: stderr
2024-04-22T22:03:10.754+0000 7f98d4852700 1 -- 172.21.15.137:0/1130007654 wait complete.
2024-04-22T22:03:11.349 INFO:teuthology.orchestra.run.smithi137.stdout:Deploying mon service with default placement...
2024-04-22T22:03:11.909 INFO:journalctl@ceph.mon.smithi137.smithi137.stdout:Apr 22 22:03:11 smithi137 ceph-mon[26339]: from='mgr.14120 172.21.15.137:0/4266503845' entity='mgr.smithi137.mnwrth'
2024-04-22T22:03:11.909 INFO:journalctl@ceph.mon.smithi137.smithi137.stdout:Apr 22 22:03:11 smithi137 ceph-mon[26339]: Added host smithi137
2024-04-22T22:03:11.910 INFO:journalctl@ceph.mon.smithi137.smithi137.stdout:Apr 22 22:03:11 smithi137 ceph-mon[26339]: from='mgr.14120 172.21.15.137:0/4266503845' entity='mgr.smithi137.mnwrth' cmd=[{"prefix": "config dump", "format": "json"}]: dispatch
2024-04-22T22:03:12.551 INFO:teuthology.orchestra.run.smithi137.stdout:/usr/bin/ceph: stdout Scheduled mon update...
2024-04-22T22:03:12.552 INFO:teuthology.orchestra.run.smithi137.stdout:/usr/bin/ceph: stderr
2024-04-22T22:03:11.777+0000 7f924c43e700 1 Processor -- start
2024-04-22T22:03:12.552 INFO:teuthology.orchestra.run.smithi137.stdout:/usr/bin/ceph: stderr
2024-04-22T22:03:11.777+0000 7f924c43e700 1 -- start start
2024-04-22T22:03:12.552 INFO:teuthology.orchestra.run.smithi137.stdout:/usr/bin/ceph: stderr
2024-04-22T22:03:11.777+0000 7f924c43e700 1 --2- >> [v2:172.21.15.137:3300/0,v1:172.21.15.137:6789/0] conn(0x7f9244102930 0x7f9244102d40 unknown :-1 s=NONE pgs=0 cs=0 l=0 rev1=0 crypto rx=0 tx=0 comp rx=0 tx=0).connect
2024-04-22T22:03:12.552 INFO:teuthology.orchestra.run.smithi137.stdout:/usr/bin/ceph: stderr
2024-04-22T22:03:11.777+0000 7f924c43e700 1 -- --> [v2:172.21.15.137:3300/0,v1:172.21.15.137:6789/0] -- mon_getmap magic: 0 v1 -- 0x7f9244103280 con 0x7f9244102930
2024-04-22T22:03:12.552 INFO:teuthology.orchestra.run.smithi137.stdout:/usr/bin/ceph: stderr
2024-04-22T22:03:11.777+0000 7f924a1da700 1 --2- >> [v2:172.21.15.137:3300/0,v1:172.21.15.137:6789/0] conn(0x7f9244102930 0x7f9244102d40 unknown :-1 s=BANNER_CONNECTING pgs=0 cs=0 l=0 rev1=0 crypto rx=0 tx=0 comp rx=0 tx=0)._handle_peer_banner_payload supported=3 required=0
2024-04-22T22:03:12.552 INFO:teuthology.orchestra.run.smithi137.stdout:/usr/bin/ceph: stderr
2024-04-22T22:03:11.777+0000 7f924a1da700 1 --2- >> [v2:172.21.15.137:3300/0,v1:172.21.15.137:6789/0] conn(0x7f9244102930 0x7f9244102d40 unknown :-1 s=HELLO_CONNECTING pgs=0 cs=0 l=0 rev1=1 crypto rx=0 tx=0 comp rx=0 tx=0).handle_hello peer v2:172.21.15.137:3300/0 says I am v2:172.21.15.137:45098/0 (socket says 172.21.15.137:45098)
2024-04-22T22:03:12.552 INFO:teuthology.orchestra.run.smithi137.stdout:/usr/bin/ceph: stderr
2024-04-22T22:03:11.777+0000 7f924a1da700 1 -- 172.21.15.137:0/2502871758 learned_addr learned my addr 172.21.15.137:0/2502871758 (peer_addr_for_me v2:172.21.15.137:0/0)
2024-04-22T22:03:12.553 INFO:teuthology.orchestra.run.smithi137.stdout:/usr/bin/ceph: stderr
2024-04-22T22:03:11.778+0000 7f924a1da700 1 -- 172.21.15.137:0/2502871758 --> [v2:172.21.15.137:3300/0,v1:172.21.15.137:6789/0] -- mon_subscribe({config=0+,monmap=0+}) v3 -- 0x7f92441033c0 con 0x7f9244102930
2024-04-22T22:03:12.553 INFO:teuthology.orchestra.run.smithi137.stdout:/usr/bin/ceph: stderr
2024-04-22T22:03:11.778+0000 7f924a1da700 1 --2- 172.21.15.137:0/2502871758 >> [v2:172.21.15.137:3300/0,v1:172.21.15.137:6789/0] conn(0x7f9244102930 0x7f9244102d40 secure :-1 s=READY pgs=47 cs=0 l=1 rev1=1 crypto rx=0x7f92400098e0 tx=0x7f9240009250 comp rx=0 tx=0).ready entity=mon.0 client_cookie=8e55120c2cd5b902 server_cookie=0 in_seq=0 out_seq=0
2024-04-22T22:03:12.553 INFO:teuthology.orchestra.run.smithi137.stdout:/usr/bin/ceph: stderr
2024-04-22T22:03:11.778+0000 7f92491d8700 1 -- 172.21.15.137:0/2502871758 <== mon.0 v2:172.21.15.137:3300/0 1 ==== mon_map magic: 0 v1 ==== 229+0+0 (secure 0 0 0) 0x7f924000b8f0 con 0x7f9244102930
2024-04-22T22:03:12.553 INFO:teuthology.orchestra.run.smithi137.stdout:/usr/bin/ceph: stderr
2024-04-22T22:03:11.778+0000 7f92491d8700 1 -- 172.21.15.137:0/2502871758 <== mon.0 v2:172.21.15.137:3300/0 2 ==== config(27 keys) v1 ==== 1044+0+0 (secure 0 0 0) 0x7f9240011420 con 0x7f9244102930
2024-04-22T22:03:12.553 INFO:teuthology.orchestra.run.smithi137.stdout:/usr/bin/ceph: stderr
2024-04-22T22:03:11.778+0000 7f92491d8700 1 -- 172.21.15.137:0/2502871758 <== mon.0 v2:172.21.15.137:3300/0 3 ==== mon_map magic: 0 v1 ==== 229+0+0 (secure 0 0 0) 0x7f9240010540 con 0x7f9244102930
2024-04-22T22:03:12.553 INFO:teuthology.orchestra.run.smithi137.stdout:/usr/bin/ceph: stderr
2024-04-22T22:03:11.779+0000 7f924c43e700 1 -- 172.21.15.137:0/2502871758 >> [v2:172.21.15.137:3300/0,v1:172.21.15.137:6789/0] conn(0x7f9244102930 msgr2=0x7f9244102d40 secure :-1 s=STATE_CONNECTION_ESTABLISHED l=1).mark_down
2024-04-22T22:03:12.553 INFO:teuthology.orchestra.run.smithi137.stdout:/usr/bin/ceph: stderr
2024-04-22T22:03:11.779+0000 7f924c43e700 1 --2- 172.21.15.137:0/2502871758 >> [v2:172.21.15.137:3300/0,v1:172.21.15.137:6789/0] conn(0x7f9244102930 0x7f9244102d40 secure :-1 s=READY pgs=47 cs=0 l=1 rev1=1 crypto rx=0x7f92400098e0 tx=0x7f9240009250 comp rx=0 tx=0).stop
2024-04-22T22:03:12.553 INFO:teuthology.orchestra.run.smithi137.stdout:/usr/bin/ceph: stderr
2024-04-22T22:03:11.779+0000 7f924c43e700 1 -- 172.21.15.137:0/2502871758 shutdown_connections
2024-04-22T22:03:12.553 INFO:teuthology.orchestra.run.smithi137.stdout:/usr/bin/ceph: stderr
2024-04-22T22:03:11.779+0000 7f924c43e700 1 --2- 172.21.15.137:0/2502871758 >> [v2:172.21.15.137:3300/0,v1:172.21.15.137:6789/0] conn(0x7f9244102930 0x7f9244102d40 unknown :-1 s=CLOSED pgs=47 cs=0 l=1 rev1=1 crypto rx=0 tx=0 comp rx=0 tx=0).stop
2024-04-22T22:03:12.553 INFO:teuthology.orchestra.run.smithi137.stdout:/usr/bin/ceph: stderr
2024-04-22T22:03:11.779+0000 7f924c43e700 1 -- 172.21.15.137:0/2502871758 >> 172.21.15.137:0/2502871758 conn(0x7f92440fe140 msgr2=0x7f9244100550 unknown :-1 s=STATE_NONE l=0).mark_down
2024-04-22T22:03:12.553 INFO:teuthology.orchestra.run.smithi137.stdout:/usr/bin/ceph: stderr
2024-04-22T22:03:11.779+0000 7f924c43e700 1 -- 172.21.15.137:0/2502871758 shutdown_connections
2024-04-22T22:03:12.554 INFO:teuthology.orchestra.run.smithi137.stdout:/usr/bin/ceph: stderr
2024-04-22T22:03:11.779+0000 7f924c43e700 1 -- 172.21.15.137:0/2502871758 wait complete.
2024-04-22T22:03:12.554 INFO:teuthology.orchestra.run.smithi137.stdout:/usr/bin/ceph: stderr
2024-04-22T22:03:11.779+0000 7f924c43e700 1 Processor -- start
2024-04-22T22:03:12.554 INFO:teuthology.orchestra.run.smithi137.stdout:/usr/bin/ceph: stderr
2024-04-22T22:03:11.779+0000 7f924c43e700 1 -- start start
2024-04-22T22:03:12.554 INFO:teuthology.orchestra.run.smithi137.stdout:/usr/bin/ceph: stderr
2024-04-22T22:03:11.780+0000 7f924c43e700 1 --2- >> [v2:172.21.15.137:3300/0,v1:172.21.15.137:6789/0] conn(0x7f9244102930 0x7f9244111750 unknown :-1 s=NONE pgs=0 cs=0 l=1 rev1=0 crypto rx=0 tx=0 comp rx=0 tx=0).connect
2024-04-22T22:03:12.554 INFO:teuthology.orchestra.run.smithi137.stdout:/usr/bin/ceph: stderr
2024-04-22T22:03:11.780+0000 7f924c43e700 1 -- --> [v2:172.21.15.137:3300/0,v1:172.21.15.137:6789/0] -- mon_getmap magic: 0 v1 -- 0x7f9244111c90 con 0x7f9244102930
2024-04-22T22:03:12.554 INFO:teuthology.orchestra.run.smithi137.stdout:/usr/bin/ceph: stderr
2024-04-22T22:03:11.780+0000 7f924a1da700 1 --2- >> [v2:172.21.15.137:3300/0,v1:172.21.15.137:6789/0] conn(0x7f9244102930 0x7f9244111750 unknown :-1 s=BANNER_CONNECTING pgs=0 cs=0 l=1 rev1=0 crypto rx=0 tx=0 comp rx=0 tx=0)._handle_peer_banner_payload supported=3 required=0
2024-04-22T22:03:12.554 INFO:teuthology.orchestra.run.smithi137.stdout:/usr/bin/ceph: stderr
2024-04-22T22:03:11.780+0000 7f924a1da700 1 --2- >> [v2:172.21.15.137:3300/0,v1:172.21.15.137:6789/0] conn(0x7f9244102930 0x7f9244111750 unknown :-1 s=HELLO_CONNECTING pgs=0 cs=0 l=1 rev1=1 crypto rx=0 tx=0 comp rx=0 tx=0).handle_hello peer v2:172.21.15.137:3300/0 says I am v2:172.21.15.137:45112/0 (socket says 172.21.15.137:45112)
2024-04-22T22:03:12.554 INFO:teuthology.orchestra.run.smithi137.stdout:/usr/bin/ceph: stderr
2024-04-22T22:03:11.780+0000 7f924a1da700 1 -- 172.21.15.137:0/1728253378 learned_addr learned my addr 172.21.15.137:0/1728253378 (peer_addr_for_me v2:172.21.15.137:0/0)
2024-04-22T22:03:12.554 INFO:teuthology.orchestra.run.smithi137.stdout:/usr/bin/ceph: stderr
2024-04-22T22:03:11.780+0000 7f924a1da700 1 -- 172.21.15.137:0/1728253378 --> [v2:172.21.15.137:3300/0,v1:172.21.15.137:6789/0] -- mon_subscribe({config=0+,monmap=0+}) v3 -- 0x7f92400094f0 con 0x7f9244102930
2024-04-22T22:03:12.555 INFO:teuthology.orchestra.run.smithi137.stdout:/usr/bin/ceph: stderr
2024-04-22T22:03:11.780+0000 7f924a1da700 1 --2- 172.21.15.137:0/1728253378 >> [v2:172.21.15.137:3300/0,v1:172.21.15.137:6789/0] conn(0x7f9244102930 0x7f9244111750 secure :-1 s=READY pgs=48 cs=0 l=1 rev1=1 crypto rx=0x7f9240011ef0 tx=0x7f9240009250 comp rx=0 tx=0).ready entity=mon.0 client_cookie=0 server_cookie=0 in_seq=0 out_seq=0
2024-04-22T22:03:12.555 INFO:teuthology.orchestra.run.smithi137.stdout:/usr/bin/ceph: stderr
2024-04-22T22:03:11.780+0000 7f923affd700 1 -- 172.21.15.137:0/1728253378 <== mon.0 v2:172.21.15.137:3300/0 1 ==== mon_map magic: 0 v1 ==== 229+0+0 (secure 0 0 0) 0x7f9240010910 con 0x7f9244102930
2024-04-22T22:03:12.555 INFO:teuthology.orchestra.run.smithi137.stdout:/usr/bin/ceph: stderr
2024-04-22T22:03:11.780+0000 7f923affd700 1 -- 172.21.15.137:0/1728253378 <== mon.0 v2:172.21.15.137:3300/0 2 ==== config(27 keys) v1 ==== 1044+0+0 (secure 0 0 0) 0x7f9240010f00 con 0x7f9244102930
2024-04-22T22:03:12.555 INFO:teuthology.orchestra.run.smithi137.stdout:/usr/bin/ceph: stderr
2024-04-22T22:03:11.780+0000 7f924c43e700 1 -- 172.21.15.137:0/1728253378 --> [v2:172.21.15.137:3300/0,v1:172.21.15.137:6789/0] -- mon_subscribe({mgrmap=0+}) v3 -- 0x7f9244111e90 con 0x7f9244102930
2024-04-22T22:03:12.555 INFO:teuthology.orchestra.run.smithi137.stdout:/usr/bin/ceph: stderr
2024-04-22T22:03:11.780+0000 7f923affd700 1 -- 172.21.15.137:0/1728253378 <== mon.0 v2:172.21.15.137:3300/0 3 ==== mon_map magic: 0 v1 ==== 229+0+0 (secure 0 0 0) 0x7f924001ae50 con 0x7f9244102930
2024-04-22T22:03:12.555 INFO:teuthology.orchestra.run.smithi137.stdout:/usr/bin/ceph: stderr
2024-04-22T22:03:11.780+0000 7f924c43e700 1 -- 172.21.15.137:0/1728253378 --> [v2:172.21.15.137:3300/0,v1:172.21.15.137:6789/0] -- mon_subscribe({osdmap=0}) v3 -- 0x7f9244112a00 con 0x7f9244102930
2024-04-22T22:03:12.555 INFO:teuthology.orchestra.run.smithi137.stdout:/usr/bin/ceph: stderr
2024-04-22T22:03:11.781+0000 7f923affd700 1 -- 172.21.15.137:0/1728253378 <== mon.0 v2:172.21.15.137:3300/0 4 ==== mgrmap(e 8) v1 ==== 43376+0+0 (secure 0 0 0) 0x7f924002d3f0 con 0x7f9244102930
2024-04-22T22:03:12.555 INFO:teuthology.orchestra.run.smithi137.stdout:/usr/bin/ceph: stderr
2024-04-22T22:03:11.781+0000 7f923affd700 1 --2- 172.21.15.137:0/1728253378 >> [v2:172.21.15.137:6800/245912301,v1:172.21.15.137:6801/245912301] conn(0x7f9230036740 0x7f9230038bf0 unknown :-1 s=NONE pgs=0 cs=0 l=1 rev1=0 crypto rx=0 tx=0 comp rx=0 tx=0).connect
2024-04-22T22:03:12.555 INFO:teuthology.orchestra.run.smithi137.stdout:/usr/bin/ceph: stderr
2024-04-22T22:03:11.781+0000 7f924c43e700 1 -- 172.21.15.137:0/1728253378 --> [v2:172.21.15.137:3300/0,v1:172.21.15.137:6789/0] -- mon_command({"prefix": "get_command_descriptions"} v 0) v1 -- 0x7f924405f5f0 con 0x7f9244102930
2024-04-22T22:03:12.555 INFO:teuthology.orchestra.run.smithi137.stdout:/usr/bin/ceph: stderr
2024-04-22T22:03:11.782+0000 7f92499d9700 1 --2- 172.21.15.137:0/1728253378 >> [v2:172.21.15.137:6800/245912301,v1:172.21.15.137:6801/245912301] conn(0x7f9230036740 0x7f9230038bf0 unknown :-1 s=BANNER_CONNECTING pgs=0 cs=0 l=1 rev1=0 crypto rx=0 tx=0 comp rx=0 tx=0)._handle_peer_banner_payload supported=3 required=0
2024-04-22T22:03:12.556 INFO:teuthology.orchestra.run.smithi137.stdout:/usr/bin/ceph: stderr
2024-04-22T22:03:11.782+0000 7f923affd700 1 -- 172.21.15.137:0/1728253378 <== mon.0 v2:172.21.15.137:3300/0 5 ==== osd_map(2..2 src has 1..2) v4 ==== 936+0+0 (secure 0 0 0) 0x7f924004a4f0 con 0x7f9244102930
2024-04-22T22:03:12.556 INFO:teuthology.orchestra.run.smithi137.stdout:/usr/bin/ceph: stderr
2024-04-22T22:03:11.782+0000 7f92499d9700 1 --2- 172.21.15.137:0/1728253378 >> [v2:172.21.15.137:6800/245912301,v1:172.21.15.137:6801/245912301] conn(0x7f9230036740 0x7f9230038bf0 secure :-1 s=READY pgs=12 cs=0 l=1 rev1=1 crypto rx=0x7f9234009990 tx=0x7f9234006e40 comp rx=0 tx=0).ready entity=mgr.14120 client_cookie=0 server_cookie=0 in_seq=0 out_seq=0
2024-04-22T22:03:12.556 INFO:teuthology.orchestra.run.smithi137.stdout:/usr/bin/ceph: stderr
2024-04-22T22:03:11.786+0000 7f923affd700 1 -- 172.21.15.137:0/1728253378 <== mon.0 v2:172.21.15.137:3300/0 6 ==== mon_command_ack([{"prefix": "get_command_descriptions"}]=0 v0) v1 ==== 72+0+176702 (secure 0 0 0) 0x7f924002b8e0 con 0x7f9244102930
2024-04-22T22:03:12.556 INFO:teuthology.orchestra.run.smithi137.stdout:/usr/bin/ceph: stderr
2024-04-22T22:03:12.013+0000 7f924c43e700 1 -- 172.21.15.137:0/1728253378 --> [v2:172.21.15.137:6800/245912301,v1:172.21.15.137:6801/245912301] -- mgr_command(tid 0: {"prefix": "orch apply", "service_type": "mon", "target": ["mon-mgr", ""]}) v1 -- 0x7f92440ff470 con 0x7f9230036740
2024-04-22T22:03:12.556 INFO:teuthology.orchestra.run.smithi137.stdout:/usr/bin/ceph: stderr
2024-04-22T22:03:12.020+0000 7f923affd700 1 -- 172.21.15.137:0/1728253378 <== mgr.14120 v2:172.21.15.137:6800/245912301 1 ==== mgr_command_reply(tid 0: 0 ) v1 ==== 8+0+24 (secure 0 0 0) 0x7f92440ff470 con 0x7f9230036740
2024-04-22T22:03:12.556 INFO:teuthology.orchestra.run.smithi137.stdout:/usr/bin/ceph: stderr
2024-04-22T22:03:12.023+0000 7f924c43e700 1 -- 172.21.15.137:0/1728253378 >> [v2:172.21.15.137:6800/245912301,v1:172.21.15.137:6801/245912301] conn(0x7f9230036740 msgr2=0x7f9230038bf0 secure :-1 s=STATE_CONNECTION_ESTABLISHED l=1).mark_down
2024-04-22T22:03:12.556 INFO:teuthology.orchestra.run.smithi137.stdout:/usr/bin/ceph: stderr
2024-04-22T22:03:12.023+0000 7f924c43e700 1 --2- 172.21.15.137:0/1728253378 >> [v2:172.21.15.137:6800/245912301,v1:172.21.15.137:6801/245912301] conn(0x7f9230036740 0x7f9230038bf0 secure :-1 s=READY pgs=12 cs=0 l=1 rev1=1 crypto rx=0x7f9234009990 tx=0x7f9234006e40 comp rx=0 tx=0).stop
2024-04-22T22:03:12.556 INFO:teuthology.orchestra.run.smithi137.stdout:/usr/bin/ceph: stderr
2024-04-22T22:03:12.023+0000 7f924c43e700 1 -- 172.21.15.137:0/1728253378 >> [v2:172.21.15.137:3300/0,v1:172.21.15.137:6789/0] conn(0x7f9244102930 msgr2=0x7f9244111750 secure :-1 s=STATE_CONNECTION_ESTABLISHED l=1).mark_down
2024-04-22T22:03:12.556 INFO:teuthology.orchestra.run.smithi137.stdout:/usr/bin/ceph: stderr
2024-04-22T22:03:12.023+0000 7f924c43e700 1 --2- 172.21.15.137:0/1728253378 >> [v2:172.21.15.137:3300/0,v1:172.21.15.137:6789/0] conn(0x7f9244102930 0x7f9244111750 secure :-1 s=READY pgs=48 cs=0 l=1 rev1=1 crypto rx=0x7f9240011ef0 tx=0x7f9240009250 comp rx=0 tx=0).stop
2024-04-22T22:03:12.556 INFO:teuthology.orchestra.run.smithi137.stdout:/usr/bin/ceph: stderr
2024-04-22T22:03:12.023+0000 7f924c43e700 1 -- 172.21.15.137:0/1728253378 shutdown_connections
2024-04-22T22:03:12.556 INFO:teuthology.orchestra.run.smithi137.stdout:/usr/bin/ceph: stderr
2024-04-22T22:03:12.023+0000 7f924c43e700 1 --2- 172.21.15.137:0/1728253378 >> [v2:172.21.15.137:6800/245912301,v1:172.21.15.137:6801/245912301] conn(0x7f9230036740 0x7f9230038bf0 unknown :-1 s=CLOSED pgs=12 cs=0 l=1 rev1=1 crypto rx=0 tx=0 comp rx=0 tx=0).stop
2024-04-22T22:03:12.556 INFO:teuthology.orchestra.run.smithi137.stdout:/usr/bin/ceph: stderr
2024-04-22T22:03:12.023+0000 7f924c43e700 1 --2- 172.21.15.137:0/1728253378 >> [v2:172.21.15.137:3300/0,v1:172.21.15.137:6789/0] conn(0x7f9244102930 0x7f9244111750 unknown :-1 s=CLOSED pgs=48 cs=0 l=1 rev1=1 crypto rx=0 tx=0 comp rx=0 tx=0).stop
2024-04-22T22:03:12.557 INFO:teuthology.orchestra.run.smithi137.stdout:/usr/bin/ceph: stderr
2024-04-22T22:03:12.023+0000 7f924c43e700 1 -- 172.21.15.137:0/1728253378 >> 172.21.15.137:0/1728253378 conn(0x7f92440fe140 msgr2=0x7f92440feca0 unknown :-1 s=STATE_NONE l=0).mark_down
2024-04-22T22:03:12.557 INFO:teuthology.orchestra.run.smithi137.stdout:/usr/bin/ceph: stderr
2024-04-22T22:03:12.023+0000 7f924c43e700 1 -- 172.21.15.137:0/1728253378 shutdown_connections
2024-04-22T22:03:12.557 INFO:teuthology.orchestra.run.smithi137.stdout:/usr/bin/ceph: stderr
2024-04-22T22:03:12.023+0000 7f924c43e700 1 -- 172.21.15.137:0/1728253378 wait complete.
2024-04-22T22:03:12.557 INFO:teuthology.orchestra.run.smithi137.stdout:Deploying mgr service with default placement...
2024-04-22T22:03:13.409 INFO:journalctl@ceph.mon.smithi137.smithi137.stdout:Apr 22 22:03:13 smithi137 ceph-mon[26339]: from='client.14142 -' entity='client.admin' cmd=[{"prefix": "orch apply", "service_type": "mon", "target": ["mon-mgr", ""]}]: dispatch
2024-04-22T22:03:13.409 INFO:journalctl@ceph.mon.smithi137.smithi137.stdout:Apr 22 22:03:13 smithi137 ceph-mon[26339]: Saving service mon spec with placement count:5
2024-04-22T22:03:13.410 INFO:journalctl@ceph.mon.smithi137.smithi137.stdout:Apr 22 22:03:13 smithi137 ceph-mon[26339]: from='mgr.14120 172.21.15.137:0/4266503845' entity='mgr.smithi137.mnwrth'
2024-04-22T22:03:13.950 INFO:teuthology.orchestra.run.smithi137.stdout:/usr/bin/ceph: stdout Scheduled mgr update...
2024-04-22T22:03:13.951 INFO:teuthology.orchestra.run.smithi137.stdout:/usr/bin/ceph: stderr
2024-04-22T22:03:12.955+0000 7ffb679f4700 1 Processor -- start
2024-04-22T22:03:13.951 INFO:teuthology.orchestra.run.smithi137.stdout:/usr/bin/ceph: stderr
2024-04-22T22:03:12.955+0000 7ffb679f4700 1 -- start start
2024-04-22T22:03:13.951 INFO:teuthology.orchestra.run.smithi137.stdout:/usr/bin/ceph: stderr
2024-04-22T22:03:12.955+0000 7ffb679f4700 1 --2- >> [v2:172.21.15.137:3300/0,v1:172.21.15.137:6789/0] conn(0x7ffb60078bd0 0x7ffb60077260 unknown :-1 s=NONE pgs=0 cs=0 l=0 rev1=0 crypto rx=0 tx=0 comp rx=0 tx=0).connect
2024-04-22T22:03:13.951 INFO:teuthology.orchestra.run.smithi137.stdout:/usr/bin/ceph: stderr
2024-04-22T22:03:12.955+0000 7ffb679f4700 1 -- --> [v2:172.21.15.137:3300/0,v1:172.21.15.137:6789/0] -- mon_getmap magic: 0 v1 -- 0x7ffb60078fe0 con 0x7ffb60078bd0
2024-04-22T22:03:13.951 INFO:teuthology.orchestra.run.smithi137.stdout:/usr/bin/ceph: stderr
2024-04-22T22:03:12.955+0000 7ffb65790700 1 --2- >> [v2:172.21.15.137:3300/0,v1:172.21.15.137:6789/0] conn(0x7ffb60078bd0 0x7ffb60077260 unknown :-1 s=BANNER_CONNECTING pgs=0 cs=0 l=0 rev1=0 crypto rx=0 tx=0 comp rx=0 tx=0)._handle_peer_banner_payload supported=3 required=0
2024-04-22T22:03:13.951 INFO:teuthology.orchestra.run.smithi137.stdout:/usr/bin/ceph: stderr
2024-04-22T22:03:12.955+0000 7ffb65790700 1 --2- >> [v2:172.21.15.137:3300/0,v1:172.21.15.137:6789/0] conn(0x7ffb60078bd0 0x7ffb60077260 unknown :-1 s=HELLO_CONNECTING pgs=0 cs=0 l=0 rev1=1 crypto rx=0 tx=0 comp rx=0 tx=0).handle_hello peer v2:172.21.15.137:3300/0 says I am v2:172.21.15.137:45116/0 (socket says 172.21.15.137:45116)
2024-04-22T22:03:13.951 INFO:teuthology.orchestra.run.smithi137.stdout:/usr/bin/ceph: stderr
2024-04-22T22:03:12.955+0000 7ffb65790700 1 -- 172.21.15.137:0/291577514 learned_addr learned my addr 172.21.15.137:0/291577514 (peer_addr_for_me v2:172.21.15.137:0/0)
2024-04-22T22:03:13.951 INFO:teuthology.orchestra.run.smithi137.stdout:/usr/bin/ceph: stderr
2024-04-22T22:03:12.956+0000 7ffb65790700 1 -- 172.21.15.137:0/291577514 --> [v2:172.21.15.137:3300/0,v1:172.21.15.137:6789/0] -- mon_subscribe({config=0+,monmap=0+}) v3 -- 0x7ffb60079120 con 0x7ffb60078bd0
2024-04-22T22:03:13.951 INFO:teuthology.orchestra.run.smithi137.stdout:/usr/bin/ceph: stderr
2024-04-22T22:03:12.956+0000 7ffb65790700 1 --2- 172.21.15.137:0/291577514 >> [v2:172.21.15.137:3300/0,v1:172.21.15.137:6789/0] conn(0x7ffb60078bd0 0x7ffb60077260 secure :-1 s=READY pgs=49 cs=0 l=1 rev1=1 crypto rx=0x7ffb5c0098e0 tx=0x7ffb5c009250 comp rx=0 tx=0).ready entity=mon.0 client_cookie=d4ae81b646d54ce7 server_cookie=0 in_seq=0 out_seq=0
2024-04-22T22:03:13.951 INFO:teuthology.orchestra.run.smithi137.stdout:/usr/bin/ceph: stderr
2024-04-22T22:03:12.956+0000 7ffb57fff700 1 -- 172.21.15.137:0/291577514 <== mon.0 v2:172.21.15.137:3300/0 1 ==== mon_map magic: 0 v1 ==== 229+0+0 (secure 0 0 0) 0x7ffb5c00b8f0 con 0x7ffb60078bd0
2024-04-22T22:03:13.952 INFO:teuthology.orchestra.run.smithi137.stdout:/usr/bin/ceph: stderr
2024-04-22T22:03:12.956+0000 7ffb57fff700 1 -- 172.21.15.137:0/291577514 <== mon.0 v2:172.21.15.137:3300/0 2 ==== config(27 keys) v1 ==== 1044+0+0 (secure 0 0 0) 0x7ffb5c011420 con 0x7ffb60078bd0
2024-04-22T22:03:13.952 INFO:teuthology.orchestra.run.smithi137.stdout:/usr/bin/ceph: stderr
2024-04-22T22:03:12.956+0000 7ffb57fff700 1 -- 172.21.15.137:0/291577514 <== mon.0 v2:172.21.15.137:3300/0 3 ==== mon_map magic: 0 v1 ==== 229+0+0 (secure 0 0 0) 0x7ffb5c010540 con 0x7ffb60078bd0
2024-04-22T22:03:13.952 INFO:teuthology.orchestra.run.smithi137.stdout:/usr/bin/ceph: stderr
2024-04-22T22:03:12.956+0000 7ffb679f4700 1 -- 172.21.15.137:0/291577514 >> [v2:172.21.15.137:3300/0,v1:172.21.15.137:6789/0] conn(0x7ffb60078bd0 msgr2=0x7ffb60077260 secure :-1 s=STATE_CONNECTION_ESTABLISHED l=1).mark_down
2024-04-22T22:03:13.952 INFO:teuthology.orchestra.run.smithi137.stdout:/usr/bin/ceph: stderr
2024-04-22T22:03:12.956+0000 7ffb679f4700 1 --2- 172.21.15.137:0/291577514 >> [v2:172.21.15.137:3300/0,v1:172.21.15.137:6789/0] conn(0x7ffb60078bd0 0x7ffb60077260 secure :-1 s=READY pgs=49 cs=0 l=1 rev1=1 crypto rx=0x7ffb5c0098e0 tx=0x7ffb5c009250 comp rx=0 tx=0).stop
2024-04-22T22:03:13.952 INFO:teuthology.orchestra.run.smithi137.stdout:/usr/bin/ceph: stderr
2024-04-22T22:03:12.956+0000 7ffb679f4700 1 -- 172.21.15.137:0/291577514 shutdown_connections
2024-04-22T22:03:13.952 INFO:teuthology.orchestra.run.smithi137.stdout:/usr/bin/ceph: stderr
2024-04-22T22:03:12.956+0000 7ffb679f4700 1 --2- 172.21.15.137:0/291577514 >> [v2:172.21.15.137:3300/0,v1:172.21.15.137:6789/0] conn(0x7ffb60078bd0 0x7ffb60077260 unknown :-1 s=CLOSED pgs=49 cs=0 l=1 rev1=1 crypto rx=0 tx=0 comp rx=0 tx=0).stop
2024-04-22T22:03:13.952 INFO:teuthology.orchestra.run.smithi137.stdout:/usr/bin/ceph: stderr
2024-04-22T22:03:12.956+0000 7ffb679f4700 1 -- 172.21.15.137:0/291577514 >> 172.21.15.137:0/291577514 conn(0x7ffb600fe140 msgr2=0x7ffb60100550 unknown :-1 s=STATE_NONE l=0).mark_down
2024-04-22T22:03:13.952 INFO:teuthology.orchestra.run.smithi137.stdout:/usr/bin/ceph: stderr
2024-04-22T22:03:12.957+0000 7ffb679f4700 1 -- 172.21.15.137:0/291577514 shutdown_connections
2024-04-22T22:03:13.952 INFO:teuthology.orchestra.run.smithi137.stdout:/usr/bin/ceph: stderr
2024-04-22T22:03:12.957+0000 7ffb679f4700 1 -- 172.21.15.137:0/291577514 wait complete.
2024-04-22T22:03:13.952 INFO:teuthology.orchestra.run.smithi137.stdout:/usr/bin/ceph: stderr
2024-04-22T22:03:12.957+0000 7ffb679f4700 1 Processor -- start
2024-04-22T22:03:13.952 INFO:teuthology.orchestra.run.smithi137.stdout:/usr/bin/ceph: stderr
2024-04-22T22:03:12.957+0000 7ffb679f4700 1 -- start start
2024-04-22T22:03:13.952 INFO:teuthology.orchestra.run.smithi137.stdout:/usr/bin/ceph: stderr
2024-04-22T22:03:12.957+0000 7ffb679f4700 1 --2- >> [v2:172.21.15.137:3300/0,v1:172.21.15.137:6789/0] conn(0x7ffb60078bd0 0x7ffb60113980 unknown :-1 s=NONE pgs=0 cs=0 l=1 rev1=0 crypto rx=0 tx=0 comp rx=0 tx=0).connect
2024-04-22T22:03:13.953 INFO:teuthology.orchestra.run.smithi137.stdout:/usr/bin/ceph: stderr
2024-04-22T22:03:12.957+0000 7ffb679f4700 1 -- --> [v2:172.21.15.137:3300/0,v1:172.21.15.137:6789/0] -- mon_getmap magic: 0 v1 -- 0x7ffb60113ec0 con 0x7ffb60078bd0
2024-04-22T22:03:13.953 INFO:teuthology.orchestra.run.smithi137.stdout:/usr/bin/ceph: stderr
2024-04-22T22:03:12.957+0000 7ffb65790700 1 --2- >> [v2:172.21.15.137:3300/0,v1:172.21.15.137:6789/0] conn(0x7ffb60078bd0 0x7ffb60113980 unknown :-1 s=BANNER_CONNECTING pgs=0 cs=0 l=1 rev1=0 crypto rx=0 tx=0 comp rx=0 tx=0)._handle_peer_banner_payload supported=3 required=0
2024-04-22T22:03:13.953 INFO:teuthology.orchestra.run.smithi137.stdout:/usr/bin/ceph: stderr
2024-04-22T22:03:12.957+0000 7ffb65790700 1 --2- >> [v2:172.21.15.137:3300/0,v1:172.21.15.137:6789/0] conn(0x7ffb60078bd0 0x7ffb60113980 unknown :-1 s=HELLO_CONNECTING pgs=0 cs=0 l=1 rev1=1 crypto rx=0 tx=0 comp rx=0 tx=0).handle_hello peer v2:172.21.15.137:3300/0 says I am v2:172.21.15.137:45122/0 (socket says 172.21.15.137:45122)
2024-04-22T22:03:13.953 INFO:teuthology.orchestra.run.smithi137.stdout:/usr/bin/ceph: stderr
2024-04-22T22:03:12.957+0000 7ffb65790700 1 -- 172.21.15.137:0/1783233833 learned_addr learned my addr 172.21.15.137:0/1783233833 (peer_addr_for_me v2:172.21.15.137:0/0)
2024-04-22T22:03:13.953 INFO:teuthology.orchestra.run.smithi137.stdout:/usr/bin/ceph: stderr
2024-04-22T22:03:12.958+0000 7ffb65790700 1 -- 172.21.15.137:0/1783233833 --> [v2:172.21.15.137:3300/0,v1:172.21.15.137:6789/0] -- mon_subscribe({config=0+,monmap=0+}) v3 -- 0x7ffb5c0094f0 con 0x7ffb60078bd0
2024-04-22T22:03:13.953 INFO:teuthology.orchestra.run.smithi137.stdout:/usr/bin/ceph: stderr
2024-04-22T22:03:12.958+0000 7ffb65790700 1 --2- 172.21.15.137:0/1783233833 >> [v2:172.21.15.137:3300/0,v1:172.21.15.137:6789/0] conn(0x7ffb60078bd0 0x7ffb60113980 secure :-1 s=READY pgs=50 cs=0 l=1 rev1=1 crypto rx=0x7ffb5c0094c0 tx=0x7ffb5c009250 comp rx=0 tx=0).ready entity=mon.0 client_cookie=0 server_cookie=0 in_seq=0 out_seq=0
2024-04-22T22:03:13.953 INFO:teuthology.orchestra.run.smithi137.stdout:/usr/bin/ceph: stderr
2024-04-22T22:03:12.958+0000 7ffb55ffb700 1 -- 172.21.15.137:0/1783233833 <== mon.0 v2:172.21.15.137:3300/0 1 ==== mon_map magic: 0 v1 ==== 229+0+0 (secure 0 0 0) 0x7ffb5c010800 con 0x7ffb60078bd0
2024-04-22T22:03:13.953 INFO:teuthology.orchestra.run.smithi137.stdout:/usr/bin/ceph: stderr
2024-04-22T22:03:12.958+0000 7ffb55ffb700 1 -- 172.21.15.137:0/1783233833 <== mon.0 v2:172.21.15.137:3300/0 2 ==== config(27 keys) v1 ==== 1044+0+0 (secure 0 0 0) 0x7ffb5c010df0 con 0x7ffb60078bd0
2024-04-22T22:03:13.953 INFO:teuthology.orchestra.run.smithi137.stdout:/usr/bin/ceph: stderr
2024-04-22T22:03:12.958+0000 7ffb679f4700 1 -- 172.21.15.137:0/1783233833 --> [v2:172.21.15.137:3300/0,v1:172.21.15.137:6789/0] -- mon_subscribe({mgrmap=0+}) v3 -- 0x7ffb601140c0 con 0x7ffb60078bd0
2024-04-22T22:03:13.953 INFO:teuthology.orchestra.run.smithi137.stdout:/usr/bin/ceph: stderr
2024-04-22T22:03:12.958+0000 7ffb55ffb700 1 -- 172.21.15.137:0/1783233833 <== mon.0 v2:172.21.15.137:3300/0 3 ==== mon_map magic: 0 v1 ==== 229+0+0 (secure 0 0 0) 0x7ffb5c024e50 con 0x7ffb60078bd0
2024-04-22T22:03:13.954 INFO:teuthology.orchestra.run.smithi137.stdout:/usr/bin/ceph: stderr
2024-04-22T22:03:12.958+0000 7ffb679f4700 1 -- 172.21.15.137:0/1783233833 --> [v2:172.21.15.137:3300/0,v1:172.21.15.137:6789/0] -- mon_subscribe({osdmap=0}) v3 -- 0x7ffb60114c30 con 0x7ffb60078bd0
2024-04-22T22:03:13.954 INFO:teuthology.orchestra.run.smithi137.stdout:/usr/bin/ceph: stderr
2024-04-22T22:03:12.959+0000 7ffb55ffb700 1 -- 172.21.15.137:0/1783233833 <== mon.0 v2:172.21.15.137:3300/0 4 ==== mgrmap(e 8) v1 ==== 43376+0+0 (secure 0 0 0) 0x7ffb5c01a4c0 con 0x7ffb60078bd0
2024-04-22T22:03:13.954 INFO:teuthology.orchestra.run.smithi137.stdout:/usr/bin/ceph: stderr
2024-04-22T22:03:12.959+0000 7ffb679f4700 1 -- 172.21.15.137:0/1783233833 --> [v2:172.21.15.137:3300/0,v1:172.21.15.137:6789/0] -- mon_command({"prefix": "get_command_descriptions"} v 0) v1 -- 0x7ffb6005f5f0 con 0x7ffb60078bd0
2024-04-22T22:03:13.954 INFO:teuthology.orchestra.run.smithi137.stdout:/usr/bin/ceph: stderr
2024-04-22T22:03:12.959+0000 7ffb55ffb700 1 --2- 172.21.15.137:0/1783233833 >> [v2:172.21.15.137:6800/245912301,v1:172.21.15.137:6801/245912301] conn(0x7ffb4c036740 0x7ffb4c038bf0 unknown :-1 s=NONE pgs=0 cs=0 l=1 rev1=0 crypto rx=0 tx=0 comp rx=0 tx=0).connect
2024-04-22T22:03:13.954 INFO:teuthology.orchestra.run.smithi137.stdout:/usr/bin/ceph: stderr
2024-04-22T22:03:12.959+0000 7ffb55ffb700 1 -- 172.21.15.137:0/1783233833 <== mon.0 v2:172.21.15.137:3300/0 5 ==== osd_map(2..2 src has 1..2) v4 ==== 936+0+0 (secure 0 0 0) 0x7ffb5c04a620 con 0x7ffb60078bd0
2024-04-22T22:03:13.954 INFO:teuthology.orchestra.run.smithi137.stdout:/usr/bin/ceph: stderr
2024-04-22T22:03:12.959+0000 7ffb64f8f700 1 --2- 172.21.15.137:0/1783233833 >> [v2:172.21.15.137:6800/245912301,v1:172.21.15.137:6801/245912301] conn(0x7ffb4c036740 0x7ffb4c038bf0 unknown :-1 s=BANNER_CONNECTING pgs=0 cs=0 l=1 rev1=0 crypto rx=0 tx=0 comp rx=0 tx=0)._handle_peer_banner_payload supported=3 required=0
2024-04-22T22:03:13.954 INFO:teuthology.orchestra.run.smithi137.stdout:/usr/bin/ceph: stderr
2024-04-22T22:03:12.960+0000 7ffb64f8f700 1 --2- 172.21.15.137:0/1783233833 >> [v2:172.21.15.137:6800/245912301,v1:172.21.15.137:6801/245912301] conn(0x7ffb4c036740 0x7ffb4c038bf0 secure :-1 s=READY pgs=13 cs=0 l=1 rev1=1 crypto rx=0x7ffb50009990 tx=0x7ffb50006e40 comp rx=0 tx=0).ready entity=mgr.14120 client_cookie=0 server_cookie=0 in_seq=0 out_seq=0
2024-04-22T22:03:13.954 INFO:teuthology.orchestra.run.smithi137.stdout:/usr/bin/ceph: stderr
2024-04-22T22:03:12.964+0000 7ffb55ffb700 1 -- 172.21.15.137:0/1783233833 <== mon.0 v2:172.21.15.137:3300/0 6 ==== mon_command_ack([{"prefix": "get_command_descriptions"}]=0 v0) v1 ==== 72+0+176702 (secure 0 0 0) 0x7ffb5c02d490 con 0x7ffb60078bd0
2024-04-22T22:03:13.954 INFO:teuthology.orchestra.run.smithi137.stdout:/usr/bin/ceph: stderr
2024-04-22T22:03:13.161+0000 7ffb679f4700 1 -- 172.21.15.137:0/1783233833 --> [v2:172.21.15.137:6800/245912301,v1:172.21.15.137:6801/245912301] -- mgr_command(tid 0: {"prefix": "orch apply", "service_type": "mgr", "target": ["mon-mgr", ""]}) v1 -- 0x7ffb600ff570 con 0x7ffb4c036740
2024-04-22T22:03:13.954 INFO:teuthology.orchestra.run.smithi137.stdout:/usr/bin/ceph: stderr
2024-04-22T22:03:13.167+0000 7ffb55ffb700 1 -- 172.21.15.137:0/1783233833 <== mgr.14120 v2:172.21.15.137:6800/245912301 1 ==== mgr_command_reply(tid 0: 0 ) v1 ==== 8+0+24 (secure 0 0 0) 0x7ffb600ff570 con 0x7ffb4c036740
2024-04-22T22:03:13.954 INFO:teuthology.orchestra.run.smithi137.stdout:/usr/bin/ceph: stderr
2024-04-22T22:03:13.170+0000 7ffb679f4700 1 -- 172.21.15.137:0/1783233833 >> [v2:172.21.15.137:6800/245912301,v1:172.21.15.137:6801/245912301] conn(0x7ffb4c036740 msgr2=0x7ffb4c038bf0 secure :-1 s=STATE_CONNECTION_ESTABLISHED l=1).mark_down
2024-04-22T22:03:13.954 INFO:teuthology.orchestra.run.smithi137.stdout:/usr/bin/ceph: stderr
2024-04-22T22:03:13.170+0000 7ffb679f4700 1 --2- 172.21.15.137:0/1783233833 >> [v2:172.21.15.137:6800/245912301,v1:172.21.15.137:6801/245912301] conn(0x7ffb4c036740 0x7ffb4c038bf0 secure :-1 s=READY pgs=13 cs=0 l=1 rev1=1 crypto rx=0x7ffb50009990 tx=0x7ffb50006e40 comp rx=0 tx=0).stop
2024-04-22T22:03:13.954 INFO:teuthology.orchestra.run.smithi137.stdout:/usr/bin/ceph: stderr
2024-04-22T22:03:13.170+0000 7ffb679f4700 1 -- 172.21.15.137:0/1783233833 >> [v2:172.21.15.137:3300/0,v1:172.21.15.137:6789/0] conn(0x7ffb60078bd0 msgr2=0x7ffb60113980 secure :-1 s=STATE_CONNECTION_ESTABLISHED l=1).mark_down
2024-04-22T22:03:13.955 INFO:teuthology.orchestra.run.smithi137.stdout:/usr/bin/ceph: stderr
2024-04-22T22:03:13.170+0000 7ffb679f4700 1 --2- 172.21.15.137:0/1783233833 >> [v2:172.21.15.137:3300/0,v1:172.21.15.137:6789/0] conn(0x7ffb60078bd0 0x7ffb60113980 secure :-1 s=READY pgs=50 cs=0 l=1 rev1=1 crypto rx=0x7ffb5c0094c0 tx=0x7ffb5c009250 comp rx=0 tx=0).stop
2024-04-22T22:03:13.955 INFO:teuthology.orchestra.run.smithi137.stdout:/usr/bin/ceph: stderr
2024-04-22T22:03:13.170+0000 7ffb679f4700 1 -- 172.21.15.137:0/1783233833 shutdown_connections
2024-04-22T22:03:13.955 INFO:teuthology.orchestra.run.smithi137.stdout:/usr/bin/ceph: stderr
2024-04-22T22:03:13.170+0000 7ffb679f4700 1 --2- 172.21.15.137:0/1783233833 >> [v2:172.21.15.137:6800/245912301,v1:172.21.15.137:6801/245912301] conn(0x7ffb4c036740 0x7ffb4c038bf0 unknown :-1 s=CLOSED pgs=13 cs=0 l=1 rev1=1 crypto rx=0 tx=0 comp rx=0 tx=0).stop
2024-04-22T22:03:13.955 INFO:teuthology.orchestra.run.smithi137.stdout:/usr/bin/ceph: stderr
2024-04-22T22:03:13.170+0000 7ffb679f4700 1 --2- 172.21.15.137:0/1783233833 >> [v2:172.21.15.137:3300/0,v1:172.21.15.137:6789/0] conn(0x7ffb60078bd0 0x7ffb60113980 unknown :-1 s=CLOSED pgs=50 cs=0 l=1 rev1=1 crypto rx=0 tx=0 comp rx=0 tx=0).stop
2024-04-22T22:03:13.955 INFO:teuthology.orchestra.run.smithi137.stdout:/usr/bin/ceph: stderr
2024-04-22T22:03:13.170+0000 7ffb679f4700 1 -- 172.21.15.137:0/1783233833 >> 172.21.15.137:0/1783233833 conn(0x7ffb600fe140 msgr2=0x7ffb600feda0 unknown :-1 s=STATE_NONE l=0).mark_down
2024-04-22T22:03:13.955 INFO:teuthology.orchestra.run.smithi137.stdout:/usr/bin/ceph: stderr
2024-04-22T22:03:13.170+0000 7ffb679f4700 1 -- 172.21.15.137:0/1783233833 shutdown_connections
2024-04-22T22:03:13.955 INFO:teuthology.orchestra.run.smithi137.stdout:/usr/bin/ceph: stderr
2024-04-22T22:03:13.170+0000 7ffb679f4700 1 -- 172.21.15.137:0/1783233833 wait complete.
2024-04-22T22:03:13.955 INFO:teuthology.orchestra.run.smithi137.stdout:Deploying crash service with default placement...
2024-04-22T22:03:14.228 INFO:journalctl@ceph.mon.smithi137.smithi137.stdout:Apr 22 22:03:14 smithi137 ceph-mon[26339]: from='client.14144 -' entity='client.admin' cmd=[{"prefix": "orch apply", "service_type": "mgr", "target": ["mon-mgr", ""]}]: dispatch
2024-04-22T22:03:14.229 INFO:journalctl@ceph.mon.smithi137.smithi137.stdout:Apr 22 22:03:14 smithi137 ceph-mon[26339]: Saving service mgr spec with placement count:2
2024-04-22T22:03:14.229 INFO:journalctl@ceph.mon.smithi137.smithi137.stdout:Apr 22 22:03:14 smithi137 ceph-mon[26339]: from='mgr.14120 172.21.15.137:0/4266503845' entity='mgr.smithi137.mnwrth'
2024-04-22T22:03:15.854 INFO:journalctl@ceph.mon.smithi137.smithi137.stdout:Apr 22 22:03:15 smithi137 ceph-mon[26339]: from='client.14146 -' entity='client.admin' cmd=[{"prefix": "orch apply", "service_type": "crash", "target": ["mon-mgr", ""]}]: dispatch
2024-04-22T22:03:15.855 INFO:journalctl@ceph.mon.smithi137.smithi137.stdout:Apr 22 22:03:15 smithi137 ceph-mon[26339]: Saving service crash spec with placement *
2024-04-22T22:03:15.855 INFO:journalctl@ceph.mon.smithi137.smithi137.stdout:Apr 22 22:03:15 smithi137 ceph-mon[26339]: from='mgr.14120 172.21.15.137:0/4266503845' entity='mgr.smithi137.mnwrth'
2024-04-22T22:03:15.855 INFO:journalctl@ceph.mon.smithi137.smithi137.stdout:Apr 22 22:03:15 smithi137 ceph-mon[26339]: from='mgr.14120 172.21.15.137:0/4266503845' entity='mgr.smithi137.mnwrth'
2024-04-22T22:03:15.856 INFO:teuthology.orchestra.run.smithi137.stdout:/usr/bin/ceph: stdout Scheduled crash update...
2024-04-22T22:03:15.862 INFO:teuthology.orchestra.run.smithi137.stdout:/usr/bin/ceph: stderr
2024-04-22T22:03:14.353+0000 7f0a84c64700 1 Processor -- start
2024-04-22T22:03:15.862 INFO:teuthology.orchestra.run.smithi137.stdout:/usr/bin/ceph: stderr
2024-04-22T22:03:14.353+0000 7f0a84c64700 1 -- start start
2024-04-22T22:03:15.862 INFO:teuthology.orchestra.run.smithi137.stdout:/usr/bin/ceph: stderr
2024-04-22T22:03:14.353+0000 7f0a84c64700 1 --2- >> [v2:172.21.15.137:3300/0,v1:172.21.15.137:6789/0] conn(0x7f0a80101880 0x7f0a80101c90 unknown :-1 s=NONE pgs=0 cs=0 l=0 rev1=0 crypto rx=0 tx=0 comp rx=0 tx=0).connect
2024-04-22T22:03:15.862 INFO:teuthology.orchestra.run.smithi137.stdout:/usr/bin/ceph: stderr
2024-04-22T22:03:14.353+0000 7f0a84c64700 1 -- --> [v2:172.21.15.137:3300/0,v1:172.21.15.137:6789/0] -- mon_getmap magic: 0 v1 -- 0x7f0a801021d0 con 0x7f0a80101880
2024-04-22T22:03:15.862 INFO:teuthology.orchestra.run.smithi137.stdout:/usr/bin/ceph: stderr
2024-04-22T22:03:14.354+0000 7f0a7e59c700 1 --2- >> [v2:172.21.15.137:3300/0,v1:172.21.15.137:6789/0] conn(0x7f0a80101880 0x7f0a80101c90 unknown :-1 s=BANNER_CONNECTING pgs=0 cs=0 l=0 rev1=0 crypto rx=0 tx=0 comp rx=0 tx=0)._handle_peer_banner_payload supported=3 required=0
2024-04-22T22:03:15.862 INFO:teuthology.orchestra.run.smithi137.stdout:/usr/bin/ceph: stderr
2024-04-22T22:03:14.354+0000 7f0a7e59c700 1 --2- >> [v2:172.21.15.137:3300/0,v1:172.21.15.137:6789/0] conn(0x7f0a80101880 0x7f0a80101c90 unknown :-1 s=HELLO_CONNECTING pgs=0 cs=0 l=0 rev1=1 crypto rx=0 tx=0 comp rx=0 tx=0).handle_hello peer v2:172.21.15.137:3300/0 says I am v2:172.21.15.137:45134/0 (socket says 172.21.15.137:45134)
2024-04-22T22:03:15.862 INFO:teuthology.orchestra.run.smithi137.stdout:/usr/bin/ceph: stderr
2024-04-22T22:03:14.354+0000 7f0a7e59c700 1 -- 172.21.15.137:0/702575422 learned_addr learned my addr 172.21.15.137:0/702575422 (peer_addr_for_me v2:172.21.15.137:0/0)
2024-04-22T22:03:15.862 INFO:teuthology.orchestra.run.smithi137.stdout:/usr/bin/ceph: stderr
2024-04-22T22:03:14.354+0000 7f0a7e59c700 1 -- 172.21.15.137:0/702575422 --> [v2:172.21.15.137:3300/0,v1:172.21.15.137:6789/0] -- mon_subscribe({config=0+,monmap=0+}) v3 -- 0x7f0a80102310 con 0x7f0a80101880
2024-04-22T22:03:15.863 INFO:teuthology.orchestra.run.smithi137.stdout:/usr/bin/ceph: stderr
2024-04-22T22:03:14.354+0000 7f0a7e59c700 1 --2- 172.21.15.137:0/702575422 >> [v2:172.21.15.137:3300/0,v1:172.21.15.137:6789/0] conn(0x7f0a80101880 0x7f0a80101c90 secure :-1 s=READY pgs=51 cs=0 l=1 rev1=1 crypto rx=0x7f0a740098e0 tx=0x7f0a74009250 comp rx=0 tx=0).ready entity=mon.0 client_cookie=74df5b54144e2268 server_cookie=0 in_seq=0 out_seq=0
2024-04-22T22:03:15.863 INFO:teuthology.orchestra.run.smithi137.stdout:/usr/bin/ceph: stderr
2024-04-22T22:03:14.354+0000 7f0a7d59a700 1 -- 172.21.15.137:0/702575422 <== mon.0 v2:172.21.15.137:3300/0 1 ==== mon_map magic: 0 v1 ==== 229+0+0 (secure 0 0 0) 0x7f0a7400b8f0 con 0x7f0a80101880
2024-04-22T22:03:15.863 INFO:teuthology.orchestra.run.smithi137.stdout:/usr/bin/ceph: stderr
2024-04-22T22:03:14.354+0000 7f0a7d59a700 1 -- 172.21.15.137:0/702575422 <== mon.0 v2:172.21.15.137:3300/0 2 ==== config(27 keys) v1 ==== 1044+0+0 (secure 0 0 0) 0x7f0a74011420 con 0x7f0a80101880
2024-04-22T22:03:15.863 INFO:teuthology.orchestra.run.smithi137.stdout:/usr/bin/ceph: stderr
2024-04-22T22:03:14.354+0000 7f0a7d59a700 1 -- 172.21.15.137:0/702575422 <== mon.0 v2:172.21.15.137:3300/0 3 ==== mon_map magic: 0 v1 ==== 229+0+0 (secure 0 0 0) 0x7f0a74010540 con 0x7f0a80101880
2024-04-22T22:03:15.863 INFO:teuthology.orchestra.run.smithi137.stdout:/usr/bin/ceph: stderr
2024-04-22T22:03:14.355+0000 7f0a84c64700 1 -- 172.21.15.137:0/702575422 >> [v2:172.21.15.137:3300/0,v1:172.21.15.137:6789/0] conn(0x7f0a80101880 msgr2=0x7f0a80101c90 secure :-1 s=STATE_CONNECTION_ESTABLISHED l=1).mark_down
2024-04-22T22:03:15.863 INFO:teuthology.orchestra.run.smithi137.stdout:/usr/bin/ceph: stderr
