2024-04-22T22:03:24.170 INFO:teuthology.orchestra.run.smithi137.stdout:/usr/bin/ceph: stderr
2024-04-22T22:03:23.469+0000 7f3ed8c82700 1 -- start start
2024-04-22T22:03:24.170 INFO:teuthology.orchestra.run.smithi137.stdout:/usr/bin/ceph: stderr
2024-04-22T22:03:23.469+0000 7f3ed8c82700 1 --2- >> [v2:172.21.15.137:3300/0,v1:172.21.15.137:6789/0] conn(0x7f3ed40712a0 0x7f3ed4111790 unknown :-1 s=NONE pgs=0 cs=0 l=1 rev1=0 crypto rx=0 tx=0 comp rx=0 tx=0).connect
2024-04-22T22:03:24.171 INFO:teuthology.orchestra.run.smithi137.stdout:/usr/bin/ceph: stderr
2024-04-22T22:03:23.469+0000 7f3ed8c82700 1 -- --> [v2:172.21.15.137:3300/0,v1:172.21.15.137:6789/0] -- mon_getmap magic: 0 v1 -- 0x7f3ed4111cd0 con 0x7f3ed40712a0
2024-04-22T22:03:24.171 INFO:teuthology.orchestra.run.smithi137.stdout:/usr/bin/ceph: stderr
2024-04-22T22:03:23.469+0000 7f3ed259c700 1 --2- >> [v2:172.21.15.137:3300/0,v1:172.21.15.137:6789/0] conn(0x7f3ed40712a0 0x7f3ed4111790 unknown :-1 s=BANNER_CONNECTING pgs=0 cs=0 l=1 rev1=0 crypto rx=0 tx=0 comp rx=0 tx=0)._handle_peer_banner_payload supported=3 required=0
2024-04-22T22:03:24.171 INFO:teuthology.orchestra.run.smithi137.stdout:/usr/bin/ceph: stderr
2024-04-22T22:03:23.469+0000 7f3ed259c700 1 --2- >> [v2:172.21.15.137:3300/0,v1:172.21.15.137:6789/0] conn(0x7f3ed40712a0 0x7f3ed4111790 unknown :-1 s=HELLO_CONNECTING pgs=0 cs=0 l=1 rev1=1 crypto rx=0 tx=0 comp rx=0 tx=0).handle_hello peer v2:172.21.15.137:3300/0 says I am v2:172.21.15.137:48888/0 (socket says 172.21.15.137:48888)
2024-04-22T22:03:24.171 INFO:teuthology.orchestra.run.smithi137.stdout:/usr/bin/ceph: stderr
2024-04-22T22:03:23.469+0000 7f3ed259c700 1 -- 172.21.15.137:0/2206231845 learned_addr learned my addr 172.21.15.137:0/2206231845 (peer_addr_for_me v2:172.21.15.137:0/0)
2024-04-22T22:03:24.171 INFO:teuthology.orchestra.run.smithi137.stdout:/usr/bin/ceph: stderr
2024-04-22T22:03:23.469+0000 7f3ed259c700 1 -- 172.21.15.137:0/2206231845 --> [v2:172.21.15.137:3300/0,v1:172.21.15.137:6789/0] -- mon_subscribe({config=0+,monmap=0+}) v3 -- 0x7f3ec40094f0 con 0x7f3ed40712a0
2024-04-22T22:03:24.171 INFO:teuthology.orchestra.run.smithi137.stdout:/usr/bin/ceph: stderr
2024-04-22T22:03:23.469+0000 7f3ed259c700 1 --2- 172.21.15.137:0/2206231845 >> [v2:172.21.15.137:3300/0,v1:172.21.15.137:6789/0] conn(0x7f3ed40712a0 0x7f3ed4111790 secure :-1 s=READY pgs=64 cs=0 l=1 rev1=1 crypto rx=0x7f3ec40105b0 tx=0x7f3ec4009250 comp rx=0 tx=0).ready entity=mon.0 client_cookie=0 server_cookie=0 in_seq=0 out_seq=0
2024-04-22T22:03:24.171 INFO:teuthology.orchestra.run.smithi137.stdout:/usr/bin/ceph: stderr
2024-04-22T22:03:23.470+0000 7f3ec2ffd700 1 -- 172.21.15.137:0/2206231845 <== mon.0 v2:172.21.15.137:3300/0 1 ==== mon_map magic: 0 v1 ==== 229+0+0 (secure 0 0 0) 0x7f3ec4010840 con 0x7f3ed40712a0
2024-04-22T22:03:24.171 INFO:teuthology.orchestra.run.smithi137.stdout:/usr/bin/ceph: stderr
2024-04-22T22:03:23.470+0000 7f3ec2ffd700 1 -- 172.21.15.137:0/2206231845 <== mon.0 v2:172.21.15.137:3300/0 2 ==== config(27 keys) v1 ==== 1109+0+0 (secure 0 0 0) 0x7f3ec4010e70 con 0x7f3ed40712a0
2024-04-22T22:03:24.171 INFO:teuthology.orchestra.run.smithi137.stdout:/usr/bin/ceph: stderr
2024-04-22T22:03:23.470+0000 7f3ed8c82700 1 -- 172.21.15.137:0/2206231845 --> [v2:172.21.15.137:3300/0,v1:172.21.15.137:6789/0] -- mon_subscribe({mgrmap=0+}) v3 -- 0x7f3ed4111ed0 con 0x7f3ed40712a0
2024-04-22T22:03:24.171 INFO:teuthology.orchestra.run.smithi137.stdout:/usr/bin/ceph: stderr
2024-04-22T22:03:23.470+0000 7f3ec2ffd700 1 -- 172.21.15.137:0/2206231845 <== mon.0 v2:172.21.15.137:3300/0 3 ==== mon_map magic: 0 v1 ==== 229+0+0 (secure 0 0 0) 0x7f3ec401ae30 con 0x7f3ed40712a0
2024-04-22T22:03:24.171 INFO:teuthology.orchestra.run.smithi137.stdout:/usr/bin/ceph: stderr
2024-04-22T22:03:23.470+0000 7f3ed8c82700 1 -- 172.21.15.137:0/2206231845 --> [v2:172.21.15.137:3300/0,v1:172.21.15.137:6789/0] -- mon_subscribe({osdmap=0}) v3 -- 0x7f3ed4112a40 con 0x7f3ed40712a0
2024-04-22T22:03:24.171 INFO:teuthology.orchestra.run.smithi137.stdout:/usr/bin/ceph: stderr
2024-04-22T22:03:23.470+0000 7f3ec2ffd700 1 -- 172.21.15.137:0/2206231845 <== mon.0 v2:172.21.15.137:3300/0 4 ==== mgrmap(e 8) v1 ==== 43376+0+0 (secure 0 0 0) 0x7f3ec402d3f0 con 0x7f3ed40712a0
2024-04-22T22:03:24.171 INFO:teuthology.orchestra.run.smithi137.stdout:/usr/bin/ceph: stderr
2024-04-22T22:03:23.471+0000 7f3ec2ffd700 1 --2- 172.21.15.137:0/2206231845 >> [v2:172.21.15.137:6800/245912301,v1:172.21.15.137:6801/245912301] conn(0x7f3ebc0367e0 0x7f3ebc038c90 unknown :-1 s=NONE pgs=0 cs=0 l=1 rev1=0 crypto rx=0 tx=0 comp rx=0 tx=0).connect
2024-04-22T22:03:24.171 INFO:teuthology.orchestra.run.smithi137.stdout:/usr/bin/ceph: stderr
2024-04-22T22:03:23.471+0000 7f3ec2ffd700 1 -- 172.21.15.137:0/2206231845 <== mon.0 v2:172.21.15.137:3300/0 5 ==== osd_map(2..2 src has 1..2) v4 ==== 936+0+0 (secure 0 0 0) 0x7f3ec404a3f0 con 0x7f3ed40712a0
2024-04-22T22:03:24.172 INFO:teuthology.orchestra.run.smithi137.stdout:/usr/bin/ceph: stderr
2024-04-22T22:03:23.471+0000 7f3ed1d9b700 1 --2- 172.21.15.137:0/2206231845 >> [v2:172.21.15.137:6800/245912301,v1:172.21.15.137:6801/245912301] conn(0x7f3ebc0367e0 0x7f3ebc038c90 unknown :-1 s=BANNER_CONNECTING pgs=0 cs=0 l=1 rev1=0 crypto rx=0 tx=0 comp rx=0 tx=0)._handle_peer_banner_payload supported=3 required=0
2024-04-22T22:03:24.172 INFO:teuthology.orchestra.run.smithi137.stdout:/usr/bin/ceph: stderr
2024-04-22T22:03:23.471+0000 7f3ed8c82700 1 -- 172.21.15.137:0/2206231845 --> [v2:172.21.15.137:3300/0,v1:172.21.15.137:6789/0] -- mon_command({"prefix": "get_command_descriptions"} v 0) v1 -- 0x7f3ed405f5f0 con 0x7f3ed40712a0
2024-04-22T22:03:24.172 INFO:teuthology.orchestra.run.smithi137.stdout:/usr/bin/ceph: stderr
2024-04-22T22:03:23.471+0000 7f3ed1d9b700 1 --2- 172.21.15.137:0/2206231845 >> [v2:172.21.15.137:6800/245912301,v1:172.21.15.137:6801/245912301] conn(0x7f3ebc0367e0 0x7f3ebc038c90 secure :-1 s=READY pgs=20 cs=0 l=1 rev1=1 crypto rx=0x7f3ec8009990 tx=0x7f3ec8006e40 comp rx=0 tx=0).ready entity=mgr.14120 client_cookie=0 server_cookie=0 in_seq=0 out_seq=0
2024-04-22T22:03:24.172 INFO:teuthology.orchestra.run.smithi137.stdout:/usr/bin/ceph: stderr
2024-04-22T22:03:23.476+0000 7f3ec2ffd700 1 -- 172.21.15.137:0/2206231845 <== mon.0 v2:172.21.15.137:3300/0 6 ==== mon_command_ack([{"prefix": "get_command_descriptions"}]=0 v0) v1 ==== 72+0+176702 (secure 0 0 0) 0x7f3ec402b8e0 con 0x7f3ed40712a0
2024-04-22T22:03:24.172 INFO:teuthology.orchestra.run.smithi137.stdout:/usr/bin/ceph: stderr
2024-04-22T22:03:23.670+0000 7f3ed8c82700 1 -- 172.21.15.137:0/2206231845 --> [v2:172.21.15.137:3300/0,v1:172.21.15.137:6789/0] -- mon_command([{prefix=config set, name=mgr/dashboard/ssl_server_port}] v 0) v1 -- 0x7f3ed404bed0 con 0x7f3ed40712a0
2024-04-22T22:03:24.172 INFO:teuthology.orchestra.run.smithi137.stdout:/usr/bin/ceph: stderr
2024-04-22T22:03:23.675+0000 7f3ec2ffd700 1 -- 172.21.15.137:0/2206231845 <== mon.0 v2:172.21.15.137:3300/0 7 ==== mon_command_ack([{prefix=config set, name=mgr/dashboard/ssl_server_port}]=0 v8)=0 v8) v1 ==== 130+0+0 (secure 0 0 0) 0x7f3ec40109a0 con 0x7f3ed40712a0
2024-04-22T22:03:24.172 INFO:teuthology.orchestra.run.smithi137.stdout:/usr/bin/ceph: stderr
2024-04-22T22:03:23.677+0000 7f3ed8c82700 1 -- 172.21.15.137:0/2206231845 >> [v2:172.21.15.137:6800/245912301,v1:172.21.15.137:6801/245912301] conn(0x7f3ebc0367e0 msgr2=0x7f3ebc038c90 secure :-1 s=STATE_CONNECTION_ESTABLISHED l=1).mark_down
2024-04-22T22:03:24.172 INFO:teuthology.orchestra.run.smithi137.stdout:/usr/bin/ceph: stderr
2024-04-22T22:03:23.677+0000 7f3ed8c82700 1 --2- 172.21.15.137:0/2206231845 >> [v2:172.21.15.137:6800/245912301,v1:172.21.15.137:6801/245912301] conn(0x7f3ebc0367e0 0x7f3ebc038c90 secure :-1 s=READY pgs=20 cs=0 l=1 rev1=1 crypto rx=0x7f3ec8009990 tx=0x7f3ec8006e40 comp rx=0 tx=0).stop
2024-04-22T22:03:24.172 INFO:teuthology.orchestra.run.smithi137.stdout:/usr/bin/ceph: stderr
2024-04-22T22:03:23.678+0000 7f3ed8c82700 1 -- 172.21.15.137:0/2206231845 >> [v2:172.21.15.137:3300/0,v1:172.21.15.137:6789/0] conn(0x7f3ed40712a0 msgr2=0x7f3ed4111790 secure :-1 s=STATE_CONNECTION_ESTABLISHED l=1).mark_down
2024-04-22T22:03:24.172 INFO:teuthology.orchestra.run.smithi137.stdout:/usr/bin/ceph: stderr
2024-04-22T22:03:23.678+0000 7f3ed8c82700 1 --2- 172.21.15.137:0/2206231845 >> [v2:172.21.15.137:3300/0,v1:172.21.15.137:6789/0] conn(0x7f3ed40712a0 0x7f3ed4111790 secure :-1 s=READY pgs=64 cs=0 l=1 rev1=1 crypto rx=0x7f3ec40105b0 tx=0x7f3ec4009250 comp rx=0 tx=0).stop
2024-04-22T22:03:24.172 INFO:teuthology.orchestra.run.smithi137.stdout:/usr/bin/ceph: stderr
2024-04-22T22:03:23.678+0000 7f3ed8c82700 1 -- 172.21.15.137:0/2206231845 shutdown_connections
2024-04-22T22:03:24.172 INFO:teuthology.orchestra.run.smithi137.stdout:/usr/bin/ceph: stderr
2024-04-22T22:03:23.678+0000 7f3ed8c82700 1 --2- 172.21.15.137:0/2206231845 >> [v2:172.21.15.137:6800/245912301,v1:172.21.15.137:6801/245912301] conn(0x7f3ebc0367e0 0x7f3ebc038c90 unknown :-1 s=CLOSED pgs=20 cs=0 l=1 rev1=1 crypto rx=0 tx=0 comp rx=0 tx=0).stop
2024-04-22T22:03:24.172 INFO:teuthology.orchestra.run.smithi137.stdout:/usr/bin/ceph: stderr
2024-04-22T22:03:23.678+0000 7f3ed8c82700 1 --2- 172.21.15.137:0/2206231845 >> [v2:172.21.15.137:3300/0,v1:172.21.15.137:6789/0] conn(0x7f3ed40712a0 0x7f3ed4111790 unknown :-1 s=CLOSED pgs=64 cs=0 l=1 rev1=1 crypto rx=0 tx=0 comp rx=0 tx=0).stop
2024-04-22T22:03:24.172 INFO:teuthology.orchestra.run.smithi137.stdout:/usr/bin/ceph: stderr
2024-04-22T22:03:23.678+0000 7f3ed8c82700 1 -- 172.21.15.137:0/2206231845 >> 172.21.15.137:0/2206231845 conn(0x7f3ed40fcfb0 msgr2=0x7f3ed40fdbd0 unknown :-1 s=STATE_NONE l=0).mark_down
2024-04-22T22:03:24.173 INFO:teuthology.orchestra.run.smithi137.stdout:/usr/bin/ceph: stderr
2024-04-22T22:03:23.678+0000 7f3ed8c82700 1 -- 172.21.15.137:0/2206231845 shutdown_connections
2024-04-22T22:03:24.173 INFO:teuthology.orchestra.run.smithi137.stdout:/usr/bin/ceph: stderr
2024-04-22T22:03:23.678+0000 7f3ed8c82700 1 -- 172.21.15.137:0/2206231845 wait complete.
2024-04-22T22:03:24.173 INFO:teuthology.orchestra.run.smithi137.stdout:Enabling the dashboard module...
2024-04-22T22:03:24.659 INFO:journalctl@ceph.mon.smithi137.smithi137.stdout:Apr 22 22:03:24 smithi137 ceph-mon[26339]: pgmap v5: 0 pgs: ; 0 B data, 0 B used, 0 B / 0 B avail
2024-04-22T22:03:24.659 INFO:journalctl@ceph.mon.smithi137.smithi137.stdout:Apr 22 22:03:24 smithi137 ceph-mon[26339]: from='client.? 172.21.15.137:0/2206231845' entity='client.admin'
2024-04-22T22:03:25.892 INFO:journalctl@ceph.mon.smithi137.smithi137.stdout:Apr 22 22:03:25 smithi137 ceph-mon[26339]: from='client.? 172.21.15.137:0/2563316211' entity='client.admin' cmd=[{"prefix": "mgr module enable", "module": "dashboard"}]: dispatch
2024-04-22T22:03:26.143 INFO:teuthology.orchestra.run.smithi137.stdout:/usr/bin/ceph: stderr
2024-04-22T22:03:24.619+0000 7fb062d9e700 1 Processor -- start
2024-04-22T22:03:26.143 INFO:teuthology.orchestra.run.smithi137.stdout:/usr/bin/ceph: stderr
2024-04-22T22:03:24.620+0000 7fb062d9e700 1 -- start start
2024-04-22T22:03:26.143 INFO:teuthology.orchestra.run.smithi137.stdout:/usr/bin/ceph: stderr
2024-04-22T22:03:24.620+0000 7fb062d9e700 1 --2- >> [v2:172.21.15.137:3300/0,v1:172.21.15.137:6789/0] conn(0x7fb05c0712e0 0x7fb05c105340 unknown :-1 s=NONE pgs=0 cs=0 l=0 rev1=0 crypto rx=0 tx=0 comp rx=0 tx=0).connect
2024-04-22T22:03:26.143 INFO:teuthology.orchestra.run.smithi137.stdout:/usr/bin/ceph: stderr
2024-04-22T22:03:24.620+0000 7fb062d9e700 1 -- --> [v2:172.21.15.137:3300/0,v1:172.21.15.137:6789/0] -- mon_getmap magic: 0 v1 -- 0x7fb05c0716f0 con 0x7fb05c0712e0
2024-04-22T22:03:26.143 INFO:teuthology.orchestra.run.smithi137.stdout:/usr/bin/ceph: stderr
2024-04-22T22:03:24.620+0000 7fb061d9c700 1 --2- >> [v2:172.21.15.137:3300/0,v1:172.21.15.137:6789/0] conn(0x7fb05c0712e0 0x7fb05c105340 unknown :-1 s=BANNER_CONNECTING pgs=0 cs=0 l=0 rev1=0 crypto rx=0 tx=0 comp rx=0 tx=0)._handle_peer_banner_payload supported=3 required=0
2024-04-22T22:03:26.143 INFO:teuthology.orchestra.run.smithi137.stdout:/usr/bin/ceph: stderr
2024-04-22T22:03:24.620+0000 7fb061d9c700 1 --2- >> [v2:172.21.15.137:3300/0,v1:172.21.15.137:6789/0] conn(0x7fb05c0712e0 0x7fb05c105340 unknown :-1 s=HELLO_CONNECTING pgs=0 cs=0 l=0 rev1=1 crypto rx=0 tx=0 comp rx=0 tx=0).handle_hello peer v2:172.21.15.137:3300/0 says I am v2:172.21.15.137:48894/0 (socket says 172.21.15.137:48894)
2024-04-22T22:03:26.143 INFO:teuthology.orchestra.run.smithi137.stdout:/usr/bin/ceph: stderr
2024-04-22T22:03:24.620+0000 7fb061d9c700 1 -- 172.21.15.137:0/3269403772 learned_addr learned my addr 172.21.15.137:0/3269403772 (peer_addr_for_me v2:172.21.15.137:0/0)
2024-04-22T22:03:26.143 INFO:teuthology.orchestra.run.smithi137.stdout:/usr/bin/ceph: stderr
2024-04-22T22:03:24.620+0000 7fb061d9c700 1 -- 172.21.15.137:0/3269403772 --> [v2:172.21.15.137:3300/0,v1:172.21.15.137:6789/0] -- mon_subscribe({config=0+,monmap=0+}) v3 -- 0x7fb05c105880 con 0x7fb05c0712e0
2024-04-22T22:03:26.143 INFO:teuthology.orchestra.run.smithi137.stdout:/usr/bin/ceph: stderr
2024-04-22T22:03:24.620+0000 7fb061d9c700 1 --2- 172.21.15.137:0/3269403772 >> [v2:172.21.15.137:3300/0,v1:172.21.15.137:6789/0] conn(0x7fb05c0712e0 0x7fb05c105340 secure :-1 s=READY pgs=65 cs=0 l=1 rev1=1 crypto rx=0x7fb04c0098e0 tx=0x7fb04c009250 comp rx=0 tx=0).ready entity=mon.0 client_cookie=da1ca9ea373f8d81 server_cookie=0 in_seq=0 out_seq=0
2024-04-22T22:03:26.143 INFO:teuthology.orchestra.run.smithi137.stdout:/usr/bin/ceph: stderr
2024-04-22T22:03:24.621+0000 7fb060d9a700 1 -- 172.21.15.137:0/3269403772 <== mon.0 v2:172.21.15.137:3300/0 1 ==== mon_map magic: 0 v1 ==== 229+0+0 (secure 0 0 0) 0x7fb04c00b860 con 0x7fb05c0712e0
2024-04-22T22:03:26.143 INFO:teuthology.orchestra.run.smithi137.stdout:/usr/bin/ceph: stderr
2024-04-22T22:03:24.621+0000 7fb060d9a700 1 -- 172.21.15.137:0/3269403772 <== mon.0 v2:172.21.15.137:3300/0 2 ==== config(27 keys) v1 ==== 1109+0+0 (secure 0 0 0) 0x7fb04c00be90 con 0x7fb05c0712e0
2024-04-22T22:03:26.143 INFO:teuthology.orchestra.run.smithi137.stdout:/usr/bin/ceph: stderr
2024-04-22T22:03:24.621+0000 7fb060d9a700 1 -- 172.21.15.137:0/3269403772 <== mon.0 v2:172.21.15.137:3300/0 3 ==== mon_map magic: 0 v1 ==== 229+0+0 (secure 0 0 0) 0x7fb04c0103c0 con 0x7fb05c0712e0
2024-04-22T22:03:26.144 INFO:teuthology.orchestra.run.smithi137.stdout:/usr/bin/ceph: stderr
2024-04-22T22:03:24.621+0000 7fb062d9e700 1 -- 172.21.15.137:0/3269403772 >> [v2:172.21.15.137:3300/0,v1:172.21.15.137:6789/0] conn(0x7fb05c0712e0 msgr2=0x7fb05c105340 secure :-1 s=STATE_CONNECTION_ESTABLISHED l=1).mark_down
2024-04-22T22:03:26.144 INFO:teuthology.orchestra.run.smithi137.stdout:/usr/bin/ceph: stderr
2024-04-22T22:03:24.621+0000 7fb062d9e700 1 --2- 172.21.15.137:0/3269403772 >> [v2:172.21.15.137:3300/0,v1:172.21.15.137:6789/0] conn(0x7fb05c0712e0 0x7fb05c105340 secure :-1 s=READY pgs=65 cs=0 l=1 rev1=1 crypto rx=0x7fb04c0098e0 tx=0x7fb04c009250 comp rx=0 tx=0).stop
2024-04-22T22:03:26.144 INFO:teuthology.orchestra.run.smithi137.stdout:/usr/bin/ceph: stderr
2024-04-22T22:03:24.621+0000 7fb062d9e700 1 -- 172.21.15.137:0/3269403772 shutdown_connections
2024-04-22T22:03:26.144 INFO:teuthology.orchestra.run.smithi137.stdout:/usr/bin/ceph: stderr
2024-04-22T22:03:24.621+0000 7fb062d9e700 1 --2- 172.21.15.137:0/3269403772 >> [v2:172.21.15.137:3300/0,v1:172.21.15.137:6789/0] conn(0x7fb05c0712e0 0x7fb05c105340 unknown :-1 s=CLOSED pgs=65 cs=0 l=1 rev1=1 crypto rx=0 tx=0 comp rx=0 tx=0).stop
2024-04-22T22:03:26.144 INFO:teuthology.orchestra.run.smithi137.stdout:/usr/bin/ceph: stderr
2024-04-22T22:03:24.621+0000 7fb062d9e700 1 -- 172.21.15.137:0/3269403772 >> 172.21.15.137:0/3269403772 conn(0x7fb05c0fcdd0 msgr2=0x7fb05c0ff1e0 unknown :-1 s=STATE_NONE l=0).mark_down
2024-04-22T22:03:26.144 INFO:teuthology.orchestra.run.smithi137.stdout:/usr/bin/ceph: stderr
2024-04-22T22:03:24.621+0000 7fb062d9e700 1 -- 172.21.15.137:0/3269403772 shutdown_connections
2024-04-22T22:03:26.144 INFO:teuthology.orchestra.run.smithi137.stdout:/usr/bin/ceph: stderr
2024-04-22T22:03:24.621+0000 7fb062d9e700 1 -- 172.21.15.137:0/3269403772 wait complete.
2024-04-22T22:03:26.144 INFO:teuthology.orchestra.run.smithi137.stdout:/usr/bin/ceph: stderr
2024-04-22T22:03:24.622+0000 7fb062d9e700 1 Processor -- start
2024-04-22T22:03:26.144 INFO:teuthology.orchestra.run.smithi137.stdout:/usr/bin/ceph: stderr
2024-04-22T22:03:24.622+0000 7fb062d9e700 1 -- start start
2024-04-22T22:03:26.144 INFO:teuthology.orchestra.run.smithi137.stdout:/usr/bin/ceph: stderr
2024-04-22T22:03:24.622+0000 7fb062d9e700 1 --2- >> [v2:172.21.15.137:3300/0,v1:172.21.15.137:6789/0] conn(0x7fb05c0712e0 0x7fb05c111550 unknown :-1 s=NONE pgs=0 cs=0 l=1 rev1=0 crypto rx=0 tx=0 comp rx=0 tx=0).connect
2024-04-22T22:03:26.144 INFO:teuthology.orchestra.run.smithi137.stdout:/usr/bin/ceph: stderr
2024-04-22T22:03:24.622+0000 7fb062d9e700 1 -- --> [v2:172.21.15.137:3300/0,v1:172.21.15.137:6789/0] -- mon_getmap magic: 0 v1 -- 0x7fb05c111a90 con 0x7fb05c0712e0
2024-04-22T22:03:26.144 INFO:teuthology.orchestra.run.smithi137.stdout:/usr/bin/ceph: stderr
2024-04-22T22:03:24.622+0000 7fb061d9c700 1 --2- >> [v2:172.21.15.137:3300/0,v1:172.21.15.137:6789/0] conn(0x7fb05c0712e0 0x7fb05c111550 unknown :-1 s=BANNER_CONNECTING pgs=0 cs=0 l=1 rev1=0 crypto rx=0 tx=0 comp rx=0 tx=0)._handle_peer_banner_payload supported=3 required=0
2024-04-22T22:03:26.144 INFO:teuthology.orchestra.run.smithi137.stdout:/usr/bin/ceph: stderr
2024-04-22T22:03:24.622+0000 7fb061d9c700 1 --2- >> [v2:172.21.15.137:3300/0,v1:172.21.15.137:6789/0] conn(0x7fb05c0712e0 0x7fb05c111550 unknown :-1 s=HELLO_CONNECTING pgs=0 cs=0 l=1 rev1=1 crypto rx=0 tx=0 comp rx=0 tx=0).handle_hello peer v2:172.21.15.137:3300/0 says I am v2:172.21.15.137:48898/0 (socket says 172.21.15.137:48898)
2024-04-22T22:03:26.145 INFO:teuthology.orchestra.run.smithi137.stdout:/usr/bin/ceph: stderr
2024-04-22T22:03:24.622+0000 7fb061d9c700 1 -- 172.21.15.137:0/2563316211 learned_addr learned my addr 172.21.15.137:0/2563316211 (peer_addr_for_me v2:172.21.15.137:0/0)
2024-04-22T22:03:26.145 INFO:teuthology.orchestra.run.smithi137.stdout:/usr/bin/ceph: stderr
2024-04-22T22:03:24.622+0000 7fb061d9c700 1 -- 172.21.15.137:0/2563316211 --> [v2:172.21.15.137:3300/0,v1:172.21.15.137:6789/0] -- mon_subscribe({config=0+,monmap=0+}) v3 -- 0x7fb04c0094f0 con 0x7fb05c0712e0
2024-04-22T22:03:26.145 INFO:teuthology.orchestra.run.smithi137.stdout:/usr/bin/ceph: stderr
2024-04-22T22:03:24.623+0000 7fb061d9c700 1 --2- 172.21.15.137:0/2563316211 >> [v2:172.21.15.137:3300/0,v1:172.21.15.137:6789/0] conn(0x7fb05c0712e0 0x7fb05c111550 secure :-1 s=READY pgs=66 cs=0 l=1 rev1=1 crypto rx=0x7fb04c006d40 tx=0x7fb04c009250 comp rx=0 tx=0).ready entity=mon.0 client_cookie=0 server_cookie=0 in_seq=0 out_seq=0
2024-04-22T22:03:26.145 INFO:teuthology.orchestra.run.smithi137.stdout:/usr/bin/ceph: stderr
2024-04-22T22:03:24.623+0000 7fb0527fc700 1 -- 172.21.15.137:0/2563316211 <== mon.0 v2:172.21.15.137:3300/0 1 ==== mon_map magic: 0 v1 ==== 229+0+0 (secure 0 0 0) 0x7fb04c010840 con 0x7fb05c0712e0
2024-04-22T22:03:26.145 INFO:teuthology.orchestra.run.smithi137.stdout:/usr/bin/ceph: stderr
2024-04-22T22:03:24.623+0000 7fb0527fc700 1 -- 172.21.15.137:0/2563316211 <== mon.0 v2:172.21.15.137:3300/0 2 ==== config(27 keys) v1 ==== 1109+0+0 (secure 0 0 0) 0x7fb04c010e70 con 0x7fb05c0712e0
2024-04-22T22:03:26.145 INFO:teuthology.orchestra.run.smithi137.stdout:/usr/bin/ceph: stderr
2024-04-22T22:03:24.623+0000 7fb062d9e700 1 -- 172.21.15.137:0/2563316211 --> [v2:172.21.15.137:3300/0,v1:172.21.15.137:6789/0] -- mon_subscribe({mgrmap=0+}) v3 -- 0x7fb05c111c90 con 0x7fb05c0712e0
2024-04-22T22:03:26.145 INFO:teuthology.orchestra.run.smithi137.stdout:/usr/bin/ceph: stderr
2024-04-22T22:03:24.623+0000 7fb0527fc700 1 -- 172.21.15.137:0/2563316211 <== mon.0 v2:172.21.15.137:3300/0 3 ==== mon_map magic: 0 v1 ==== 229+0+0 (secure 0 0 0) 0x7fb04c024ea0 con 0x7fb05c0712e0
2024-04-22T22:03:26.145 INFO:teuthology.orchestra.run.smithi137.stdout:/usr/bin/ceph: stderr
2024-04-22T22:03:24.623+0000 7fb062d9e700 1 -- 172.21.15.137:0/2563316211 --> [v2:172.21.15.137:3300/0,v1:172.21.15.137:6789/0] -- mon_subscribe({osdmap=0}) v3 -- 0x7fb05c112800 con 0x7fb05c0712e0
2024-04-22T22:03:26.145 INFO:teuthology.orchestra.run.smithi137.stdout:/usr/bin/ceph: stderr
2024-04-22T22:03:24.624+0000 7fb0527fc700 1 -- 172.21.15.137:0/2563316211 <== mon.0 v2:172.21.15.137:3300/0 4 ==== mgrmap(e 8) v1 ==== 43376+0+0 (secure 0 0 0) 0x7fb04c0109a0 con 0x7fb05c0712e0
2024-04-22T22:03:26.145 INFO:teuthology.orchestra.run.smithi137.stdout:/usr/bin/ceph: stderr
2024-04-22T22:03:24.624+0000 7fb062d9e700 1 -- 172.21.15.137:0/2563316211 --> [v2:172.21.15.137:3300/0,v1:172.21.15.137:6789/0] -- mon_command({"prefix": "get_command_descriptions"} v 0) v1 -- 0x7fb05c05f5f0 con 0x7fb05c0712e0
2024-04-22T22:03:26.145 INFO:teuthology.orchestra.run.smithi137.stdout:/usr/bin/ceph: stderr
2024-04-22T22:03:24.624+0000 7fb0527fc700 1 --2- 172.21.15.137:0/2563316211 >> [v2:172.21.15.137:6800/245912301,v1:172.21.15.137:6801/245912301] conn(0x7fb048036790 0x7fb048038c40 unknown :-1 s=NONE pgs=0 cs=0 l=1 rev1=0 crypto rx=0 tx=0 comp rx=0 tx=0).connect
2024-04-22T22:03:26.145 INFO:teuthology.orchestra.run.smithi137.stdout:/usr/bin/ceph: stderr
2024-04-22T22:03:24.624+0000 7fb0527fc700 1 -- 172.21.15.137:0/2563316211 <== mon.0 v2:172.21.15.137:3300/0 5 ==== osd_map(2..2 src has 1..2) v4 ==== 936+0+0 (secure 0 0 0) 0x7fb04c04a680 con 0x7fb05c0712e0
2024-04-22T22:03:26.145 INFO:teuthology.orchestra.run.smithi137.stdout:/usr/bin/ceph: stderr
2024-04-22T22:03:24.624+0000 7fb06159b700 1 --2- 172.21.15.137:0/2563316211 >> [v2:172.21.15.137:6800/245912301,v1:172.21.15.137:6801/245912301] conn(0x7fb048036790 0x7fb048038c40 unknown :-1 s=BANNER_CONNECTING pgs=0 cs=0 l=1 rev1=0 crypto rx=0 tx=0 comp rx=0 tx=0)._handle_peer_banner_payload supported=3 required=0
2024-04-22T22:03:26.146 INFO:teuthology.orchestra.run.smithi137.stdout:/usr/bin/ceph: stderr
2024-04-22T22:03:24.624+0000 7fb06159b700 1 --2- 172.21.15.137:0/2563316211 >> [v2:172.21.15.137:6800/245912301,v1:172.21.15.137:6801/245912301] conn(0x7fb048036790 0x7fb048038c40 secure :-1 s=READY pgs=21 cs=0 l=1 rev1=1 crypto rx=0x7fb058009990 tx=0x7fb058006e40 comp rx=0 tx=0).ready entity=mgr.14120 client_cookie=0 server_cookie=0 in_seq=0 out_seq=0
2024-04-22T22:03:26.146 INFO:teuthology.orchestra.run.smithi137.stdout:/usr/bin/ceph: stderr
2024-04-22T22:03:24.628+0000 7fb0527fc700 1 -- 172.21.15.137:0/2563316211 <== mon.0 v2:172.21.15.137:3300/0 6 ==== mon_command_ack([{"prefix": "get_command_descriptions"}]=0 v0) v1 ==== 72+0+176702 (secure 0 0 0) 0x7fb04c02c910 con 0x7fb05c0712e0
2024-04-22T22:03:26.146 INFO:teuthology.orchestra.run.smithi137.stdout:/usr/bin/ceph: stderr
2024-04-22T22:03:24.865+0000 7fb062d9e700 1 -- 172.21.15.137:0/2563316211 --> [v2:172.21.15.137:3300/0,v1:172.21.15.137:6789/0] -- mon_command({"prefix": "mgr module enable", "module": "dashboard"} v 0) v1 -- 0x7fb05c04bed0 con 0x7fb05c0712e0
2024-04-22T22:03:26.146 INFO:teuthology.orchestra.run.smithi137.stdout:/usr/bin/ceph: stderr
2024-04-22T22:03:25.613+0000 7fb0527fc700 1 -- 172.21.15.137:0/2563316211 <== mon.0 v2:172.21.15.137:3300/0 7 ==== mgrmap(e 9) v1 ==== 43389+0+0 (secure 0 0 0) 0x7fb04c024780 con 0x7fb05c0712e0
2024-04-22T22:03:26.146 INFO:teuthology.orchestra.run.smithi137.stdout:/usr/bin/ceph: stderr
2024-04-22T22:03:25.614+0000 7fb0527fc700 1 -- 172.21.15.137:0/2563316211 <== mon.0 v2:172.21.15.137:3300/0 8 ==== mon_command_ack([{"prefix": "mgr module enable", "module": "dashboard"}]=0 v9) v1 ==== 88+0+0 (secure 0 0 0) 0x7fb04c018350 con 0x7fb05c0712e0
2024-04-22T22:03:26.146 INFO:teuthology.orchestra.run.smithi137.stdout:/usr/bin/ceph: stderr
2024-04-22T22:03:25.617+0000 7fb062d9e700 1 -- 172.21.15.137:0/2563316211 >> [v2:172.21.15.137:6800/245912301,v1:172.21.15.137:6801/245912301] conn(0x7fb048036790 msgr2=0x7fb048038c40 secure :-1 s=STATE_CONNECTION_ESTABLISHED l=1).mark_down
2024-04-22T22:03:26.146 INFO:teuthology.orchestra.run.smithi137.stdout:/usr/bin/ceph: stderr
2024-04-22T22:03:25.617+0000 7fb062d9e700 1 --2- 172.21.15.137:0/2563316211 >> [v2:172.21.15.137:6800/245912301,v1:172.21.15.137:6801/245912301] conn(0x7fb048036790 0x7fb048038c40 secure :-1 s=READY pgs=21 cs=0 l=1 rev1=1 crypto rx=0x7fb058009990 tx=0x7fb058006e40 comp rx=0 tx=0).stop
2024-04-22T22:03:26.146 INFO:teuthology.orchestra.run.smithi137.stdout:/usr/bin/ceph: stderr
2024-04-22T22:03:25.617+0000 7fb062d9e700 1 -- 172.21.15.137:0/2563316211 >> [v2:172.21.15.137:3300/0,v1:172.21.15.137:6789/0] conn(0x7fb05c0712e0 msgr2=0x7fb05c111550 secure :-1 s=STATE_CONNECTION_ESTABLISHED l=1).mark_down
2024-04-22T22:03:26.146 INFO:teuthology.orchestra.run.smithi137.stdout:/usr/bin/ceph: stderr
2024-04-22T22:03:25.617+0000 7fb062d9e700 1 --2- 172.21.15.137:0/2563316211 >> [v2:172.21.15.137:3300/0,v1:172.21.15.137:6789/0] conn(0x7fb05c0712e0 0x7fb05c111550 secure :-1 s=READY pgs=66 cs=0 l=1 rev1=1 crypto rx=0x7fb04c006d40 tx=0x7fb04c009250 comp rx=0 tx=0).stop
2024-04-22T22:03:26.146 INFO:teuthology.orchestra.run.smithi137.stdout:/usr/bin/ceph: stderr
2024-04-22T22:03:25.617+0000 7fb062d9e700 1 -- 172.21.15.137:0/2563316211 shutdown_connections
2024-04-22T22:03:26.146 INFO:teuthology.orchestra.run.smithi137.stdout:/usr/bin/ceph: stderr
2024-04-22T22:03:25.617+0000 7fb062d9e700 1 --2- 172.21.15.137:0/2563316211 >> [v2:172.21.15.137:6800/245912301,v1:172.21.15.137:6801/245912301] conn(0x7fb048036790 0x7fb048038c40 unknown :-1 s=CLOSED pgs=21 cs=0 l=1 rev1=1 crypto rx=0 tx=0 comp rx=0 tx=0).stop
2024-04-22T22:03:26.146 INFO:teuthology.orchestra.run.smithi137.stdout:/usr/bin/ceph: stderr
2024-04-22T22:03:25.617+0000 7fb062d9e700 1 --2- 172.21.15.137:0/2563316211 >> [v2:172.21.15.137:3300/0,v1:172.21.15.137:6789/0] conn(0x7fb05c0712e0 0x7fb05c111550 unknown :-1 s=CLOSED pgs=66 cs=0 l=1 rev1=1 crypto rx=0 tx=0 comp rx=0 tx=0).stop
2024-04-22T22:03:26.146 INFO:teuthology.orchestra.run.smithi137.stdout:/usr/bin/ceph: stderr
2024-04-22T22:03:25.617+0000 7fb062d9e700 1 -- 172.21.15.137:0/2563316211 >> 172.21.15.137:0/2563316211 conn(0x7fb05c0fcdd0 msgr2=0x7fb05c0fd9c0 unknown :-1 s=STATE_NONE l=0).mark_down
2024-04-22T22:03:26.146 INFO:teuthology.orchestra.run.smithi137.stdout:/usr/bin/ceph: stderr
2024-04-22T22:03:25.617+0000 7fb062d9e700 1 -- 172.21.15.137:0/2563316211 shutdown_connections
2024-04-22T22:03:26.147 INFO:teuthology.orchestra.run.smithi137.stdout:/usr/bin/ceph: stderr
2024-04-22T22:03:25.617+0000 7fb062d9e700 1 -- 172.21.15.137:0/2563316211 wait complete.
2024-04-22T22:03:26.859 INFO:journalctl@ceph.mon.smithi137.smithi137.stdout:Apr 22 22:03:26 smithi137 ceph-mon[26339]: from='client.? 172.21.15.137:0/2563316211' entity='client.admin' cmd='[{"prefix": "mgr module enable", "module": "dashboard"}]': finished
2024-04-22T22:03:26.860 INFO:journalctl@ceph.mon.smithi137.smithi137.stdout:Apr 22 22:03:26 smithi137 ceph-mon[26339]: mgrmap e9: smithi137.mnwrth(active, since 26s)
2024-04-22T22:03:27.443 INFO:teuthology.orchestra.run.smithi137.stdout:/usr/bin/ceph: stdout {
2024-04-22T22:03:27.449 INFO:teuthology.orchestra.run.smithi137.stdout:/usr/bin/ceph: stdout "epoch": 9,
2024-04-22T22:03:27.449 INFO:teuthology.orchestra.run.smithi137.stdout:/usr/bin/ceph: stdout "available": true,
2024-04-22T22:03:27.449 INFO:teuthology.orchestra.run.smithi137.stdout:/usr/bin/ceph: stdout "active_name": "smithi137.mnwrth",
2024-04-22T22:03:27.449 INFO:teuthology.orchestra.run.smithi137.stdout:/usr/bin/ceph: stdout "num_standby": 0
2024-04-22T22:03:27.450 INFO:teuthology.orchestra.run.smithi137.stdout:/usr/bin/ceph: stdout }
2024-04-22T22:03:27.450 INFO:teuthology.orchestra.run.smithi137.stdout:/usr/bin/ceph: stderr
2024-04-22T22:03:26.593+0000 7f32a13a2700 1 Processor -- start
2024-04-22T22:03:27.450 INFO:teuthology.orchestra.run.smithi137.stdout:/usr/bin/ceph: stderr
2024-04-22T22:03:26.593+0000 7f32a13a2700 1 -- start start
2024-04-22T22:03:27.450 INFO:teuthology.orchestra.run.smithi137.stdout:/usr/bin/ceph: stderr
2024-04-22T22:03:26.593+0000 7f32a13a2700 1 --2- >> [v2:172.21.15.137:3300/0,v1:172.21.15.137:6789/0] conn(0x7f329c100ca0 0x7f329c1010b0 unknown :-1 s=NONE pgs=0 cs=0 l=0 rev1=0 crypto rx=0 tx=0 comp rx=0 tx=0).connect
2024-04-22T22:03:27.450 INFO:teuthology.orchestra.run.smithi137.stdout:/usr/bin/ceph: stderr
2024-04-22T22:03:26.593+0000 7f32a13a2700 1 -- --> [v2:172.21.15.137:3300/0,v1:172.21.15.137:6789/0] -- mon_getmap magic: 0 v1 -- 0x7f329c1015f0 con 0x7f329c100ca0
2024-04-22T22:03:27.450 INFO:teuthology.orchestra.run.smithi137.stdout:/usr/bin/ceph: stderr
2024-04-22T22:03:26.593+0000 7f329affd700 1 --2- >> [v2:172.21.15.137:3300/0,v1:172.21.15.137:6789/0] conn(0x7f329c100ca0 0x7f329c1010b0 unknown :-1 s=BANNER_CONNECTING pgs=0 cs=0 l=0 rev1=0 crypto rx=0 tx=0 comp rx=0 tx=0)._handle_peer_banner_payload supported=3 required=0
2024-04-22T22:03:27.450 INFO:teuthology.orchestra.run.smithi137.stdout:/usr/bin/ceph: stderr
2024-04-22T22:03:26.593+0000 7f329affd700 1 --2- >> [v2:172.21.15.137:3300/0,v1:172.21.15.137:6789/0] conn(0x7f329c100ca0 0x7f329c1010b0 unknown :-1 s=HELLO_CONNECTING pgs=0 cs=0 l=0 rev1=1 crypto rx=0 tx=0 comp rx=0 tx=0).handle_hello peer v2:172.21.15.137:3300/0 says I am v2:172.21.15.137:48934/0 (socket says 172.21.15.137:48934)
2024-04-22T22:03:27.450 INFO:teuthology.orchestra.run.smithi137.stdout:/usr/bin/ceph: stderr
2024-04-22T22:03:26.593+0000 7f329affd700 1 -- 172.21.15.137:0/21722296 learned_addr learned my addr 172.21.15.137:0/21722296 (peer_addr_for_me v2:172.21.15.137:0/0)
2024-04-22T22:03:27.450 INFO:teuthology.orchestra.run.smithi137.stdout:/usr/bin/ceph: stderr
2024-04-22T22:03:26.594+0000 7f329affd700 1 -- 172.21.15.137:0/21722296 --> [v2:172.21.15.137:3300/0,v1:172.21.15.137:6789/0] -- mon_subscribe({config=0+,monmap=0+}) v3 -- 0x7f329c101730 con 0x7f329c100ca0
2024-04-22T22:03:27.450 INFO:teuthology.orchestra.run.smithi137.stdout:/usr/bin/ceph: stderr
2024-04-22T22:03:26.594+0000 7f329affd700 1 --2- 172.21.15.137:0/21722296 >> [v2:172.21.15.137:3300/0,v1:172.21.15.137:6789/0] conn(0x7f329c100ca0 0x7f329c1010b0 secure :-1 s=READY pgs=69 cs=0 l=1 rev1=1 crypto rx=0x7f328c0098e0 tx=0x7f328c009250 comp rx=0 tx=0).ready entity=mon.0 client_cookie=c4c8950d864458be server_cookie=0 in_seq=0 out_seq=0
2024-04-22T22:03:27.450 INFO:teuthology.orchestra.run.smithi137.stdout:/usr/bin/ceph: stderr
2024-04-22T22:03:26.594+0000 7f3299ffb700 1 -- 172.21.15.137:0/21722296 <== mon.0 v2:172.21.15.137:3300/0 1 ==== mon_map magic: 0 v1 ==== 229+0+0 (secure 0 0 0) 0x7f328c00b860 con 0x7f329c100ca0
2024-04-22T22:03:27.450 INFO:teuthology.orchestra.run.smithi137.stdout:/usr/bin/ceph: stderr
2024-04-22T22:03:26.594+0000 7f3299ffb700 1 -- 172.21.15.137:0/21722296 <== mon.0 v2:172.21.15.137:3300/0 2 ==== config(27 keys) v1 ==== 1109+0+0 (secure 0 0 0) 0x7f328c00be90 con 0x7f329c100ca0
2024-04-22T22:03:27.450 INFO:teuthology.orchestra.run.smithi137.stdout:/usr/bin/ceph: stderr
2024-04-22T22:03:26.594+0000 7f3299ffb700 1 -- 172.21.15.137:0/21722296 <== mon.0 v2:172.21.15.137:3300/0 3 ==== mon_map magic: 0 v1 ==== 229+0+0 (secure 0 0 0) 0x7f328c0103c0 con 0x7f329c100ca0
2024-04-22T22:03:27.451 INFO:teuthology.orchestra.run.smithi137.stdout:/usr/bin/ceph: stderr
2024-04-22T22:03:26.594+0000 7f32a13a2700 1 -- 172.21.15.137:0/21722296 >> [v2:172.21.15.137:3300/0,v1:172.21.15.137:6789/0] conn(0x7f329c100ca0 msgr2=0x7f329c1010b0 secure :-1 s=STATE_CONNECTION_ESTABLISHED l=1).mark_down
2024-04-22T22:03:27.451 INFO:teuthology.orchestra.run.smithi137.stdout:/usr/bin/ceph: stderr
2024-04-22T22:03:26.594+0000 7f32a13a2700 1 --2- 172.21.15.137:0/21722296 >> [v2:172.21.15.137:3300/0,v1:172.21.15.137:6789/0] conn(0x7f329c100ca0 0x7f329c1010b0 secure :-1 s=READY pgs=69 cs=0 l=1 rev1=1 crypto rx=0x7f328c0098e0 tx=0x7f328c009250 comp rx=0 tx=0).stop
2024-04-22T22:03:27.451 INFO:teuthology.orchestra.run.smithi137.stdout:/usr/bin/ceph: stderr
2024-04-22T22:03:26.595+0000 7f32a13a2700 1 -- 172.21.15.137:0/21722296 shutdown_connections
2024-04-22T22:03:27.451 INFO:teuthology.orchestra.run.smithi137.stdout:/usr/bin/ceph: stderr
2024-04-22T22:03:26.595+0000 7f32a13a2700 1 --2- 172.21.15.137:0/21722296 >> [v2:172.21.15.137:3300/0,v1:172.21.15.137:6789/0] conn(0x7f329c100ca0 0x7f329c1010b0 unknown :-1 s=CLOSED pgs=69 cs=0 l=1 rev1=1 crypto rx=0 tx=0 comp rx=0 tx=0).stop
2024-04-22T22:03:27.451 INFO:teuthology.orchestra.run.smithi137.stdout:/usr/bin/ceph: stderr
2024-04-22T22:03:26.595+0000 7f32a13a2700 1 -- 172.21.15.137:0/21722296 >> 172.21.15.137:0/21722296 conn(0x7f329c0fc760 msgr2=0x7f329c0feb70 unknown :-1 s=STATE_NONE l=0).mark_down
2024-04-22T22:03:27.451 INFO:teuthology.orchestra.run.smithi137.stdout:/usr/bin/ceph: stderr
2024-04-22T22:03:26.595+0000 7f32a13a2700 1 -- 172.21.15.137:0/21722296 shutdown_connections
2024-04-22T22:03:27.451 INFO:teuthology.orchestra.run.smithi137.stdout:/usr/bin/ceph: stderr
2024-04-22T22:03:26.595+0000 7f32a13a2700 1 -- 172.21.15.137:0/21722296 wait complete.
2024-04-22T22:03:27.451 INFO:teuthology.orchestra.run.smithi137.stdout:/usr/bin/ceph: stderr
2024-04-22T22:03:26.595+0000 7f32a13a2700 1 Processor -- start
2024-04-22T22:03:27.451 INFO:teuthology.orchestra.run.smithi137.stdout:/usr/bin/ceph: stderr
2024-04-22T22:03:26.595+0000 7f32a13a2700 1 -- start start
2024-04-22T22:03:27.451 INFO:teuthology.orchestra.run.smithi137.stdout:/usr/bin/ceph: stderr
2024-04-22T22:03:26.595+0000 7f32a13a2700 1 --2- >> [v2:172.21.15.137:3300/0,v1:172.21.15.137:6789/0] conn(0x7f329c100ca0 0x7f329c1036d0 unknown :-1 s=NONE pgs=0 cs=0 l=1 rev1=0 crypto rx=0 tx=0 comp rx=0 tx=0).connect
2024-04-22T22:03:27.451 INFO:teuthology.orchestra.run.smithi137.stdout:/usr/bin/ceph: stderr
2024-04-22T22:03:26.595+0000 7f32a13a2700 1 -- --> [v2:172.21.15.137:3300/0,v1:172.21.15.137:6789/0] -- mon_getmap magic: 0 v1 -- 0x7f329c103c10 con 0x7f329c100ca0
2024-04-22T22:03:27.451 INFO:teuthology.orchestra.run.smithi137.stdout:/usr/bin/ceph: stderr
2024-04-22T22:03:26.596+0000 7f329affd700 1 --2- >> [v2:172.21.15.137:3300/0,v1:172.21.15.137:6789/0] conn(0x7f329c100ca0 0x7f329c1036d0 unknown :-1 s=BANNER_CONNECTING pgs=0 cs=0 l=1 rev1=0 crypto rx=0 tx=0 comp rx=0 tx=0)._handle_peer_banner_payload supported=3 required=0
2024-04-22T22:03:27.451 INFO:teuthology.orchestra.run.smithi137.stdout:/usr/bin/ceph: stderr
2024-04-22T22:03:26.596+0000 7f329affd700 1 --2- >> [v2:172.21.15.137:3300/0,v1:172.21.15.137:6789/0] conn(0x7f329c100ca0 0x7f329c1036d0 unknown :-1 s=HELLO_CONNECTING pgs=0 cs=0 l=1 rev1=1 crypto rx=0 tx=0 comp rx=0 tx=0).handle_hello peer v2:172.21.15.137:3300/0 says I am v2:172.21.15.137:48944/0 (socket says 172.21.15.137:48944)
2024-04-22T22:03:27.451 INFO:teuthology.orchestra.run.smithi137.stdout:/usr/bin/ceph: stderr
2024-04-22T22:03:26.596+0000 7f329affd700 1 -- 172.21.15.137:0/2054465917 learned_addr learned my addr 172.21.15.137:0/2054465917 (peer_addr_for_me v2:172.21.15.137:0/0)
2024-04-22T22:03:27.452 INFO:teuthology.orchestra.run.smithi137.stdout:/usr/bin/ceph: stderr
2024-04-22T22:03:26.596+0000 7f329affd700 1 -- 172.21.15.137:0/2054465917 --> [v2:172.21.15.137:3300/0,v1:172.21.15.137:6789/0] -- mon_subscribe({config=0+,monmap=0+}) v3 -- 0x7f328c0094f0 con 0x7f329c100ca0
2024-04-22T22:03:27.452 INFO:teuthology.orchestra.run.smithi137.stdout:/usr/bin/ceph: stderr
2024-04-22T22:03:26.596+0000 7f329affd700 1 --2- 172.21.15.137:0/2054465917 >> [v2:172.21.15.137:3300/0,v1:172.21.15.137:6789/0] conn(0x7f329c100ca0 0x7f329c1036d0 secure :-1 s=READY pgs=70 cs=0 l=1 rev1=1 crypto rx=0x7f328c0090b0 tx=0x7f328c009250 comp rx=0 tx=0).ready entity=mon.0 client_cookie=0 server_cookie=0 in_seq=0 out_seq=0
2024-04-22T22:03:27.452 INFO:teuthology.orchestra.run.smithi137.stdout:/usr/bin/ceph: stderr
2024-04-22T22:03:26.596+0000 7f32837fe700 1 -- 172.21.15.137:0/2054465917 <== mon.0 v2:172.21.15.137:3300/0 1 ==== mon_map magic: 0 v1 ==== 229+0+0 (secure 0 0 0) 0x7f328c010840 con 0x7f329c100ca0
2024-04-22T22:03:27.452 INFO:teuthology.orchestra.run.smithi137.stdout:/usr/bin/ceph: stderr
2024-04-22T22:03:26.596+0000 7f32a13a2700 1 -- 172.21.15.137:0/2054465917 --> [v2:172.21.15.137:3300/0,v1:172.21.15.137:6789/0] -- mon_subscribe({mgrmap=0+}) v3 -- 0x7f329c101c80 con 0x7f329c100ca0
2024-04-22T22:03:27.452 INFO:teuthology.orchestra.run.smithi137.stdout:/usr/bin/ceph: stderr
2024-04-22T22:03:26.596+0000 7f32837fe700 1 -- 172.21.15.137:0/2054465917 <== mon.0 v2:172.21.15.137:3300/0 2 ==== config(27 keys) v1 ==== 1109+0+0 (secure 0 0 0) 0x7f328c010e70 con 0x7f329c100ca0
2024-04-22T22:03:27.452 INFO:teuthology.orchestra.run.smithi137.stdout:/usr/bin/ceph: stderr
2024-04-22T22:03:26.596+0000 7f32837fe700 1 -- 172.21.15.137:0/2054465917 <== mon.0 v2:172.21.15.137:3300/0 3 ==== mon_map magic: 0 v1 ==== 229+0+0 (secure 0 0 0) 0x7f328c024e40 con 0x7f329c100ca0
2024-04-22T22:03:27.452 INFO:teuthology.orchestra.run.smithi137.stdout:/usr/bin/ceph: stderr
2024-04-22T22:03:26.596+0000 7f32a13a2700 1 -- 172.21.15.137:0/2054465917 --> [v2:172.21.15.137:3300/0,v1:172.21.15.137:6789/0] -- mon_subscribe({osdmap=0}) v3 -- 0x7f329c102170 con 0x7f329c100ca0
2024-04-22T22:03:27.452 INFO:teuthology.orchestra.run.smithi137.stdout:/usr/bin/ceph: stderr
2024-04-22T22:03:26.597+0000 7f32a13a2700 1 -- 172.21.15.137:0/2054465917 --> [v2:172.21.15.137:3300/0,v1:172.21.15.137:6789/0] -- mon_command({"prefix": "get_command_descriptions"} v 0) v1 -- 0x7f329c04bed0 con 0x7f329c100ca0
2024-04-22T22:03:27.452 INFO:teuthology.orchestra.run.smithi137.stdout:/usr/bin/ceph: stderr
2024-04-22T22:03:26.597+0000 7f32837fe700 1 -- 172.21.15.137:0/2054465917 <== mon.0 v2:172.21.15.137:3300/0 4 ==== mgrmap(e 9) v1 ==== 43389+0+0 (secure 0 0 0) 0x7f328c024430 con 0x7f329c100ca0
2024-04-22T22:03:27.452 INFO:teuthology.orchestra.run.smithi137.stdout:/usr/bin/ceph: stderr
2024-04-22T22:03:26.598+0000 7f32837fe700 1 --2- 172.21.15.137:0/2054465917 >> [v2:172.21.15.137:6800/245912301,v1:172.21.15.137:6801/245912301] conn(0x7f3284036790 0x7f3284038c40 unknown :-1 s=NONE pgs=0 cs=0 l=1 rev1=0 crypto rx=0 tx=0 comp rx=0 tx=0).connect
2024-04-22T22:03:27.452 INFO:teuthology.orchestra.run.smithi137.stdout:/usr/bin/ceph: stderr
2024-04-22T22:03:26.598+0000 7f32837fe700 1 -- 172.21.15.137:0/2054465917 <== mon.0 v2:172.21.15.137:3300/0 5 ==== osd_map(2..2 src has 1..2) v4 ==== 936+0+0 (secure 0 0 0) 0x7f328c04a820 con 0x7f329c100ca0
2024-04-22T22:03:27.452 INFO:teuthology.orchestra.run.smithi137.stdout:/usr/bin/ceph: stderr
2024-04-22T22:03:26.598+0000 7f329a7fc700 1 -- 172.21.15.137:0/2054465917 >> [v2:172.21.15.137:6800/245912301,v1:172.21.15.137:6801/245912301] conn(0x7f3284036790 msgr2=0x7f3284038c40 unknown :-1 s=STATE_CONNECTING_RE l=1).process reconnect failed to v2:172.21.15.137:6800/245912301
2024-04-22T22:03:27.452 INFO:teuthology.orchestra.run.smithi137.stdout:/usr/bin/ceph: stderr
2024-04-22T22:03:26.598+0000 7f329a7fc700 1 --2- 172.21.15.137:0/2054465917 >> [v2:172.21.15.137:6800/245912301,v1:172.21.15.137:6801/245912301] conn(0x7f3284036790 0x7f3284038c40 unknown :-1 s=START_CONNECT pgs=0 cs=0 l=1 rev1=0 crypto rx=0 tx=0 comp rx=0 tx=0)._fault waiting 0.200000
2024-04-22T22:03:27.452 INFO:teuthology.orchestra.run.smithi137.stdout:/usr/bin/ceph: stderr
2024-04-22T22:03:26.602+0000 7f32837fe700 1 -- 172.21.15.137:0/2054465917 <== mon.0 v2:172.21.15.137:3300/0 6 ==== mon_command_ack([{"prefix": "get_command_descriptions"}]=0 v0) v1 ==== 72+0+176702 (secure 0 0 0) 0x7f328c02c930 con 0x7f329c100ca0
2024-04-22T22:03:27.453 INFO:teuthology.orchestra.run.smithi137.stdout:/usr/bin/ceph: stderr
2024-04-22T22:03:26.799+0000 7f329a7fc700 1 -- 172.21.15.137:0/2054465917 >> [v2:172.21.15.137:6800/245912301,v1:172.21.15.137:6801/245912301] conn(0x7f3284036790 msgr2=0x7f3284038c40 unknown :-1 s=STATE_CONNECTING_RE l=1).process reconnect failed to v2:172.21.15.137:6800/245912301
2024-04-22T22:03:27.453 INFO:teuthology.orchestra.run.smithi137.stdout:/usr/bin/ceph: stderr
2024-04-22T22:03:26.799+0000 7f329a7fc700 1 --2- 172.21.15.137:0/2054465917 >> [v2:172.21.15.137:6800/245912301,v1:172.21.15.137:6801/245912301] conn(0x7f3284036790 0x7f3284038c40 unknown :-1 s=START_CONNECT pgs=0 cs=0 l=1 rev1=0 crypto rx=0 tx=0 comp rx=0 tx=0)._fault waiting 0.400000
2024-04-22T22:03:27.453 INFO:teuthology.orchestra.run.smithi137.stdout:/usr/bin/ceph: stderr
2024-04-22T22:03:26.883+0000 7f32a13a2700 1 -- 172.21.15.137:0/2054465917 --> [v2:172.21.15.137:3300/0,v1:172.21.15.137:6789/0] -- mon_command({"prefix": "mgr stat"} v 0) v1 -- 0x7f329c1028c0 con 0x7f329c100ca0
2024-04-22T22:03:27.453 INFO:teuthology.orchestra.run.smithi137.stdout:/usr/bin/ceph: stderr
2024-04-22T22:03:26.883+0000 7f32837fe700 1 -- 172.21.15.137:0/2054465917 <== mon.0 v2:172.21.15.137:3300/0 7 ==== mon_command_ack([{"prefix": "mgr stat"}]=0 v9) v1 ==== 56+0+103 (secure 0 0 0) 0x7f328c02c340 con 0x7f329c100ca0
2024-04-22T22:03:27.453 INFO:teuthology.orchestra.run.smithi137.stdout:/usr/bin/ceph: stderr
2024-04-22T22:03:26.886+0000 7f32a13a2700 1 -- 172.21.15.137:0/2054465917 >> [v2:172.21.15.137:6800/245912301,v1:172.21.15.137:6801/245912301] conn(0x7f3284036790 msgr2=0x7f3284038c40 unknown :-1 s=STATE_CONNECTING l=1).mark_down
2024-04-22T22:03:27.453 INFO:teuthology.orchestra.run.smithi137.stdout:/usr/bin/ceph: stderr
2024-04-22T22:03:26.886+0000 7f32a13a2700 1 --2- 172.21.15.137:0/2054465917 >> [v2:172.21.15.137:6800/245912301,v1:172.21.15.137:6801/245912301] conn(0x7f3284036790 0x7f3284038c40 unknown :-1 s=START_CONNECT pgs=0 cs=0 l=1 rev1=0 crypto rx=0 tx=0 comp rx=0 tx=0).stop
2024-04-22T22:03:27.453 INFO:teuthology.orchestra.run.smithi137.stdout:/usr/bin/ceph: stderr
2024-04-22T22:03:26.886+0000 7f32a13a2700 1 -- 172.21.15.137:0/2054465917 >> [v2:172.21.15.137:3300/0,v1:172.21.15.137:6789/0] conn(0x7f329c100ca0 msgr2=0x7f329c1036d0 secure :-1 s=STATE_CONNECTION_ESTABLISHED l=1).mark_down
2024-04-22T22:03:27.453 INFO:teuthology.orchestra.run.smithi137.stdout:/usr/bin/ceph: stderr
2024-04-22T22:03:26.886+0000 7f32a13a2700 1 --2- 172.21.15.137:0/2054465917 >> [v2:172.21.15.137:3300/0,v1:172.21.15.137:6789/0] conn(0x7f329c100ca0 0x7f329c1036d0 secure :-1 s=READY pgs=70 cs=0 l=1 rev1=1 crypto rx=0x7f328c0090b0 tx=0x7f328c009250 comp rx=0 tx=0).stop
2024-04-22T22:03:27.453 INFO:teuthology.orchestra.run.smithi137.stdout:/usr/bin/ceph: stderr
2024-04-22T22:03:26.886+0000 7f32a13a2700 1 -- 172.21.15.137:0/2054465917 shutdown_connections
2024-04-22T22:03:27.453 INFO:teuthology.orchestra.run.smithi137.stdout:/usr/bin/ceph: stderr
2024-04-22T22:03:26.886+0000 7f32a13a2700 1 --2- 172.21.15.137:0/2054465917 >> [v2:172.21.15.137:6800/245912301,v1:172.21.15.137:6801/245912301] conn(0x7f3284036790 0x7f3284038c40 unknown :-1 s=CLOSED pgs=0 cs=0 l=1 rev1=0 crypto rx=0 tx=0 comp rx=0 tx=0).stop
2024-04-22T22:03:27.453 INFO:teuthology.orchestra.run.smithi137.stdout:/usr/bin/ceph: stderr
2024-04-22T22:03:26.886+0000 7f32a13a2700 1 --2- 172.21.15.137:0/2054465917 >> [v2:172.21.15.137:3300/0,v1:172.21.15.137:6789/0] conn(0x7f329c100ca0 0x7f329c1036d0 unknown :-1 s=CLOSED pgs=70 cs=0 l=1 rev1=1 crypto rx=0 tx=0 comp rx=0 tx=0).stop
2024-04-22T22:03:27.453 INFO:teuthology.orchestra.run.smithi137.stdout:/usr/bin/ceph: stderr
2024-04-22T22:03:26.886+0000 7f32a13a2700 1 -- 172.21.15.137:0/2054465917 >> 172.21.15.137:0/2054465917 conn(0x7f329c0fc760 msgr2=0x7f329c0fd280 unknown :-1 s=STATE_NONE l=0).mark_down
2024-04-22T22:03:27.453 INFO:teuthology.orchestra.run.smithi137.stdout:/usr/bin/ceph: stderr
2024-04-22T22:03:26.886+0000 7f32a13a2700 1 -- 172.21.15.137:0/2054465917 shutdown_connections
2024-04-22T22:03:27.453 INFO:teuthology.orchestra.run.smithi137.stdout:/usr/bin/ceph: stderr
2024-04-22T22:03:26.886+0000 7f32a13a2700 1 -- 172.21.15.137:0/2054465917 wait complete.
2024-04-22T22:03:27.454 INFO:teuthology.orchestra.run.smithi137.stdout:Waiting for the mgr to restart...
2024-04-22T22:03:27.454 INFO:teuthology.orchestra.run.smithi137.stdout:Waiting for mgr epoch 9...
2024-04-22T22:03:27.861 INFO:journalctl@ceph.mon.smithi137.smithi137.stdout:Apr 22 22:03:27 smithi137 ceph-mon[26339]: from='client.? 172.21.15.137:0/2054465917' entity='client.admin' cmd=[{"prefix": "mgr stat"}]: dispatch
2024-04-22T22:03:32.175 INFO:journalctl@ceph.mon.smithi137.smithi137.stdout:Apr 22 22:03:32 smithi137 ceph-mon[26339]: Active manager daemon smithi137.mnwrth restarted
2024-04-22T22:03:32.176 INFO:journalctl@ceph.mon.smithi137.smithi137.stdout:Apr 22 22:03:32 smithi137 ceph-mon[26339]: Activating manager daemon smithi137.mnwrth
2024-04-22T22:03:32.176 INFO:journalctl@ceph.mon.smithi137.smithi137.stdout:Apr 22 22:03:32 smithi137 ceph-mon[26339]: osdmap e3: 0 total, 0 up, 0 in
2024-04-22T22:03:32.176 INFO:journalctl@ceph.mon.smithi137.smithi137.stdout:Apr 22 22:03:32 smithi137 ceph-mon[26339]: mgrmap e10: smithi137.mnwrth(active, starting, since 0.00318132s)
2024-04-22T22:03:32.176 INFO:journalctl@ceph.mon.smithi137.smithi137.stdout:Apr 22 22:03:32 smithi137 ceph-mon[26339]: from='mgr.14162 172.21.15.137:0/2444060725' entity='mgr.smithi137.mnwrth' cmd=[{"prefix": "mon metadata", "id": "smithi137"}]: dispatch
2024-04-22T22:03:32.176 INFO:journalctl@ceph.mon.smithi137.smithi137.stdout:Apr 22 22:03:32 smithi137 ceph-mon[26339]: from='mgr.14162 172.21.15.137:0/2444060725' entity='mgr.smithi137.mnwrth' cmd=[{"prefix": "mgr metadata", "who": "smithi137.mnwrth", "id": "smithi137.mnwrth"}]: dispatch
2024-04-22T22:03:32.176 INFO:journalctl@ceph.mon.smithi137.smithi137.stdout:Apr 22 22:03:32 smithi137 ceph-mon[26339]: from='mgr.14162 172.21.15.137:0/2444060725' entity='mgr.smithi137.mnwrth' cmd=[{"prefix": "mds metadata"}]: dispatch
2024-04-22T22:03:32.176 INFO:journalctl@ceph.mon.smithi137.smithi137.stdout:Apr 22 22:03:32 smithi137 ceph-mon[26339]: from='mgr.14162 172.21.15.137:0/2444060725' entity='mgr.smithi137.mnwrth' cmd=[{"prefix": "osd metadata"}]: dispatch
2024-04-22T22:03:32.176 INFO:journalctl@ceph.mon.smithi137.smithi137.stdout:Apr 22 22:03:32 smithi137 ceph-mon[26339]: from='mgr.14162 172.21.15.137:0/2444060725' entity='mgr.smithi137.mnwrth' cmd=[{"prefix": "mon metadata"}]: dispatch
2024-04-22T22:03:32.176 INFO:journalctl@ceph.mon.smithi137.smithi137.stdout:Apr 22 22:03:32 smithi137 ceph-mon[26339]: Manager daemon smithi137.mnwrth is now available
2024-04-22T22:03:32.176 INFO:journalctl@ceph.mon.smithi137.smithi137.stdout:Apr 22 22:03:32 smithi137 ceph-mon[26339]: from='mgr.14162 172.21.15.137:0/2444060725' entity='mgr.smithi137.mnwrth' cmd=[{"prefix": "config dump", "format": "json"}]: dispatch
2024-04-22T22:03:32.176 INFO:journalctl@ceph.mon.smithi137.smithi137.stdout:Apr 22 22:03:32 smithi137 ceph-mon[26339]: from='mgr.14162 172.21.15.137:0/2444060725' entity='mgr.smithi137.mnwrth' cmd=[{"prefix": "config dump", "format": "json"}]: dispatch
2024-04-22T22:03:32.176 INFO:journalctl@ceph.mon.smithi137.smithi137.stdout:Apr 22 22:03:32 smithi137 ceph-mon[26339]: from='mgr.14162 172.21.15.137:0/2444060725' entity='mgr.smithi137.mnwrth' cmd=[{"prefix":"config rm","who":"mgr","name":"mgr/rbd_support/smithi137.mnwrth/mirror_snapshot_schedule"}]: dispatch
2024-04-22T22:03:32.177 INFO:journalctl@ceph.mon.smithi137.smithi137.stdout:Apr 22 22:03:32 smithi137 ceph-mon[26339]: from='mgr.14162 172.21.15.137:0/2444060725' entity='mgr.smithi137.mnwrth' cmd=[{"prefix":"config rm","who":"mgr","name":"mgr/rbd_support/smithi137.mnwrth/trash_purge_schedule"}]: dispatch
2024-04-22T22:03:33.402 INFO:journalctl@ceph.mon.smithi137.smithi137.stdout:Apr 22 22:03:33 smithi137 ceph-mon[26339]: [22/Apr/2024:22:03:32] ENGINE Bus STARTING
2024-04-22T22:03:33.402 INFO:journalctl@ceph.mon.smithi137.smithi137.stdout:Apr 22 22:03:33 smithi137 ceph-mon[26339]: from='mgr.14162 172.21.15.137:0/2444060725' entity='mgr.smithi137.mnwrth'
2024-04-22T22:03:33.402 INFO:journalctl@ceph.mon.smithi137.smithi137.stdout:Apr 22 22:03:33 smithi137 ceph-mon[26339]: mgrmap e11: smithi137.mnwrth(active, since 1.00616s)
2024-04-22T22:03:33.688 INFO:teuthology.orchestra.run.smithi137.stdout:/usr/bin/ceph: stdout {
2024-04-22T22:03:33.688 INFO:teuthology.orchestra.run.smithi137.stdout:/usr/bin/ceph: stdout "mgrmap_epoch": 11,
2024-04-22T22:03:33.688 INFO:teuthology.orchestra.run.smithi137.stdout:/usr/bin/ceph: stdout "initialized": true
2024-04-22T22:03:33.688 INFO:teuthology.orchestra.run.smithi137.stdout:/usr/bin/ceph: stdout }
2024-04-22T22:03:33.688 INFO:teuthology.orchestra.run.smithi137.stdout:/usr/bin/ceph: stderr
2024-04-22T22:03:27.984+0000 7fee4d4bc700 1 Processor -- start
2024-04-22T22:03:33.688 INFO:teuthology.orchestra.run.smithi137.stdout:/usr/bin/ceph: stderr
2024-04-22T22:03:27.984+0000 7fee4d4bc700 1 -- start start
2024-04-22T22:03:33.689 INFO:teuthology.orchestra.run.smithi137.stdout:/usr/bin/ceph: stderr
2024-04-22T22:03:27.984+0000 7fee4d4bc700 1 --2- >> [v2:172.21.15.137:3300/0,v1:172.21.15.137:6789/0] conn(0x7fee480712c0 0x7fee48105530 unknown :-1 s=NONE pgs=0 cs=0 l=0 rev1=0 crypto rx=0 tx=0 comp rx=0 tx=0).connect
2024-04-22T22:03:33.689 INFO:teuthology.orchestra.run.smithi137.stdout:/usr/bin/ceph: stderr
2024-04-22T22:03:27.984+0000 7fee4d4bc700 1 -- --> [v2:172.21.15.137:3300/0,v1:172.21.15.137:6789/0] -- mon_getmap magic: 0 v1 -- 0x7fee480716d0 con 0x7fee480712c0
2024-04-22T22:03:33.689 INFO:teuthology.orchestra.run.smithi137.stdout:/usr/bin/ceph: stderr
2024-04-22T22:03:27.985+0000 7fee46ffd700 1 --2- >> [v2:172.21.15.137:3300/0,v1:172.21.15.137:6789/0] conn(0x7fee480712c0 0x7fee48105530 unknown :-1 s=BANNER_CONNECTING pgs=0 cs=0 l=0 rev1=0 crypto rx=0 tx=0 comp rx=0 tx=0)._handle_peer_banner_payload supported=3 required=0
2024-04-22T22:03:33.689 INFO:teuthology.orchestra.run.smithi137.stdout:/usr/bin/ceph: stderr
