2024-04-22T22:38:13.796+0000 7f57dd2f5700 1 -- 172.21.15.29:0/180496682 --> [v2:172.21.15.29:6800/1432235869,v1:172.21.15.29:6801/1432235869] -- mgr_command(tid 0: {"prefix": "cephadm get-pub-key", "target": ["mon-mgr", ""]}) v1 -- 0x7f57d80fda80 con 0x7f57c0036790
2024-04-22T22:38:14.361 INFO:teuthology.orchestra.run.smithi029.stdout:/usr/bin/ceph: stderr
2024-04-22T22:38:13.796+0000 7f57bf7fe700 1 -- 172.21.15.29:0/180496682 <== mgr.14120 v2:172.21.15.29:6800/1432235869 1 ==== mgr_command_reply(tid 0: 0 ) v1 ==== 8+0+595 (secure 0 0 0) 0x7f57d80fda80 con 0x7f57c0036790
2024-04-22T22:38:14.361 INFO:teuthology.orchestra.run.smithi029.stdout:/usr/bin/ceph: stderr
2024-04-22T22:38:13.798+0000 7f57dd2f5700 1 -- 172.21.15.29:0/180496682 >> [v2:172.21.15.29:6800/1432235869,v1:172.21.15.29:6801/1432235869] conn(0x7f57c0036790 msgr2=0x7f57c0038c40 secure :-1 s=STATE_CONNECTION_ESTABLISHED l=1).mark_down
2024-04-22T22:38:14.361 INFO:teuthology.orchestra.run.smithi029.stdout:/usr/bin/ceph: stderr
2024-04-22T22:38:13.798+0000 7f57dd2f5700 1 --2- 172.21.15.29:0/180496682 >> [v2:172.21.15.29:6800/1432235869,v1:172.21.15.29:6801/1432235869] conn(0x7f57c0036790 0x7f57c0038c40 secure :-1 s=READY pgs=10 cs=0 l=1 rev1=1 crypto rx=0x7f57cc009990 tx=0x7f57cc006e40 comp rx=0 tx=0).stop
2024-04-22T22:38:14.361 INFO:teuthology.orchestra.run.smithi029.stdout:/usr/bin/ceph: stderr
2024-04-22T22:38:13.798+0000 7f57dd2f5700 1 -- 172.21.15.29:0/180496682 >> [v2:172.21.15.29:3300/0,v1:172.21.15.29:6789/0] conn(0x7f57d8100cf0 msgr2=0x7f57d81116c0 secure :-1 s=STATE_CONNECTION_ESTABLISHED l=1).mark_down
2024-04-22T22:38:14.361 INFO:teuthology.orchestra.run.smithi029.stdout:/usr/bin/ceph: stderr
2024-04-22T22:38:13.798+0000 7f57dd2f5700 1 --2- 172.21.15.29:0/180496682 >> [v2:172.21.15.29:3300/0,v1:172.21.15.29:6789/0] conn(0x7f57d8100cf0 0x7f57d81116c0 secure :-1 s=READY pgs=44 cs=0 l=1 rev1=1 crypto rx=0x7f57c8000c00 tx=0x7f57c8009250 comp rx=0 tx=0).stop
2024-04-22T22:38:14.361 INFO:teuthology.orchestra.run.smithi029.stdout:/usr/bin/ceph: stderr
2024-04-22T22:38:13.798+0000 7f57dd2f5700 1 -- 172.21.15.29:0/180496682 shutdown_connections
2024-04-22T22:38:14.361 INFO:teuthology.orchestra.run.smithi029.stdout:/usr/bin/ceph: stderr
2024-04-22T22:38:13.798+0000 7f57dd2f5700 1 --2- 172.21.15.29:0/180496682 >> [v2:172.21.15.29:6800/1432235869,v1:172.21.15.29:6801/1432235869] conn(0x7f57c0036790 0x7f57c0038c40 unknown :-1 s=CLOSED pgs=10 cs=0 l=1 rev1=1 crypto rx=0 tx=0 comp rx=0 tx=0).stop
2024-04-22T22:38:14.361 INFO:teuthology.orchestra.run.smithi029.stdout:/usr/bin/ceph: stderr
2024-04-22T22:38:13.798+0000 7f57dd2f5700 1 --2- 172.21.15.29:0/180496682 >> [v2:172.21.15.29:3300/0,v1:172.21.15.29:6789/0] conn(0x7f57d8100cf0 0x7f57d81116c0 unknown :-1 s=CLOSED pgs=44 cs=0 l=1 rev1=1 crypto rx=0 tx=0 comp rx=0 tx=0).stop
2024-04-22T22:38:14.361 INFO:teuthology.orchestra.run.smithi029.stdout:/usr/bin/ceph: stderr
2024-04-22T22:38:13.798+0000 7f57dd2f5700 1 -- 172.21.15.29:0/180496682 >> 172.21.15.29:0/180496682 conn(0x7f57d80fc730 msgr2=0x7f57d80fd2b0 unknown :-1 s=STATE_NONE l=0).mark_down
2024-04-22T22:38:14.361 INFO:teuthology.orchestra.run.smithi029.stdout:/usr/bin/ceph: stderr
2024-04-22T22:38:13.799+0000 7f57dd2f5700 1 -- 172.21.15.29:0/180496682 shutdown_connections
2024-04-22T22:38:14.361 INFO:teuthology.orchestra.run.smithi029.stdout:/usr/bin/ceph: stderr
2024-04-22T22:38:13.799+0000 7f57dd2f5700 1 -- 172.21.15.29:0/180496682 wait complete.
2024-04-22T22:38:14.362 INFO:teuthology.orchestra.run.smithi029.stdout:Wrote public SSH key to /home/ubuntu/cephtest/ceph.pub
2024-04-22T22:38:14.362 INFO:teuthology.orchestra.run.smithi029.stdout:Adding key to root@localhost authorized_keys...
2024-04-22T22:38:14.362 INFO:teuthology.orchestra.run.smithi029.stdout:Adding host smithi029...
2024-04-22T22:38:14.947 INFO:journalctl@ceph.mon.smithi029.smithi029.stdout:Apr 22 22:38:14 smithi029 ceph-mon[26515]: from='client.14138 -' entity='client.admin' cmd=[{"prefix": "cephadm get-pub-key", "target": ["mon-mgr", ""]}]: dispatch
2024-04-22T22:38:16.197 INFO:journalctl@ceph.mon.smithi029.smithi029.stdout:Apr 22 22:38:15 smithi029 ceph-mon[26515]: from='client.14140 -' entity='client.admin' cmd=[{"prefix": "orch host add", "hostname": "smithi029", "addr": "172.21.15.29", "target": ["mon-mgr", ""]}]: dispatch
2024-04-22T22:38:16.197 INFO:journalctl@ceph.mon.smithi029.smithi029.stdout:Apr 22 22:38:15 smithi029 ceph-mon[26515]: Deploying cephadm binary to smithi029
2024-04-22T22:38:17.510 INFO:teuthology.orchestra.run.smithi029.stdout:/usr/bin/ceph: stdout Added host 'smithi029' with addr '172.21.15.29'
2024-04-22T22:38:17.510 INFO:teuthology.orchestra.run.smithi029.stdout:/usr/bin/ceph: stderr
2024-04-22T22:38:14.790+0000 7fedee705700 1 Processor -- start
2024-04-22T22:38:17.510 INFO:teuthology.orchestra.run.smithi029.stdout:/usr/bin/ceph: stderr
2024-04-22T22:38:14.790+0000 7fedee705700 1 -- start start
2024-04-22T22:38:17.511 INFO:teuthology.orchestra.run.smithi029.stdout:/usr/bin/ceph: stderr
2024-04-22T22:38:14.790+0000 7fedee705700 1 --2- >> [v2:172.21.15.29:3300/0,v1:172.21.15.29:6789/0] conn(0x7fede8071280 0x7fede8107980 unknown :-1 s=NONE pgs=0 cs=0 l=0 rev1=0 crypto rx=0 tx=0 comp rx=0 tx=0).connect
2024-04-22T22:38:17.511 INFO:teuthology.orchestra.run.smithi029.stdout:/usr/bin/ceph: stderr
2024-04-22T22:38:14.790+0000 7fedee705700 1 -- --> [v2:172.21.15.29:3300/0,v1:172.21.15.29:6789/0] -- mon_getmap magic: 0 v1 -- 0x7fede8071690 con 0x7fede8071280
2024-04-22T22:38:17.511 INFO:teuthology.orchestra.run.smithi029.stdout:/usr/bin/ceph: stderr
2024-04-22T22:38:14.790+0000 7fede7fff700 1 --2- >> [v2:172.21.15.29:3300/0,v1:172.21.15.29:6789/0] conn(0x7fede8071280 0x7fede8107980 unknown :-1 s=BANNER_CONNECTING pgs=0 cs=0 l=0 rev1=0 crypto rx=0 tx=0 comp rx=0 tx=0)._handle_peer_banner_payload supported=3 required=0
2024-04-22T22:38:17.511 INFO:teuthology.orchestra.run.smithi029.stdout:/usr/bin/ceph: stderr
2024-04-22T22:38:14.790+0000 7fede7fff700 1 --2- >> [v2:172.21.15.29:3300/0,v1:172.21.15.29:6789/0] conn(0x7fede8071280 0x7fede8107980 unknown :-1 s=HELLO_CONNECTING pgs=0 cs=0 l=0 rev1=1 crypto rx=0 tx=0 comp rx=0 tx=0).handle_hello peer v2:172.21.15.29:3300/0 says I am v2:172.21.15.29:40012/0 (socket says 172.21.15.29:40012)
2024-04-22T22:38:17.511 INFO:teuthology.orchestra.run.smithi029.stdout:/usr/bin/ceph: stderr
2024-04-22T22:38:14.790+0000 7fede7fff700 1 -- 172.21.15.29:0/3682560335 learned_addr learned my addr 172.21.15.29:0/3682560335 (peer_addr_for_me v2:172.21.15.29:0/0)
2024-04-22T22:38:17.511 INFO:teuthology.orchestra.run.smithi029.stdout:/usr/bin/ceph: stderr
2024-04-22T22:38:14.791+0000 7fede7fff700 1 -- 172.21.15.29:0/3682560335 --> [v2:172.21.15.29:3300/0,v1:172.21.15.29:6789/0] -- mon_subscribe({config=0+,monmap=0+}) v3 -- 0x7fede8103370 con 0x7fede8071280
2024-04-22T22:38:17.511 INFO:teuthology.orchestra.run.smithi029.stdout:/usr/bin/ceph: stderr
2024-04-22T22:38:14.791+0000 7fede7fff700 1 --2- 172.21.15.29:0/3682560335 >> [v2:172.21.15.29:3300/0,v1:172.21.15.29:6789/0] conn(0x7fede8071280 0x7fede8107980 secure :-1 s=READY pgs=45 cs=0 l=1 rev1=1 crypto rx=0x7fedd80098e0 tx=0x7fedd8009250 comp rx=0 tx=0).ready entity=mon.0 client_cookie=95268521534504b8 server_cookie=0 in_seq=0 out_seq=0
2024-04-22T22:38:17.511 INFO:teuthology.orchestra.run.smithi029.stdout:/usr/bin/ceph: stderr
2024-04-22T22:38:14.791+0000 7fede6ffd700 1 -- 172.21.15.29:0/3682560335 <== mon.0 v2:172.21.15.29:3300/0 1 ==== mon_map magic: 0 v1 ==== 229+0+0 (secure 0 0 0) 0x7fedd800b860 con 0x7fede8071280
2024-04-22T22:38:17.511 INFO:teuthology.orchestra.run.smithi029.stdout:/usr/bin/ceph: stderr
2024-04-22T22:38:14.791+0000 7fede6ffd700 1 -- 172.21.15.29:0/3682560335 <== mon.0 v2:172.21.15.29:3300/0 2 ==== config(27 keys) v1 ==== 1044+0+0 (secure 0 0 0) 0x7fedd800be50 con 0x7fede8071280
2024-04-22T22:38:17.511 INFO:teuthology.orchestra.run.smithi029.stdout:/usr/bin/ceph: stderr
2024-04-22T22:38:14.791+0000 7fede6ffd700 1 -- 172.21.15.29:0/3682560335 <== mon.0 v2:172.21.15.29:3300/0 3 ==== mon_map magic: 0 v1 ==== 229+0+0 (secure 0 0 0) 0x7fedd8010380 con 0x7fede8071280
2024-04-22T22:38:17.511 INFO:teuthology.orchestra.run.smithi029.stdout:/usr/bin/ceph: stderr
2024-04-22T22:38:14.791+0000 7fedee705700 1 -- 172.21.15.29:0/3682560335 >> [v2:172.21.15.29:3300/0,v1:172.21.15.29:6789/0] conn(0x7fede8071280 msgr2=0x7fede8107980 secure :-1 s=STATE_CONNECTION_ESTABLISHED l=1).mark_down
2024-04-22T22:38:17.511 INFO:teuthology.orchestra.run.smithi029.stdout:/usr/bin/ceph: stderr
2024-04-22T22:38:14.791+0000 7fedee705700 1 --2- 172.21.15.29:0/3682560335 >> [v2:172.21.15.29:3300/0,v1:172.21.15.29:6789/0] conn(0x7fede8071280 0x7fede8107980 secure :-1 s=READY pgs=45 cs=0 l=1 rev1=1 crypto rx=0x7fedd80098e0 tx=0x7fedd8009250 comp rx=0 tx=0).stop
2024-04-22T22:38:17.511 INFO:teuthology.orchestra.run.smithi029.stdout:/usr/bin/ceph: stderr
2024-04-22T22:38:14.792+0000 7fedee705700 1 -- 172.21.15.29:0/3682560335 shutdown_connections
2024-04-22T22:38:17.511 INFO:teuthology.orchestra.run.smithi029.stdout:/usr/bin/ceph: stderr
2024-04-22T22:38:14.792+0000 7fedee705700 1 --2- 172.21.15.29:0/3682560335 >> [v2:172.21.15.29:3300/0,v1:172.21.15.29:6789/0] conn(0x7fede8071280 0x7fede8107980 unknown :-1 s=CLOSED pgs=45 cs=0 l=1 rev1=1 crypto rx=0 tx=0 comp rx=0 tx=0).stop
2024-04-22T22:38:17.511 INFO:teuthology.orchestra.run.smithi029.stdout:/usr/bin/ceph: stderr
2024-04-22T22:38:14.792+0000 7fedee705700 1 -- 172.21.15.29:0/3682560335 >> 172.21.15.29:0/3682560335 conn(0x7fede80fcfb0 msgr2=0x7fede80ff3c0 unknown :-1 s=STATE_NONE l=0).mark_down
2024-04-22T22:38:17.512 INFO:teuthology.orchestra.run.smithi029.stdout:/usr/bin/ceph: stderr
2024-04-22T22:38:14.792+0000 7fedee705700 1 -- 172.21.15.29:0/3682560335 shutdown_connections
2024-04-22T22:38:17.512 INFO:teuthology.orchestra.run.smithi029.stdout:/usr/bin/ceph: stderr
2024-04-22T22:38:14.792+0000 7fedee705700 1 -- 172.21.15.29:0/3682560335 wait complete.
2024-04-22T22:38:17.512 INFO:teuthology.orchestra.run.smithi029.stdout:/usr/bin/ceph: stderr
2024-04-22T22:38:14.792+0000 7fedee705700 1 Processor -- start
2024-04-22T22:38:17.512 INFO:teuthology.orchestra.run.smithi029.stdout:/usr/bin/ceph: stderr
2024-04-22T22:38:14.792+0000 7fedee705700 1 -- start start
2024-04-22T22:38:17.512 INFO:teuthology.orchestra.run.smithi029.stdout:/usr/bin/ceph: stderr
2024-04-22T22:38:14.793+0000 7fedee705700 1 --2- >> [v2:172.21.15.29:3300/0,v1:172.21.15.29:6789/0] conn(0x7fede8071280 0x7fede8113910 unknown :-1 s=NONE pgs=0 cs=0 l=1 rev1=0 crypto rx=0 tx=0 comp rx=0 tx=0).connect
2024-04-22T22:38:17.512 INFO:teuthology.orchestra.run.smithi029.stdout:/usr/bin/ceph: stderr
2024-04-22T22:38:14.793+0000 7fedee705700 1 -- --> [v2:172.21.15.29:3300/0,v1:172.21.15.29:6789/0] -- mon_getmap magic: 0 v1 -- 0x7fede8113e50 con 0x7fede8071280
2024-04-22T22:38:17.512 INFO:teuthology.orchestra.run.smithi029.stdout:/usr/bin/ceph: stderr
2024-04-22T22:38:14.793+0000 7fede7fff700 1 --2- >> [v2:172.21.15.29:3300/0,v1:172.21.15.29:6789/0] conn(0x7fede8071280 0x7fede8113910 unknown :-1 s=BANNER_CONNECTING pgs=0 cs=0 l=1 rev1=0 crypto rx=0 tx=0 comp rx=0 tx=0)._handle_peer_banner_payload supported=3 required=0
2024-04-22T22:38:17.512 INFO:teuthology.orchestra.run.smithi029.stdout:/usr/bin/ceph: stderr
2024-04-22T22:38:14.793+0000 7fede7fff700 1 --2- >> [v2:172.21.15.29:3300/0,v1:172.21.15.29:6789/0] conn(0x7fede8071280 0x7fede8113910 unknown :-1 s=HELLO_CONNECTING pgs=0 cs=0 l=1 rev1=1 crypto rx=0 tx=0 comp rx=0 tx=0).handle_hello peer v2:172.21.15.29:3300/0 says I am v2:172.21.15.29:40014/0 (socket says 172.21.15.29:40014)
2024-04-22T22:38:17.512 INFO:teuthology.orchestra.run.smithi029.stdout:/usr/bin/ceph: stderr
2024-04-22T22:38:14.793+0000 7fede7fff700 1 -- 172.21.15.29:0/302982549 learned_addr learned my addr 172.21.15.29:0/302982549 (peer_addr_for_me v2:172.21.15.29:0/0)
2024-04-22T22:38:17.512 INFO:teuthology.orchestra.run.smithi029.stdout:/usr/bin/ceph: stderr
2024-04-22T22:38:14.793+0000 7fede7fff700 1 -- 172.21.15.29:0/302982549 --> [v2:172.21.15.29:3300/0,v1:172.21.15.29:6789/0] -- mon_subscribe({config=0+,monmap=0+}) v3 -- 0x7fedd80094f0 con 0x7fede8071280
2024-04-22T22:38:17.512 INFO:teuthology.orchestra.run.smithi029.stdout:/usr/bin/ceph: stderr
2024-04-22T22:38:14.793+0000 7fede7fff700 1 --2- 172.21.15.29:0/302982549 >> [v2:172.21.15.29:3300/0,v1:172.21.15.29:6789/0] conn(0x7fede8071280 0x7fede8113910 secure :-1 s=READY pgs=46 cs=0 l=1 rev1=1 crypto rx=0x7fedd8011bd0 tx=0x7fedd8009250 comp rx=0 tx=0).ready entity=mon.0 client_cookie=0 server_cookie=0 in_seq=0 out_seq=0
2024-04-22T22:38:17.512 INFO:teuthology.orchestra.run.smithi029.stdout:/usr/bin/ceph: stderr
2024-04-22T22:38:14.793+0000 7fede4ff9700 1 -- 172.21.15.29:0/302982549 <== mon.0 v2:172.21.15.29:3300/0 1 ==== mon_map magic: 0 v1 ==== 229+0+0 (secure 0 0 0) 0x7fedd80107c0 con 0x7fede8071280
2024-04-22T22:38:17.512 INFO:teuthology.orchestra.run.smithi029.stdout:/usr/bin/ceph: stderr
2024-04-22T22:38:14.793+0000 7fede4ff9700 1 -- 172.21.15.29:0/302982549 <== mon.0 v2:172.21.15.29:3300/0 2 ==== config(27 keys) v1 ==== 1044+0+0 (secure 0 0 0) 0x7fedd8010db0 con 0x7fede8071280
2024-04-22T22:38:17.512 INFO:teuthology.orchestra.run.smithi029.stdout:/usr/bin/ceph: stderr
2024-04-22T22:38:14.793+0000 7fedee705700 1 -- 172.21.15.29:0/302982549 --> [v2:172.21.15.29:3300/0,v1:172.21.15.29:6789/0] -- mon_subscribe({mgrmap=0+}) v3 -- 0x7fede81140b0 con 0x7fede8071280
2024-04-22T22:38:17.512 INFO:teuthology.orchestra.run.smithi029.stdout:/usr/bin/ceph: stderr
2024-04-22T22:38:14.793+0000 7fede4ff9700 1 -- 172.21.15.29:0/302982549 <== mon.0 v2:172.21.15.29:3300/0 3 ==== mon_map magic: 0 v1 ==== 229+0+0 (secure 0 0 0) 0x7fedd801ad60 con 0x7fede8071280
2024-04-22T22:38:17.513 INFO:teuthology.orchestra.run.smithi029.stdout:/usr/bin/ceph: stderr
2024-04-22T22:38:14.793+0000 7fedee705700 1 -- 172.21.15.29:0/302982549 --> [v2:172.21.15.29:3300/0,v1:172.21.15.29:6789/0] -- mon_subscribe({osdmap=0}) v3 -- 0x7fede8114bc0 con 0x7fede8071280
2024-04-22T22:38:17.513 INFO:teuthology.orchestra.run.smithi029.stdout:/usr/bin/ceph: stderr
2024-04-22T22:38:14.794+0000 7fede4ff9700 1 -- 172.21.15.29:0/302982549 <== mon.0 v2:172.21.15.29:3300/0 4 ==== mgrmap(e 8) v1 ==== 43376+0+0 (secure 0 0 0) 0x7fedd802e440 con 0x7fede8071280
2024-04-22T22:38:17.513 INFO:teuthology.orchestra.run.smithi029.stdout:/usr/bin/ceph: stderr
2024-04-22T22:38:14.794+0000 7fede4ff9700 1 --2- 172.21.15.29:0/302982549 >> [v2:172.21.15.29:6800/1432235869,v1:172.21.15.29:6801/1432235869] conn(0x7fedd0036790 0x7fedd0038c40 unknown :-1 s=NONE pgs=0 cs=0 l=1 rev1=0 crypto rx=0 tx=0 comp rx=0 tx=0).connect
2024-04-22T22:38:17.513 INFO:teuthology.orchestra.run.smithi029.stdout:/usr/bin/ceph: stderr
2024-04-22T22:38:14.794+0000 7fede4ff9700 1 -- 172.21.15.29:0/302982549 <== mon.0 v2:172.21.15.29:3300/0 5 ==== osd_map(2..2 src has 1..2) v4 ==== 936+0+0 (secure 0 0 0) 0x7fedd804abc0 con 0x7fede8071280
2024-04-22T22:38:17.513 INFO:teuthology.orchestra.run.smithi029.stdout:/usr/bin/ceph: stderr
2024-04-22T22:38:14.795+0000 7fede77fe700 1 --2- 172.21.15.29:0/302982549 >> [v2:172.21.15.29:6800/1432235869,v1:172.21.15.29:6801/1432235869] conn(0x7fedd0036790 0x7fedd0038c40 unknown :-1 s=BANNER_CONNECTING pgs=0 cs=0 l=1 rev1=0 crypto rx=0 tx=0 comp rx=0 tx=0)._handle_peer_banner_payload supported=3 required=0
2024-04-22T22:38:17.513 INFO:teuthology.orchestra.run.smithi029.stdout:/usr/bin/ceph: stderr
2024-04-22T22:38:14.795+0000 7fedee705700 1 -- 172.21.15.29:0/302982549 --> [v2:172.21.15.29:3300/0,v1:172.21.15.29:6789/0] -- mon_command({"prefix": "get_command_descriptions"} v 0) v1 -- 0x7fede805f5f0 con 0x7fede8071280
2024-04-22T22:38:17.513 INFO:teuthology.orchestra.run.smithi029.stdout:/usr/bin/ceph: stderr
2024-04-22T22:38:14.795+0000 7fede77fe700 1 --2- 172.21.15.29:0/302982549 >> [v2:172.21.15.29:6800/1432235869,v1:172.21.15.29:6801/1432235869] conn(0x7fedd0036790 0x7fedd0038c40 secure :-1 s=READY pgs=11 cs=0 l=1 rev1=1 crypto rx=0x7feddc009990 tx=0x7feddc006e40 comp rx=0 tx=0).ready entity=mgr.14120 client_cookie=0 server_cookie=0 in_seq=0 out_seq=0
2024-04-22T22:38:17.513 INFO:teuthology.orchestra.run.smithi029.stdout:/usr/bin/ceph: stderr
2024-04-22T22:38:14.800+0000 7fede4ff9700 1 -- 172.21.15.29:0/302982549 <== mon.0 v2:172.21.15.29:3300/0 6 ==== mon_command_ack([{"prefix": "get_command_descriptions"}]=0 v0) v1 ==== 72+0+176702 (secure 0 0 0) 0x7fedd80243f0 con 0x7fede8071280
2024-04-22T22:38:17.513 INFO:teuthology.orchestra.run.smithi029.stdout:/usr/bin/ceph: stderr
2024-04-22T22:38:14.998+0000 7fedee705700 1 -- 172.21.15.29:0/302982549 --> [v2:172.21.15.29:6800/1432235869,v1:172.21.15.29:6801/1432235869] -- mgr_command(tid 0: {"prefix": "orch host add", "hostname": "smithi029", "addr": "172.21.15.29", "target": ["mon-mgr", ""]}) v1 -- 0x7fede80fe3f0 con 0x7fedd0036790
2024-04-22T22:38:17.513 INFO:teuthology.orchestra.run.smithi029.stdout:/usr/bin/ceph: stderr
2024-04-22T22:38:16.884+0000 7fede4ff9700 1 -- 172.21.15.29:0/302982549 <== mgr.14120 v2:172.21.15.29:6800/1432235869 1 ==== mgr_command_reply(tid 0: 0 ) v1 ==== 8+0+48 (secure 0 0 0) 0x7fede80fe3f0 con 0x7fedd0036790
2024-04-22T22:38:17.513 INFO:teuthology.orchestra.run.smithi029.stdout:/usr/bin/ceph: stderr
2024-04-22T22:38:16.887+0000 7fedee705700 1 -- 172.21.15.29:0/302982549 >> [v2:172.21.15.29:6800/1432235869,v1:172.21.15.29:6801/1432235869] conn(0x7fedd0036790 msgr2=0x7fedd0038c40 secure :-1 s=STATE_CONNECTION_ESTABLISHED l=1).mark_down
2024-04-22T22:38:17.513 INFO:teuthology.orchestra.run.smithi029.stdout:/usr/bin/ceph: stderr
2024-04-22T22:38:16.887+0000 7fedee705700 1 --2- 172.21.15.29:0/302982549 >> [v2:172.21.15.29:6800/1432235869,v1:172.21.15.29:6801/1432235869] conn(0x7fedd0036790 0x7fedd0038c40 secure :-1 s=READY pgs=11 cs=0 l=1 rev1=1 crypto rx=0x7feddc009990 tx=0x7feddc006e40 comp rx=0 tx=0).stop
2024-04-22T22:38:17.513 INFO:teuthology.orchestra.run.smithi029.stdout:/usr/bin/ceph: stderr
2024-04-22T22:38:16.887+0000 7fedee705700 1 -- 172.21.15.29:0/302982549 >> [v2:172.21.15.29:3300/0,v1:172.21.15.29:6789/0] conn(0x7fede8071280 msgr2=0x7fede8113910 secure :-1 s=STATE_CONNECTION_ESTABLISHED l=1).mark_down
2024-04-22T22:38:17.513 INFO:teuthology.orchestra.run.smithi029.stdout:/usr/bin/ceph: stderr
2024-04-22T22:38:16.887+0000 7fedee705700 1 --2- 172.21.15.29:0/302982549 >> [v2:172.21.15.29:3300/0,v1:172.21.15.29:6789/0] conn(0x7fede8071280 0x7fede8113910 secure :-1 s=READY pgs=46 cs=0 l=1 rev1=1 crypto rx=0x7fedd8011bd0 tx=0x7fedd8009250 comp rx=0 tx=0).stop
2024-04-22T22:38:17.513 INFO:teuthology.orchestra.run.smithi029.stdout:/usr/bin/ceph: stderr
2024-04-22T22:38:16.887+0000 7fedee705700 1 -- 172.21.15.29:0/302982549 shutdown_connections
2024-04-22T22:38:17.513 INFO:teuthology.orchestra.run.smithi029.stdout:/usr/bin/ceph: stderr
2024-04-22T22:38:16.887+0000 7fedee705700 1 --2- 172.21.15.29:0/302982549 >> [v2:172.21.15.29:6800/1432235869,v1:172.21.15.29:6801/1432235869] conn(0x7fedd0036790 0x7fedd0038c40 unknown :-1 s=CLOSED pgs=11 cs=0 l=1 rev1=1 crypto rx=0 tx=0 comp rx=0 tx=0).stop
2024-04-22T22:38:17.514 INFO:teuthology.orchestra.run.smithi029.stdout:/usr/bin/ceph: stderr
2024-04-22T22:38:16.887+0000 7fedee705700 1 --2- 172.21.15.29:0/302982549 >> [v2:172.21.15.29:3300/0,v1:172.21.15.29:6789/0] conn(0x7fede8071280 0x7fede8113910 unknown :-1 s=CLOSED pgs=46 cs=0 l=1 rev1=1 crypto rx=0 tx=0 comp rx=0 tx=0).stop
2024-04-22T22:38:17.514 INFO:teuthology.orchestra.run.smithi029.stdout:/usr/bin/ceph: stderr
2024-04-22T22:38:16.887+0000 7fedee705700 1 -- 172.21.15.29:0/302982549 >> 172.21.15.29:0/302982549 conn(0x7fede80fcfb0 msgr2=0x7fede80fdc20 unknown :-1 s=STATE_NONE l=0).mark_down
2024-04-22T22:38:17.514 INFO:teuthology.orchestra.run.smithi029.stdout:/usr/bin/ceph: stderr
2024-04-22T22:38:16.887+0000 7fedee705700 1 -- 172.21.15.29:0/302982549 shutdown_connections
2024-04-22T22:38:17.514 INFO:teuthology.orchestra.run.smithi029.stdout:/usr/bin/ceph: stderr
2024-04-22T22:38:16.887+0000 7fedee705700 1 -- 172.21.15.29:0/302982549 wait complete.
2024-04-22T22:38:17.514 INFO:teuthology.orchestra.run.smithi029.stdout:Deploying mon service with default placement...
2024-04-22T22:38:18.175 INFO:journalctl@ceph.mon.smithi029.smithi029.stdout:Apr 22 22:38:17 smithi029 ceph-mon[26515]: from='mgr.14120 172.21.15.29:0/480558842' entity='mgr.smithi029.foymum'
2024-04-22T22:38:18.175 INFO:journalctl@ceph.mon.smithi029.smithi029.stdout:Apr 22 22:38:17 smithi029 ceph-mon[26515]: Added host smithi029
2024-04-22T22:38:18.175 INFO:journalctl@ceph.mon.smithi029.smithi029.stdout:Apr 22 22:38:17 smithi029 ceph-mon[26515]: from='mgr.14120 172.21.15.29:0/480558842' entity='mgr.smithi029.foymum' cmd=[{"prefix": "config dump", "format": "json"}]: dispatch
2024-04-22T22:38:18.999 INFO:teuthology.orchestra.run.smithi029.stdout:/usr/bin/ceph: stdout Scheduled mon update...
2024-04-22T22:38:18.999 INFO:teuthology.orchestra.run.smithi029.stdout:/usr/bin/ceph: stderr
2024-04-22T22:38:17.935+0000 7ff2d0a3f700 1 Processor -- start
2024-04-22T22:38:18.999 INFO:teuthology.orchestra.run.smithi029.stdout:/usr/bin/ceph: stderr
2024-04-22T22:38:17.935+0000 7ff2d0a3f700 1 -- start start
2024-04-22T22:38:18.999 INFO:teuthology.orchestra.run.smithi029.stdout:/usr/bin/ceph: stderr
2024-04-22T22:38:17.935+0000 7ff2d0a3f700 1 --2- >> [v2:172.21.15.29:3300/0,v1:172.21.15.29:6789/0] conn(0x7ff2cc076b00 0x7ff2cc105590 unknown :-1 s=NONE pgs=0 cs=0 l=0 rev1=0 crypto rx=0 tx=0 comp rx=0 tx=0).connect
2024-04-22T22:38:18.999 INFO:teuthology.orchestra.run.smithi029.stdout:/usr/bin/ceph: stderr
2024-04-22T22:38:17.935+0000 7ff2d0a3f700 1 -- --> [v2:172.21.15.29:3300/0,v1:172.21.15.29:6789/0] -- mon_getmap magic: 0 v1 -- 0x7ff2cc076f10 con 0x7ff2cc076b00
2024-04-22T22:38:18.999 INFO:teuthology.orchestra.run.smithi029.stdout:/usr/bin/ceph: stderr
2024-04-22T22:38:17.936+0000 7ff2ca59c700 1 --2- >> [v2:172.21.15.29:3300/0,v1:172.21.15.29:6789/0] conn(0x7ff2cc076b00 0x7ff2cc105590 unknown :-1 s=BANNER_CONNECTING pgs=0 cs=0 l=0 rev1=0 crypto rx=0 tx=0 comp rx=0 tx=0)._handle_peer_banner_payload supported=3 required=0
2024-04-22T22:38:18.999 INFO:teuthology.orchestra.run.smithi029.stdout:/usr/bin/ceph: stderr
2024-04-22T22:38:17.936+0000 7ff2ca59c700 1 --2- >> [v2:172.21.15.29:3300/0,v1:172.21.15.29:6789/0] conn(0x7ff2cc076b00 0x7ff2cc105590 unknown :-1 s=HELLO_CONNECTING pgs=0 cs=0 l=0 rev1=1 crypto rx=0 tx=0 comp rx=0 tx=0).handle_hello peer v2:172.21.15.29:3300/0 says I am v2:172.21.15.29:58308/0 (socket says 172.21.15.29:58308)
2024-04-22T22:38:18.999 INFO:teuthology.orchestra.run.smithi029.stdout:/usr/bin/ceph: stderr
2024-04-22T22:38:17.936+0000 7ff2ca59c700 1 -- 172.21.15.29:0/3316024999 learned_addr learned my addr 172.21.15.29:0/3316024999 (peer_addr_for_me v2:172.21.15.29:0/0)
2024-04-22T22:38:18.999 INFO:teuthology.orchestra.run.smithi029.stdout:/usr/bin/ceph: stderr
2024-04-22T22:38:17.936+0000 7ff2ca59c700 1 -- 172.21.15.29:0/3316024999 --> [v2:172.21.15.29:3300/0,v1:172.21.15.29:6789/0] -- mon_subscribe({config=0+,monmap=0+}) v3 -- 0x7ff2cc105ad0 con 0x7ff2cc076b00
2024-04-22T22:38:18.999 INFO:teuthology.orchestra.run.smithi029.stdout:/usr/bin/ceph: stderr
2024-04-22T22:38:17.936+0000 7ff2ca59c700 1 --2- 172.21.15.29:0/3316024999 >> [v2:172.21.15.29:3300/0,v1:172.21.15.29:6789/0] conn(0x7ff2cc076b00 0x7ff2cc105590 secure :-1 s=READY pgs=47 cs=0 l=1 rev1=1 crypto rx=0x7ff2bc009e50 tx=0x7ff2bc009840 comp rx=0 tx=0).ready entity=mon.0 client_cookie=5fbccad5c85f8ca9 server_cookie=0 in_seq=0 out_seq=0
2024-04-22T22:38:19.000 INFO:teuthology.orchestra.run.smithi029.stdout:/usr/bin/ceph: stderr
2024-04-22T22:38:17.936+0000 7ff2c959a700 1 -- 172.21.15.29:0/3316024999 <== mon.0 v2:172.21.15.29:3300/0 1 ==== mon_map magic: 0 v1 ==== 229+0+0 (secure 0 0 0) 0x7ff2bc0092e0 con 0x7ff2cc076b00
2024-04-22T22:38:19.000 INFO:teuthology.orchestra.run.smithi029.stdout:/usr/bin/ceph: stderr
2024-04-22T22:38:17.936+0000 7ff2c959a700 1 -- 172.21.15.29:0/3316024999 <== mon.0 v2:172.21.15.29:3300/0 2 ==== config(27 keys) v1 ==== 1044+0+0 (secure 0 0 0) 0x7ff2bc012430 con 0x7ff2cc076b00
2024-04-22T22:38:19.000 INFO:teuthology.orchestra.run.smithi029.stdout:/usr/bin/ceph: stderr
2024-04-22T22:38:17.936+0000 7ff2c959a700 1 -- 172.21.15.29:0/3316024999 <== mon.0 v2:172.21.15.29:3300/0 3 ==== mon_map magic: 0 v1 ==== 229+0+0 (secure 0 0 0) 0x7ff2bc0075c0 con 0x7ff2cc076b00
2024-04-22T22:38:19.000 INFO:teuthology.orchestra.run.smithi029.stdout:/usr/bin/ceph: stderr
2024-04-22T22:38:17.937+0000 7ff2d0a3f700 1 -- 172.21.15.29:0/3316024999 >> [v2:172.21.15.29:3300/0,v1:172.21.15.29:6789/0] conn(0x7ff2cc076b00 msgr2=0x7ff2cc105590 secure :-1 s=STATE_CONNECTION_ESTABLISHED l=1).mark_down
2024-04-22T22:38:19.000 INFO:teuthology.orchestra.run.smithi029.stdout:/usr/bin/ceph: stderr
2024-04-22T22:38:17.937+0000 7ff2d0a3f700 1 --2- 172.21.15.29:0/3316024999 >> [v2:172.21.15.29:3300/0,v1:172.21.15.29:6789/0] conn(0x7ff2cc076b00 0x7ff2cc105590 secure :-1 s=READY pgs=47 cs=0 l=1 rev1=1 crypto rx=0x7ff2bc009e50 tx=0x7ff2bc009840 comp rx=0 tx=0).stop
2024-04-22T22:38:19.000 INFO:teuthology.orchestra.run.smithi029.stdout:/usr/bin/ceph: stderr
2024-04-22T22:38:17.937+0000 7ff2d0a3f700 1 -- 172.21.15.29:0/3316024999 shutdown_connections
2024-04-22T22:38:19.000 INFO:teuthology.orchestra.run.smithi029.stdout:/usr/bin/ceph: stderr
2024-04-22T22:38:17.937+0000 7ff2d0a3f700 1 --2- 172.21.15.29:0/3316024999 >> [v2:172.21.15.29:3300/0,v1:172.21.15.29:6789/0] conn(0x7ff2cc076b00 0x7ff2cc105590 unknown :-1 s=CLOSED pgs=47 cs=0 l=1 rev1=1 crypto rx=0 tx=0 comp rx=0 tx=0).stop
2024-04-22T22:38:19.000 INFO:teuthology.orchestra.run.smithi029.stdout:/usr/bin/ceph: stderr
2024-04-22T22:38:17.937+0000 7ff2d0a3f700 1 -- 172.21.15.29:0/3316024999 >> 172.21.15.29:0/3316024999 conn(0x7ff2cc0fd040 msgr2=0x7ff2cc0ff450 unknown :-1 s=STATE_NONE l=0).mark_down
2024-04-22T22:38:19.000 INFO:teuthology.orchestra.run.smithi029.stdout:/usr/bin/ceph: stderr
2024-04-22T22:38:17.937+0000 7ff2d0a3f700 1 -- 172.21.15.29:0/3316024999 shutdown_connections
2024-04-22T22:38:19.000 INFO:teuthology.orchestra.run.smithi029.stdout:/usr/bin/ceph: stderr
2024-04-22T22:38:17.937+0000 7ff2d0a3f700 1 -- 172.21.15.29:0/3316024999 wait complete.
2024-04-22T22:38:19.000 INFO:teuthology.orchestra.run.smithi029.stdout:/usr/bin/ceph: stderr
2024-04-22T22:38:17.937+0000 7ff2d0a3f700 1 Processor -- start
2024-04-22T22:38:19.000 INFO:teuthology.orchestra.run.smithi029.stdout:/usr/bin/ceph: stderr
2024-04-22T22:38:17.937+0000 7ff2d0a3f700 1 -- start start
2024-04-22T22:38:19.000 INFO:teuthology.orchestra.run.smithi029.stdout:/usr/bin/ceph: stderr
2024-04-22T22:38:17.937+0000 7ff2d0a3f700 1 --2- >> [v2:172.21.15.29:3300/0,v1:172.21.15.29:6789/0] conn(0x7ff2cc076b00 0x7ff2cc111700 unknown :-1 s=NONE pgs=0 cs=0 l=1 rev1=0 crypto rx=0 tx=0 comp rx=0 tx=0).connect
2024-04-22T22:38:19.000 INFO:teuthology.orchestra.run.smithi029.stdout:/usr/bin/ceph: stderr
2024-04-22T22:38:17.937+0000 7ff2d0a3f700 1 -- --> [v2:172.21.15.29:3300/0,v1:172.21.15.29:6789/0] -- mon_getmap magic: 0 v1 -- 0x7ff2cc111c40 con 0x7ff2cc076b00
2024-04-22T22:38:19.000 INFO:teuthology.orchestra.run.smithi029.stdout:/usr/bin/ceph: stderr
2024-04-22T22:38:17.937+0000 7ff2ca59c700 1 --2- >> [v2:172.21.15.29:3300/0,v1:172.21.15.29:6789/0] conn(0x7ff2cc076b00 0x7ff2cc111700 unknown :-1 s=BANNER_CONNECTING pgs=0 cs=0 l=1 rev1=0 crypto rx=0 tx=0 comp rx=0 tx=0)._handle_peer_banner_payload supported=3 required=0
2024-04-22T22:38:19.001 INFO:teuthology.orchestra.run.smithi029.stdout:/usr/bin/ceph: stderr
2024-04-22T22:38:17.937+0000 7ff2ca59c700 1 --2- >> [v2:172.21.15.29:3300/0,v1:172.21.15.29:6789/0] conn(0x7ff2cc076b00 0x7ff2cc111700 unknown :-1 s=HELLO_CONNECTING pgs=0 cs=0 l=1 rev1=1 crypto rx=0 tx=0 comp rx=0 tx=0).handle_hello peer v2:172.21.15.29:3300/0 says I am v2:172.21.15.29:58320/0 (socket says 172.21.15.29:58320)
2024-04-22T22:38:19.001 INFO:teuthology.orchestra.run.smithi029.stdout:/usr/bin/ceph: stderr
2024-04-22T22:38:17.937+0000 7ff2ca59c700 1 -- 172.21.15.29:0/1103193176 learned_addr learned my addr 172.21.15.29:0/1103193176 (peer_addr_for_me v2:172.21.15.29:0/0)
2024-04-22T22:38:19.001 INFO:teuthology.orchestra.run.smithi029.stdout:/usr/bin/ceph: stderr
2024-04-22T22:38:17.938+0000 7ff2ca59c700 1 -- 172.21.15.29:0/1103193176 --> [v2:172.21.15.29:3300/0,v1:172.21.15.29:6789/0] -- mon_subscribe({config=0+,monmap=0+}) v3 -- 0x7ff2bc009ae0 con 0x7ff2cc076b00
2024-04-22T22:38:19.001 INFO:teuthology.orchestra.run.smithi029.stdout:/usr/bin/ceph: stderr
2024-04-22T22:38:17.938+0000 7ff2ca59c700 1 --2- 172.21.15.29:0/1103193176 >> [v2:172.21.15.29:3300/0,v1:172.21.15.29:6789/0] conn(0x7ff2cc076b00 0x7ff2cc111700 secure :-1 s=READY pgs=48 cs=0 l=1 rev1=1 crypto rx=0x7ff2bc009fd0 tx=0x7ff2bc009840 comp rx=0 tx=0).ready entity=mon.0 client_cookie=0 server_cookie=0 in_seq=0 out_seq=0
2024-04-22T22:38:19.001 INFO:teuthology.orchestra.run.smithi029.stdout:/usr/bin/ceph: stderr
2024-04-22T22:38:17.938+0000 7ff2c2ffd700 1 -- 172.21.15.29:0/1103193176 <== mon.0 v2:172.21.15.29:3300/0 1 ==== mon_map magic: 0 v1 ==== 229+0+0 (secure 0 0 0) 0x7ff2bc0092e0 con 0x7ff2cc076b00
2024-04-22T22:38:19.001 INFO:teuthology.orchestra.run.smithi029.stdout:/usr/bin/ceph: stderr
2024-04-22T22:38:17.938+0000 7ff2c2ffd700 1 -- 172.21.15.29:0/1103193176 <== mon.0 v2:172.21.15.29:3300/0 2 ==== config(27 keys) v1 ==== 1044+0+0 (secure 0 0 0) 0x7ff2bc007d10 con 0x7ff2cc076b00
2024-04-22T22:38:19.001 INFO:teuthology.orchestra.run.smithi029.stdout:/usr/bin/ceph: stderr
2024-04-22T22:38:17.938+0000 7ff2d0a3f700 1 -- 172.21.15.29:0/1103193176 --> [v2:172.21.15.29:3300/0,v1:172.21.15.29:6789/0] -- mon_subscribe({mgrmap=0+}) v3 -- 0x7ff2cc111e40 con 0x7ff2cc076b00
2024-04-22T22:38:19.001 INFO:teuthology.orchestra.run.smithi029.stdout:/usr/bin/ceph: stderr
2024-04-22T22:38:17.938+0000 7ff2c2ffd700 1 -- 172.21.15.29:0/1103193176 <== mon.0 v2:172.21.15.29:3300/0 3 ==== mon_map magic: 0 v1 ==== 229+0+0 (secure 0 0 0) 0x7ff2bc01c930 con 0x7ff2cc076b00
2024-04-22T22:38:19.001 INFO:teuthology.orchestra.run.smithi029.stdout:/usr/bin/ceph: stderr
2024-04-22T22:38:17.938+0000 7ff2d0a3f700 1 -- 172.21.15.29:0/1103193176 --> [v2:172.21.15.29:3300/0,v1:172.21.15.29:6789/0] -- mon_subscribe({osdmap=0}) v3 -- 0x7ff2cc1129b0 con 0x7ff2cc076b00
2024-04-22T22:38:19.001 INFO:teuthology.orchestra.run.smithi029.stdout:/usr/bin/ceph: stderr
2024-04-22T22:38:17.939+0000 7ff2c2ffd700 1 -- 172.21.15.29:0/1103193176 <== mon.0 v2:172.21.15.29:3300/0 4 ==== mgrmap(e 8) v1 ==== 43376+0+0 (secure 0 0 0) 0x7ff2bc019070 con 0x7ff2cc076b00
2024-04-22T22:38:19.001 INFO:teuthology.orchestra.run.smithi029.stdout:/usr/bin/ceph: stderr
2024-04-22T22:38:17.939+0000 7ff2d0a3f700 1 -- 172.21.15.29:0/1103193176 --> [v2:172.21.15.29:3300/0,v1:172.21.15.29:6789/0] -- mon_command({"prefix": "get_command_descriptions"} v 0) v1 -- 0x7ff2cc05f5f0 con 0x7ff2cc076b00
2024-04-22T22:38:19.001 INFO:teuthology.orchestra.run.smithi029.stdout:/usr/bin/ceph: stderr
2024-04-22T22:38:17.939+0000 7ff2c2ffd700 1 --2- 172.21.15.29:0/1103193176 >> [v2:172.21.15.29:6800/1432235869,v1:172.21.15.29:6801/1432235869] conn(0x7ff2b8036790 0x7ff2b8038c40 unknown :-1 s=NONE pgs=0 cs=0 l=1 rev1=0 crypto rx=0 tx=0 comp rx=0 tx=0).connect
2024-04-22T22:38:19.001 INFO:teuthology.orchestra.run.smithi029.stdout:/usr/bin/ceph: stderr
2024-04-22T22:38:17.939+0000 7ff2c2ffd700 1 -- 172.21.15.29:0/1103193176 <== mon.0 v2:172.21.15.29:3300/0 5 ==== osd_map(2..2 src has 1..2) v4 ==== 936+0+0 (secure 0 0 0) 0x7ff2bc049fd0 con 0x7ff2cc076b00
2024-04-22T22:38:19.001 INFO:teuthology.orchestra.run.smithi029.stdout:/usr/bin/ceph: stderr
2024-04-22T22:38:17.939+0000 7ff2c9d9b700 1 --2- 172.21.15.29:0/1103193176 >> [v2:172.21.15.29:6800/1432235869,v1:172.21.15.29:6801/1432235869] conn(0x7ff2b8036790 0x7ff2b8038c40 unknown :-1 s=BANNER_CONNECTING pgs=0 cs=0 l=1 rev1=0 crypto rx=0 tx=0 comp rx=0 tx=0)._handle_peer_banner_payload supported=3 required=0
2024-04-22T22:38:19.001 INFO:teuthology.orchestra.run.smithi029.stdout:/usr/bin/ceph: stderr
2024-04-22T22:38:17.940+0000 7ff2c9d9b700 1 --2- 172.21.15.29:0/1103193176 >> [v2:172.21.15.29:6800/1432235869,v1:172.21.15.29:6801/1432235869] conn(0x7ff2b8036790 0x7ff2b8038c40 secure :-1 s=READY pgs=12 cs=0 l=1 rev1=1 crypto rx=0x7ff2b4009990 tx=0x7ff2b4006e40 comp rx=0 tx=0).ready entity=mgr.14120 client_cookie=0 server_cookie=0 in_seq=0 out_seq=0
2024-04-22T22:38:19.001 INFO:teuthology.orchestra.run.smithi029.stdout:/usr/bin/ceph: stderr
2024-04-22T22:38:17.944+0000 7ff2c2ffd700 1 -- 172.21.15.29:0/1103193176 <== mon.0 v2:172.21.15.29:3300/0 6 ==== mon_command_ack([{"prefix": "get_command_descriptions"}]=0 v0) v1 ==== 72+0+176702 (secure 0 0 0) 0x7ff2bc023b10 con 0x7ff2cc076b00
2024-04-22T22:38:19.002 INFO:teuthology.orchestra.run.smithi029.stdout:/usr/bin/ceph: stderr
2024-04-22T22:38:18.173+0000 7ff2d0a3f700 1 -- 172.21.15.29:0/1103193176 --> [v2:172.21.15.29:6800/1432235869,v1:172.21.15.29:6801/1432235869] -- mgr_command(tid 0: {"prefix": "orch apply", "service_type": "mon", "target": ["mon-mgr", ""]}) v1 -- 0x7ff2cc0fe3f0 con 0x7ff2b8036790
2024-04-22T22:38:19.002 INFO:teuthology.orchestra.run.smithi029.stdout:/usr/bin/ceph: stderr
2024-04-22T22:38:18.177+0000 7ff2c2ffd700 1 -- 172.21.15.29:0/1103193176 <== mgr.14120 v2:172.21.15.29:6800/1432235869 1 ==== mgr_command_reply(tid 0: 0 ) v1 ==== 8+0+24 (secure 0 0 0) 0x7ff2cc0fe3f0 con 0x7ff2b8036790
2024-04-22T22:38:19.002 INFO:teuthology.orchestra.run.smithi029.stdout:/usr/bin/ceph: stderr
2024-04-22T22:38:18.179+0000 7ff2d0a3f700 1 -- 172.21.15.29:0/1103193176 >> [v2:172.21.15.29:6800/1432235869,v1:172.21.15.29:6801/1432235869] conn(0x7ff2b8036790 msgr2=0x7ff2b8038c40 secure :-1 s=STATE_CONNECTION_ESTABLISHED l=1).mark_down
2024-04-22T22:38:19.002 INFO:teuthology.orchestra.run.smithi029.stdout:/usr/bin/ceph: stderr
2024-04-22T22:38:18.179+0000 7ff2d0a3f700 1 --2- 172.21.15.29:0/1103193176 >> [v2:172.21.15.29:6800/1432235869,v1:172.21.15.29:6801/1432235869] conn(0x7ff2b8036790 0x7ff2b8038c40 secure :-1 s=READY pgs=12 cs=0 l=1 rev1=1 crypto rx=0x7ff2b4009990 tx=0x7ff2b4006e40 comp rx=0 tx=0).stop
2024-04-22T22:38:19.002 INFO:teuthology.orchestra.run.smithi029.stdout:/usr/bin/ceph: stderr
2024-04-22T22:38:18.179+0000 7ff2d0a3f700 1 -- 172.21.15.29:0/1103193176 >> [v2:172.21.15.29:3300/0,v1:172.21.15.29:6789/0] conn(0x7ff2cc076b00 msgr2=0x7ff2cc111700 secure :-1 s=STATE_CONNECTION_ESTABLISHED l=1).mark_down
2024-04-22T22:38:19.002 INFO:teuthology.orchestra.run.smithi029.stdout:/usr/bin/ceph: stderr
2024-04-22T22:38:18.179+0000 7ff2d0a3f700 1 --2- 172.21.15.29:0/1103193176 >> [v2:172.21.15.29:3300/0,v1:172.21.15.29:6789/0] conn(0x7ff2cc076b00 0x7ff2cc111700 secure :-1 s=READY pgs=48 cs=0 l=1 rev1=1 crypto rx=0x7ff2bc009fd0 tx=0x7ff2bc009840 comp rx=0 tx=0).stop
2024-04-22T22:38:19.002 INFO:teuthology.orchestra.run.smithi029.stdout:/usr/bin/ceph: stderr
2024-04-22T22:38:18.179+0000 7ff2d0a3f700 1 -- 172.21.15.29:0/1103193176 shutdown_connections
2024-04-22T22:38:19.002 INFO:teuthology.orchestra.run.smithi029.stdout:/usr/bin/ceph: stderr
2024-04-22T22:38:18.179+0000 7ff2d0a3f700 1 --2- 172.21.15.29:0/1103193176 >> [v2:172.21.15.29:6800/1432235869,v1:172.21.15.29:6801/1432235869] conn(0x7ff2b8036790 0x7ff2b8038c40 unknown :-1 s=CLOSED pgs=12 cs=0 l=1 rev1=1 crypto rx=0 tx=0 comp rx=0 tx=0).stop
2024-04-22T22:38:19.002 INFO:teuthology.orchestra.run.smithi029.stdout:/usr/bin/ceph: stderr
2024-04-22T22:38:18.179+0000 7ff2d0a3f700 1 --2- 172.21.15.29:0/1103193176 >> [v2:172.21.15.29:3300/0,v1:172.21.15.29:6789/0] conn(0x7ff2cc076b00 0x7ff2cc111700 unknown :-1 s=CLOSED pgs=48 cs=0 l=1 rev1=1 crypto rx=0 tx=0 comp rx=0 tx=0).stop
2024-04-22T22:38:19.002 INFO:teuthology.orchestra.run.smithi029.stdout:/usr/bin/ceph: stderr
2024-04-22T22:38:18.179+0000 7ff2d0a3f700 1 -- 172.21.15.29:0/1103193176 >> 172.21.15.29:0/1103193176 conn(0x7ff2cc0fd040 msgr2=0x7ff2cc0fdc20 unknown :-1 s=STATE_NONE l=0).mark_down
2024-04-22T22:38:19.002 INFO:teuthology.orchestra.run.smithi029.stdout:/usr/bin/ceph: stderr
2024-04-22T22:38:18.179+0000 7ff2d0a3f700 1 -- 172.21.15.29:0/1103193176 shutdown_connections
2024-04-22T22:38:19.002 INFO:teuthology.orchestra.run.smithi029.stdout:/usr/bin/ceph: stderr
2024-04-22T22:38:18.179+0000 7ff2d0a3f700 1 -- 172.21.15.29:0/1103193176 wait complete.
2024-04-22T22:38:19.003 INFO:teuthology.orchestra.run.smithi029.stdout:Deploying mgr service with default placement...
2024-04-22T22:38:19.242 INFO:journalctl@ceph.mon.smithi029.smithi029.stdout:Apr 22 22:38:19 smithi029 ceph-mon[26515]: from='client.14142 -' entity='client.admin' cmd=[{"prefix": "orch apply", "service_type": "mon", "target": ["mon-mgr", ""]}]: dispatch
2024-04-22T22:38:19.242 INFO:journalctl@ceph.mon.smithi029.smithi029.stdout:Apr 22 22:38:19 smithi029 ceph-mon[26515]: Saving service mon spec with placement count:5
2024-04-22T22:38:19.242 INFO:journalctl@ceph.mon.smithi029.smithi029.stdout:Apr 22 22:38:19 smithi029 ceph-mon[26515]: from='mgr.14120 172.21.15.29:0/480558842' entity='mgr.smithi029.foymum'
2024-04-22T22:38:20.978 INFO:teuthology.orchestra.run.smithi029.stdout:/usr/bin/ceph: stdout Scheduled mgr update...
2024-04-22T22:38:20.978 INFO:teuthology.orchestra.run.smithi029.stdout:/usr/bin/ceph: stderr
2024-04-22T22:38:19.635+0000 7f4fe3ae0700 1 Processor -- start
2024-04-22T22:38:20.978 INFO:teuthology.orchestra.run.smithi029.stdout:/usr/bin/ceph: stderr
2024-04-22T22:38:19.635+0000 7f4fe3ae0700 1 -- start start
2024-04-22T22:38:20.978 INFO:teuthology.orchestra.run.smithi029.stdout:/usr/bin/ceph: stderr
2024-04-22T22:38:19.635+0000 7f4fe3ae0700 1 --2- >> [v2:172.21.15.29:3300/0,v1:172.21.15.29:6789/0] conn(0x7f4fdc102cb0 0x7f4fdc1030c0 unknown :-1 s=NONE pgs=0 cs=0 l=0 rev1=0 crypto rx=0 tx=0 comp rx=0 tx=0).connect
2024-04-22T22:38:20.978 INFO:teuthology.orchestra.run.smithi029.stdout:/usr/bin/ceph: stderr
2024-04-22T22:38:19.635+0000 7f4fe3ae0700 1 -- --> [v2:172.21.15.29:3300/0,v1:172.21.15.29:6789/0] -- mon_getmap magic: 0 v1 -- 0x7f4fdc103690 con 0x7f4fdc102cb0
2024-04-22T22:38:20.978 INFO:teuthology.orchestra.run.smithi029.stdout:/usr/bin/ceph: stderr
2024-04-22T22:38:19.636+0000 7f4fe187c700 1 --2- >> [v2:172.21.15.29:3300/0,v1:172.21.15.29:6789/0] conn(0x7f4fdc102cb0 0x7f4fdc1030c0 unknown :-1 s=BANNER_CONNECTING pgs=0 cs=0 l=0 rev1=0 crypto rx=0 tx=0 comp rx=0 tx=0)._handle_peer_banner_payload supported=3 required=0
2024-04-22T22:38:20.979 INFO:teuthology.orchestra.run.smithi029.stdout:/usr/bin/ceph: stderr
2024-04-22T22:38:19.636+0000 7f4fe187c700 1 --2- >> [v2:172.21.15.29:3300/0,v1:172.21.15.29:6789/0] conn(0x7f4fdc102cb0 0x7f4fdc1030c0 unknown :-1 s=HELLO_CONNECTING pgs=0 cs=0 l=0 rev1=1 crypto rx=0 tx=0 comp rx=0 tx=0).handle_hello peer v2:172.21.15.29:3300/0 says I am v2:172.21.15.29:58336/0 (socket says 172.21.15.29:58336)
2024-04-22T22:38:20.979 INFO:teuthology.orchestra.run.smithi029.stdout:/usr/bin/ceph: stderr
2024-04-22T22:38:19.636+0000 7f4fe187c700 1 -- 172.21.15.29:0/3058011572 learned_addr learned my addr 172.21.15.29:0/3058011572 (peer_addr_for_me v2:172.21.15.29:0/0)
2024-04-22T22:38:20.979 INFO:teuthology.orchestra.run.smithi029.stdout:/usr/bin/ceph: stderr
2024-04-22T22:38:19.636+0000 7f4fe187c700 1 -- 172.21.15.29:0/3058011572 --> [v2:172.21.15.29:3300/0,v1:172.21.15.29:6789/0] -- mon_subscribe({config=0+,monmap=0+}) v3 -- 0x7f4fdc1037d0 con 0x7f4fdc102cb0
2024-04-22T22:38:20.979 INFO:teuthology.orchestra.run.smithi029.stdout:/usr/bin/ceph: stderr
2024-04-22T22:38:19.636+0000 7f4fe187c700 1 --2- 172.21.15.29:0/3058011572 >> [v2:172.21.15.29:3300/0,v1:172.21.15.29:6789/0] conn(0x7f4fdc102cb0 0x7f4fdc1030c0 secure :-1 s=READY pgs=49 cs=0 l=1 rev1=1 crypto rx=0x7f4fd80098e0 tx=0x7f4fd8009250 comp rx=0 tx=0).ready entity=mon.0 client_cookie=c2735f4a3f1fc156 server_cookie=0 in_seq=0 out_seq=0
2024-04-22T22:38:20.979 INFO:teuthology.orchestra.run.smithi029.stdout:/usr/bin/ceph: stderr
2024-04-22T22:38:19.636+0000 7f4fe087a700 1 -- 172.21.15.29:0/3058011572 <== mon.0 v2:172.21.15.29:3300/0 1 ==== mon_map magic: 0 v1 ==== 229+0+0 (secure 0 0 0) 0x7f4fd800b860 con 0x7f4fdc102cb0
2024-04-22T22:38:20.979 INFO:teuthology.orchestra.run.smithi029.stdout:/usr/bin/ceph: stderr
2024-04-22T22:38:19.636+0000 7f4fe087a700 1 -- 172.21.15.29:0/3058011572 <== mon.0 v2:172.21.15.29:3300/0 2 ==== config(27 keys) v1 ==== 1044+0+0 (secure 0 0 0) 0x7f4fd800be50 con 0x7f4fdc102cb0
2024-04-22T22:38:20.979 INFO:teuthology.orchestra.run.smithi029.stdout:/usr/bin/ceph: stderr
2024-04-22T22:38:19.636+0000 7f4fe087a700 1 -- 172.21.15.29:0/3058011572 <== mon.0 v2:172.21.15.29:3300/0 3 ==== mon_map magic: 0 v1 ==== 229+0+0 (secure 0 0 0) 0x7f4fd8010380 con 0x7f4fdc102cb0
2024-04-22T22:38:20.979 INFO:teuthology.orchestra.run.smithi029.stdout:/usr/bin/ceph: stderr
2024-04-22T22:38:19.637+0000 7f4fe3ae0700 1 -- 172.21.15.29:0/3058011572 >> [v2:172.21.15.29:3300/0,v1:172.21.15.29:6789/0] conn(0x7f4fdc102cb0 msgr2=0x7f4fdc1030c0 secure :-1 s=STATE_CONNECTION_ESTABLISHED l=1).mark_down
2024-04-22T22:38:20.979 INFO:teuthology.orchestra.run.smithi029.stdout:/usr/bin/ceph: stderr
2024-04-22T22:38:19.637+0000 7f4fe3ae0700 1 --2- 172.21.15.29:0/3058011572 >> [v2:172.21.15.29:3300/0,v1:172.21.15.29:6789/0] conn(0x7f4fdc102cb0 0x7f4fdc1030c0 secure :-1 s=READY pgs=49 cs=0 l=1 rev1=1 crypto rx=0x7f4fd80098e0 tx=0x7f4fd8009250 comp rx=0 tx=0).stop
2024-04-22T22:38:20.979 INFO:teuthology.orchestra.run.smithi029.stdout:/usr/bin/ceph: stderr
2024-04-22T22:38:19.637+0000 7f4fe3ae0700 1 -- 172.21.15.29:0/3058011572 shutdown_connections
2024-04-22T22:38:20.979 INFO:teuthology.orchestra.run.smithi029.stdout:/usr/bin/ceph: stderr
2024-04-22T22:38:19.637+0000 7f4fe3ae0700 1 --2- 172.21.15.29:0/3058011572 >> [v2:172.21.15.29:3300/0,v1:172.21.15.29:6789/0] conn(0x7f4fdc102cb0 0x7f4fdc1030c0 unknown :-1 s=CLOSED pgs=49 cs=0 l=1 rev1=1 crypto rx=0 tx=0 comp rx=0 tx=0).stop
2024-04-22T22:38:20.979 INFO:teuthology.orchestra.run.smithi029.stdout:/usr/bin/ceph: stderr
2024-04-22T22:38:19.637+0000 7f4fe3ae0700 1 -- 172.21.15.29:0/3058011572 >> 172.21.15.29:0/3058011572 conn(0x7f4fdc0fc6b0 msgr2=0x7f4fdc0feae0 unknown :-1 s=STATE_NONE l=0).mark_down
2024-04-22T22:38:20.979 INFO:teuthology.orchestra.run.smithi029.stdout:/usr/bin/ceph: stderr
2024-04-22T22:38:19.637+0000 7f4fe3ae0700 1 -- 172.21.15.29:0/3058011572 shutdown_connections
2024-04-22T22:38:20.979 INFO:teuthology.orchestra.run.smithi029.stdout:/usr/bin/ceph: stderr
2024-04-22T22:38:19.637+0000 7f4fe3ae0700 1 -- 172.21.15.29:0/3058011572 wait complete.
2024-04-22T22:38:20.979 INFO:teuthology.orchestra.run.smithi029.stdout:/usr/bin/ceph: stderr
2024-04-22T22:38:19.638+0000 7f4fe3ae0700 1 Processor -- start
2024-04-22T22:38:20.980 INFO:teuthology.orchestra.run.smithi029.stdout:/usr/bin/ceph: stderr
2024-04-22T22:38:19.638+0000 7f4fe3ae0700 1 -- start start
2024-04-22T22:38:20.980 INFO:teuthology.orchestra.run.smithi029.stdout:/usr/bin/ceph: stderr
2024-04-22T22:38:19.638+0000 7f4fe3ae0700 1 --2- >> [v2:172.21.15.29:3300/0,v1:172.21.15.29:6789/0] conn(0x7f4fdc102cb0 0x7f4fdc1138d0 unknown :-1 s=NONE pgs=0 cs=0 l=1 rev1=0 crypto rx=0 tx=0 comp rx=0 tx=0).connect
2024-04-22T22:38:20.980 INFO:teuthology.orchestra.run.smithi029.stdout:/usr/bin/ceph: stderr
2024-04-22T22:38:19.638+0000 7f4fe3ae0700 1 -- --> [v2:172.21.15.29:3300/0,v1:172.21.15.29:6789/0] -- mon_getmap magic: 0 v1 -- 0x7f4fdc113e10 con 0x7f4fdc102cb0
2024-04-22T22:38:20.980 INFO:teuthology.orchestra.run.smithi029.stdout:/usr/bin/ceph: stderr
2024-04-22T22:38:19.638+0000 7f4fe187c700 1 --2- >> [v2:172.21.15.29:3300/0,v1:172.21.15.29:6789/0] conn(0x7f4fdc102cb0 0x7f4fdc1138d0 unknown :-1 s=BANNER_CONNECTING pgs=0 cs=0 l=1 rev1=0 crypto rx=0 tx=0 comp rx=0 tx=0)._handle_peer_banner_payload supported=3 required=0
2024-04-22T22:38:20.980 INFO:teuthology.orchestra.run.smithi029.stdout:/usr/bin/ceph: stderr
2024-04-22T22:38:19.638+0000 7f4fe187c700 1 --2- >> [v2:172.21.15.29:3300/0,v1:172.21.15.29:6789/0] conn(0x7f4fdc102cb0 0x7f4fdc1138d0 unknown :-1 s=HELLO_CONNECTING pgs=0 cs=0 l=1 rev1=1 crypto rx=0 tx=0 comp rx=0 tx=0).handle_hello peer v2:172.21.15.29:3300/0 says I am v2:172.21.15.29:58348/0 (socket says 172.21.15.29:58348)
2024-04-22T22:38:20.980 INFO:teuthology.orchestra.run.smithi029.stdout:/usr/bin/ceph: stderr
2024-04-22T22:38:19.638+0000 7f4fe187c700 1 -- 172.21.15.29:0/1849439625 learned_addr learned my addr 172.21.15.29:0/1849439625 (peer_addr_for_me v2:172.21.15.29:0/0)
2024-04-22T22:38:20.980 INFO:teuthology.orchestra.run.smithi029.stdout:/usr/bin/ceph: stderr
2024-04-22T22:38:19.638+0000 7f4fe187c700 1 -- 172.21.15.29:0/1849439625 --> [v2:172.21.15.29:3300/0,v1:172.21.15.29:6789/0] -- mon_subscribe({config=0+,monmap=0+}) v3 -- 0x7f4fd80094f0 con 0x7f4fdc102cb0
2024-04-22T22:38:20.980 INFO:teuthology.orchestra.run.smithi029.stdout:/usr/bin/ceph: stderr
2024-04-22T22:38:19.638+0000 7f4fe187c700 1 --2- 172.21.15.29:0/1849439625 >> [v2:172.21.15.29:3300/0,v1:172.21.15.29:6789/0] conn(0x7f4fdc102cb0 0x7f4fdc1138d0 secure :-1 s=READY pgs=50 cs=0 l=1 rev1=1 crypto rx=0x7f4fd800b440 tx=0x7f4fd8009250 comp rx=0 tx=0).ready entity=mon.0 client_cookie=0 server_cookie=0 in_seq=0 out_seq=0
2024-04-22T22:38:20.980 INFO:teuthology.orchestra.run.smithi029.stdout:/usr/bin/ceph: stderr
2024-04-22T22:38:19.639+0000 7f4fd27fc700 1 -- 172.21.15.29:0/1849439625 <== mon.0 v2:172.21.15.29:3300/0 1 ==== mon_map magic: 0 v1 ==== 229+0+0 (secure 0 0 0) 0x7f4fd8010760 con 0x7f4fdc102cb0
2024-04-22T22:38:20.980 INFO:teuthology.orchestra.run.smithi029.stdout:/usr/bin/ceph: stderr
2024-04-22T22:38:19.639+0000 7f4fe3ae0700 1 -- 172.21.15.29:0/1849439625 --> [v2:172.21.15.29:3300/0,v1:172.21.15.29:6789/0] -- mon_subscribe({mgrmap=0+}) v3 -- 0x7f4fdc114010 con 0x7f4fdc102cb0
2024-04-22T22:38:20.980 INFO:teuthology.orchestra.run.smithi029.stdout:/usr/bin/ceph: stderr
2024-04-22T22:38:19.639+0000 7f4fd27fc700 1 -- 172.21.15.29:0/1849439625 <== mon.0 v2:172.21.15.29:3300/0 2 ==== config(27 keys) v1 ==== 1044+0+0 (secure 0 0 0) 0x7f4fd8010d50 con 0x7f4fdc102cb0
2024-04-22T22:38:20.980 INFO:teuthology.orchestra.run.smithi029.stdout:/usr/bin/ceph: stderr
2024-04-22T22:38:19.639+0000 7f4fd27fc700 1 -- 172.21.15.29:0/1849439625 <== mon.0 v2:172.21.15.29:3300/0 3 ==== mon_map magic: 0 v1 ==== 229+0+0 (secure 0 0 0) 0x7f4fd801ae20 con 0x7f4fdc102cb0
2024-04-22T22:38:20.980 INFO:teuthology.orchestra.run.smithi029.stdout:/usr/bin/ceph: stderr
2024-04-22T22:38:19.639+0000 7f4fe3ae0700 1 -- 172.21.15.29:0/1849439625 --> [v2:172.21.15.29:3300/0,v1:172.21.15.29:6789/0] -- mon_subscribe({osdmap=0}) v3 -- 0x7f4fdc114b80 con 0x7f4fdc102cb0
2024-04-22T22:38:20.980 INFO:teuthology.orchestra.run.smithi029.stdout:/usr/bin/ceph: stderr
2024-04-22T22:38:19.640+0000 7f4fd27fc700 1 -- 172.21.15.29:0/1849439625 <== mon.0 v2:172.21.15.29:3300/0 4 ==== mgrmap(e 8) v1 ==== 43376+0+0 (secure 0 0 0) 0x7f4fd80108c0 con 0x7f4fdc102cb0
2024-04-22T22:38:20.980 INFO:teuthology.orchestra.run.smithi029.stdout:/usr/bin/ceph: stderr
2024-04-22T22:38:19.640+0000 7f4fe3ae0700 1 -- 172.21.15.29:0/1849439625 --> [v2:172.21.15.29:3300/0,v1:172.21.15.29:6789/0] -- mon_command({"prefix": "get_command_descriptions"} v 0) v1 -- 0x7f4fdc05f5f0 con 0x7f4fdc102cb0
2024-04-22T22:38:20.980 INFO:teuthology.orchestra.run.smithi029.stdout:/usr/bin/ceph: stderr
2024-04-22T22:38:19.640+0000 7f4fd27fc700 1 --2- 172.21.15.29:0/1849439625 >> [v2:172.21.15.29:6800/1432235869,v1:172.21.15.29:6801/1432235869] conn(0x7f4fc8036770 0x7f4fc8038c20 unknown :-1 s=NONE pgs=0 cs=0 l=1 rev1=0 crypto rx=0 tx=0 comp rx=0 tx=0).connect
2024-04-22T22:38:20.981 INFO:teuthology.orchestra.run.smithi029.stdout:/usr/bin/ceph: stderr
2024-04-22T22:38:19.640+0000 7f4fd27fc700 1 -- 172.21.15.29:0/1849439625 <== mon.0 v2:172.21.15.29:3300/0 5 ==== osd_map(2..2 src has 1..2) v4 ==== 936+0+0 (secure 0 0 0) 0x7f4fd804a590 con 0x7f4fdc102cb0
2024-04-22T22:38:20.981 INFO:teuthology.orchestra.run.smithi029.stdout:/usr/bin/ceph: stderr
2024-04-22T22:38:19.640+0000 7f4fe107b700 1 --2- 172.21.15.29:0/1849439625 >> [v2:172.21.15.29:6800/1432235869,v1:172.21.15.29:6801/1432235869] conn(0x7f4fc8036770 0x7f4fc8038c20 unknown :-1 s=BANNER_CONNECTING pgs=0 cs=0 l=1 rev1=0 crypto rx=0 tx=0 comp rx=0 tx=0)._handle_peer_banner_payload supported=3 required=0
2024-04-22T22:38:20.981 INFO:teuthology.orchestra.run.smithi029.stdout:/usr/bin/ceph: stderr
2024-04-22T22:38:19.640+0000 7f4fe107b700 1 --2- 172.21.15.29:0/1849439625 >> [v2:172.21.15.29:6800/1432235869,v1:172.21.15.29:6801/1432235869] conn(0x7f4fc8036770 0x7f4fc8038c20 secure :-1 s=READY pgs=13 cs=0 l=1 rev1=1 crypto rx=0x7f4fcc009990 tx=0x7f4fcc006e40 comp rx=0 tx=0).ready entity=mgr.14120 client_cookie=0 server_cookie=0 in_seq=0 out_seq=0
2024-04-22T22:38:20.981 INFO:teuthology.orchestra.run.smithi029.stdout:/usr/bin/ceph: stderr
2024-04-22T22:38:19.645+0000 7f4fd27fc700 1 -- 172.21.15.29:0/1849439625 <== mon.0 v2:172.21.15.29:3300/0 6 ==== mon_command_ack([{"prefix": "get_command_descriptions"}]=0 v0) v1 ==== 72+0+176702 (secure 0 0 0) 0x7f4fd8018b40 con 0x7f4fdc102cb0
2024-04-22T22:38:20.981 INFO:teuthology.orchestra.run.smithi029.stdout:/usr/bin/ceph: stderr
2024-04-22T22:38:19.853+0000 7f4fe3ae0700 1 -- 172.21.15.29:0/1849439625 --> [v2:172.21.15.29:6800/1432235869,v1:172.21.15.29:6801/1432235869] -- mgr_command(tid 0: {"prefix": "orch apply", "service_type": "mgr", "target": ["mon-mgr", ""]}) v1 -- 0x7f4fdc0fd9a0 con 0x7f4fc8036770
2024-04-22T22:38:20.981 INFO:teuthology.orchestra.run.smithi029.stdout:/usr/bin/ceph: stderr
2024-04-22T22:38:19.858+0000 7f4fd27fc700 1 -- 172.21.15.29:0/1849439625 <== mgr.14120 v2:172.21.15.29:6800/1432235869 1 ==== mgr_command_reply(tid 0: 0 ) v1 ==== 8+0+24 (secure 0 0 0) 0x7f4fdc0fd9a0 con 0x7f4fc8036770
2024-04-22T22:38:20.981 INFO:teuthology.orchestra.run.smithi029.stdout:/usr/bin/ceph: stderr
