2024-04-23T00:40:20.239+0000 7f38c759e700 1 -- 172.21.15.26:0/836336408 >> [v2:172.21.15.26:3300/0,v1:172.21.15.26:6789/0] conn(0x7f38c8106cb0 msgr2=0x7f38c81090a0 secure :-1 s=STATE_CONNECTION_ESTABLISHED l=1).mark_down
2024-04-23T00:40:21.051 INFO:teuthology.orchestra.run.smithi026.stdout:/usr/bin/ceph: stderr
2024-04-23T00:40:20.239+0000 7f38c759e700 1 --2- 172.21.15.26:0/836336408 >> [v2:172.21.15.26:3300/0,v1:172.21.15.26:6789/0] conn(0x7f38c8106cb0 0x7f38c81090a0 secure :-1 s=READY pgs=61 cs=0 l=1 rev1=1 crypto rx=0x7f38b80098a0 tx=0x7f38b8009bb0 comp rx=0 tx=0).stop
2024-04-23T00:40:21.051 INFO:teuthology.orchestra.run.smithi026.stdout:/usr/bin/ceph: stderr
2024-04-23T00:40:20.239+0000 7f38c759e700 1 -- 172.21.15.26:0/836336408 shutdown_connections
2024-04-23T00:40:21.051 INFO:teuthology.orchestra.run.smithi026.stdout:/usr/bin/ceph: stderr
2024-04-23T00:40:20.239+0000 7f38c759e700 1 --2- 172.21.15.26:0/836336408 >> [v2:172.21.15.26:3300/0,v1:172.21.15.26:6789/0] conn(0x7f38c8106cb0 0x7f38c81090a0 unknown :-1 s=CLOSED pgs=61 cs=0 l=1 rev1=1 crypto rx=0 tx=0 comp rx=0 tx=0).stop
2024-04-23T00:40:21.051 INFO:teuthology.orchestra.run.smithi026.stdout:/usr/bin/ceph: stderr
2024-04-23T00:40:20.239+0000 7f38c759e700 1 -- 172.21.15.26:0/836336408 >> 172.21.15.26:0/836336408 conn(0x7f38c81005e0 msgr2=0x7f38c8102a60 unknown :-1 s=STATE_NONE l=0).mark_down
2024-04-23T00:40:21.051 INFO:teuthology.orchestra.run.smithi026.stdout:/usr/bin/ceph: stderr
2024-04-23T00:40:20.239+0000 7f38c759e700 1 -- 172.21.15.26:0/836336408 shutdown_connections
2024-04-23T00:40:21.051 INFO:teuthology.orchestra.run.smithi026.stdout:/usr/bin/ceph: stderr
2024-04-23T00:40:20.239+0000 7f38c759e700 1 -- 172.21.15.26:0/836336408 wait complete.
2024-04-23T00:40:21.051 INFO:teuthology.orchestra.run.smithi026.stdout:/usr/bin/ceph: stderr
2024-04-23T00:40:20.240+0000 7f38c759e700 1 Processor -- start
2024-04-23T00:40:21.052 INFO:teuthology.orchestra.run.smithi026.stdout:/usr/bin/ceph: stderr
2024-04-23T00:40:20.240+0000 7f38c759e700 1 -- start start
2024-04-23T00:40:21.052 INFO:teuthology.orchestra.run.smithi026.stdout:/usr/bin/ceph: stderr
2024-04-23T00:40:20.240+0000 7f38c759e700 1 --2- >> [v2:172.21.15.26:3300/0,v1:172.21.15.26:6789/0] conn(0x7f38c8106cb0 0x7f38c8199ed0 unknown :-1 s=NONE pgs=0 cs=0 l=1 rev1=0 crypto rx=0 tx=0 comp rx=0 tx=0).connect
2024-04-23T00:40:21.052 INFO:teuthology.orchestra.run.smithi026.stdout:/usr/bin/ceph: stderr
2024-04-23T00:40:20.240+0000 7f38c759e700 1 -- --> [v2:172.21.15.26:3300/0,v1:172.21.15.26:6789/0] -- mon_getmap magic: 0 v1 -- 0x7f38c819a410 con 0x7f38c8106cb0
2024-04-23T00:40:21.052 INFO:teuthology.orchestra.run.smithi026.stdout:/usr/bin/ceph: stderr
2024-04-23T00:40:20.240+0000 7f38c659c700 1 --2- >> [v2:172.21.15.26:3300/0,v1:172.21.15.26:6789/0] conn(0x7f38c8106cb0 0x7f38c8199ed0 unknown :-1 s=BANNER_CONNECTING pgs=0 cs=0 l=1 rev1=0 crypto rx=0 tx=0 comp rx=0 tx=0)._handle_peer_banner_payload supported=3 required=0
2024-04-23T00:40:21.052 INFO:teuthology.orchestra.run.smithi026.stdout:/usr/bin/ceph: stderr
2024-04-23T00:40:20.240+0000 7f38c659c700 1 --2- >> [v2:172.21.15.26:3300/0,v1:172.21.15.26:6789/0] conn(0x7f38c8106cb0 0x7f38c8199ed0 unknown :-1 s=HELLO_CONNECTING pgs=0 cs=0 l=1 rev1=1 crypto rx=0 tx=0 comp rx=0 tx=0).handle_hello peer v2:172.21.15.26:3300/0 says I am v2:172.21.15.26:40880/0 (socket says 172.21.15.26:40880)
2024-04-23T00:40:21.052 INFO:teuthology.orchestra.run.smithi026.stdout:/usr/bin/ceph: stderr
2024-04-23T00:40:20.240+0000 7f38c659c700 1 -- 172.21.15.26:0/3094037312 learned_addr learned my addr 172.21.15.26:0/3094037312 (peer_addr_for_me v2:172.21.15.26:0/0)
2024-04-23T00:40:21.052 INFO:teuthology.orchestra.run.smithi026.stdout:/usr/bin/ceph: stderr
2024-04-23T00:40:20.240+0000 7f38c659c700 1 -- 172.21.15.26:0/3094037312 --> [v2:172.21.15.26:3300/0,v1:172.21.15.26:6789/0] -- mon_subscribe({config=0+,monmap=0+}) v3 -- 0x7f38b8009550 con 0x7f38c8106cb0
2024-04-23T00:40:21.052 INFO:teuthology.orchestra.run.smithi026.stdout:/usr/bin/ceph: stderr
2024-04-23T00:40:20.241+0000 7f38c659c700 1 --2- 172.21.15.26:0/3094037312 >> [v2:172.21.15.26:3300/0,v1:172.21.15.26:6789/0] conn(0x7f38c8106cb0 0x7f38c8199ed0 secure :-1 s=READY pgs=62 cs=0 l=1 rev1=1 crypto rx=0x7f38b8003f70 tx=0x7f38b8011a80 comp rx=0 tx=0).ready entity=mon.0 client_cookie=0 server_cookie=0 in_seq=0 out_seq=0
2024-04-23T00:40:21.052 INFO:teuthology.orchestra.run.smithi026.stdout:/usr/bin/ceph: stderr
2024-04-23T00:40:20.241+0000 7f38bf7fe700 1 -- 172.21.15.26:0/3094037312 <== mon.0 v2:172.21.15.26:3300/0 1 ==== mon_map magic: 0 v1 ==== 229+0+0 (secure 0 0 0) 0x7f38b8003b10 con 0x7f38c8106cb0
2024-04-23T00:40:21.052 INFO:teuthology.orchestra.run.smithi026.stdout:/usr/bin/ceph: stderr
2024-04-23T00:40:20.241+0000 7f38bf7fe700 1 -- 172.21.15.26:0/3094037312 <== mon.0 v2:172.21.15.26:3300/0 2 ==== config(26 keys) v1 ==== 1074+0+0 (secure 0 0 0) 0x7f38b8003c70 con 0x7f38c8106cb0
2024-04-23T00:40:21.052 INFO:teuthology.orchestra.run.smithi026.stdout:/usr/bin/ceph: stderr
2024-04-23T00:40:20.241+0000 7f38c759e700 1 -- 172.21.15.26:0/3094037312 --> [v2:172.21.15.26:3300/0,v1:172.21.15.26:6789/0] -- mon_subscribe({mgrmap=0+}) v3 -- 0x7f38c819a610 con 0x7f38c8106cb0
2024-04-23T00:40:21.052 INFO:teuthology.orchestra.run.smithi026.stdout:/usr/bin/ceph: stderr
2024-04-23T00:40:20.241+0000 7f38bf7fe700 1 -- 172.21.15.26:0/3094037312 <== mon.0 v2:172.21.15.26:3300/0 3 ==== mon_map magic: 0 v1 ==== 229+0+0 (secure 0 0 0) 0x7f38b80198b0 con 0x7f38c8106cb0
2024-04-23T00:40:21.052 INFO:teuthology.orchestra.run.smithi026.stdout:/usr/bin/ceph: stderr
2024-04-23T00:40:20.241+0000 7f38c759e700 1 -- 172.21.15.26:0/3094037312 --> [v2:172.21.15.26:3300/0,v1:172.21.15.26:6789/0] -- mon_subscribe({osdmap=0}) v3 -- 0x7f38c819aab0 con 0x7f38c8106cb0
2024-04-23T00:40:21.053 INFO:teuthology.orchestra.run.smithi026.stdout:/usr/bin/ceph: stderr
2024-04-23T00:40:20.242+0000 7f38bf7fe700 1 -- 172.21.15.26:0/3094037312 <== mon.0 v2:172.21.15.26:3300/0 4 ==== mgrmap(e 8) v1 ==== 45556+0+0 (secure 0 0 0) 0x7f38b8019b20 con 0x7f38c8106cb0
2024-04-23T00:40:21.053 INFO:teuthology.orchestra.run.smithi026.stdout:/usr/bin/ceph: stderr
2024-04-23T00:40:20.242+0000 7f38c759e700 1 -- 172.21.15.26:0/3094037312 --> [v2:172.21.15.26:3300/0,v1:172.21.15.26:6789/0] -- mon_command({"prefix": "get_command_descriptions"} v 0) v1 -- 0x7f38c810a2a0 con 0x7f38c8106cb0
2024-04-23T00:40:21.053 INFO:teuthology.orchestra.run.smithi026.stdout:/usr/bin/ceph: stderr
2024-04-23T00:40:20.242+0000 7f38bf7fe700 1 --2- 172.21.15.26:0/3094037312 >> [v2:172.21.15.26:6800/1764104941,v1:172.21.15.26:6801/1764104941] conn(0x7f38b4038730 0x7f38b403abf0 unknown :-1 s=NONE pgs=0 cs=0 l=1 rev1=0 crypto rx=0 tx=0 comp rx=0 tx=0).connect
2024-04-23T00:40:21.053 INFO:teuthology.orchestra.run.smithi026.stdout:/usr/bin/ceph: stderr
2024-04-23T00:40:20.242+0000 7f38bf7fe700 1 -- 172.21.15.26:0/3094037312 <== mon.0 v2:172.21.15.26:3300/0 5 ==== osd_map(2..2 src has 1..2) v4 ==== 940+0+0 (secure 0 0 0) 0x7f38b804c7c0 con 0x7f38c8106cb0
2024-04-23T00:40:21.053 INFO:teuthology.orchestra.run.smithi026.stdout:/usr/bin/ceph: stderr
2024-04-23T00:40:20.242+0000 7f38c5d9b700 1 --2- 172.21.15.26:0/3094037312 >> [v2:172.21.15.26:6800/1764104941,v1:172.21.15.26:6801/1764104941] conn(0x7f38b4038730 0x7f38b403abf0 unknown :-1 s=BANNER_CONNECTING pgs=0 cs=0 l=1 rev1=0 crypto rx=0 tx=0 comp rx=0 tx=0)._handle_peer_banner_payload supported=3 required=0
2024-04-23T00:40:21.053 INFO:teuthology.orchestra.run.smithi026.stdout:/usr/bin/ceph: stderr
2024-04-23T00:40:20.242+0000 7f38c5d9b700 1 --2- 172.21.15.26:0/3094037312 >> [v2:172.21.15.26:6800/1764104941,v1:172.21.15.26:6801/1764104941] conn(0x7f38b4038730 0x7f38b403abf0 secure :-1 s=READY pgs=20 cs=0 l=1 rev1=1 crypto rx=0x7f38b0006fd0 tx=0x7f38b0006e40 comp rx=0 tx=0).ready entity=mgr.14118 client_cookie=0 server_cookie=0 in_seq=0 out_seq=0
2024-04-23T00:40:21.053 INFO:teuthology.orchestra.run.smithi026.stdout:/usr/bin/ceph: stderr
2024-04-23T00:40:20.247+0000 7f38bf7fe700 1 -- 172.21.15.26:0/3094037312 <== mon.0 v2:172.21.15.26:3300/0 6 ==== mon_command_ack([{"prefix": "get_command_descriptions"}]=0 v0) v1 ==== 72+0+183351 (secure 0 0 0) 0x7f38b8018710 con 0x7f38c8106cb0
2024-04-23T00:40:21.053 INFO:teuthology.orchestra.run.smithi026.stdout:/usr/bin/ceph: stderr
2024-04-23T00:40:20.447+0000 7f38c759e700 1 -- 172.21.15.26:0/3094037312 --> [v2:172.21.15.26:3300/0,v1:172.21.15.26:6789/0] -- mon_command([{prefix=config set, name=mgr/cephadm/container_init}] v 0) v1 -- 0x7f38c810a4b0 con 0x7f38c8106cb0
2024-04-23T00:40:21.053 INFO:teuthology.orchestra.run.smithi026.stdout:/usr/bin/ceph: stderr
2024-04-23T00:40:20.450+0000 7f38bf7fe700 1 -- 172.21.15.26:0/3094037312 <== mon.0 v2:172.21.15.26:3300/0 7 ==== mon_command_ack([{prefix=config set, name=mgr/cephadm/container_init}]=0 v7)=0 v7) v1 ==== 142+0+0 (secure 0 0 0) 0x7f38b8018350 con 0x7f38c8106cb0
2024-04-23T00:40:21.053 INFO:teuthology.orchestra.run.smithi026.stdout:/usr/bin/ceph: stderr
2024-04-23T00:40:20.453+0000 7f38c759e700 1 -- 172.21.15.26:0/3094037312 >> [v2:172.21.15.26:6800/1764104941,v1:172.21.15.26:6801/1764104941] conn(0x7f38b4038730 msgr2=0x7f38b403abf0 secure :-1 s=STATE_CONNECTION_ESTABLISHED l=1).mark_down
2024-04-23T00:40:21.053 INFO:teuthology.orchestra.run.smithi026.stdout:/usr/bin/ceph: stderr
2024-04-23T00:40:20.453+0000 7f38c759e700 1 --2- 172.21.15.26:0/3094037312 >> [v2:172.21.15.26:6800/1764104941,v1:172.21.15.26:6801/1764104941] conn(0x7f38b4038730 0x7f38b403abf0 secure :-1 s=READY pgs=20 cs=0 l=1 rev1=1 crypto rx=0x7f38b0006fd0 tx=0x7f38b0006e40 comp rx=0 tx=0).stop
2024-04-23T00:40:21.053 INFO:teuthology.orchestra.run.smithi026.stdout:/usr/bin/ceph: stderr
2024-04-23T00:40:20.453+0000 7f38c759e700 1 -- 172.21.15.26:0/3094037312 >> [v2:172.21.15.26:3300/0,v1:172.21.15.26:6789/0] conn(0x7f38c8106cb0 msgr2=0x7f38c8199ed0 secure :-1 s=STATE_CONNECTION_ESTABLISHED l=1).mark_down
2024-04-23T00:40:21.053 INFO:teuthology.orchestra.run.smithi026.stdout:/usr/bin/ceph: stderr
2024-04-23T00:40:20.453+0000 7f38c759e700 1 --2- 172.21.15.26:0/3094037312 >> [v2:172.21.15.26:3300/0,v1:172.21.15.26:6789/0] conn(0x7f38c8106cb0 0x7f38c8199ed0 secure :-1 s=READY pgs=62 cs=0 l=1 rev1=1 crypto rx=0x7f38b8003f70 tx=0x7f38b8011a80 comp rx=0 tx=0).stop
2024-04-23T00:40:21.053 INFO:teuthology.orchestra.run.smithi026.stdout:/usr/bin/ceph: stderr
2024-04-23T00:40:20.453+0000 7f38c759e700 1 -- 172.21.15.26:0/3094037312 shutdown_connections
2024-04-23T00:40:21.054 INFO:teuthology.orchestra.run.smithi026.stdout:/usr/bin/ceph: stderr
2024-04-23T00:40:20.453+0000 7f38c759e700 1 --2- 172.21.15.26:0/3094037312 >> [v2:172.21.15.26:6800/1764104941,v1:172.21.15.26:6801/1764104941] conn(0x7f38b4038730 0x7f38b403abf0 unknown :-1 s=CLOSED pgs=20 cs=0 l=1 rev1=1 crypto rx=0 tx=0 comp rx=0 tx=0).stop
2024-04-23T00:40:21.054 INFO:teuthology.orchestra.run.smithi026.stdout:/usr/bin/ceph: stderr
2024-04-23T00:40:20.453+0000 7f38c759e700 1 --2- 172.21.15.26:0/3094037312 >> [v2:172.21.15.26:3300/0,v1:172.21.15.26:6789/0] conn(0x7f38c8106cb0 0x7f38c8199ed0 unknown :-1 s=CLOSED pgs=62 cs=0 l=1 rev1=1 crypto rx=0 tx=0 comp rx=0 tx=0).stop
2024-04-23T00:40:21.054 INFO:teuthology.orchestra.run.smithi026.stdout:/usr/bin/ceph: stderr
2024-04-23T00:40:20.453+0000 7f38c759e700 1 -- 172.21.15.26:0/3094037312 >> 172.21.15.26:0/3094037312 conn(0x7f38c81005e0 msgr2=0x7f38c81011f0 unknown :-1 s=STATE_NONE l=0).mark_down
2024-04-23T00:40:21.054 INFO:teuthology.orchestra.run.smithi026.stdout:/usr/bin/ceph: stderr
2024-04-23T00:40:20.453+0000 7f38c759e700 1 -- 172.21.15.26:0/3094037312 shutdown_connections
2024-04-23T00:40:21.054 INFO:teuthology.orchestra.run.smithi026.stdout:/usr/bin/ceph: stderr
2024-04-23T00:40:20.453+0000 7f38c759e700 1 -- 172.21.15.26:0/3094037312 wait complete.
2024-04-23T00:40:22.052 INFO:journalctl@ceph.mon.smithi026.smithi026.stdout:Apr 23 00:40:21 smithi026 ceph-mon[39851]: pgmap v6: 0 pgs: ; 0 B data, 0 B used, 0 B / 0 B avail
2024-04-23T00:40:22.457 INFO:teuthology.orchestra.run.smithi026.stdout:/usr/bin/ceph: stderr
2024-04-23T00:40:21.634+0000 7fdcaf59e700 1 Processor -- start
2024-04-23T00:40:22.457 INFO:teuthology.orchestra.run.smithi026.stdout:/usr/bin/ceph: stderr
2024-04-23T00:40:21.634+0000 7fdcaf59e700 1 -- start start
2024-04-23T00:40:22.457 INFO:teuthology.orchestra.run.smithi026.stdout:/usr/bin/ceph: stderr
2024-04-23T00:40:21.634+0000 7fdcaf59e700 1 --2- >> [v2:172.21.15.26:3300/0,v1:172.21.15.26:6789/0] conn(0x7fdcb0106bf0 0x7fdcb0108fe0 unknown :-1 s=NONE pgs=0 cs=0 l=0 rev1=0 crypto rx=0 tx=0 comp rx=0 tx=0).connect
2024-04-23T00:40:22.457 INFO:teuthology.orchestra.run.smithi026.stdout:/usr/bin/ceph: stderr
2024-04-23T00:40:21.634+0000 7fdcaf59e700 1 -- --> [v2:172.21.15.26:3300/0,v1:172.21.15.26:6789/0] -- mon_getmap magic: 0 v1 -- 0x7fdcb0074580 con 0x7fdcb0106bf0
2024-04-23T00:40:22.457 INFO:teuthology.orchestra.run.smithi026.stdout:/usr/bin/ceph: stderr
2024-04-23T00:40:21.635+0000 7fdcae59c700 1 --2- >> [v2:172.21.15.26:3300/0,v1:172.21.15.26:6789/0] conn(0x7fdcb0106bf0 0x7fdcb0108fe0 unknown :-1 s=BANNER_CONNECTING pgs=0 cs=0 l=0 rev1=0 crypto rx=0 tx=0 comp rx=0 tx=0)._handle_peer_banner_payload supported=3 required=0
2024-04-23T00:40:22.457 INFO:teuthology.orchestra.run.smithi026.stdout:/usr/bin/ceph: stderr
2024-04-23T00:40:21.635+0000 7fdcae59c700 1 --2- >> [v2:172.21.15.26:3300/0,v1:172.21.15.26:6789/0] conn(0x7fdcb0106bf0 0x7fdcb0108fe0 unknown :-1 s=HELLO_CONNECTING pgs=0 cs=0 l=0 rev1=1 crypto rx=0 tx=0 comp rx=0 tx=0).handle_hello peer v2:172.21.15.26:3300/0 says I am v2:172.21.15.26:40892/0 (socket says 172.21.15.26:40892)
2024-04-23T00:40:22.457 INFO:teuthology.orchestra.run.smithi026.stdout:/usr/bin/ceph: stderr
2024-04-23T00:40:21.635+0000 7fdcae59c700 1 -- 172.21.15.26:0/1741569690 learned_addr learned my addr 172.21.15.26:0/1741569690 (peer_addr_for_me v2:172.21.15.26:0/0)
2024-04-23T00:40:22.457 INFO:teuthology.orchestra.run.smithi026.stdout:/usr/bin/ceph: stderr
2024-04-23T00:40:21.635+0000 7fdcae59c700 1 -- 172.21.15.26:0/1741569690 --> [v2:172.21.15.26:3300/0,v1:172.21.15.26:6789/0] -- mon_subscribe({config=0+,monmap=0+}) v3 -- 0x7fdcb0109520 con 0x7fdcb0106bf0
2024-04-23T00:40:22.457 INFO:teuthology.orchestra.run.smithi026.stdout:/usr/bin/ceph: stderr
2024-04-23T00:40:21.635+0000 7fdcae59c700 1 --2- 172.21.15.26:0/1741569690 >> [v2:172.21.15.26:3300/0,v1:172.21.15.26:6789/0] conn(0x7fdcb0106bf0 0x7fdcb0108fe0 secure :-1 s=READY pgs=63 cs=0 l=1 rev1=1 crypto rx=0x7fdc980098a0 tx=0x7fdc98009bb0 comp rx=0 tx=0).ready entity=mon.0 client_cookie=d8d712f0bce03b94 server_cookie=0 in_seq=0 out_seq=0
2024-04-23T00:40:22.457 INFO:teuthology.orchestra.run.smithi026.stdout:/usr/bin/ceph: stderr
2024-04-23T00:40:21.635+0000 7fdcad59a700 1 -- 172.21.15.26:0/1741569690 <== mon.0 v2:172.21.15.26:3300/0 1 ==== mon_map magic: 0 v1 ==== 229+0+0 (secure 0 0 0) 0x7fdc98004180 con 0x7fdcb0106bf0
2024-04-23T00:40:22.457 INFO:teuthology.orchestra.run.smithi026.stdout:/usr/bin/ceph: stderr
2024-04-23T00:40:21.635+0000 7fdcad59a700 1 -- 172.21.15.26:0/1741569690 <== mon.0 v2:172.21.15.26:3300/0 2 ==== config(26 keys) v1 ==== 1074+0+0 (secure 0 0 0) 0x7fdc980042e0 con 0x7fdcb0106bf0
2024-04-23T00:40:22.458 INFO:teuthology.orchestra.run.smithi026.stdout:/usr/bin/ceph: stderr
2024-04-23T00:40:21.635+0000 7fdcad59a700 1 -- 172.21.15.26:0/1741569690 <== mon.0 v2:172.21.15.26:3300/0 3 ==== mon_map magic: 0 v1 ==== 229+0+0 (secure 0 0 0) 0x7fdc98011a40 con 0x7fdcb0106bf0
2024-04-23T00:40:22.458 INFO:teuthology.orchestra.run.smithi026.stdout:/usr/bin/ceph: stderr
2024-04-23T00:40:21.636+0000 7fdcaf59e700 1 -- 172.21.15.26:0/1741569690 >> [v2:172.21.15.26:3300/0,v1:172.21.15.26:6789/0] conn(0x7fdcb0106bf0 msgr2=0x7fdcb0108fe0 secure :-1 s=STATE_CONNECTION_ESTABLISHED l=1).mark_down
2024-04-23T00:40:22.458 INFO:teuthology.orchestra.run.smithi026.stdout:/usr/bin/ceph: stderr
2024-04-23T00:40:21.636+0000 7fdcaf59e700 1 --2- 172.21.15.26:0/1741569690 >> [v2:172.21.15.26:3300/0,v1:172.21.15.26:6789/0] conn(0x7fdcb0106bf0 0x7fdcb0108fe0 secure :-1 s=READY pgs=63 cs=0 l=1 rev1=1 crypto rx=0x7fdc980098a0 tx=0x7fdc98009bb0 comp rx=0 tx=0).stop
2024-04-23T00:40:22.459 INFO:teuthology.orchestra.run.smithi026.stdout:/usr/bin/ceph: stderr
2024-04-23T00:40:21.636+0000 7fdcaf59e700 1 -- 172.21.15.26:0/1741569690 shutdown_connections
2024-04-23T00:40:22.459 INFO:teuthology.orchestra.run.smithi026.stdout:/usr/bin/ceph: stderr
2024-04-23T00:40:21.636+0000 7fdcaf59e700 1 --2- 172.21.15.26:0/1741569690 >> [v2:172.21.15.26:3300/0,v1:172.21.15.26:6789/0] conn(0x7fdcb0106bf0 0x7fdcb0108fe0 unknown :-1 s=CLOSED pgs=63 cs=0 l=1 rev1=1 crypto rx=0 tx=0 comp rx=0 tx=0).stop
2024-04-23T00:40:22.459 INFO:teuthology.orchestra.run.smithi026.stdout:/usr/bin/ceph: stderr
2024-04-23T00:40:21.636+0000 7fdcaf59e700 1 -- 172.21.15.26:0/1741569690 >> 172.21.15.26:0/1741569690 conn(0x7fdcb01005e0 msgr2=0x7fdcb0102a60 unknown :-1 s=STATE_NONE l=0).mark_down
2024-04-23T00:40:22.459 INFO:teuthology.orchestra.run.smithi026.stdout:/usr/bin/ceph: stderr
2024-04-23T00:40:21.636+0000 7fdcaf59e700 1 -- 172.21.15.26:0/1741569690 shutdown_connections
2024-04-23T00:40:22.459 INFO:teuthology.orchestra.run.smithi026.stdout:/usr/bin/ceph: stderr
2024-04-23T00:40:21.636+0000 7fdcaf59e700 1 -- 172.21.15.26:0/1741569690 wait complete.
2024-04-23T00:40:22.459 INFO:teuthology.orchestra.run.smithi026.stdout:/usr/bin/ceph: stderr
2024-04-23T00:40:21.637+0000 7fdcaf59e700 1 Processor -- start
2024-04-23T00:40:22.459 INFO:teuthology.orchestra.run.smithi026.stdout:/usr/bin/ceph: stderr
2024-04-23T00:40:21.637+0000 7fdcaf59e700 1 -- start start
2024-04-23T00:40:22.459 INFO:teuthology.orchestra.run.smithi026.stdout:/usr/bin/ceph: stderr
2024-04-23T00:40:21.637+0000 7fdcaf59e700 1 --2- >> [v2:172.21.15.26:3300/0,v1:172.21.15.26:6789/0] conn(0x7fdcb0106bf0 0x7fdcb0106420 unknown :-1 s=NONE pgs=0 cs=0 l=1 rev1=0 crypto rx=0 tx=0 comp rx=0 tx=0).connect
2024-04-23T00:40:22.460 INFO:teuthology.orchestra.run.smithi026.stdout:/usr/bin/ceph: stderr
2024-04-23T00:40:21.637+0000 7fdcaf59e700 1 -- --> [v2:172.21.15.26:3300/0,v1:172.21.15.26:6789/0] -- mon_getmap magic: 0 v1 -- 0x7fdcb0106960 con 0x7fdcb0106bf0
2024-04-23T00:40:22.460 INFO:teuthology.orchestra.run.smithi026.stdout:/usr/bin/ceph: stderr
2024-04-23T00:40:21.637+0000 7fdcae59c700 1 --2- >> [v2:172.21.15.26:3300/0,v1:172.21.15.26:6789/0] conn(0x7fdcb0106bf0 0x7fdcb0106420 unknown :-1 s=BANNER_CONNECTING pgs=0 cs=0 l=1 rev1=0 crypto rx=0 tx=0 comp rx=0 tx=0)._handle_peer_banner_payload supported=3 required=0
2024-04-23T00:40:22.460 INFO:teuthology.orchestra.run.smithi026.stdout:/usr/bin/ceph: stderr
2024-04-23T00:40:21.637+0000 7fdcae59c700 1 --2- >> [v2:172.21.15.26:3300/0,v1:172.21.15.26:6789/0] conn(0x7fdcb0106bf0 0x7fdcb0106420 unknown :-1 s=HELLO_CONNECTING pgs=0 cs=0 l=1 rev1=1 crypto rx=0 tx=0 comp rx=0 tx=0).handle_hello peer v2:172.21.15.26:3300/0 says I am v2:172.21.15.26:40908/0 (socket says 172.21.15.26:40908)
2024-04-23T00:40:22.460 INFO:teuthology.orchestra.run.smithi026.stdout:/usr/bin/ceph: stderr
2024-04-23T00:40:21.637+0000 7fdcae59c700 1 -- 172.21.15.26:0/437919604 learned_addr learned my addr 172.21.15.26:0/437919604 (peer_addr_for_me v2:172.21.15.26:0/0)
2024-04-23T00:40:22.460 INFO:teuthology.orchestra.run.smithi026.stdout:/usr/bin/ceph: stderr
2024-04-23T00:40:21.637+0000 7fdcae59c700 1 -- 172.21.15.26:0/437919604 --> [v2:172.21.15.26:3300/0,v1:172.21.15.26:6789/0] -- mon_subscribe({config=0+,monmap=0+}) v3 -- 0x7fdc98009550 con 0x7fdcb0106bf0
2024-04-23T00:40:22.460 INFO:teuthology.orchestra.run.smithi026.stdout:/usr/bin/ceph: stderr
2024-04-23T00:40:21.637+0000 7fdcae59c700 1 --2- 172.21.15.26:0/437919604 >> [v2:172.21.15.26:3300/0,v1:172.21.15.26:6789/0] conn(0x7fdcb0106bf0 0x7fdcb0106420 secure :-1 s=READY pgs=64 cs=0 l=1 rev1=1 crypto rx=0x7fdc98003f70 tx=0x7fdc98011a80 comp rx=0 tx=0).ready entity=mon.0 client_cookie=0 server_cookie=0 in_seq=0 out_seq=0
2024-04-23T00:40:22.460 INFO:teuthology.orchestra.run.smithi026.stdout:/usr/bin/ceph: stderr
2024-04-23T00:40:21.637+0000 7fdca77fe700 1 -- 172.21.15.26:0/437919604 <== mon.0 v2:172.21.15.26:3300/0 1 ==== mon_map magic: 0 v1 ==== 229+0+0 (secure 0 0 0) 0x7fdc98003b10 con 0x7fdcb0106bf0
2024-04-23T00:40:22.460 INFO:teuthology.orchestra.run.smithi026.stdout:/usr/bin/ceph: stderr
2024-04-23T00:40:21.638+0000 7fdca77fe700 1 -- 172.21.15.26:0/437919604 <== mon.0 v2:172.21.15.26:3300/0 2 ==== config(26 keys) v1 ==== 1074+0+0 (secure 0 0 0) 0x7fdc98003c70 con 0x7fdcb0106bf0
2024-04-23T00:40:22.460 INFO:teuthology.orchestra.run.smithi026.stdout:/usr/bin/ceph: stderr
2024-04-23T00:40:21.638+0000 7fdca77fe700 1 -- 172.21.15.26:0/437919604 <== mon.0 v2:172.21.15.26:3300/0 3 ==== mon_map magic: 0 v1 ==== 229+0+0 (secure 0 0 0) 0x7fdc980198b0 con 0x7fdcb0106bf0
2024-04-23T00:40:22.460 INFO:teuthology.orchestra.run.smithi026.stdout:/usr/bin/ceph: stderr
2024-04-23T00:40:21.638+0000 7fdcaf59e700 1 -- 172.21.15.26:0/437919604 --> [v2:172.21.15.26:3300/0,v1:172.21.15.26:6789/0] -- mon_subscribe({mgrmap=0+}) v3 -- 0x7fdcb0104ba0 con 0x7fdcb0106bf0
2024-04-23T00:40:22.460 INFO:teuthology.orchestra.run.smithi026.stdout:/usr/bin/ceph: stderr
2024-04-23T00:40:21.638+0000 7fdcaf59e700 1 -- 172.21.15.26:0/437919604 --> [v2:172.21.15.26:3300/0,v1:172.21.15.26:6789/0] -- mon_subscribe({osdmap=0}) v3 -- 0x7fdcb0105040 con 0x7fdcb0106bf0
2024-04-23T00:40:22.460 INFO:teuthology.orchestra.run.smithi026.stdout:/usr/bin/ceph: stderr
2024-04-23T00:40:21.638+0000 7fdca77fe700 1 -- 172.21.15.26:0/437919604 <== mon.0 v2:172.21.15.26:3300/0 4 ==== mgrmap(e 8) v1 ==== 45556+0+0 (secure 0 0 0) 0x7fdc98019b70 con 0x7fdcb0106bf0
2024-04-23T00:40:22.460 INFO:teuthology.orchestra.run.smithi026.stdout:/usr/bin/ceph: stderr
2024-04-23T00:40:21.638+0000 7fdca77fe700 1 --2- 172.21.15.26:0/437919604 >> [v2:172.21.15.26:6800/1764104941,v1:172.21.15.26:6801/1764104941] conn(0x7fdc9c0386e0 0x7fdc9c03aba0 unknown :-1 s=NONE pgs=0 cs=0 l=1 rev1=0 crypto rx=0 tx=0 comp rx=0 tx=0).connect
2024-04-23T00:40:22.460 INFO:teuthology.orchestra.run.smithi026.stdout:/usr/bin/ceph: stderr
2024-04-23T00:40:21.638+0000 7fdcaf59e700 1 -- 172.21.15.26:0/437919604 --> [v2:172.21.15.26:3300/0,v1:172.21.15.26:6789/0] -- mon_command({"prefix": "get_command_descriptions"} v 0) v1 -- 0x7fdcb010a2b0 con 0x7fdcb0106bf0
2024-04-23T00:40:22.461 INFO:teuthology.orchestra.run.smithi026.stdout:/usr/bin/ceph: stderr
2024-04-23T00:40:21.639+0000 7fdca77fe700 1 -- 172.21.15.26:0/437919604 <== mon.0 v2:172.21.15.26:3300/0 5 ==== osd_map(2..2 src has 1..2) v4 ==== 940+0+0 (secure 0 0 0) 0x7fdc9804c840 con 0x7fdcb0106bf0
2024-04-23T00:40:22.461 INFO:teuthology.orchestra.run.smithi026.stdout:/usr/bin/ceph: stderr
2024-04-23T00:40:21.639+0000 7fdcadd9b700 1 --2- 172.21.15.26:0/437919604 >> [v2:172.21.15.26:6800/1764104941,v1:172.21.15.26:6801/1764104941] conn(0x7fdc9c0386e0 0x7fdc9c03aba0 unknown :-1 s=BANNER_CONNECTING pgs=0 cs=0 l=1 rev1=0 crypto rx=0 tx=0 comp rx=0 tx=0)._handle_peer_banner_payload supported=3 required=0
2024-04-23T00:40:22.461 INFO:teuthology.orchestra.run.smithi026.stdout:/usr/bin/ceph: stderr
2024-04-23T00:40:21.639+0000 7fdcadd9b700 1 --2- 172.21.15.26:0/437919604 >> [v2:172.21.15.26:6800/1764104941,v1:172.21.15.26:6801/1764104941] conn(0x7fdc9c0386e0 0x7fdc9c03aba0 secure :-1 s=READY pgs=21 cs=0 l=1 rev1=1 crypto rx=0x7fdca0006fd0 tx=0x7fdca0006e40 comp rx=0 tx=0).ready entity=mgr.14118 client_cookie=0 server_cookie=0 in_seq=0 out_seq=0
2024-04-23T00:40:22.461 INFO:teuthology.orchestra.run.smithi026.stdout:/usr/bin/ceph: stderr
2024-04-23T00:40:21.643+0000 7fdca77fe700 1 -- 172.21.15.26:0/437919604 <== mon.0 v2:172.21.15.26:3300/0 6 ==== mon_command_ack([{"prefix": "get_command_descriptions"}]=0 v0) v1 ==== 72+0+183351 (secure 0 0 0) 0x7fdc9802d430 con 0x7fdcb0106bf0
2024-04-23T00:40:22.461 INFO:teuthology.orchestra.run.smithi026.stdout:/usr/bin/ceph: stderr
2024-04-23T00:40:21.846+0000 7fdcaf59e700 1 -- 172.21.15.26:0/437919604 --> [v2:172.21.15.26:3300/0,v1:172.21.15.26:6789/0] -- mon_command([{prefix=config set, name=mgr/dashboard/ssl_server_port}] v 0) v1 -- 0x7fdcb0105530 con 0x7fdcb0106bf0
2024-04-23T00:40:22.461 INFO:teuthology.orchestra.run.smithi026.stdout:/usr/bin/ceph: stderr
2024-04-23T00:40:21.849+0000 7fdca77fe700 1 -- 172.21.15.26:0/437919604 <== mon.0 v2:172.21.15.26:3300/0 7 ==== mon_command_ack([{prefix=config set, name=mgr/dashboard/ssl_server_port}]=0 v8)=0 v8) v1 ==== 130+0+0 (secure 0 0 0) 0x7fdc980260c0 con 0x7fdcb0106bf0
2024-04-23T00:40:22.461 INFO:teuthology.orchestra.run.smithi026.stdout:/usr/bin/ceph: stderr
2024-04-23T00:40:21.851+0000 7fdcaf59e700 1 -- 172.21.15.26:0/437919604 >> [v2:172.21.15.26:6800/1764104941,v1:172.21.15.26:6801/1764104941] conn(0x7fdc9c0386e0 msgr2=0x7fdc9c03aba0 secure :-1 s=STATE_CONNECTION_ESTABLISHED l=1).mark_down
2024-04-23T00:40:22.461 INFO:teuthology.orchestra.run.smithi026.stdout:/usr/bin/ceph: stderr
2024-04-23T00:40:21.851+0000 7fdcaf59e700 1 --2- 172.21.15.26:0/437919604 >> [v2:172.21.15.26:6800/1764104941,v1:172.21.15.26:6801/1764104941] conn(0x7fdc9c0386e0 0x7fdc9c03aba0 secure :-1 s=READY pgs=21 cs=0 l=1 rev1=1 crypto rx=0x7fdca0006fd0 tx=0x7fdca0006e40 comp rx=0 tx=0).stop
2024-04-23T00:40:22.461 INFO:teuthology.orchestra.run.smithi026.stdout:/usr/bin/ceph: stderr
2024-04-23T00:40:21.851+0000 7fdcaf59e700 1 -- 172.21.15.26:0/437919604 >> [v2:172.21.15.26:3300/0,v1:172.21.15.26:6789/0] conn(0x7fdcb0106bf0 msgr2=0x7fdcb0106420 secure :-1 s=STATE_CONNECTION_ESTABLISHED l=1).mark_down
2024-04-23T00:40:22.461 INFO:teuthology.orchestra.run.smithi026.stdout:/usr/bin/ceph: stderr
2024-04-23T00:40:21.851+0000 7fdcaf59e700 1 --2- 172.21.15.26:0/437919604 >> [v2:172.21.15.26:3300/0,v1:172.21.15.26:6789/0] conn(0x7fdcb0106bf0 0x7fdcb0106420 secure :-1 s=READY pgs=64 cs=0 l=1 rev1=1 crypto rx=0x7fdc98003f70 tx=0x7fdc98011a80 comp rx=0 tx=0).stop
2024-04-23T00:40:22.461 INFO:teuthology.orchestra.run.smithi026.stdout:/usr/bin/ceph: stderr
2024-04-23T00:40:21.851+0000 7fdcaf59e700 1 -- 172.21.15.26:0/437919604 shutdown_connections
2024-04-23T00:40:22.461 INFO:teuthology.orchestra.run.smithi026.stdout:/usr/bin/ceph: stderr
2024-04-23T00:40:21.851+0000 7fdcaf59e700 1 --2- 172.21.15.26:0/437919604 >> [v2:172.21.15.26:6800/1764104941,v1:172.21.15.26:6801/1764104941] conn(0x7fdc9c0386e0 0x7fdc9c03aba0 unknown :-1 s=CLOSED pgs=21 cs=0 l=1 rev1=1 crypto rx=0 tx=0 comp rx=0 tx=0).stop
2024-04-23T00:40:22.461 INFO:teuthology.orchestra.run.smithi026.stdout:/usr/bin/ceph: stderr
2024-04-23T00:40:21.851+0000 7fdcaf59e700 1 --2- 172.21.15.26:0/437919604 >> [v2:172.21.15.26:3300/0,v1:172.21.15.26:6789/0] conn(0x7fdcb0106bf0 0x7fdcb0106420 unknown :-1 s=CLOSED pgs=64 cs=0 l=1 rev1=1 crypto rx=0 tx=0 comp rx=0 tx=0).stop
2024-04-23T00:40:22.462 INFO:teuthology.orchestra.run.smithi026.stdout:/usr/bin/ceph: stderr
2024-04-23T00:40:21.851+0000 7fdcaf59e700 1 -- 172.21.15.26:0/437919604 >> 172.21.15.26:0/437919604 conn(0x7fdcb01005e0 msgr2=0x7fdcb0101270 unknown :-1 s=STATE_NONE l=0).mark_down
2024-04-23T00:40:22.462 INFO:teuthology.orchestra.run.smithi026.stdout:/usr/bin/ceph: stderr
2024-04-23T00:40:21.851+0000 7fdcaf59e700 1 -- 172.21.15.26:0/437919604 shutdown_connections
2024-04-23T00:40:22.462 INFO:teuthology.orchestra.run.smithi026.stdout:/usr/bin/ceph: stderr
2024-04-23T00:40:21.851+0000 7fdcaf59e700 1 -- 172.21.15.26:0/437919604 wait complete.
2024-04-23T00:40:22.462 INFO:teuthology.orchestra.run.smithi026.stdout:Enabling the dashboard module...
2024-04-23T00:40:23.052 INFO:journalctl@ceph.mon.smithi026.smithi026.stdout:Apr 23 00:40:22 smithi026 ceph-mon[39851]: from='client.? 172.21.15.26:0/437919604' entity='client.admin'
2024-04-23T00:40:23.052 INFO:journalctl@ceph.mon.smithi026.smithi026.stdout:Apr 23 00:40:22 smithi026 ceph-mon[39851]: pgmap v7: 0 pgs: ; 0 B data, 0 B used, 0 B / 0 B avail
2024-04-23T00:40:24.222 INFO:journalctl@ceph.mon.smithi026.smithi026.stdout:Apr 23 00:40:23 smithi026 ceph-mon[39851]: from='client.? 172.21.15.26:0/2414013742' entity='client.admin' cmd=[{"prefix": "mgr module enable", "module": "dashboard"}]: dispatch
2024-04-23T00:40:24.715 INFO:teuthology.orchestra.run.smithi026.stdout:/usr/bin/ceph: stderr
2024-04-23T00:40:23.128+0000 7fc61692f700 1 Processor -- start
2024-04-23T00:40:24.715 INFO:teuthology.orchestra.run.smithi026.stdout:/usr/bin/ceph: stderr
2024-04-23T00:40:23.128+0000 7fc61692f700 1 -- start start
2024-04-23T00:40:24.715 INFO:teuthology.orchestra.run.smithi026.stdout:/usr/bin/ceph: stderr
2024-04-23T00:40:23.128+0000 7fc61692f700 1 --2- >> [v2:172.21.15.26:3300/0,v1:172.21.15.26:6789/0] conn(0x7fc610104c50 0x7fc610105070 unknown :-1 s=NONE pgs=0 cs=0 l=0 rev1=0 crypto rx=0 tx=0 comp rx=0 tx=0).connect
2024-04-23T00:40:24.715 INFO:teuthology.orchestra.run.smithi026.stdout:/usr/bin/ceph: stderr
2024-04-23T00:40:23.128+0000 7fc61692f700 1 -- --> [v2:172.21.15.26:3300/0,v1:172.21.15.26:6789/0] -- mon_getmap magic: 0 v1 -- 0x7fc6100744e0 con 0x7fc610104c50
2024-04-23T00:40:24.716 INFO:teuthology.orchestra.run.smithi026.stdout:/usr/bin/ceph: stderr
2024-04-23T00:40:23.128+0000 7fc60ffff700 1 --2- >> [v2:172.21.15.26:3300/0,v1:172.21.15.26:6789/0] conn(0x7fc610104c50 0x7fc610105070 unknown :-1 s=BANNER_CONNECTING pgs=0 cs=0 l=0 rev1=0 crypto rx=0 tx=0 comp rx=0 tx=0)._handle_peer_banner_payload supported=3 required=0
2024-04-23T00:40:24.716 INFO:teuthology.orchestra.run.smithi026.stdout:/usr/bin/ceph: stderr
2024-04-23T00:40:23.128+0000 7fc60ffff700 1 --2- >> [v2:172.21.15.26:3300/0,v1:172.21.15.26:6789/0] conn(0x7fc610104c50 0x7fc610105070 unknown :-1 s=HELLO_CONNECTING pgs=0 cs=0 l=0 rev1=1 crypto rx=0 tx=0 comp rx=0 tx=0).handle_hello peer v2:172.21.15.26:3300/0 says I am v2:172.21.15.26:40918/0 (socket says 172.21.15.26:40918)
2024-04-23T00:40:24.716 INFO:teuthology.orchestra.run.smithi026.stdout:/usr/bin/ceph: stderr
2024-04-23T00:40:23.128+0000 7fc60ffff700 1 -- 172.21.15.26:0/803133996 learned_addr learned my addr 172.21.15.26:0/803133996 (peer_addr_for_me v2:172.21.15.26:0/0)
2024-04-23T00:40:24.716 INFO:teuthology.orchestra.run.smithi026.stdout:/usr/bin/ceph: stderr
2024-04-23T00:40:23.128+0000 7fc60ffff700 1 -- 172.21.15.26:0/803133996 --> [v2:172.21.15.26:3300/0,v1:172.21.15.26:6789/0] -- mon_subscribe({config=0+,monmap=0+}) v3 -- 0x7fc610074620 con 0x7fc610104c50
2024-04-23T00:40:24.716 INFO:teuthology.orchestra.run.smithi026.stdout:/usr/bin/ceph: stderr
2024-04-23T00:40:23.129+0000 7fc60ffff700 1 --2- 172.21.15.26:0/803133996 >> [v2:172.21.15.26:3300/0,v1:172.21.15.26:6789/0] conn(0x7fc610104c50 0x7fc610105070 secure :-1 s=READY pgs=65 cs=0 l=1 rev1=1 crypto rx=0x7fc6000098a0 tx=0x7fc600009bb0 comp rx=0 tx=0).ready entity=mon.0 client_cookie=be398099e970cad4 server_cookie=0 in_seq=0 out_seq=0
2024-04-23T00:40:24.716 INFO:teuthology.orchestra.run.smithi026.stdout:/usr/bin/ceph: stderr
2024-04-23T00:40:23.129+0000 7fc60effd700 1 -- 172.21.15.26:0/803133996 <== mon.0 v2:172.21.15.26:3300/0 1 ==== mon_map magic: 0 v1 ==== 229+0+0 (secure 0 0 0) 0x7fc600004180 con 0x7fc610104c50
2024-04-23T00:40:24.716 INFO:teuthology.orchestra.run.smithi026.stdout:/usr/bin/ceph: stderr
2024-04-23T00:40:23.129+0000 7fc60effd700 1 -- 172.21.15.26:0/803133996 <== mon.0 v2:172.21.15.26:3300/0 2 ==== config(26 keys) v1 ==== 1074+0+0 (secure 0 0 0) 0x7fc6000042e0 con 0x7fc610104c50
2024-04-23T00:40:24.716 INFO:teuthology.orchestra.run.smithi026.stdout:/usr/bin/ceph: stderr
2024-04-23T00:40:23.129+0000 7fc60effd700 1 -- 172.21.15.26:0/803133996 <== mon.0 v2:172.21.15.26:3300/0 3 ==== mon_map magic: 0 v1 ==== 229+0+0 (secure 0 0 0) 0x7fc600011a40 con 0x7fc610104c50
2024-04-23T00:40:24.716 INFO:teuthology.orchestra.run.smithi026.stdout:/usr/bin/ceph: stderr
2024-04-23T00:40:23.129+0000 7fc61692f700 1 -- 172.21.15.26:0/803133996 >> [v2:172.21.15.26:3300/0,v1:172.21.15.26:6789/0] conn(0x7fc610104c50 msgr2=0x7fc610105070 secure :-1 s=STATE_CONNECTION_ESTABLISHED l=1).mark_down
2024-04-23T00:40:24.716 INFO:teuthology.orchestra.run.smithi026.stdout:/usr/bin/ceph: stderr
2024-04-23T00:40:23.129+0000 7fc61692f700 1 --2- 172.21.15.26:0/803133996 >> [v2:172.21.15.26:3300/0,v1:172.21.15.26:6789/0] conn(0x7fc610104c50 0x7fc610105070 secure :-1 s=READY pgs=65 cs=0 l=1 rev1=1 crypto rx=0x7fc6000098a0 tx=0x7fc600009bb0 comp rx=0 tx=0).stop
2024-04-23T00:40:24.716 INFO:teuthology.orchestra.run.smithi026.stdout:/usr/bin/ceph: stderr
2024-04-23T00:40:23.129+0000 7fc61692f700 1 -- 172.21.15.26:0/803133996 shutdown_connections
2024-04-23T00:40:24.716 INFO:teuthology.orchestra.run.smithi026.stdout:/usr/bin/ceph: stderr
2024-04-23T00:40:23.129+0000 7fc61692f700 1 --2- 172.21.15.26:0/803133996 >> [v2:172.21.15.26:3300/0,v1:172.21.15.26:6789/0] conn(0x7fc610104c50 0x7fc610105070 unknown :-1 s=CLOSED pgs=65 cs=0 l=1 rev1=1 crypto rx=0 tx=0 comp rx=0 tx=0).stop
2024-04-23T00:40:24.716 INFO:teuthology.orchestra.run.smithi026.stdout:/usr/bin/ceph: stderr
2024-04-23T00:40:23.129+0000 7fc61692f700 1 -- 172.21.15.26:0/803133996 >> 172.21.15.26:0/803133996 conn(0x7fc610100890 msgr2=0x7fc610102cb0 unknown :-1 s=STATE_NONE l=0).mark_down
2024-04-23T00:40:24.716 INFO:teuthology.orchestra.run.smithi026.stdout:/usr/bin/ceph: stderr
2024-04-23T00:40:23.129+0000 7fc61692f700 1 -- 172.21.15.26:0/803133996 shutdown_connections
2024-04-23T00:40:24.717 INFO:teuthology.orchestra.run.smithi026.stdout:/usr/bin/ceph: stderr
2024-04-23T00:40:23.129+0000 7fc61692f700 1 -- 172.21.15.26:0/803133996 wait complete.
2024-04-23T00:40:24.717 INFO:teuthology.orchestra.run.smithi026.stdout:/usr/bin/ceph: stderr
2024-04-23T00:40:23.130+0000 7fc61692f700 1 Processor -- start
2024-04-23T00:40:24.717 INFO:teuthology.orchestra.run.smithi026.stdout:/usr/bin/ceph: stderr
2024-04-23T00:40:23.130+0000 7fc61692f700 1 -- start start
2024-04-23T00:40:24.717 INFO:teuthology.orchestra.run.smithi026.stdout:/usr/bin/ceph: stderr
2024-04-23T00:40:23.130+0000 7fc61692f700 1 --2- >> [v2:172.21.15.26:3300/0,v1:172.21.15.26:6789/0] conn(0x7fc610104c50 0x7fc61019c270 unknown :-1 s=NONE pgs=0 cs=0 l=1 rev1=0 crypto rx=0 tx=0 comp rx=0 tx=0).connect
2024-04-23T00:40:24.717 INFO:teuthology.orchestra.run.smithi026.stdout:/usr/bin/ceph: stderr
2024-04-23T00:40:23.130+0000 7fc61692f700 1 -- --> [v2:172.21.15.26:3300/0,v1:172.21.15.26:6789/0] -- mon_getmap magic: 0 v1 -- 0x7fc61019c7b0 con 0x7fc610104c50
2024-04-23T00:40:24.717 INFO:teuthology.orchestra.run.smithi026.stdout:/usr/bin/ceph: stderr
2024-04-23T00:40:23.130+0000 7fc60ffff700 1 --2- >> [v2:172.21.15.26:3300/0,v1:172.21.15.26:6789/0] conn(0x7fc610104c50 0x7fc61019c270 unknown :-1 s=BANNER_CONNECTING pgs=0 cs=0 l=1 rev1=0 crypto rx=0 tx=0 comp rx=0 tx=0)._handle_peer_banner_payload supported=3 required=0
2024-04-23T00:40:24.717 INFO:teuthology.orchestra.run.smithi026.stdout:/usr/bin/ceph: stderr
2024-04-23T00:40:23.131+0000 7fc60ffff700 1 --2- >> [v2:172.21.15.26:3300/0,v1:172.21.15.26:6789/0] conn(0x7fc610104c50 0x7fc61019c270 unknown :-1 s=HELLO_CONNECTING pgs=0 cs=0 l=1 rev1=1 crypto rx=0 tx=0 comp rx=0 tx=0).handle_hello peer v2:172.21.15.26:3300/0 says I am v2:172.21.15.26:40932/0 (socket says 172.21.15.26:40932)
2024-04-23T00:40:24.717 INFO:teuthology.orchestra.run.smithi026.stdout:/usr/bin/ceph: stderr
2024-04-23T00:40:23.131+0000 7fc60ffff700 1 -- 172.21.15.26:0/2414013742 learned_addr learned my addr 172.21.15.26:0/2414013742 (peer_addr_for_me v2:172.21.15.26:0/0)
2024-04-23T00:40:24.717 INFO:teuthology.orchestra.run.smithi026.stdout:/usr/bin/ceph: stderr
2024-04-23T00:40:23.131+0000 7fc60ffff700 1 -- 172.21.15.26:0/2414013742 --> [v2:172.21.15.26:3300/0,v1:172.21.15.26:6789/0] -- mon_subscribe({config=0+,monmap=0+}) v3 -- 0x7fc600009550 con 0x7fc610104c50
2024-04-23T00:40:24.717 INFO:teuthology.orchestra.run.smithi026.stdout:/usr/bin/ceph: stderr
2024-04-23T00:40:23.131+0000 7fc60ffff700 1 --2- 172.21.15.26:0/2414013742 >> [v2:172.21.15.26:3300/0,v1:172.21.15.26:6789/0] conn(0x7fc610104c50 0x7fc61019c270 secure :-1 s=READY pgs=66 cs=0 l=1 rev1=1 crypto rx=0x7fc6000119f0 tx=0x7fc600011ad0 comp rx=0 tx=0).ready entity=mon.0 client_cookie=0 server_cookie=0 in_seq=0 out_seq=0
2024-04-23T00:40:24.717 INFO:teuthology.orchestra.run.smithi026.stdout:/usr/bin/ceph: stderr
2024-04-23T00:40:23.131+0000 7fc60d7fa700 1 -- 172.21.15.26:0/2414013742 <== mon.0 v2:172.21.15.26:3300/0 1 ==== mon_map magic: 0 v1 ==== 229+0+0 (secure 0 0 0) 0x7fc600003b90 con 0x7fc610104c50
2024-04-23T00:40:24.717 INFO:teuthology.orchestra.run.smithi026.stdout:/usr/bin/ceph: stderr
2024-04-23T00:40:23.131+0000 7fc60d7fa700 1 -- 172.21.15.26:0/2414013742 <== mon.0 v2:172.21.15.26:3300/0 2 ==== config(26 keys) v1 ==== 1074+0+0 (secure 0 0 0) 0x7fc6000248e0 con 0x7fc610104c50
2024-04-23T00:40:24.717 INFO:teuthology.orchestra.run.smithi026.stdout:/usr/bin/ceph: stderr
2024-04-23T00:40:23.131+0000 7fc61692f700 1 -- 172.21.15.26:0/2414013742 --> [v2:172.21.15.26:3300/0,v1:172.21.15.26:6789/0] -- mon_subscribe({mgrmap=0+}) v3 -- 0x7fc61019c9b0 con 0x7fc610104c50
2024-04-23T00:40:24.717 INFO:teuthology.orchestra.run.smithi026.stdout:/usr/bin/ceph: stderr
2024-04-23T00:40:23.131+0000 7fc60d7fa700 1 -- 172.21.15.26:0/2414013742 <== mon.0 v2:172.21.15.26:3300/0 3 ==== mon_map magic: 0 v1 ==== 229+0+0 (secure 0 0 0) 0x7fc60001a810 con 0x7fc610104c50
2024-04-23T00:40:24.718 INFO:teuthology.orchestra.run.smithi026.stdout:/usr/bin/ceph: stderr
2024-04-23T00:40:23.131+0000 7fc61692f700 1 -- 172.21.15.26:0/2414013742 --> [v2:172.21.15.26:3300/0,v1:172.21.15.26:6789/0] -- mon_subscribe({osdmap=0}) v3 -- 0x7fc61019ce50 con 0x7fc610104c50
2024-04-23T00:40:24.718 INFO:teuthology.orchestra.run.smithi026.stdout:/usr/bin/ceph: stderr
2024-04-23T00:40:23.132+0000 7fc60d7fa700 1 -- 172.21.15.26:0/2414013742 <== mon.0 v2:172.21.15.26:3300/0 4 ==== mgrmap(e 8) v1 ==== 45556+0+0 (secure 0 0 0) 0x7fc60001aa80 con 0x7fc610104c50
2024-04-23T00:40:24.718 INFO:teuthology.orchestra.run.smithi026.stdout:/usr/bin/ceph: stderr
2024-04-23T00:40:23.132+0000 7fc60d7fa700 1 --2- 172.21.15.26:0/2414013742 >> [v2:172.21.15.26:6800/1764104941,v1:172.21.15.26:6801/1764104941] conn(0x7fc5f80387c0 0x7fc5f803ac80 unknown :-1 s=NONE pgs=0 cs=0 l=1 rev1=0 crypto rx=0 tx=0 comp rx=0 tx=0).connect
2024-04-23T00:40:24.718 INFO:teuthology.orchestra.run.smithi026.stdout:/usr/bin/ceph: stderr
2024-04-23T00:40:23.132+0000 7fc60d7fa700 1 -- 172.21.15.26:0/2414013742 <== mon.0 v2:172.21.15.26:3300/0 5 ==== osd_map(2..2 src has 1..2) v4 ==== 940+0+0 (secure 0 0 0) 0x7fc60004c9e0 con 0x7fc610104c50
2024-04-23T00:40:24.718 INFO:teuthology.orchestra.run.smithi026.stdout:/usr/bin/ceph: stderr
2024-04-23T00:40:23.132+0000 7fc61692f700 1 -- 172.21.15.26:0/2414013742 --> [v2:172.21.15.26:3300/0,v1:172.21.15.26:6789/0] -- mon_command({"prefix": "get_command_descriptions"} v 0) v1 -- 0x7fc610195f70 con 0x7fc610104c50
2024-04-23T00:40:24.718 INFO:teuthology.orchestra.run.smithi026.stdout:/usr/bin/ceph: stderr
2024-04-23T00:40:23.132+0000 7fc60f7fe700 1 --2- 172.21.15.26:0/2414013742 >> [v2:172.21.15.26:6800/1764104941,v1:172.21.15.26:6801/1764104941] conn(0x7fc5f80387c0 0x7fc5f803ac80 unknown :-1 s=BANNER_CONNECTING pgs=0 cs=0 l=1 rev1=0 crypto rx=0 tx=0 comp rx=0 tx=0)._handle_peer_banner_payload supported=3 required=0
2024-04-23T00:40:24.718 INFO:teuthology.orchestra.run.smithi026.stdout:/usr/bin/ceph: stderr
2024-04-23T00:40:23.133+0000 7fc60f7fe700 1 --2- 172.21.15.26:0/2414013742 >> [v2:172.21.15.26:6800/1764104941,v1:172.21.15.26:6801/1764104941] conn(0x7fc5f80387c0 0x7fc5f803ac80 secure :-1 s=READY pgs=22 cs=0 l=1 rev1=1 crypto rx=0x7fc604006fd0 tx=0x7fc604006e40 comp rx=0 tx=0).ready entity=mgr.14118 client_cookie=0 server_cookie=0 in_seq=0 out_seq=0
2024-04-23T00:40:24.718 INFO:teuthology.orchestra.run.smithi026.stdout:/usr/bin/ceph: stderr
2024-04-23T00:40:23.137+0000 7fc60d7fa700 1 -- 172.21.15.26:0/2414013742 <== mon.0 v2:172.21.15.26:3300/0 6 ==== mon_command_ack([{"prefix": "get_command_descriptions"}]=0 v0) v1 ==== 72+0+183351 (secure 0 0 0) 0x7fc60001ad30 con 0x7fc610104c50
2024-04-23T00:40:24.718 INFO:teuthology.orchestra.run.smithi026.stdout:/usr/bin/ceph: stderr
2024-04-23T00:40:23.404+0000 7fc61692f700 1 -- 172.21.15.26:0/2414013742 --> [v2:172.21.15.26:3300/0,v1:172.21.15.26:6789/0] -- mon_command({"prefix": "mgr module enable", "module": "dashboard"} v 0) v1 -- 0x7fc610106220 con 0x7fc610104c50
2024-04-23T00:40:24.718 INFO:teuthology.orchestra.run.smithi026.stdout:/usr/bin/ceph: stderr
2024-04-23T00:40:23.854+0000 7fc60d7fa700 1 -- 172.21.15.26:0/2414013742 <== mon.0 v2:172.21.15.26:3300/0 7 ==== mgrmap(e 9) v1 ==== 45569+0+0 (secure 0 0 0) 0x7fc600024a50 con 0x7fc610104c50
2024-04-23T00:40:24.718 INFO:teuthology.orchestra.run.smithi026.stdout:/usr/bin/ceph: stderr
2024-04-23T00:40:23.855+0000 7fc60d7fa700 1 -- 172.21.15.26:0/2414013742 <== mon.0 v2:172.21.15.26:3300/0 8 ==== mon_command_ack([{"prefix": "mgr module enable", "module": "dashboard"}]=0 v9) v1 ==== 88+0+0 (secure 0 0 0) 0x7fc60000bde0 con 0x7fc610104c50
2024-04-23T00:40:24.718 INFO:teuthology.orchestra.run.smithi026.stdout:/usr/bin/ceph: stderr
2024-04-23T00:40:23.859+0000 7fc61692f700 1 -- 172.21.15.26:0/2414013742 >> [v2:172.21.15.26:6800/1764104941,v1:172.21.15.26:6801/1764104941] conn(0x7fc5f80387c0 msgr2=0x7fc5f803ac80 secure :-1 s=STATE_CONNECTION_ESTABLISHED l=1).mark_down
2024-04-23T00:40:24.718 INFO:teuthology.orchestra.run.smithi026.stdout:/usr/bin/ceph: stderr
2024-04-23T00:40:23.859+0000 7fc61692f700 1 --2- 172.21.15.26:0/2414013742 >> [v2:172.21.15.26:6800/1764104941,v1:172.21.15.26:6801/1764104941] conn(0x7fc5f80387c0 0x7fc5f803ac80 secure :-1 s=READY pgs=22 cs=0 l=1 rev1=1 crypto rx=0x7fc604006fd0 tx=0x7fc604006e40 comp rx=0 tx=0).stop
2024-04-23T00:40:24.719 INFO:teuthology.orchestra.run.smithi026.stdout:/usr/bin/ceph: stderr
2024-04-23T00:40:23.859+0000 7fc61692f700 1 -- 172.21.15.26:0/2414013742 >> [v2:172.21.15.26:3300/0,v1:172.21.15.26:6789/0] conn(0x7fc610104c50 msgr2=0x7fc61019c270 secure :-1 s=STATE_CONNECTION_ESTABLISHED l=1).mark_down
2024-04-23T00:40:24.719 INFO:teuthology.orchestra.run.smithi026.stdout:/usr/bin/ceph: stderr
2024-04-23T00:40:23.859+0000 7fc61692f700 1 --2- 172.21.15.26:0/2414013742 >> [v2:172.21.15.26:3300/0,v1:172.21.15.26:6789/0] conn(0x7fc610104c50 0x7fc61019c270 secure :-1 s=READY pgs=66 cs=0 l=1 rev1=1 crypto rx=0x7fc6000119f0 tx=0x7fc600011ad0 comp rx=0 tx=0).stop
2024-04-23T00:40:24.719 INFO:teuthology.orchestra.run.smithi026.stdout:/usr/bin/ceph: stderr
2024-04-23T00:40:23.859+0000 7fc61692f700 1 -- 172.21.15.26:0/2414013742 shutdown_connections
2024-04-23T00:40:24.719 INFO:teuthology.orchestra.run.smithi026.stdout:/usr/bin/ceph: stderr
2024-04-23T00:40:23.859+0000 7fc61692f700 1 --2- 172.21.15.26:0/2414013742 >> [v2:172.21.15.26:6800/1764104941,v1:172.21.15.26:6801/1764104941] conn(0x7fc5f80387c0 0x7fc5f803ac80 unknown :-1 s=CLOSED pgs=22 cs=0 l=1 rev1=1 crypto rx=0 tx=0 comp rx=0 tx=0).stop
2024-04-23T00:40:24.719 INFO:teuthology.orchestra.run.smithi026.stdout:/usr/bin/ceph: stderr
2024-04-23T00:40:23.859+0000 7fc61692f700 1 --2- 172.21.15.26:0/2414013742 >> [v2:172.21.15.26:3300/0,v1:172.21.15.26:6789/0] conn(0x7fc610104c50 0x7fc61019c270 unknown :-1 s=CLOSED pgs=66 cs=0 l=1 rev1=1 crypto rx=0 tx=0 comp rx=0 tx=0).stop
2024-04-23T00:40:24.719 INFO:teuthology.orchestra.run.smithi026.stdout:/usr/bin/ceph: stderr
2024-04-23T00:40:23.859+0000 7fc61692f700 1 -- 172.21.15.26:0/2414013742 >> 172.21.15.26:0/2414013742 conn(0x7fc610100890 msgr2=0x7fc6101930b0 unknown :-1 s=STATE_NONE l=0).mark_down
2024-04-23T00:40:24.719 INFO:teuthology.orchestra.run.smithi026.stdout:/usr/bin/ceph: stderr
2024-04-23T00:40:23.859+0000 7fc61692f700 1 -- 172.21.15.26:0/2414013742 shutdown_connections
2024-04-23T00:40:24.719 INFO:teuthology.orchestra.run.smithi026.stdout:/usr/bin/ceph: stderr
2024-04-23T00:40:23.859+0000 7fc61692f700 1 -- 172.21.15.26:0/2414013742 wait complete.
2024-04-23T00:40:25.302 INFO:journalctl@ceph.mon.smithi026.smithi026.stdout:Apr 23 00:40:24 smithi026 ceph-mon[39851]: from='client.? 172.21.15.26:0/2414013742' entity='client.admin' cmd='[{"prefix": "mgr module enable", "module": "dashboard"}]': finished
2024-04-23T00:40:25.302 INFO:journalctl@ceph.mon.smithi026.smithi026.stdout:Apr 23 00:40:24 smithi026 ceph-mon[39851]: mgrmap e9: smithi026.tpwtvs(active, since 29s)
2024-04-23T00:40:26.199 INFO:teuthology.orchestra.run.smithi026.stdout:/usr/bin/ceph: stdout {
2024-04-23T00:40:26.598 INFO:teuthology.orchestra.run.smithi026.stdout:/usr/bin/ceph: stdout "epoch": 9,
2024-04-23T00:40:26.598 INFO:teuthology.orchestra.run.smithi026.stdout:/usr/bin/ceph: stdout "available": true,
2024-04-23T00:40:26.598 INFO:teuthology.orchestra.run.smithi026.stdout:/usr/bin/ceph: stdout "active_name": "smithi026.tpwtvs",
2024-04-23T00:40:26.599 INFO:teuthology.orchestra.run.smithi026.stdout:/usr/bin/ceph: stdout "num_standby": 0
2024-04-23T00:40:26.599 INFO:teuthology.orchestra.run.smithi026.stdout:/usr/bin/ceph: stdout }
2024-04-23T00:40:26.599 INFO:teuthology.orchestra.run.smithi026.stdout:/usr/bin/ceph: stderr
2024-04-23T00:40:25.248+0000 7f404a931700 1 Processor -- start
2024-04-23T00:40:26.599 INFO:teuthology.orchestra.run.smithi026.stdout:/usr/bin/ceph: stderr
2024-04-23T00:40:25.248+0000 7f404a931700 1 -- start start
2024-04-23T00:40:26.599 INFO:teuthology.orchestra.run.smithi026.stdout:/usr/bin/ceph: stderr
2024-04-23T00:40:25.248+0000 7f404a931700 1 --2- >> [v2:172.21.15.26:3300/0,v1:172.21.15.26:6789/0] conn(0x7f4044106dc0 0x7f40441091b0 unknown :-1 s=NONE pgs=0 cs=0 l=0 rev1=0 crypto rx=0 tx=0 comp rx=0 tx=0).connect
2024-04-23T00:40:26.599 INFO:teuthology.orchestra.run.smithi026.stdout:/usr/bin/ceph: stderr
2024-04-23T00:40:25.248+0000 7f404a931700 1 -- --> [v2:172.21.15.26:3300/0,v1:172.21.15.26:6789/0] -- mon_getmap magic: 0 v1 -- 0x7f4044074580 con 0x7f4044106dc0
2024-04-23T00:40:26.599 INFO:teuthology.orchestra.run.smithi026.stdout:/usr/bin/ceph: stderr
2024-04-23T00:40:25.248+0000 7f4043fff700 1 --2- >> [v2:172.21.15.26:3300/0,v1:172.21.15.26:6789/0] conn(0x7f4044106dc0 0x7f40441091b0 unknown :-1 s=BANNER_CONNECTING pgs=0 cs=0 l=0 rev1=0 crypto rx=0 tx=0 comp rx=0 tx=0)._handle_peer_banner_payload supported=3 required=0
2024-04-23T00:40:26.600 INFO:teuthology.orchestra.run.smithi026.stdout:/usr/bin/ceph: stderr
2024-04-23T00:40:25.248+0000 7f4043fff700 1 --2- >> [v2:172.21.15.26:3300/0,v1:172.21.15.26:6789/0] conn(0x7f4044106dc0 0x7f40441091b0 unknown :-1 s=HELLO_CONNECTING pgs=0 cs=0 l=0 rev1=1 crypto rx=0 tx=0 comp rx=0 tx=0).handle_hello peer v2:172.21.15.26:3300/0 says I am v2:172.21.15.26:40970/0 (socket says 172.21.15.26:40970)
2024-04-23T00:40:26.600 INFO:teuthology.orchestra.run.smithi026.stdout:/usr/bin/ceph: stderr
2024-04-23T00:40:25.248+0000 7f4043fff700 1 -- 172.21.15.26:0/831530293 learned_addr learned my addr 172.21.15.26:0/831530293 (peer_addr_for_me v2:172.21.15.26:0/0)
2024-04-23T00:40:26.600 INFO:teuthology.orchestra.run.smithi026.stdout:/usr/bin/ceph: stderr
2024-04-23T00:40:25.248+0000 7f4043fff700 1 -- 172.21.15.26:0/831530293 --> [v2:172.21.15.26:3300/0,v1:172.21.15.26:6789/0] -- mon_subscribe({config=0+,monmap=0+}) v3 -- 0x7f40441096f0 con 0x7f4044106dc0
2024-04-23T00:40:26.600 INFO:teuthology.orchestra.run.smithi026.stdout:/usr/bin/ceph: stderr
2024-04-23T00:40:25.249+0000 7f4043fff700 1 --2- 172.21.15.26:0/831530293 >> [v2:172.21.15.26:3300/0,v1:172.21.15.26:6789/0] conn(0x7f4044106dc0 0x7f40441091b0 secure :-1 s=READY pgs=69 cs=0 l=1 rev1=1 crypto rx=0x7f40340098a0 tx=0x7f4034009bb0 comp rx=0 tx=0).ready entity=mon.0 client_cookie=89328d2586d9559d server_cookie=0 in_seq=0 out_seq=0
2024-04-23T00:40:26.600 INFO:teuthology.orchestra.run.smithi026.stdout:/usr/bin/ceph: stderr
2024-04-23T00:40:25.249+0000 7f4042ffd700 1 -- 172.21.15.26:0/831530293 <== mon.0 v2:172.21.15.26:3300/0 1 ==== mon_map magic: 0 v1 ==== 229+0+0 (secure 0 0 0) 0x7f4034004180 con 0x7f4044106dc0
2024-04-23T00:40:26.601 INFO:teuthology.orchestra.run.smithi026.stdout:/usr/bin/ceph: stderr
2024-04-23T00:40:25.249+0000 7f4042ffd700 1 -- 172.21.15.26:0/831530293 <== mon.0 v2:172.21.15.26:3300/0 2 ==== config(26 keys) v1 ==== 1074+0+0 (secure 0 0 0) 0x7f40340042e0 con 0x7f4044106dc0
2024-04-23T00:40:26.601 INFO:teuthology.orchestra.run.smithi026.stdout:/usr/bin/ceph: stderr
2024-04-23T00:40:25.249+0000 7f4042ffd700 1 -- 172.21.15.26:0/831530293 <== mon.0 v2:172.21.15.26:3300/0 3 ==== mon_map magic: 0 v1 ==== 229+0+0 (secure 0 0 0) 0x7f4034011a40 con 0x7f4044106dc0
2024-04-23T00:40:26.601 INFO:teuthology.orchestra.run.smithi026.stdout:/usr/bin/ceph: stderr
2024-04-23T00:40:25.249+0000 7f404a931700 1 -- 172.21.15.26:0/831530293 >> [v2:172.21.15.26:3300/0,v1:172.21.15.26:6789/0] conn(0x7f4044106dc0 msgr2=0x7f40441091b0 secure :-1 s=STATE_CONNECTION_ESTABLISHED l=1).mark_down
2024-04-23T00:40:26.601 INFO:teuthology.orchestra.run.smithi026.stdout:/usr/bin/ceph: stderr
2024-04-23T00:40:25.249+0000 7f404a931700 1 --2- 172.21.15.26:0/831530293 >> [v2:172.21.15.26:3300/0,v1:172.21.15.26:6789/0] conn(0x7f4044106dc0 0x7f40441091b0 secure :-1 s=READY pgs=69 cs=0 l=1 rev1=1 crypto rx=0x7f40340098a0 tx=0x7f4034009bb0 comp rx=0 tx=0).stop
2024-04-23T00:40:26.601 INFO:teuthology.orchestra.run.smithi026.stdout:/usr/bin/ceph: stderr
2024-04-23T00:40:25.250+0000 7f404a931700 1 -- 172.21.15.26:0/831530293 shutdown_connections
2024-04-23T00:40:26.601 INFO:teuthology.orchestra.run.smithi026.stdout:/usr/bin/ceph: stderr
2024-04-23T00:40:25.250+0000 7f404a931700 1 --2- 172.21.15.26:0/831530293 >> [v2:172.21.15.26:3300/0,v1:172.21.15.26:6789/0] conn(0x7f4044106dc0 0x7f40441091b0 unknown :-1 s=CLOSED pgs=69 cs=0 l=1 rev1=1 crypto rx=0 tx=0 comp rx=0 tx=0).stop
2024-04-23T00:40:26.602 INFO:teuthology.orchestra.run.smithi026.stdout:/usr/bin/ceph: stderr
