2024-04-23T00:39:41.744+0000 7f1bf64b9700 1 --2- 172.21.15.26:0/877575405 >> [v2:172.21.15.26:6800/4008897440,v1:172.21.15.26:6801/4008897440] conn(0x7f1bd8038720 0x7f1bd803abe0 secure :-1 s=READY pgs=6 cs=0 l=1 rev1=1 crypto rx=0x7f1be4006fd0 tx=0x7f1be4006e40 comp rx=0 tx=0).stop
2024-04-23T00:39:45.404 INFO:teuthology.orchestra.run.smithi026.stdout:/usr/bin/ceph: stderr
2024-04-23T00:39:41.744+0000 7f1bf64b9700 1 -- 172.21.15.26:0/877575405 >> [v2:172.21.15.26:3300/0,v1:172.21.15.26:6789/0] conn(0x7f1bf0104680 msgr2=0x7f1bf0199fb0 secure :-1 s=STATE_CONNECTION_ESTABLISHED l=1).mark_down
2024-04-23T00:39:45.404 INFO:teuthology.orchestra.run.smithi026.stdout:/usr/bin/ceph: stderr
2024-04-23T00:39:41.744+0000 7f1bf64b9700 1 --2- 172.21.15.26:0/877575405 >> [v2:172.21.15.26:3300/0,v1:172.21.15.26:6789/0] conn(0x7f1bf0104680 0x7f1bf0199fb0 secure :-1 s=READY pgs=17 cs=0 l=1 rev1=1 crypto rx=0x7f1be0009130 tx=0x7f1be0011a30 comp rx=0 tx=0).stop
2024-04-23T00:39:45.404 INFO:teuthology.orchestra.run.smithi026.stdout:/usr/bin/ceph: stderr
2024-04-23T00:39:41.744+0000 7f1bf64b9700 1 -- 172.21.15.26:0/877575405 shutdown_connections
2024-04-23T00:39:45.404 INFO:teuthology.orchestra.run.smithi026.stdout:/usr/bin/ceph: stderr
2024-04-23T00:39:41.744+0000 7f1bf64b9700 1 --2- 172.21.15.26:0/877575405 >> [v2:172.21.15.26:6800/4008897440,v1:172.21.15.26:6801/4008897440] conn(0x7f1bd8038720 0x7f1bd803abe0 unknown :-1 s=CLOSED pgs=6 cs=0 l=1 rev1=1 crypto rx=0 tx=0 comp rx=0 tx=0).stop
2024-04-23T00:39:45.404 INFO:teuthology.orchestra.run.smithi026.stdout:/usr/bin/ceph: stderr
2024-04-23T00:39:41.744+0000 7f1bf64b9700 1 --2- 172.21.15.26:0/877575405 >> [v2:172.21.15.26:3300/0,v1:172.21.15.26:6789/0] conn(0x7f1bf0104680 0x7f1bf0199fb0 unknown :-1 s=CLOSED pgs=17 cs=0 l=1 rev1=1 crypto rx=0 tx=0 comp rx=0 tx=0).stop
2024-04-23T00:39:45.404 INFO:teuthology.orchestra.run.smithi026.stdout:/usr/bin/ceph: stderr
2024-04-23T00:39:41.744+0000 7f1bf64b9700 1 -- 172.21.15.26:0/877575405 >> 172.21.15.26:0/877575405 conn(0x7f1bf00fffe0 msgr2=0x7f1bf0100b30 unknown :-1 s=STATE_NONE l=0).mark_down
2024-04-23T00:39:45.404 INFO:teuthology.orchestra.run.smithi026.stdout:/usr/bin/ceph: stderr
2024-04-23T00:39:41.744+0000 7f1bf64b9700 1 -- 172.21.15.26:0/877575405 shutdown_connections
2024-04-23T00:39:45.404 INFO:teuthology.orchestra.run.smithi026.stdout:/usr/bin/ceph: stderr
2024-04-23T00:39:41.744+0000 7f1bf64b9700 1 -- 172.21.15.26:0/877575405 wait complete.
2024-04-23T00:39:45.404 INFO:teuthology.orchestra.run.smithi026.stdout:mgr is available
2024-04-23T00:39:46.501 INFO:journalctl@ceph.mon.smithi026.smithi026.stdout:Apr 23 00:39:46 smithi026 ceph-mon[39851]: from='client.? 172.21.15.26:0/659913703' entity='client.admin' cmd=[{"prefix": "config assimilate-conf"}]: dispatch
2024-04-23T00:39:46.813 INFO:teuthology.orchestra.run.smithi026.stdout:/usr/bin/ceph: stdout
2024-04-23T00:39:46.814 INFO:teuthology.orchestra.run.smithi026.stdout:/usr/bin/ceph: stdout [global]
2024-04-23T00:39:46.814 INFO:teuthology.orchestra.run.smithi026.stdout:/usr/bin/ceph: stdout fsid = c8f588b8-0109-11ef-bc93-c7b262605968
2024-04-23T00:39:46.814 INFO:teuthology.orchestra.run.smithi026.stdout:/usr/bin/ceph: stdout mon_osd_allow_pg_remap = true
2024-04-23T00:39:46.814 INFO:teuthology.orchestra.run.smithi026.stdout:/usr/bin/ceph: stdout mon_osd_allow_primary_affinity = true
2024-04-23T00:39:46.814 INFO:teuthology.orchestra.run.smithi026.stdout:/usr/bin/ceph: stdout mon_warn_on_no_sortbitwise = false
2024-04-23T00:39:46.814 INFO:teuthology.orchestra.run.smithi026.stdout:/usr/bin/ceph: stdout osd_crush_chooseleaf_type = 0
2024-04-23T00:39:46.814 INFO:teuthology.orchestra.run.smithi026.stdout:/usr/bin/ceph: stdout
2024-04-23T00:39:46.814 INFO:teuthology.orchestra.run.smithi026.stdout:/usr/bin/ceph: stdout [mgr]
2024-04-23T00:39:46.814 INFO:teuthology.orchestra.run.smithi026.stdout:/usr/bin/ceph: stdout mgr/telemetry/nag = false
2024-04-23T00:39:46.814 INFO:teuthology.orchestra.run.smithi026.stdout:/usr/bin/ceph: stdout
2024-04-23T00:39:46.814 INFO:teuthology.orchestra.run.smithi026.stdout:/usr/bin/ceph: stdout [osd]
2024-04-23T00:39:46.815 INFO:teuthology.orchestra.run.smithi026.stdout:/usr/bin/ceph: stdout mon_osd_backfillfull_ratio = 0.85
2024-04-23T00:39:46.815 INFO:teuthology.orchestra.run.smithi026.stdout:/usr/bin/ceph: stdout mon_osd_full_ratio = 0.9
2024-04-23T00:39:46.815 INFO:teuthology.orchestra.run.smithi026.stdout:/usr/bin/ceph: stdout mon_osd_nearfull_ratio = 0.8
2024-04-23T00:39:46.815 INFO:teuthology.orchestra.run.smithi026.stdout:/usr/bin/ceph: stdout osd_map_max_advance = 10
2024-04-23T00:39:46.815 INFO:teuthology.orchestra.run.smithi026.stdout:/usr/bin/ceph: stdout osd_sloppy_crc = true
2024-04-23T00:39:46.815 INFO:teuthology.orchestra.run.smithi026.stdout:/usr/bin/ceph: stderr
2024-04-23T00:39:45.986+0000 7f8d9f7b0700 1 Processor -- start
2024-04-23T00:39:46.815 INFO:teuthology.orchestra.run.smithi026.stdout:/usr/bin/ceph: stderr
2024-04-23T00:39:45.986+0000 7f8d9f7b0700 1 -- start start
2024-04-23T00:39:46.815 INFO:teuthology.orchestra.run.smithi026.stdout:/usr/bin/ceph: stderr
2024-04-23T00:39:45.986+0000 7f8d9f7b0700 1 --2- >> [v2:172.21.15.26:3300/0,v1:172.21.15.26:6789/0] conn(0x7f8d98106e00 0x7f8d981091f0 unknown :-1 s=NONE pgs=0 cs=0 l=0 rev1=0 crypto rx=0 tx=0 comp rx=0 tx=0).connect
2024-04-23T00:39:46.815 INFO:teuthology.orchestra.run.smithi026.stdout:/usr/bin/ceph: stderr
2024-04-23T00:39:45.986+0000 7f8d9f7b0700 1 -- --> [v2:172.21.15.26:3300/0,v1:172.21.15.26:6789/0] -- mon_getmap magic: 0 v1 -- 0x7f8d98074540 con 0x7f8d98106e00
2024-04-23T00:39:46.815 INFO:teuthology.orchestra.run.smithi026.stdout:/usr/bin/ceph: stderr
2024-04-23T00:39:45.986+0000 7f8d9d54c700 1 --2- >> [v2:172.21.15.26:3300/0,v1:172.21.15.26:6789/0] conn(0x7f8d98106e00 0x7f8d981091f0 unknown :-1 s=BANNER_CONNECTING pgs=0 cs=0 l=0 rev1=0 crypto rx=0 tx=0 comp rx=0 tx=0)._handle_peer_banner_payload supported=3 required=0
2024-04-23T00:39:46.815 INFO:teuthology.orchestra.run.smithi026.stdout:/usr/bin/ceph: stderr
2024-04-23T00:39:45.986+0000 7f8d9d54c700 1 --2- >> [v2:172.21.15.26:3300/0,v1:172.21.15.26:6789/0] conn(0x7f8d98106e00 0x7f8d981091f0 unknown :-1 s=HELLO_CONNECTING pgs=0 cs=0 l=0 rev1=1 crypto rx=0 tx=0 comp rx=0 tx=0).handle_hello peer v2:172.21.15.26:3300/0 says I am v2:172.21.15.26:40806/0 (socket says 172.21.15.26:40806)
2024-04-23T00:39:46.815 INFO:teuthology.orchestra.run.smithi026.stdout:/usr/bin/ceph: stderr
2024-04-23T00:39:45.986+0000 7f8d9d54c700 1 -- 172.21.15.26:0/4165236411 learned_addr learned my addr 172.21.15.26:0/4165236411 (peer_addr_for_me v2:172.21.15.26:0/0)
2024-04-23T00:39:46.815 INFO:teuthology.orchestra.run.smithi026.stdout:/usr/bin/ceph: stderr
2024-04-23T00:39:45.987+0000 7f8d9d54c700 1 -- 172.21.15.26:0/4165236411 --> [v2:172.21.15.26:3300/0,v1:172.21.15.26:6789/0] -- mon_subscribe({config=0+,monmap=0+}) v3 -- 0x7f8d98109730 con 0x7f8d98106e00
2024-04-23T00:39:46.816 INFO:teuthology.orchestra.run.smithi026.stdout:/usr/bin/ceph: stderr
2024-04-23T00:39:45.987+0000 7f8d9d54c700 1 --2- 172.21.15.26:0/4165236411 >> [v2:172.21.15.26:3300/0,v1:172.21.15.26:6789/0] conn(0x7f8d98106e00 0x7f8d981091f0 secure :-1 s=READY pgs=18 cs=0 l=1 rev1=1 crypto rx=0x7f8d940098a0 tx=0x7f8d94009bb0 comp rx=0 tx=0).ready entity=mon.0 client_cookie=8e463e181216986b server_cookie=0 in_seq=0 out_seq=0
2024-04-23T00:39:46.816 INFO:teuthology.orchestra.run.smithi026.stdout:/usr/bin/ceph: stderr
2024-04-23T00:39:45.987+0000 7f8d8ffff700 1 -- 172.21.15.26:0/4165236411 <== mon.0 v2:172.21.15.26:3300/0 1 ==== mon_map magic: 0 v1 ==== 229+0+0 (secure 0 0 0) 0x7f8d94004180 con 0x7f8d98106e00
2024-04-23T00:39:46.816 INFO:teuthology.orchestra.run.smithi026.stdout:/usr/bin/ceph: stderr
2024-04-23T00:39:45.987+0000 7f8d8ffff700 1 -- 172.21.15.26:0/4165236411 <== mon.0 v2:172.21.15.26:3300/0 2 ==== config(26 keys) v1 ==== 1007+0+0 (secure 0 0 0) 0x7f8d940042e0 con 0x7f8d98106e00
2024-04-23T00:39:46.816 INFO:teuthology.orchestra.run.smithi026.stdout:/usr/bin/ceph: stderr
2024-04-23T00:39:45.987+0000 7f8d8ffff700 1 -- 172.21.15.26:0/4165236411 <== mon.0 v2:172.21.15.26:3300/0 3 ==== mon_map magic: 0 v1 ==== 229+0+0 (secure 0 0 0) 0x7f8d940119d0 con 0x7f8d98106e00
2024-04-23T00:39:46.816 INFO:teuthology.orchestra.run.smithi026.stdout:/usr/bin/ceph: stderr
2024-04-23T00:39:45.987+0000 7f8d9f7b0700 1 -- 172.21.15.26:0/4165236411 >> [v2:172.21.15.26:3300/0,v1:172.21.15.26:6789/0] conn(0x7f8d98106e00 msgr2=0x7f8d981091f0 secure :-1 s=STATE_CONNECTION_ESTABLISHED l=1).mark_down
2024-04-23T00:39:46.816 INFO:teuthology.orchestra.run.smithi026.stdout:/usr/bin/ceph: stderr
2024-04-23T00:39:45.987+0000 7f8d9f7b0700 1 --2- 172.21.15.26:0/4165236411 >> [v2:172.21.15.26:3300/0,v1:172.21.15.26:6789/0] conn(0x7f8d98106e00 0x7f8d981091f0 secure :-1 s=READY pgs=18 cs=0 l=1 rev1=1 crypto rx=0x7f8d940098a0 tx=0x7f8d94009bb0 comp rx=0 tx=0).stop
2024-04-23T00:39:46.816 INFO:teuthology.orchestra.run.smithi026.stdout:/usr/bin/ceph: stderr
2024-04-23T00:39:45.988+0000 7f8d9f7b0700 1 -- 172.21.15.26:0/4165236411 shutdown_connections
2024-04-23T00:39:46.816 INFO:teuthology.orchestra.run.smithi026.stdout:/usr/bin/ceph: stderr
2024-04-23T00:39:45.988+0000 7f8d9f7b0700 1 --2- 172.21.15.26:0/4165236411 >> [v2:172.21.15.26:3300/0,v1:172.21.15.26:6789/0] conn(0x7f8d98106e00 0x7f8d981091f0 unknown :-1 s=CLOSED pgs=18 cs=0 l=1 rev1=1 crypto rx=0 tx=0 comp rx=0 tx=0).stop
2024-04-23T00:39:46.816 INFO:teuthology.orchestra.run.smithi026.stdout:/usr/bin/ceph: stderr
2024-04-23T00:39:45.988+0000 7f8d9f7b0700 1 -- 172.21.15.26:0/4165236411 >> 172.21.15.26:0/4165236411 conn(0x7f8d98100870 msgr2=0x7f8d98102c90 unknown :-1 s=STATE_NONE l=0).mark_down
2024-04-23T00:39:46.816 INFO:teuthology.orchestra.run.smithi026.stdout:/usr/bin/ceph: stderr
2024-04-23T00:39:45.988+0000 7f8d9f7b0700 1 -- 172.21.15.26:0/4165236411 shutdown_connections
2024-04-23T00:39:46.816 INFO:teuthology.orchestra.run.smithi026.stdout:/usr/bin/ceph: stderr
2024-04-23T00:39:45.988+0000 7f8d9f7b0700 1 -- 172.21.15.26:0/4165236411 wait complete.
2024-04-23T00:39:46.816 INFO:teuthology.orchestra.run.smithi026.stdout:/usr/bin/ceph: stderr
2024-04-23T00:39:45.988+0000 7f8d9f7b0700 1 Processor -- start
2024-04-23T00:39:46.816 INFO:teuthology.orchestra.run.smithi026.stdout:/usr/bin/ceph: stderr
2024-04-23T00:39:45.988+0000 7f8d9f7b0700 1 -- start start
2024-04-23T00:39:46.817 INFO:teuthology.orchestra.run.smithi026.stdout:/usr/bin/ceph: stderr
2024-04-23T00:39:45.989+0000 7f8d9f7b0700 1 --2- >> [v2:172.21.15.26:3300/0,v1:172.21.15.26:6789/0] conn(0x7f8d98106e00 0x7f8d9819a070 unknown :-1 s=NONE pgs=0 cs=0 l=1 rev1=0 crypto rx=0 tx=0 comp rx=0 tx=0).connect
2024-04-23T00:39:46.817 INFO:teuthology.orchestra.run.smithi026.stdout:/usr/bin/ceph: stderr
2024-04-23T00:39:45.989+0000 7f8d9f7b0700 1 -- --> [v2:172.21.15.26:3300/0,v1:172.21.15.26:6789/0] -- mon_getmap magic: 0 v1 -- 0x7f8d9819a5b0 con 0x7f8d98106e00
2024-04-23T00:39:46.817 INFO:teuthology.orchestra.run.smithi026.stdout:/usr/bin/ceph: stderr
2024-04-23T00:39:45.989+0000 7f8d9d54c700 1 --2- >> [v2:172.21.15.26:3300/0,v1:172.21.15.26:6789/0] conn(0x7f8d98106e00 0x7f8d9819a070 unknown :-1 s=BANNER_CONNECTING pgs=0 cs=0 l=1 rev1=0 crypto rx=0 tx=0 comp rx=0 tx=0)._handle_peer_banner_payload supported=3 required=0
2024-04-23T00:39:46.817 INFO:teuthology.orchestra.run.smithi026.stdout:/usr/bin/ceph: stderr
2024-04-23T00:39:45.989+0000 7f8d9d54c700 1 --2- >> [v2:172.21.15.26:3300/0,v1:172.21.15.26:6789/0] conn(0x7f8d98106e00 0x7f8d9819a070 unknown :-1 s=HELLO_CONNECTING pgs=0 cs=0 l=1 rev1=1 crypto rx=0 tx=0 comp rx=0 tx=0).handle_hello peer v2:172.21.15.26:3300/0 says I am v2:172.21.15.26:40818/0 (socket says 172.21.15.26:40818)
2024-04-23T00:39:46.817 INFO:teuthology.orchestra.run.smithi026.stdout:/usr/bin/ceph: stderr
2024-04-23T00:39:45.989+0000 7f8d9d54c700 1 -- 172.21.15.26:0/659913703 learned_addr learned my addr 172.21.15.26:0/659913703 (peer_addr_for_me v2:172.21.15.26:0/0)
2024-04-23T00:39:46.817 INFO:teuthology.orchestra.run.smithi026.stdout:/usr/bin/ceph: stderr
2024-04-23T00:39:45.989+0000 7f8d9d54c700 1 -- 172.21.15.26:0/659913703 --> [v2:172.21.15.26:3300/0,v1:172.21.15.26:6789/0] -- mon_subscribe({config=0+,monmap=0+}) v3 -- 0x7f8d94009550 con 0x7f8d98106e00
2024-04-23T00:39:46.817 INFO:teuthology.orchestra.run.smithi026.stdout:/usr/bin/ceph: stderr
2024-04-23T00:39:45.989+0000 7f8d9d54c700 1 --2- 172.21.15.26:0/659913703 >> [v2:172.21.15.26:3300/0,v1:172.21.15.26:6789/0] conn(0x7f8d98106e00 0x7f8d9819a070 secure :-1 s=READY pgs=19 cs=0 l=1 rev1=1 crypto rx=0x7f8d94003d30 tx=0x7f8d94011a30 comp rx=0 tx=0).ready entity=mon.0 client_cookie=0 server_cookie=0 in_seq=0 out_seq=0
2024-04-23T00:39:46.817 INFO:teuthology.orchestra.run.smithi026.stdout:/usr/bin/ceph: stderr
2024-04-23T00:39:45.989+0000 7f8d8e7fc700 1 -- 172.21.15.26:0/659913703 <== mon.0 v2:172.21.15.26:3300/0 1 ==== mon_map magic: 0 v1 ==== 229+0+0 (secure 0 0 0) 0x7f8d94003b10 con 0x7f8d98106e00
2024-04-23T00:39:46.817 INFO:teuthology.orchestra.run.smithi026.stdout:/usr/bin/ceph: stderr
2024-04-23T00:39:45.989+0000 7f8d8e7fc700 1 -- 172.21.15.26:0/659913703 <== mon.0 v2:172.21.15.26:3300/0 2 ==== config(26 keys) v1 ==== 1007+0+0 (secure 0 0 0) 0x7f8d9401a880 con 0x7f8d98106e00
2024-04-23T00:39:46.817 INFO:teuthology.orchestra.run.smithi026.stdout:/usr/bin/ceph: stderr
2024-04-23T00:39:45.989+0000 7f8d9f7b0700 1 -- 172.21.15.26:0/659913703 --> [v2:172.21.15.26:3300/0,v1:172.21.15.26:6789/0] -- mon_subscribe({mgrmap=0+}) v3 -- 0x7f8d9819a7b0 con 0x7f8d98106e00
2024-04-23T00:39:46.817 INFO:teuthology.orchestra.run.smithi026.stdout:/usr/bin/ceph: stderr
2024-04-23T00:39:45.989+0000 7f8d8e7fc700 1 -- 172.21.15.26:0/659913703 <== mon.0 v2:172.21.15.26:3300/0 3 ==== mon_map magic: 0 v1 ==== 229+0+0 (secure 0 0 0) 0x7f8d940198a0 con 0x7f8d98106e00
2024-04-23T00:39:46.817 INFO:teuthology.orchestra.run.smithi026.stdout:/usr/bin/ceph: stderr
2024-04-23T00:39:45.989+0000 7f8d9f7b0700 1 -- 172.21.15.26:0/659913703 --> [v2:172.21.15.26:3300/0,v1:172.21.15.26:6789/0] -- mon_subscribe({osdmap=0}) v3 -- 0x7f8d9819ac50 con 0x7f8d98106e00
2024-04-23T00:39:46.817 INFO:teuthology.orchestra.run.smithi026.stdout:/usr/bin/ceph: stderr
2024-04-23T00:39:45.990+0000 7f8d8e7fc700 1 -- 172.21.15.26:0/659913703 <== mon.0 v2:172.21.15.26:3300/0 4 ==== mgrmap(e 4) v1 ==== 45545+0+0 (secure 0 0 0) 0x7f8d94019b20 con 0x7f8d98106e00
2024-04-23T00:39:46.817 INFO:teuthology.orchestra.run.smithi026.stdout:/usr/bin/ceph: stderr
2024-04-23T00:39:45.990+0000 7f8d8e7fc700 1 --2- 172.21.15.26:0/659913703 >> [v2:172.21.15.26:6800/4008897440,v1:172.21.15.26:6801/4008897440] conn(0x7f8d84038690 0x7f8d8403ab50 unknown :-1 s=NONE pgs=0 cs=0 l=1 rev1=0 crypto rx=0 tx=0 comp rx=0 tx=0).connect
2024-04-23T00:39:46.818 INFO:teuthology.orchestra.run.smithi026.stdout:/usr/bin/ceph: stderr
2024-04-23T00:39:45.990+0000 7f8d9f7b0700 1 -- 172.21.15.26:0/659913703 --> [v2:172.21.15.26:3300/0,v1:172.21.15.26:6789/0] -- mon_command({"prefix": "get_command_descriptions"} v 0) v1 -- 0x7f8d9810a420 con 0x7f8d98106e00
2024-04-23T00:39:46.818 INFO:teuthology.orchestra.run.smithi026.stdout:/usr/bin/ceph: stderr
2024-04-23T00:39:45.990+0000 7f8d8e7fc700 1 -- 172.21.15.26:0/659913703 <== mon.0 v2:172.21.15.26:3300/0 5 ==== osd_map(1..1 src has 1..1) v4 ==== 725+0+0 (secure 0 0 0) 0x7f8d9404c9f0 con 0x7f8d98106e00
2024-04-23T00:39:46.818 INFO:teuthology.orchestra.run.smithi026.stdout:/usr/bin/ceph: stderr
2024-04-23T00:39:45.990+0000 7f8d9cd4b700 1 --2- 172.21.15.26:0/659913703 >> [v2:172.21.15.26:6800/4008897440,v1:172.21.15.26:6801/4008897440] conn(0x7f8d84038690 0x7f8d8403ab50 unknown :-1 s=BANNER_CONNECTING pgs=0 cs=0 l=1 rev1=0 crypto rx=0 tx=0 comp rx=0 tx=0)._handle_peer_banner_payload supported=3 required=0
2024-04-23T00:39:46.818 INFO:teuthology.orchestra.run.smithi026.stdout:/usr/bin/ceph: stderr
2024-04-23T00:39:45.991+0000 7f8d9cd4b700 1 --2- 172.21.15.26:0/659913703 >> [v2:172.21.15.26:6800/4008897440,v1:172.21.15.26:6801/4008897440] conn(0x7f8d84038690 0x7f8d8403ab50 secure :-1 s=READY pgs=7 cs=0 l=1 rev1=1 crypto rx=0x7f8d88006fd0 tx=0x7f8d88006e40 comp rx=0 tx=0).ready entity=mgr.14100 client_cookie=0 server_cookie=0 in_seq=0 out_seq=0
2024-04-23T00:39:46.818 INFO:teuthology.orchestra.run.smithi026.stdout:/usr/bin/ceph: stderr
2024-04-23T00:39:45.995+0000 7f8d8e7fc700 1 -- 172.21.15.26:0/659913703 <== mon.0 v2:172.21.15.26:3300/0 6 ==== mon_command_ack([{"prefix": "get_command_descriptions"}]=0 v0) v1 ==== 72+0+183351 (secure 0 0 0) 0x7f8d9402c3a0 con 0x7f8d98106e00
2024-04-23T00:39:46.818 INFO:teuthology.orchestra.run.smithi026.stdout:/usr/bin/ceph: stderr
2024-04-23T00:39:46.198+0000 7f8d9f7b0700 1 -- 172.21.15.26:0/659913703 --> [v2:172.21.15.26:3300/0,v1:172.21.15.26:6789/0] -- mon_command({"prefix": "config assimilate-conf"} v 0) v1 -- 0x7f8d9810a690 con 0x7f8d98106e00
2024-04-23T00:39:46.818 INFO:teuthology.orchestra.run.smithi026.stdout:/usr/bin/ceph: stderr
2024-04-23T00:39:46.198+0000 7f8d8e7fc700 1 -- 172.21.15.26:0/659913703 <== mon.0 v2:172.21.15.26:3300/0 7 ==== mon_command_ack([{"prefix": "config assimilate-conf"}]=0 v3) v1 ==== 70+0+373 (secure 0 0 0) 0x7f8d94018350 con 0x7f8d98106e00
2024-04-23T00:39:46.818 INFO:teuthology.orchestra.run.smithi026.stdout:/usr/bin/ceph: stderr
2024-04-23T00:39:46.200+0000 7f8d9f7b0700 1 -- 172.21.15.26:0/659913703 >> [v2:172.21.15.26:6800/4008897440,v1:172.21.15.26:6801/4008897440] conn(0x7f8d84038690 msgr2=0x7f8d8403ab50 secure :-1 s=STATE_CONNECTION_ESTABLISHED l=1).mark_down
2024-04-23T00:39:46.818 INFO:teuthology.orchestra.run.smithi026.stdout:/usr/bin/ceph: stderr
2024-04-23T00:39:46.200+0000 7f8d9f7b0700 1 --2- 172.21.15.26:0/659913703 >> [v2:172.21.15.26:6800/4008897440,v1:172.21.15.26:6801/4008897440] conn(0x7f8d84038690 0x7f8d8403ab50 secure :-1 s=READY pgs=7 cs=0 l=1 rev1=1 crypto rx=0x7f8d88006fd0 tx=0x7f8d88006e40 comp rx=0 tx=0).stop
2024-04-23T00:39:46.818 INFO:teuthology.orchestra.run.smithi026.stdout:/usr/bin/ceph: stderr
2024-04-23T00:39:46.200+0000 7f8d9f7b0700 1 -- 172.21.15.26:0/659913703 >> [v2:172.21.15.26:3300/0,v1:172.21.15.26:6789/0] conn(0x7f8d98106e00 msgr2=0x7f8d9819a070 secure :-1 s=STATE_CONNECTION_ESTABLISHED l=1).mark_down
2024-04-23T00:39:46.818 INFO:teuthology.orchestra.run.smithi026.stdout:/usr/bin/ceph: stderr
2024-04-23T00:39:46.200+0000 7f8d9f7b0700 1 --2- 172.21.15.26:0/659913703 >> [v2:172.21.15.26:3300/0,v1:172.21.15.26:6789/0] conn(0x7f8d98106e00 0x7f8d9819a070 secure :-1 s=READY pgs=19 cs=0 l=1 rev1=1 crypto rx=0x7f8d94003d30 tx=0x7f8d94011a30 comp rx=0 tx=0).stop
2024-04-23T00:39:46.818 INFO:teuthology.orchestra.run.smithi026.stdout:/usr/bin/ceph: stderr
2024-04-23T00:39:46.200+0000 7f8d9f7b0700 1 -- 172.21.15.26:0/659913703 shutdown_connections
2024-04-23T00:39:46.818 INFO:teuthology.orchestra.run.smithi026.stdout:/usr/bin/ceph: stderr
2024-04-23T00:39:46.200+0000 7f8d9f7b0700 1 --2- 172.21.15.26:0/659913703 >> [v2:172.21.15.26:6800/4008897440,v1:172.21.15.26:6801/4008897440] conn(0x7f8d84038690 0x7f8d8403ab50 unknown :-1 s=CLOSED pgs=7 cs=0 l=1 rev1=1 crypto rx=0 tx=0 comp rx=0 tx=0).stop
2024-04-23T00:39:46.819 INFO:teuthology.orchestra.run.smithi026.stdout:/usr/bin/ceph: stderr
2024-04-23T00:39:46.200+0000 7f8d9f7b0700 1 --2- 172.21.15.26:0/659913703 >> [v2:172.21.15.26:3300/0,v1:172.21.15.26:6789/0] conn(0x7f8d98106e00 0x7f8d9819a070 unknown :-1 s=CLOSED pgs=19 cs=0 l=1 rev1=1 crypto rx=0 tx=0 comp rx=0 tx=0).stop
2024-04-23T00:39:46.819 INFO:teuthology.orchestra.run.smithi026.stdout:/usr/bin/ceph: stderr
2024-04-23T00:39:46.200+0000 7f8d9f7b0700 1 -- 172.21.15.26:0/659913703 >> 172.21.15.26:0/659913703 conn(0x7f8d98100870 msgr2=0x7f8d981013f0 unknown :-1 s=STATE_NONE l=0).mark_down
2024-04-23T00:39:46.819 INFO:teuthology.orchestra.run.smithi026.stdout:/usr/bin/ceph: stderr
2024-04-23T00:39:46.201+0000 7f8d9f7b0700 1 -- 172.21.15.26:0/659913703 shutdown_connections
2024-04-23T00:39:46.819 INFO:teuthology.orchestra.run.smithi026.stdout:/usr/bin/ceph: stderr
2024-04-23T00:39:46.201+0000 7f8d9f7b0700 1 -- 172.21.15.26:0/659913703 wait complete.
2024-04-23T00:39:46.819 INFO:teuthology.orchestra.run.smithi026.stdout:Enabling cephadm module...
2024-04-23T00:39:47.944 INFO:journalctl@ceph.mon.smithi026.smithi026.stdout:Apr 23 00:39:47 smithi026 ceph-mon[39851]: from='client.? 172.21.15.26:0/1015899907' entity='client.admin' cmd=[{"prefix": "mgr module enable", "module": "cephadm"}]: dispatch
2024-04-23T00:39:48.368 INFO:teuthology.orchestra.run.smithi026.stdout:/usr/bin/ceph: stderr
2024-04-23T00:39:47.285+0000 7f582584a700 1 Processor -- start
2024-04-23T00:39:48.368 INFO:teuthology.orchestra.run.smithi026.stdout:/usr/bin/ceph: stderr
2024-04-23T00:39:47.285+0000 7f582584a700 1 -- start start
2024-04-23T00:39:48.368 INFO:teuthology.orchestra.run.smithi026.stdout:/usr/bin/ceph: stderr
2024-04-23T00:39:47.285+0000 7f582584a700 1 --2- >> [v2:172.21.15.26:3300/0,v1:172.21.15.26:6789/0] conn(0x7f5820107a90 0x7f5820107eb0 unknown :-1 s=NONE pgs=0 cs=0 l=0 rev1=0 crypto rx=0 tx=0 comp rx=0 tx=0).connect
2024-04-23T00:39:48.368 INFO:teuthology.orchestra.run.smithi026.stdout:/usr/bin/ceph: stderr
2024-04-23T00:39:47.285+0000 7f582584a700 1 -- --> [v2:172.21.15.26:3300/0,v1:172.21.15.26:6789/0] -- mon_getmap magic: 0 v1 -- 0x7f5820108480 con 0x7f5820107a90
2024-04-23T00:39:48.369 INFO:teuthology.orchestra.run.smithi026.stdout:/usr/bin/ceph: stderr
2024-04-23T00:39:47.285+0000 7f581effd700 1 --2- >> [v2:172.21.15.26:3300/0,v1:172.21.15.26:6789/0] conn(0x7f5820107a90 0x7f5820107eb0 unknown :-1 s=BANNER_CONNECTING pgs=0 cs=0 l=0 rev1=0 crypto rx=0 tx=0 comp rx=0 tx=0)._handle_peer_banner_payload supported=3 required=0
2024-04-23T00:39:48.369 INFO:teuthology.orchestra.run.smithi026.stdout:/usr/bin/ceph: stderr
2024-04-23T00:39:47.285+0000 7f581effd700 1 --2- >> [v2:172.21.15.26:3300/0,v1:172.21.15.26:6789/0] conn(0x7f5820107a90 0x7f5820107eb0 unknown :-1 s=HELLO_CONNECTING pgs=0 cs=0 l=0 rev1=1 crypto rx=0 tx=0 comp rx=0 tx=0).handle_hello peer v2:172.21.15.26:3300/0 says I am v2:172.21.15.26:40824/0 (socket says 172.21.15.26:40824)
2024-04-23T00:39:48.369 INFO:teuthology.orchestra.run.smithi026.stdout:/usr/bin/ceph: stderr
2024-04-23T00:39:47.285+0000 7f581effd700 1 -- 172.21.15.26:0/930737201 learned_addr learned my addr 172.21.15.26:0/930737201 (peer_addr_for_me v2:172.21.15.26:0/0)
2024-04-23T00:39:48.369 INFO:teuthology.orchestra.run.smithi026.stdout:/usr/bin/ceph: stderr
2024-04-23T00:39:47.285+0000 7f581effd700 1 -- 172.21.15.26:0/930737201 --> [v2:172.21.15.26:3300/0,v1:172.21.15.26:6789/0] -- mon_subscribe({config=0+,monmap=0+}) v3 -- 0x7f58201042e0 con 0x7f5820107a90
2024-04-23T00:39:48.369 INFO:teuthology.orchestra.run.smithi026.stdout:/usr/bin/ceph: stderr
2024-04-23T00:39:47.286+0000 7f581effd700 1 --2- 172.21.15.26:0/930737201 >> [v2:172.21.15.26:3300/0,v1:172.21.15.26:6789/0] conn(0x7f5820107a90 0x7f5820107eb0 secure :-1 s=READY pgs=20 cs=0 l=1 rev1=1 crypto rx=0x7f58100098a0 tx=0x7f5810009bb0 comp rx=0 tx=0).ready entity=mon.0 client_cookie=a242a30a00b3f285 server_cookie=0 in_seq=0 out_seq=0
2024-04-23T00:39:48.369 INFO:teuthology.orchestra.run.smithi026.stdout:/usr/bin/ceph: stderr
2024-04-23T00:39:47.286+0000 7f581dffb700 1 -- 172.21.15.26:0/930737201 <== mon.0 v2:172.21.15.26:3300/0 1 ==== mon_map magic: 0 v1 ==== 229+0+0 (secure 0 0 0) 0x7f5810004180 con 0x7f5820107a90
2024-04-23T00:39:48.369 INFO:teuthology.orchestra.run.smithi026.stdout:/usr/bin/ceph: stderr
2024-04-23T00:39:47.286+0000 7f581dffb700 1 -- 172.21.15.26:0/930737201 <== mon.0 v2:172.21.15.26:3300/0 2 ==== config(26 keys) v1 ==== 1007+0+0 (secure 0 0 0) 0x7f58100042e0 con 0x7f5820107a90
2024-04-23T00:39:48.369 INFO:teuthology.orchestra.run.smithi026.stdout:/usr/bin/ceph: stderr
2024-04-23T00:39:47.286+0000 7f581dffb700 1 -- 172.21.15.26:0/930737201 <== mon.0 v2:172.21.15.26:3300/0 3 ==== mon_map magic: 0 v1 ==== 229+0+0 (secure 0 0 0) 0x7f58100119d0 con 0x7f5820107a90
2024-04-23T00:39:48.369 INFO:teuthology.orchestra.run.smithi026.stdout:/usr/bin/ceph: stderr
2024-04-23T00:39:47.286+0000 7f582584a700 1 -- 172.21.15.26:0/930737201 >> [v2:172.21.15.26:3300/0,v1:172.21.15.26:6789/0] conn(0x7f5820107a90 msgr2=0x7f5820107eb0 secure :-1 s=STATE_CONNECTION_ESTABLISHED l=1).mark_down
2024-04-23T00:39:48.369 INFO:teuthology.orchestra.run.smithi026.stdout:/usr/bin/ceph: stderr
2024-04-23T00:39:47.286+0000 7f582584a700 1 --2- 172.21.15.26:0/930737201 >> [v2:172.21.15.26:3300/0,v1:172.21.15.26:6789/0] conn(0x7f5820107a90 0x7f5820107eb0 secure :-1 s=READY pgs=20 cs=0 l=1 rev1=1 crypto rx=0x7f58100098a0 tx=0x7f5810009bb0 comp rx=0 tx=0).stop
2024-04-23T00:39:48.369 INFO:teuthology.orchestra.run.smithi026.stdout:/usr/bin/ceph: stderr
2024-04-23T00:39:47.286+0000 7f582584a700 1 -- 172.21.15.26:0/930737201 shutdown_connections
2024-04-23T00:39:48.369 INFO:teuthology.orchestra.run.smithi026.stdout:/usr/bin/ceph: stderr
2024-04-23T00:39:47.286+0000 7f582584a700 1 --2- 172.21.15.26:0/930737201 >> [v2:172.21.15.26:3300/0,v1:172.21.15.26:6789/0] conn(0x7f5820107a90 0x7f5820107eb0 unknown :-1 s=CLOSED pgs=20 cs=0 l=1 rev1=1 crypto rx=0 tx=0 comp rx=0 tx=0).stop
2024-04-23T00:39:48.369 INFO:teuthology.orchestra.run.smithi026.stdout:/usr/bin/ceph: stderr
2024-04-23T00:39:47.286+0000 7f582584a700 1 -- 172.21.15.26:0/930737201 >> 172.21.15.26:0/930737201 conn(0x7f58200fffe0 msgr2=0x7f5820102400 unknown :-1 s=STATE_NONE l=0).mark_down
2024-04-23T00:39:48.370 INFO:teuthology.orchestra.run.smithi026.stdout:/usr/bin/ceph: stderr
2024-04-23T00:39:47.286+0000 7f582584a700 1 -- 172.21.15.26:0/930737201 shutdown_connections
2024-04-23T00:39:48.370 INFO:teuthology.orchestra.run.smithi026.stdout:/usr/bin/ceph: stderr
2024-04-23T00:39:47.286+0000 7f582584a700 1 -- 172.21.15.26:0/930737201 wait complete.
2024-04-23T00:39:48.370 INFO:teuthology.orchestra.run.smithi026.stdout:/usr/bin/ceph: stderr
2024-04-23T00:39:47.287+0000 7f582584a700 1 Processor -- start
2024-04-23T00:39:48.370 INFO:teuthology.orchestra.run.smithi026.stdout:/usr/bin/ceph: stderr
2024-04-23T00:39:47.287+0000 7f582584a700 1 -- start start
2024-04-23T00:39:48.370 INFO:teuthology.orchestra.run.smithi026.stdout:/usr/bin/ceph: stderr
2024-04-23T00:39:47.287+0000 7f582584a700 1 --2- >> [v2:172.21.15.26:3300/0,v1:172.21.15.26:6789/0] conn(0x7f5820107a90 0x7f582019c3c0 unknown :-1 s=NONE pgs=0 cs=0 l=1 rev1=0 crypto rx=0 tx=0 comp rx=0 tx=0).connect
2024-04-23T00:39:48.370 INFO:teuthology.orchestra.run.smithi026.stdout:/usr/bin/ceph: stderr
2024-04-23T00:39:47.287+0000 7f582584a700 1 -- --> [v2:172.21.15.26:3300/0,v1:172.21.15.26:6789/0] -- mon_getmap magic: 0 v1 -- 0x7f582019c900 con 0x7f5820107a90
2024-04-23T00:39:48.370 INFO:teuthology.orchestra.run.smithi026.stdout:/usr/bin/ceph: stderr
2024-04-23T00:39:47.287+0000 7f581effd700 1 --2- >> [v2:172.21.15.26:3300/0,v1:172.21.15.26:6789/0] conn(0x7f5820107a90 0x7f582019c3c0 unknown :-1 s=BANNER_CONNECTING pgs=0 cs=0 l=1 rev1=0 crypto rx=0 tx=0 comp rx=0 tx=0)._handle_peer_banner_payload supported=3 required=0
2024-04-23T00:39:48.370 INFO:teuthology.orchestra.run.smithi026.stdout:/usr/bin/ceph: stderr
2024-04-23T00:39:47.287+0000 7f581effd700 1 --2- >> [v2:172.21.15.26:3300/0,v1:172.21.15.26:6789/0] conn(0x7f5820107a90 0x7f582019c3c0 unknown :-1 s=HELLO_CONNECTING pgs=0 cs=0 l=1 rev1=1 crypto rx=0 tx=0 comp rx=0 tx=0).handle_hello peer v2:172.21.15.26:3300/0 says I am v2:172.21.15.26:40830/0 (socket says 172.21.15.26:40830)
2024-04-23T00:39:48.370 INFO:teuthology.orchestra.run.smithi026.stdout:/usr/bin/ceph: stderr
2024-04-23T00:39:47.287+0000 7f581effd700 1 -- 172.21.15.26:0/1015899907 learned_addr learned my addr 172.21.15.26:0/1015899907 (peer_addr_for_me v2:172.21.15.26:0/0)
2024-04-23T00:39:48.370 INFO:teuthology.orchestra.run.smithi026.stdout:/usr/bin/ceph: stderr
2024-04-23T00:39:47.288+0000 7f581effd700 1 -- 172.21.15.26:0/1015899907 --> [v2:172.21.15.26:3300/0,v1:172.21.15.26:6789/0] -- mon_subscribe({config=0+,monmap=0+}) v3 -- 0x7f5810009550 con 0x7f5820107a90
2024-04-23T00:39:48.370 INFO:teuthology.orchestra.run.smithi026.stdout:/usr/bin/ceph: stderr
2024-04-23T00:39:47.288+0000 7f581effd700 1 --2- 172.21.15.26:0/1015899907 >> [v2:172.21.15.26:3300/0,v1:172.21.15.26:6789/0] conn(0x7f5820107a90 0x7f582019c3c0 secure :-1 s=READY pgs=21 cs=0 l=1 rev1=1 crypto rx=0x7f5810009130 tx=0x7f5810011a30 comp rx=0 tx=0).ready entity=mon.0 client_cookie=0 server_cookie=0 in_seq=0 out_seq=0
2024-04-23T00:39:48.370 INFO:teuthology.orchestra.run.smithi026.stdout:/usr/bin/ceph: stderr
2024-04-23T00:39:47.288+0000 7f5824848700 1 -- 172.21.15.26:0/1015899907 <== mon.0 v2:172.21.15.26:3300/0 1 ==== mon_map magic: 0 v1 ==== 229+0+0 (secure 0 0 0) 0x7f5810003a00 con 0x7f5820107a90
2024-04-23T00:39:48.370 INFO:teuthology.orchestra.run.smithi026.stdout:/usr/bin/ceph: stderr
2024-04-23T00:39:47.288+0000 7f5824848700 1 -- 172.21.15.26:0/1015899907 <== mon.0 v2:172.21.15.26:3300/0 2 ==== config(26 keys) v1 ==== 1007+0+0 (secure 0 0 0) 0x7f581001a880 con 0x7f5820107a90
2024-04-23T00:39:48.370 INFO:teuthology.orchestra.run.smithi026.stdout:/usr/bin/ceph: stderr
2024-04-23T00:39:47.288+0000 7f5824848700 1 -- 172.21.15.26:0/1015899907 <== mon.0 v2:172.21.15.26:3300/0 3 ==== mon_map magic: 0 v1 ==== 229+0+0 (secure 0 0 0) 0x7f5810019760 con 0x7f5820107a90
2024-04-23T00:39:48.371 INFO:teuthology.orchestra.run.smithi026.stdout:/usr/bin/ceph: stderr
2024-04-23T00:39:47.288+0000 7f582584a700 1 -- 172.21.15.26:0/1015899907 --> [v2:172.21.15.26:3300/0,v1:172.21.15.26:6789/0] -- mon_subscribe({mgrmap=0+}) v3 -- 0x7f582019cb00 con 0x7f5820107a90
2024-04-23T00:39:48.371 INFO:teuthology.orchestra.run.smithi026.stdout:/usr/bin/ceph: stderr
2024-04-23T00:39:47.288+0000 7f582584a700 1 -- 172.21.15.26:0/1015899907 --> [v2:172.21.15.26:3300/0,v1:172.21.15.26:6789/0] -- mon_subscribe({osdmap=0}) v3 -- 0x7f582019cfa0 con 0x7f5820107a90
2024-04-23T00:39:48.371 INFO:teuthology.orchestra.run.smithi026.stdout:/usr/bin/ceph: stderr
2024-04-23T00:39:47.289+0000 7f5824848700 1 -- 172.21.15.26:0/1015899907 <== mon.0 v2:172.21.15.26:3300/0 4 ==== mgrmap(e 4) v1 ==== 45545+0+0 (secure 0 0 0) 0x7f58100199d0 con 0x7f5820107a90
2024-04-23T00:39:48.371 INFO:teuthology.orchestra.run.smithi026.stdout:/usr/bin/ceph: stderr
2024-04-23T00:39:47.289+0000 7f582584a700 1 -- 172.21.15.26:0/1015899907 --> [v2:172.21.15.26:3300/0,v1:172.21.15.26:6789/0] -- mon_command({"prefix": "get_command_descriptions"} v 0) v1 -- 0x7f582004f0d0 con 0x7f5820107a90
2024-04-23T00:39:48.371 INFO:teuthology.orchestra.run.smithi026.stdout:/usr/bin/ceph: stderr
2024-04-23T00:39:47.289+0000 7f5824848700 1 --2- 172.21.15.26:0/1015899907 >> [v2:172.21.15.26:6800/4008897440,v1:172.21.15.26:6801/4008897440] conn(0x7f58080386e0 0x7f580803aba0 unknown :-1 s=NONE pgs=0 cs=0 l=1 rev1=0 crypto rx=0 tx=0 comp rx=0 tx=0).connect
2024-04-23T00:39:48.371 INFO:teuthology.orchestra.run.smithi026.stdout:/usr/bin/ceph: stderr
2024-04-23T00:39:47.289+0000 7f5824848700 1 -- 172.21.15.26:0/1015899907 <== mon.0 v2:172.21.15.26:3300/0 5 ==== osd_map(1..1 src has 1..1) v4 ==== 725+0+0 (secure 0 0 0) 0x7f581004c9e0 con 0x7f5820107a90
2024-04-23T00:39:48.371 INFO:teuthology.orchestra.run.smithi026.stdout:/usr/bin/ceph: stderr
2024-04-23T00:39:47.289+0000 7f581e7fc700 1 --2- 172.21.15.26:0/1015899907 >> [v2:172.21.15.26:6800/4008897440,v1:172.21.15.26:6801/4008897440] conn(0x7f58080386e0 0x7f580803aba0 unknown :-1 s=BANNER_CONNECTING pgs=0 cs=0 l=1 rev1=0 crypto rx=0 tx=0 comp rx=0 tx=0)._handle_peer_banner_payload supported=3 required=0
2024-04-23T00:39:48.371 INFO:teuthology.orchestra.run.smithi026.stdout:/usr/bin/ceph: stderr
2024-04-23T00:39:47.290+0000 7f581e7fc700 1 --2- 172.21.15.26:0/1015899907 >> [v2:172.21.15.26:6800/4008897440,v1:172.21.15.26:6801/4008897440] conn(0x7f58080386e0 0x7f580803aba0 secure :-1 s=READY pgs=8 cs=0 l=1 rev1=1 crypto rx=0x7f5814006fd0 tx=0x7f5814006e40 comp rx=0 tx=0).ready entity=mgr.14100 client_cookie=0 server_cookie=0 in_seq=0 out_seq=0
2024-04-23T00:39:48.371 INFO:teuthology.orchestra.run.smithi026.stdout:/usr/bin/ceph: stderr
2024-04-23T00:39:47.294+0000 7f5824848700 1 -- 172.21.15.26:0/1015899907 <== mon.0 v2:172.21.15.26:3300/0 6 ==== mon_command_ack([{"prefix": "get_command_descriptions"}]=0 v0) v1 ==== 72+0+183351 (secure 0 0 0) 0x7f581002daa0 con 0x7f5820107a90
2024-04-23T00:39:48.372 INFO:teuthology.orchestra.run.smithi026.stdout:/usr/bin/ceph: stderr
2024-04-23T00:39:47.551+0000 7f582584a700 1 -- 172.21.15.26:0/1015899907 --> [v2:172.21.15.26:3300/0,v1:172.21.15.26:6789/0] -- mon_command({"prefix": "mgr module enable", "module": "cephadm"} v 0) v1 -- 0x7f582010a830 con 0x7f5820107a90
2024-04-23T00:39:48.372 INFO:teuthology.orchestra.run.smithi026.stdout:/usr/bin/ceph: stderr
2024-04-23T00:39:47.604+0000 7f5824848700 1 -- 172.21.15.26:0/1015899907 <== mon.0 v2:172.21.15.26:3300/0 7 ==== mgrmap(e 5) v1 ==== 45556+0+0 (secure 0 0 0) 0x7f5810018350 con 0x7f5820107a90
2024-04-23T00:39:48.372 INFO:teuthology.orchestra.run.smithi026.stdout:/usr/bin/ceph: stderr
2024-04-23T00:39:47.605+0000 7f5824848700 1 -- 172.21.15.26:0/1015899907 <== mon.0 v2:172.21.15.26:3300/0 8 ==== mon_command_ack([{"prefix": "mgr module enable", "module": "cephadm"}]=0 v5) v1 ==== 86+0+0 (secure 0 0 0) 0x7f581004c400 con 0x7f5820107a90
2024-04-23T00:39:48.372 INFO:teuthology.orchestra.run.smithi026.stdout:/usr/bin/ceph: stderr
2024-04-23T00:39:47.607+0000 7f582584a700 1 -- 172.21.15.26:0/1015899907 >> [v2:172.21.15.26:6800/4008897440,v1:172.21.15.26:6801/4008897440] conn(0x7f58080386e0 msgr2=0x7f580803aba0 secure :-1 s=STATE_CONNECTION_ESTABLISHED l=1).mark_down
2024-04-23T00:39:48.372 INFO:teuthology.orchestra.run.smithi026.stdout:/usr/bin/ceph: stderr
2024-04-23T00:39:47.607+0000 7f582584a700 1 --2- 172.21.15.26:0/1015899907 >> [v2:172.21.15.26:6800/4008897440,v1:172.21.15.26:6801/4008897440] conn(0x7f58080386e0 0x7f580803aba0 secure :-1 s=READY pgs=8 cs=0 l=1 rev1=1 crypto rx=0x7f5814006fd0 tx=0x7f5814006e40 comp rx=0 tx=0).stop
2024-04-23T00:39:48.372 INFO:teuthology.orchestra.run.smithi026.stdout:/usr/bin/ceph: stderr
2024-04-23T00:39:47.607+0000 7f582584a700 1 -- 172.21.15.26:0/1015899907 >> [v2:172.21.15.26:3300/0,v1:172.21.15.26:6789/0] conn(0x7f5820107a90 msgr2=0x7f582019c3c0 secure :-1 s=STATE_CONNECTION_ESTABLISHED l=1).mark_down
2024-04-23T00:39:48.372 INFO:teuthology.orchestra.run.smithi026.stdout:/usr/bin/ceph: stderr
2024-04-23T00:39:47.607+0000 7f582584a700 1 --2- 172.21.15.26:0/1015899907 >> [v2:172.21.15.26:3300/0,v1:172.21.15.26:6789/0] conn(0x7f5820107a90 0x7f582019c3c0 secure :-1 s=READY pgs=21 cs=0 l=1 rev1=1 crypto rx=0x7f5810009130 tx=0x7f5810011a30 comp rx=0 tx=0).stop
2024-04-23T00:39:48.372 INFO:teuthology.orchestra.run.smithi026.stdout:/usr/bin/ceph: stderr
2024-04-23T00:39:47.608+0000 7f582584a700 1 -- 172.21.15.26:0/1015899907 shutdown_connections
2024-04-23T00:39:48.372 INFO:teuthology.orchestra.run.smithi026.stdout:/usr/bin/ceph: stderr
2024-04-23T00:39:47.608+0000 7f582584a700 1 --2- 172.21.15.26:0/1015899907 >> [v2:172.21.15.26:6800/4008897440,v1:172.21.15.26:6801/4008897440] conn(0x7f58080386e0 0x7f580803aba0 unknown :-1 s=CLOSED pgs=8 cs=0 l=1 rev1=1 crypto rx=0 tx=0 comp rx=0 tx=0).stop
2024-04-23T00:39:48.372 INFO:teuthology.orchestra.run.smithi026.stdout:/usr/bin/ceph: stderr
2024-04-23T00:39:47.608+0000 7f582584a700 1 --2- 172.21.15.26:0/1015899907 >> [v2:172.21.15.26:3300/0,v1:172.21.15.26:6789/0] conn(0x7f5820107a90 0x7f582019c3c0 unknown :-1 s=CLOSED pgs=21 cs=0 l=1 rev1=1 crypto rx=0 tx=0 comp rx=0 tx=0).stop
2024-04-23T00:39:48.372 INFO:teuthology.orchestra.run.smithi026.stdout:/usr/bin/ceph: stderr
2024-04-23T00:39:47.608+0000 7f582584a700 1 -- 172.21.15.26:0/1015899907 >> 172.21.15.26:0/1015899907 conn(0x7f58200fffe0 msgr2=0x7f5820100a40 unknown :-1 s=STATE_NONE l=0).mark_down
2024-04-23T00:39:48.373 INFO:teuthology.orchestra.run.smithi026.stdout:/usr/bin/ceph: stderr
2024-04-23T00:39:47.608+0000 7f582584a700 1 -- 172.21.15.26:0/1015899907 shutdown_connections
2024-04-23T00:39:48.373 INFO:teuthology.orchestra.run.smithi026.stdout:/usr/bin/ceph: stderr
2024-04-23T00:39:47.608+0000 7f582584a700 1 -- 172.21.15.26:0/1015899907 wait complete.
2024-04-23T00:39:48.809 INFO:journalctl@ceph.mon.smithi026.smithi026.stdout:Apr 23 00:39:48 smithi026 ceph-mon[39851]: from='client.? 172.21.15.26:0/1015899907' entity='client.admin' cmd='[{"prefix": "mgr module enable", "module": "cephadm"}]': finished
2024-04-23T00:39:48.809 INFO:journalctl@ceph.mon.smithi026.smithi026.stdout:Apr 23 00:39:48 smithi026 ceph-mon[39851]: mgrmap e5: smithi026.tpwtvs(active, since 9s)
2024-04-23T00:39:49.732 INFO:teuthology.orchestra.run.smithi026.stdout:/usr/bin/ceph: stdout {
2024-04-23T00:39:49.732 INFO:teuthology.orchestra.run.smithi026.stdout:/usr/bin/ceph: stdout "epoch": 5,
2024-04-23T00:39:49.732 INFO:teuthology.orchestra.run.smithi026.stdout:/usr/bin/ceph: stdout "available": true,
2024-04-23T00:39:49.732 INFO:teuthology.orchestra.run.smithi026.stdout:/usr/bin/ceph: stdout "active_name": "smithi026.tpwtvs",
2024-04-23T00:39:49.732 INFO:teuthology.orchestra.run.smithi026.stdout:/usr/bin/ceph: stdout "num_standby": 0
2024-04-23T00:39:49.732 INFO:teuthology.orchestra.run.smithi026.stdout:/usr/bin/ceph: stdout }
2024-04-23T00:39:49.732 INFO:teuthology.orchestra.run.smithi026.stdout:/usr/bin/ceph: stderr
2024-04-23T00:39:48.873+0000 7f80ea1ae700 1 Processor -- start
2024-04-23T00:39:49.732 INFO:teuthology.orchestra.run.smithi026.stdout:/usr/bin/ceph: stderr
2024-04-23T00:39:48.873+0000 7f80ea1ae700 1 -- start start
2024-04-23T00:39:49.732 INFO:teuthology.orchestra.run.smithi026.stdout:/usr/bin/ceph: stderr
2024-04-23T00:39:48.873+0000 7f80ea1ae700 1 --2- >> [v2:172.21.15.26:3300/0,v1:172.21.15.26:6789/0] conn(0x7f80e4106370 0x7f80e4106790 unknown :-1 s=NONE pgs=0 cs=0 l=0 rev1=0 crypto rx=0 tx=0 comp rx=0 tx=0).connect
2024-04-23T00:39:49.732 INFO:teuthology.orchestra.run.smithi026.stdout:/usr/bin/ceph: stderr
2024-04-23T00:39:48.873+0000 7f80ea1ae700 1 -- --> [v2:172.21.15.26:3300/0,v1:172.21.15.26:6789/0] -- mon_getmap magic: 0 v1 -- 0x7f80e4106d60 con 0x7f80e4106370
2024-04-23T00:39:49.732 INFO:teuthology.orchestra.run.smithi026.stdout:/usr/bin/ceph: stderr
2024-04-23T00:39:48.873+0000 7f80e37fe700 1 --2- >> [v2:172.21.15.26:3300/0,v1:172.21.15.26:6789/0] conn(0x7f80e4106370 0x7f80e4106790 unknown :-1 s=BANNER_CONNECTING pgs=0 cs=0 l=0 rev1=0 crypto rx=0 tx=0 comp rx=0 tx=0)._handle_peer_banner_payload supported=3 required=0
2024-04-23T00:39:49.733 INFO:teuthology.orchestra.run.smithi026.stdout:/usr/bin/ceph: stderr
2024-04-23T00:39:48.873+0000 7f80e37fe700 1 --2- >> [v2:172.21.15.26:3300/0,v1:172.21.15.26:6789/0] conn(0x7f80e4106370 0x7f80e4106790 unknown :-1 s=HELLO_CONNECTING pgs=0 cs=0 l=0 rev1=1 crypto rx=0 tx=0 comp rx=0 tx=0).handle_hello peer v2:172.21.15.26:3300/0 says I am v2:172.21.15.26:39456/0 (socket says 172.21.15.26:39456)
2024-04-23T00:39:49.733 INFO:teuthology.orchestra.run.smithi026.stdout:/usr/bin/ceph: stderr
2024-04-23T00:39:48.873+0000 7f80e37fe700 1 -- 172.21.15.26:0/909611032 learned_addr learned my addr 172.21.15.26:0/909611032 (peer_addr_for_me v2:172.21.15.26:0/0)
2024-04-23T00:39:49.733 INFO:teuthology.orchestra.run.smithi026.stdout:/usr/bin/ceph: stderr
2024-04-23T00:39:48.874+0000 7f80e37fe700 1 -- 172.21.15.26:0/909611032 --> [v2:172.21.15.26:3300/0,v1:172.21.15.26:6789/0] -- mon_subscribe({config=0+,monmap=0+}) v3 -- 0x7f80e4107570 con 0x7f80e4106370
2024-04-23T00:39:49.733 INFO:teuthology.orchestra.run.smithi026.stdout:/usr/bin/ceph: stderr
2024-04-23T00:39:48.874+0000 7f80e37fe700 1 --2- 172.21.15.26:0/909611032 >> [v2:172.21.15.26:3300/0,v1:172.21.15.26:6789/0] conn(0x7f80e4106370 0x7f80e4106790 secure :-1 s=READY pgs=24 cs=0 l=1 rev1=1 crypto rx=0x7f80d40098a0 tx=0x7f80d4009bb0 comp rx=0 tx=0).ready entity=mon.0 client_cookie=36174ad88e0926dd server_cookie=0 in_seq=0 out_seq=0
2024-04-23T00:39:49.733 INFO:teuthology.orchestra.run.smithi026.stdout:/usr/bin/ceph: stderr
2024-04-23T00:39:48.874+0000 7f80e27fc700 1 -- 172.21.15.26:0/909611032 <== mon.0 v2:172.21.15.26:3300/0 1 ==== mon_map magic: 0 v1 ==== 229+0+0 (secure 0 0 0) 0x7f80d4004180 con 0x7f80e4106370
2024-04-23T00:39:49.733 INFO:teuthology.orchestra.run.smithi026.stdout:/usr/bin/ceph: stderr
2024-04-23T00:39:48.874+0000 7f80e27fc700 1 -- 172.21.15.26:0/909611032 <== mon.0 v2:172.21.15.26:3300/0 2 ==== config(26 keys) v1 ==== 1007+0+0 (secure 0 0 0) 0x7f80d40042e0 con 0x7f80e4106370
2024-04-23T00:39:49.733 INFO:teuthology.orchestra.run.smithi026.stdout:/usr/bin/ceph: stderr
2024-04-23T00:39:48.874+0000 7f80e27fc700 1 -- 172.21.15.26:0/909611032 <== mon.0 v2:172.21.15.26:3300/0 3 ==== mon_map magic: 0 v1 ==== 229+0+0 (secure 0 0 0) 0x7f80d40119d0 con 0x7f80e4106370
2024-04-23T00:39:49.733 INFO:teuthology.orchestra.run.smithi026.stdout:/usr/bin/ceph: stderr
2024-04-23T00:39:48.874+0000 7f80ea1ae700 1 -- 172.21.15.26:0/909611032 >> [v2:172.21.15.26:3300/0,v1:172.21.15.26:6789/0] conn(0x7f80e4106370 msgr2=0x7f80e4106790 secure :-1 s=STATE_CONNECTION_ESTABLISHED l=1).mark_down
2024-04-23T00:39:49.733 INFO:teuthology.orchestra.run.smithi026.stdout:/usr/bin/ceph: stderr
2024-04-23T00:39:48.874+0000 7f80ea1ae700 1 --2- 172.21.15.26:0/909611032 >> [v2:172.21.15.26:3300/0,v1:172.21.15.26:6789/0] conn(0x7f80e4106370 0x7f80e4106790 secure :-1 s=READY pgs=24 cs=0 l=1 rev1=1 crypto rx=0x7f80d40098a0 tx=0x7f80d4009bb0 comp rx=0 tx=0).stop
2024-04-23T00:39:49.733 INFO:teuthology.orchestra.run.smithi026.stdout:/usr/bin/ceph: stderr
2024-04-23T00:39:48.874+0000 7f80ea1ae700 1 -- 172.21.15.26:0/909611032 shutdown_connections
2024-04-23T00:39:49.733 INFO:teuthology.orchestra.run.smithi026.stdout:/usr/bin/ceph: stderr
2024-04-23T00:39:48.874+0000 7f80ea1ae700 1 --2- 172.21.15.26:0/909611032 >> [v2:172.21.15.26:3300/0,v1:172.21.15.26:6789/0] conn(0x7f80e4106370 0x7f80e4106790 unknown :-1 s=CLOSED pgs=24 cs=0 l=1 rev1=1 crypto rx=0 tx=0 comp rx=0 tx=0).stop
2024-04-23T00:39:49.733 INFO:teuthology.orchestra.run.smithi026.stdout:/usr/bin/ceph: stderr
2024-04-23T00:39:48.874+0000 7f80ea1ae700 1 -- 172.21.15.26:0/909611032 >> 172.21.15.26:0/909611032 conn(0x7f80e4101930 msgr2=0x7f80e4103d50 unknown :-1 s=STATE_NONE l=0).mark_down
2024-04-23T00:39:49.733 INFO:teuthology.orchestra.run.smithi026.stdout:/usr/bin/ceph: stderr
2024-04-23T00:39:48.875+0000 7f80ea1ae700 1 -- 172.21.15.26:0/909611032 shutdown_connections
2024-04-23T00:39:49.733 INFO:teuthology.orchestra.run.smithi026.stdout:/usr/bin/ceph: stderr
2024-04-23T00:39:48.875+0000 7f80ea1ae700 1 -- 172.21.15.26:0/909611032 wait complete.
2024-04-23T00:39:49.734 INFO:teuthology.orchestra.run.smithi026.stdout:/usr/bin/ceph: stderr
2024-04-23T00:39:48.875+0000 7f80ea1ae700 1 Processor -- start
2024-04-23T00:39:49.734 INFO:teuthology.orchestra.run.smithi026.stdout:/usr/bin/ceph: stderr
2024-04-23T00:39:48.876+0000 7f80ea1ae700 1 -- start start
2024-04-23T00:39:49.734 INFO:teuthology.orchestra.run.smithi026.stdout:/usr/bin/ceph: stderr
2024-04-23T00:39:48.876+0000 7f80ea1ae700 1 --2- >> [v2:172.21.15.26:3300/0,v1:172.21.15.26:6789/0] conn(0x7f80e4106370 0x7f80e407a980 unknown :-1 s=NONE pgs=0 cs=0 l=1 rev1=0 crypto rx=0 tx=0 comp rx=0 tx=0).connect
2024-04-23T00:39:49.734 INFO:teuthology.orchestra.run.smithi026.stdout:/usr/bin/ceph: stderr
2024-04-23T00:39:48.876+0000 7f80ea1ae700 1 -- --> [v2:172.21.15.26:3300/0,v1:172.21.15.26:6789/0] -- mon_getmap magic: 0 v1 -- 0x7f80e407aec0 con 0x7f80e4106370
2024-04-23T00:39:49.734 INFO:teuthology.orchestra.run.smithi026.stdout:/usr/bin/ceph: stderr
2024-04-23T00:39:48.876+0000 7f80e37fe700 1 --2- >> [v2:172.21.15.26:3300/0,v1:172.21.15.26:6789/0] conn(0x7f80e4106370 0x7f80e407a980 unknown :-1 s=BANNER_CONNECTING pgs=0 cs=0 l=1 rev1=0 crypto rx=0 tx=0 comp rx=0 tx=0)._handle_peer_banner_payload supported=3 required=0
2024-04-23T00:39:49.734 INFO:teuthology.orchestra.run.smithi026.stdout:/usr/bin/ceph: stderr
2024-04-23T00:39:48.876+0000 7f80e37fe700 1 --2- >> [v2:172.21.15.26:3300/0,v1:172.21.15.26:6789/0] conn(0x7f80e4106370 0x7f80e407a980 unknown :-1 s=HELLO_CONNECTING pgs=0 cs=0 l=1 rev1=1 crypto rx=0 tx=0 comp rx=0 tx=0).handle_hello peer v2:172.21.15.26:3300/0 says I am v2:172.21.15.26:39470/0 (socket says 172.21.15.26:39470)
2024-04-23T00:39:49.734 INFO:teuthology.orchestra.run.smithi026.stdout:/usr/bin/ceph: stderr
2024-04-23T00:39:48.876+0000 7f80e37fe700 1 -- 172.21.15.26:0/1325597478 learned_addr learned my addr 172.21.15.26:0/1325597478 (peer_addr_for_me v2:172.21.15.26:0/0)
2024-04-23T00:39:49.734 INFO:journalctl@ceph.mon.smithi026.smithi026.stdout:Apr 23 00:39:49 smithi026 ceph-mon[39851]: from='client.? 172.21.15.26:0/1325597478' entity='client.admin' cmd=[{"prefix": "mgr stat"}]: dispatch
2024-04-23T00:39:49.737 INFO:teuthology.orchestra.run.smithi026.stdout:/usr/bin/ceph: stderr
2024-04-23T00:39:48.876+0000 7f80e37fe700 1 -- 172.21.15.26:0/1325597478 --> [v2:172.21.15.26:3300/0,v1:172.21.15.26:6789/0] -- mon_subscribe({config=0+,monmap=0+}) v3 -- 0x7f80d4009550 con 0x7f80e4106370
2024-04-23T00:39:49.737 INFO:teuthology.orchestra.run.smithi026.stdout:/usr/bin/ceph: stderr
2024-04-23T00:39:48.876+0000 7f80e37fe700 1 --2- 172.21.15.26:0/1325597478 >> [v2:172.21.15.26:3300/0,v1:172.21.15.26:6789/0] conn(0x7f80e4106370 0x7f80e407a980 secure :-1 s=READY pgs=25 cs=0 l=1 rev1=1 crypto rx=0x7f80d4009130 tx=0x7f80d4011a30 comp rx=0 tx=0).ready entity=mon.0 client_cookie=0 server_cookie=0 in_seq=0 out_seq=0
2024-04-23T00:39:49.737 INFO:teuthology.orchestra.run.smithi026.stdout:/usr/bin/ceph: stderr
2024-04-23T00:39:48.877+0000 7f80e0ff9700 1 -- 172.21.15.26:0/1325597478 <== mon.0 v2:172.21.15.26:3300/0 1 ==== mon_map magic: 0 v1 ==== 229+0+0 (secure 0 0 0) 0x7f80d4003a00 con 0x7f80e4106370
2024-04-23T00:39:49.738 INFO:teuthology.orchestra.run.smithi026.stdout:/usr/bin/ceph: stderr
2024-04-23T00:39:48.877+0000 7f80ea1ae700 1 -- 172.21.15.26:0/1325597478 --> [v2:172.21.15.26:3300/0,v1:172.21.15.26:6789/0] -- mon_subscribe({mgrmap=0+}) v3 -- 0x7f80e4079100 con 0x7f80e4106370
2024-04-23T00:39:49.738 INFO:teuthology.orchestra.run.smithi026.stdout:/usr/bin/ceph: stderr
2024-04-23T00:39:48.877+0000 7f80e0ff9700 1 -- 172.21.15.26:0/1325597478 <== mon.0 v2:172.21.15.26:3300/0 2 ==== config(26 keys) v1 ==== 1007+0+0 (secure 0 0 0) 0x7f80d401a880 con 0x7f80e4106370
2024-04-23T00:39:49.738 INFO:teuthology.orchestra.run.smithi026.stdout:/usr/bin/ceph: stderr
2024-04-23T00:39:48.877+0000 7f80e0ff9700 1 -- 172.21.15.26:0/1325597478 <== mon.0 v2:172.21.15.26:3300/0 3 ==== mon_map magic: 0 v1 ==== 229+0+0 (secure 0 0 0) 0x7f80d4019760 con 0x7f80e4106370
2024-04-23T00:39:49.738 INFO:teuthology.orchestra.run.smithi026.stdout:/usr/bin/ceph: stderr
2024-04-23T00:39:48.877+0000 7f80ea1ae700 1 -- 172.21.15.26:0/1325597478 --> [v2:172.21.15.26:3300/0,v1:172.21.15.26:6789/0] -- mon_subscribe({osdmap=0}) v3 -- 0x7f80e40795a0 con 0x7f80e4106370
2024-04-23T00:39:49.738 INFO:teuthology.orchestra.run.smithi026.stdout:/usr/bin/ceph: stderr
2024-04-23T00:39:48.878+0000 7f80ea1ae700 1 -- 172.21.15.26:0/1325597478 --> [v2:172.21.15.26:3300/0,v1:172.21.15.26:6789/0] -- mon_command({"prefix": "get_command_descriptions"} v 0) v1 -- 0x7f80e404f0d0 con 0x7f80e4106370
2024-04-23T00:39:49.738 INFO:teuthology.orchestra.run.smithi026.stdout:/usr/bin/ceph: stderr
2024-04-23T00:39:48.878+0000 7f80e0ff9700 1 -- 172.21.15.26:0/1325597478 <== mon.0 v2:172.21.15.26:3300/0 4 ==== mgrmap(e 5) v1 ==== 45556+0+0 (secure 0 0 0) 0x7f80d401a9f0 con 0x7f80e4106370
2024-04-23T00:39:49.738 INFO:teuthology.orchestra.run.smithi026.stdout:/usr/bin/ceph: stderr
2024-04-23T00:39:48.878+0000 7f80e0ff9700 1 --2- 172.21.15.26:0/1325597478 >> [v2:172.21.15.26:6800/4008897440,v1:172.21.15.26:6801/4008897440] conn(0x7f80cc0386e0 0x7f80cc03aba0 unknown :-1 s=NONE pgs=0 cs=0 l=1 rev1=0 crypto rx=0 tx=0 comp rx=0 tx=0).connect
2024-04-23T00:39:49.738 INFO:teuthology.orchestra.run.smithi026.stdout:/usr/bin/ceph: stderr
2024-04-23T00:39:48.878+0000 7f80e0ff9700 1 -- 172.21.15.26:0/1325597478 <== mon.0 v2:172.21.15.26:3300/0 5 ==== osd_map(1..1 src has 1..1) v4 ==== 725+0+0 (secure 0 0 0) 0x7f80d404cee0 con 0x7f80e4106370
2024-04-23T00:39:49.738 INFO:teuthology.orchestra.run.smithi026.stdout:/usr/bin/ceph: stderr
2024-04-23T00:39:48.878+0000 7f80e2ffd700 1 -- 172.21.15.26:0/1325597478 >> [v2:172.21.15.26:6800/4008897440,v1:172.21.15.26:6801/4008897440] conn(0x7f80cc0386e0 msgr2=0x7f80cc03aba0 unknown :-1 s=STATE_CONNECTING_RE l=1).process reconnect failed to v2:172.21.15.26:6800/4008897440
2024-04-23T00:39:49.738 INFO:teuthology.orchestra.run.smithi026.stdout:/usr/bin/ceph: stderr
2024-04-23T00:39:48.878+0000 7f80e2ffd700 1 --2- 172.21.15.26:0/1325597478 >> [v2:172.21.15.26:6800/4008897440,v1:172.21.15.26:6801/4008897440] conn(0x7f80cc0386e0 0x7f80cc03aba0 unknown :-1 s=START_CONNECT pgs=0 cs=0 l=1 rev1=0 crypto rx=0 tx=0 comp rx=0 tx=0)._fault waiting 0.200000
2024-04-23T00:39:49.738 INFO:teuthology.orchestra.run.smithi026.stdout:/usr/bin/ceph: stderr
2024-04-23T00:39:48.886+0000 7f80e0ff9700 1 -- 172.21.15.26:0/1325597478 <== mon.0 v2:172.21.15.26:3300/0 6 ==== mon_command_ack([{"prefix": "get_command_descriptions"}]=0 v0) v1 ==== 72+0+183351 (secure 0 0 0) 0x7f80d401a430 con 0x7f80e4106370
2024-04-23T00:39:49.738 INFO:teuthology.orchestra.run.smithi026.stdout:/usr/bin/ceph: stderr
2024-04-23T00:39:49.080+0000 7f80e2ffd700 1 -- 172.21.15.26:0/1325597478 >> [v2:172.21.15.26:6800/4008897440,v1:172.21.15.26:6801/4008897440] conn(0x7f80cc0386e0 msgr2=0x7f80cc03aba0 unknown :-1 s=STATE_CONNECTING_RE l=1).process reconnect failed to v2:172.21.15.26:6800/4008897440
2024-04-23T00:39:49.738 INFO:teuthology.orchestra.run.smithi026.stdout:/usr/bin/ceph: stderr
