2024-04-23T01:12:19.245+0000 7f2d2259c700 1 --1- >> v1:172.21.15.55:6789/0 conn(0x7f2d24103a30 0x7f2d241963d0 :-1 s=CONNECTING_WAIT_BANNER_AND_IDENTIFY pgs=0 cs=0 l=1).handle_server_banner_and_identify peer v1:172.21.15.55:6789/0 says I am v1:172.21.15.55:44620/0 (socket says 172.21.15.55:44620)
2024-04-23T01:12:20.439 INFO:teuthology.orchestra.run.smithi055.stdout:/usr/bin/ceph: stderr
2024-04-23T01:12:19.245+0000 7f2d2259c700 1 -- 172.21.15.55:0/2101076689 learned_addr learned my addr 172.21.15.55:0/2101076689 (peer_addr_for_me v1:172.21.15.55:0/0)
2024-04-23T01:12:20.439 INFO:teuthology.orchestra.run.smithi055.stdout:/usr/bin/ceph: stderr
2024-04-23T01:12:19.245+0000 7f2d137fe700 1 -- 172.21.15.55:0/2101076689 <== mon.0 v1:172.21.15.55:6789/0 1 ==== auth_reply(proto 2 0 (0) Success) v1 ==== 33+0+0 (unknown 2206356933 0 0) 0x7f2d24108e70 con 0x7f2d24103a30
2024-04-23T01:12:20.439 INFO:teuthology.orchestra.run.smithi055.stdout:/usr/bin/ceph: stderr
2024-04-23T01:12:19.245+0000 7f2d137fe700 1 -- 172.21.15.55:0/2101076689 --> v1:172.21.15.55:6789/0 -- auth(proto 2 36 bytes epoch 0) v1 -- 0x7f2d0c007750 con 0x7f2d24103a30
2024-04-23T01:12:20.439 INFO:teuthology.orchestra.run.smithi055.stdout:/usr/bin/ceph: stderr
2024-04-23T01:12:19.245+0000 7f2d137fe700 1 -- 172.21.15.55:0/2101076689 <== mon.0 v1:172.21.15.55:6789/0 2 ==== auth_reply(proto 2 0 (0) Success) v1 ==== 764+0+0 (unknown 1577288934 0 0) 0x7f2d0c007750 con 0x7f2d24103a30
2024-04-23T01:12:20.439 INFO:teuthology.orchestra.run.smithi055.stdout:/usr/bin/ceph: stderr
2024-04-23T01:12:19.245+0000 7f2d137fe700 1 -- 172.21.15.55:0/2101076689 --> v1:172.21.15.55:6789/0 -- auth(proto 2 165 bytes epoch 0) v1 -- 0x7f2d24108e70 con 0x7f2d24103a30
2024-04-23T01:12:20.439 INFO:teuthology.orchestra.run.smithi055.stdout:/usr/bin/ceph: stderr
2024-04-23T01:12:19.245+0000 7f2d137fe700 1 -- 172.21.15.55:0/2101076689 <== mon.0 v1:172.21.15.55:6789/0 3 ==== mon_map magic: 0 v1 ==== 170+0+0 (unknown 4283764603 0 0) 0x7f2d14001080 con 0x7f2d24103a30
2024-04-23T01:12:20.439 INFO:teuthology.orchestra.run.smithi055.stdout:/usr/bin/ceph: stderr
2024-04-23T01:12:19.245+0000 7f2d137fe700 1 -- 172.21.15.55:0/2101076689 <== mon.0 v1:172.21.15.55:6789/0 4 ==== auth_reply(proto 2 0 (0) Success) v1 ==== 580+0+0 (unknown 667234053 0 0) 0x7f2d24108e70 con 0x7f2d24103a30
2024-04-23T01:12:20.439 INFO:teuthology.orchestra.run.smithi055.stdout:/usr/bin/ceph: stderr
2024-04-23T01:12:19.245+0000 7f2d137fe700 1 -- 172.21.15.55:0/2101076689 --> v1:172.21.15.55:6789/0 -- mon_subscribe({config=0+,monmap=0+}) v3 -- 0x7f2d24196ae0 con 0x7f2d24103a30
2024-04-23T01:12:20.439 INFO:teuthology.orchestra.run.smithi055.stdout:/usr/bin/ceph: stderr
2024-04-23T01:12:19.245+0000 7f2d28b11700 1 -- 172.21.15.55:0/2101076689 --> v1:172.21.15.55:6789/0 -- mon_subscribe({mgrmap=0+}) v3 -- 0x7f2d24196d90 con 0x7f2d24103a30
2024-04-23T01:12:20.439 INFO:teuthology.orchestra.run.smithi055.stdout:/usr/bin/ceph: stderr
2024-04-23T01:12:19.245+0000 7f2d28b11700 1 -- 172.21.15.55:0/2101076689 --> v1:172.21.15.55:6789/0 -- mon_subscribe({osdmap=0}) v3 -- 0x7f2d24197040 con 0x7f2d24103a30
2024-04-23T01:12:20.439 INFO:teuthology.orchestra.run.smithi055.stdout:/usr/bin/ceph: stderr
2024-04-23T01:12:19.249+0000 7f2d137fe700 1 -- 172.21.15.55:0/2101076689 <== mon.0 v1:172.21.15.55:6789/0 5 ==== config(24 keys) v1 ==== 1002+0+0 (unknown 1127395263 0 0) 0x7f2d14004870 con 0x7f2d24103a30
2024-04-23T01:12:20.439 INFO:teuthology.orchestra.run.smithi055.stdout:/usr/bin/ceph: stderr
2024-04-23T01:12:19.249+0000 7f2d137fe700 1 -- 172.21.15.55:0/2101076689 <== mon.0 v1:172.21.15.55:6789/0 6 ==== mon_map magic: 0 v1 ==== 170+0+0 (unknown 4283764603 0 0) 0x7f2d14005ff0 con 0x7f2d24103a30
2024-04-23T01:12:20.440 INFO:teuthology.orchestra.run.smithi055.stdout:/usr/bin/ceph: stderr
2024-04-23T01:12:19.249+0000 7f2d28b11700 1 -- 172.21.15.55:0/2101076689 --> v1:172.21.15.55:6789/0 -- mon_command({"prefix": "get_command_descriptions"} v 0) v1 -- 0x7f2d04005110 con 0x7f2d24103a30
2024-04-23T01:12:20.440 INFO:teuthology.orchestra.run.smithi055.stdout:/usr/bin/ceph: stderr
2024-04-23T01:12:19.249+0000 7f2d137fe700 1 -- 172.21.15.55:0/2101076689 <== mon.0 v1:172.21.15.55:6789/0 7 ==== mgrmap(e 3) v1 ==== 45389+0+0 (unknown 1230477391 0 0) 0x7f2d14011390 con 0x7f2d24103a30
2024-04-23T01:12:20.440 INFO:teuthology.orchestra.run.smithi055.stdout:/usr/bin/ceph: stderr
2024-04-23T01:12:19.249+0000 7f2d137fe700 1 -- 172.21.15.55:0/2101076689 <== mon.0 v1:172.21.15.55:6789/0 8 ==== osd_map(1..1 src has 1..1) v4 ==== 725+0+0 (unknown 3405863494 0 0) 0x7f2d14046720 con 0x7f2d24103a30
2024-04-23T01:12:20.440 INFO:teuthology.orchestra.run.smithi055.stdout:/usr/bin/ceph: stderr
2024-04-23T01:12:19.257+0000 7f2d137fe700 1 -- 172.21.15.55:0/2101076689 <== mon.0 v1:172.21.15.55:6789/0 9 ==== mon_command_ack([{"prefix": "get_command_descriptions"}]=0 v0) v1 ==== 72+0+183351 (unknown 1092875540 0 1036743988) 0x7f2d14012bb0 con 0x7f2d24103a30
2024-04-23T01:12:20.440 INFO:teuthology.orchestra.run.smithi055.stdout:/usr/bin/ceph: stderr
2024-04-23T01:12:19.349+0000 7f2d137fe700 1 -- 172.21.15.55:0/2101076689 <== mon.0 v1:172.21.15.55:6789/0 10 ==== mgrmap(e 4) v1 ==== 45495+0+0 (unknown 224539323 0 0) 0x7f2d140456c0 con 0x7f2d24103a30
2024-04-23T01:12:20.440 INFO:teuthology.orchestra.run.smithi055.stdout:/usr/bin/ceph: stderr
2024-04-23T01:12:19.813+0000 7f2d28b11700 1 -- 172.21.15.55:0/2101076689 --> v1:172.21.15.55:6789/0 -- mon_command({"prefix": "status", "format": "json-pretty"} v 0) v1 -- 0x7f2d040053c0 con 0x7f2d24103a30
2024-04-23T01:12:20.440 INFO:teuthology.orchestra.run.smithi055.stdout:/usr/bin/ceph: stderr
2024-04-23T01:12:19.813+0000 7f2d137fe700 1 -- 172.21.15.55:0/2101076689 <== mon.0 v1:172.21.15.55:6789/0 11 ==== mon_command_ack([{"prefix": "status", "format": "json-pretty"}]=0 v0) v1 ==== 79+0+1238 (unknown 4201413639 0 1143233922) 0x7f2d14014e50 con 0x7f2d24103a30
2024-04-23T01:12:20.440 INFO:teuthology.orchestra.run.smithi055.stdout:/usr/bin/ceph: stderr
2024-04-23T01:12:19.817+0000 7f2d28b11700 1 -- 172.21.15.55:0/2101076689 >> v1:172.21.15.55:6800/3976326188 conn(0x7f2d0c03ba30 legacy=0x7f2d0c03def0 unknown :-1 s=STATE_CONNECTION_ESTABLISHED l=1).mark_down
2024-04-23T01:12:20.440 INFO:teuthology.orchestra.run.smithi055.stdout:/usr/bin/ceph: stderr
2024-04-23T01:12:19.817+0000 7f2d28b11700 1 -- 172.21.15.55:0/2101076689 >> v1:172.21.15.55:6789/0 conn(0x7f2d24103a30 legacy=0x7f2d241963d0 unknown :-1 s=STATE_CONNECTION_ESTABLISHED l=1).mark_down
2024-04-23T01:12:20.440 INFO:teuthology.orchestra.run.smithi055.stdout:/usr/bin/ceph: stderr
2024-04-23T01:12:19.817+0000 7f2d28b11700 1 -- 172.21.15.55:0/2101076689 shutdown_connections
2024-04-23T01:12:20.440 INFO:teuthology.orchestra.run.smithi055.stdout:/usr/bin/ceph: stderr
2024-04-23T01:12:19.817+0000 7f2d28b11700 1 -- 172.21.15.55:0/2101076689 >> 172.21.15.55:0/2101076689 conn(0x7f2d240fefb0 msgr2=0x7f2d24101410 unknown :-1 s=STATE_NONE l=0).mark_down
2024-04-23T01:12:20.440 INFO:teuthology.orchestra.run.smithi055.stdout:/usr/bin/ceph: stderr
2024-04-23T01:12:19.817+0000 7f2d28b11700 1 -- 172.21.15.55:0/2101076689 shutdown_connections
2024-04-23T01:12:20.440 INFO:teuthology.orchestra.run.smithi055.stdout:/usr/bin/ceph: stderr
2024-04-23T01:12:19.817+0000 7f2d28b11700 1 -- 172.21.15.55:0/2101076689 wait complete.
2024-04-23T01:12:20.440 INFO:teuthology.orchestra.run.smithi055.stdout:mgr is available
2024-04-23T01:12:20.796 INFO:journalctl@ceph.mon.a.smithi055.stdout:Apr 23 01:12:20 smithi055 bash[17596]: cluster
2024-04-23T01:12:19.355771+0000 mon.a (mon.0) 27 : cluster 0 mgrmap e4: y(active, since 3s)
2024-04-23T01:12:20.796 INFO:journalctl@ceph.mon.a.smithi055.stdout:Apr 23 01:12:20 smithi055 bash[17596]: audit
2024-04-23T01:12:19.818394+0000 mon.a (mon.0) 28 : audit 0 from='client.? v1:172.21.15.55:0/2101076689' entity='client.admin' cmd=[{"prefix": "status", "format": "json-pretty"}]: dispatch
2024-04-23T01:12:22.296 INFO:journalctl@ceph.mon.a.smithi055.stdout:Apr 23 01:12:21 smithi055 bash[17596]: audit
2024-04-23T01:12:21.802381+0000 mon.a (mon.0) 29 : audit 1 from='client.? v1:172.21.15.55:0/2582997437' entity='client.admin' cmd=[{"prefix": "config assimilate-conf"}]: dispatch
2024-04-23T01:12:22.412 INFO:teuthology.orchestra.run.smithi055.stdout:/usr/bin/ceph: stdout
2024-04-23T01:12:22.412 INFO:teuthology.orchestra.run.smithi055.stdout:/usr/bin/ceph: stdout [global]
2024-04-23T01:12:22.413 INFO:teuthology.orchestra.run.smithi055.stdout:/usr/bin/ceph: stdout fsid = 28e4a73c-010e-11ef-bc93-c7b262605968
2024-04-23T01:12:22.413 INFO:teuthology.orchestra.run.smithi055.stdout:/usr/bin/ceph: stdout mon_osd_allow_pg_remap = true
2024-04-23T01:12:22.413 INFO:teuthology.orchestra.run.smithi055.stdout:/usr/bin/ceph: stdout mon_osd_allow_primary_affinity = true
2024-04-23T01:12:22.413 INFO:teuthology.orchestra.run.smithi055.stdout:/usr/bin/ceph: stdout mon_warn_on_no_sortbitwise = false
2024-04-23T01:12:22.413 INFO:teuthology.orchestra.run.smithi055.stdout:/usr/bin/ceph: stdout osd_crush_chooseleaf_type = 0
2024-04-23T01:12:22.413 INFO:teuthology.orchestra.run.smithi055.stdout:/usr/bin/ceph: stdout
2024-04-23T01:12:22.413 INFO:teuthology.orchestra.run.smithi055.stdout:/usr/bin/ceph: stdout [mgr]
2024-04-23T01:12:22.413 INFO:teuthology.orchestra.run.smithi055.stdout:/usr/bin/ceph: stdout mgr/telemetry/nag = false
2024-04-23T01:12:22.413 INFO:teuthology.orchestra.run.smithi055.stdout:/usr/bin/ceph: stdout
2024-04-23T01:12:22.413 INFO:teuthology.orchestra.run.smithi055.stdout:/usr/bin/ceph: stdout [osd]
2024-04-23T01:12:22.413 INFO:teuthology.orchestra.run.smithi055.stdout:/usr/bin/ceph: stdout osd_map_max_advance = 10
2024-04-23T01:12:22.413 INFO:teuthology.orchestra.run.smithi055.stdout:/usr/bin/ceph: stdout osd_sloppy_crc = true
2024-04-23T01:12:22.413 INFO:teuthology.orchestra.run.smithi055.stdout:/usr/bin/ceph: stderr
2024-04-23T01:12:21.397+0000 7fce5069c700 1 Processor -- start
2024-04-23T01:12:22.413 INFO:teuthology.orchestra.run.smithi055.stdout:/usr/bin/ceph: stderr
2024-04-23T01:12:21.397+0000 7fce5069c700 1 -- start start
2024-04-23T01:12:22.413 INFO:teuthology.orchestra.run.smithi055.stdout:/usr/bin/ceph: stderr
2024-04-23T01:12:21.401+0000 7fce5069c700 1 -- --> v1:172.21.15.55:6789/0 -- auth(proto 0 34 bytes epoch 0) v1 -- 0x7fce48107e30 con 0x7fce48103a00
2024-04-23T01:12:22.414 INFO:teuthology.orchestra.run.smithi055.stdout:/usr/bin/ceph: stderr
2024-04-23T01:12:21.401+0000 7fce4e438700 1 --1- >> v1:172.21.15.55:6789/0 conn(0x7fce48103a00 0x7fce48103e20 :-1 s=CONNECTING_WAIT_BANNER_AND_IDENTIFY pgs=0 cs=0 l=0).handle_server_banner_and_identify peer v1:172.21.15.55:6789/0 says I am v1:172.21.15.55:44632/0 (socket says 172.21.15.55:44632)
2024-04-23T01:12:22.414 INFO:teuthology.orchestra.run.smithi055.stdout:/usr/bin/ceph: stderr
2024-04-23T01:12:21.401+0000 7fce4e438700 1 -- 172.21.15.55:0/610615124 learned_addr learned my addr 172.21.15.55:0/610615124 (peer_addr_for_me v1:172.21.15.55:0/0)
2024-04-23T01:12:22.414 INFO:teuthology.orchestra.run.smithi055.stdout:/usr/bin/ceph: stderr
2024-04-23T01:12:21.401+0000 7fce4d436700 1 -- 172.21.15.55:0/610615124 <== mon.0 v1:172.21.15.55:6789/0 1 ==== auth_reply(proto 2 0 (0) Success) v1 ==== 33+0+0 (unknown 2248224491 0 0) 0x7fce48107e30 con 0x7fce48103a00
2024-04-23T01:12:22.414 INFO:teuthology.orchestra.run.smithi055.stdout:/usr/bin/ceph: stderr
2024-04-23T01:12:21.401+0000 7fce4d436700 1 -- 172.21.15.55:0/610615124 --> v1:172.21.15.55:6789/0 -- auth(proto 2 36 bytes epoch 0) v1 -- 0x7fce300035b0 con 0x7fce48103a00
2024-04-23T01:12:22.414 INFO:teuthology.orchestra.run.smithi055.stdout:/usr/bin/ceph: stderr
2024-04-23T01:12:21.401+0000 7fce4d436700 1 -- 172.21.15.55:0/610615124 <== mon.0 v1:172.21.15.55:6789/0 2 ==== auth_reply(proto 2 0 (0) Success) v1 ==== 214+0+0 (unknown 3186362834 0 0) 0x7fce300035b0 con 0x7fce48103a00
2024-04-23T01:12:22.417 INFO:teuthology.orchestra.run.smithi055.stdout:/usr/bin/ceph: stderr
2024-04-23T01:12:21.401+0000 7fce4d436700 1 -- 172.21.15.55:0/610615124 --> v1:172.21.15.55:6789/0 -- mon_subscribe({config=0+,monmap=0+}) v3 -- 0x7fce48108fd0 con 0x7fce48103a00
2024-04-23T01:12:22.418 INFO:teuthology.orchestra.run.smithi055.stdout:/usr/bin/ceph: stderr
2024-04-23T01:12:21.401+0000 7fce4d436700 1 -- 172.21.15.55:0/610615124 <== mon.0 v1:172.21.15.55:6789/0 3 ==== mon_map magic: 0 v1 ==== 170+0+0 (unknown 4283764603 0 0) 0x7fce38001900 con 0x7fce48103a00
2024-04-23T01:12:22.418 INFO:teuthology.orchestra.run.smithi055.stdout:/usr/bin/ceph: stderr
2024-04-23T01:12:21.401+0000 7fce4d436700 1 -- 172.21.15.55:0/610615124 <== mon.0 v1:172.21.15.55:6789/0 4 ==== config(24 keys) v1 ==== 1002+0+0 (unknown 1127395263 0 0) 0x7fce38001f70 con 0x7fce48103a00
2024-04-23T01:12:22.418 INFO:teuthology.orchestra.run.smithi055.stdout:/usr/bin/ceph: stderr
2024-04-23T01:12:21.401+0000 7fce4d436700 1 -- 172.21.15.55:0/610615124 <== mon.0 v1:172.21.15.55:6789/0 5 ==== mon_map magic: 0 v1 ==== 170+0+0 (unknown 4283764603 0 0) 0x7fce38005a10 con 0x7fce48103a00
2024-04-23T01:12:22.418 INFO:teuthology.orchestra.run.smithi055.stdout:/usr/bin/ceph: stderr
2024-04-23T01:12:21.401+0000 7fce5069c700 1 -- 172.21.15.55:0/610615124 >> v1:172.21.15.55:6789/0 conn(0x7fce48103a00 legacy=0x7fce48103e20 unknown :-1 s=STATE_CONNECTION_ESTABLISHED l=1).mark_down
2024-04-23T01:12:22.418 INFO:teuthology.orchestra.run.smithi055.stdout:/usr/bin/ceph: stderr
2024-04-23T01:12:21.401+0000 7fce5069c700 1 -- 172.21.15.55:0/610615124 shutdown_connections
2024-04-23T01:12:22.418 INFO:teuthology.orchestra.run.smithi055.stdout:/usr/bin/ceph: stderr
2024-04-23T01:12:21.401+0000 7fce5069c700 1 -- 172.21.15.55:0/610615124 >> 172.21.15.55:0/610615124 conn(0x7fce480ff020 msgr2=0x7fce48101440 unknown :-1 s=STATE_NONE l=0).mark_down
2024-04-23T01:12:22.418 INFO:teuthology.orchestra.run.smithi055.stdout:/usr/bin/ceph: stderr
2024-04-23T01:12:21.401+0000 7fce5069c700 1 -- 172.21.15.55:0/610615124 shutdown_connections
2024-04-23T01:12:22.418 INFO:teuthology.orchestra.run.smithi055.stdout:/usr/bin/ceph: stderr
2024-04-23T01:12:21.405+0000 7fce5069c700 1 -- 172.21.15.55:0/610615124 wait complete.
2024-04-23T01:12:22.418 INFO:teuthology.orchestra.run.smithi055.stdout:/usr/bin/ceph: stderr
2024-04-23T01:12:21.405+0000 7fce5069c700 1 Processor -- start
2024-04-23T01:12:22.418 INFO:teuthology.orchestra.run.smithi055.stdout:/usr/bin/ceph: stderr
2024-04-23T01:12:21.405+0000 7fce5069c700 1 -- start start
2024-04-23T01:12:22.418 INFO:teuthology.orchestra.run.smithi055.stdout:/usr/bin/ceph: stderr
2024-04-23T01:12:21.405+0000 7fce5069c700 1 -- --> v1:172.21.15.55:6789/0 -- auth(proto 0 34 bytes epoch 0) v1 -- 0x7fce48108e40 con 0x7fce48103a00
2024-04-23T01:12:22.418 INFO:teuthology.orchestra.run.smithi055.stdout:/usr/bin/ceph: stderr
2024-04-23T01:12:21.405+0000 7fce4e438700 1 --1- >> v1:172.21.15.55:6789/0 conn(0x7fce48103a00 0x7fce48100e40 :-1 s=CONNECTING_WAIT_BANNER_AND_IDENTIFY pgs=0 cs=0 l=1).handle_server_banner_and_identify peer v1:172.21.15.55:6789/0 says I am v1:172.21.15.55:44642/0 (socket says 172.21.15.55:44642)
2024-04-23T01:12:22.418 INFO:teuthology.orchestra.run.smithi055.stdout:/usr/bin/ceph: stderr
2024-04-23T01:12:21.405+0000 7fce4e438700 1 -- 172.21.15.55:0/2582997437 learned_addr learned my addr 172.21.15.55:0/2582997437 (peer_addr_for_me v1:172.21.15.55:0/0)
2024-04-23T01:12:22.418 INFO:teuthology.orchestra.run.smithi055.stdout:/usr/bin/ceph: stderr
2024-04-23T01:12:21.405+0000 7fce477fe700 1 -- 172.21.15.55:0/2582997437 <== mon.0 v1:172.21.15.55:6789/0 1 ==== auth_reply(proto 2 0 (0) Success) v1 ==== 33+0+0 (unknown 1490648382 0 0) 0x7fce48108e40 con 0x7fce48103a00
2024-04-23T01:12:22.419 INFO:teuthology.orchestra.run.smithi055.stdout:/usr/bin/ceph: stderr
2024-04-23T01:12:21.405+0000 7fce477fe700 1 -- 172.21.15.55:0/2582997437 --> v1:172.21.15.55:6789/0 -- auth(proto 2 36 bytes epoch 0) v1 -- 0x7fce30005540 con 0x7fce48103a00
2024-04-23T01:12:22.419 INFO:teuthology.orchestra.run.smithi055.stdout:/usr/bin/ceph: stderr
2024-04-23T01:12:21.405+0000 7fce477fe700 1 -- 172.21.15.55:0/2582997437 <== mon.0 v1:172.21.15.55:6789/0 2 ==== auth_reply(proto 2 0 (0) Success) v1 ==== 764+0+0 (unknown 4186312656 0 0) 0x7fce30005540 con 0x7fce48103a00
2024-04-23T01:12:22.419 INFO:teuthology.orchestra.run.smithi055.stdout:/usr/bin/ceph: stderr
2024-04-23T01:12:21.405+0000 7fce477fe700 1 -- 172.21.15.55:0/2582997437 --> v1:172.21.15.55:6789/0 -- auth(proto 2 165 bytes epoch 0) v1 -- 0x7fce48108e40 con 0x7fce48103a00
2024-04-23T01:12:22.419 INFO:teuthology.orchestra.run.smithi055.stdout:/usr/bin/ceph: stderr
2024-04-23T01:12:21.405+0000 7fce477fe700 1 -- 172.21.15.55:0/2582997437 <== mon.0 v1:172.21.15.55:6789/0 3 ==== mon_map magic: 0 v1 ==== 170+0+0 (unknown 4283764603 0 0) 0x7fce38001400 con 0x7fce48103a00
2024-04-23T01:12:22.419 INFO:teuthology.orchestra.run.smithi055.stdout:/usr/bin/ceph: stderr
2024-04-23T01:12:21.405+0000 7fce477fe700 1 -- 172.21.15.55:0/2582997437 <== mon.0 v1:172.21.15.55:6789/0 4 ==== auth_reply(proto 2 0 (0) Success) v1 ==== 580+0+0 (unknown 3796924949 0 0) 0x7fce48108e40 con 0x7fce48103a00
2024-04-23T01:12:22.419 INFO:teuthology.orchestra.run.smithi055.stdout:/usr/bin/ceph: stderr
2024-04-23T01:12:21.405+0000 7fce477fe700 1 -- 172.21.15.55:0/2582997437 --> v1:172.21.15.55:6789/0 -- mon_subscribe({config=0+,monmap=0+}) v3 -- 0x7fce4819f530 con 0x7fce48103a00
2024-04-23T01:12:22.419 INFO:teuthology.orchestra.run.smithi055.stdout:/usr/bin/ceph: stderr
2024-04-23T01:12:21.405+0000 7fce5069c700 1 -- 172.21.15.55:0/2582997437 --> v1:172.21.15.55:6789/0 -- mon_subscribe({mgrmap=0+}) v3 -- 0x7fce4819e520 con 0x7fce48103a00
2024-04-23T01:12:22.419 INFO:teuthology.orchestra.run.smithi055.stdout:/usr/bin/ceph: stderr
2024-04-23T01:12:21.405+0000 7fce5069c700 1 -- 172.21.15.55:0/2582997437 --> v1:172.21.15.55:6789/0 -- mon_subscribe({osdmap=0}) v3 -- 0x7fce4819ea20 con 0x7fce48103a00
2024-04-23T01:12:22.419 INFO:teuthology.orchestra.run.smithi055.stdout:/usr/bin/ceph: stderr
2024-04-23T01:12:21.405+0000 7fce477fe700 1 -- 172.21.15.55:0/2582997437 <== mon.0 v1:172.21.15.55:6789/0 5 ==== config(24 keys) v1 ==== 1002+0+0 (unknown 1127395263 0 0) 0x7fce38004fe0 con 0x7fce48103a00
2024-04-23T01:12:22.419 INFO:teuthology.orchestra.run.smithi055.stdout:/usr/bin/ceph: stderr
2024-04-23T01:12:21.405+0000 7fce477fe700 1 -- 172.21.15.55:0/2582997437 <== mon.0 v1:172.21.15.55:6789/0 6 ==== mon_map magic: 0 v1 ==== 170+0+0 (unknown 4283764603 0 0) 0x7fce38006410 con 0x7fce48103a00
2024-04-23T01:12:22.419 INFO:teuthology.orchestra.run.smithi055.stdout:/usr/bin/ceph: stderr
2024-04-23T01:12:21.409+0000 7fce477fe700 1 -- 172.21.15.55:0/2582997437 <== mon.0 v1:172.21.15.55:6789/0 7 ==== mgrmap(e 4) v1 ==== 45495+0+0 (unknown 224539323 0 0) 0x7fce38011810 con 0x7fce48103a00
2024-04-23T01:12:22.419 INFO:teuthology.orchestra.run.smithi055.stdout:/usr/bin/ceph: stderr
2024-04-23T01:12:21.409+0000 7fce5069c700 1 -- 172.21.15.55:0/2582997437 --> v1:172.21.15.55:6789/0 -- mon_command({"prefix": "get_command_descriptions"} v 0) v1 -- 0x7fce34005110 con 0x7fce48103a00
2024-04-23T01:12:22.419 INFO:teuthology.orchestra.run.smithi055.stdout:/usr/bin/ceph: stderr
2024-04-23T01:12:21.409+0000 7fce477fe700 1 -- 172.21.15.55:0/2582997437 <== mon.0 v1:172.21.15.55:6789/0 8 ==== osd_map(1..1 src has 1..1) v4 ==== 725+0+0 (unknown 3405863494 0 0) 0x7fce38046d70 con 0x7fce48103a00
2024-04-23T01:12:22.419 INFO:teuthology.orchestra.run.smithi055.stdout:/usr/bin/ceph: stderr
2024-04-23T01:12:21.413+0000 7fce477fe700 1 -- 172.21.15.55:0/2582997437 <== mon.0 v1:172.21.15.55:6789/0 9 ==== mon_command_ack([{"prefix": "get_command_descriptions"}]=0 v0) v1 ==== 72+0+183351 (unknown 1092875540 0 1036743988) 0x7fce38013080 con 0x7fce48103a00
2024-04-23T01:12:22.419 INFO:teuthology.orchestra.run.smithi055.stdout:/usr/bin/ceph: stderr
2024-04-23T01:12:21.797+0000 7fce5069c700 1 -- 172.21.15.55:0/2582997437 --> v1:172.21.15.55:6789/0 -- mon_command({"prefix": "config assimilate-conf"} v 0) v1 -- 0x7fce34005940 con 0x7fce48103a00
2024-04-23T01:12:22.420 INFO:teuthology.orchestra.run.smithi055.stdout:/usr/bin/ceph: stderr
2024-04-23T01:12:21.797+0000 7fce477fe700 1 -- 172.21.15.55:0/2582997437 <== mon.0 v1:172.21.15.55:6789/0 10 ==== mon_command_ack([{"prefix": "config assimilate-conf"}]=0 v3) v1 ==== 70+0+282 (unknown 1187553405 0 276907668) 0x7fce38015160 con 0x7fce48103a00
2024-04-23T01:12:22.420 INFO:teuthology.orchestra.run.smithi055.stdout:/usr/bin/ceph: stderr
2024-04-23T01:12:21.801+0000 7fce5069c700 1 -- 172.21.15.55:0/2582997437 >> v1:172.21.15.55:6800/3976326188 conn(0x7fce300398f0 legacy=0x7fce3003bdb0 unknown :-1 s=STATE_CONNECTION_ESTABLISHED l=1).mark_down
2024-04-23T01:12:22.420 INFO:teuthology.orchestra.run.smithi055.stdout:/usr/bin/ceph: stderr
2024-04-23T01:12:21.801+0000 7fce5069c700 1 -- 172.21.15.55:0/2582997437 >> v1:172.21.15.55:6789/0 conn(0x7fce48103a00 legacy=0x7fce48100e40 unknown :-1 s=STATE_CONNECTION_ESTABLISHED l=1).mark_down
2024-04-23T01:12:22.420 INFO:teuthology.orchestra.run.smithi055.stdout:/usr/bin/ceph: stderr
2024-04-23T01:12:21.801+0000 7fce5069c700 1 -- 172.21.15.55:0/2582997437 shutdown_connections
2024-04-23T01:12:22.420 INFO:teuthology.orchestra.run.smithi055.stdout:/usr/bin/ceph: stderr
2024-04-23T01:12:21.801+0000 7fce5069c700 1 -- 172.21.15.55:0/2582997437 >> 172.21.15.55:0/2582997437 conn(0x7fce480ff020 msgr2=0x7fce48076f60 unknown :-1 s=STATE_NONE l=0).mark_down
2024-04-23T01:12:22.420 INFO:teuthology.orchestra.run.smithi055.stdout:/usr/bin/ceph: stderr
2024-04-23T01:12:21.805+0000 7fce5069c700 1 -- 172.21.15.55:0/2582997437 shutdown_connections
2024-04-23T01:12:22.420 INFO:teuthology.orchestra.run.smithi055.stdout:/usr/bin/ceph: stderr
2024-04-23T01:12:21.805+0000 7fce5069c700 1 -- 172.21.15.55:0/2582997437 wait complete.
2024-04-23T01:12:22.420 INFO:teuthology.orchestra.run.smithi055.stdout:Enabling cephadm module...
2024-04-23T01:12:24.296 INFO:journalctl@ceph.mon.a.smithi055.stdout:Apr 23 01:12:23 smithi055 bash[17596]: audit
2024-04-23T01:12:23.839109+0000 mon.a (mon.0) 30 : audit 1 from='client.? v1:172.21.15.55:0/228117113' entity='client.admin' cmd=[{"prefix": "mgr module enable", "module": "cephadm"}]: dispatch
2024-04-23T01:12:24.296 INFO:journalctl@ceph.mgr.y.smithi055.stdout:Apr 23 01:12:23 smithi055 bash[17859]: ignoring --setuser ceph since I am not root
2024-04-23T01:12:24.296 INFO:journalctl@ceph.mgr.y.smithi055.stdout:Apr 23 01:12:23 smithi055 bash[17859]: ignoring --setgroup ceph since I am not root
2024-04-23T01:12:24.296 INFO:journalctl@ceph.mgr.y.smithi055.stdout:Apr 23 01:12:24 smithi055 bash[17859]: debug
2024-04-23T01:12:24.105+0000 7f3dd28f7200 -1 mgr[py] Module balancer has missing NOTIFY_TYPES member
2024-04-23T01:12:24.589 INFO:teuthology.orchestra.run.smithi055.stdout:/usr/bin/ceph: stderr
2024-04-23T01:12:23.317+0000 7fe4670ec700 1 Processor -- start
2024-04-23T01:12:24.589 INFO:teuthology.orchestra.run.smithi055.stdout:/usr/bin/ceph: stderr
2024-04-23T01:12:23.317+0000 7fe4670ec700 1 -- start start
2024-04-23T01:12:24.589 INFO:teuthology.orchestra.run.smithi055.stdout:/usr/bin/ceph: stderr
2024-04-23T01:12:23.317+0000 7fe4670ec700 1 -- --> v1:172.21.15.55:6789/0 -- auth(proto 0 34 bytes epoch 0) v1 -- 0x7fe4600792a0 con 0x7fe46007a6a0
2024-04-23T01:12:24.589 INFO:teuthology.orchestra.run.smithi055.stdout:/usr/bin/ceph: stderr
2024-04-23T01:12:23.317+0000 7fe464e88700 1 --1- >> v1:172.21.15.55:6789/0 conn(0x7fe46007a6a0 0x7fe460078b00 :-1 s=CONNECTING_WAIT_BANNER_AND_IDENTIFY pgs=0 cs=0 l=0).handle_server_banner_and_identify peer v1:172.21.15.55:6789/0 says I am v1:172.21.15.55:44652/0 (socket says 172.21.15.55:44652)
2024-04-23T01:12:24.589 INFO:teuthology.orchestra.run.smithi055.stdout:/usr/bin/ceph: stderr
2024-04-23T01:12:23.317+0000 7fe464e88700 1 -- 172.21.15.55:0/1723624321 learned_addr learned my addr 172.21.15.55:0/1723624321 (peer_addr_for_me v1:172.21.15.55:0/0)
2024-04-23T01:12:24.589 INFO:teuthology.orchestra.run.smithi055.stdout:/usr/bin/ceph: stderr
2024-04-23T01:12:23.317+0000 7fe45f7fe700 1 -- 172.21.15.55:0/1723624321 <== mon.0 v1:172.21.15.55:6789/0 1 ==== auth_reply(proto 2 0 (0) Success) v1 ==== 33+0+0 (unknown 1965236363 0 0) 0x7fe4600792a0 con 0x7fe46007a6a0
2024-04-23T01:12:24.589 INFO:teuthology.orchestra.run.smithi055.stdout:/usr/bin/ceph: stderr
2024-04-23T01:12:23.317+0000 7fe45f7fe700 1 -- 172.21.15.55:0/1723624321 --> v1:172.21.15.55:6789/0 -- auth(proto 2 36 bytes epoch 0) v1 -- 0x7fe4480035b0 con 0x7fe46007a6a0
2024-04-23T01:12:24.589 INFO:teuthology.orchestra.run.smithi055.stdout:/usr/bin/ceph: stderr
2024-04-23T01:12:23.317+0000 7fe45f7fe700 1 -- 172.21.15.55:0/1723624321 <== mon.0 v1:172.21.15.55:6789/0 2 ==== auth_reply(proto 2 0 (0) Success) v1 ==== 214+0+0 (unknown 1440964492 0 0) 0x7fe4480035b0 con 0x7fe46007a6a0
2024-04-23T01:12:24.589 INFO:teuthology.orchestra.run.smithi055.stdout:/usr/bin/ceph: stderr
2024-04-23T01:12:23.317+0000 7fe45f7fe700 1 -- 172.21.15.55:0/1723624321 --> v1:172.21.15.55:6789/0 -- mon_subscribe({config=0+,monmap=0+}) v3 -- 0x7fe460079430 con 0x7fe46007a6a0
2024-04-23T01:12:24.589 INFO:teuthology.orchestra.run.smithi055.stdout:/usr/bin/ceph: stderr
2024-04-23T01:12:23.317+0000 7fe45f7fe700 1 -- 172.21.15.55:0/1723624321 <== mon.0 v1:172.21.15.55:6789/0 3 ==== mon_map magic: 0 v1 ==== 170+0+0 (unknown 4283764603 0 0) 0x7fe454001580 con 0x7fe46007a6a0
2024-04-23T01:12:24.589 INFO:teuthology.orchestra.run.smithi055.stdout:/usr/bin/ceph: stderr
2024-04-23T01:12:23.317+0000 7fe45f7fe700 1 -- 172.21.15.55:0/1723624321 <== mon.0 v1:172.21.15.55:6789/0 4 ==== config(24 keys) v1 ==== 1002+0+0 (unknown 1127395263 0 0) 0x7fe454001bf0 con 0x7fe46007a6a0
2024-04-23T01:12:24.589 INFO:teuthology.orchestra.run.smithi055.stdout:/usr/bin/ceph: stderr
2024-04-23T01:12:23.317+0000 7fe45f7fe700 1 -- 172.21.15.55:0/1723624321 <== mon.0 v1:172.21.15.55:6789/0 5 ==== mon_map magic: 0 v1 ==== 170+0+0 (unknown 4283764603 0 0) 0x7fe4540056f0 con 0x7fe46007a6a0
2024-04-23T01:12:24.590 INFO:teuthology.orchestra.run.smithi055.stdout:/usr/bin/ceph: stderr
2024-04-23T01:12:23.321+0000 7fe4670ec700 1 -- 172.21.15.55:0/1723624321 >> v1:172.21.15.55:6789/0 conn(0x7fe46007a6a0 legacy=0x7fe460078b00 unknown :-1 s=STATE_CONNECTION_ESTABLISHED l=1).mark_down
2024-04-23T01:12:24.590 INFO:teuthology.orchestra.run.smithi055.stdout:/usr/bin/ceph: stderr
2024-04-23T01:12:23.321+0000 7fe4670ec700 1 -- 172.21.15.55:0/1723624321 shutdown_connections
2024-04-23T01:12:24.590 INFO:teuthology.orchestra.run.smithi055.stdout:/usr/bin/ceph: stderr
2024-04-23T01:12:23.321+0000 7fe4670ec700 1 -- 172.21.15.55:0/1723624321 >> 172.21.15.55:0/1723624321 conn(0x7fe4601000c0 msgr2=0x7fe4601024e0 unknown :-1 s=STATE_NONE l=0).mark_down
2024-04-23T01:12:24.590 INFO:teuthology.orchestra.run.smithi055.stdout:/usr/bin/ceph: stderr
2024-04-23T01:12:23.321+0000 7fe4670ec700 1 -- 172.21.15.55:0/1723624321 shutdown_connections
2024-04-23T01:12:24.590 INFO:teuthology.orchestra.run.smithi055.stdout:/usr/bin/ceph: stderr
2024-04-23T01:12:23.321+0000 7fe4670ec700 1 -- 172.21.15.55:0/1723624321 wait complete.
2024-04-23T01:12:24.590 INFO:teuthology.orchestra.run.smithi055.stdout:/usr/bin/ceph: stderr
2024-04-23T01:12:23.321+0000 7fe4670ec700 1 Processor -- start
2024-04-23T01:12:24.590 INFO:teuthology.orchestra.run.smithi055.stdout:/usr/bin/ceph: stderr
2024-04-23T01:12:23.321+0000 7fe4670ec700 1 -- start start
2024-04-23T01:12:24.590 INFO:teuthology.orchestra.run.smithi055.stdout:/usr/bin/ceph: stderr
2024-04-23T01:12:23.321+0000 7fe4670ec700 1 -- --> v1:172.21.15.55:6789/0 -- auth(proto 0 34 bytes epoch 0) v1 -- 0x7fe46019aea0 con 0x7fe46007a6a0
2024-04-23T01:12:24.591 INFO:teuthology.orchestra.run.smithi055.stdout:/usr/bin/ceph: stderr
2024-04-23T01:12:23.321+0000 7fe464e88700 1 --1- >> v1:172.21.15.55:6789/0 conn(0x7fe46007a6a0 0x7fe46019a790 :-1 s=CONNECTING_WAIT_BANNER_AND_IDENTIFY pgs=0 cs=0 l=1).handle_server_banner_and_identify peer v1:172.21.15.55:6789/0 says I am v1:172.21.15.55:44660/0 (socket says 172.21.15.55:44660)
2024-04-23T01:12:24.591 INFO:teuthology.orchestra.run.smithi055.stdout:/usr/bin/ceph: stderr
2024-04-23T01:12:23.321+0000 7fe464e88700 1 -- 172.21.15.55:0/228117113 learned_addr learned my addr 172.21.15.55:0/228117113 (peer_addr_for_me v1:172.21.15.55:0/0)
2024-04-23T01:12:24.591 INFO:teuthology.orchestra.run.smithi055.stdout:/usr/bin/ceph: stderr
2024-04-23T01:12:23.321+0000 7fe45dffb700 1 -- 172.21.15.55:0/228117113 <== mon.0 v1:172.21.15.55:6789/0 1 ==== auth_reply(proto 2 0 (0) Success) v1 ==== 33+0+0 (unknown 1028785989 0 0) 0x7fe46019aea0 con 0x7fe46007a6a0
2024-04-23T01:12:24.591 INFO:teuthology.orchestra.run.smithi055.stdout:/usr/bin/ceph: stderr
2024-04-23T01:12:23.321+0000 7fe45dffb700 1 -- 172.21.15.55:0/228117113 --> v1:172.21.15.55:6789/0 -- auth(proto 2 36 bytes epoch 0) v1 -- 0x7fe448005540 con 0x7fe46007a6a0
2024-04-23T01:12:24.591 INFO:teuthology.orchestra.run.smithi055.stdout:/usr/bin/ceph: stderr
2024-04-23T01:12:23.321+0000 7fe45dffb700 1 -- 172.21.15.55:0/228117113 <== mon.0 v1:172.21.15.55:6789/0 2 ==== auth_reply(proto 2 0 (0) Success) v1 ==== 764+0+0 (unknown 1350720161 0 0) 0x7fe448005540 con 0x7fe46007a6a0
2024-04-23T01:12:24.591 INFO:teuthology.orchestra.run.smithi055.stdout:/usr/bin/ceph: stderr
2024-04-23T01:12:23.321+0000 7fe45dffb700 1 -- 172.21.15.55:0/228117113 --> v1:172.21.15.55:6789/0 -- auth(proto 2 165 bytes epoch 0) v1 -- 0x7fe46019aea0 con 0x7fe46007a6a0
2024-04-23T01:12:24.591 INFO:teuthology.orchestra.run.smithi055.stdout:/usr/bin/ceph: stderr
2024-04-23T01:12:23.321+0000 7fe45dffb700 1 -- 172.21.15.55:0/228117113 <== mon.0 v1:172.21.15.55:6789/0 3 ==== mon_map magic: 0 v1 ==== 170+0+0 (unknown 4283764603 0 0) 0x7fe4540051c0 con 0x7fe46007a6a0
2024-04-23T01:12:24.591 INFO:teuthology.orchestra.run.smithi055.stdout:/usr/bin/ceph: stderr
2024-04-23T01:12:23.321+0000 7fe45dffb700 1 -- 172.21.15.55:0/228117113 <== mon.0 v1:172.21.15.55:6789/0 4 ==== auth_reply(proto 2 0 (0) Success) v1 ==== 580+0+0 (unknown 2134002696 0 0) 0x7fe46019aea0 con 0x7fe46007a6a0
2024-04-23T01:12:24.591 INFO:teuthology.orchestra.run.smithi055.stdout:/usr/bin/ceph: stderr
2024-04-23T01:12:23.321+0000 7fe45dffb700 1 -- 172.21.15.55:0/228117113 --> v1:172.21.15.55:6789/0 -- mon_subscribe({config=0+,monmap=0+}) v3 -- 0x7fe46019b030 con 0x7fe46007a6a0
2024-04-23T01:12:24.591 INFO:teuthology.orchestra.run.smithi055.stdout:/usr/bin/ceph: stderr
2024-04-23T01:12:23.321+0000 7fe4670ec700 1 -- 172.21.15.55:0/228117113 --> v1:172.21.15.55:6789/0 -- mon_subscribe({mgrmap=0+}) v3 -- 0x7fe46019b2e0 con 0x7fe46007a6a0
2024-04-23T01:12:24.591 INFO:teuthology.orchestra.run.smithi055.stdout:/usr/bin/ceph: stderr
2024-04-23T01:12:23.321+0000 7fe4670ec700 1 -- 172.21.15.55:0/228117113 --> v1:172.21.15.55:6789/0 -- mon_subscribe({osdmap=0}) v3 -- 0x7fe46019ede0 con 0x7fe46007a6a0
2024-04-23T01:12:24.591 INFO:teuthology.orchestra.run.smithi055.stdout:/usr/bin/ceph: stderr
2024-04-23T01:12:23.325+0000 7fe45dffb700 1 -- 172.21.15.55:0/228117113 <== mon.0 v1:172.21.15.55:6789/0 5 ==== config(24 keys) v1 ==== 1002+0+0 (unknown 1127395263 0 0) 0x7fe454001190 con 0x7fe46007a6a0
2024-04-23T01:12:24.591 INFO:teuthology.orchestra.run.smithi055.stdout:/usr/bin/ceph: stderr
2024-04-23T01:12:23.325+0000 7fe45dffb700 1 -- 172.21.15.55:0/228117113 <== mon.0 v1:172.21.15.55:6789/0 6 ==== mon_map magic: 0 v1 ==== 170+0+0 (unknown 4283764603 0 0) 0x7fe454005fa0 con 0x7fe46007a6a0
2024-04-23T01:12:24.591 INFO:teuthology.orchestra.run.smithi055.stdout:/usr/bin/ceph: stderr
2024-04-23T01:12:23.325+0000 7fe45dffb700 1 -- 172.21.15.55:0/228117113 <== mon.0 v1:172.21.15.55:6789/0 7 ==== mgrmap(e 4) v1 ==== 45495+0+0 (unknown 224539323 0 0) 0x7fe4540112c0 con 0x7fe46007a6a0
2024-04-23T01:12:24.591 INFO:teuthology.orchestra.run.smithi055.stdout:/usr/bin/ceph: stderr
2024-04-23T01:12:23.325+0000 7fe4670ec700 1 -- 172.21.15.55:0/228117113 --> v1:172.21.15.55:6789/0 -- mon_command({"prefix": "get_command_descriptions"} v 0) v1 -- 0x7fe44c005110 con 0x7fe46007a6a0
2024-04-23T01:12:24.592 INFO:teuthology.orchestra.run.smithi055.stdout:/usr/bin/ceph: stderr
2024-04-23T01:12:23.325+0000 7fe45dffb700 1 -- 172.21.15.55:0/228117113 <== mon.0 v1:172.21.15.55:6789/0 8 ==== osd_map(1..1 src has 1..1) v4 ==== 725+0+0 (unknown 3405863494 0 0) 0x7fe454046710 con 0x7fe46007a6a0
2024-04-23T01:12:24.592 INFO:teuthology.orchestra.run.smithi055.stdout:/usr/bin/ceph: stderr
2024-04-23T01:12:23.333+0000 7fe45dffb700 1 -- 172.21.15.55:0/228117113 <== mon.0 v1:172.21.15.55:6789/0 9 ==== mon_command_ack([{"prefix": "get_command_descriptions"}]=0 v0) v1 ==== 72+0+183351 (unknown 1092875540 0 1036743988) 0x7fe454012ad0 con 0x7fe46007a6a0
2024-04-23T01:12:24.592 INFO:teuthology.orchestra.run.smithi055.stdout:/usr/bin/ceph: stderr
2024-04-23T01:12:23.833+0000 7fe4670ec700 1 -- 172.21.15.55:0/228117113 --> v1:172.21.15.55:6789/0 -- mon_command({"prefix": "mgr module enable", "module": "cephadm"} v 0) v1 -- 0x7fe44c0053c0 con 0x7fe46007a6a0
2024-04-23T01:12:24.592 INFO:teuthology.orchestra.run.smithi055.stdout:/usr/bin/ceph: stderr
2024-04-23T01:12:23.889+0000 7fe45dffb700 1 -- 172.21.15.55:0/228117113 <== mon.0 v1:172.21.15.55:6789/0 10 ==== mgrmap(e 5) v1 ==== 45506+0+0 (unknown 1002419829 0 0) 0x7fe454045480 con 0x7fe46007a6a0
2024-04-23T01:12:24.592 INFO:teuthology.orchestra.run.smithi055.stdout:/usr/bin/ceph: stderr
2024-04-23T01:12:23.889+0000 7fe45dffb700 1 -- 172.21.15.55:0/228117113 <== mon.0 v1:172.21.15.55:6789/0 11 ==== mon_command_ack([{"prefix": "mgr module enable", "module": "cephadm"}]=0 v5) v1 ==== 86+0+0 (unknown 2263024820 0 0) 0x7fe454045b80 con 0x7fe46007a6a0
2024-04-23T01:12:24.592 INFO:teuthology.orchestra.run.smithi055.stdout:/usr/bin/ceph: stderr
2024-04-23T01:12:23.893+0000 7fe4670ec700 1 -- 172.21.15.55:0/228117113 >> v1:172.21.15.55:6800/3976326188 conn(0x7fe4480399e0 legacy=0x7fe44803bea0 unknown :-1 s=STATE_CONNECTION_ESTABLISHED l=1).mark_down
2024-04-23T01:12:24.592 INFO:teuthology.orchestra.run.smithi055.stdout:/usr/bin/ceph: stderr
2024-04-23T01:12:23.893+0000 7fe4670ec700 1 -- 172.21.15.55:0/228117113 >> v1:172.21.15.55:6789/0 conn(0x7fe46007a6a0 legacy=0x7fe46019a790 unknown :-1 s=STATE_CONNECTION_ESTABLISHED l=1).mark_down
2024-04-23T01:12:24.592 INFO:teuthology.orchestra.run.smithi055.stdout:/usr/bin/ceph: stderr
2024-04-23T01:12:23.893+0000 7fe4670ec700 1 -- 172.21.15.55:0/228117113 shutdown_connections
2024-04-23T01:12:24.592 INFO:teuthology.orchestra.run.smithi055.stdout:/usr/bin/ceph: stderr
2024-04-23T01:12:23.893+0000 7fe4670ec700 1 -- 172.21.15.55:0/228117113 >> 172.21.15.55:0/228117113 conn(0x7fe4601000c0 msgr2=0x7fe460109a10 unknown :-1 s=STATE_NONE l=0).mark_down
2024-04-23T01:12:24.592 INFO:teuthology.orchestra.run.smithi055.stdout:/usr/bin/ceph: stderr
2024-04-23T01:12:23.893+0000 7fe4670ec700 1 -- 172.21.15.55:0/228117113 shutdown_connections
2024-04-23T01:12:24.592 INFO:teuthology.orchestra.run.smithi055.stdout:/usr/bin/ceph: stderr
2024-04-23T01:12:23.893+0000 7fe4670ec700 1 -- 172.21.15.55:0/228117113 wait complete.
2024-04-23T01:12:25.171 INFO:journalctl@ceph.mgr.y.smithi055.stdout:Apr 23 01:12:25 smithi055 bash[17859]: debug
2024-04-23T01:12:25.053+0000 7f3dd28f7200 -1 mgr[py] Module rgw has missing NOTIFY_TYPES member
2024-04-23T01:12:25.171 INFO:journalctl@ceph.mon.a.smithi055.stdout:Apr 23 01:12:24 smithi055 bash[17596]: audit
2024-04-23T01:12:23.895793+0000 mon.a (mon.0) 31 : audit 1 from='client.? v1:172.21.15.55:0/228117113' entity='client.admin' cmd='[{"prefix": "mgr module enable", "module": "cephadm"}]': finished
2024-04-23T01:12:25.171 INFO:journalctl@ceph.mon.a.smithi055.stdout:Apr 23 01:12:24 smithi055 bash[17596]: cluster
2024-04-23T01:12:23.895908+0000 mon.a (mon.0) 32 : cluster 0 mgrmap e5: y(active, since 7s)
2024-04-23T01:12:25.545 INFO:journalctl@ceph.mgr.y.smithi055.stdout:Apr 23 01:12:25 smithi055 bash[17859]: debug
2024-04-23T01:12:25.161+0000 7f3dd28f7200 -1 mgr[py] Module telegraf has missing NOTIFY_TYPES member
2024-04-23T01:12:25.546 INFO:journalctl@ceph.mgr.y.smithi055.stdout:Apr 23 01:12:25 smithi055 bash[17859]: debug
2024-04-23T01:12:25.269+0000 7f3dd28f7200 -1 mgr[py] Module progress has missing NOTIFY_TYPES member
2024-04-23T01:12:25.981 INFO:journalctl@ceph.mgr.y.smithi055.stdout:Apr 23 01:12:25 smithi055 bash[17859]: debug
2024-04-23T01:12:25.565+0000 7f3dd28f7200 -1 mgr[py] Module test_orchestrator has missing NOTIFY_TYPES member
2024-04-23T01:12:26.263 INFO:journalctl@ceph.mon.a.smithi055.stdout:Apr 23 01:12:26 smithi055 bash[17596]: audit
2024-04-23T01:12:26.061402+0000 mon.a (mon.0) 33 : audit 0 from='client.? v1:172.21.15.55:0/3830026' entity='client.admin' cmd=[{"prefix": "mgr stat"}]: dispatch
2024-04-23T01:12:26.264 INFO:journalctl@ceph.mgr.y.smithi055.stdout:Apr 23 01:12:25 smithi055 bash[17859]: debug
2024-04-23T01:12:25.973+0000 7f3dd28f7200 -1 mgr[py] Module nfs has missing NOTIFY_TYPES member
2024-04-23T01:12:26.264 INFO:journalctl@ceph.mgr.y.smithi055.stdout:Apr 23 01:12:26 smithi055 bash[17859]: debug
2024-04-23T01:12:26.145+0000 7f3dd28f7200 -1 mgr[py] Module osd_support has missing NOTIFY_TYPES member
2024-04-23T01:12:26.546 INFO:journalctl@ceph.mgr.y.smithi055.stdout:Apr 23 01:12:26 smithi055 bash[17859]: debug
2024-04-23T01:12:26.381+0000 7f3dd28f7200 -1 mgr[py] Module selftest has missing NOTIFY_TYPES member
2024-04-23T01:12:26.707 INFO:teuthology.orchestra.run.smithi055.stdout:/usr/bin/ceph: stdout {
2024-04-23T01:12:26.707 INFO:teuthology.orchestra.run.smithi055.stdout:/usr/bin/ceph: stdout "epoch": 5,
2024-04-23T01:12:26.708 INFO:teuthology.orchestra.run.smithi055.stdout:/usr/bin/ceph: stdout "available": true,
2024-04-23T01:12:26.708 INFO:teuthology.orchestra.run.smithi055.stdout:/usr/bin/ceph: stdout "active_name": "y",
2024-04-23T01:12:26.708 INFO:teuthology.orchestra.run.smithi055.stdout:/usr/bin/ceph: stdout "num_standby": 0
2024-04-23T01:12:26.708 INFO:teuthology.orchestra.run.smithi055.stdout:/usr/bin/ceph: stdout }
2024-04-23T01:12:26.713 INFO:teuthology.orchestra.run.smithi055.stdout:/usr/bin/ceph: stderr
2024-04-23T01:12:25.553+0000 7f649f1c3700 1 Processor -- start
2024-04-23T01:12:26.713 INFO:teuthology.orchestra.run.smithi055.stdout:/usr/bin/ceph: stderr
2024-04-23T01:12:25.553+0000 7f649f1c3700 1 -- start start
2024-04-23T01:12:26.713 INFO:teuthology.orchestra.run.smithi055.stdout:/usr/bin/ceph: stderr
2024-04-23T01:12:25.553+0000 7f649f1c3700 1 -- --> v1:172.21.15.55:6789/0 -- auth(proto 0 34 bytes epoch 0) v1 -- 0x7f6498108f50 con 0x7f6498104b20
2024-04-23T01:12:26.713 INFO:teuthology.orchestra.run.smithi055.stdout:/usr/bin/ceph: stderr
2024-04-23T01:12:25.553+0000 7f649cf5f700 1 --1- >> v1:172.21.15.55:6789/0 conn(0x7f6498104b20 0x7f6498104f40 :-1 s=CONNECTING_WAIT_BANNER_AND_IDENTIFY pgs=0 cs=0 l=0).handle_server_banner_and_identify peer v1:172.21.15.55:6789/0 says I am v1:172.21.15.55:44698/0 (socket says 172.21.15.55:44698)
2024-04-23T01:12:26.713 INFO:teuthology.orchestra.run.smithi055.stdout:/usr/bin/ceph: stderr
2024-04-23T01:12:25.553+0000 7f649cf5f700 1 -- 172.21.15.55:0/1061905961 learned_addr learned my addr 172.21.15.55:0/1061905961 (peer_addr_for_me v1:172.21.15.55:0/0)
2024-04-23T01:12:26.713 INFO:teuthology.orchestra.run.smithi055.stdout:/usr/bin/ceph: stderr
2024-04-23T01:12:25.557+0000 7f64977fe700 1 -- 172.21.15.55:0/1061905961 <== mon.0 v1:172.21.15.55:6789/0 1 ==== auth_reply(proto 2 0 (0) Success) v1 ==== 33+0+0 (unknown 133734314 0 0) 0x7f6498108f50 con 0x7f6498104b20
2024-04-23T01:12:26.713 INFO:teuthology.orchestra.run.smithi055.stdout:/usr/bin/ceph: stderr
2024-04-23T01:12:25.557+0000 7f64977fe700 1 -- 172.21.15.55:0/1061905961 --> v1:172.21.15.55:6789/0 -- auth(proto 2 36 bytes epoch 0) v1 -- 0x7f64800035b0 con 0x7f6498104b20
2024-04-23T01:12:26.713 INFO:teuthology.orchestra.run.smithi055.stdout:/usr/bin/ceph: stderr
2024-04-23T01:12:25.557+0000 7f64977fe700 1 -- 172.21.15.55:0/1061905961 <== mon.0 v1:172.21.15.55:6789/0 2 ==== auth_reply(proto 2 0 (0) Success) v1 ==== 214+0+0 (unknown 3153547618 0 0) 0x7f64800035b0 con 0x7f6498104b20
2024-04-23T01:12:26.713 INFO:teuthology.orchestra.run.smithi055.stdout:/usr/bin/ceph: stderr
2024-04-23T01:12:25.557+0000 7f64977fe700 1 -- 172.21.15.55:0/1061905961 --> v1:172.21.15.55:6789/0 -- mon_subscribe({config=0+,monmap=0+}) v3 -- 0x7f649810a0f0 con 0x7f6498104b20
2024-04-23T01:12:26.713 INFO:teuthology.orchestra.run.smithi055.stdout:/usr/bin/ceph: stderr
2024-04-23T01:12:25.557+0000 7f64977fe700 1 -- 172.21.15.55:0/1061905961 <== mon.0 v1:172.21.15.55:6789/0 3 ==== mon_map magic: 0 v1 ==== 170+0+0 (unknown 4283764603 0 0) 0x7f648c001580 con 0x7f6498104b20
2024-04-23T01:12:26.713 INFO:teuthology.orchestra.run.smithi055.stdout:/usr/bin/ceph: stderr
2024-04-23T01:12:25.557+0000 7f64977fe700 1 -- 172.21.15.55:0/1061905961 <== mon.0 v1:172.21.15.55:6789/0 4 ==== config(24 keys) v1 ==== 1002+0+0 (unknown 1127395263 0 0) 0x7f648c001bf0 con 0x7f6498104b20
2024-04-23T01:12:26.713 INFO:teuthology.orchestra.run.smithi055.stdout:/usr/bin/ceph: stderr
2024-04-23T01:12:25.557+0000 7f64977fe700 1 -- 172.21.15.55:0/1061905961 <== mon.0 v1:172.21.15.55:6789/0 5 ==== mon_map magic: 0 v1 ==== 170+0+0 (unknown 4283764603 0 0) 0x7f648c005690 con 0x7f6498104b20
2024-04-23T01:12:26.714 INFO:teuthology.orchestra.run.smithi055.stdout:/usr/bin/ceph: stderr
2024-04-23T01:12:25.557+0000 7f649f1c3700 1 -- 172.21.15.55:0/1061905961 >> v1:172.21.15.55:6789/0 conn(0x7f6498104b20 legacy=0x7f6498104f40 unknown :-1 s=STATE_CONNECTION_ESTABLISHED l=1).mark_down
2024-04-23T01:12:26.714 INFO:teuthology.orchestra.run.smithi055.stdout:/usr/bin/ceph: stderr
2024-04-23T01:12:25.557+0000 7f649f1c3700 1 -- 172.21.15.55:0/1061905961 shutdown_connections
2024-04-23T01:12:26.714 INFO:teuthology.orchestra.run.smithi055.stdout:/usr/bin/ceph: stderr
2024-04-23T01:12:25.557+0000 7f649f1c3700 1 -- 172.21.15.55:0/1061905961 >> 172.21.15.55:0/1061905961 conn(0x7f6498100100 msgr2=0x7f6498102520 unknown :-1 s=STATE_NONE l=0).mark_down
2024-04-23T01:12:26.714 INFO:teuthology.orchestra.run.smithi055.stdout:/usr/bin/ceph: stderr
2024-04-23T01:12:25.557+0000 7f649f1c3700 1 -- 172.21.15.55:0/1061905961 shutdown_connections
2024-04-23T01:12:26.714 INFO:teuthology.orchestra.run.smithi055.stdout:/usr/bin/ceph: stderr
2024-04-23T01:12:25.557+0000 7f649f1c3700 1 -- 172.21.15.55:0/1061905961 wait complete.
2024-04-23T01:12:26.714 INFO:teuthology.orchestra.run.smithi055.stdout:/usr/bin/ceph: stderr
2024-04-23T01:12:25.557+0000 7f649f1c3700 1 Processor -- start
2024-04-23T01:12:26.714 INFO:teuthology.orchestra.run.smithi055.stdout:/usr/bin/ceph: stderr
2024-04-23T01:12:25.557+0000 7f649f1c3700 1 -- start start
2024-04-23T01:12:26.714 INFO:teuthology.orchestra.run.smithi055.stdout:/usr/bin/ceph: stderr
2024-04-23T01:12:25.557+0000 7f649f1c3700 1 -- --> v1:172.21.15.55:6789/0 -- auth(proto 0 34 bytes epoch 0) v1 -- 0x7f6498109f60 con 0x7f6498104b20
2024-04-23T01:12:26.714 INFO:teuthology.orchestra.run.smithi055.stdout:/usr/bin/ceph: stderr
2024-04-23T01:12:25.557+0000 7f649cf5f700 1 --1- >> v1:172.21.15.55:6789/0 conn(0x7f6498104b20 0x7f64981985a0 :-1 s=CONNECTING_WAIT_BANNER_AND_IDENTIFY pgs=0 cs=0 l=1).handle_server_banner_and_identify peer v1:172.21.15.55:6789/0 says I am v1:172.21.15.55:44710/0 (socket says 172.21.15.55:44710)
2024-04-23T01:12:26.714 INFO:teuthology.orchestra.run.smithi055.stdout:/usr/bin/ceph: stderr
2024-04-23T01:12:25.557+0000 7f649cf5f700 1 -- 172.21.15.55:0/3830026 learned_addr learned my addr 172.21.15.55:0/3830026 (peer_addr_for_me v1:172.21.15.55:0/0)
2024-04-23T01:12:26.714 INFO:teuthology.orchestra.run.smithi055.stdout:/usr/bin/ceph: stderr
2024-04-23T01:12:25.561+0000 7f6495ffb700 1 -- 172.21.15.55:0/3830026 <== mon.0 v1:172.21.15.55:6789/0 1 ==== auth_reply(proto 2 0 (0) Success) v1 ==== 33+0+0 (unknown 2413595492 0 0) 0x7f6498109f60 con 0x7f6498104b20
2024-04-23T01:12:26.714 INFO:teuthology.orchestra.run.smithi055.stdout:/usr/bin/ceph: stderr
2024-04-23T01:12:25.561+0000 7f6495ffb700 1 -- 172.21.15.55:0/3830026 --> v1:172.21.15.55:6789/0 -- auth(proto 2 36 bytes epoch 0) v1 -- 0x7f6480005540 con 0x7f6498104b20
2024-04-23T01:12:26.715 INFO:teuthology.orchestra.run.smithi055.stdout:/usr/bin/ceph: stderr
2024-04-23T01:12:25.561+0000 7f6495ffb700 1 -- 172.21.15.55:0/3830026 <== mon.0 v1:172.21.15.55:6789/0 2 ==== auth_reply(proto 2 0 (0) Success) v1 ==== 764+0+0 (unknown 4168684963 0 0) 0x7f6480005540 con 0x7f6498104b20
2024-04-23T01:12:26.715 INFO:teuthology.orchestra.run.smithi055.stdout:/usr/bin/ceph: stderr
2024-04-23T01:12:25.561+0000 7f6495ffb700 1 -- 172.21.15.55:0/3830026 --> v1:172.21.15.55:6789/0 -- auth(proto 2 165 bytes epoch 0) v1 -- 0x7f6498109f60 con 0x7f6498104b20
2024-04-23T01:12:26.715 INFO:teuthology.orchestra.run.smithi055.stdout:/usr/bin/ceph: stderr
2024-04-23T01:12:25.561+0000 7f6495ffb700 1 -- 172.21.15.55:0/3830026 <== mon.0 v1:172.21.15.55:6789/0 3 ==== mon_map magic: 0 v1 ==== 170+0+0 (unknown 4283764603 0 0) 0x7f648c001080 con 0x7f6498104b20
2024-04-23T01:12:26.715 INFO:teuthology.orchestra.run.smithi055.stdout:/usr/bin/ceph: stderr
2024-04-23T01:12:25.561+0000 7f6495ffb700 1 -- 172.21.15.55:0/3830026 <== mon.0 v1:172.21.15.55:6789/0 4 ==== auth_reply(proto 2 0 (0) Success) v1 ==== 580+0+0 (unknown 3841870441 0 0) 0x7f6498109f60 con 0x7f6498104b20
2024-04-23T01:12:26.715 INFO:teuthology.orchestra.run.smithi055.stdout:/usr/bin/ceph: stderr
2024-04-23T01:12:25.561+0000 7f6495ffb700 1 -- 172.21.15.55:0/3830026 --> v1:172.21.15.55:6789/0 -- mon_subscribe({config=0+,monmap=0+}) v3 -- 0x7f6498198cb0 con 0x7f6498104b20
2024-04-23T01:12:26.715 INFO:teuthology.orchestra.run.smithi055.stdout:/usr/bin/ceph: stderr
2024-04-23T01:12:25.561+0000 7f649f1c3700 1 -- 172.21.15.55:0/3830026 --> v1:172.21.15.55:6789/0 -- mon_subscribe({mgrmap=0+}) v3 -- 0x7f6498198f60 con 0x7f6498104b20
2024-04-23T01:12:26.715 INFO:teuthology.orchestra.run.smithi055.stdout:/usr/bin/ceph: stderr
2024-04-23T01:12:25.561+0000 7f649f1c3700 1 -- 172.21.15.55:0/3830026 --> v1:172.21.15.55:6789/0 -- mon_subscribe({osdmap=0}) v3 -- 0x7f6498199210 con 0x7f6498104b20
2024-04-23T01:12:26.715 INFO:teuthology.orchestra.run.smithi055.stdout:/usr/bin/ceph: stderr
2024-04-23T01:12:25.561+0000 7f6495ffb700 1 -- 172.21.15.55:0/3830026 <== mon.0 v1:172.21.15.55:6789/0 5 ==== config(24 keys) v1 ==== 1002+0+0 (unknown 1127395263 0 0) 0x7f648c004cc0 con 0x7f6498104b20
2024-04-23T01:12:26.715 INFO:teuthology.orchestra.run.smithi055.stdout:/usr/bin/ceph: stderr
2024-04-23T01:12:25.561+0000 7f6495ffb700 1 -- 172.21.15.55:0/3830026 <== mon.0 v1:172.21.15.55:6789/0 6 ==== mon_map magic: 0 v1 ==== 170+0+0 (unknown 4283764603 0 0) 0x7f648c0061f0 con 0x7f6498104b20
2024-04-23T01:12:26.715 INFO:teuthology.orchestra.run.smithi055.stdout:/usr/bin/ceph: stderr
2024-04-23T01:12:25.561+0000 7f6495ffb700 1 -- 172.21.15.55:0/3830026 <== mon.0 v1:172.21.15.55:6789/0 7 ==== mgrmap(e 5) v1 ==== 45506+0+0 (unknown 1002419829 0 0) 0x7f648c011540 con 0x7f6498104b20
2024-04-23T01:12:26.715 INFO:teuthology.orchestra.run.smithi055.stdout:/usr/bin/ceph: stderr
2024-04-23T01:12:25.561+0000 7f647f7fe700 1 -- 172.21.15.55:0/3830026 --> v1:172.21.15.55:6789/0 -- mon_command({"prefix": "get_command_descriptions"} v 0) v1 -- 0x7f64780050e0 con 0x7f6498104b20
2024-04-23T01:12:26.715 INFO:teuthology.orchestra.run.smithi055.stdout:/usr/bin/ceph: stderr
2024-04-23T01:12:25.561+0000 7f6495ffb700 1 -- 172.21.15.55:0/3830026 <== mon.0 v1:172.21.15.55:6789/0 8 ==== osd_map(1..1 src has 1..1) v4 ==== 725+0+0 (unknown 3405863494 0 0) 0x7f648c046ad0 con 0x7f6498104b20
2024-04-23T01:12:26.715 INFO:teuthology.orchestra.run.smithi055.stdout:/usr/bin/ceph: stderr
2024-04-23T01:12:25.561+0000 7f6497fff700 1 -- 172.21.15.55:0/3830026 >> v1:172.21.15.55:6800/3976326188 conn(0x7f6480039990 legacy=0x7f648003be50 unknown :-1 s=STATE_CONNECTING_RE l=1).process reconnect failed to v1:172.21.15.55:6800/3976326188
2024-04-23T01:12:26.715 INFO:teuthology.orchestra.run.smithi055.stdout:/usr/bin/ceph: stderr
2024-04-23T01:12:25.573+0000 7f6495ffb700 1 -- 172.21.15.55:0/3830026 <== mon.0 v1:172.21.15.55:6789/0 9 ==== mon_command_ack([{"prefix": "get_command_descriptions"}]=0 v0) v1 ==== 72+0+183351 (unknown 1092875540 0 1036743988) 0x7f648c012da0 con 0x7f6498104b20
2024-04-23T01:12:26.715 INFO:teuthology.orchestra.run.smithi055.stdout:/usr/bin/ceph: stderr
2024-04-23T01:12:25.765+0000 7f6497fff700 1 -- 172.21.15.55:0/3830026 >> v1:172.21.15.55:6800/3976326188 conn(0x7f6480039990 legacy=0x7f648003be50 unknown :-1 s=STATE_CONNECTING_RE l=1).process reconnect failed to v1:172.21.15.55:6800/3976326188
2024-04-23T01:12:26.716 INFO:teuthology.orchestra.run.smithi055.stdout:/usr/bin/ceph: stderr
2024-04-23T01:12:26.057+0000 7f647f7fe700 1 -- 172.21.15.55:0/3830026 --> v1:172.21.15.55:6789/0 -- mon_command({"prefix": "mgr stat"} v 0) v1 -- 0x7f6478005ba0 con 0x7f6498104b20
2024-04-23T01:12:26.716 INFO:teuthology.orchestra.run.smithi055.stdout:/usr/bin/ceph: stderr
2024-04-23T01:12:26.057+0000 7f6495ffb700 1 -- 172.21.15.55:0/3830026 <== mon.0 v1:172.21.15.55:6789/0 10 ==== mon_command_ack([{"prefix": "mgr stat"}]=0 v5) v1 ==== 56+0+88 (unknown 3768197548 0 15966916) 0x7f648c014e80 con 0x7f6498104b20
2024-04-23T01:12:26.716 INFO:teuthology.orchestra.run.smithi055.stdout:/usr/bin/ceph: stderr
2024-04-23T01:12:26.057+0000 7f647f7fe700 1 -- 172.21.15.55:0/3830026 >> v1:172.21.15.55:6800/3976326188 conn(0x7f6480039990 legacy=0x7f648003be50 unknown :-1 s=STATE_CONNECTING l=1).mark_down
2024-04-23T01:12:26.716 INFO:teuthology.orchestra.run.smithi055.stdout:/usr/bin/ceph: stderr
2024-04-23T01:12:26.057+0000 7f647f7fe700 1 -- 172.21.15.55:0/3830026 >> v1:172.21.15.55:6789/0 conn(0x7f6498104b20 legacy=0x7f64981985a0 unknown :-1 s=STATE_CONNECTION_ESTABLISHED l=1).mark_down
2024-04-23T01:12:26.716 INFO:teuthology.orchestra.run.smithi055.stdout:/usr/bin/ceph: stderr
