2024-04-23T02:03:52.477 INFO:journalctl@ceph.mon.smithi071.smithi071.stdout:Apr 23 02:03:52 smithi071 ceph-mon[39837]: from='client.14130 -' entity='client.admin' cmd=[{"prefix": "orch set backend", "module_name": "cephadm", "target": ["mon-mgr", ""]}]: dispatch
2024-04-23T02:03:52.735 INFO:teuthology.orchestra.run.smithi071.stdout:/usr/bin/ceph: stdout value unchanged
2024-04-23T02:03:52.736 INFO:teuthology.orchestra.run.smithi071.stdout:/usr/bin/ceph: stderr
2024-04-23T02:03:51.939+0000 7f12af346700 1 Processor -- start
2024-04-23T02:03:52.736 INFO:teuthology.orchestra.run.smithi071.stdout:/usr/bin/ceph: stderr
2024-04-23T02:03:51.939+0000 7f12af346700 1 -- start start
2024-04-23T02:03:52.736 INFO:teuthology.orchestra.run.smithi071.stdout:/usr/bin/ceph: stderr
2024-04-23T02:03:51.939+0000 7f12af346700 1 --2- >> [v2:172.21.15.71:3300/0,v1:172.21.15.71:6789/0] conn(0x7f12a8105230 0x7f12a8105650 unknown :-1 s=NONE pgs=0 cs=0 l=0 rev1=0 crypto rx=0 tx=0 comp rx=0 tx=0).connect
2024-04-23T02:03:52.736 INFO:teuthology.orchestra.run.smithi071.stdout:/usr/bin/ceph: stderr
2024-04-23T02:03:51.939+0000 7f12af346700 1 -- --> [v2:172.21.15.71:3300/0,v1:172.21.15.71:6789/0] -- mon_getmap magic: 0 v1 -- 0x7f12a8105c20 con 0x7f12a8105230
2024-04-23T02:03:52.736 INFO:teuthology.orchestra.run.smithi071.stdout:/usr/bin/ceph: stderr
2024-04-23T02:03:51.939+0000 7f12ad0e2700 1 --2- >> [v2:172.21.15.71:3300/0,v1:172.21.15.71:6789/0] conn(0x7f12a8105230 0x7f12a8105650 unknown :-1 s=BANNER_CONNECTING pgs=0 cs=0 l=0 rev1=0 crypto rx=0 tx=0 comp rx=0 tx=0)._handle_peer_banner_payload supported=3 required=0
2024-04-23T02:03:52.736 INFO:teuthology.orchestra.run.smithi071.stdout:/usr/bin/ceph: stderr
2024-04-23T02:03:51.939+0000 7f12ad0e2700 1 --2- >> [v2:172.21.15.71:3300/0,v1:172.21.15.71:6789/0] conn(0x7f12a8105230 0x7f12a8105650 unknown :-1 s=HELLO_CONNECTING pgs=0 cs=0 l=0 rev1=1 crypto rx=0 tx=0 comp rx=0 tx=0).handle_hello peer v2:172.21.15.71:3300/0 says I am v2:172.21.15.71:43150/0 (socket says 172.21.15.71:43150)
2024-04-23T02:03:52.736 INFO:teuthology.orchestra.run.smithi071.stdout:/usr/bin/ceph: stderr
2024-04-23T02:03:51.939+0000 7f12ad0e2700 1 -- 172.21.15.71:0/2632253045 learned_addr learned my addr 172.21.15.71:0/2632253045 (peer_addr_for_me v2:172.21.15.71:0/0)
2024-04-23T02:03:52.736 INFO:teuthology.orchestra.run.smithi071.stdout:/usr/bin/ceph: stderr
2024-04-23T02:03:51.939+0000 7f12ad0e2700 1 -- 172.21.15.71:0/2632253045 --> [v2:172.21.15.71:3300/0,v1:172.21.15.71:6789/0] -- mon_subscribe({config=0+,monmap=0+}) v3 -- 0x7f12a8106430 con 0x7f12a8105230
2024-04-23T02:03:52.736 INFO:teuthology.orchestra.run.smithi071.stdout:/usr/bin/ceph: stderr
2024-04-23T02:03:51.939+0000 7f12ad0e2700 1 --2- 172.21.15.71:0/2632253045 >> [v2:172.21.15.71:3300/0,v1:172.21.15.71:6789/0] conn(0x7f12a8105230 0x7f12a8105650 secure :-1 s=READY pgs=37 cs=0 l=1 rev1=1 crypto rx=0x7f12980098a0 tx=0x7f1298009bb0 comp rx=0 tx=0).ready entity=mon.0 client_cookie=8ba11361c97cd973 server_cookie=0 in_seq=0 out_seq=0
2024-04-23T02:03:52.736 INFO:teuthology.orchestra.run.smithi071.stdout:/usr/bin/ceph: stderr
2024-04-23T02:03:51.940+0000 7f129ffff700 1 -- 172.21.15.71:0/2632253045 <== mon.0 v2:172.21.15.71:3300/0 1 ==== mon_map magic: 0 v1 ==== 229+0+0 (secure 0 0 0) 0x7f1298004180 con 0x7f12a8105230
2024-04-23T02:03:52.736 INFO:teuthology.orchestra.run.smithi071.stdout:/usr/bin/ceph: stderr
2024-04-23T02:03:51.940+0000 7f129ffff700 1 -- 172.21.15.71:0/2632253045 <== mon.0 v2:172.21.15.71:3300/0 2 ==== config(26 keys) v1 ==== 1002+0+0 (secure 0 0 0) 0x7f12980042e0 con 0x7f12a8105230
2024-04-23T02:03:52.736 INFO:teuthology.orchestra.run.smithi071.stdout:/usr/bin/ceph: stderr
2024-04-23T02:03:51.940+0000 7f129ffff700 1 -- 172.21.15.71:0/2632253045 <== mon.0 v2:172.21.15.71:3300/0 3 ==== mon_map magic: 0 v1 ==== 229+0+0 (secure 0 0 0) 0x7f12980119d0 con 0x7f12a8105230
2024-04-23T02:03:52.736 INFO:teuthology.orchestra.run.smithi071.stdout:/usr/bin/ceph: stderr
2024-04-23T02:03:51.940+0000 7f12af346700 1 -- 172.21.15.71:0/2632253045 >> [v2:172.21.15.71:3300/0,v1:172.21.15.71:6789/0] conn(0x7f12a8105230 msgr2=0x7f12a8105650 secure :-1 s=STATE_CONNECTION_ESTABLISHED l=1).mark_down
2024-04-23T02:03:52.736 INFO:teuthology.orchestra.run.smithi071.stdout:/usr/bin/ceph: stderr
2024-04-23T02:03:51.940+0000 7f12af346700 1 --2- 172.21.15.71:0/2632253045 >> [v2:172.21.15.71:3300/0,v1:172.21.15.71:6789/0] conn(0x7f12a8105230 0x7f12a8105650 secure :-1 s=READY pgs=37 cs=0 l=1 rev1=1 crypto rx=0x7f12980098a0 tx=0x7f1298009bb0 comp rx=0 tx=0).stop
2024-04-23T02:03:52.737 INFO:teuthology.orchestra.run.smithi071.stdout:/usr/bin/ceph: stderr
2024-04-23T02:03:51.940+0000 7f12af346700 1 -- 172.21.15.71:0/2632253045 shutdown_connections
2024-04-23T02:03:52.737 INFO:teuthology.orchestra.run.smithi071.stdout:/usr/bin/ceph: stderr
2024-04-23T02:03:51.940+0000 7f12af346700 1 --2- 172.21.15.71:0/2632253045 >> [v2:172.21.15.71:3300/0,v1:172.21.15.71:6789/0] conn(0x7f12a8105230 0x7f12a8105650 unknown :-1 s=CLOSED pgs=37 cs=0 l=1 rev1=1 crypto rx=0 tx=0 comp rx=0 tx=0).stop
2024-04-23T02:03:52.737 INFO:teuthology.orchestra.run.smithi071.stdout:/usr/bin/ceph: stderr
2024-04-23T02:03:51.940+0000 7f12af346700 1 -- 172.21.15.71:0/2632253045 >> 172.21.15.71:0/2632253045 conn(0x7f12a81007d0 msgr2=0x7f12a8102c10 unknown :-1 s=STATE_NONE l=0).mark_down
2024-04-23T02:03:52.737 INFO:teuthology.orchestra.run.smithi071.stdout:/usr/bin/ceph: stderr
2024-04-23T02:03:51.940+0000 7f12af346700 1 -- 172.21.15.71:0/2632253045 shutdown_connections
2024-04-23T02:03:52.737 INFO:teuthology.orchestra.run.smithi071.stdout:/usr/bin/ceph: stderr
2024-04-23T02:03:51.940+0000 7f12af346700 1 -- 172.21.15.71:0/2632253045 wait complete.
2024-04-23T02:03:52.737 INFO:teuthology.orchestra.run.smithi071.stdout:/usr/bin/ceph: stderr
2024-04-23T02:03:51.941+0000 7f12af346700 1 Processor -- start
2024-04-23T02:03:52.737 INFO:teuthology.orchestra.run.smithi071.stdout:/usr/bin/ceph: stderr
2024-04-23T02:03:51.941+0000 7f12af346700 1 -- start start
2024-04-23T02:03:52.737 INFO:teuthology.orchestra.run.smithi071.stdout:/usr/bin/ceph: stderr
2024-04-23T02:03:51.941+0000 7f12af346700 1 --2- >> [v2:172.21.15.71:3300/0,v1:172.21.15.71:6789/0] conn(0x7f12a8105230 0x7f12a8199fd0 unknown :-1 s=NONE pgs=0 cs=0 l=1 rev1=0 crypto rx=0 tx=0 comp rx=0 tx=0).connect
2024-04-23T02:03:52.737 INFO:teuthology.orchestra.run.smithi071.stdout:/usr/bin/ceph: stderr
2024-04-23T02:03:51.941+0000 7f12af346700 1 -- --> [v2:172.21.15.71:3300/0,v1:172.21.15.71:6789/0] -- mon_getmap magic: 0 v1 -- 0x7f12a819a510 con 0x7f12a8105230
2024-04-23T02:03:52.737 INFO:teuthology.orchestra.run.smithi071.stdout:/usr/bin/ceph: stderr
2024-04-23T02:03:51.941+0000 7f12ad0e2700 1 --2- >> [v2:172.21.15.71:3300/0,v1:172.21.15.71:6789/0] conn(0x7f12a8105230 0x7f12a8199fd0 unknown :-1 s=BANNER_CONNECTING pgs=0 cs=0 l=1 rev1=0 crypto rx=0 tx=0 comp rx=0 tx=0)._handle_peer_banner_payload supported=3 required=0
2024-04-23T02:03:52.738 INFO:teuthology.orchestra.run.smithi071.stdout:/usr/bin/ceph: stderr
2024-04-23T02:03:51.941+0000 7f12ad0e2700 1 --2- >> [v2:172.21.15.71:3300/0,v1:172.21.15.71:6789/0] conn(0x7f12a8105230 0x7f12a8199fd0 unknown :-1 s=HELLO_CONNECTING pgs=0 cs=0 l=1 rev1=1 crypto rx=0 tx=0 comp rx=0 tx=0).handle_hello peer v2:172.21.15.71:3300/0 says I am v2:172.21.15.71:43164/0 (socket says 172.21.15.71:43164)
2024-04-23T02:03:52.738 INFO:teuthology.orchestra.run.smithi071.stdout:/usr/bin/ceph: stderr
2024-04-23T02:03:51.941+0000 7f12ad0e2700 1 -- 172.21.15.71:0/3982344697 learned_addr learned my addr 172.21.15.71:0/3982344697 (peer_addr_for_me v2:172.21.15.71:0/0)
2024-04-23T02:03:52.738 INFO:teuthology.orchestra.run.smithi071.stdout:/usr/bin/ceph: stderr
2024-04-23T02:03:51.941+0000 7f12ad0e2700 1 -- 172.21.15.71:0/3982344697 --> [v2:172.21.15.71:3300/0,v1:172.21.15.71:6789/0] -- mon_subscribe({config=0+,monmap=0+}) v3 -- 0x7f1298009550 con 0x7f12a8105230
2024-04-23T02:03:52.738 INFO:teuthology.orchestra.run.smithi071.stdout:/usr/bin/ceph: stderr
2024-04-23T02:03:51.941+0000 7f12ad0e2700 1 --2- 172.21.15.71:0/3982344697 >> [v2:172.21.15.71:3300/0,v1:172.21.15.71:6789/0] conn(0x7f12a8105230 0x7f12a8199fd0 secure :-1 s=READY pgs=38 cs=0 l=1 rev1=1 crypto rx=0x7f1298006af0 tx=0x7f1298011a30 comp rx=0 tx=0).ready entity=mon.0 client_cookie=0 server_cookie=0 in_seq=0 out_seq=0
2024-04-23T02:03:52.738 INFO:teuthology.orchestra.run.smithi071.stdout:/usr/bin/ceph: stderr
2024-04-23T02:03:51.942+0000 7f129e7fc700 1 -- 172.21.15.71:0/3982344697 <== mon.0 v2:172.21.15.71:3300/0 1 ==== mon_map magic: 0 v1 ==== 229+0+0 (secure 0 0 0) 0x7f1298003b40 con 0x7f12a8105230
2024-04-23T02:03:52.738 INFO:teuthology.orchestra.run.smithi071.stdout:/usr/bin/ceph: stderr
2024-04-23T02:03:51.942+0000 7f129e7fc700 1 -- 172.21.15.71:0/3982344697 <== mon.0 v2:172.21.15.71:3300/0 2 ==== config(26 keys) v1 ==== 1002+0+0 (secure 0 0 0) 0x7f129801a880 con 0x7f12a8105230
2024-04-23T02:03:52.738 INFO:teuthology.orchestra.run.smithi071.stdout:/usr/bin/ceph: stderr
2024-04-23T02:03:51.942+0000 7f12af346700 1 -- 172.21.15.71:0/3982344697 --> [v2:172.21.15.71:3300/0,v1:172.21.15.71:6789/0] -- mon_subscribe({mgrmap=0+}) v3 -- 0x7f12a819a710 con 0x7f12a8105230
2024-04-23T02:03:52.738 INFO:teuthology.orchestra.run.smithi071.stdout:/usr/bin/ceph: stderr
2024-04-23T02:03:51.942+0000 7f129e7fc700 1 -- 172.21.15.71:0/3982344697 <== mon.0 v2:172.21.15.71:3300/0 3 ==== mon_map magic: 0 v1 ==== 229+0+0 (secure 0 0 0) 0x7f1298019890 con 0x7f12a8105230
2024-04-23T02:03:52.738 INFO:teuthology.orchestra.run.smithi071.stdout:/usr/bin/ceph: stderr
2024-04-23T02:03:51.942+0000 7f12af346700 1 -- 172.21.15.71:0/3982344697 --> [v2:172.21.15.71:3300/0,v1:172.21.15.71:6789/0] -- mon_subscribe({osdmap=0}) v3 -- 0x7f12a819ab30 con 0x7f12a8105230
2024-04-23T02:03:52.738 INFO:teuthology.orchestra.run.smithi071.stdout:/usr/bin/ceph: stderr
2024-04-23T02:03:51.942+0000 7f129e7fc700 1 -- 172.21.15.71:0/3982344697 <== mon.0 v2:172.21.15.71:3300/0 4 ==== mgrmap(e 8) v1 ==== 45283+0+0 (secure 0 0 0) 0x7f129801a9f0 con 0x7f12a8105230
2024-04-23T02:03:52.738 INFO:teuthology.orchestra.run.smithi071.stdout:/usr/bin/ceph: stderr
2024-04-23T02:03:51.943+0000 7f12af346700 1 -- 172.21.15.71:0/3982344697 --> [v2:172.21.15.71:3300/0,v1:172.21.15.71:6789/0] -- mon_command({"prefix": "get_command_descriptions"} v 0) v1 -- 0x7f12a80623c0 con 0x7f12a8105230
2024-04-23T02:03:52.739 INFO:teuthology.orchestra.run.smithi071.stdout:/usr/bin/ceph: stderr
2024-04-23T02:03:51.943+0000 7f129e7fc700 1 --2- 172.21.15.71:0/3982344697 >> [v2:172.21.15.71:6800/3878148961,v1:172.21.15.71:6801/3878148961] conn(0x7f12940382e0 0x7f129403a7a0 unknown :-1 s=NONE pgs=0 cs=0 l=1 rev1=0 crypto rx=0 tx=0 comp rx=0 tx=0).connect
2024-04-23T02:03:52.739 INFO:teuthology.orchestra.run.smithi071.stdout:/usr/bin/ceph: stderr
2024-04-23T02:03:51.943+0000 7f129e7fc700 1 -- 172.21.15.71:0/3982344697 <== mon.0 v2:172.21.15.71:3300/0 5 ==== osd_map(2..2 src has 1..2) v4 ==== 940+0+0 (secure 0 0 0) 0x7f129804c720 con 0x7f12a8105230
2024-04-23T02:03:52.739 INFO:teuthology.orchestra.run.smithi071.stdout:/usr/bin/ceph: stderr
2024-04-23T02:03:51.943+0000 7f12ac8e1700 1 --2- 172.21.15.71:0/3982344697 >> [v2:172.21.15.71:6800/3878148961,v1:172.21.15.71:6801/3878148961] conn(0x7f12940382e0 0x7f129403a7a0 unknown :-1 s=BANNER_CONNECTING pgs=0 cs=0 l=1 rev1=0 crypto rx=0 tx=0 comp rx=0 tx=0)._handle_peer_banner_payload supported=3 required=0
2024-04-23T02:03:52.739 INFO:teuthology.orchestra.run.smithi071.stdout:/usr/bin/ceph: stderr
2024-04-23T02:03:51.943+0000 7f12ac8e1700 1 --2- 172.21.15.71:0/3982344697 >> [v2:172.21.15.71:6800/3878148961,v1:172.21.15.71:6801/3878148961] conn(0x7f12940382e0 0x7f129403a7a0 secure :-1 s=READY pgs=8 cs=0 l=1 rev1=1 crypto rx=0x7f12a4006fd0 tx=0x7f12a4006e40 comp rx=0 tx=0).ready entity=mgr.14118 client_cookie=0 server_cookie=0 in_seq=0 out_seq=0
2024-04-23T02:03:52.739 INFO:teuthology.orchestra.run.smithi071.stdout:/usr/bin/ceph: stderr
2024-04-23T02:03:51.948+0000 7f129e7fc700 1 -- 172.21.15.71:0/3982344697 <== mon.0 v2:172.21.15.71:3300/0 6 ==== mon_command_ack([{"prefix": "get_command_descriptions"}]=0 v0) v1 ==== 72+0+180422 (secure 0 0 0) 0x7f1298018530 con 0x7f12a8105230
2024-04-23T02:03:52.739 INFO:teuthology.orchestra.run.smithi071.stdout:/usr/bin/ceph: stderr
2024-04-23T02:03:52.134+0000 7f12af346700 1 -- 172.21.15.71:0/3982344697 --> [v2:172.21.15.71:6800/3878148961,v1:172.21.15.71:6801/3878148961] -- mgr_command(tid 0: {"prefix": "cephadm set-user", "user": "root", "target": ["mon-mgr", ""]}) v1 -- 0x7f12a8102960 con 0x7f12940382e0
2024-04-23T02:03:52.739 INFO:teuthology.orchestra.run.smithi071.stdout:/usr/bin/ceph: stderr
2024-04-23T02:03:52.134+0000 7f129e7fc700 1 -- 172.21.15.71:0/3982344697 <== mgr.14118 v2:172.21.15.71:6800/3878148961 1 ==== mgr_command_reply(tid 0: 0 ) v1 ==== 8+0+16 (secure 0 0 0) 0x7f12a8102960 con 0x7f12940382e0
2024-04-23T02:03:52.739 INFO:teuthology.orchestra.run.smithi071.stdout:/usr/bin/ceph: stderr
2024-04-23T02:03:52.136+0000 7f12af346700 1 -- 172.21.15.71:0/3982344697 >> [v2:172.21.15.71:6800/3878148961,v1:172.21.15.71:6801/3878148961] conn(0x7f12940382e0 msgr2=0x7f129403a7a0 secure :-1 s=STATE_CONNECTION_ESTABLISHED l=1).mark_down
2024-04-23T02:03:52.739 INFO:teuthology.orchestra.run.smithi071.stdout:/usr/bin/ceph: stderr
2024-04-23T02:03:52.136+0000 7f12af346700 1 --2- 172.21.15.71:0/3982344697 >> [v2:172.21.15.71:6800/3878148961,v1:172.21.15.71:6801/3878148961] conn(0x7f12940382e0 0x7f129403a7a0 secure :-1 s=READY pgs=8 cs=0 l=1 rev1=1 crypto rx=0x7f12a4006fd0 tx=0x7f12a4006e40 comp rx=0 tx=0).stop
2024-04-23T02:03:52.739 INFO:teuthology.orchestra.run.smithi071.stdout:/usr/bin/ceph: stderr
2024-04-23T02:03:52.136+0000 7f12af346700 1 -- 172.21.15.71:0/3982344697 >> [v2:172.21.15.71:3300/0,v1:172.21.15.71:6789/0] conn(0x7f12a8105230 msgr2=0x7f12a8199fd0 secure :-1 s=STATE_CONNECTION_ESTABLISHED l=1).mark_down
2024-04-23T02:03:52.739 INFO:teuthology.orchestra.run.smithi071.stdout:/usr/bin/ceph: stderr
2024-04-23T02:03:52.136+0000 7f12af346700 1 --2- 172.21.15.71:0/3982344697 >> [v2:172.21.15.71:3300/0,v1:172.21.15.71:6789/0] conn(0x7f12a8105230 0x7f12a8199fd0 secure :-1 s=READY pgs=38 cs=0 l=1 rev1=1 crypto rx=0x7f1298006af0 tx=0x7f1298011a30 comp rx=0 tx=0).stop
2024-04-23T02:03:52.739 INFO:teuthology.orchestra.run.smithi071.stdout:/usr/bin/ceph: stderr
2024-04-23T02:03:52.136+0000 7f12af346700 1 -- 172.21.15.71:0/3982344697 shutdown_connections
2024-04-23T02:03:52.739 INFO:teuthology.orchestra.run.smithi071.stdout:/usr/bin/ceph: stderr
2024-04-23T02:03:52.136+0000 7f12af346700 1 --2- 172.21.15.71:0/3982344697 >> [v2:172.21.15.71:6800/3878148961,v1:172.21.15.71:6801/3878148961] conn(0x7f12940382e0 0x7f129403a7a0 unknown :-1 s=CLOSED pgs=8 cs=0 l=1 rev1=1 crypto rx=0 tx=0 comp rx=0 tx=0).stop
2024-04-23T02:03:52.740 INFO:teuthology.orchestra.run.smithi071.stdout:/usr/bin/ceph: stderr
2024-04-23T02:03:52.136+0000 7f12af346700 1 --2- 172.21.15.71:0/3982344697 >> [v2:172.21.15.71:3300/0,v1:172.21.15.71:6789/0] conn(0x7f12a8105230 0x7f12a8199fd0 unknown :-1 s=CLOSED pgs=38 cs=0 l=1 rev1=1 crypto rx=0 tx=0 comp rx=0 tx=0).stop
2024-04-23T02:03:52.740 INFO:teuthology.orchestra.run.smithi071.stdout:/usr/bin/ceph: stderr
2024-04-23T02:03:52.136+0000 7f12af346700 1 -- 172.21.15.71:0/3982344697 >> 172.21.15.71:0/3982344697 conn(0x7f12a81007d0 msgr2=0x7f12a80797d0 unknown :-1 s=STATE_NONE l=0).mark_down
2024-04-23T02:03:52.740 INFO:teuthology.orchestra.run.smithi071.stdout:/usr/bin/ceph: stderr
2024-04-23T02:03:52.136+0000 7f12af346700 1 -- 172.21.15.71:0/3982344697 shutdown_connections
2024-04-23T02:03:52.740 INFO:teuthology.orchestra.run.smithi071.stdout:/usr/bin/ceph: stderr
2024-04-23T02:03:52.136+0000 7f12af346700 1 -- 172.21.15.71:0/3982344697 wait complete.
2024-04-23T02:03:52.740 INFO:teuthology.orchestra.run.smithi071.stdout:Generating ssh key...
2024-04-23T02:03:53.531 INFO:journalctl@ceph.mon.smithi071.smithi071.stdout:Apr 23 02:03:53 smithi071 ceph-mon[39837]: from='client.14132 -' entity='client.admin' cmd=[{"prefix": "cephadm set-user", "user": "root", "target": ["mon-mgr", ""]}]: dispatch
2024-04-23T02:03:54.142 INFO:teuthology.orchestra.run.smithi071.stdout:/usr/bin/ceph: stderr
2024-04-23T02:03:53.251+0000 7f6792881700 1 Processor -- start
2024-04-23T02:03:54.142 INFO:teuthology.orchestra.run.smithi071.stdout:/usr/bin/ceph: stderr
2024-04-23T02:03:53.252+0000 7f6792881700 1 -- start start
2024-04-23T02:03:54.142 INFO:teuthology.orchestra.run.smithi071.stdout:/usr/bin/ceph: stderr
2024-04-23T02:03:53.252+0000 7f6792881700 1 --2- >> [v2:172.21.15.71:3300/0,v1:172.21.15.71:6789/0] conn(0x7f678c105720 0x7f678c105b40 unknown :-1 s=NONE pgs=0 cs=0 l=0 rev1=0 crypto rx=0 tx=0 comp rx=0 tx=0).connect
2024-04-23T02:03:54.142 INFO:teuthology.orchestra.run.smithi071.stdout:/usr/bin/ceph: stderr
2024-04-23T02:03:53.252+0000 7f6792881700 1 -- --> [v2:172.21.15.71:3300/0,v1:172.21.15.71:6789/0] -- mon_getmap magic: 0 v1 -- 0x7f678c106110 con 0x7f678c105720
2024-04-23T02:03:54.142 INFO:teuthology.orchestra.run.smithi071.stdout:/usr/bin/ceph: stderr
2024-04-23T02:03:53.252+0000 7f678bfff700 1 --2- >> [v2:172.21.15.71:3300/0,v1:172.21.15.71:6789/0] conn(0x7f678c105720 0x7f678c105b40 unknown :-1 s=BANNER_CONNECTING pgs=0 cs=0 l=0 rev1=0 crypto rx=0 tx=0 comp rx=0 tx=0)._handle_peer_banner_payload supported=3 required=0
2024-04-23T02:03:54.142 INFO:teuthology.orchestra.run.smithi071.stdout:/usr/bin/ceph: stderr
2024-04-23T02:03:53.252+0000 7f678bfff700 1 --2- >> [v2:172.21.15.71:3300/0,v1:172.21.15.71:6789/0] conn(0x7f678c105720 0x7f678c105b40 unknown :-1 s=HELLO_CONNECTING pgs=0 cs=0 l=0 rev1=1 crypto rx=0 tx=0 comp rx=0 tx=0).handle_hello peer v2:172.21.15.71:3300/0 says I am v2:172.21.15.71:43170/0 (socket says 172.21.15.71:43170)
2024-04-23T02:03:54.142 INFO:teuthology.orchestra.run.smithi071.stdout:/usr/bin/ceph: stderr
2024-04-23T02:03:53.252+0000 7f678bfff700 1 -- 172.21.15.71:0/3512944869 learned_addr learned my addr 172.21.15.71:0/3512944869 (peer_addr_for_me v2:172.21.15.71:0/0)
2024-04-23T02:03:54.142 INFO:teuthology.orchestra.run.smithi071.stdout:/usr/bin/ceph: stderr
2024-04-23T02:03:53.252+0000 7f678bfff700 1 -- 172.21.15.71:0/3512944869 --> [v2:172.21.15.71:3300/0,v1:172.21.15.71:6789/0] -- mon_subscribe({config=0+,monmap=0+}) v3 -- 0x7f678c106440 con 0x7f678c105720
2024-04-23T02:03:54.142 INFO:teuthology.orchestra.run.smithi071.stdout:/usr/bin/ceph: stderr
2024-04-23T02:03:53.252+0000 7f678bfff700 1 --2- 172.21.15.71:0/3512944869 >> [v2:172.21.15.71:3300/0,v1:172.21.15.71:6789/0] conn(0x7f678c105720 0x7f678c105b40 secure :-1 s=READY pgs=39 cs=0 l=1 rev1=1 crypto rx=0x7f677c0098a0 tx=0x7f677c009bb0 comp rx=0 tx=0).ready entity=mon.0 client_cookie=c6fdca75e3fa0311 server_cookie=0 in_seq=0 out_seq=0
2024-04-23T02:03:54.142 INFO:teuthology.orchestra.run.smithi071.stdout:/usr/bin/ceph: stderr
2024-04-23T02:03:53.252+0000 7f678affd700 1 -- 172.21.15.71:0/3512944869 <== mon.0 v2:172.21.15.71:3300/0 1 ==== mon_map magic: 0 v1 ==== 229+0+0 (secure 0 0 0) 0x7f677c004180 con 0x7f678c105720
2024-04-23T02:03:54.142 INFO:teuthology.orchestra.run.smithi071.stdout:/usr/bin/ceph: stderr
2024-04-23T02:03:53.252+0000 7f678affd700 1 -- 172.21.15.71:0/3512944869 <== mon.0 v2:172.21.15.71:3300/0 2 ==== config(26 keys) v1 ==== 1002+0+0 (secure 0 0 0) 0x7f677c0042e0 con 0x7f678c105720
2024-04-23T02:03:54.143 INFO:teuthology.orchestra.run.smithi071.stdout:/usr/bin/ceph: stderr
2024-04-23T02:03:53.252+0000 7f678affd700 1 -- 172.21.15.71:0/3512944869 <== mon.0 v2:172.21.15.71:3300/0 3 ==== mon_map magic: 0 v1 ==== 229+0+0 (secure 0 0 0) 0x7f677c0119d0 con 0x7f678c105720
2024-04-23T02:03:54.143 INFO:teuthology.orchestra.run.smithi071.stdout:/usr/bin/ceph: stderr
2024-04-23T02:03:53.253+0000 7f6792881700 1 -- 172.21.15.71:0/3512944869 >> [v2:172.21.15.71:3300/0,v1:172.21.15.71:6789/0] conn(0x7f678c105720 msgr2=0x7f678c105b40 secure :-1 s=STATE_CONNECTION_ESTABLISHED l=1).mark_down
2024-04-23T02:03:54.143 INFO:teuthology.orchestra.run.smithi071.stdout:/usr/bin/ceph: stderr
2024-04-23T02:03:53.253+0000 7f6792881700 1 --2- 172.21.15.71:0/3512944869 >> [v2:172.21.15.71:3300/0,v1:172.21.15.71:6789/0] conn(0x7f678c105720 0x7f678c105b40 secure :-1 s=READY pgs=39 cs=0 l=1 rev1=1 crypto rx=0x7f677c0098a0 tx=0x7f677c009bb0 comp rx=0 tx=0).stop
2024-04-23T02:03:54.143 INFO:teuthology.orchestra.run.smithi071.stdout:/usr/bin/ceph: stderr
2024-04-23T02:03:53.253+0000 7f6792881700 1 -- 172.21.15.71:0/3512944869 shutdown_connections
2024-04-23T02:03:54.143 INFO:teuthology.orchestra.run.smithi071.stdout:/usr/bin/ceph: stderr
2024-04-23T02:03:53.253+0000 7f6792881700 1 --2- 172.21.15.71:0/3512944869 >> [v2:172.21.15.71:3300/0,v1:172.21.15.71:6789/0] conn(0x7f678c105720 0x7f678c105b40 unknown :-1 s=CLOSED pgs=39 cs=0 l=1 rev1=1 crypto rx=0 tx=0 comp rx=0 tx=0).stop
2024-04-23T02:03:54.143 INFO:teuthology.orchestra.run.smithi071.stdout:/usr/bin/ceph: stderr
2024-04-23T02:03:53.253+0000 7f6792881700 1 -- 172.21.15.71:0/3512944869 >> 172.21.15.71:0/3512944869 conn(0x7f678c0fff40 msgr2=0x7f678c102380 unknown :-1 s=STATE_NONE l=0).mark_down
2024-04-23T02:03:54.143 INFO:teuthology.orchestra.run.smithi071.stdout:/usr/bin/ceph: stderr
2024-04-23T02:03:53.253+0000 7f6792881700 1 -- 172.21.15.71:0/3512944869 shutdown_connections
2024-04-23T02:03:54.143 INFO:teuthology.orchestra.run.smithi071.stdout:/usr/bin/ceph: stderr
2024-04-23T02:03:53.253+0000 7f6792881700 1 -- 172.21.15.71:0/3512944869 wait complete.
2024-04-23T02:03:54.143 INFO:teuthology.orchestra.run.smithi071.stdout:/usr/bin/ceph: stderr
2024-04-23T02:03:53.254+0000 7f6792881700 1 Processor -- start
2024-04-23T02:03:54.143 INFO:teuthology.orchestra.run.smithi071.stdout:/usr/bin/ceph: stderr
2024-04-23T02:03:53.254+0000 7f6792881700 1 -- start start
2024-04-23T02:03:54.143 INFO:teuthology.orchestra.run.smithi071.stdout:/usr/bin/ceph: stderr
2024-04-23T02:03:53.254+0000 7f6792881700 1 --2- >> [v2:172.21.15.71:3300/0,v1:172.21.15.71:6789/0] conn(0x7f678c105720 0x7f678c198e90 unknown :-1 s=NONE pgs=0 cs=0 l=1 rev1=0 crypto rx=0 tx=0 comp rx=0 tx=0).connect
2024-04-23T02:03:54.143 INFO:teuthology.orchestra.run.smithi071.stdout:/usr/bin/ceph: stderr
2024-04-23T02:03:53.254+0000 7f6792881700 1 -- --> [v2:172.21.15.71:3300/0,v1:172.21.15.71:6789/0] -- mon_getmap magic: 0 v1 -- 0x7f678c1993d0 con 0x7f678c105720
2024-04-23T02:03:54.143 INFO:teuthology.orchestra.run.smithi071.stdout:/usr/bin/ceph: stderr
2024-04-23T02:03:53.254+0000 7f678bfff700 1 --2- >> [v2:172.21.15.71:3300/0,v1:172.21.15.71:6789/0] conn(0x7f678c105720 0x7f678c198e90 unknown :-1 s=BANNER_CONNECTING pgs=0 cs=0 l=1 rev1=0 crypto rx=0 tx=0 comp rx=0 tx=0)._handle_peer_banner_payload supported=3 required=0
2024-04-23T02:03:54.143 INFO:teuthology.orchestra.run.smithi071.stdout:/usr/bin/ceph: stderr
2024-04-23T02:03:53.254+0000 7f678bfff700 1 --2- >> [v2:172.21.15.71:3300/0,v1:172.21.15.71:6789/0] conn(0x7f678c105720 0x7f678c198e90 unknown :-1 s=HELLO_CONNECTING pgs=0 cs=0 l=1 rev1=1 crypto rx=0 tx=0 comp rx=0 tx=0).handle_hello peer v2:172.21.15.71:3300/0 says I am v2:172.21.15.71:43180/0 (socket says 172.21.15.71:43180)
2024-04-23T02:03:54.144 INFO:teuthology.orchestra.run.smithi071.stdout:/usr/bin/ceph: stderr
2024-04-23T02:03:53.254+0000 7f678bfff700 1 -- 172.21.15.71:0/1179593904 learned_addr learned my addr 172.21.15.71:0/1179593904 (peer_addr_for_me v2:172.21.15.71:0/0)
2024-04-23T02:03:54.144 INFO:teuthology.orchestra.run.smithi071.stdout:/usr/bin/ceph: stderr
2024-04-23T02:03:53.254+0000 7f678bfff700 1 -- 172.21.15.71:0/1179593904 --> [v2:172.21.15.71:3300/0,v1:172.21.15.71:6789/0] -- mon_subscribe({config=0+,monmap=0+}) v3 -- 0x7f677c009550 con 0x7f678c105720
2024-04-23T02:03:54.144 INFO:teuthology.orchestra.run.smithi071.stdout:/usr/bin/ceph: stderr
2024-04-23T02:03:53.254+0000 7f678bfff700 1 --2- 172.21.15.71:0/1179593904 >> [v2:172.21.15.71:3300/0,v1:172.21.15.71:6789/0] conn(0x7f678c105720 0x7f678c198e90 secure :-1 s=READY pgs=40 cs=0 l=1 rev1=1 crypto rx=0x7f677c006af0 tx=0x7f677c011a30 comp rx=0 tx=0).ready entity=mon.0 client_cookie=0 server_cookie=0 in_seq=0 out_seq=0
2024-04-23T02:03:54.144 INFO:teuthology.orchestra.run.smithi071.stdout:/usr/bin/ceph: stderr
2024-04-23T02:03:53.254+0000 7f67897fa700 1 -- 172.21.15.71:0/1179593904 <== mon.0 v2:172.21.15.71:3300/0 1 ==== mon_map magic: 0 v1 ==== 229+0+0 (secure 0 0 0) 0x7f677c024430 con 0x7f678c105720
2024-04-23T02:03:54.144 INFO:teuthology.orchestra.run.smithi071.stdout:/usr/bin/ceph: stderr
2024-04-23T02:03:53.254+0000 7f67897fa700 1 -- 172.21.15.71:0/1179593904 <== mon.0 v2:172.21.15.71:3300/0 2 ==== config(26 keys) v1 ==== 1002+0+0 (secure 0 0 0) 0x7f677c0249e0 con 0x7f678c105720
2024-04-23T02:03:54.144 INFO:teuthology.orchestra.run.smithi071.stdout:/usr/bin/ceph: stderr
2024-04-23T02:03:53.255+0000 7f6792881700 1 -- 172.21.15.71:0/1179593904 --> [v2:172.21.15.71:3300/0,v1:172.21.15.71:6789/0] -- mon_subscribe({mgrmap=0+}) v3 -- 0x7f678c1995d0 con 0x7f678c105720
2024-04-23T02:03:54.144 INFO:teuthology.orchestra.run.smithi071.stdout:/usr/bin/ceph: stderr
2024-04-23T02:03:53.255+0000 7f67897fa700 1 -- 172.21.15.71:0/1179593904 <== mon.0 v2:172.21.15.71:3300/0 3 ==== mon_map magic: 0 v1 ==== 229+0+0 (secure 0 0 0) 0x7f677c01aa00 con 0x7f678c105720
2024-04-23T02:03:54.144 INFO:teuthology.orchestra.run.smithi071.stdout:/usr/bin/ceph: stderr
2024-04-23T02:03:53.255+0000 7f6792881700 1 -- 172.21.15.71:0/1179593904 --> [v2:172.21.15.71:3300/0,v1:172.21.15.71:6789/0] -- mon_subscribe({osdmap=0}) v3 -- 0x7f678c1999f0 con 0x7f678c105720
2024-04-23T02:03:54.144 INFO:teuthology.orchestra.run.smithi071.stdout:/usr/bin/ceph: stderr
2024-04-23T02:03:53.255+0000 7f67897fa700 1 -- 172.21.15.71:0/1179593904 <== mon.0 v2:172.21.15.71:3300/0 4 ==== mgrmap(e 8) v1 ==== 45283+0+0 (secure 0 0 0) 0x7f677c01ac70 con 0x7f678c105720
2024-04-23T02:03:54.144 INFO:teuthology.orchestra.run.smithi071.stdout:/usr/bin/ceph: stderr
2024-04-23T02:03:53.255+0000 7f67897fa700 1 --2- 172.21.15.71:0/1179593904 >> [v2:172.21.15.71:6800/3878148961,v1:172.21.15.71:6801/3878148961] conn(0x7f6774038370 0x7f677403a830 unknown :-1 s=NONE pgs=0 cs=0 l=1 rev1=0 crypto rx=0 tx=0 comp rx=0 tx=0).connect
2024-04-23T02:03:54.144 INFO:teuthology.orchestra.run.smithi071.stdout:/usr/bin/ceph: stderr
2024-04-23T02:03:53.255+0000 7f6792881700 1 -- 172.21.15.71:0/1179593904 --> [v2:172.21.15.71:3300/0,v1:172.21.15.71:6789/0] -- mon_command({"prefix": "get_command_descriptions"} v 0) v1 -- 0x7f678c0623c0 con 0x7f678c105720
2024-04-23T02:03:54.144 INFO:teuthology.orchestra.run.smithi071.stdout:/usr/bin/ceph: stderr
2024-04-23T02:03:53.256+0000 7f67897fa700 1 -- 172.21.15.71:0/1179593904 <== mon.0 v2:172.21.15.71:3300/0 5 ==== osd_map(2..2 src has 1..2) v4 ==== 940+0+0 (secure 0 0 0) 0x7f677c04c4f0 con 0x7f678c105720
2024-04-23T02:03:54.144 INFO:teuthology.orchestra.run.smithi071.stdout:/usr/bin/ceph: stderr
2024-04-23T02:03:53.256+0000 7f678b7fe700 1 --2- 172.21.15.71:0/1179593904 >> [v2:172.21.15.71:6800/3878148961,v1:172.21.15.71:6801/3878148961] conn(0x7f6774038370 0x7f677403a830 unknown :-1 s=BANNER_CONNECTING pgs=0 cs=0 l=1 rev1=0 crypto rx=0 tx=0 comp rx=0 tx=0)._handle_peer_banner_payload supported=3 required=0
2024-04-23T02:03:54.144 INFO:teuthology.orchestra.run.smithi071.stdout:/usr/bin/ceph: stderr
2024-04-23T02:03:53.256+0000 7f678b7fe700 1 --2- 172.21.15.71:0/1179593904 >> [v2:172.21.15.71:6800/3878148961,v1:172.21.15.71:6801/3878148961] conn(0x7f6774038370 0x7f677403a830 secure :-1 s=READY pgs=9 cs=0 l=1 rev1=1 crypto rx=0x7f6780006fd0 tx=0x7f6780006e40 comp rx=0 tx=0).ready entity=mgr.14118 client_cookie=0 server_cookie=0 in_seq=0 out_seq=0
2024-04-23T02:03:54.145 INFO:teuthology.orchestra.run.smithi071.stdout:/usr/bin/ceph: stderr
2024-04-23T02:03:53.260+0000 7f67897fa700 1 -- 172.21.15.71:0/1179593904 <== mon.0 v2:172.21.15.71:3300/0 6 ==== mon_command_ack([{"prefix": "get_command_descriptions"}]=0 v0) v1 ==== 72+0+180422 (secure 0 0 0) 0x7f677c023750 con 0x7f678c105720
2024-04-23T02:03:54.145 INFO:teuthology.orchestra.run.smithi071.stdout:/usr/bin/ceph: stderr
2024-04-23T02:03:53.452+0000 7f6792881700 1 -- 172.21.15.71:0/1179593904 --> [v2:172.21.15.71:6800/3878148961,v1:172.21.15.71:6801/3878148961] -- mgr_command(tid 0: {"prefix": "cephadm generate-key", "target": ["mon-mgr", ""]}) v1 -- 0x7f678c102210 con 0x7f6774038370
2024-04-23T02:03:54.145 INFO:teuthology.orchestra.run.smithi071.stdout:/usr/bin/ceph: stderr
2024-04-23T02:03:53.536+0000 7f67897fa700 1 -- 172.21.15.71:0/1179593904 <== mgr.14118 v2:172.21.15.71:6800/3878148961 1 ==== mgr_command_reply(tid 0: 0 ) v1 ==== 8+0+0 (secure 0 0 0) 0x7f678c102210 con 0x7f6774038370
2024-04-23T02:03:54.145 INFO:teuthology.orchestra.run.smithi071.stdout:/usr/bin/ceph: stderr
2024-04-23T02:03:53.538+0000 7f6792881700 1 -- 172.21.15.71:0/1179593904 >> [v2:172.21.15.71:6800/3878148961,v1:172.21.15.71:6801/3878148961] conn(0x7f6774038370 msgr2=0x7f677403a830 secure :-1 s=STATE_CONNECTION_ESTABLISHED l=1).mark_down
2024-04-23T02:03:54.145 INFO:teuthology.orchestra.run.smithi071.stdout:/usr/bin/ceph: stderr
2024-04-23T02:03:53.538+0000 7f6792881700 1 --2- 172.21.15.71:0/1179593904 >> [v2:172.21.15.71:6800/3878148961,v1:172.21.15.71:6801/3878148961] conn(0x7f6774038370 0x7f677403a830 secure :-1 s=READY pgs=9 cs=0 l=1 rev1=1 crypto rx=0x7f6780006fd0 tx=0x7f6780006e40 comp rx=0 tx=0).stop
2024-04-23T02:03:54.145 INFO:teuthology.orchestra.run.smithi071.stdout:/usr/bin/ceph: stderr
2024-04-23T02:03:53.538+0000 7f6792881700 1 -- 172.21.15.71:0/1179593904 >> [v2:172.21.15.71:3300/0,v1:172.21.15.71:6789/0] conn(0x7f678c105720 msgr2=0x7f678c198e90 secure :-1 s=STATE_CONNECTION_ESTABLISHED l=1).mark_down
2024-04-23T02:03:54.145 INFO:teuthology.orchestra.run.smithi071.stdout:/usr/bin/ceph: stderr
2024-04-23T02:03:53.538+0000 7f6792881700 1 --2- 172.21.15.71:0/1179593904 >> [v2:172.21.15.71:3300/0,v1:172.21.15.71:6789/0] conn(0x7f678c105720 0x7f678c198e90 secure :-1 s=READY pgs=40 cs=0 l=1 rev1=1 crypto rx=0x7f677c006af0 tx=0x7f677c011a30 comp rx=0 tx=0).stop
2024-04-23T02:03:54.145 INFO:teuthology.orchestra.run.smithi071.stdout:/usr/bin/ceph: stderr
2024-04-23T02:03:53.538+0000 7f6792881700 1 -- 172.21.15.71:0/1179593904 shutdown_connections
2024-04-23T02:03:54.145 INFO:teuthology.orchestra.run.smithi071.stdout:/usr/bin/ceph: stderr
2024-04-23T02:03:53.538+0000 7f6792881700 1 --2- 172.21.15.71:0/1179593904 >> [v2:172.21.15.71:6800/3878148961,v1:172.21.15.71:6801/3878148961] conn(0x7f6774038370 0x7f677403a830 unknown :-1 s=CLOSED pgs=9 cs=0 l=1 rev1=1 crypto rx=0 tx=0 comp rx=0 tx=0).stop
2024-04-23T02:03:54.145 INFO:teuthology.orchestra.run.smithi071.stdout:/usr/bin/ceph: stderr
2024-04-23T02:03:53.538+0000 7f6792881700 1 --2- 172.21.15.71:0/1179593904 >> [v2:172.21.15.71:3300/0,v1:172.21.15.71:6789/0] conn(0x7f678c105720 0x7f678c198e90 unknown :-1 s=CLOSED pgs=40 cs=0 l=1 rev1=1 crypto rx=0 tx=0 comp rx=0 tx=0).stop
2024-04-23T02:03:54.145 INFO:teuthology.orchestra.run.smithi071.stdout:/usr/bin/ceph: stderr
2024-04-23T02:03:53.538+0000 7f6792881700 1 -- 172.21.15.71:0/1179593904 >> 172.21.15.71:0/1179593904 conn(0x7f678c0fff40 msgr2=0x7f678c1015f0 unknown :-1 s=STATE_NONE l=0).mark_down
2024-04-23T02:03:54.145 INFO:teuthology.orchestra.run.smithi071.stdout:/usr/bin/ceph: stderr
2024-04-23T02:03:53.538+0000 7f6792881700 1 -- 172.21.15.71:0/1179593904 shutdown_connections
2024-04-23T02:03:54.145 INFO:teuthology.orchestra.run.smithi071.stdout:/usr/bin/ceph: stderr
2024-04-23T02:03:53.538+0000 7f6792881700 1 -- 172.21.15.71:0/1179593904 wait complete.
2024-04-23T02:03:54.742 INFO:journalctl@ceph.mon.smithi071.smithi071.stdout:Apr 23 02:03:54 smithi071 ceph-mon[39837]: from='client.14134 -' entity='client.admin' cmd=[{"prefix": "cephadm generate-key", "target": ["mon-mgr", ""]}]: dispatch
2024-04-23T02:03:54.743 INFO:journalctl@ceph.mon.smithi071.smithi071.stdout:Apr 23 02:03:54 smithi071 ceph-mon[39837]: Generating ssh key...
2024-04-23T02:03:54.743 INFO:journalctl@ceph.mon.smithi071.smithi071.stdout:Apr 23 02:03:54 smithi071 ceph-mon[39837]: from='mgr.14118 172.21.15.71:0/1697862615' entity='mgr.smithi071.ukdjvn'
2024-04-23T02:03:54.743 INFO:journalctl@ceph.mon.smithi071.smithi071.stdout:Apr 23 02:03:54 smithi071 ceph-mon[39837]: from='mgr.14118 172.21.15.71:0/1697862615' entity='mgr.smithi071.ukdjvn'
2024-04-23T02:03:55.523 INFO:teuthology.orchestra.run.smithi071.stdout:/usr/bin/ceph: stdout ssh-rsa AAAAB3NzaC1yc2EAAAADAQABAAABgQDDqtHVXyikLrcynO96rql0xXsL3+bERjrlT6vpKaaGRzuoK/HR+EVcDbQfueqc5mIAv25y6TBCAFkCmNo1Ck+MeMit1N1miKYH2RTpqf4tdI6e1EmbwaMow7Eiqd3tHefwDDAqlho7LmlwhzRRTL3Pc5CvGo2scsyis9Gorn3BMSPrI7ljsPjs1BXEExh6lCNCUD+Y3yPgtK5JhYKlQz0yYWPRwfTlTPzB0SrMj57ex2frtjB4xyJncgH3K30FWD1Xv7/mhtUdRfBof8j+mJi6uo866aZ32IQ0Gbh4qjVzEe8skhFizbOi0XFsoUXMlSipeyt7P+aVF3X+wqWljuAC7uio0Y+oXa20U/B4MyiN9scI7obD3ssj66D9TmDWxgLbGQuhKSdSaO1Rvk88C1Izmwc0K+nEuNi/sJdHJeIu8yfqdoppW5qLeyMdBIZUBlUfzveCt6MJ/FSZw5/2UwmJQI4ZIxEo+0OAwU0I816vYF8NolGZIZ+D00dbgaFJlOs= ceph-91f5470c-0115-11ef-bc93-c7b262605968
2024-04-23T02:03:55.523 INFO:teuthology.orchestra.run.smithi071.stdout:/usr/bin/ceph: stderr
2024-04-23T02:03:54.668+0000 7febcf5ef700 1 Processor -- start
2024-04-23T02:03:55.524 INFO:teuthology.orchestra.run.smithi071.stdout:/usr/bin/ceph: stderr
2024-04-23T02:03:54.668+0000 7febcf5ef700 1 -- start start
2024-04-23T02:03:55.524 INFO:teuthology.orchestra.run.smithi071.stdout:/usr/bin/ceph: stderr
2024-04-23T02:03:54.668+0000 7febcf5ef700 1 --2- >> [v2:172.21.15.71:3300/0,v1:172.21.15.71:6789/0] conn(0x7febc81045e0 0x7febc8104a00 unknown :-1 s=NONE pgs=0 cs=0 l=0 rev1=0 crypto rx=0 tx=0 comp rx=0 tx=0).connect
2024-04-23T02:03:55.524 INFO:teuthology.orchestra.run.smithi071.stdout:/usr/bin/ceph: stderr
2024-04-23T02:03:54.668+0000 7febcf5ef700 1 -- --> [v2:172.21.15.71:3300/0,v1:172.21.15.71:6789/0] -- mon_getmap magic: 0 v1 -- 0x7febc8104fd0 con 0x7febc81045e0
2024-04-23T02:03:55.524 INFO:teuthology.orchestra.run.smithi071.stdout:/usr/bin/ceph: stderr
2024-04-23T02:03:54.668+0000 7febcd38b700 1 --2- >> [v2:172.21.15.71:3300/0,v1:172.21.15.71:6789/0] conn(0x7febc81045e0 0x7febc8104a00 unknown :-1 s=BANNER_CONNECTING pgs=0 cs=0 l=0 rev1=0 crypto rx=0 tx=0 comp rx=0 tx=0)._handle_peer_banner_payload supported=3 required=0
2024-04-23T02:03:55.524 INFO:teuthology.orchestra.run.smithi071.stdout:/usr/bin/ceph: stderr
2024-04-23T02:03:54.668+0000 7febcd38b700 1 --2- >> [v2:172.21.15.71:3300/0,v1:172.21.15.71:6789/0] conn(0x7febc81045e0 0x7febc8104a00 unknown :-1 s=HELLO_CONNECTING pgs=0 cs=0 l=0 rev1=1 crypto rx=0 tx=0 comp rx=0 tx=0).handle_hello peer v2:172.21.15.71:3300/0 says I am v2:172.21.15.71:43186/0 (socket says 172.21.15.71:43186)
2024-04-23T02:03:55.524 INFO:teuthology.orchestra.run.smithi071.stdout:/usr/bin/ceph: stderr
2024-04-23T02:03:54.668+0000 7febcd38b700 1 -- 172.21.15.71:0/3155812482 learned_addr learned my addr 172.21.15.71:0/3155812482 (peer_addr_for_me v2:172.21.15.71:0/0)
2024-04-23T02:03:55.524 INFO:teuthology.orchestra.run.smithi071.stdout:/usr/bin/ceph: stderr
2024-04-23T02:03:54.668+0000 7febcd38b700 1 -- 172.21.15.71:0/3155812482 --> [v2:172.21.15.71:3300/0,v1:172.21.15.71:6789/0] -- mon_subscribe({config=0+,monmap=0+}) v3 -- 0x7febc8105110 con 0x7febc81045e0
2024-04-23T02:03:55.524 INFO:teuthology.orchestra.run.smithi071.stdout:/usr/bin/ceph: stderr
2024-04-23T02:03:54.668+0000 7febcd38b700 1 --2- 172.21.15.71:0/3155812482 >> [v2:172.21.15.71:3300/0,v1:172.21.15.71:6789/0] conn(0x7febc81045e0 0x7febc8104a00 secure :-1 s=READY pgs=41 cs=0 l=1 rev1=1 crypto rx=0x7febb80098a0 tx=0x7febb8009bb0 comp rx=0 tx=0).ready entity=mon.0 client_cookie=20a376d1950e31d6 server_cookie=0 in_seq=0 out_seq=0
2024-04-23T02:03:55.524 INFO:teuthology.orchestra.run.smithi071.stdout:/usr/bin/ceph: stderr
2024-04-23T02:03:54.669+0000 7febbffff700 1 -- 172.21.15.71:0/3155812482 <== mon.0 v2:172.21.15.71:3300/0 1 ==== mon_map magic: 0 v1 ==== 229+0+0 (secure 0 0 0) 0x7febb8004180 con 0x7febc81045e0
2024-04-23T02:03:55.524 INFO:teuthology.orchestra.run.smithi071.stdout:/usr/bin/ceph: stderr
2024-04-23T02:03:54.669+0000 7febbffff700 1 -- 172.21.15.71:0/3155812482 <== mon.0 v2:172.21.15.71:3300/0 2 ==== config(26 keys) v1 ==== 1002+0+0 (secure 0 0 0) 0x7febb80042e0 con 0x7febc81045e0
2024-04-23T02:03:55.524 INFO:teuthology.orchestra.run.smithi071.stdout:/usr/bin/ceph: stderr
2024-04-23T02:03:54.669+0000 7febbffff700 1 -- 172.21.15.71:0/3155812482 <== mon.0 v2:172.21.15.71:3300/0 3 ==== mon_map magic: 0 v1 ==== 229+0+0 (secure 0 0 0) 0x7febb80119d0 con 0x7febc81045e0
2024-04-23T02:03:55.524 INFO:teuthology.orchestra.run.smithi071.stdout:/usr/bin/ceph: stderr
2024-04-23T02:03:54.669+0000 7febcf5ef700 1 -- 172.21.15.71:0/3155812482 >> [v2:172.21.15.71:3300/0,v1:172.21.15.71:6789/0] conn(0x7febc81045e0 msgr2=0x7febc8104a00 secure :-1 s=STATE_CONNECTION_ESTABLISHED l=1).mark_down
2024-04-23T02:03:55.524 INFO:teuthology.orchestra.run.smithi071.stdout:/usr/bin/ceph: stderr
2024-04-23T02:03:54.669+0000 7febcf5ef700 1 --2- 172.21.15.71:0/3155812482 >> [v2:172.21.15.71:3300/0,v1:172.21.15.71:6789/0] conn(0x7febc81045e0 0x7febc8104a00 secure :-1 s=READY pgs=41 cs=0 l=1 rev1=1 crypto rx=0x7febb80098a0 tx=0x7febb8009bb0 comp rx=0 tx=0).stop
2024-04-23T02:03:55.524 INFO:teuthology.orchestra.run.smithi071.stdout:/usr/bin/ceph: stderr
2024-04-23T02:03:54.669+0000 7febcf5ef700 1 -- 172.21.15.71:0/3155812482 shutdown_connections
2024-04-23T02:03:55.525 INFO:teuthology.orchestra.run.smithi071.stdout:/usr/bin/ceph: stderr
2024-04-23T02:03:54.669+0000 7febcf5ef700 1 --2- 172.21.15.71:0/3155812482 >> [v2:172.21.15.71:3300/0,v1:172.21.15.71:6789/0] conn(0x7febc81045e0 0x7febc8104a00 unknown :-1 s=CLOSED pgs=41 cs=0 l=1 rev1=1 crypto rx=0 tx=0 comp rx=0 tx=0).stop
2024-04-23T02:03:55.525 INFO:teuthology.orchestra.run.smithi071.stdout:/usr/bin/ceph: stderr
2024-04-23T02:03:54.669+0000 7febcf5ef700 1 -- 172.21.15.71:0/3155812482 >> 172.21.15.71:0/3155812482 conn(0x7febc80fff40 msgr2=0x7febc8102380 unknown :-1 s=STATE_NONE l=0).mark_down
2024-04-23T02:03:55.525 INFO:teuthology.orchestra.run.smithi071.stdout:/usr/bin/ceph: stderr
2024-04-23T02:03:54.669+0000 7febcf5ef700 1 -- 172.21.15.71:0/3155812482 shutdown_connections
2024-04-23T02:03:55.525 INFO:teuthology.orchestra.run.smithi071.stdout:/usr/bin/ceph: stderr
2024-04-23T02:03:54.669+0000 7febcf5ef700 1 -- 172.21.15.71:0/3155812482 wait complete.
2024-04-23T02:03:55.525 INFO:teuthology.orchestra.run.smithi071.stdout:/usr/bin/ceph: stderr
2024-04-23T02:03:54.670+0000 7febcf5ef700 1 Processor -- start
2024-04-23T02:03:55.525 INFO:teuthology.orchestra.run.smithi071.stdout:/usr/bin/ceph: stderr
2024-04-23T02:03:54.670+0000 7febcf5ef700 1 -- start start
2024-04-23T02:03:55.525 INFO:teuthology.orchestra.run.smithi071.stdout:/usr/bin/ceph: stderr
2024-04-23T02:03:54.670+0000 7febcf5ef700 1 --2- >> [v2:172.21.15.71:3300/0,v1:172.21.15.71:6789/0] conn(0x7febc81045e0 0x7febc8106fc0 unknown :-1 s=NONE pgs=0 cs=0 l=1 rev1=0 crypto rx=0 tx=0 comp rx=0 tx=0).connect
2024-04-23T02:03:55.525 INFO:teuthology.orchestra.run.smithi071.stdout:/usr/bin/ceph: stderr
2024-04-23T02:03:54.670+0000 7febcf5ef700 1 -- --> [v2:172.21.15.71:3300/0,v1:172.21.15.71:6789/0] -- mon_getmap magic: 0 v1 -- 0x7febc8107500 con 0x7febc81045e0
2024-04-23T02:03:55.525 INFO:teuthology.orchestra.run.smithi071.stdout:/usr/bin/ceph: stderr
2024-04-23T02:03:54.670+0000 7febcd38b700 1 --2- >> [v2:172.21.15.71:3300/0,v1:172.21.15.71:6789/0] conn(0x7febc81045e0 0x7febc8106fc0 unknown :-1 s=BANNER_CONNECTING pgs=0 cs=0 l=1 rev1=0 crypto rx=0 tx=0 comp rx=0 tx=0)._handle_peer_banner_payload supported=3 required=0
2024-04-23T02:03:55.525 INFO:teuthology.orchestra.run.smithi071.stdout:/usr/bin/ceph: stderr
2024-04-23T02:03:54.670+0000 7febcd38b700 1 --2- >> [v2:172.21.15.71:3300/0,v1:172.21.15.71:6789/0] conn(0x7febc81045e0 0x7febc8106fc0 unknown :-1 s=HELLO_CONNECTING pgs=0 cs=0 l=1 rev1=1 crypto rx=0 tx=0 comp rx=0 tx=0).handle_hello peer v2:172.21.15.71:3300/0 says I am v2:172.21.15.71:43198/0 (socket says 172.21.15.71:43198)
2024-04-23T02:03:55.525 INFO:teuthology.orchestra.run.smithi071.stdout:/usr/bin/ceph: stderr
2024-04-23T02:03:54.670+0000 7febcd38b700 1 -- 172.21.15.71:0/3683118215 learned_addr learned my addr 172.21.15.71:0/3683118215 (peer_addr_for_me v2:172.21.15.71:0/0)
2024-04-23T02:03:55.525 INFO:teuthology.orchestra.run.smithi071.stdout:/usr/bin/ceph: stderr
2024-04-23T02:03:54.670+0000 7febcd38b700 1 -- 172.21.15.71:0/3683118215 --> [v2:172.21.15.71:3300/0,v1:172.21.15.71:6789/0] -- mon_subscribe({config=0+,monmap=0+}) v3 -- 0x7febb8009550 con 0x7febc81045e0
2024-04-23T02:03:55.525 INFO:teuthology.orchestra.run.smithi071.stdout:/usr/bin/ceph: stderr
2024-04-23T02:03:54.671+0000 7febcd38b700 1 --2- 172.21.15.71:0/3683118215 >> [v2:172.21.15.71:3300/0,v1:172.21.15.71:6789/0] conn(0x7febc81045e0 0x7febc8106fc0 secure :-1 s=READY pgs=42 cs=0 l=1 rev1=1 crypto rx=0x7febb8006af0 tx=0x7febb8011a30 comp rx=0 tx=0).ready entity=mon.0 client_cookie=0 server_cookie=0 in_seq=0 out_seq=0
2024-04-23T02:03:55.525 INFO:teuthology.orchestra.run.smithi071.stdout:/usr/bin/ceph: stderr
2024-04-23T02:03:54.671+0000 7febbe7fc700 1 -- 172.21.15.71:0/3683118215 <== mon.0 v2:172.21.15.71:3300/0 1 ==== mon_map magic: 0 v1 ==== 229+0+0 (secure 0 0 0) 0x7febb8024430 con 0x7febc81045e0
2024-04-23T02:03:55.525 INFO:teuthology.orchestra.run.smithi071.stdout:/usr/bin/ceph: stderr
2024-04-23T02:03:54.671+0000 7febbe7fc700 1 -- 172.21.15.71:0/3683118215 <== mon.0 v2:172.21.15.71:3300/0 2 ==== config(26 keys) v1 ==== 1002+0+0 (secure 0 0 0) 0x7febb80249e0 con 0x7febc81045e0
2024-04-23T02:03:55.526 INFO:teuthology.orchestra.run.smithi071.stdout:/usr/bin/ceph: stderr
2024-04-23T02:03:54.671+0000 7febcf5ef700 1 -- 172.21.15.71:0/3683118215 --> [v2:172.21.15.71:3300/0,v1:172.21.15.71:6789/0] -- mon_subscribe({mgrmap=0+}) v3 -- 0x7febc8105610 con 0x7febc81045e0
2024-04-23T02:03:55.526 INFO:teuthology.orchestra.run.smithi071.stdout:/usr/bin/ceph: stderr
2024-04-23T02:03:54.671+0000 7febbe7fc700 1 -- 172.21.15.71:0/3683118215 <== mon.0 v2:172.21.15.71:3300/0 3 ==== mon_map magic: 0 v1 ==== 229+0+0 (secure 0 0 0) 0x7febb801a970 con 0x7febc81045e0
2024-04-23T02:03:55.526 INFO:teuthology.orchestra.run.smithi071.stdout:/usr/bin/ceph: stderr
2024-04-23T02:03:54.671+0000 7febcf5ef700 1 -- 172.21.15.71:0/3683118215 --> [v2:172.21.15.71:3300/0,v1:172.21.15.71:6789/0] -- mon_subscribe({osdmap=0}) v3 -- 0x7febc8105a30 con 0x7febc81045e0
2024-04-23T02:03:55.526 INFO:teuthology.orchestra.run.smithi071.stdout:/usr/bin/ceph: stderr
2024-04-23T02:03:54.671+0000 7febbe7fc700 1 -- 172.21.15.71:0/3683118215 <== mon.0 v2:172.21.15.71:3300/0 4 ==== mgrmap(e 8) v1 ==== 45283+0+0 (secure 0 0 0) 0x7febb801abe0 con 0x7febc81045e0
2024-04-23T02:03:55.526 INFO:teuthology.orchestra.run.smithi071.stdout:/usr/bin/ceph: stderr
2024-04-23T02:03:54.672+0000 7febcf5ef700 1 -- 172.21.15.71:0/3683118215 --> [v2:172.21.15.71:3300/0,v1:172.21.15.71:6789/0] -- mon_command({"prefix": "get_command_descriptions"} v 0) v1 -- 0x7febc80623c0 con 0x7febc81045e0
2024-04-23T02:03:55.526 INFO:teuthology.orchestra.run.smithi071.stdout:/usr/bin/ceph: stderr
2024-04-23T02:03:54.672+0000 7febbe7fc700 1 --2- 172.21.15.71:0/3683118215 >> [v2:172.21.15.71:6800/3878148961,v1:172.21.15.71:6801/3878148961] conn(0x7febb4038370 0x7febb403a830 unknown :-1 s=NONE pgs=0 cs=0 l=1 rev1=0 crypto rx=0 tx=0 comp rx=0 tx=0).connect
2024-04-23T02:03:55.526 INFO:teuthology.orchestra.run.smithi071.stdout:/usr/bin/ceph: stderr
2024-04-23T02:03:54.672+0000 7febbe7fc700 1 -- 172.21.15.71:0/3683118215 <== mon.0 v2:172.21.15.71:3300/0 5 ==== osd_map(2..2 src has 1..2) v4 ==== 940+0+0 (secure 0 0 0) 0x7febb804c470 con 0x7febc81045e0
2024-04-23T02:03:55.526 INFO:teuthology.orchestra.run.smithi071.stdout:/usr/bin/ceph: stderr
2024-04-23T02:03:54.672+0000 7febccb8a700 1 --2- 172.21.15.71:0/3683118215 >> [v2:172.21.15.71:6800/3878148961,v1:172.21.15.71:6801/3878148961] conn(0x7febb4038370 0x7febb403a830 unknown :-1 s=BANNER_CONNECTING pgs=0 cs=0 l=1 rev1=0 crypto rx=0 tx=0 comp rx=0 tx=0)._handle_peer_banner_payload supported=3 required=0
2024-04-23T02:03:55.527 INFO:teuthology.orchestra.run.smithi071.stdout:/usr/bin/ceph: stderr
2024-04-23T02:03:54.672+0000 7febccb8a700 1 --2- 172.21.15.71:0/3683118215 >> [v2:172.21.15.71:6800/3878148961,v1:172.21.15.71:6801/3878148961] conn(0x7febb4038370 0x7febb403a830 secure :-1 s=READY pgs=10 cs=0 l=1 rev1=1 crypto rx=0x7febc4006fd0 tx=0x7febc4006e40 comp rx=0 tx=0).ready entity=mgr.14118 client_cookie=0 server_cookie=0 in_seq=0 out_seq=0
2024-04-23T02:03:55.527 INFO:teuthology.orchestra.run.smithi071.stdout:/usr/bin/ceph: stderr
2024-04-23T02:03:54.676+0000 7febbe7fc700 1 -- 172.21.15.71:0/3683118215 <== mon.0 v2:172.21.15.71:3300/0 6 ==== mon_command_ack([{"prefix": "get_command_descriptions"}]=0 v0) v1 ==== 72+0+180422 (secure 0 0 0) 0x7febb8024b50 con 0x7febc81045e0
2024-04-23T02:03:55.527 INFO:teuthology.orchestra.run.smithi071.stdout:/usr/bin/ceph: stderr
2024-04-23T02:03:54.867+0000 7febcf5ef700 1 -- 172.21.15.71:0/3683118215 --> [v2:172.21.15.71:6800/3878148961,v1:172.21.15.71:6801/3878148961] -- mgr_command(tid 0: {"prefix": "cephadm get-pub-key", "target": ["mon-mgr", ""]}) v1 -- 0x7febc8102260 con 0x7febb4038370
2024-04-23T02:03:55.527 INFO:teuthology.orchestra.run.smithi071.stdout:/usr/bin/ceph: stderr
2024-04-23T02:03:54.867+0000 7febbe7fc700 1 -- 172.21.15.71:0/3683118215 <== mgr.14118 v2:172.21.15.71:6800/3878148961 1 ==== mgr_command_reply(tid 0: 0 ) v1 ==== 8+0+595 (secure 0 0 0) 0x7febc8102260 con 0x7febb4038370
2024-04-23T02:03:55.527 INFO:teuthology.orchestra.run.smithi071.stdout:/usr/bin/ceph: stderr
2024-04-23T02:03:54.869+0000 7febcf5ef700 1 -- 172.21.15.71:0/3683118215 >> [v2:172.21.15.71:6800/3878148961,v1:172.21.15.71:6801/3878148961] conn(0x7febb4038370 msgr2=0x7febb403a830 secure :-1 s=STATE_CONNECTION_ESTABLISHED l=1).mark_down
2024-04-23T02:03:55.527 INFO:teuthology.orchestra.run.smithi071.stdout:/usr/bin/ceph: stderr
2024-04-23T02:03:54.869+0000 7febcf5ef700 1 --2- 172.21.15.71:0/3683118215 >> [v2:172.21.15.71:6800/3878148961,v1:172.21.15.71:6801/3878148961] conn(0x7febb4038370 0x7febb403a830 secure :-1 s=READY pgs=10 cs=0 l=1 rev1=1 crypto rx=0x7febc4006fd0 tx=0x7febc4006e40 comp rx=0 tx=0).stop
2024-04-23T02:03:55.527 INFO:teuthology.orchestra.run.smithi071.stdout:/usr/bin/ceph: stderr
2024-04-23T02:03:54.869+0000 7febcf5ef700 1 -- 172.21.15.71:0/3683118215 >> [v2:172.21.15.71:3300/0,v1:172.21.15.71:6789/0] conn(0x7febc81045e0 msgr2=0x7febc8106fc0 secure :-1 s=STATE_CONNECTION_ESTABLISHED l=1).mark_down
2024-04-23T02:03:55.528 INFO:teuthology.orchestra.run.smithi071.stdout:/usr/bin/ceph: stderr
2024-04-23T02:03:54.869+0000 7febcf5ef700 1 --2- 172.21.15.71:0/3683118215 >> [v2:172.21.15.71:3300/0,v1:172.21.15.71:6789/0] conn(0x7febc81045e0 0x7febc8106fc0 secure :-1 s=READY pgs=42 cs=0 l=1 rev1=1 crypto rx=0x7febb8006af0 tx=0x7febb8011a30 comp rx=0 tx=0).stop
2024-04-23T02:03:55.528 INFO:teuthology.orchestra.run.smithi071.stdout:/usr/bin/ceph: stderr
2024-04-23T02:03:54.869+0000 7febcf5ef700 1 -- 172.21.15.71:0/3683118215 shutdown_connections
2024-04-23T02:03:55.528 INFO:teuthology.orchestra.run.smithi071.stdout:/usr/bin/ceph: stderr
2024-04-23T02:03:54.869+0000 7febcf5ef700 1 --2- 172.21.15.71:0/3683118215 >> [v2:172.21.15.71:6800/3878148961,v1:172.21.15.71:6801/3878148961] conn(0x7febb4038370 0x7febb403a830 unknown :-1 s=CLOSED pgs=10 cs=0 l=1 rev1=1 crypto rx=0 tx=0 comp rx=0 tx=0).stop
2024-04-23T02:03:55.528 INFO:teuthology.orchestra.run.smithi071.stdout:/usr/bin/ceph: stderr
2024-04-23T02:03:54.869+0000 7febcf5ef700 1 --2- 172.21.15.71:0/3683118215 >> [v2:172.21.15.71:3300/0,v1:172.21.15.71:6789/0] conn(0x7febc81045e0 0x7febc8106fc0 unknown :-1 s=CLOSED pgs=42 cs=0 l=1 rev1=1 crypto rx=0 tx=0 comp rx=0 tx=0).stop
2024-04-23T02:03:55.528 INFO:teuthology.orchestra.run.smithi071.stdout:/usr/bin/ceph: stderr
2024-04-23T02:03:54.869+0000 7febcf5ef700 1 -- 172.21.15.71:0/3683118215 >> 172.21.15.71:0/3683118215 conn(0x7febc80fff40 msgr2=0x7febc8101640 unknown :-1 s=STATE_NONE l=0).mark_down
2024-04-23T02:03:55.528 INFO:teuthology.orchestra.run.smithi071.stdout:/usr/bin/ceph: stderr
2024-04-23T02:03:54.869+0000 7febcf5ef700 1 -- 172.21.15.71:0/3683118215 shutdown_connections
2024-04-23T02:03:55.528 INFO:teuthology.orchestra.run.smithi071.stdout:/usr/bin/ceph: stderr
2024-04-23T02:03:54.869+0000 7febcf5ef700 1 -- 172.21.15.71:0/3683118215 wait complete.
2024-04-23T02:03:55.528 INFO:teuthology.orchestra.run.smithi071.stdout:Wrote public SSH key to /home/ubuntu/cephtest/ceph.pub
2024-04-23T02:03:55.528 INFO:teuthology.orchestra.run.smithi071.stdout:Adding key to root@localhost authorized_keys...
2024-04-23T02:03:55.528 INFO:teuthology.orchestra.run.smithi071.stdout:Adding host smithi071...
2024-04-23T02:03:56.657 INFO:journalctl@ceph.mon.smithi071.smithi071.stdout:Apr 23 02:03:56 smithi071 ceph-mon[39837]: from='client.14136 -' entity='client.admin' cmd=[{"prefix": "cephadm get-pub-key", "target": ["mon-mgr", ""]}]: dispatch
2024-04-23T02:03:57.941 INFO:journalctl@ceph.mon.smithi071.smithi071.stdout:Apr 23 02:03:57 smithi071 ceph-mon[39837]: from='client.14138 -' entity='client.admin' cmd=[{"prefix": "orch host add", "hostname": "smithi071", "addr": "172.21.15.71", "target": ["mon-mgr", ""]}]: dispatch
2024-04-23T02:03:58.743 INFO:journalctl@ceph.mon.smithi071.smithi071.stdout:Apr 23 02:03:58 smithi071 ceph-mon[39837]: Deploying cephadm binary to smithi071
2024-04-23T02:03:58.743 INFO:journalctl@ceph.mon.smithi071.smithi071.stdout:Apr 23 02:03:58 smithi071 ceph-mon[39837]: from='mgr.14118 172.21.15.71:0/1697862615' entity='mgr.smithi071.ukdjvn'
