2024-04-23T02:14:38.435 INFO:teuthology.orchestra.run.smithi193.stderr:/usr/bin/ceph:
2024-04-23T02:14:38.430+0000 7f14ba59c700 1 --2- >> [v2:172.21.15.193:3300/0,v1:172.21.15.193:6789/0] conn(0x7f14bc071be0 0x7f14bc1020b0 unknown :-1 s=HELLO_CONNECTING pgs=0 cs=0 l=0 rev1=1 rx=0 tx=0).handle_hello peer v2:172.21.15.193:3300/0 says I am v2:172.21.15.193:56144/0 (socket says 172.21.15.193:56144)
2024-04-23T02:14:38.435 INFO:teuthology.orchestra.run.smithi193.stderr:/usr/bin/ceph:
2024-04-23T02:14:38.430+0000 7f14ba59c700 1 -- 172.21.15.193:0/2788627831 learned_addr learned my addr 172.21.15.193:0/2788627831 (peer_addr_for_me v2:172.21.15.193:0/0)
2024-04-23T02:14:38.435 INFO:teuthology.orchestra.run.smithi193.stderr:/usr/bin/ceph:
2024-04-23T02:14:38.430+0000 7f14ba59c700 1 -- 172.21.15.193:0/2788627831 --> [v2:172.21.15.193:3300/0,v1:172.21.15.193:6789/0] -- mon_subscribe({config=0+,monmap=0+}) v3 -- 0x7f14bc1025a0 con 0x7f14bc071be0
2024-04-23T02:14:38.435 INFO:teuthology.orchestra.run.smithi193.stderr:/usr/bin/ceph:
2024-04-23T02:14:38.430+0000 7f14ba59c700 1 --2- 172.21.15.193:0/2788627831 >> [v2:172.21.15.193:3300/0,v1:172.21.15.193:6789/0] conn(0x7f14bc071be0 0x7f14bc1020b0 secure :-1 s=READY pgs=43 cs=0 l=1 rev1=1 rx=0x7f14b0009730 tx=0x7f14b00090f0).ready entity=mon.0 client_cookie=61da76a593dea8f5 server_cookie=0 in_seq=0 out_seq=0
2024-04-23T02:14:38.435 INFO:teuthology.orchestra.run.smithi193.stderr:/usr/bin/ceph:
2024-04-23T02:14:38.430+0000 7f14b959a700 1 -- 172.21.15.193:0/2788627831 <== mon.0 v2:172.21.15.193:3300/0 1 ==== mon_map magic: 0 v1 ==== 229+0+0 (secure 0 0 0) 0x7f14b000b6e0 con 0x7f14bc071be0
2024-04-23T02:14:38.435 INFO:teuthology.orchestra.run.smithi193.stderr:/usr/bin/ceph:
2024-04-23T02:14:38.430+0000 7f14b959a700 1 -- 172.21.15.193:0/2788627831 <== mon.0 v2:172.21.15.193:3300/0 2 ==== config(25 keys) v1 ==== 982+0+0 (secure 0 0 0) 0x7f14b000bc90 con 0x7f14bc071be0
2024-04-23T02:14:38.435 INFO:teuthology.orchestra.run.smithi193.stderr:/usr/bin/ceph:
2024-04-23T02:14:38.430+0000 7f14b959a700 1 -- 172.21.15.193:0/2788627831 <== mon.0 v2:172.21.15.193:3300/0 3 ==== mon_map magic: 0 v1 ==== 229+0+0 (secure 0 0 0) 0x7f14b0011c70 con 0x7f14bc071be0
2024-04-23T02:14:38.438 INFO:teuthology.orchestra.run.smithi193.stderr:/usr/bin/ceph:
2024-04-23T02:14:38.431+0000 7f14c08ee700 1 -- 172.21.15.193:0/2788627831 >> [v2:172.21.15.193:3300/0,v1:172.21.15.193:6789/0] conn(0x7f14bc071be0 msgr2=0x7f14bc1020b0 secure :-1 s=STATE_CONNECTION_ESTABLISHED l=1).mark_down
2024-04-23T02:14:38.438 INFO:teuthology.orchestra.run.smithi193.stderr:/usr/bin/ceph:
2024-04-23T02:14:38.431+0000 7f14c08ee700 1 --2- 172.21.15.193:0/2788627831 >> [v2:172.21.15.193:3300/0,v1:172.21.15.193:6789/0] conn(0x7f14bc071be0 0x7f14bc1020b0 secure :-1 s=READY pgs=43 cs=0 l=1 rev1=1 rx=0x7f14b0009730 tx=0x7f14b00090f0).stop
2024-04-23T02:14:38.438 INFO:teuthology.orchestra.run.smithi193.stderr:/usr/bin/ceph:
2024-04-23T02:14:38.431+0000 7f14c08ee700 1 -- 172.21.15.193:0/2788627831 shutdown_connections
2024-04-23T02:14:38.438 INFO:teuthology.orchestra.run.smithi193.stderr:/usr/bin/ceph:
2024-04-23T02:14:38.431+0000 7f14c08ee700 1 --2- 172.21.15.193:0/2788627831 >> [v2:172.21.15.193:3300/0,v1:172.21.15.193:6789/0] conn(0x7f14bc071be0 0x7f14bc1020b0 unknown :-1 s=CLOSED pgs=43 cs=0 l=1 rev1=1 rx=0 tx=0).stop
2024-04-23T02:14:38.438 INFO:teuthology.orchestra.run.smithi193.stderr:/usr/bin/ceph:
2024-04-23T02:14:38.431+0000 7f14c08ee700 1 -- 172.21.15.193:0/2788627831 >> 172.21.15.193:0/2788627831 conn(0x7f14bc0f76f0 msgr2=0x7f14bc0f9b10 unknown :-1 s=STATE_NONE l=0).mark_down
2024-04-23T02:14:38.438 INFO:teuthology.orchestra.run.smithi193.stderr:/usr/bin/ceph:
2024-04-23T02:14:38.431+0000 7f14c08ee700 1 -- 172.21.15.193:0/2788627831 shutdown_connections
2024-04-23T02:14:38.438 INFO:teuthology.orchestra.run.smithi193.stderr:/usr/bin/ceph:
2024-04-23T02:14:38.431+0000 7f14c08ee700 1 -- 172.21.15.193:0/2788627831 wait complete.
2024-04-23T02:14:38.439 INFO:teuthology.orchestra.run.smithi193.stderr:/usr/bin/ceph:
2024-04-23T02:14:38.432+0000 7f14c08ee700 1 Processor -- start
2024-04-23T02:14:38.439 INFO:teuthology.orchestra.run.smithi193.stderr:/usr/bin/ceph:
2024-04-23T02:14:38.432+0000 7f14c08ee700 1 -- start start
2024-04-23T02:14:38.439 INFO:teuthology.orchestra.run.smithi193.stderr:/usr/bin/ceph:
2024-04-23T02:14:38.432+0000 7f14c08ee700 1 --2- >> [v2:172.21.15.193:3300/0,v1:172.21.15.193:6789/0] conn(0x7f14bc071be0 0x7f14bc10dfc0 unknown :-1 s=NONE pgs=0 cs=0 l=1 rev1=0 rx=0 tx=0).connect
2024-04-23T02:14:38.439 INFO:teuthology.orchestra.run.smithi193.stderr:/usr/bin/ceph:
2024-04-23T02:14:38.432+0000 7f14c08ee700 1 -- --> [v2:172.21.15.193:3300/0,v1:172.21.15.193:6789/0] -- mon_getmap magic: 0 v1 -- 0x7f14bc10e4b0 con 0x7f14bc071be0
2024-04-23T02:14:38.439 INFO:teuthology.orchestra.run.smithi193.stderr:/usr/bin/ceph:
2024-04-23T02:14:38.432+0000 7f14ba59c700 1 --2- >> [v2:172.21.15.193:3300/0,v1:172.21.15.193:6789/0] conn(0x7f14bc071be0 0x7f14bc10dfc0 unknown :-1 s=BANNER_CONNECTING pgs=0 cs=0 l=1 rev1=0 rx=0 tx=0)._handle_peer_banner_payload supported=1 required=0
2024-04-23T02:14:38.439 INFO:teuthology.orchestra.run.smithi193.stderr:/usr/bin/ceph:
2024-04-23T02:14:38.432+0000 7f14ba59c700 1 --2- >> [v2:172.21.15.193:3300/0,v1:172.21.15.193:6789/0] conn(0x7f14bc071be0 0x7f14bc10dfc0 unknown :-1 s=HELLO_CONNECTING pgs=0 cs=0 l=1 rev1=1 rx=0 tx=0).handle_hello peer v2:172.21.15.193:3300/0 says I am v2:172.21.15.193:56148/0 (socket says 172.21.15.193:56148)
2024-04-23T02:14:38.439 INFO:teuthology.orchestra.run.smithi193.stderr:/usr/bin/ceph:
2024-04-23T02:14:38.432+0000 7f14ba59c700 1 -- 172.21.15.193:0/2606145404 learned_addr learned my addr 172.21.15.193:0/2606145404 (peer_addr_for_me v2:172.21.15.193:0/0)
2024-04-23T02:14:38.439 INFO:teuthology.orchestra.run.smithi193.stderr:/usr/bin/ceph:
2024-04-23T02:14:38.432+0000 7f14ba59c700 1 -- 172.21.15.193:0/2606145404 --> [v2:172.21.15.193:3300/0,v1:172.21.15.193:6789/0] -- mon_subscribe({config=0+,monmap=0+}) v3 -- 0x7f14b0009370 con 0x7f14bc071be0
2024-04-23T02:14:38.439 INFO:teuthology.orchestra.run.smithi193.stderr:/usr/bin/ceph:
2024-04-23T02:14:38.432+0000 7f14ba59c700 1 --2- 172.21.15.193:0/2606145404 >> [v2:172.21.15.193:3300/0,v1:172.21.15.193:6789/0] conn(0x7f14bc071be0 0x7f14bc10dfc0 secure :-1 s=READY pgs=44 cs=0 l=1 rev1=1 rx=0x7f14b0000c00 tx=0x7f14b00090f0).ready entity=mon.0 client_cookie=0 server_cookie=0 in_seq=0 out_seq=0
2024-04-23T02:14:38.439 INFO:teuthology.orchestra.run.smithi193.stderr:/usr/bin/ceph:
2024-04-23T02:14:38.433+0000 7f14ab7fe700 1 -- 172.21.15.193:0/2606145404 <== mon.0 v2:172.21.15.193:3300/0 1 ==== mon_map magic: 0 v1 ==== 229+0+0 (secure 0 0 0) 0x7f14b001a610 con 0x7f14bc071be0
2024-04-23T02:14:38.439 INFO:teuthology.orchestra.run.smithi193.stderr:/usr/bin/ceph:
2024-04-23T02:14:38.433+0000 7f14ab7fe700 1 -- 172.21.15.193:0/2606145404 <== mon.0 v2:172.21.15.193:3300/0 2 ==== config(25 keys) v1 ==== 982+0+0 (secure 0 0 0) 0x7f14b001abc0 con 0x7f14bc071be0
2024-04-23T02:14:38.439 INFO:teuthology.orchestra.run.smithi193.stderr:/usr/bin/ceph:
2024-04-23T02:14:38.433+0000 7f14c08ee700 1 -- 172.21.15.193:0/2606145404 --> [v2:172.21.15.193:3300/0,v1:172.21.15.193:6789/0] -- mon_subscribe({mgrmap=0+}) v3 -- 0x7f14bc10e6b0 con 0x7f14bc071be0
2024-04-23T02:14:38.440 INFO:teuthology.orchestra.run.smithi193.stderr:/usr/bin/ceph:
2024-04-23T02:14:38.433+0000 7f14ab7fe700 1 -- 172.21.15.193:0/2606145404 <== mon.0 v2:172.21.15.193:3300/0 3 ==== mon_map magic: 0 v1 ==== 229+0+0 (secure 0 0 0) 0x7f14b0022a20 con 0x7f14bc071be0
2024-04-23T02:14:38.440 INFO:teuthology.orchestra.run.smithi193.stderr:/usr/bin/ceph:
2024-04-23T02:14:38.433+0000 7f14c08ee700 1 -- 172.21.15.193:0/2606145404 --> [v2:172.21.15.193:3300/0,v1:172.21.15.193:6789/0] -- mon_subscribe({osdmap=0}) v3 -- 0x7f14bc10eac0 con 0x7f14bc071be0
2024-04-23T02:14:38.440 INFO:teuthology.orchestra.run.smithi193.stderr:/usr/bin/ceph:
2024-04-23T02:14:38.433+0000 7f14ab7fe700 1 -- 172.21.15.193:0/2606145404 <== mon.0 v2:172.21.15.193:3300/0 4 ==== mgrmap(e 8) v1 ==== 38632+0+0 (secure 0 0 0) 0x7f14b0022d00 con 0x7f14bc071be0
2024-04-23T02:14:38.440 INFO:teuthology.orchestra.run.smithi193.stderr:/usr/bin/ceph:
2024-04-23T02:14:38.434+0000 7f14ab7fe700 1 --2- 172.21.15.193:0/2606145404 >> [v2:172.21.15.193:6800/94870449,v1:172.21.15.193:6801/94870449] conn(0x7f14a4032610 0x7f14a4034ad0 unknown :-1 s=NONE pgs=0 cs=0 l=1 rev1=0 rx=0 tx=0).connect
2024-04-23T02:14:38.440 INFO:teuthology.orchestra.run.smithi193.stderr:/usr/bin/ceph:
2024-04-23T02:14:38.434+0000 7f14ab7fe700 1 -- 172.21.15.193:0/2606145404 <== mon.0 v2:172.21.15.193:3300/0 5 ==== osd_map(2..2 src has 1..2) v4 ==== 893+0+0 (secure 0 0 0) 0x7f14b0044ba0 con 0x7f14bc071be0
2024-04-23T02:14:38.440 INFO:teuthology.orchestra.run.smithi193.stderr:/usr/bin/ceph:
2024-04-23T02:14:38.434+0000 7f14b9d9b700 1 --2- 172.21.15.193:0/2606145404 >> [v2:172.21.15.193:6800/94870449,v1:172.21.15.193:6801/94870449] conn(0x7f14a4032610 0x7f14a4034ad0 unknown :-1 s=BANNER_CONNECTING pgs=0 cs=0 l=1 rev1=0 rx=0 tx=0)._handle_peer_banner_payload supported=1 required=0
2024-04-23T02:14:38.440 INFO:teuthology.orchestra.run.smithi193.stderr:/usr/bin/ceph:
2024-04-23T02:14:38.434+0000 7f14c08ee700 1 -- 172.21.15.193:0/2606145404 --> [v2:172.21.15.193:3300/0,v1:172.21.15.193:6789/0] -- mon_command({"prefix": "get_command_descriptions"} v 0) v1 -- 0x7f14bc05a310 con 0x7f14bc071be0
2024-04-23T02:14:38.441 INFO:teuthology.orchestra.run.smithi193.stderr:/usr/bin/ceph:
2024-04-23T02:14:38.434+0000 7f14b9d9b700 1 --2- 172.21.15.193:0/2606145404 >> [v2:172.21.15.193:6800/94870449,v1:172.21.15.193:6801/94870449] conn(0x7f14a4032610 0x7f14a4034ad0 secure :-1 s=READY pgs=12 cs=0 l=1 rev1=1 rx=0x7f14ac009780 tx=0x7f14ac006cc0).ready entity=mgr.14116 client_cookie=0 server_cookie=0 in_seq=0 out_seq=0
2024-04-23T02:14:38.442 INFO:teuthology.orchestra.run.smithi193.stderr:/usr/bin/ceph:
2024-04-23T02:14:38.438+0000 7f14ab7fe700 1 -- 172.21.15.193:0/2606145404 <== mon.0 v2:172.21.15.193:3300/0 6 ==== mon_command_ack([{"prefix": "get_command_descriptions"}]=0 v0) v1 ==== 72+0+163658 (secure 0 0 0) 0x7f14b001e080 con 0x7f14bc071be0
2024-04-23T02:14:38.589 INFO:journalctl@ceph.mon.smithi193.smithi193.stdout:Apr 23 02:14:38 smithi193 ceph-0a452dc0-0117-11ef-bc93-c7b262605968-mon-smithi193[39817]: audit
2024-04-23T02:14:37.296015+0000 mgr.smithi193.qkgefr (mgr.14116) 11 : audit [DBG] from='client.14136 -' entity='client.admin' cmd=[{"prefix": "orch apply", "service_type": "mon", "target": ["mon-mgr", ""]}]: dispatch
2024-04-23T02:14:38.589 INFO:journalctl@ceph.mon.smithi193.smithi193.stdout:Apr 23 02:14:38 smithi193 ceph-0a452dc0-0117-11ef-bc93-c7b262605968-mon-smithi193[39817]: cephadm
2024-04-23T02:14:37.297197+0000 mgr.smithi193.qkgefr (mgr.14116) 12 : cephadm [INF] Saving service mon spec with placement count:5
2024-04-23T02:14:38.590 INFO:journalctl@ceph.mon.smithi193.smithi193.stdout:Apr 23 02:14:38 smithi193 ceph-0a452dc0-0117-11ef-bc93-c7b262605968-mon-smithi193[39817]: audit
2024-04-23T02:14:37.299691+0000 mon.smithi193 (mon.0) 55 : audit [INF] from='mgr.14116 172.21.15.193:0/1724976219' entity='mgr.smithi193.qkgefr'
2024-04-23T02:14:38.617 INFO:teuthology.orchestra.run.smithi193.stderr:/usr/bin/ceph:
2024-04-23T02:14:38.612+0000 7f14c08ee700 1 -- 172.21.15.193:0/2606145404 --> [v2:172.21.15.193:6800/94870449,v1:172.21.15.193:6801/94870449] -- mgr_command(tid 0: {"prefix": "orch apply", "service_type": "mgr", "target": ["mon-mgr", ""]}) v1 -- 0x7f14bc107e30 con 0x7f14a4032610
2024-04-23T02:14:38.621 INFO:teuthology.orchestra.run.smithi193.stderr:/usr/bin/ceph:
2024-04-23T02:14:38.617+0000 7f14ab7fe700 1 -- 172.21.15.193:0/2606145404 <== mgr.14116 v2:172.21.15.193:6800/94870449 1 ==== mgr_command_reply(tid 0: 0 ) v1 ==== 8+0+24 (secure 0 0 0) 0x7f14bc107e30 con 0x7f14a4032610
2024-04-23T02:14:38.621 INFO:teuthology.orchestra.run.smithi193.stderr:/usr/bin/ceph: Scheduled mgr update...
2024-04-23T02:14:38.624 INFO:teuthology.orchestra.run.smithi193.stderr:/usr/bin/ceph:
2024-04-23T02:14:38.619+0000 7f14c08ee700 1 -- 172.21.15.193:0/2606145404 >> [v2:172.21.15.193:6800/94870449,v1:172.21.15.193:6801/94870449] conn(0x7f14a4032610 msgr2=0x7f14a4034ad0 secure :-1 s=STATE_CONNECTION_ESTABLISHED l=1).mark_down
2024-04-23T02:14:38.624 INFO:teuthology.orchestra.run.smithi193.stderr:/usr/bin/ceph:
2024-04-23T02:14:38.619+0000 7f14c08ee700 1 --2- 172.21.15.193:0/2606145404 >> [v2:172.21.15.193:6800/94870449,v1:172.21.15.193:6801/94870449] conn(0x7f14a4032610 0x7f14a4034ad0 secure :-1 s=READY pgs=12 cs=0 l=1 rev1=1 rx=0x7f14ac009780 tx=0x7f14ac006cc0).stop
2024-04-23T02:14:38.624 INFO:teuthology.orchestra.run.smithi193.stderr:/usr/bin/ceph:
2024-04-23T02:14:38.619+0000 7f14c08ee700 1 -- 172.21.15.193:0/2606145404 >> [v2:172.21.15.193:3300/0,v1:172.21.15.193:6789/0] conn(0x7f14bc071be0 msgr2=0x7f14bc10dfc0 secure :-1 s=STATE_CONNECTION_ESTABLISHED l=1).mark_down
2024-04-23T02:14:38.624 INFO:teuthology.orchestra.run.smithi193.stderr:/usr/bin/ceph:
2024-04-23T02:14:38.619+0000 7f14c08ee700 1 --2- 172.21.15.193:0/2606145404 >> [v2:172.21.15.193:3300/0,v1:172.21.15.193:6789/0] conn(0x7f14bc071be0 0x7f14bc10dfc0 secure :-1 s=READY pgs=44 cs=0 l=1 rev1=1 rx=0x7f14b0000c00 tx=0x7f14b00090f0).stop
2024-04-23T02:14:38.624 INFO:teuthology.orchestra.run.smithi193.stderr:/usr/bin/ceph:
2024-04-23T02:14:38.619+0000 7f14c08ee700 1 -- 172.21.15.193:0/2606145404 shutdown_connections
2024-04-23T02:14:38.624 INFO:teuthology.orchestra.run.smithi193.stderr:/usr/bin/ceph:
2024-04-23T02:14:38.619+0000 7f14c08ee700 1 --2- 172.21.15.193:0/2606145404 >> [v2:172.21.15.193:6800/94870449,v1:172.21.15.193:6801/94870449] conn(0x7f14a4032610 0x7f14a4034ad0 unknown :-1 s=CLOSED pgs=12 cs=0 l=1 rev1=1 rx=0 tx=0).stop
2024-04-23T02:14:38.624 INFO:teuthology.orchestra.run.smithi193.stderr:/usr/bin/ceph:
2024-04-23T02:14:38.619+0000 7f14c08ee700 1 --2- 172.21.15.193:0/2606145404 >> [v2:172.21.15.193:3300/0,v1:172.21.15.193:6789/0] conn(0x7f14bc071be0 0x7f14bc10dfc0 unknown :-1 s=CLOSED pgs=44 cs=0 l=1 rev1=1 rx=0 tx=0).stop
2024-04-23T02:14:38.624 INFO:teuthology.orchestra.run.smithi193.stderr:/usr/bin/ceph:
2024-04-23T02:14:38.619+0000 7f14c08ee700 1 -- 172.21.15.193:0/2606145404 >> 172.21.15.193:0/2606145404 conn(0x7f14bc0f76f0 msgr2=0x7f14bc0f9140 unknown :-1 s=STATE_NONE l=0).mark_down
2024-04-23T02:14:38.624 INFO:teuthology.orchestra.run.smithi193.stderr:/usr/bin/ceph:
2024-04-23T02:14:38.619+0000 7f14c08ee700 1 -- 172.21.15.193:0/2606145404 shutdown_connections
2024-04-23T02:14:38.624 INFO:teuthology.orchestra.run.smithi193.stderr:/usr/bin/ceph:
2024-04-23T02:14:38.619+0000 7f14c08ee700 1 -- 172.21.15.193:0/2606145404 wait complete.
2024-04-23T02:14:39.455 INFO:teuthology.orchestra.run.smithi193.stderr:Deploying crash service with default placement...
2024-04-23T02:14:39.729 INFO:journalctl@ceph.mon.smithi193.smithi193.stdout:Apr 23 02:14:39 smithi193 ceph-0a452dc0-0117-11ef-bc93-c7b262605968-mon-smithi193[39817]: audit
2024-04-23T02:14:38.614458+0000 mgr.smithi193.qkgefr (mgr.14116) 13 : audit [DBG] from='client.14138 -' entity='client.admin' cmd=[{"prefix": "orch apply", "service_type": "mgr", "target": ["mon-mgr", ""]}]: dispatch
2024-04-23T02:14:39.729 INFO:journalctl@ceph.mon.smithi193.smithi193.stdout:Apr 23 02:14:39 smithi193 ceph-0a452dc0-0117-11ef-bc93-c7b262605968-mon-smithi193[39817]: cephadm
2024-04-23T02:14:38.615348+0000 mgr.smithi193.qkgefr (mgr.14116) 14 : cephadm [INF] Saving service mgr spec with placement count:2
2024-04-23T02:14:39.729 INFO:journalctl@ceph.mon.smithi193.smithi193.stdout:Apr 23 02:14:39 smithi193 ceph-0a452dc0-0117-11ef-bc93-c7b262605968-mon-smithi193[39817]: audit
2024-04-23T02:14:38.617655+0000 mon.smithi193 (mon.0) 56 : audit [INF] from='mgr.14116 172.21.15.193:0/1724976219' entity='mgr.smithi193.qkgefr'
2024-04-23T02:14:39.729 INFO:journalctl@ceph.mon.smithi193.smithi193.stdout:Apr 23 02:14:39 smithi193 ceph-0a452dc0-0117-11ef-bc93-c7b262605968-mon-smithi193[39817]: audit
2024-04-23T02:14:38.854792+0000 mon.smithi193 (mon.0) 57 : audit [INF] from='mgr.14116 172.21.15.193:0/1724976219' entity='mgr.smithi193.qkgefr'
2024-04-23T02:14:39.729 INFO:journalctl@ceph.mon.smithi193.smithi193.stdout:Apr 23 02:14:39 smithi193 ceph-0a452dc0-0117-11ef-bc93-c7b262605968-mon-smithi193[39817]: audit
2024-04-23T02:14:39.090125+0000 mon.smithi193 (mon.0) 58 : audit [INF] from='mgr.14116 172.21.15.193:0/1724976219' entity='mgr.smithi193.qkgefr'
2024-04-23T02:14:40.020 INFO:teuthology.orchestra.run.smithi193.stderr:/usr/bin/ceph:
2024-04-23T02:14:40.015+0000 7f78c64b6700 1 Processor -- start
2024-04-23T02:14:40.020 INFO:teuthology.orchestra.run.smithi193.stderr:/usr/bin/ceph:
2024-04-23T02:14:40.015+0000 7f78c64b6700 1 -- start start
2024-04-23T02:14:40.020 INFO:teuthology.orchestra.run.smithi193.stderr:/usr/bin/ceph:
2024-04-23T02:14:40.016+0000 7f78c64b6700 1 --2- >> [v2:172.21.15.193:3300/0,v1:172.21.15.193:6789/0] conn(0x7f78c00fbed0 0x7f78c00fc2f0 unknown :-1 s=NONE pgs=0 cs=0 l=0 rev1=0 rx=0 tx=0).connect
2024-04-23T02:14:40.020 INFO:teuthology.orchestra.run.smithi193.stderr:/usr/bin/ceph:
2024-04-23T02:14:40.016+0000 7f78c64b6700 1 -- --> [v2:172.21.15.193:3300/0,v1:172.21.15.193:6789/0] -- mon_getmap magic: 0 v1 -- 0x7f78c00fc7e0 con 0x7f78c00fbed0
2024-04-23T02:14:40.021 INFO:teuthology.orchestra.run.smithi193.stderr:/usr/bin/ceph:
2024-04-23T02:14:40.016+0000 7f78bffff700 1 --2- >> [v2:172.21.15.193:3300/0,v1:172.21.15.193:6789/0] conn(0x7f78c00fbed0 0x7f78c00fc2f0 unknown :-1 s=BANNER_CONNECTING pgs=0 cs=0 l=0 rev1=0 rx=0 tx=0)._handle_peer_banner_payload supported=1 required=0
2024-04-23T02:14:40.021 INFO:teuthology.orchestra.run.smithi193.stderr:/usr/bin/ceph:
2024-04-23T02:14:40.016+0000 7f78bffff700 1 --2- >> [v2:172.21.15.193:3300/0,v1:172.21.15.193:6789/0] conn(0x7f78c00fbed0 0x7f78c00fc2f0 unknown :-1 s=HELLO_CONNECTING pgs=0 cs=0 l=0 rev1=1 rx=0 tx=0).handle_hello peer v2:172.21.15.193:3300/0 says I am v2:172.21.15.193:56160/0 (socket says 172.21.15.193:56160)
2024-04-23T02:14:40.021 INFO:teuthology.orchestra.run.smithi193.stderr:/usr/bin/ceph:
2024-04-23T02:14:40.016+0000 7f78bffff700 1 -- 172.21.15.193:0/1755882631 learned_addr learned my addr 172.21.15.193:0/1755882631 (peer_addr_for_me v2:172.21.15.193:0/0)
2024-04-23T02:14:40.021 INFO:teuthology.orchestra.run.smithi193.stderr:/usr/bin/ceph:
2024-04-23T02:14:40.016+0000 7f78bffff700 1 -- 172.21.15.193:0/1755882631 --> [v2:172.21.15.193:3300/0,v1:172.21.15.193:6789/0] -- mon_subscribe({config=0+,monmap=0+}) v3 -- 0x7f78c00fc920 con 0x7f78c00fbed0
2024-04-23T02:14:40.021 INFO:teuthology.orchestra.run.smithi193.stderr:/usr/bin/ceph:
2024-04-23T02:14:40.016+0000 7f78bffff700 1 --2- 172.21.15.193:0/1755882631 >> [v2:172.21.15.193:3300/0,v1:172.21.15.193:6789/0] conn(0x7f78c00fbed0 0x7f78c00fc2f0 secure :-1 s=READY pgs=45 cs=0 l=1 rev1=1 rx=0x7f78b0009730 tx=0x7f78b00090f0).ready entity=mon.0 client_cookie=b5fdf7da1140fae2 server_cookie=0 in_seq=0 out_seq=0
2024-04-23T02:14:40.021 INFO:teuthology.orchestra.run.smithi193.stderr:/usr/bin/ceph:
2024-04-23T02:14:40.017+0000 7f78beffd700 1 -- 172.21.15.193:0/1755882631 <== mon.0 v2:172.21.15.193:3300/0 1 ==== mon_map magic: 0 v1 ==== 229+0+0 (secure 0 0 0) 0x7f78b000b6e0 con 0x7f78c00fbed0
2024-04-23T02:14:40.021 INFO:teuthology.orchestra.run.smithi193.stderr:/usr/bin/ceph:
2024-04-23T02:14:40.017+0000 7f78beffd700 1 -- 172.21.15.193:0/1755882631 <== mon.0 v2:172.21.15.193:3300/0 2 ==== config(25 keys) v1 ==== 1046+0+0 (secure 0 0 0) 0x7f78b000bcd0 con 0x7f78c00fbed0
2024-04-23T02:14:40.021 INFO:teuthology.orchestra.run.smithi193.stderr:/usr/bin/ceph:
2024-04-23T02:14:40.017+0000 7f78beffd700 1 -- 172.21.15.193:0/1755882631 <== mon.0 v2:172.21.15.193:3300/0 3 ==== mon_map magic: 0 v1 ==== 229+0+0 (secure 0 0 0) 0x7f78b0011cb0 con 0x7f78c00fbed0
2024-04-23T02:14:40.023 INFO:teuthology.orchestra.run.smithi193.stderr:/usr/bin/ceph:
2024-04-23T02:14:40.018+0000 7f78c64b6700 1 -- 172.21.15.193:0/1755882631 >> [v2:172.21.15.193:3300/0,v1:172.21.15.193:6789/0] conn(0x7f78c00fbed0 msgr2=0x7f78c00fc2f0 secure :-1 s=STATE_CONNECTION_ESTABLISHED l=1).mark_down
2024-04-23T02:14:40.023 INFO:teuthology.orchestra.run.smithi193.stderr:/usr/bin/ceph:
2024-04-23T02:14:40.018+0000 7f78c64b6700 1 --2- 172.21.15.193:0/1755882631 >> [v2:172.21.15.193:3300/0,v1:172.21.15.193:6789/0] conn(0x7f78c00fbed0 0x7f78c00fc2f0 secure :-1 s=READY pgs=45 cs=0 l=1 rev1=1 rx=0x7f78b0009730 tx=0x7f78b00090f0).stop
2024-04-23T02:14:40.023 INFO:teuthology.orchestra.run.smithi193.stderr:/usr/bin/ceph:
2024-04-23T02:14:40.018+0000 7f78c64b6700 1 -- 172.21.15.193:0/1755882631 shutdown_connections
2024-04-23T02:14:40.023 INFO:teuthology.orchestra.run.smithi193.stderr:/usr/bin/ceph:
2024-04-23T02:14:40.018+0000 7f78c64b6700 1 --2- 172.21.15.193:0/1755882631 >> [v2:172.21.15.193:3300/0,v1:172.21.15.193:6789/0] conn(0x7f78c00fbed0 0x7f78c00fc2f0 unknown :-1 s=CLOSED pgs=45 cs=0 l=1 rev1=1 rx=0 tx=0).stop
2024-04-23T02:14:40.023 INFO:teuthology.orchestra.run.smithi193.stderr:/usr/bin/ceph:
2024-04-23T02:14:40.018+0000 7f78c64b6700 1 -- 172.21.15.193:0/1755882631 >> 172.21.15.193:0/1755882631 conn(0x7f78c00f76f0 msgr2=0x7f78c00f9b10 unknown :-1 s=STATE_NONE l=0).mark_down
2024-04-23T02:14:40.023 INFO:teuthology.orchestra.run.smithi193.stderr:/usr/bin/ceph:
2024-04-23T02:14:40.018+0000 7f78c64b6700 1 -- 172.21.15.193:0/1755882631 shutdown_connections
2024-04-23T02:14:40.023 INFO:teuthology.orchestra.run.smithi193.stderr:/usr/bin/ceph:
2024-04-23T02:14:40.018+0000 7f78c64b6700 1 -- 172.21.15.193:0/1755882631 wait complete.
2024-04-23T02:14:40.023 INFO:teuthology.orchestra.run.smithi193.stderr:/usr/bin/ceph:
2024-04-23T02:14:40.019+0000 7f78c64b6700 1 Processor -- start
2024-04-23T02:14:40.023 INFO:teuthology.orchestra.run.smithi193.stderr:/usr/bin/ceph:
2024-04-23T02:14:40.019+0000 7f78c64b6700 1 -- start start
2024-04-23T02:14:40.025 INFO:teuthology.orchestra.run.smithi193.stderr:/usr/bin/ceph:
2024-04-23T02:14:40.019+0000 7f78c64b6700 1 --2- >> [v2:172.21.15.193:3300/0,v1:172.21.15.193:6789/0] conn(0x7f78c00fbed0 0x7f78c010be40 unknown :-1 s=NONE pgs=0 cs=0 l=1 rev1=0 rx=0 tx=0).connect
2024-04-23T02:14:40.025 INFO:teuthology.orchestra.run.smithi193.stderr:/usr/bin/ceph:
2024-04-23T02:14:40.019+0000 7f78c64b6700 1 -- --> [v2:172.21.15.193:3300/0,v1:172.21.15.193:6789/0] -- mon_getmap magic: 0 v1 -- 0x7f78c010c330 con 0x7f78c00fbed0
2024-04-23T02:14:40.025 INFO:teuthology.orchestra.run.smithi193.stderr:/usr/bin/ceph:
2024-04-23T02:14:40.019+0000 7f78bffff700 1 --2- >> [v2:172.21.15.193:3300/0,v1:172.21.15.193:6789/0] conn(0x7f78c00fbed0 0x7f78c010be40 unknown :-1 s=BANNER_CONNECTING pgs=0 cs=0 l=1 rev1=0 rx=0 tx=0)._handle_peer_banner_payload supported=1 required=0
2024-04-23T02:14:40.025 INFO:teuthology.orchestra.run.smithi193.stderr:/usr/bin/ceph:
2024-04-23T02:14:40.019+0000 7f78bffff700 1 --2- >> [v2:172.21.15.193:3300/0,v1:172.21.15.193:6789/0] conn(0x7f78c00fbed0 0x7f78c010be40 unknown :-1 s=HELLO_CONNECTING pgs=0 cs=0 l=1 rev1=1 rx=0 tx=0).handle_hello peer v2:172.21.15.193:3300/0 says I am v2:172.21.15.193:56176/0 (socket says 172.21.15.193:56176)
2024-04-23T02:14:40.025 INFO:teuthology.orchestra.run.smithi193.stderr:/usr/bin/ceph:
2024-04-23T02:14:40.019+0000 7f78bffff700 1 -- 172.21.15.193:0/451420289 learned_addr learned my addr 172.21.15.193:0/451420289 (peer_addr_for_me v2:172.21.15.193:0/0)
2024-04-23T02:14:40.025 INFO:teuthology.orchestra.run.smithi193.stderr:/usr/bin/ceph:
2024-04-23T02:14:40.020+0000 7f78bffff700 1 -- 172.21.15.193:0/451420289 --> [v2:172.21.15.193:3300/0,v1:172.21.15.193:6789/0] -- mon_subscribe({config=0+,monmap=0+}) v3 -- 0x7f78b0009370 con 0x7f78c00fbed0
2024-04-23T02:14:40.025 INFO:teuthology.orchestra.run.smithi193.stderr:/usr/bin/ceph:
2024-04-23T02:14:40.020+0000 7f78bffff700 1 --2- 172.21.15.193:0/451420289 >> [v2:172.21.15.193:3300/0,v1:172.21.15.193:6789/0] conn(0x7f78c00fbed0 0x7f78c010be40 secure :-1 s=READY pgs=46 cs=0 l=1 rev1=1 rx=0x7f78b00118b0 tx=0x7f78b00090f0).ready entity=mon.0 client_cookie=0 server_cookie=0 in_seq=0 out_seq=0
2024-04-23T02:14:40.025 INFO:teuthology.orchestra.run.smithi193.stderr:/usr/bin/ceph:
2024-04-23T02:14:40.020+0000 7f78bd7fa700 1 -- 172.21.15.193:0/451420289 <== mon.0 v2:172.21.15.193:3300/0 1 ==== mon_map magic: 0 v1 ==== 229+0+0 (secure 0 0 0) 0x7f78b000be40 con 0x7f78c00fbed0
2024-04-23T02:14:40.025 INFO:teuthology.orchestra.run.smithi193.stderr:/usr/bin/ceph:
2024-04-23T02:14:40.020+0000 7f78c64b6700 1 -- 172.21.15.193:0/451420289 --> [v2:172.21.15.193:3300/0,v1:172.21.15.193:6789/0] -- mon_subscribe({mgrmap=0+}) v3 -- 0x7f78c010c530 con 0x7f78c00fbed0
2024-04-23T02:14:40.025 INFO:teuthology.orchestra.run.smithi193.stderr:/usr/bin/ceph:
2024-04-23T02:14:40.020+0000 7f78bd7fa700 1 -- 172.21.15.193:0/451420289 <== mon.0 v2:172.21.15.193:3300/0 2 ==== config(25 keys) v1 ==== 1046+0+0 (secure 0 0 0) 0x7f78b000bad0 con 0x7f78c00fbed0
2024-04-23T02:14:40.025 INFO:teuthology.orchestra.run.smithi193.stderr:/usr/bin/ceph:
2024-04-23T02:14:40.020+0000 7f78bd7fa700 1 -- 172.21.15.193:0/451420289 <== mon.0 v2:172.21.15.193:3300/0 3 ==== mon_map magic: 0 v1 ==== 229+0+0 (secure 0 0 0) 0x7f78b001aaa0 con 0x7f78c00fbed0
2024-04-23T02:14:40.025 INFO:teuthology.orchestra.run.smithi193.stderr:/usr/bin/ceph:
2024-04-23T02:14:40.020+0000 7f78c64b6700 1 -- 172.21.15.193:0/451420289 --> [v2:172.21.15.193:3300/0,v1:172.21.15.193:6789/0] -- mon_subscribe({osdmap=0}) v3 -- 0x7f78c010c940 con 0x7f78c00fbed0
2024-04-23T02:14:40.026 INFO:teuthology.orchestra.run.smithi193.stderr:/usr/bin/ceph:
2024-04-23T02:14:40.021+0000 7f78bd7fa700 1 -- 172.21.15.193:0/451420289 <== mon.0 v2:172.21.15.193:3300/0 4 ==== mgrmap(e 8) v1 ==== 38632+0+0 (secure 0 0 0) 0x7f78b0023410 con 0x7f78c00fbed0
2024-04-23T02:14:40.026 INFO:teuthology.orchestra.run.smithi193.stderr:/usr/bin/ceph:
2024-04-23T02:14:40.021+0000 7f78bd7fa700 1 --2- 172.21.15.193:0/451420289 >> [v2:172.21.15.193:6800/94870449,v1:172.21.15.193:6801/94870449] conn(0x7f78a8032610 0x7f78a8034ad0 unknown :-1 s=NONE pgs=0 cs=0 l=1 rev1=0 rx=0 tx=0).connect
2024-04-23T02:14:40.026 INFO:teuthology.orchestra.run.smithi193.stderr:/usr/bin/ceph:
2024-04-23T02:14:40.021+0000 7f78bd7fa700 1 -- 172.21.15.193:0/451420289 <== mon.0 v2:172.21.15.193:3300/0 5 ==== osd_map(2..2 src has 1..2) v4 ==== 893+0+0 (secure 0 0 0) 0x7f78b0044a50 con 0x7f78c00fbed0
2024-04-23T02:14:40.026 INFO:teuthology.orchestra.run.smithi193.stderr:/usr/bin/ceph:
2024-04-23T02:14:40.021+0000 7f78c64b6700 1 -- 172.21.15.193:0/451420289 --> [v2:172.21.15.193:3300/0,v1:172.21.15.193:6789/0] -- mon_command({"prefix": "get_command_descriptions"} v 0) v1 -- 0x7f78c0046ce0 con 0x7f78c00fbed0
2024-04-23T02:14:40.026 INFO:teuthology.orchestra.run.smithi193.stderr:/usr/bin/ceph:
2024-04-23T02:14:40.021+0000 7f78bf7fe700 1 --2- 172.21.15.193:0/451420289 >> [v2:172.21.15.193:6800/94870449,v1:172.21.15.193:6801/94870449] conn(0x7f78a8032610 0x7f78a8034ad0 unknown :-1 s=BANNER_CONNECTING pgs=0 cs=0 l=1 rev1=0 rx=0 tx=0)._handle_peer_banner_payload supported=1 required=0
2024-04-23T02:14:40.026 INFO:teuthology.orchestra.run.smithi193.stderr:/usr/bin/ceph:
2024-04-23T02:14:40.022+0000 7f78bf7fe700 1 --2- 172.21.15.193:0/451420289 >> [v2:172.21.15.193:6800/94870449,v1:172.21.15.193:6801/94870449] conn(0x7f78a8032610 0x7f78a8034ad0 secure :-1 s=READY pgs=13 cs=0 l=1 rev1=1 rx=0x7f78b4009780 tx=0x7f78b4006cc0).ready entity=mgr.14116 client_cookie=0 server_cookie=0 in_seq=0 out_seq=0
2024-04-23T02:14:40.032 INFO:teuthology.orchestra.run.smithi193.stderr:/usr/bin/ceph:
2024-04-23T02:14:40.028+0000 7f78bd7fa700 1 -- 172.21.15.193:0/451420289 <== mon.0 v2:172.21.15.193:3300/0 6 ==== mon_command_ack([{"prefix": "get_command_descriptions"}]=0 v0) v1 ==== 72+0+163658 (secure 0 0 0) 0x7f78b001e020 con 0x7f78c00fbed0
2024-04-23T02:14:40.222 INFO:teuthology.orchestra.run.smithi193.stderr:/usr/bin/ceph:
2024-04-23T02:14:40.218+0000 7f78c64b6700 1 -- 172.21.15.193:0/451420289 --> [v2:172.21.15.193:6800/94870449,v1:172.21.15.193:6801/94870449] -- mgr_command(tid 0: {"prefix": "orch apply", "service_type": "crash", "target": ["mon-mgr", ""]}) v1 -- 0x7f78c010de90 con 0x7f78a8032610
2024-04-23T02:14:40.226 INFO:teuthology.orchestra.run.smithi193.stderr:/usr/bin/ceph:
2024-04-23T02:14:40.222+0000 7f78bd7fa700 1 -- 172.21.15.193:0/451420289 <== mgr.14116 v2:172.21.15.193:6800/94870449 1 ==== mgr_command_reply(tid 0: 0 ) v1 ==== 8+0+26 (secure 0 0 0) 0x7f78c010de90 con 0x7f78a8032610
2024-04-23T02:14:40.226 INFO:teuthology.orchestra.run.smithi193.stderr:/usr/bin/ceph: Scheduled crash update...
2024-04-23T02:14:40.229 INFO:teuthology.orchestra.run.smithi193.stderr:/usr/bin/ceph:
2024-04-23T02:14:40.224+0000 7f78c64b6700 1 -- 172.21.15.193:0/451420289 >> [v2:172.21.15.193:6800/94870449,v1:172.21.15.193:6801/94870449] conn(0x7f78a8032610 msgr2=0x7f78a8034ad0 secure :-1 s=STATE_CONNECTION_ESTABLISHED l=1).mark_down
2024-04-23T02:14:40.229 INFO:teuthology.orchestra.run.smithi193.stderr:/usr/bin/ceph:
2024-04-23T02:14:40.224+0000 7f78c64b6700 1 --2- 172.21.15.193:0/451420289 >> [v2:172.21.15.193:6800/94870449,v1:172.21.15.193:6801/94870449] conn(0x7f78a8032610 0x7f78a8034ad0 secure :-1 s=READY pgs=13 cs=0 l=1 rev1=1 rx=0x7f78b4009780 tx=0x7f78b4006cc0).stop
2024-04-23T02:14:40.229 INFO:teuthology.orchestra.run.smithi193.stderr:/usr/bin/ceph:
2024-04-23T02:14:40.224+0000 7f78c64b6700 1 -- 172.21.15.193:0/451420289 >> [v2:172.21.15.193:3300/0,v1:172.21.15.193:6789/0] conn(0x7f78c00fbed0 msgr2=0x7f78c010be40 secure :-1 s=STATE_CONNECTION_ESTABLISHED l=1).mark_down
2024-04-23T02:14:40.229 INFO:teuthology.orchestra.run.smithi193.stderr:/usr/bin/ceph:
2024-04-23T02:14:40.224+0000 7f78c64b6700 1 --2- 172.21.15.193:0/451420289 >> [v2:172.21.15.193:3300/0,v1:172.21.15.193:6789/0] conn(0x7f78c00fbed0 0x7f78c010be40 secure :-1 s=READY pgs=46 cs=0 l=1 rev1=1 rx=0x7f78b00118b0 tx=0x7f78b00090f0).stop
2024-04-23T02:14:40.229 INFO:teuthology.orchestra.run.smithi193.stderr:/usr/bin/ceph:
2024-04-23T02:14:40.224+0000 7f78c64b6700 1 -- 172.21.15.193:0/451420289 shutdown_connections
2024-04-23T02:14:40.229 INFO:teuthology.orchestra.run.smithi193.stderr:/usr/bin/ceph:
2024-04-23T02:14:40.224+0000 7f78c64b6700 1 --2- 172.21.15.193:0/451420289 >> [v2:172.21.15.193:6800/94870449,v1:172.21.15.193:6801/94870449] conn(0x7f78a8032610 0x7f78a8034ad0 unknown :-1 s=CLOSED pgs=13 cs=0 l=1 rev1=1 rx=0 tx=0).stop
2024-04-23T02:14:40.229 INFO:teuthology.orchestra.run.smithi193.stderr:/usr/bin/ceph:
2024-04-23T02:14:40.224+0000 7f78c64b6700 1 --2- 172.21.15.193:0/451420289 >> [v2:172.21.15.193:3300/0,v1:172.21.15.193:6789/0] conn(0x7f78c00fbed0 0x7f78c010be40 unknown :-1 s=CLOSED pgs=46 cs=0 l=1 rev1=1 rx=0 tx=0).stop
2024-04-23T02:14:40.229 INFO:teuthology.orchestra.run.smithi193.stderr:/usr/bin/ceph:
2024-04-23T02:14:40.224+0000 7f78c64b6700 1 -- 172.21.15.193:0/451420289 >> 172.21.15.193:0/451420289 conn(0x7f78c00f76f0 msgr2=0x7f78c00f9160 unknown :-1 s=STATE_NONE l=0).mark_down
2024-04-23T02:14:40.229 INFO:teuthology.orchestra.run.smithi193.stderr:/usr/bin/ceph:
2024-04-23T02:14:40.224+0000 7f78c64b6700 1 -- 172.21.15.193:0/451420289 shutdown_connections
2024-04-23T02:14:40.229 INFO:teuthology.orchestra.run.smithi193.stderr:/usr/bin/ceph:
2024-04-23T02:14:40.224+0000 7f78c64b6700 1 -- 172.21.15.193:0/451420289 wait complete.
2024-04-23T02:14:41.407 INFO:teuthology.orchestra.run.smithi193.stderr:Deploying prometheus service with default placement...
2024-04-23T02:14:41.587 INFO:journalctl@ceph.mon.smithi193.smithi193.stdout:Apr 23 02:14:41 smithi193 ceph-0a452dc0-0117-11ef-bc93-c7b262605968-mon-smithi193[39817]: audit
2024-04-23T02:14:40.219597+0000 mgr.smithi193.qkgefr (mgr.14116) 15 : audit [DBG] from='client.14140 -' entity='client.admin' cmd=[{"prefix": "orch apply", "service_type": "crash", "target": ["mon-mgr", ""]}]: dispatch
2024-04-23T02:14:41.587 INFO:journalctl@ceph.mon.smithi193.smithi193.stdout:Apr 23 02:14:41 smithi193 ceph-0a452dc0-0117-11ef-bc93-c7b262605968-mon-smithi193[39817]: cephadm
2024-04-23T02:14:40.220514+0000 mgr.smithi193.qkgefr (mgr.14116) 16 : cephadm [INF] Saving service crash spec with placement *
2024-04-23T02:14:41.587 INFO:journalctl@ceph.mon.smithi193.smithi193.stdout:Apr 23 02:14:41 smithi193 ceph-0a452dc0-0117-11ef-bc93-c7b262605968-mon-smithi193[39817]: audit
2024-04-23T02:14:40.222770+0000 mon.smithi193 (mon.0) 59 : audit [INF] from='mgr.14116 172.21.15.193:0/1724976219' entity='mgr.smithi193.qkgefr'
2024-04-23T02:14:41.587 INFO:journalctl@ceph.mon.smithi193.smithi193.stdout:Apr 23 02:14:41 smithi193 ceph-0a452dc0-0117-11ef-bc93-c7b262605968-mon-smithi193[39817]: audit
2024-04-23T02:14:41.081900+0000 mon.smithi193 (mon.0) 60 : audit [INF] from='mgr.14116 172.21.15.193:0/1724976219' entity='mgr.smithi193.qkgefr'
2024-04-23T02:14:41.917 INFO:teuthology.orchestra.run.smithi193.stderr:/usr/bin/ceph:
2024-04-23T02:14:41.911+0000 7f6e9fa96700 1 Processor -- start
2024-04-23T02:14:41.917 INFO:teuthology.orchestra.run.smithi193.stderr:/usr/bin/ceph:
2024-04-23T02:14:41.911+0000 7f6e9fa96700 1 -- start start
2024-04-23T02:14:41.917 INFO:teuthology.orchestra.run.smithi193.stderr:/usr/bin/ceph:
2024-04-23T02:14:41.911+0000 7f6e9fa96700 1 --2- >> [v2:172.21.15.193:3300/0,v1:172.21.15.193:6789/0] conn(0x7f6e98071c60 0x7f6e980ffc30 unknown :-1 s=NONE pgs=0 cs=0 l=0 rev1=0 rx=0 tx=0).connect
2024-04-23T02:14:41.917 INFO:teuthology.orchestra.run.smithi193.stderr:/usr/bin/ceph:
2024-04-23T02:14:41.911+0000 7f6e9fa96700 1 -- --> [v2:172.21.15.193:3300/0,v1:172.21.15.193:6789/0] -- mon_getmap magic: 0 v1 -- 0x7f6e98100120 con 0x7f6e98071c60
2024-04-23T02:14:41.917 INFO:teuthology.orchestra.run.smithi193.stderr:/usr/bin/ceph:
2024-04-23T02:14:41.912+0000 7f6e9d832700 1 --2- >> [v2:172.21.15.193:3300/0,v1:172.21.15.193:6789/0] conn(0x7f6e98071c60 0x7f6e980ffc30 unknown :-1 s=BANNER_CONNECTING pgs=0 cs=0 l=0 rev1=0 rx=0 tx=0)._handle_peer_banner_payload supported=1 required=0
2024-04-23T02:14:41.917 INFO:teuthology.orchestra.run.smithi193.stderr:/usr/bin/ceph:
2024-04-23T02:14:41.912+0000 7f6e9d832700 1 --2- >> [v2:172.21.15.193:3300/0,v1:172.21.15.193:6789/0] conn(0x7f6e98071c60 0x7f6e980ffc30 unknown :-1 s=HELLO_CONNECTING pgs=0 cs=0 l=0 rev1=1 rx=0 tx=0).handle_hello peer v2:172.21.15.193:3300/0 says I am v2:172.21.15.193:56182/0 (socket says 172.21.15.193:56182)
2024-04-23T02:14:41.917 INFO:teuthology.orchestra.run.smithi193.stderr:/usr/bin/ceph:
2024-04-23T02:14:41.912+0000 7f6e9d832700 1 -- 172.21.15.193:0/3499250651 learned_addr learned my addr 172.21.15.193:0/3499250651 (peer_addr_for_me v2:172.21.15.193:0/0)
2024-04-23T02:14:41.917 INFO:teuthology.orchestra.run.smithi193.stderr:/usr/bin/ceph:
2024-04-23T02:14:41.912+0000 7f6e9d832700 1 -- 172.21.15.193:0/3499250651 --> [v2:172.21.15.193:3300/0,v1:172.21.15.193:6789/0] -- mon_subscribe({config=0+,monmap=0+}) v3 -- 0x7f6e98100260 con 0x7f6e98071c60
2024-04-23T02:14:41.917 INFO:teuthology.orchestra.run.smithi193.stderr:/usr/bin/ceph:
2024-04-23T02:14:41.912+0000 7f6e9d832700 1 --2- 172.21.15.193:0/3499250651 >> [v2:172.21.15.193:3300/0,v1:172.21.15.193:6789/0] conn(0x7f6e98071c60 0x7f6e980ffc30 secure :-1 s=READY pgs=47 cs=0 l=1 rev1=1 rx=0x7f6e94009730 tx=0x7f6e940090f0).ready entity=mon.0 client_cookie=e44c77169f0eac51 server_cookie=0 in_seq=0 out_seq=0
2024-04-23T02:14:41.918 INFO:teuthology.orchestra.run.smithi193.stderr:/usr/bin/ceph:
2024-04-23T02:14:41.912+0000 7f6e9c830700 1 -- 172.21.15.193:0/3499250651 <== mon.0 v2:172.21.15.193:3300/0 1 ==== mon_map magic: 0 v1 ==== 229+0+0 (secure 0 0 0) 0x7f6e9400b6e0 con 0x7f6e98071c60
2024-04-23T02:14:41.918 INFO:teuthology.orchestra.run.smithi193.stderr:/usr/bin/ceph:
2024-04-23T02:14:41.912+0000 7f6e9c830700 1 -- 172.21.15.193:0/3499250651 <== mon.0 v2:172.21.15.193:3300/0 2 ==== config(25 keys) v1 ==== 1046+0+0 (secure 0 0 0) 0x7f6e9400bcd0 con 0x7f6e98071c60
2024-04-23T02:14:41.918 INFO:teuthology.orchestra.run.smithi193.stderr:/usr/bin/ceph:
2024-04-23T02:14:41.912+0000 7f6e9c830700 1 -- 172.21.15.193:0/3499250651 <== mon.0 v2:172.21.15.193:3300/0 3 ==== mon_map magic: 0 v1 ==== 229+0+0 (secure 0 0 0) 0x7f6e94011cb0 con 0x7f6e98071c60
2024-04-23T02:14:41.921 INFO:teuthology.orchestra.run.smithi193.stderr:/usr/bin/ceph:
2024-04-23T02:14:41.913+0000 7f6e9fa96700 1 -- 172.21.15.193:0/3499250651 >> [v2:172.21.15.193:3300/0,v1:172.21.15.193:6789/0] conn(0x7f6e98071c60 msgr2=0x7f6e980ffc30 secure :-1 s=STATE_CONNECTION_ESTABLISHED l=1).mark_down
2024-04-23T02:14:41.921 INFO:teuthology.orchestra.run.smithi193.stderr:/usr/bin/ceph:
2024-04-23T02:14:41.913+0000 7f6e9fa96700 1 --2- 172.21.15.193:0/3499250651 >> [v2:172.21.15.193:3300/0,v1:172.21.15.193:6789/0] conn(0x7f6e98071c60 0x7f6e980ffc30 secure :-1 s=READY pgs=47 cs=0 l=1 rev1=1 rx=0x7f6e94009730 tx=0x7f6e940090f0).stop
2024-04-23T02:14:41.921 INFO:teuthology.orchestra.run.smithi193.stderr:/usr/bin/ceph:
2024-04-23T02:14:41.913+0000 7f6e9fa96700 1 -- 172.21.15.193:0/3499250651 shutdown_connections
2024-04-23T02:14:41.921 INFO:teuthology.orchestra.run.smithi193.stderr:/usr/bin/ceph:
2024-04-23T02:14:41.913+0000 7f6e9fa96700 1 --2- 172.21.15.193:0/3499250651 >> [v2:172.21.15.193:3300/0,v1:172.21.15.193:6789/0] conn(0x7f6e98071c60 0x7f6e980ffc30 unknown :-1 s=CLOSED pgs=47 cs=0 l=1 rev1=1 rx=0 tx=0).stop
2024-04-23T02:14:41.921 INFO:teuthology.orchestra.run.smithi193.stderr:/usr/bin/ceph:
2024-04-23T02:14:41.913+0000 7f6e9fa96700 1 -- 172.21.15.193:0/3499250651 >> 172.21.15.193:0/3499250651 conn(0x7f6e980f76f0 msgr2=0x7f6e980f9b10 unknown :-1 s=STATE_NONE l=0).mark_down
2024-04-23T02:14:41.921 INFO:teuthology.orchestra.run.smithi193.stderr:/usr/bin/ceph:
2024-04-23T02:14:41.914+0000 7f6e9fa96700 1 -- 172.21.15.193:0/3499250651 shutdown_connections
2024-04-23T02:14:41.921 INFO:teuthology.orchestra.run.smithi193.stderr:/usr/bin/ceph:
2024-04-23T02:14:41.914+0000 7f6e9fa96700 1 -- 172.21.15.193:0/3499250651 wait complete.
2024-04-23T02:14:41.922 INFO:teuthology.orchestra.run.smithi193.stderr:/usr/bin/ceph:
2024-04-23T02:14:41.914+0000 7f6e9fa96700 1 Processor -- start
2024-04-23T02:14:41.922 INFO:teuthology.orchestra.run.smithi193.stderr:/usr/bin/ceph:
2024-04-23T02:14:41.914+0000 7f6e9fa96700 1 -- start start
2024-04-23T02:14:41.922 INFO:teuthology.orchestra.run.smithi193.stderr:/usr/bin/ceph:
2024-04-23T02:14:41.915+0000 7f6e9fa96700 1 --2- >> [v2:172.21.15.193:3300/0,v1:172.21.15.193:6789/0] conn(0x7f6e98071c60 0x7f6e980fd6b0 unknown :-1 s=NONE pgs=0 cs=0 l=1 rev1=0 rx=0 tx=0).connect
2024-04-23T02:14:41.922 INFO:teuthology.orchestra.run.smithi193.stderr:/usr/bin/ceph:
2024-04-23T02:14:41.915+0000 7f6e9fa96700 1 -- --> [v2:172.21.15.193:3300/0,v1:172.21.15.193:6789/0] -- mon_getmap magic: 0 v1 -- 0x7f6e980fbb30 con 0x7f6e98071c60
2024-04-23T02:14:41.922 INFO:teuthology.orchestra.run.smithi193.stderr:/usr/bin/ceph:
2024-04-23T02:14:41.915+0000 7f6e9d832700 1 --2- >> [v2:172.21.15.193:3300/0,v1:172.21.15.193:6789/0] conn(0x7f6e98071c60 0x7f6e980fd6b0 unknown :-1 s=BANNER_CONNECTING pgs=0 cs=0 l=1 rev1=0 rx=0 tx=0)._handle_peer_banner_payload supported=1 required=0
2024-04-23T02:14:41.922 INFO:teuthology.orchestra.run.smithi193.stderr:/usr/bin/ceph:
2024-04-23T02:14:41.915+0000 7f6e9d832700 1 --2- >> [v2:172.21.15.193:3300/0,v1:172.21.15.193:6789/0] conn(0x7f6e98071c60 0x7f6e980fd6b0 unknown :-1 s=HELLO_CONNECTING pgs=0 cs=0 l=1 rev1=1 rx=0 tx=0).handle_hello peer v2:172.21.15.193:3300/0 says I am v2:172.21.15.193:56184/0 (socket says 172.21.15.193:56184)
2024-04-23T02:14:41.922 INFO:teuthology.orchestra.run.smithi193.stderr:/usr/bin/ceph:
2024-04-23T02:14:41.915+0000 7f6e9d832700 1 -- 172.21.15.193:0/549659041 learned_addr learned my addr 172.21.15.193:0/549659041 (peer_addr_for_me v2:172.21.15.193:0/0)
2024-04-23T02:14:41.922 INFO:teuthology.orchestra.run.smithi193.stderr:/usr/bin/ceph:
2024-04-23T02:14:41.915+0000 7f6e9d832700 1 -- 172.21.15.193:0/549659041 --> [v2:172.21.15.193:3300/0,v1:172.21.15.193:6789/0] -- mon_subscribe({config=0+,monmap=0+}) v3 -- 0x7f6e94009370 con 0x7f6e98071c60
2024-04-23T02:14:41.922 INFO:teuthology.orchestra.run.smithi193.stderr:/usr/bin/ceph:
2024-04-23T02:14:41.915+0000 7f6e9d832700 1 --2- 172.21.15.193:0/549659041 >> [v2:172.21.15.193:3300/0,v1:172.21.15.193:6789/0] conn(0x7f6e98071c60 0x7f6e980fd6b0 secure :-1 s=READY pgs=48 cs=0 l=1 rev1=1 rx=0x7f6e940118b0 tx=0x7f6e940090f0).ready entity=mon.0 client_cookie=0 server_cookie=0 in_seq=0 out_seq=0
2024-04-23T02:14:41.922 INFO:teuthology.orchestra.run.smithi193.stderr:/usr/bin/ceph:
2024-04-23T02:14:41.915+0000 7f6e8ef78700 1 -- 172.21.15.193:0/549659041 <== mon.0 v2:172.21.15.193:3300/0 1 ==== mon_map magic: 0 v1 ==== 229+0+0 (secure 0 0 0) 0x7f6e9400bad0 con 0x7f6e98071c60
2024-04-23T02:14:41.922 INFO:teuthology.orchestra.run.smithi193.stderr:/usr/bin/ceph:
2024-04-23T02:14:41.915+0000 7f6e9fa96700 1 -- 172.21.15.193:0/549659041 --> [v2:172.21.15.193:3300/0,v1:172.21.15.193:6789/0] -- mon_subscribe({mgrmap=0+}) v3 -- 0x7f6e980fbcd0 con 0x7f6e98071c60
2024-04-23T02:14:41.922 INFO:teuthology.orchestra.run.smithi193.stderr:/usr/bin/ceph:
2024-04-23T02:14:41.915+0000 7f6e8ef78700 1 -- 172.21.15.193:0/549659041 <== mon.0 v2:172.21.15.193:3300/0 2 ==== config(25 keys) v1 ==== 1046+0+0 (secure 0 0 0) 0x7f6e94011ad0 con 0x7f6e98071c60
2024-04-23T02:14:41.923 INFO:teuthology.orchestra.run.smithi193.stderr:/usr/bin/ceph:
2024-04-23T02:14:41.915+0000 7f6e8ef78700 1 -- 172.21.15.193:0/549659041 <== mon.0 v2:172.21.15.193:3300/0 3 ==== mon_map magic: 0 v1 ==== 229+0+0 (secure 0 0 0) 0x7f6e9401aa50 con 0x7f6e98071c60
2024-04-23T02:14:41.923 INFO:teuthology.orchestra.run.smithi193.stderr:/usr/bin/ceph:
2024-04-23T02:14:41.915+0000 7f6e9fa96700 1 -- 172.21.15.193:0/549659041 --> [v2:172.21.15.193:3300/0,v1:172.21.15.193:6789/0] -- mon_subscribe({osdmap=0}) v3 -- 0x7f6e980fc0e0 con 0x7f6e98071c60
2024-04-23T02:14:41.923 INFO:teuthology.orchestra.run.smithi193.stderr:/usr/bin/ceph:
2024-04-23T02:14:41.916+0000 7f6e8ef78700 1 -- 172.21.15.193:0/549659041 <== mon.0 v2:172.21.15.193:3300/0 4 ==== mgrmap(e 8) v1 ==== 38632+0+0 (secure 0 0 0) 0x7f6e9401acc0 con 0x7f6e98071c60
2024-04-23T02:14:41.923 INFO:teuthology.orchestra.run.smithi193.stderr:/usr/bin/ceph:
2024-04-23T02:14:41.916+0000 7f6e8ef78700 1 --2- 172.21.15.193:0/549659041 >> [v2:172.21.15.193:6800/94870449,v1:172.21.15.193:6801/94870449] conn(0x7f6e84032660 0x7f6e84034b20 unknown :-1 s=NONE pgs=0 cs=0 l=1 rev1=0 rx=0 tx=0).connect
2024-04-23T02:14:41.923 INFO:teuthology.orchestra.run.smithi193.stderr:/usr/bin/ceph:
2024-04-23T02:14:41.917+0000 7f6e8ef78700 1 -- 172.21.15.193:0/549659041 <== mon.0 v2:172.21.15.193:3300/0 5 ==== osd_map(2..2 src has 1..2) v4 ==== 893+0+0 (secure 0 0 0) 0x7f6e940449b0 con 0x7f6e98071c60
2024-04-23T02:14:41.923 INFO:teuthology.orchestra.run.smithi193.stderr:/usr/bin/ceph:
2024-04-23T02:14:41.917+0000 7f6e9d031700 1 --2- 172.21.15.193:0/549659041 >> [v2:172.21.15.193:6800/94870449,v1:172.21.15.193:6801/94870449] conn(0x7f6e84032660 0x7f6e84034b20 unknown :-1 s=BANNER_CONNECTING pgs=0 cs=0 l=1 rev1=0 rx=0 tx=0)._handle_peer_banner_payload supported=1 required=0
2024-04-23T02:14:41.923 INFO:teuthology.orchestra.run.smithi193.stderr:/usr/bin/ceph:
2024-04-23T02:14:41.917+0000 7f6e9fa96700 1 -- 172.21.15.193:0/549659041 --> [v2:172.21.15.193:3300/0,v1:172.21.15.193:6789/0] -- mon_command({"prefix": "get_command_descriptions"} v 0) v1 -- 0x7f6e9805a310 con 0x7f6e98071c60
2024-04-23T02:14:41.923 INFO:teuthology.orchestra.run.smithi193.stderr:/usr/bin/ceph:
2024-04-23T02:14:41.917+0000 7f6e9d031700 1 --2- 172.21.15.193:0/549659041 >> [v2:172.21.15.193:6800/94870449,v1:172.21.15.193:6801/94870449] conn(0x7f6e84032660 0x7f6e84034b20 secure :-1 s=READY pgs=14 cs=0 l=1 rev1=1 rx=0x7f6e88009780 tx=0x7f6e88006cc0).ready entity=mgr.14116 client_cookie=0 server_cookie=0 in_seq=0 out_seq=0
2024-04-23T02:14:41.926 INFO:teuthology.orchestra.run.smithi193.stderr:/usr/bin/ceph:
2024-04-23T02:14:41.922+0000 7f6e8ef78700 1 -- 172.21.15.193:0/549659041 <== mon.0 v2:172.21.15.193:3300/0 6 ==== mon_command_ack([{"prefix": "get_command_descriptions"}]=0 v0) v1 ==== 72+0+163658 (secure 0 0 0) 0x7f6e9401e070 con 0x7f6e98071c60
2024-04-23T02:14:42.107 INFO:teuthology.orchestra.run.smithi193.stderr:/usr/bin/ceph:
2024-04-23T02:14:42.103+0000 7f6e9fa96700 1 -- 172.21.15.193:0/549659041 --> [v2:172.21.15.193:6800/94870449,v1:172.21.15.193:6801/94870449] -- mgr_command(tid 0: {"prefix": "orch apply", "service_type": "prometheus", "target": ["mon-mgr", ""]}) v1 -- 0x7f6e98105c10 con 0x7f6e84032660
2024-04-23T02:14:42.112 INFO:teuthology.orchestra.run.smithi193.stderr:/usr/bin/ceph:
2024-04-23T02:14:42.107+0000 7f6e8ef78700 1 -- 172.21.15.193:0/549659041 <== mgr.14116 v2:172.21.15.193:6800/94870449 1 ==== mgr_command_reply(tid 0: 0 ) v1 ==== 8+0+31 (secure 0 0 0) 0x7f6e98105c10 con 0x7f6e84032660
2024-04-23T02:14:42.112 INFO:teuthology.orchestra.run.smithi193.stderr:/usr/bin/ceph: Scheduled prometheus update...
2024-04-23T02:14:42.114 INFO:teuthology.orchestra.run.smithi193.stderr:/usr/bin/ceph:
2024-04-23T02:14:42.109+0000 7f6e9fa96700 1 -- 172.21.15.193:0/549659041 >> [v2:172.21.15.193:6800/94870449,v1:172.21.15.193:6801/94870449] conn(0x7f6e84032660 msgr2=0x7f6e84034b20 secure :-1 s=STATE_CONNECTION_ESTABLISHED l=1).mark_down
2024-04-23T02:14:42.114 INFO:teuthology.orchestra.run.smithi193.stderr:/usr/bin/ceph:
2024-04-23T02:14:42.109+0000 7f6e9fa96700 1 --2- 172.21.15.193:0/549659041 >> [v2:172.21.15.193:6800/94870449,v1:172.21.15.193:6801/94870449] conn(0x7f6e84032660 0x7f6e84034b20 secure :-1 s=READY pgs=14 cs=0 l=1 rev1=1 rx=0x7f6e88009780 tx=0x7f6e88006cc0).stop
2024-04-23T02:14:42.114 INFO:teuthology.orchestra.run.smithi193.stderr:/usr/bin/ceph:
2024-04-23T02:14:42.109+0000 7f6e9fa96700 1 -- 172.21.15.193:0/549659041 >> [v2:172.21.15.193:3300/0,v1:172.21.15.193:6789/0] conn(0x7f6e98071c60 msgr2=0x7f6e980fd6b0 secure :-1 s=STATE_CONNECTION_ESTABLISHED l=1).mark_down
2024-04-23T02:14:42.114 INFO:teuthology.orchestra.run.smithi193.stderr:/usr/bin/ceph:
2024-04-23T02:14:42.109+0000 7f6e9fa96700 1 --2- 172.21.15.193:0/549659041 >> [v2:172.21.15.193:3300/0,v1:172.21.15.193:6789/0] conn(0x7f6e98071c60 0x7f6e980fd6b0 secure :-1 s=READY pgs=48 cs=0 l=1 rev1=1 rx=0x7f6e940118b0 tx=0x7f6e940090f0).stop
2024-04-23T02:14:42.115 INFO:teuthology.orchestra.run.smithi193.stderr:/usr/bin/ceph:
2024-04-23T02:14:42.109+0000 7f6e9fa96700 1 -- 172.21.15.193:0/549659041 shutdown_connections
2024-04-23T02:14:42.115 INFO:teuthology.orchestra.run.smithi193.stderr:/usr/bin/ceph:
2024-04-23T02:14:42.109+0000 7f6e9fa96700 1 --2- 172.21.15.193:0/549659041 >> [v2:172.21.15.193:6800/94870449,v1:172.21.15.193:6801/94870449] conn(0x7f6e84032660 0x7f6e84034b20 unknown :-1 s=CLOSED pgs=14 cs=0 l=1 rev1=1 rx=0 tx=0).stop
2024-04-23T02:14:42.115 INFO:teuthology.orchestra.run.smithi193.stderr:/usr/bin/ceph:
2024-04-23T02:14:42.109+0000 7f6e9fa96700 1 --2- 172.21.15.193:0/549659041 >> [v2:172.21.15.193:3300/0,v1:172.21.15.193:6789/0] conn(0x7f6e98071c60 0x7f6e980fd6b0 unknown :-1 s=CLOSED pgs=48 cs=0 l=1 rev1=1 rx=0 tx=0).stop
2024-04-23T02:14:42.115 INFO:teuthology.orchestra.run.smithi193.stderr:/usr/bin/ceph:
2024-04-23T02:14:42.109+0000 7f6e9fa96700 1 -- 172.21.15.193:0/549659041 >> 172.21.15.193:0/549659041 conn(0x7f6e980f76f0 msgr2=0x7f6e980f9140 unknown :-1 s=STATE_NONE l=0).mark_down
2024-04-23T02:14:42.115 INFO:teuthology.orchestra.run.smithi193.stderr:/usr/bin/ceph:
2024-04-23T02:14:42.110+0000 7f6e9fa96700 1 -- 172.21.15.193:0/549659041 shutdown_connections
2024-04-23T02:14:42.115 INFO:teuthology.orchestra.run.smithi193.stderr:/usr/bin/ceph:
2024-04-23T02:14:42.110+0000 7f6e9fa96700 1 -- 172.21.15.193:0/549659041 wait complete.
2024-04-23T02:14:43.514 INFO:teuthology.orchestra.run.smithi193.stderr:Deploying grafana service with default placement...
2024-04-23T02:14:43.516 INFO:journalctl@ceph.mon.smithi193.smithi193.stdout:Apr 23 02:14:43 smithi193 ceph-0a452dc0-0117-11ef-bc93-c7b262605968-mon-smithi193[39817]: audit
2024-04-23T02:14:42.105256+0000 mgr.smithi193.qkgefr (mgr.14116) 17 : audit [DBG] from='client.14142 -' entity='client.admin' cmd=[{"prefix": "orch apply", "service_type": "prometheus", "target": ["mon-mgr", ""]}]: dispatch
2024-04-23T02:14:43.516 INFO:journalctl@ceph.mon.smithi193.smithi193.stdout:Apr 23 02:14:43 smithi193 ceph-0a452dc0-0117-11ef-bc93-c7b262605968-mon-smithi193[39817]: cephadm
2024-04-23T02:14:42.106128+0000 mgr.smithi193.qkgefr (mgr.14116) 18 : cephadm [INF] Saving service prometheus spec with placement count:1
2024-04-23T02:14:43.516 INFO:journalctl@ceph.mon.smithi193.smithi193.stdout:Apr 23 02:14:43 smithi193 ceph-0a452dc0-0117-11ef-bc93-c7b262605968-mon-smithi193[39817]: audit
2024-04-23T02:14:42.108395+0000 mon.smithi193 (mon.0) 61 : audit [INF] from='mgr.14116 172.21.15.193:0/1724976219' entity='mgr.smithi193.qkgefr'
2024-04-23T02:14:44.142 INFO:teuthology.orchestra.run.smithi193.stderr:/usr/bin/ceph:
2024-04-23T02:14:44.132+0000 7f567e913700 1 Processor -- start
2024-04-23T02:14:44.143 INFO:teuthology.orchestra.run.smithi193.stderr:/usr/bin/ceph:
2024-04-23T02:14:44.132+0000 7f567e913700 1 -- start start
2024-04-23T02:14:44.143 INFO:teuthology.orchestra.run.smithi193.stderr:/usr/bin/ceph:
2024-04-23T02:14:44.132+0000 7f567e913700 1 --2- >> [v2:172.21.15.193:3300/0,v1:172.21.15.193:6789/0] conn(0x7f5678071c00 0x7f5678102090 unknown :-1 s=NONE pgs=0 cs=0 l=0 rev1=0 rx=0 tx=0).connect
2024-04-23T02:14:44.143 INFO:teuthology.orchestra.run.smithi193.stderr:/usr/bin/ceph:
2024-04-23T02:14:44.132+0000 7f567e913700 1 -- --> [v2:172.21.15.193:3300/0,v1:172.21.15.193:6789/0] -- mon_getmap magic: 0 v1 -- 0x7f56780fda80 con 0x7f5678071c00
2024-04-23T02:14:44.143 INFO:teuthology.orchestra.run.smithi193.stderr:/usr/bin/ceph:
