2024-04-23T02:14:08.813480+0000 mon.smithi193 (mon.0) 13 : audit [DBG] from='mgr.14100 172.21.15.193:0/2720711466' entity='mgr.smithi193.qkgefr' cmd=[{"prefix": "mon metadata"}]: dispatch
2024-04-23T02:14:09.588 INFO:journalctl@ceph.mon.smithi193.smithi193.stdout:Apr 23 02:14:09 smithi193 ceph-0a452dc0-0117-11ef-bc93-c7b262605968-mon-smithi193[39817]: audit
2024-04-23T02:14:08.813619+0000 mon.smithi193 (mon.0) 14 : audit [DBG] from='mgr.14100 172.21.15.193:0/2720711466' entity='mgr.smithi193.qkgefr' cmd=[{"prefix": "mon metadata", "id": "smithi193"}]: dispatch
2024-04-23T02:14:09.588 INFO:journalctl@ceph.mon.smithi193.smithi193.stdout:Apr 23 02:14:09 smithi193 ceph-0a452dc0-0117-11ef-bc93-c7b262605968-mon-smithi193[39817]: audit
2024-04-23T02:14:08.813759+0000 mon.smithi193 (mon.0) 15 : audit [DBG] from='mgr.14100 172.21.15.193:0/2720711466' entity='mgr.smithi193.qkgefr' cmd=[{"prefix": "mgr metadata", "who": "smithi193.qkgefr", "id": "smithi193.qkgefr"}]: dispatch
2024-04-23T02:14:09.588 INFO:journalctl@ceph.mon.smithi193.smithi193.stdout:Apr 23 02:14:09 smithi193 ceph-0a452dc0-0117-11ef-bc93-c7b262605968-mon-smithi193[39817]: cluster
2024-04-23T02:14:08.815622+0000 mon.smithi193 (mon.0) 16 : cluster [INF] Manager daemon smithi193.qkgefr is now available
2024-04-23T02:14:09.588 INFO:journalctl@ceph.mon.smithi193.smithi193.stdout:Apr 23 02:14:09 smithi193 ceph-0a452dc0-0117-11ef-bc93-c7b262605968-mon-smithi193[39817]: audit
2024-04-23T02:14:08.824693+0000 mon.smithi193 (mon.0) 17 : audit [INF] from='mgr.14100 172.21.15.193:0/2720711466' entity='mgr.smithi193.qkgefr'
2024-04-23T02:14:09.588 INFO:journalctl@ceph.mon.smithi193.smithi193.stdout:Apr 23 02:14:09 smithi193 ceph-0a452dc0-0117-11ef-bc93-c7b262605968-mon-smithi193[39817]: audit
2024-04-23T02:14:08.828971+0000 mon.smithi193 (mon.0) 18 : audit [INF] from='mgr.14100 172.21.15.193:0/2720711466' entity='mgr.smithi193.qkgefr' cmd=[{"prefix":"config rm","who":"mgr","name":"mgr/rbd_support/smithi193.qkgefr/mirror_snapshot_schedule"}]: dispatch
2024-04-23T02:14:09.588 INFO:journalctl@ceph.mon.smithi193.smithi193.stdout:Apr 23 02:14:09 smithi193 ceph-0a452dc0-0117-11ef-bc93-c7b262605968-mon-smithi193[39817]: audit
2024-04-23T02:14:08.831227+0000 mon.smithi193 (mon.0) 19 : audit [INF] from='mgr.14100 172.21.15.193:0/2720711466' entity='mgr.smithi193.qkgefr' cmd=[{"prefix":"config rm","who":"mgr","name":"mgr/rbd_support/smithi193.qkgefr/trash_purge_schedule"}]: dispatch
2024-04-23T02:14:09.588 INFO:journalctl@ceph.mon.smithi193.smithi193.stdout:Apr 23 02:14:09 smithi193 ceph-0a452dc0-0117-11ef-bc93-c7b262605968-mon-smithi193[39817]: audit
2024-04-23T02:14:08.834577+0000 mon.smithi193 (mon.0) 20 : audit [INF] from='mgr.14100 172.21.15.193:0/2720711466' entity='mgr.smithi193.qkgefr'
2024-04-23T02:14:09.588 INFO:journalctl@ceph.mon.smithi193.smithi193.stdout:Apr 23 02:14:09 smithi193 ceph-0a452dc0-0117-11ef-bc93-c7b262605968-mon-smithi193[39817]: audit
2024-04-23T02:14:08.837094+0000 mon.smithi193 (mon.0) 21 : audit [INF] from='mgr.14100 172.21.15.193:0/2720711466' entity='mgr.smithi193.qkgefr'
2024-04-23T02:14:11.087 INFO:journalctl@ceph.mon.smithi193.smithi193.stdout:Apr 23 02:14:10 smithi193 ceph-0a452dc0-0117-11ef-bc93-c7b262605968-mon-smithi193[39817]: cluster
2024-04-23T02:14:09.815139+0000 mon.smithi193 (mon.0) 22 : cluster [DBG] mgrmap e3: smithi193.qkgefr(active, since 1.00564s)
2024-04-23T02:14:13.087 INFO:journalctl@ceph.mon.smithi193.smithi193.stdout:Apr 23 02:14:12 smithi193 ceph-0a452dc0-0117-11ef-bc93-c7b262605968-mon-smithi193[39817]: cluster
2024-04-23T02:14:11.816101+0000 mon.smithi193 (mon.0) 23 : cluster [DBG] mgrmap e4: smithi193.qkgefr(active, since 3s)
2024-04-23T02:14:14.005 INFO:teuthology.orchestra.run.smithi193.stderr:/usr/bin/ceph:
2024-04-23T02:14:12.993+0000 7ff506cdc700 1 Processor -- start
2024-04-23T02:14:14.006 INFO:teuthology.orchestra.run.smithi193.stderr:/usr/bin/ceph:
2024-04-23T02:14:12.993+0000 7ff506cdc700 1 -- start start
2024-04-23T02:14:14.006 INFO:teuthology.orchestra.run.smithi193.stderr:/usr/bin/ceph:
2024-04-23T02:14:12.993+0000 7ff506cdc700 1 --2- >> [v2:172.21.15.193:3300/0,v1:172.21.15.193:6789/0] conn(0x7ff500071b80 0x7ff5000ffd10 unknown :-1 s=NONE pgs=0 cs=0 l=0 rev1=0 rx=0 tx=0).connect
2024-04-23T02:14:14.006 INFO:teuthology.orchestra.run.smithi193.stderr:/usr/bin/ceph:
2024-04-23T02:14:12.993+0000 7ff506cdc700 1 -- --> [v2:172.21.15.193:3300/0,v1:172.21.15.193:6789/0] -- mon_getmap magic: 0 v1 -- 0x7ff500071fa0 con 0x7ff500071b80
2024-04-23T02:14:14.006 INFO:teuthology.orchestra.run.smithi193.stderr:/usr/bin/ceph:
2024-04-23T02:14:12.993+0000 7ff504a78700 1 --2- >> [v2:172.21.15.193:3300/0,v1:172.21.15.193:6789/0] conn(0x7ff500071b80 0x7ff5000ffd10 unknown :-1 s=BANNER_CONNECTING pgs=0 cs=0 l=0 rev1=0 rx=0 tx=0)._handle_peer_banner_payload supported=1 required=0
2024-04-23T02:14:14.006 INFO:teuthology.orchestra.run.smithi193.stderr:/usr/bin/ceph:
2024-04-23T02:14:12.994+0000 7ff504a78700 1 --2- >> [v2:172.21.15.193:3300/0,v1:172.21.15.193:6789/0] conn(0x7ff500071b80 0x7ff5000ffd10 unknown :-1 s=HELLO_CONNECTING pgs=0 cs=0 l=0 rev1=1 rx=0 tx=0).handle_hello peer v2:172.21.15.193:3300/0 says I am v2:172.21.15.193:45660/0 (socket says 172.21.15.193:45660)
2024-04-23T02:14:14.006 INFO:teuthology.orchestra.run.smithi193.stderr:/usr/bin/ceph:
2024-04-23T02:14:12.994+0000 7ff504a78700 1 -- 172.21.15.193:0/3146344645 learned_addr learned my addr 172.21.15.193:0/3146344645 (peer_addr_for_me v2:172.21.15.193:0/0)
2024-04-23T02:14:14.006 INFO:teuthology.orchestra.run.smithi193.stderr:/usr/bin/ceph:
2024-04-23T02:14:12.994+0000 7ff504a78700 1 -- 172.21.15.193:0/3146344645 --> [v2:172.21.15.193:3300/0,v1:172.21.15.193:6789/0] -- mon_subscribe({config=0+,monmap=0+}) v3 -- 0x7ff500100200 con 0x7ff500071b80
2024-04-23T02:14:14.006 INFO:teuthology.orchestra.run.smithi193.stderr:/usr/bin/ceph:
2024-04-23T02:14:12.994+0000 7ff504a78700 1 --2- 172.21.15.193:0/3146344645 >> [v2:172.21.15.193:3300/0,v1:172.21.15.193:6789/0] conn(0x7ff500071b80 0x7ff5000ffd10 secure :-1 s=READY pgs=14 cs=0 l=1 rev1=1 rx=0x7ff4f4009730 tx=0x7ff4f40090f0).ready entity=mon.0 client_cookie=41d2384b1993f0cb server_cookie=0 in_seq=0 out_seq=0
2024-04-23T02:14:14.006 INFO:teuthology.orchestra.run.smithi193.stderr:/usr/bin/ceph:
2024-04-23T02:14:12.994+0000 7ff4ff7fe700 1 -- 172.21.15.193:0/3146344645 <== mon.0 v2:172.21.15.193:3300/0 1 ==== mon_map magic: 0 v1 ==== 229+0+0 (secure 0 0 0) 0x7ff4f400b6e0 con 0x7ff500071b80
2024-04-23T02:14:14.006 INFO:teuthology.orchestra.run.smithi193.stderr:/usr/bin/ceph:
2024-04-23T02:14:12.994+0000 7ff4ff7fe700 1 -- 172.21.15.193:0/3146344645 <== mon.0 v2:172.21.15.193:3300/0 2 ==== config(25 keys) v1 ==== 982+0+0 (secure 0 0 0) 0x7ff4f400bc90 con 0x7ff500071b80
2024-04-23T02:14:14.006 INFO:teuthology.orchestra.run.smithi193.stderr:/usr/bin/ceph:
2024-04-23T02:14:12.994+0000 7ff4ff7fe700 1 -- 172.21.15.193:0/3146344645 <== mon.0 v2:172.21.15.193:3300/0 3 ==== mon_map magic: 0 v1 ==== 229+0+0 (secure 0 0 0) 0x7ff4f4011c70 con 0x7ff500071b80
2024-04-23T02:14:14.006 INFO:teuthology.orchestra.run.smithi193.stderr:/usr/bin/ceph:
2024-04-23T02:14:12.995+0000 7ff506cdc700 1 -- 172.21.15.193:0/3146344645 >> [v2:172.21.15.193:3300/0,v1:172.21.15.193:6789/0] conn(0x7ff500071b80 msgr2=0x7ff5000ffd10 secure :-1 s=STATE_CONNECTION_ESTABLISHED l=1).mark_down
2024-04-23T02:14:14.007 INFO:teuthology.orchestra.run.smithi193.stderr:/usr/bin/ceph:
2024-04-23T02:14:12.995+0000 7ff506cdc700 1 --2- 172.21.15.193:0/3146344645 >> [v2:172.21.15.193:3300/0,v1:172.21.15.193:6789/0] conn(0x7ff500071b80 0x7ff5000ffd10 secure :-1 s=READY pgs=14 cs=0 l=1 rev1=1 rx=0x7ff4f4009730 tx=0x7ff4f40090f0).stop
2024-04-23T02:14:14.007 INFO:teuthology.orchestra.run.smithi193.stderr:/usr/bin/ceph:
2024-04-23T02:14:12.995+0000 7ff506cdc700 1 -- 172.21.15.193:0/3146344645 shutdown_connections
2024-04-23T02:14:14.007 INFO:teuthology.orchestra.run.smithi193.stderr:/usr/bin/ceph:
2024-04-23T02:14:12.995+0000 7ff506cdc700 1 --2- 172.21.15.193:0/3146344645 >> [v2:172.21.15.193:3300/0,v1:172.21.15.193:6789/0] conn(0x7ff500071b80 0x7ff5000ffd10 unknown :-1 s=CLOSED pgs=14 cs=0 l=1 rev1=1 rx=0 tx=0).stop
2024-04-23T02:14:14.007 INFO:teuthology.orchestra.run.smithi193.stderr:/usr/bin/ceph:
2024-04-23T02:14:12.995+0000 7ff506cdc700 1 -- 172.21.15.193:0/3146344645 >> 172.21.15.193:0/3146344645 conn(0x7ff5000f76f0 msgr2=0x7ff5000f9b10 unknown :-1 s=STATE_NONE l=0).mark_down
2024-04-23T02:14:14.007 INFO:teuthology.orchestra.run.smithi193.stderr:/usr/bin/ceph:
2024-04-23T02:14:12.995+0000 7ff506cdc700 1 -- 172.21.15.193:0/3146344645 shutdown_connections
2024-04-23T02:14:14.007 INFO:teuthology.orchestra.run.smithi193.stderr:/usr/bin/ceph:
2024-04-23T02:14:12.995+0000 7ff506cdc700 1 -- 172.21.15.193:0/3146344645 wait complete.
2024-04-23T02:14:14.007 INFO:teuthology.orchestra.run.smithi193.stderr:/usr/bin/ceph:
2024-04-23T02:14:12.995+0000 7ff506cdc700 1 Processor -- start
2024-04-23T02:14:14.007 INFO:teuthology.orchestra.run.smithi193.stderr:/usr/bin/ceph:
2024-04-23T02:14:12.995+0000 7ff506cdc700 1 -- start start
2024-04-23T02:14:14.007 INFO:teuthology.orchestra.run.smithi193.stderr:/usr/bin/ceph:
2024-04-23T02:14:12.995+0000 7ff506cdc700 1 --2- >> [v2:172.21.15.193:3300/0,v1:172.21.15.193:6789/0] conn(0x7ff500071b80 0x7ff50010be00 unknown :-1 s=NONE pgs=0 cs=0 l=1 rev1=0 rx=0 tx=0).connect
2024-04-23T02:14:14.007 INFO:teuthology.orchestra.run.smithi193.stderr:/usr/bin/ceph:
2024-04-23T02:14:12.995+0000 7ff506cdc700 1 -- --> [v2:172.21.15.193:3300/0,v1:172.21.15.193:6789/0] -- mon_getmap magic: 0 v1 -- 0x7ff50010c2f0 con 0x7ff500071b80
2024-04-23T02:14:14.007 INFO:teuthology.orchestra.run.smithi193.stderr:/usr/bin/ceph:
2024-04-23T02:14:12.996+0000 7ff504a78700 1 --2- >> [v2:172.21.15.193:3300/0,v1:172.21.15.193:6789/0] conn(0x7ff500071b80 0x7ff50010be00 unknown :-1 s=BANNER_CONNECTING pgs=0 cs=0 l=1 rev1=0 rx=0 tx=0)._handle_peer_banner_payload supported=1 required=0
2024-04-23T02:14:14.007 INFO:teuthology.orchestra.run.smithi193.stderr:/usr/bin/ceph:
2024-04-23T02:14:12.996+0000 7ff504a78700 1 --2- >> [v2:172.21.15.193:3300/0,v1:172.21.15.193:6789/0] conn(0x7ff500071b80 0x7ff50010be00 unknown :-1 s=HELLO_CONNECTING pgs=0 cs=0 l=1 rev1=1 rx=0 tx=0).handle_hello peer v2:172.21.15.193:3300/0 says I am v2:172.21.15.193:45666/0 (socket says 172.21.15.193:45666)
2024-04-23T02:14:14.007 INFO:teuthology.orchestra.run.smithi193.stderr:/usr/bin/ceph:
2024-04-23T02:14:12.996+0000 7ff504a78700 1 -- 172.21.15.193:0/1906455691 learned_addr learned my addr 172.21.15.193:0/1906455691 (peer_addr_for_me v2:172.21.15.193:0/0)
2024-04-23T02:14:14.007 INFO:teuthology.orchestra.run.smithi193.stderr:/usr/bin/ceph:
2024-04-23T02:14:12.996+0000 7ff504a78700 1 -- 172.21.15.193:0/1906455691 --> [v2:172.21.15.193:3300/0,v1:172.21.15.193:6789/0] -- mon_subscribe({config=0+,monmap=0+}) v3 -- 0x7ff4f4009370 con 0x7ff500071b80
2024-04-23T02:14:14.008 INFO:teuthology.orchestra.run.smithi193.stderr:/usr/bin/ceph:
2024-04-23T02:14:12.996+0000 7ff504a78700 1 --2- 172.21.15.193:0/1906455691 >> [v2:172.21.15.193:3300/0,v1:172.21.15.193:6789/0] conn(0x7ff500071b80 0x7ff50010be00 secure :-1 s=READY pgs=15 cs=0 l=1 rev1=1 rx=0x7ff4f400c010 tx=0x7ff4f40090f0).ready entity=mon.0 client_cookie=0 server_cookie=0 in_seq=0 out_seq=0
2024-04-23T02:14:14.008 INFO:teuthology.orchestra.run.smithi193.stderr:/usr/bin/ceph:
2024-04-23T02:14:12.996+0000 7ff4fdffb700 1 -- 172.21.15.193:0/1906455691 <== mon.0 v2:172.21.15.193:3300/0 1 ==== mon_map magic: 0 v1 ==== 229+0+0 (secure 0 0 0) 0x7ff4f401a610 con 0x7ff500071b80
2024-04-23T02:14:14.008 INFO:teuthology.orchestra.run.smithi193.stderr:/usr/bin/ceph:
2024-04-23T02:14:12.996+0000 7ff4fdffb700 1 -- 172.21.15.193:0/1906455691 <== mon.0 v2:172.21.15.193:3300/0 2 ==== config(25 keys) v1 ==== 982+0+0 (secure 0 0 0) 0x7ff4f401abc0 con 0x7ff500071b80
2024-04-23T02:14:14.008 INFO:teuthology.orchestra.run.smithi193.stderr:/usr/bin/ceph:
2024-04-23T02:14:12.996+0000 7ff506cdc700 1 -- 172.21.15.193:0/1906455691 --> [v2:172.21.15.193:3300/0,v1:172.21.15.193:6789/0] -- mon_subscribe({mgrmap=0+}) v3 -- 0x7ff50010c4f0 con 0x7ff500071b80
2024-04-23T02:14:14.008 INFO:teuthology.orchestra.run.smithi193.stderr:/usr/bin/ceph:
2024-04-23T02:14:12.996+0000 7ff4fdffb700 1 -- 172.21.15.193:0/1906455691 <== mon.0 v2:172.21.15.193:3300/0 3 ==== mon_map magic: 0 v1 ==== 229+0+0 (secure 0 0 0) 0x7ff4f4022a20 con 0x7ff500071b80
2024-04-23T02:14:14.008 INFO:teuthology.orchestra.run.smithi193.stderr:/usr/bin/ceph:
2024-04-23T02:14:12.996+0000 7ff506cdc700 1 -- 172.21.15.193:0/1906455691 --> [v2:172.21.15.193:3300/0,v1:172.21.15.193:6789/0] -- mon_subscribe({osdmap=0}) v3 -- 0x7ff50010c900 con 0x7ff500071b80
2024-04-23T02:14:14.008 INFO:teuthology.orchestra.run.smithi193.stderr:/usr/bin/ceph:
2024-04-23T02:14:12.997+0000 7ff4fdffb700 1 -- 172.21.15.193:0/1906455691 <== mon.0 v2:172.21.15.193:3300/0 4 ==== mgrmap(e 4) v1 ==== 38621+0+0 (secure 0 0 0) 0x7ff4f4022ce0 con 0x7ff500071b80
2024-04-23T02:14:14.008 INFO:teuthology.orchestra.run.smithi193.stderr:/usr/bin/ceph:
2024-04-23T02:14:12.997+0000 7ff4fdffb700 1 --2- 172.21.15.193:0/1906455691 >> [v2:172.21.15.193:6800/2019257999,v1:172.21.15.193:6801/2019257999] conn(0x7ff4f0032610 0x7ff4f0034ad0 unknown :-1 s=NONE pgs=0 cs=0 l=1 rev1=0 rx=0 tx=0).connect
2024-04-23T02:14:14.008 INFO:teuthology.orchestra.run.smithi193.stderr:/usr/bin/ceph:
2024-04-23T02:14:12.997+0000 7ff4fdffb700 1 -- 172.21.15.193:0/1906455691 <== mon.0 v2:172.21.15.193:3300/0 5 ==== osd_map(1..1 src has 1..1) v4 ==== 721+0+0 (secure 0 0 0) 0x7ff4f4044770 con 0x7ff500071b80
2024-04-23T02:14:14.008 INFO:teuthology.orchestra.run.smithi193.stderr:/usr/bin/ceph:
2024-04-23T02:14:12.997+0000 7ff506cdc700 1 -- 172.21.15.193:0/1906455691 --> [v2:172.21.15.193:3300/0,v1:172.21.15.193:6789/0] -- mon_command({"prefix": "get_command_descriptions"} v 0) v1 -- 0x7ff500046ce0 con 0x7ff500071b80
2024-04-23T02:14:14.008 INFO:teuthology.orchestra.run.smithi193.stderr:/usr/bin/ceph:
2024-04-23T02:14:12.997+0000 7ff4fffff700 1 --2- 172.21.15.193:0/1906455691 >> [v2:172.21.15.193:6800/2019257999,v1:172.21.15.193:6801/2019257999] conn(0x7ff4f0032610 0x7ff4f0034ad0 unknown :-1 s=BANNER_CONNECTING pgs=0 cs=0 l=1 rev1=0 rx=0 tx=0)._handle_peer_banner_payload supported=1 required=0
2024-04-23T02:14:14.008 INFO:teuthology.orchestra.run.smithi193.stderr:/usr/bin/ceph:
2024-04-23T02:14:12.998+0000 7ff4fffff700 1 --2- 172.21.15.193:0/1906455691 >> [v2:172.21.15.193:6800/2019257999,v1:172.21.15.193:6801/2019257999] conn(0x7ff4f0032610 0x7ff4f0034ad0 secure :-1 s=READY pgs=5 cs=0 l=1 rev1=1 rx=0x7ff4ec009780 tx=0x7ff4ec006cc0).ready entity=mgr.14100 client_cookie=0 server_cookie=0 in_seq=0 out_seq=0
2024-04-23T02:14:14.008 INFO:teuthology.orchestra.run.smithi193.stderr:/usr/bin/ceph:
2024-04-23T02:14:13.002+0000 7ff4fdffb700 1 -- 172.21.15.193:0/1906455691 <== mon.0 v2:172.21.15.193:3300/0 6 ==== mon_command_ack([{"prefix": "get_command_descriptions"}]=0 v0) v1 ==== 72+0+163658 (secure 0 0 0) 0x7ff4f401e070 con 0x7ff500071b80
2024-04-23T02:14:14.008 INFO:teuthology.orchestra.run.smithi193.stderr:/usr/bin/ceph:
2024-04-23T02:14:13.227+0000 7ff506cdc700 1 -- 172.21.15.193:0/1906455691 --> [v2:172.21.15.193:3300/0,v1:172.21.15.193:6789/0] -- mon_command({"prefix": "status", "format": "json-pretty"} v 0) v1 -- 0x7ff500105ca0 con 0x7ff500071b80
2024-04-23T02:14:14.009 INFO:teuthology.orchestra.run.smithi193.stderr:/usr/bin/ceph:
2024-04-23T02:14:13.227+0000 7ff4fdffb700 1 -- 172.21.15.193:0/1906455691 <== mon.0 v2:172.21.15.193:3300/0 7 ==== mon_command_ack([{"prefix": "status", "format": "json-pretty"}]=0 v0) v1 ==== 79+0+1249 (secure 0 0 0) 0x7ff4f4018970 con 0x7ff500071b80
2024-04-23T02:14:14.009 INFO:teuthology.orchestra.run.smithi193.stderr:/usr/bin/ceph:
2024-04-23T02:14:13.229+0000 7ff506cdc700 1 -- 172.21.15.193:0/1906455691 >> [v2:172.21.15.193:6800/2019257999,v1:172.21.15.193:6801/2019257999] conn(0x7ff4f0032610 msgr2=0x7ff4f0034ad0 secure :-1 s=STATE_CONNECTION_ESTABLISHED l=1).mark_down
2024-04-23T02:14:14.009 INFO:teuthology.orchestra.run.smithi193.stderr:/usr/bin/ceph:
2024-04-23T02:14:13.229+0000 7ff506cdc700 1 --2- 172.21.15.193:0/1906455691 >> [v2:172.21.15.193:6800/2019257999,v1:172.21.15.193:6801/2019257999] conn(0x7ff4f0032610 0x7ff4f0034ad0 secure :-1 s=READY pgs=5 cs=0 l=1 rev1=1 rx=0x7ff4ec009780 tx=0x7ff4ec006cc0).stop
2024-04-23T02:14:14.009 INFO:teuthology.orchestra.run.smithi193.stderr:/usr/bin/ceph:
2024-04-23T02:14:13.229+0000 7ff506cdc700 1 -- 172.21.15.193:0/1906455691 >> [v2:172.21.15.193:3300/0,v1:172.21.15.193:6789/0] conn(0x7ff500071b80 msgr2=0x7ff50010be00 secure :-1 s=STATE_CONNECTION_ESTABLISHED l=1).mark_down
2024-04-23T02:14:14.009 INFO:teuthology.orchestra.run.smithi193.stderr:/usr/bin/ceph:
2024-04-23T02:14:13.229+0000 7ff506cdc700 1 --2- 172.21.15.193:0/1906455691 >> [v2:172.21.15.193:3300/0,v1:172.21.15.193:6789/0] conn(0x7ff500071b80 0x7ff50010be00 secure :-1 s=READY pgs=15 cs=0 l=1 rev1=1 rx=0x7ff4f400c010 tx=0x7ff4f40090f0).stop
2024-04-23T02:14:14.009 INFO:teuthology.orchestra.run.smithi193.stderr:/usr/bin/ceph:
2024-04-23T02:14:13.229+0000 7ff506cdc700 1 -- 172.21.15.193:0/1906455691 shutdown_connections
2024-04-23T02:14:14.009 INFO:teuthology.orchestra.run.smithi193.stderr:/usr/bin/ceph:
2024-04-23T02:14:13.229+0000 7ff506cdc700 1 --2- 172.21.15.193:0/1906455691 >> [v2:172.21.15.193:6800/2019257999,v1:172.21.15.193:6801/2019257999] conn(0x7ff4f0032610 0x7ff4f0034ad0 unknown :-1 s=CLOSED pgs=5 cs=0 l=1 rev1=1 rx=0 tx=0).stop
2024-04-23T02:14:14.009 INFO:teuthology.orchestra.run.smithi193.stderr:/usr/bin/ceph:
2024-04-23T02:14:13.229+0000 7ff506cdc700 1 --2- 172.21.15.193:0/1906455691 >> [v2:172.21.15.193:3300/0,v1:172.21.15.193:6789/0] conn(0x7ff500071b80 0x7ff50010be00 unknown :-1 s=CLOSED pgs=15 cs=0 l=1 rev1=1 rx=0 tx=0).stop
2024-04-23T02:14:14.009 INFO:teuthology.orchestra.run.smithi193.stderr:/usr/bin/ceph:
2024-04-23T02:14:13.229+0000 7ff506cdc700 1 -- 172.21.15.193:0/1906455691 >> 172.21.15.193:0/1906455691 conn(0x7ff5000f76f0 msgr2=0x7ff5000f9190 unknown :-1 s=STATE_NONE l=0).mark_down
2024-04-23T02:14:14.009 INFO:teuthology.orchestra.run.smithi193.stderr:/usr/bin/ceph:
2024-04-23T02:14:13.229+0000 7ff506cdc700 1 -- 172.21.15.193:0/1906455691 shutdown_connections
2024-04-23T02:14:14.009 INFO:teuthology.orchestra.run.smithi193.stderr:/usr/bin/ceph:
2024-04-23T02:14:13.229+0000 7ff506cdc700 1 -- 172.21.15.193:0/1906455691 wait complete.
2024-04-23T02:14:14.009 INFO:teuthology.orchestra.run.smithi193.stderr:/usr/bin/ceph:
2024-04-23T02:14:14.009 INFO:teuthology.orchestra.run.smithi193.stderr:/usr/bin/ceph: {
2024-04-23T02:14:14.009 INFO:teuthology.orchestra.run.smithi193.stderr:/usr/bin/ceph: "fsid": "0a452dc0-0117-11ef-bc93-c7b262605968",
2024-04-23T02:14:14.009 INFO:teuthology.orchestra.run.smithi193.stderr:/usr/bin/ceph: "health": {
2024-04-23T02:14:14.010 INFO:teuthology.orchestra.run.smithi193.stderr:/usr/bin/ceph: "status": "HEALTH_OK",
2024-04-23T02:14:14.010 INFO:teuthology.orchestra.run.smithi193.stderr:/usr/bin/ceph: "checks": {},
2024-04-23T02:14:14.010 INFO:teuthology.orchestra.run.smithi193.stderr:/usr/bin/ceph: "mutes": []
2024-04-23T02:14:14.010 INFO:teuthology.orchestra.run.smithi193.stderr:/usr/bin/ceph: },
2024-04-23T02:14:14.010 INFO:teuthology.orchestra.run.smithi193.stderr:/usr/bin/ceph: "election_epoch": 5,
2024-04-23T02:14:14.010 INFO:teuthology.orchestra.run.smithi193.stderr:/usr/bin/ceph: "quorum": [
2024-04-23T02:14:14.010 INFO:teuthology.orchestra.run.smithi193.stderr:/usr/bin/ceph: 0
2024-04-23T02:14:14.010 INFO:teuthology.orchestra.run.smithi193.stderr:/usr/bin/ceph: ],
2024-04-23T02:14:14.010 INFO:teuthology.orchestra.run.smithi193.stderr:/usr/bin/ceph: "quorum_names": [
2024-04-23T02:14:14.010 INFO:teuthology.orchestra.run.smithi193.stderr:/usr/bin/ceph: "smithi193"
2024-04-23T02:14:14.010 INFO:teuthology.orchestra.run.smithi193.stderr:/usr/bin/ceph: ],
2024-04-23T02:14:14.010 INFO:teuthology.orchestra.run.smithi193.stderr:/usr/bin/ceph: "quorum_age": 11,
2024-04-23T02:14:14.010 INFO:teuthology.orchestra.run.smithi193.stderr:/usr/bin/ceph: "monmap": {
2024-04-23T02:14:14.010 INFO:teuthology.orchestra.run.smithi193.stderr:/usr/bin/ceph: "epoch": 1,
2024-04-23T02:14:14.010 INFO:teuthology.orchestra.run.smithi193.stderr:/usr/bin/ceph: "min_mon_release_name": "pacific",
2024-04-23T02:14:14.011 INFO:teuthology.orchestra.run.smithi193.stderr:/usr/bin/ceph: "num_mons": 1
2024-04-23T02:14:14.011 INFO:teuthology.orchestra.run.smithi193.stderr:/usr/bin/ceph: },
2024-04-23T02:14:14.011 INFO:teuthology.orchestra.run.smithi193.stderr:/usr/bin/ceph: "osdmap": {
2024-04-23T02:14:14.011 INFO:teuthology.orchestra.run.smithi193.stderr:/usr/bin/ceph: "epoch": 1,
2024-04-23T02:14:14.011 INFO:teuthology.orchestra.run.smithi193.stderr:/usr/bin/ceph: "num_osds": 0,
2024-04-23T02:14:14.011 INFO:teuthology.orchestra.run.smithi193.stderr:/usr/bin/ceph: "num_up_osds": 0,
2024-04-23T02:14:14.011 INFO:teuthology.orchestra.run.smithi193.stderr:/usr/bin/ceph: "osd_up_since": 0,
2024-04-23T02:14:14.011 INFO:teuthology.orchestra.run.smithi193.stderr:/usr/bin/ceph: "num_in_osds": 0,
2024-04-23T02:14:14.011 INFO:teuthology.orchestra.run.smithi193.stderr:/usr/bin/ceph: "osd_in_since": 0,
2024-04-23T02:14:14.011 INFO:teuthology.orchestra.run.smithi193.stderr:/usr/bin/ceph: "num_remapped_pgs": 0
2024-04-23T02:14:14.011 INFO:teuthology.orchestra.run.smithi193.stderr:/usr/bin/ceph: },
2024-04-23T02:14:14.011 INFO:teuthology.orchestra.run.smithi193.stderr:/usr/bin/ceph: "pgmap": {
2024-04-23T02:14:14.011 INFO:teuthology.orchestra.run.smithi193.stderr:/usr/bin/ceph: "pgs_by_state": [],
2024-04-23T02:14:14.011 INFO:teuthology.orchestra.run.smithi193.stderr:/usr/bin/ceph: "num_pgs": 0,
2024-04-23T02:14:14.012 INFO:teuthology.orchestra.run.smithi193.stderr:/usr/bin/ceph: "num_pools": 0,
2024-04-23T02:14:14.012 INFO:teuthology.orchestra.run.smithi193.stderr:/usr/bin/ceph: "num_objects": 0,
2024-04-23T02:14:14.012 INFO:teuthology.orchestra.run.smithi193.stderr:/usr/bin/ceph: "data_bytes": 0,
2024-04-23T02:14:14.012 INFO:teuthology.orchestra.run.smithi193.stderr:/usr/bin/ceph: "bytes_used": 0,
2024-04-23T02:14:14.012 INFO:teuthology.orchestra.run.smithi193.stderr:/usr/bin/ceph: "bytes_avail": 0,
2024-04-23T02:14:14.012 INFO:teuthology.orchestra.run.smithi193.stderr:/usr/bin/ceph: "bytes_total": 0
2024-04-23T02:14:14.012 INFO:teuthology.orchestra.run.smithi193.stderr:/usr/bin/ceph: },
2024-04-23T02:14:14.012 INFO:teuthology.orchestra.run.smithi193.stderr:/usr/bin/ceph: "fsmap": {
2024-04-23T02:14:14.012 INFO:teuthology.orchestra.run.smithi193.stderr:/usr/bin/ceph: "epoch": 1,
2024-04-23T02:14:14.012 INFO:teuthology.orchestra.run.smithi193.stderr:/usr/bin/ceph: "by_rank": [],
2024-04-23T02:14:14.012 INFO:teuthology.orchestra.run.smithi193.stderr:/usr/bin/ceph: "up:standby": 0
2024-04-23T02:14:14.012 INFO:teuthology.orchestra.run.smithi193.stderr:/usr/bin/ceph: },
2024-04-23T02:14:14.012 INFO:teuthology.orchestra.run.smithi193.stderr:/usr/bin/ceph: "mgrmap": {
2024-04-23T02:14:14.012 INFO:teuthology.orchestra.run.smithi193.stderr:/usr/bin/ceph: "available": true,
2024-04-23T02:14:14.012 INFO:teuthology.orchestra.run.smithi193.stderr:/usr/bin/ceph: "num_standbys": 0,
2024-04-23T02:14:14.012 INFO:teuthology.orchestra.run.smithi193.stderr:/usr/bin/ceph: "modules": [
2024-04-23T02:14:14.013 INFO:teuthology.orchestra.run.smithi193.stderr:/usr/bin/ceph: "iostat",
2024-04-23T02:14:14.013 INFO:teuthology.orchestra.run.smithi193.stderr:/usr/bin/ceph: "nfs",
2024-04-23T02:14:14.013 INFO:teuthology.orchestra.run.smithi193.stderr:/usr/bin/ceph: "restful"
2024-04-23T02:14:14.013 INFO:teuthology.orchestra.run.smithi193.stderr:/usr/bin/ceph: ],
2024-04-23T02:14:14.013 INFO:teuthology.orchestra.run.smithi193.stderr:/usr/bin/ceph: "services": {}
2024-04-23T02:14:14.013 INFO:teuthology.orchestra.run.smithi193.stderr:/usr/bin/ceph: },
2024-04-23T02:14:14.013 INFO:teuthology.orchestra.run.smithi193.stderr:/usr/bin/ceph: "servicemap": {
2024-04-23T02:14:14.013 INFO:teuthology.orchestra.run.smithi193.stderr:/usr/bin/ceph: "epoch": 1,
2024-04-23T02:14:14.013 INFO:teuthology.orchestra.run.smithi193.stderr:/usr/bin/ceph: "modified": "2024-04-23T02:13:54.013743+0000",
2024-04-23T02:14:14.013 INFO:teuthology.orchestra.run.smithi193.stderr:/usr/bin/ceph: "services": {}
2024-04-23T02:14:14.013 INFO:teuthology.orchestra.run.smithi193.stderr:/usr/bin/ceph: },
2024-04-23T02:14:14.013 INFO:teuthology.orchestra.run.smithi193.stderr:/usr/bin/ceph: "progress_events": {}
2024-04-23T02:14:14.013 INFO:teuthology.orchestra.run.smithi193.stderr:/usr/bin/ceph: }
2024-04-23T02:14:14.087 INFO:journalctl@ceph.mon.smithi193.smithi193.stdout:Apr 23 02:14:13 smithi193 ceph-0a452dc0-0117-11ef-bc93-c7b262605968-mon-smithi193[39817]: audit
2024-04-23T02:14:13.228174+0000 mon.smithi193 (mon.0) 24 : audit [DBG] from='client.? 172.21.15.193:0/1906455691' entity='client.admin' cmd=[{"prefix": "status", "format": "json-pretty"}]: dispatch
2024-04-23T02:14:18.920 INFO:teuthology.orchestra.run.smithi193.stderr:mgr is available
2024-04-23T02:14:20.096 INFO:teuthology.orchestra.run.smithi193.stderr:/usr/bin/ceph:
2024-04-23T02:14:20.075+0000 7fa4fdf07700 1 Processor -- start
2024-04-23T02:14:20.097 INFO:teuthology.orchestra.run.smithi193.stderr:/usr/bin/ceph:
2024-04-23T02:14:20.075+0000 7fa4fdf07700 1 -- start start
2024-04-23T02:14:20.097 INFO:teuthology.orchestra.run.smithi193.stderr:/usr/bin/ceph:
2024-04-23T02:14:20.075+0000 7fa4fdf07700 1 --2- >> [v2:172.21.15.193:3300/0,v1:172.21.15.193:6789/0] conn(0x7fa4f8071c00 0x7fa4f80ffc90 unknown :-1 s=NONE pgs=0 cs=0 l=0 rev1=0 rx=0 tx=0).connect
2024-04-23T02:14:20.097 INFO:teuthology.orchestra.run.smithi193.stderr:/usr/bin/ceph:
2024-04-23T02:14:20.075+0000 7fa4fdf07700 1 -- --> [v2:172.21.15.193:3300/0,v1:172.21.15.193:6789/0] -- mon_getmap magic: 0 v1 -- 0x7fa4f8100180 con 0x7fa4f8071c00
2024-04-23T02:14:20.097 INFO:teuthology.orchestra.run.smithi193.stderr:/usr/bin/ceph:
2024-04-23T02:14:20.075+0000 7fa4f77fe700 1 --2- >> [v2:172.21.15.193:3300/0,v1:172.21.15.193:6789/0] conn(0x7fa4f8071c00 0x7fa4f80ffc90 unknown :-1 s=BANNER_CONNECTING pgs=0 cs=0 l=0 rev1=0 rx=0 tx=0)._handle_peer_banner_payload supported=1 required=0
2024-04-23T02:14:20.097 INFO:teuthology.orchestra.run.smithi193.stderr:/usr/bin/ceph:
2024-04-23T02:14:20.075+0000 7fa4f77fe700 1 --2- >> [v2:172.21.15.193:3300/0,v1:172.21.15.193:6789/0] conn(0x7fa4f8071c00 0x7fa4f80ffc90 unknown :-1 s=HELLO_CONNECTING pgs=0 cs=0 l=0 rev1=1 rx=0 tx=0).handle_hello peer v2:172.21.15.193:3300/0 says I am v2:172.21.15.193:39690/0 (socket says 172.21.15.193:39690)
2024-04-23T02:14:20.097 INFO:teuthology.orchestra.run.smithi193.stderr:/usr/bin/ceph:
2024-04-23T02:14:20.075+0000 7fa4f77fe700 1 -- 172.21.15.193:0/1633636946 learned_addr learned my addr 172.21.15.193:0/1633636946 (peer_addr_for_me v2:172.21.15.193:0/0)
2024-04-23T02:14:20.097 INFO:teuthology.orchestra.run.smithi193.stderr:/usr/bin/ceph:
2024-04-23T02:14:20.075+0000 7fa4f77fe700 1 -- 172.21.15.193:0/1633636946 --> [v2:172.21.15.193:3300/0,v1:172.21.15.193:6789/0] -- mon_subscribe({config=0+,monmap=0+}) v3 -- 0x7fa4f81002c0 con 0x7fa4f8071c00
2024-04-23T02:14:20.097 INFO:teuthology.orchestra.run.smithi193.stderr:/usr/bin/ceph:
2024-04-23T02:14:20.076+0000 7fa4f77fe700 1 --2- 172.21.15.193:0/1633636946 >> [v2:172.21.15.193:3300/0,v1:172.21.15.193:6789/0] conn(0x7fa4f8071c00 0x7fa4f80ffc90 secure :-1 s=READY pgs=16 cs=0 l=1 rev1=1 rx=0x7fa4e8009730 tx=0x7fa4e80090f0).ready entity=mon.0 client_cookie=8dfb563927c874a8 server_cookie=0 in_seq=0 out_seq=0
2024-04-23T02:14:20.097 INFO:teuthology.orchestra.run.smithi193.stderr:/usr/bin/ceph:
2024-04-23T02:14:20.076+0000 7fa4f6ffd700 1 -- 172.21.15.193:0/1633636946 <== mon.0 v2:172.21.15.193:3300/0 1 ==== mon_map magic: 0 v1 ==== 229+0+0 (secure 0 0 0) 0x7fa4e800b6e0 con 0x7fa4f8071c00
2024-04-23T02:14:20.097 INFO:teuthology.orchestra.run.smithi193.stderr:/usr/bin/ceph:
2024-04-23T02:14:20.076+0000 7fa4f6ffd700 1 -- 172.21.15.193:0/1633636946 <== mon.0 v2:172.21.15.193:3300/0 2 ==== config(25 keys) v1 ==== 982+0+0 (secure 0 0 0) 0x7fa4e800bc90 con 0x7fa4f8071c00
2024-04-23T02:14:20.097 INFO:teuthology.orchestra.run.smithi193.stderr:/usr/bin/ceph:
2024-04-23T02:14:20.076+0000 7fa4f6ffd700 1 -- 172.21.15.193:0/1633636946 <== mon.0 v2:172.21.15.193:3300/0 3 ==== mon_map magic: 0 v1 ==== 229+0+0 (secure 0 0 0) 0x7fa4e8011c70 con 0x7fa4f8071c00
2024-04-23T02:14:20.098 INFO:teuthology.orchestra.run.smithi193.stderr:/usr/bin/ceph:
2024-04-23T02:14:20.076+0000 7fa4fdf07700 1 -- 172.21.15.193:0/1633636946 >> [v2:172.21.15.193:3300/0,v1:172.21.15.193:6789/0] conn(0x7fa4f8071c00 msgr2=0x7fa4f80ffc90 secure :-1 s=STATE_CONNECTION_ESTABLISHED l=1).mark_down
2024-04-23T02:14:20.098 INFO:teuthology.orchestra.run.smithi193.stderr:/usr/bin/ceph:
2024-04-23T02:14:20.076+0000 7fa4fdf07700 1 --2- 172.21.15.193:0/1633636946 >> [v2:172.21.15.193:3300/0,v1:172.21.15.193:6789/0] conn(0x7fa4f8071c00 0x7fa4f80ffc90 secure :-1 s=READY pgs=16 cs=0 l=1 rev1=1 rx=0x7fa4e8009730 tx=0x7fa4e80090f0).stop
2024-04-23T02:14:20.098 INFO:teuthology.orchestra.run.smithi193.stderr:/usr/bin/ceph:
2024-04-23T02:14:20.076+0000 7fa4fdf07700 1 -- 172.21.15.193:0/1633636946 shutdown_connections
2024-04-23T02:14:20.098 INFO:teuthology.orchestra.run.smithi193.stderr:/usr/bin/ceph:
2024-04-23T02:14:20.076+0000 7fa4fdf07700 1 --2- 172.21.15.193:0/1633636946 >> [v2:172.21.15.193:3300/0,v1:172.21.15.193:6789/0] conn(0x7fa4f8071c00 0x7fa4f80ffc90 unknown :-1 s=CLOSED pgs=16 cs=0 l=1 rev1=1 rx=0 tx=0).stop
2024-04-23T02:14:20.098 INFO:teuthology.orchestra.run.smithi193.stderr:/usr/bin/ceph:
2024-04-23T02:14:20.076+0000 7fa4fdf07700 1 -- 172.21.15.193:0/1633636946 >> 172.21.15.193:0/1633636946 conn(0x7fa4f80f76f0 msgr2=0x7fa4f80f9b10 unknown :-1 s=STATE_NONE l=0).mark_down
2024-04-23T02:14:20.098 INFO:teuthology.orchestra.run.smithi193.stderr:/usr/bin/ceph:
2024-04-23T02:14:20.076+0000 7fa4fdf07700 1 -- 172.21.15.193:0/1633636946 shutdown_connections
2024-04-23T02:14:20.098 INFO:teuthology.orchestra.run.smithi193.stderr:/usr/bin/ceph:
2024-04-23T02:14:20.076+0000 7fa4fdf07700 1 -- 172.21.15.193:0/1633636946 wait complete.
2024-04-23T02:14:20.098 INFO:teuthology.orchestra.run.smithi193.stderr:/usr/bin/ceph:
2024-04-23T02:14:20.077+0000 7fa4fdf07700 1 Processor -- start
2024-04-23T02:14:20.098 INFO:teuthology.orchestra.run.smithi193.stderr:/usr/bin/ceph:
2024-04-23T02:14:20.077+0000 7fa4fdf07700 1 -- start start
2024-04-23T02:14:20.098 INFO:teuthology.orchestra.run.smithi193.stderr:/usr/bin/ceph:
2024-04-23T02:14:20.077+0000 7fa4fdf07700 1 --2- >> [v2:172.21.15.193:3300/0,v1:172.21.15.193:6789/0] conn(0x7fa4f8071c00 0x7fa4f810be50 unknown :-1 s=NONE pgs=0 cs=0 l=1 rev1=0 rx=0 tx=0).connect
2024-04-23T02:14:20.099 INFO:teuthology.orchestra.run.smithi193.stderr:/usr/bin/ceph:
2024-04-23T02:14:20.077+0000 7fa4fdf07700 1 -- --> [v2:172.21.15.193:3300/0,v1:172.21.15.193:6789/0] -- mon_getmap magic: 0 v1 -- 0x7fa4f810c340 con 0x7fa4f8071c00
2024-04-23T02:14:20.099 INFO:teuthology.orchestra.run.smithi193.stderr:/usr/bin/ceph:
2024-04-23T02:14:20.077+0000 7fa4f77fe700 1 --2- >> [v2:172.21.15.193:3300/0,v1:172.21.15.193:6789/0] conn(0x7fa4f8071c00 0x7fa4f810be50 unknown :-1 s=BANNER_CONNECTING pgs=0 cs=0 l=1 rev1=0 rx=0 tx=0)._handle_peer_banner_payload supported=1 required=0
2024-04-23T02:14:20.099 INFO:teuthology.orchestra.run.smithi193.stderr:/usr/bin/ceph:
2024-04-23T02:14:20.077+0000 7fa4f77fe700 1 --2- >> [v2:172.21.15.193:3300/0,v1:172.21.15.193:6789/0] conn(0x7fa4f8071c00 0x7fa4f810be50 unknown :-1 s=HELLO_CONNECTING pgs=0 cs=0 l=1 rev1=1 rx=0 tx=0).handle_hello peer v2:172.21.15.193:3300/0 says I am v2:172.21.15.193:39702/0 (socket says 172.21.15.193:39702)
2024-04-23T02:14:20.099 INFO:teuthology.orchestra.run.smithi193.stderr:/usr/bin/ceph:
2024-04-23T02:14:20.077+0000 7fa4f77fe700 1 -- 172.21.15.193:0/2478225095 learned_addr learned my addr 172.21.15.193:0/2478225095 (peer_addr_for_me v2:172.21.15.193:0/0)
2024-04-23T02:14:20.099 INFO:teuthology.orchestra.run.smithi193.stderr:/usr/bin/ceph:
2024-04-23T02:14:20.077+0000 7fa4f77fe700 1 -- 172.21.15.193:0/2478225095 --> [v2:172.21.15.193:3300/0,v1:172.21.15.193:6789/0] -- mon_subscribe({config=0+,monmap=0+}) v3 -- 0x7fa4e8009370 con 0x7fa4f8071c00
2024-04-23T02:14:20.099 INFO:teuthology.orchestra.run.smithi193.stderr:/usr/bin/ceph:
2024-04-23T02:14:20.078+0000 7fa4f77fe700 1 --2- 172.21.15.193:0/2478225095 >> [v2:172.21.15.193:3300/0,v1:172.21.15.193:6789/0] conn(0x7fa4f8071c00 0x7fa4f810be50 secure :-1 s=READY pgs=17 cs=0 l=1 rev1=1 rx=0x7fa4e8009330 tx=0x7fa4e80090f0).ready entity=mon.0 client_cookie=0 server_cookie=0 in_seq=0 out_seq=0
2024-04-23T02:14:20.099 INFO:teuthology.orchestra.run.smithi193.stderr:/usr/bin/ceph:
2024-04-23T02:14:20.078+0000 7fa4f57fa700 1 -- 172.21.15.193:0/2478225095 <== mon.0 v2:172.21.15.193:3300/0 1 ==== mon_map magic: 0 v1 ==== 229+0+0 (secure 0 0 0) 0x7fa4e801a610 con 0x7fa4f8071c00
2024-04-23T02:14:20.099 INFO:teuthology.orchestra.run.smithi193.stderr:/usr/bin/ceph:
2024-04-23T02:14:20.078+0000 7fa4f57fa700 1 -- 172.21.15.193:0/2478225095 <== mon.0 v2:172.21.15.193:3300/0 2 ==== config(25 keys) v1 ==== 982+0+0 (secure 0 0 0) 0x7fa4e801abc0 con 0x7fa4f8071c00
2024-04-23T02:14:20.099 INFO:teuthology.orchestra.run.smithi193.stderr:/usr/bin/ceph:
2024-04-23T02:14:20.078+0000 7fa4fdf07700 1 -- 172.21.15.193:0/2478225095 --> [v2:172.21.15.193:3300/0,v1:172.21.15.193:6789/0] -- mon_subscribe({mgrmap=0+}) v3 -- 0x7fa4f810c540 con 0x7fa4f8071c00
2024-04-23T02:14:20.099 INFO:teuthology.orchestra.run.smithi193.stderr:/usr/bin/ceph:
2024-04-23T02:14:20.078+0000 7fa4f57fa700 1 -- 172.21.15.193:0/2478225095 <== mon.0 v2:172.21.15.193:3300/0 3 ==== mon_map magic: 0 v1 ==== 229+0+0 (secure 0 0 0) 0x7fa4e8022a30 con 0x7fa4f8071c00
2024-04-23T02:14:20.099 INFO:teuthology.orchestra.run.smithi193.stderr:/usr/bin/ceph:
2024-04-23T02:14:20.078+0000 7fa4fdf07700 1 -- 172.21.15.193:0/2478225095 --> [v2:172.21.15.193:3300/0,v1:172.21.15.193:6789/0] -- mon_subscribe({osdmap=0}) v3 -- 0x7fa4f810c950 con 0x7fa4f8071c00
2024-04-23T02:14:20.099 INFO:teuthology.orchestra.run.smithi193.stderr:/usr/bin/ceph:
2024-04-23T02:14:20.079+0000 7fa4f57fa700 1 -- 172.21.15.193:0/2478225095 <== mon.0 v2:172.21.15.193:3300/0 4 ==== mgrmap(e 4) v1 ==== 38621+0+0 (secure 0 0 0) 0x7fa4e8022cb0 con 0x7fa4f8071c00
2024-04-23T02:14:20.099 INFO:teuthology.orchestra.run.smithi193.stderr:/usr/bin/ceph:
2024-04-23T02:14:20.079+0000 7fa4f57fa700 1 --2- 172.21.15.193:0/2478225095 >> [v2:172.21.15.193:6800/2019257999,v1:172.21.15.193:6801/2019257999] conn(0x7fa4e4032590 0x7fa4e4034a50 unknown :-1 s=NONE pgs=0 cs=0 l=1 rev1=0 rx=0 tx=0).connect
2024-04-23T02:14:20.099 INFO:teuthology.orchestra.run.smithi193.stderr:/usr/bin/ceph:
2024-04-23T02:14:20.079+0000 7fa4f57fa700 1 -- 172.21.15.193:0/2478225095 <== mon.0 v2:172.21.15.193:3300/0 5 ==== osd_map(1..1 src has 1..1) v4 ==== 721+0+0 (secure 0 0 0) 0x7fa4e8044a80 con 0x7fa4f8071c00
2024-04-23T02:14:20.099 INFO:teuthology.orchestra.run.smithi193.stderr:/usr/bin/ceph:
2024-04-23T02:14:20.079+0000 7fa4effff700 1 --2- 172.21.15.193:0/2478225095 >> [v2:172.21.15.193:6800/2019257999,v1:172.21.15.193:6801/2019257999] conn(0x7fa4e4032590 0x7fa4e4034a50 unknown :-1 s=BANNER_CONNECTING pgs=0 cs=0 l=1 rev1=0 rx=0 tx=0)._handle_peer_banner_payload supported=1 required=0
2024-04-23T02:14:20.100 INFO:teuthology.orchestra.run.smithi193.stderr:/usr/bin/ceph:
2024-04-23T02:14:20.079+0000 7fa4fdf07700 1 -- 172.21.15.193:0/2478225095 --> [v2:172.21.15.193:3300/0,v1:172.21.15.193:6789/0] -- mon_command({"prefix": "get_command_descriptions"} v 0) v1 -- 0x7fa4f8046ce0 con 0x7fa4f8071c00
2024-04-23T02:14:20.100 INFO:teuthology.orchestra.run.smithi193.stderr:/usr/bin/ceph:
2024-04-23T02:14:20.079+0000 7fa4effff700 1 --2- 172.21.15.193:0/2478225095 >> [v2:172.21.15.193:6800/2019257999,v1:172.21.15.193:6801/2019257999] conn(0x7fa4e4032590 0x7fa4e4034a50 secure :-1 s=READY pgs=6 cs=0 l=1 rev1=1 rx=0x7fa4e0009780 tx=0x7fa4e0006cc0).ready entity=mgr.14100 client_cookie=0 server_cookie=0 in_seq=0 out_seq=0
2024-04-23T02:14:20.100 INFO:teuthology.orchestra.run.smithi193.stderr:/usr/bin/ceph:
2024-04-23T02:14:20.084+0000 7fa4f57fa700 1 -- 172.21.15.193:0/2478225095 <== mon.0 v2:172.21.15.193:3300/0 6 ==== mon_command_ack([{"prefix": "get_command_descriptions"}]=0 v0) v1 ==== 72+0+163658 (secure 0 0 0) 0x7fa4e8018b50 con 0x7fa4f8071c00
2024-04-23T02:14:20.248 INFO:teuthology.orchestra.run.smithi193.stderr:/usr/bin/ceph:
2024-04-23T02:14:20.244+0000 7fa4fdf07700 1 -- 172.21.15.193:0/2478225095 --> [v2:172.21.15.193:3300/0,v1:172.21.15.193:6789/0] -- mon_command({"prefix": "config assimilate-conf"} v 0) v1 -- 0x7fa4f8100f80 con 0x7fa4f8071c00
2024-04-23T02:14:20.251 INFO:teuthology.orchestra.run.smithi193.stderr:/usr/bin/ceph:
2024-04-23T02:14:20.244+0000 7fa4f57fa700 1 -- 172.21.15.193:0/2478225095 <== mon.0 v2:172.21.15.193:3300/0 7 ==== mon_command_ack([{"prefix": "config assimilate-conf"}]=0 v3) v1 ==== 70+0+398 (secure 0 0 0) 0x7fa4e8032dd0 con 0x7fa4f8071c00
2024-04-23T02:14:20.251 INFO:teuthology.orchestra.run.smithi193.stderr:/usr/bin/ceph:
2024-04-23T02:14:20.251 INFO:teuthology.orchestra.run.smithi193.stderr:/usr/bin/ceph: [global]
2024-04-23T02:14:20.251 INFO:teuthology.orchestra.run.smithi193.stderr:/usr/bin/ceph: fsid = 0a452dc0-0117-11ef-bc93-c7b262605968
2024-04-23T02:14:20.251 INFO:teuthology.orchestra.run.smithi193.stderr:/usr/bin/ceph: log_to_journald = false
2024-04-23T02:14:20.251 INFO:teuthology.orchestra.run.smithi193.stderr:/usr/bin/ceph: mon_osd_allow_pg_remap = true
2024-04-23T02:14:20.251 INFO:teuthology.orchestra.run.smithi193.stderr:/usr/bin/ceph: mon_osd_allow_primary_affinity = true
2024-04-23T02:14:20.251 INFO:teuthology.orchestra.run.smithi193.stderr:/usr/bin/ceph: mon_warn_on_no_sortbitwise = false
2024-04-23T02:14:20.252 INFO:teuthology.orchestra.run.smithi193.stderr:/usr/bin/ceph: osd_crush_chooseleaf_type = 0
2024-04-23T02:14:20.252 INFO:teuthology.orchestra.run.smithi193.stderr:/usr/bin/ceph:
2024-04-23T02:14:20.252 INFO:teuthology.orchestra.run.smithi193.stderr:/usr/bin/ceph: [mgr]
2024-04-23T02:14:20.252 INFO:teuthology.orchestra.run.smithi193.stderr:/usr/bin/ceph: mgr/telemetry/nag = false
2024-04-23T02:14:20.252 INFO:teuthology.orchestra.run.smithi193.stderr:/usr/bin/ceph:
2024-04-23T02:14:20.252 INFO:teuthology.orchestra.run.smithi193.stderr:/usr/bin/ceph: [osd]
2024-04-23T02:14:20.252 INFO:teuthology.orchestra.run.smithi193.stderr:/usr/bin/ceph: mon_osd_backfillfull_ratio = 0.85
2024-04-23T02:14:20.252 INFO:teuthology.orchestra.run.smithi193.stderr:/usr/bin/ceph: mon_osd_full_ratio = 0.9
2024-04-23T02:14:20.252 INFO:teuthology.orchestra.run.smithi193.stderr:/usr/bin/ceph: mon_osd_nearfull_ratio = 0.8
2024-04-23T02:14:20.252 INFO:teuthology.orchestra.run.smithi193.stderr:/usr/bin/ceph: osd_map_max_advance = 10
2024-04-23T02:14:20.252 INFO:teuthology.orchestra.run.smithi193.stderr:/usr/bin/ceph: osd_sloppy_crc = true
2024-04-23T02:14:20.252 INFO:teuthology.orchestra.run.smithi193.stderr:/usr/bin/ceph:
2024-04-23T02:14:20.246+0000 7fa4fdf07700 1 -- 172.21.15.193:0/2478225095 >> [v2:172.21.15.193:6800/2019257999,v1:172.21.15.193:6801/2019257999] conn(0x7fa4e4032590 msgr2=0x7fa4e4034a50 secure :-1 s=STATE_CONNECTION_ESTABLISHED l=1).mark_down
2024-04-23T02:14:20.252 INFO:teuthology.orchestra.run.smithi193.stderr:/usr/bin/ceph:
2024-04-23T02:14:20.246+0000 7fa4fdf07700 1 --2- 172.21.15.193:0/2478225095 >> [v2:172.21.15.193:6800/2019257999,v1:172.21.15.193:6801/2019257999] conn(0x7fa4e4032590 0x7fa4e4034a50 secure :-1 s=READY pgs=6 cs=0 l=1 rev1=1 rx=0x7fa4e0009780 tx=0x7fa4e0006cc0).stop
2024-04-23T02:14:20.252 INFO:teuthology.orchestra.run.smithi193.stderr:/usr/bin/ceph:
2024-04-23T02:14:20.246+0000 7fa4fdf07700 1 -- 172.21.15.193:0/2478225095 >> [v2:172.21.15.193:3300/0,v1:172.21.15.193:6789/0] conn(0x7fa4f8071c00 msgr2=0x7fa4f810be50 secure :-1 s=STATE_CONNECTION_ESTABLISHED l=1).mark_down
2024-04-23T02:14:20.252 INFO:teuthology.orchestra.run.smithi193.stderr:/usr/bin/ceph:
2024-04-23T02:14:20.246+0000 7fa4fdf07700 1 --2- 172.21.15.193:0/2478225095 >> [v2:172.21.15.193:3300/0,v1:172.21.15.193:6789/0] conn(0x7fa4f8071c00 0x7fa4f810be50 secure :-1 s=READY pgs=17 cs=0 l=1 rev1=1 rx=0x7fa4e8009330 tx=0x7fa4e80090f0).stop
2024-04-23T02:14:20.253 INFO:teuthology.orchestra.run.smithi193.stderr:/usr/bin/ceph:
2024-04-23T02:14:20.246+0000 7fa4fdf07700 1 -- 172.21.15.193:0/2478225095 shutdown_connections
2024-04-23T02:14:20.253 INFO:teuthology.orchestra.run.smithi193.stderr:/usr/bin/ceph:
2024-04-23T02:14:20.246+0000 7fa4fdf07700 1 --2- 172.21.15.193:0/2478225095 >> [v2:172.21.15.193:6800/2019257999,v1:172.21.15.193:6801/2019257999] conn(0x7fa4e4032590 0x7fa4e4034a50 unknown :-1 s=CLOSED pgs=6 cs=0 l=1 rev1=1 rx=0 tx=0).stop
2024-04-23T02:14:20.253 INFO:teuthology.orchestra.run.smithi193.stderr:/usr/bin/ceph:
2024-04-23T02:14:20.246+0000 7fa4fdf07700 1 --2- 172.21.15.193:0/2478225095 >> [v2:172.21.15.193:3300/0,v1:172.21.15.193:6789/0] conn(0x7fa4f8071c00 0x7fa4f810be50 unknown :-1 s=CLOSED pgs=17 cs=0 l=1 rev1=1 rx=0 tx=0).stop
2024-04-23T02:14:20.253 INFO:teuthology.orchestra.run.smithi193.stderr:/usr/bin/ceph:
2024-04-23T02:14:20.246+0000 7fa4fdf07700 1 -- 172.21.15.193:0/2478225095 >> 172.21.15.193:0/2478225095 conn(0x7fa4f80f76f0 msgr2=0x7fa4f80f91b0 unknown :-1 s=STATE_NONE l=0).mark_down
2024-04-23T02:14:20.253 INFO:teuthology.orchestra.run.smithi193.stderr:/usr/bin/ceph:
2024-04-23T02:14:20.247+0000 7fa4fdf07700 1 -- 172.21.15.193:0/2478225095 shutdown_connections
2024-04-23T02:14:20.253 INFO:teuthology.orchestra.run.smithi193.stderr:/usr/bin/ceph:
2024-04-23T02:14:20.247+0000 7fa4fdf07700 1 -- 172.21.15.193:0/2478225095 wait complete.
2024-04-23T02:14:20.587 INFO:journalctl@ceph.mon.smithi193.smithi193.stdout:Apr 23 02:14:20 smithi193 ceph-0a452dc0-0117-11ef-bc93-c7b262605968-mon-smithi193[39817]: audit
2024-04-23T02:14:20.245080+0000 mon.smithi193 (mon.0) 25 : audit [INF] from='client.? 172.21.15.193:0/2478225095' entity='client.admin' cmd=[{"prefix": "config assimilate-conf"}]: dispatch
2024-04-23T02:14:20.899 INFO:teuthology.orchestra.run.smithi193.stderr:Enabling cephadm module...
2024-04-23T02:14:21.428 INFO:teuthology.orchestra.run.smithi193.stderr:/usr/bin/ceph:
2024-04-23T02:14:21.421+0000 7f175907a700 1 Processor -- start
2024-04-23T02:14:21.428 INFO:teuthology.orchestra.run.smithi193.stderr:/usr/bin/ceph:
2024-04-23T02:14:21.421+0000 7f175907a700 1 -- start start
2024-04-23T02:14:21.428 INFO:teuthology.orchestra.run.smithi193.stderr:/usr/bin/ceph:
2024-04-23T02:14:21.421+0000 7f175907a700 1 --2- >> [v2:172.21.15.193:3300/0,v1:172.21.15.193:6789/0] conn(0x7f1754071c20 0x7f17540ffc70 unknown :-1 s=NONE pgs=0 cs=0 l=0 rev1=0 rx=0 tx=0).connect
2024-04-23T02:14:21.429 INFO:teuthology.orchestra.run.smithi193.stderr:/usr/bin/ceph:
2024-04-23T02:14:21.421+0000 7f175907a700 1 -- --> [v2:172.21.15.193:3300/0,v1:172.21.15.193:6789/0] -- mon_getmap magic: 0 v1 -- 0x7f1754100160 con 0x7f1754071c20
2024-04-23T02:14:21.429 INFO:teuthology.orchestra.run.smithi193.stderr:/usr/bin/ceph:
2024-04-23T02:14:21.421+0000 7f1752d9d700 1 --2- >> [v2:172.21.15.193:3300/0,v1:172.21.15.193:6789/0] conn(0x7f1754071c20 0x7f17540ffc70 unknown :-1 s=BANNER_CONNECTING pgs=0 cs=0 l=0 rev1=0 rx=0 tx=0)._handle_peer_banner_payload supported=1 required=0
2024-04-23T02:14:21.429 INFO:teuthology.orchestra.run.smithi193.stderr:/usr/bin/ceph:
2024-04-23T02:14:21.421+0000 7f1752d9d700 1 --2- >> [v2:172.21.15.193:3300/0,v1:172.21.15.193:6789/0] conn(0x7f1754071c20 0x7f17540ffc70 unknown :-1 s=HELLO_CONNECTING pgs=0 cs=0 l=0 rev1=1 rx=0 tx=0).handle_hello peer v2:172.21.15.193:3300/0 says I am v2:172.21.15.193:39712/0 (socket says 172.21.15.193:39712)
2024-04-23T02:14:21.429 INFO:teuthology.orchestra.run.smithi193.stderr:/usr/bin/ceph:
2024-04-23T02:14:21.421+0000 7f1752d9d700 1 -- 172.21.15.193:0/2041171755 learned_addr learned my addr 172.21.15.193:0/2041171755 (peer_addr_for_me v2:172.21.15.193:0/0)
2024-04-23T02:14:21.429 INFO:teuthology.orchestra.run.smithi193.stderr:/usr/bin/ceph:
2024-04-23T02:14:21.421+0000 7f1752d9d700 1 -- 172.21.15.193:0/2041171755 --> [v2:172.21.15.193:3300/0,v1:172.21.15.193:6789/0] -- mon_subscribe({config=0+,monmap=0+}) v3 -- 0x7f17541002a0 con 0x7f1754071c20
2024-04-23T02:14:21.429 INFO:teuthology.orchestra.run.smithi193.stderr:/usr/bin/ceph:
2024-04-23T02:14:21.421+0000 7f1752d9d700 1 --2- 172.21.15.193:0/2041171755 >> [v2:172.21.15.193:3300/0,v1:172.21.15.193:6789/0] conn(0x7f1754071c20 0x7f17540ffc70 secure :-1 s=READY pgs=18 cs=0 l=1 rev1=1 rx=0x7f1744009730 tx=0x7f17440090f0).ready entity=mon.0 client_cookie=c4e565dc4d72600c server_cookie=0 in_seq=0 out_seq=0
2024-04-23T02:14:21.429 INFO:teuthology.orchestra.run.smithi193.stderr:/usr/bin/ceph:
2024-04-23T02:14:21.422+0000 7f1751d9b700 1 -- 172.21.15.193:0/2041171755 <== mon.0 v2:172.21.15.193:3300/0 1 ==== mon_map magic: 0 v1 ==== 229+0+0 (secure 0 0 0) 0x7f174400b770 con 0x7f1754071c20
2024-04-23T02:14:21.429 INFO:teuthology.orchestra.run.smithi193.stderr:/usr/bin/ceph:
2024-04-23T02:14:21.422+0000 7f1751d9b700 1 -- 172.21.15.193:0/2041171755 <== mon.0 v2:172.21.15.193:3300/0 2 ==== config(25 keys) v1 ==== 982+0+0 (secure 0 0 0) 0x7f174400bd20 con 0x7f1754071c20
2024-04-23T02:14:21.429 INFO:teuthology.orchestra.run.smithi193.stderr:/usr/bin/ceph:
2024-04-23T02:14:21.422+0000 7f1751d9b700 1 -- 172.21.15.193:0/2041171755 <== mon.0 v2:172.21.15.193:3300/0 3 ==== mon_map magic: 0 v1 ==== 229+0+0 (secure 0 0 0) 0x7f1744011cc0 con 0x7f1754071c20
2024-04-23T02:14:21.429 INFO:teuthology.orchestra.run.smithi193.stderr:/usr/bin/ceph:
2024-04-23T02:14:21.422+0000 7f175907a700 1 -- 172.21.15.193:0/2041171755 >> [v2:172.21.15.193:3300/0,v1:172.21.15.193:6789/0] conn(0x7f1754071c20 msgr2=0x7f17540ffc70 secure :-1 s=STATE_CONNECTION_ESTABLISHED l=1).mark_down
2024-04-23T02:14:21.429 INFO:teuthology.orchestra.run.smithi193.stderr:/usr/bin/ceph:
2024-04-23T02:14:21.422+0000 7f175907a700 1 --2- 172.21.15.193:0/2041171755 >> [v2:172.21.15.193:3300/0,v1:172.21.15.193:6789/0] conn(0x7f1754071c20 0x7f17540ffc70 secure :-1 s=READY pgs=18 cs=0 l=1 rev1=1 rx=0x7f1744009730 tx=0x7f17440090f0).stop
2024-04-23T02:14:21.429 INFO:teuthology.orchestra.run.smithi193.stderr:/usr/bin/ceph:
2024-04-23T02:14:21.422+0000 7f175907a700 1 -- 172.21.15.193:0/2041171755 shutdown_connections
2024-04-23T02:14:21.429 INFO:teuthology.orchestra.run.smithi193.stderr:/usr/bin/ceph:
2024-04-23T02:14:21.422+0000 7f175907a700 1 --2- 172.21.15.193:0/2041171755 >> [v2:172.21.15.193:3300/0,v1:172.21.15.193:6789/0] conn(0x7f1754071c20 0x7f17540ffc70 unknown :-1 s=CLOSED pgs=18 cs=0 l=1 rev1=1 rx=0 tx=0).stop
2024-04-23T02:14:21.429 INFO:teuthology.orchestra.run.smithi193.stderr:/usr/bin/ceph:
2024-04-23T02:14:21.422+0000 7f175907a700 1 -- 172.21.15.193:0/2041171755 >> 172.21.15.193:0/2041171755 conn(0x7f17540f76f0 msgr2=0x7f17540f9b10 unknown :-1 s=STATE_NONE l=0).mark_down
2024-04-23T02:14:21.430 INFO:teuthology.orchestra.run.smithi193.stderr:/usr/bin/ceph:
2024-04-23T02:14:21.422+0000 7f175907a700 1 -- 172.21.15.193:0/2041171755 shutdown_connections
2024-04-23T02:14:21.430 INFO:teuthology.orchestra.run.smithi193.stderr:/usr/bin/ceph:
2024-04-23T02:14:21.422+0000 7f175907a700 1 -- 172.21.15.193:0/2041171755 wait complete.
2024-04-23T02:14:21.430 INFO:teuthology.orchestra.run.smithi193.stderr:/usr/bin/ceph:
2024-04-23T02:14:21.423+0000 7f175907a700 1 Processor -- start
2024-04-23T02:14:21.430 INFO:teuthology.orchestra.run.smithi193.stderr:/usr/bin/ceph:
2024-04-23T02:14:21.423+0000 7f175907a700 1 -- start start
2024-04-23T02:14:21.430 INFO:teuthology.orchestra.run.smithi193.stderr:/usr/bin/ceph:
2024-04-23T02:14:21.423+0000 7f175907a700 1 --2- >> [v2:172.21.15.193:3300/0,v1:172.21.15.193:6789/0] conn(0x7f1754071c20 0x7f175410be10 unknown :-1 s=NONE pgs=0 cs=0 l=1 rev1=0 rx=0 tx=0).connect
2024-04-23T02:14:21.430 INFO:teuthology.orchestra.run.smithi193.stderr:/usr/bin/ceph:
2024-04-23T02:14:21.423+0000 7f175907a700 1 -- --> [v2:172.21.15.193:3300/0,v1:172.21.15.193:6789/0] -- mon_getmap magic: 0 v1 -- 0x7f175410c300 con 0x7f1754071c20
2024-04-23T02:14:21.430 INFO:teuthology.orchestra.run.smithi193.stderr:/usr/bin/ceph:
2024-04-23T02:14:21.423+0000 7f1752d9d700 1 --2- >> [v2:172.21.15.193:3300/0,v1:172.21.15.193:6789/0] conn(0x7f1754071c20 0x7f175410be10 unknown :-1 s=BANNER_CONNECTING pgs=0 cs=0 l=1 rev1=0 rx=0 tx=0)._handle_peer_banner_payload supported=1 required=0
2024-04-23T02:14:21.430 INFO:teuthology.orchestra.run.smithi193.stderr:/usr/bin/ceph:
2024-04-23T02:14:21.423+0000 7f1752d9d700 1 --2- >> [v2:172.21.15.193:3300/0,v1:172.21.15.193:6789/0] conn(0x7f1754071c20 0x7f175410be10 unknown :-1 s=HELLO_CONNECTING pgs=0 cs=0 l=1 rev1=1 rx=0 tx=0).handle_hello peer v2:172.21.15.193:3300/0 says I am v2:172.21.15.193:39718/0 (socket says 172.21.15.193:39718)
2024-04-23T02:14:21.430 INFO:teuthology.orchestra.run.smithi193.stderr:/usr/bin/ceph:
2024-04-23T02:14:21.423+0000 7f1752d9d700 1 -- 172.21.15.193:0/696500515 learned_addr learned my addr 172.21.15.193:0/696500515 (peer_addr_for_me v2:172.21.15.193:0/0)
2024-04-23T02:14:21.430 INFO:teuthology.orchestra.run.smithi193.stderr:/usr/bin/ceph:
2024-04-23T02:14:21.424+0000 7f1752d9d700 1 -- 172.21.15.193:0/696500515 --> [v2:172.21.15.193:3300/0,v1:172.21.15.193:6789/0] -- mon_subscribe({config=0+,monmap=0+}) v3 -- 0x7f1744009370 con 0x7f1754071c20
2024-04-23T02:14:21.430 INFO:teuthology.orchestra.run.smithi193.stderr:/usr/bin/ceph:
