2024-04-23T02:21:23.057+0000 7f130d6d6700 1 --2- 172.21.15.151:0/1876641214 >> [v2:172.21.15.151:6800/971627760,v1:172.21.15.151:6801/971627760] conn(0x7f12f0036790 0x7f12f0038c40 unknown :-1 s=CLOSED pgs=19 cs=0 l=1 rev1=1 crypto rx=0 tx=0 comp rx=0 tx=0).stop
2024-04-23T02:21:23.870 INFO:teuthology.orchestra.run.smithi151.stdout:/usr/bin/ceph: stderr
2024-04-23T02:21:23.057+0000 7f130d6d6700 1 --2- 172.21.15.151:0/1876641214 >> [v2:172.21.15.151:3300/0,v1:172.21.15.151:6789/0] conn(0x7f1308078cb0 0x7f1308113810 unknown :-1 s=CLOSED pgs=60 cs=0 l=1 rev1=1 crypto rx=0 tx=0 comp rx=0 tx=0).stop
2024-04-23T02:21:23.870 INFO:teuthology.orchestra.run.smithi151.stdout:/usr/bin/ceph: stderr
2024-04-23T02:21:23.057+0000 7f130d6d6700 1 -- 172.21.15.151:0/1876641214 >> 172.21.15.151:0/1876641214 conn(0x7f13080fdf80 msgr2=0x7f13080feab0 unknown :-1 s=STATE_NONE l=0).mark_down
2024-04-23T02:21:23.870 INFO:teuthology.orchestra.run.smithi151.stdout:/usr/bin/ceph: stderr
2024-04-23T02:21:23.057+0000 7f130d6d6700 1 -- 172.21.15.151:0/1876641214 shutdown_connections
2024-04-23T02:21:23.870 INFO:teuthology.orchestra.run.smithi151.stdout:/usr/bin/ceph: stderr
2024-04-23T02:21:23.057+0000 7f130d6d6700 1 -- 172.21.15.151:0/1876641214 wait complete.
2024-04-23T02:21:24.881 INFO:journalctl@ceph.mon.smithi151.smithi151.stdout:Apr 23 02:21:24 smithi151 ceph-mon[39805]: pgmap v4: 0 pgs: ; 0 B data, 0 B used, 0 B / 0 B avail
2024-04-23T02:21:25.097 INFO:teuthology.orchestra.run.smithi151.stdout:/usr/bin/ceph: stderr
2024-04-23T02:21:24.402+0000 7f5c2ec48700 1 Processor -- start
2024-04-23T02:21:25.097 INFO:teuthology.orchestra.run.smithi151.stdout:/usr/bin/ceph: stderr
2024-04-23T02:21:24.402+0000 7f5c2ec48700 1 -- start start
2024-04-23T02:21:25.097 INFO:teuthology.orchestra.run.smithi151.stdout:/usr/bin/ceph: stderr
2024-04-23T02:21:24.402+0000 7f5c2ec48700 1 --2- >> [v2:172.21.15.151:3300/0,v1:172.21.15.151:6789/0] conn(0x7f5c281015c0 0x7f5c281019d0 unknown :-1 s=NONE pgs=0 cs=0 l=0 rev1=0 crypto rx=0 tx=0 comp rx=0 tx=0).connect
2024-04-23T02:21:25.097 INFO:teuthology.orchestra.run.smithi151.stdout:/usr/bin/ceph: stderr
2024-04-23T02:21:24.402+0000 7f5c2ec48700 1 -- --> [v2:172.21.15.151:3300/0,v1:172.21.15.151:6789/0] -- mon_getmap magic: 0 v1 -- 0x7f5c28101f10 con 0x7f5c281015c0
2024-04-23T02:21:25.097 INFO:teuthology.orchestra.run.smithi151.stdout:/usr/bin/ceph: stderr
2024-04-23T02:21:24.403+0000 7f5c2c9e4700 1 --2- >> [v2:172.21.15.151:3300/0,v1:172.21.15.151:6789/0] conn(0x7f5c281015c0 0x7f5c281019d0 unknown :-1 s=BANNER_CONNECTING pgs=0 cs=0 l=0 rev1=0 crypto rx=0 tx=0 comp rx=0 tx=0)._handle_peer_banner_payload supported=3 required=0
2024-04-23T02:21:25.097 INFO:teuthology.orchestra.run.smithi151.stdout:/usr/bin/ceph: stderr
2024-04-23T02:21:24.403+0000 7f5c2c9e4700 1 --2- >> [v2:172.21.15.151:3300/0,v1:172.21.15.151:6789/0] conn(0x7f5c281015c0 0x7f5c281019d0 unknown :-1 s=HELLO_CONNECTING pgs=0 cs=0 l=0 rev1=1 crypto rx=0 tx=0 comp rx=0 tx=0).handle_hello peer v2:172.21.15.151:3300/0 says I am v2:172.21.15.151:35270/0 (socket says 172.21.15.151:35270)
2024-04-23T02:21:25.098 INFO:teuthology.orchestra.run.smithi151.stdout:/usr/bin/ceph: stderr
2024-04-23T02:21:24.403+0000 7f5c2c9e4700 1 -- 172.21.15.151:0/552796872 learned_addr learned my addr 172.21.15.151:0/552796872 (peer_addr_for_me v2:172.21.15.151:0/0)
2024-04-23T02:21:25.098 INFO:teuthology.orchestra.run.smithi151.stdout:/usr/bin/ceph: stderr
2024-04-23T02:21:24.403+0000 7f5c2c9e4700 1 -- 172.21.15.151:0/552796872 --> [v2:172.21.15.151:3300/0,v1:172.21.15.151:6789/0] -- mon_subscribe({config=0+,monmap=0+}) v3 -- 0x7f5c28102050 con 0x7f5c281015c0
2024-04-23T02:21:25.098 INFO:teuthology.orchestra.run.smithi151.stdout:/usr/bin/ceph: stderr
2024-04-23T02:21:24.403+0000 7f5c2c9e4700 1 --2- 172.21.15.151:0/552796872 >> [v2:172.21.15.151:3300/0,v1:172.21.15.151:6789/0] conn(0x7f5c281015c0 0x7f5c281019d0 secure :-1 s=READY pgs=61 cs=0 l=1 rev1=1 crypto rx=0x7f5c1c0098e0 tx=0x7f5c1c009250 comp rx=0 tx=0).ready entity=mon.0 client_cookie=6c1e68cad06d2b2 server_cookie=0 in_seq=0 out_seq=0
2024-04-23T02:21:25.098 INFO:teuthology.orchestra.run.smithi151.stdout:/usr/bin/ceph: stderr
2024-04-23T02:21:24.403+0000 7f5c277fe700 1 -- 172.21.15.151:0/552796872 <== mon.0 v2:172.21.15.151:3300/0 1 ==== mon_map magic: 0 v1 ==== 229+0+0 (secure 0 0 0) 0x7f5c1c00b860 con 0x7f5c281015c0
2024-04-23T02:21:25.098 INFO:teuthology.orchestra.run.smithi151.stdout:/usr/bin/ceph: stderr
2024-04-23T02:21:24.403+0000 7f5c277fe700 1 -- 172.21.15.151:0/552796872 <== mon.0 v2:172.21.15.151:3300/0 2 ==== config(26 keys) v1 ==== 1074+0+0 (secure 0 0 0) 0x7f5c1c00be70 con 0x7f5c281015c0
2024-04-23T02:21:25.098 INFO:teuthology.orchestra.run.smithi151.stdout:/usr/bin/ceph: stderr
2024-04-23T02:21:24.403+0000 7f5c277fe700 1 -- 172.21.15.151:0/552796872 <== mon.0 v2:172.21.15.151:3300/0 3 ==== mon_map magic: 0 v1 ==== 229+0+0 (secure 0 0 0) 0x7f5c1c010380 con 0x7f5c281015c0
2024-04-23T02:21:25.098 INFO:teuthology.orchestra.run.smithi151.stdout:/usr/bin/ceph: stderr
2024-04-23T02:21:24.404+0000 7f5c2ec48700 1 -- 172.21.15.151:0/552796872 >> [v2:172.21.15.151:3300/0,v1:172.21.15.151:6789/0] conn(0x7f5c281015c0 msgr2=0x7f5c281019d0 secure :-1 s=STATE_CONNECTION_ESTABLISHED l=1).mark_down
2024-04-23T02:21:25.098 INFO:teuthology.orchestra.run.smithi151.stdout:/usr/bin/ceph: stderr
2024-04-23T02:21:24.404+0000 7f5c2ec48700 1 --2- 172.21.15.151:0/552796872 >> [v2:172.21.15.151:3300/0,v1:172.21.15.151:6789/0] conn(0x7f5c281015c0 0x7f5c281019d0 secure :-1 s=READY pgs=61 cs=0 l=1 rev1=1 crypto rx=0x7f5c1c0098e0 tx=0x7f5c1c009250 comp rx=0 tx=0).stop
2024-04-23T02:21:25.098 INFO:teuthology.orchestra.run.smithi151.stdout:/usr/bin/ceph: stderr
2024-04-23T02:21:24.404+0000 7f5c2ec48700 1 -- 172.21.15.151:0/552796872 shutdown_connections
2024-04-23T02:21:25.099 INFO:teuthology.orchestra.run.smithi151.stdout:/usr/bin/ceph: stderr
2024-04-23T02:21:24.404+0000 7f5c2ec48700 1 --2- 172.21.15.151:0/552796872 >> [v2:172.21.15.151:3300/0,v1:172.21.15.151:6789/0] conn(0x7f5c281015c0 0x7f5c281019d0 unknown :-1 s=CLOSED pgs=61 cs=0 l=1 rev1=1 crypto rx=0 tx=0 comp rx=0 tx=0).stop
2024-04-23T02:21:25.099 INFO:teuthology.orchestra.run.smithi151.stdout:/usr/bin/ceph: stderr
2024-04-23T02:21:24.404+0000 7f5c2ec48700 1 -- 172.21.15.151:0/552796872 >> 172.21.15.151:0/552796872 conn(0x7f5c280fcd00 msgr2=0x7f5c280ff150 unknown :-1 s=STATE_NONE l=0).mark_down
2024-04-23T02:21:25.099 INFO:teuthology.orchestra.run.smithi151.stdout:/usr/bin/ceph: stderr
2024-04-23T02:21:24.404+0000 7f5c2ec48700 1 -- 172.21.15.151:0/552796872 shutdown_connections
2024-04-23T02:21:25.099 INFO:teuthology.orchestra.run.smithi151.stdout:/usr/bin/ceph: stderr
2024-04-23T02:21:24.404+0000 7f5c2ec48700 1 -- 172.21.15.151:0/552796872 wait complete.
2024-04-23T02:21:25.099 INFO:teuthology.orchestra.run.smithi151.stdout:/usr/bin/ceph: stderr
2024-04-23T02:21:24.405+0000 7f5c2ec48700 1 Processor -- start
2024-04-23T02:21:25.099 INFO:teuthology.orchestra.run.smithi151.stdout:/usr/bin/ceph: stderr
2024-04-23T02:21:24.405+0000 7f5c2ec48700 1 -- start start
2024-04-23T02:21:25.099 INFO:teuthology.orchestra.run.smithi151.stdout:/usr/bin/ceph: stderr
2024-04-23T02:21:24.405+0000 7f5c2ec48700 1 --2- >> [v2:172.21.15.151:3300/0,v1:172.21.15.151:6789/0] conn(0x7f5c281015c0 0x7f5c28107520 unknown :-1 s=NONE pgs=0 cs=0 l=1 rev1=0 crypto rx=0 tx=0 comp rx=0 tx=0).connect
2024-04-23T02:21:25.099 INFO:teuthology.orchestra.run.smithi151.stdout:/usr/bin/ceph: stderr
2024-04-23T02:21:24.405+0000 7f5c2ec48700 1 -- --> [v2:172.21.15.151:3300/0,v1:172.21.15.151:6789/0] -- mon_getmap magic: 0 v1 -- 0x7f5c28107a60 con 0x7f5c281015c0
2024-04-23T02:21:25.099 INFO:teuthology.orchestra.run.smithi151.stdout:/usr/bin/ceph: stderr
2024-04-23T02:21:24.405+0000 7f5c2c9e4700 1 --2- >> [v2:172.21.15.151:3300/0,v1:172.21.15.151:6789/0] conn(0x7f5c281015c0 0x7f5c28107520 unknown :-1 s=BANNER_CONNECTING pgs=0 cs=0 l=1 rev1=0 crypto rx=0 tx=0 comp rx=0 tx=0)._handle_peer_banner_payload supported=3 required=0
2024-04-23T02:21:25.099 INFO:teuthology.orchestra.run.smithi151.stdout:/usr/bin/ceph: stderr
2024-04-23T02:21:24.405+0000 7f5c2c9e4700 1 --2- >> [v2:172.21.15.151:3300/0,v1:172.21.15.151:6789/0] conn(0x7f5c281015c0 0x7f5c28107520 unknown :-1 s=HELLO_CONNECTING pgs=0 cs=0 l=1 rev1=1 crypto rx=0 tx=0 comp rx=0 tx=0).handle_hello peer v2:172.21.15.151:3300/0 says I am v2:172.21.15.151:35274/0 (socket says 172.21.15.151:35274)
2024-04-23T02:21:25.099 INFO:teuthology.orchestra.run.smithi151.stdout:/usr/bin/ceph: stderr
2024-04-23T02:21:24.405+0000 7f5c2c9e4700 1 -- 172.21.15.151:0/1713562955 learned_addr learned my addr 172.21.15.151:0/1713562955 (peer_addr_for_me v2:172.21.15.151:0/0)
2024-04-23T02:21:25.099 INFO:teuthology.orchestra.run.smithi151.stdout:/usr/bin/ceph: stderr
2024-04-23T02:21:24.405+0000 7f5c2c9e4700 1 -- 172.21.15.151:0/1713562955 --> [v2:172.21.15.151:3300/0,v1:172.21.15.151:6789/0] -- mon_subscribe({config=0+,monmap=0+}) v3 -- 0x7f5c1c0094f0 con 0x7f5c281015c0
2024-04-23T02:21:25.099 INFO:teuthology.orchestra.run.smithi151.stdout:/usr/bin/ceph: stderr
2024-04-23T02:21:24.405+0000 7f5c2c9e4700 1 --2- 172.21.15.151:0/1713562955 >> [v2:172.21.15.151:3300/0,v1:172.21.15.151:6789/0] conn(0x7f5c281015c0 0x7f5c28107520 secure :-1 s=READY pgs=62 cs=0 l=1 rev1=1 crypto rx=0x7f5c1c0090b0 tx=0x7f5c1c009250 comp rx=0 tx=0).ready entity=mon.0 client_cookie=0 server_cookie=0 in_seq=0 out_seq=0
2024-04-23T02:21:25.099 INFO:teuthology.orchestra.run.smithi151.stdout:/usr/bin/ceph: stderr
2024-04-23T02:21:24.406+0000 7f5c257fa700 1 -- 172.21.15.151:0/1713562955 <== mon.0 v2:172.21.15.151:3300/0 1 ==== mon_map magic: 0 v1 ==== 229+0+0 (secure 0 0 0) 0x7f5c1c010800 con 0x7f5c281015c0
2024-04-23T02:21:25.099 INFO:teuthology.orchestra.run.smithi151.stdout:/usr/bin/ceph: stderr
2024-04-23T02:21:24.406+0000 7f5c257fa700 1 -- 172.21.15.151:0/1713562955 <== mon.0 v2:172.21.15.151:3300/0 2 ==== config(26 keys) v1 ==== 1074+0+0 (secure 0 0 0) 0x7f5c1c010e10 con 0x7f5c281015c0
2024-04-23T02:21:25.100 INFO:teuthology.orchestra.run.smithi151.stdout:/usr/bin/ceph: stderr
2024-04-23T02:21:24.406+0000 7f5c2ec48700 1 -- 172.21.15.151:0/1713562955 --> [v2:172.21.15.151:3300/0,v1:172.21.15.151:6789/0] -- mon_subscribe({mgrmap=0+}) v3 -- 0x7f5c28105ad0 con 0x7f5c281015c0
2024-04-23T02:21:25.100 INFO:teuthology.orchestra.run.smithi151.stdout:/usr/bin/ceph: stderr
2024-04-23T02:21:24.406+0000 7f5c257fa700 1 -- 172.21.15.151:0/1713562955 <== mon.0 v2:172.21.15.151:3300/0 3 ==== mon_map magic: 0 v1 ==== 229+0+0 (secure 0 0 0) 0x7f5c1c01ae60 con 0x7f5c281015c0
2024-04-23T02:21:25.100 INFO:teuthology.orchestra.run.smithi151.stdout:/usr/bin/ceph: stderr
2024-04-23T02:21:24.406+0000 7f5c2ec48700 1 -- 172.21.15.151:0/1713562955 --> [v2:172.21.15.151:3300/0,v1:172.21.15.151:6789/0] -- mon_subscribe({osdmap=0}) v3 -- 0x7f5c28105fc0 con 0x7f5c281015c0
2024-04-23T02:21:25.100 INFO:teuthology.orchestra.run.smithi151.stdout:/usr/bin/ceph: stderr
2024-04-23T02:21:24.406+0000 7f5c257fa700 1 -- 172.21.15.151:0/1713562955 <== mon.0 v2:172.21.15.151:3300/0 4 ==== mgrmap(e 8) v1 ==== 43376+0+0 (secure 0 0 0) 0x7f5c1c02e440 con 0x7f5c281015c0
2024-04-23T02:21:25.100 INFO:teuthology.orchestra.run.smithi151.stdout:/usr/bin/ceph: stderr
2024-04-23T02:21:24.407+0000 7f5c257fa700 1 --2- 172.21.15.151:0/1713562955 >> [v2:172.21.15.151:6800/971627760,v1:172.21.15.151:6801/971627760] conn(0x7f5c180367e0 0x7f5c18038c90 unknown :-1 s=NONE pgs=0 cs=0 l=1 rev1=0 crypto rx=0 tx=0 comp rx=0 tx=0).connect
2024-04-23T02:21:25.100 INFO:teuthology.orchestra.run.smithi151.stdout:/usr/bin/ceph: stderr
2024-04-23T02:21:24.407+0000 7f5c257fa700 1 -- 172.21.15.151:0/1713562955 <== mon.0 v2:172.21.15.151:3300/0 5 ==== osd_map(2..2 src has 1..2) v4 ==== 936+0+0 (secure 0 0 0) 0x7f5c1c04a660 con 0x7f5c281015c0
2024-04-23T02:21:25.100 INFO:teuthology.orchestra.run.smithi151.stdout:/usr/bin/ceph: stderr
2024-04-23T02:21:24.407+0000 7f5c2ec48700 1 -- 172.21.15.151:0/1713562955 --> [v2:172.21.15.151:3300/0,v1:172.21.15.151:6789/0] -- mon_command({"prefix": "get_command_descriptions"} v 0) v1 -- 0x7f5c2804bed0 con 0x7f5c281015c0
2024-04-23T02:21:25.100 INFO:teuthology.orchestra.run.smithi151.stdout:/usr/bin/ceph: stderr
2024-04-23T02:21:24.407+0000 7f5c27fff700 1 --2- 172.21.15.151:0/1713562955 >> [v2:172.21.15.151:6800/971627760,v1:172.21.15.151:6801/971627760] conn(0x7f5c180367e0 0x7f5c18038c90 unknown :-1 s=BANNER_CONNECTING pgs=0 cs=0 l=1 rev1=0 crypto rx=0 tx=0 comp rx=0 tx=0)._handle_peer_banner_payload supported=3 required=0
2024-04-23T02:21:25.100 INFO:teuthology.orchestra.run.smithi151.stdout:/usr/bin/ceph: stderr
2024-04-23T02:21:24.407+0000 7f5c27fff700 1 --2- 172.21.15.151:0/1713562955 >> [v2:172.21.15.151:6800/971627760,v1:172.21.15.151:6801/971627760] conn(0x7f5c180367e0 0x7f5c18038c90 secure :-1 s=READY pgs=20 cs=0 l=1 rev1=1 crypto rx=0x7f5c14009990 tx=0x7f5c14006e40 comp rx=0 tx=0).ready entity=mgr.14118 client_cookie=0 server_cookie=0 in_seq=0 out_seq=0
2024-04-23T02:21:25.100 INFO:teuthology.orchestra.run.smithi151.stdout:/usr/bin/ceph: stderr
2024-04-23T02:21:24.411+0000 7f5c257fa700 1 -- 172.21.15.151:0/1713562955 <== mon.0 v2:172.21.15.151:3300/0 6 ==== mon_command_ack([{"prefix": "get_command_descriptions"}]=0 v0) v1 ==== 72+0+176702 (secure 0 0 0) 0x7f5c1c018940 con 0x7f5c281015c0
2024-04-23T02:21:25.100 INFO:teuthology.orchestra.run.smithi151.stdout:/usr/bin/ceph: stderr
2024-04-23T02:21:24.598+0000 7f5c2ec48700 1 -- 172.21.15.151:0/1713562955 --> [v2:172.21.15.151:3300/0,v1:172.21.15.151:6789/0] -- mon_command([{prefix=config set, name=mgr/dashboard/ssl_server_port}] v 0) v1 -- 0x7f5c281032b0 con 0x7f5c281015c0
2024-04-23T02:21:25.100 INFO:teuthology.orchestra.run.smithi151.stdout:/usr/bin/ceph: stderr
2024-04-23T02:21:24.602+0000 7f5c257fa700 1 -- 172.21.15.151:0/1713562955 <== mon.0 v2:172.21.15.151:3300/0 7 ==== mon_command_ack([{prefix=config set, name=mgr/dashboard/ssl_server_port}]=0 v8)=0 v8) v1 ==== 130+0+0 (secure 0 0 0) 0x7f5c1c048030 con 0x7f5c281015c0
2024-04-23T02:21:25.101 INFO:teuthology.orchestra.run.smithi151.stdout:/usr/bin/ceph: stderr
2024-04-23T02:21:24.604+0000 7f5c2ec48700 1 -- 172.21.15.151:0/1713562955 >> [v2:172.21.15.151:6800/971627760,v1:172.21.15.151:6801/971627760] conn(0x7f5c180367e0 msgr2=0x7f5c18038c90 secure :-1 s=STATE_CONNECTION_ESTABLISHED l=1).mark_down
2024-04-23T02:21:25.101 INFO:teuthology.orchestra.run.smithi151.stdout:/usr/bin/ceph: stderr
2024-04-23T02:21:24.604+0000 7f5c2ec48700 1 --2- 172.21.15.151:0/1713562955 >> [v2:172.21.15.151:6800/971627760,v1:172.21.15.151:6801/971627760] conn(0x7f5c180367e0 0x7f5c18038c90 secure :-1 s=READY pgs=20 cs=0 l=1 rev1=1 crypto rx=0x7f5c14009990 tx=0x7f5c14006e40 comp rx=0 tx=0).stop
2024-04-23T02:21:25.101 INFO:teuthology.orchestra.run.smithi151.stdout:/usr/bin/ceph: stderr
2024-04-23T02:21:24.604+0000 7f5c2ec48700 1 -- 172.21.15.151:0/1713562955 >> [v2:172.21.15.151:3300/0,v1:172.21.15.151:6789/0] conn(0x7f5c281015c0 msgr2=0x7f5c28107520 secure :-1 s=STATE_CONNECTION_ESTABLISHED l=1).mark_down
2024-04-23T02:21:25.101 INFO:teuthology.orchestra.run.smithi151.stdout:/usr/bin/ceph: stderr
2024-04-23T02:21:24.604+0000 7f5c2ec48700 1 --2- 172.21.15.151:0/1713562955 >> [v2:172.21.15.151:3300/0,v1:172.21.15.151:6789/0] conn(0x7f5c281015c0 0x7f5c28107520 secure :-1 s=READY pgs=62 cs=0 l=1 rev1=1 crypto rx=0x7f5c1c0090b0 tx=0x7f5c1c009250 comp rx=0 tx=0).stop
2024-04-23T02:21:25.101 INFO:teuthology.orchestra.run.smithi151.stdout:/usr/bin/ceph: stderr
2024-04-23T02:21:24.604+0000 7f5c2ec48700 1 -- 172.21.15.151:0/1713562955 shutdown_connections
2024-04-23T02:21:25.101 INFO:teuthology.orchestra.run.smithi151.stdout:/usr/bin/ceph: stderr
2024-04-23T02:21:24.604+0000 7f5c2ec48700 1 --2- 172.21.15.151:0/1713562955 >> [v2:172.21.15.151:6800/971627760,v1:172.21.15.151:6801/971627760] conn(0x7f5c180367e0 0x7f5c18038c90 unknown :-1 s=CLOSED pgs=20 cs=0 l=1 rev1=1 crypto rx=0 tx=0 comp rx=0 tx=0).stop
2024-04-23T02:21:25.101 INFO:teuthology.orchestra.run.smithi151.stdout:/usr/bin/ceph: stderr
2024-04-23T02:21:24.604+0000 7f5c2ec48700 1 --2- 172.21.15.151:0/1713562955 >> [v2:172.21.15.151:3300/0,v1:172.21.15.151:6789/0] conn(0x7f5c281015c0 0x7f5c28107520 unknown :-1 s=CLOSED pgs=62 cs=0 l=1 rev1=1 crypto rx=0 tx=0 comp rx=0 tx=0).stop
2024-04-23T02:21:25.101 INFO:teuthology.orchestra.run.smithi151.stdout:/usr/bin/ceph: stderr
2024-04-23T02:21:24.604+0000 7f5c2ec48700 1 -- 172.21.15.151:0/1713562955 >> 172.21.15.151:0/1713562955 conn(0x7f5c280fcd00 msgr2=0x7f5c280fd620 unknown :-1 s=STATE_NONE l=0).mark_down
2024-04-23T02:21:25.101 INFO:teuthology.orchestra.run.smithi151.stdout:/usr/bin/ceph: stderr
2024-04-23T02:21:24.604+0000 7f5c2ec48700 1 -- 172.21.15.151:0/1713562955 shutdown_connections
2024-04-23T02:21:25.101 INFO:teuthology.orchestra.run.smithi151.stdout:/usr/bin/ceph: stderr
2024-04-23T02:21:24.604+0000 7f5c2ec48700 1 -- 172.21.15.151:0/1713562955 wait complete.
2024-04-23T02:21:25.101 INFO:teuthology.orchestra.run.smithi151.stdout:Enabling the dashboard module...
2024-04-23T02:21:25.914 INFO:journalctl@ceph.mon.smithi151.smithi151.stdout:Apr 23 02:21:25 smithi151 ceph-mon[39805]: from='client.? 172.21.15.151:0/1713562955' entity='client.admin'
2024-04-23T02:21:25.914 INFO:journalctl@ceph.mon.smithi151.smithi151.stdout:Apr 23 02:21:25 smithi151 ceph-mon[39805]: pgmap v5: 0 pgs: ; 0 B data, 0 B used, 0 B / 0 B avail
2024-04-23T02:21:26.914 INFO:journalctl@ceph.mon.smithi151.smithi151.stdout:Apr 23 02:21:26 smithi151 ceph-mon[39805]: from='client.? 172.21.15.151:0/3726488298' entity='client.admin' cmd=[{"prefix": "mgr module enable", "module": "dashboard"}]: dispatch
2024-04-23T02:21:27.366 INFO:teuthology.orchestra.run.smithi151.stdout:/usr/bin/ceph: stderr
2024-04-23T02:21:25.619+0000 7f7b687e9700 1 Processor -- start
2024-04-23T02:21:27.366 INFO:teuthology.orchestra.run.smithi151.stdout:/usr/bin/ceph: stderr
2024-04-23T02:21:25.619+0000 7f7b687e9700 1 -- start start
2024-04-23T02:21:27.366 INFO:teuthology.orchestra.run.smithi151.stdout:/usr/bin/ceph: stderr
2024-04-23T02:21:25.620+0000 7f7b687e9700 1 --2- >> [v2:172.21.15.151:3300/0,v1:172.21.15.151:6789/0] conn(0x7f7b60103c30 0x7f7b60104040 unknown :-1 s=NONE pgs=0 cs=0 l=0 rev1=0 crypto rx=0 tx=0 comp rx=0 tx=0).connect
2024-04-23T02:21:27.367 INFO:teuthology.orchestra.run.smithi151.stdout:/usr/bin/ceph: stderr
2024-04-23T02:21:25.620+0000 7f7b687e9700 1 -- --> [v2:172.21.15.151:3300/0,v1:172.21.15.151:6789/0] -- mon_getmap magic: 0 v1 -- 0x7f7b60104580 con 0x7f7b60103c30
2024-04-23T02:21:27.367 INFO:teuthology.orchestra.run.smithi151.stdout:/usr/bin/ceph: stderr
2024-04-23T02:21:25.620+0000 7f7b66585700 1 --2- >> [v2:172.21.15.151:3300/0,v1:172.21.15.151:6789/0] conn(0x7f7b60103c30 0x7f7b60104040 unknown :-1 s=BANNER_CONNECTING pgs=0 cs=0 l=0 rev1=0 crypto rx=0 tx=0 comp rx=0 tx=0)._handle_peer_banner_payload supported=3 required=0
2024-04-23T02:21:27.367 INFO:teuthology.orchestra.run.smithi151.stdout:/usr/bin/ceph: stderr
2024-04-23T02:21:25.620+0000 7f7b66585700 1 --2- >> [v2:172.21.15.151:3300/0,v1:172.21.15.151:6789/0] conn(0x7f7b60103c30 0x7f7b60104040 unknown :-1 s=HELLO_CONNECTING pgs=0 cs=0 l=0 rev1=1 crypto rx=0 tx=0 comp rx=0 tx=0).handle_hello peer v2:172.21.15.151:3300/0 says I am v2:172.21.15.151:35276/0 (socket says 172.21.15.151:35276)
2024-04-23T02:21:27.367 INFO:teuthology.orchestra.run.smithi151.stdout:/usr/bin/ceph: stderr
2024-04-23T02:21:25.620+0000 7f7b66585700 1 -- 172.21.15.151:0/1099199569 learned_addr learned my addr 172.21.15.151:0/1099199569 (peer_addr_for_me v2:172.21.15.151:0/0)
2024-04-23T02:21:27.367 INFO:teuthology.orchestra.run.smithi151.stdout:/usr/bin/ceph: stderr
2024-04-23T02:21:25.620+0000 7f7b66585700 1 -- 172.21.15.151:0/1099199569 --> [v2:172.21.15.151:3300/0,v1:172.21.15.151:6789/0] -- mon_subscribe({config=0+,monmap=0+}) v3 -- 0x7f7b601046c0 con 0x7f7b60103c30
2024-04-23T02:21:27.367 INFO:teuthology.orchestra.run.smithi151.stdout:/usr/bin/ceph: stderr
2024-04-23T02:21:25.620+0000 7f7b66585700 1 --2- 172.21.15.151:0/1099199569 >> [v2:172.21.15.151:3300/0,v1:172.21.15.151:6789/0] conn(0x7f7b60103c30 0x7f7b60104040 secure :-1 s=READY pgs=63 cs=0 l=1 rev1=1 crypto rx=0x7f7b500098e0 tx=0x7f7b50009250 comp rx=0 tx=0).ready entity=mon.0 client_cookie=ec77c44ca415a84e server_cookie=0 in_seq=0 out_seq=0
2024-04-23T02:21:27.367 INFO:teuthology.orchestra.run.smithi151.stdout:/usr/bin/ceph: stderr
2024-04-23T02:21:25.620+0000 7f7b65583700 1 -- 172.21.15.151:0/1099199569 <== mon.0 v2:172.21.15.151:3300/0 1 ==== mon_map magic: 0 v1 ==== 229+0+0 (secure 0 0 0) 0x7f7b5000b860 con 0x7f7b60103c30
2024-04-23T02:21:27.367 INFO:teuthology.orchestra.run.smithi151.stdout:/usr/bin/ceph: stderr
2024-04-23T02:21:25.621+0000 7f7b65583700 1 -- 172.21.15.151:0/1099199569 <== mon.0 v2:172.21.15.151:3300/0 2 ==== config(26 keys) v1 ==== 1074+0+0 (secure 0 0 0) 0x7f7b5000be70 con 0x7f7b60103c30
2024-04-23T02:21:27.367 INFO:teuthology.orchestra.run.smithi151.stdout:/usr/bin/ceph: stderr
2024-04-23T02:21:25.621+0000 7f7b65583700 1 -- 172.21.15.151:0/1099199569 <== mon.0 v2:172.21.15.151:3300/0 3 ==== mon_map magic: 0 v1 ==== 229+0+0 (secure 0 0 0) 0x7f7b50010380 con 0x7f7b60103c30
2024-04-23T02:21:27.367 INFO:teuthology.orchestra.run.smithi151.stdout:/usr/bin/ceph: stderr
2024-04-23T02:21:25.621+0000 7f7b687e9700 1 -- 172.21.15.151:0/1099199569 >> [v2:172.21.15.151:3300/0,v1:172.21.15.151:6789/0] conn(0x7f7b60103c30 msgr2=0x7f7b60104040 secure :-1 s=STATE_CONNECTION_ESTABLISHED l=1).mark_down
2024-04-23T02:21:27.367 INFO:teuthology.orchestra.run.smithi151.stdout:/usr/bin/ceph: stderr
2024-04-23T02:21:25.621+0000 7f7b687e9700 1 --2- 172.21.15.151:0/1099199569 >> [v2:172.21.15.151:3300/0,v1:172.21.15.151:6789/0] conn(0x7f7b60103c30 0x7f7b60104040 secure :-1 s=READY pgs=63 cs=0 l=1 rev1=1 crypto rx=0x7f7b500098e0 tx=0x7f7b50009250 comp rx=0 tx=0).stop
2024-04-23T02:21:27.367 INFO:teuthology.orchestra.run.smithi151.stdout:/usr/bin/ceph: stderr
2024-04-23T02:21:25.621+0000 7f7b687e9700 1 -- 172.21.15.151:0/1099199569 shutdown_connections
2024-04-23T02:21:27.367 INFO:teuthology.orchestra.run.smithi151.stdout:/usr/bin/ceph: stderr
2024-04-23T02:21:25.621+0000 7f7b687e9700 1 --2- 172.21.15.151:0/1099199569 >> [v2:172.21.15.151:3300/0,v1:172.21.15.151:6789/0] conn(0x7f7b60103c30 0x7f7b60104040 unknown :-1 s=CLOSED pgs=63 cs=0 l=1 rev1=1 crypto rx=0 tx=0 comp rx=0 tx=0).stop
2024-04-23T02:21:27.368 INFO:teuthology.orchestra.run.smithi151.stdout:/usr/bin/ceph: stderr
2024-04-23T02:21:25.621+0000 7f7b687e9700 1 -- 172.21.15.151:0/1099199569 >> 172.21.15.151:0/1099199569 conn(0x7f7b600fc450 msgr2=0x7f7b600fe860 unknown :-1 s=STATE_NONE l=0).mark_down
2024-04-23T02:21:27.368 INFO:teuthology.orchestra.run.smithi151.stdout:/usr/bin/ceph: stderr
2024-04-23T02:21:25.621+0000 7f7b687e9700 1 -- 172.21.15.151:0/1099199569 shutdown_connections
2024-04-23T02:21:27.368 INFO:teuthology.orchestra.run.smithi151.stdout:/usr/bin/ceph: stderr
2024-04-23T02:21:25.621+0000 7f7b687e9700 1 -- 172.21.15.151:0/1099199569 wait complete.
2024-04-23T02:21:27.368 INFO:teuthology.orchestra.run.smithi151.stdout:/usr/bin/ceph: stderr
2024-04-23T02:21:25.622+0000 7f7b687e9700 1 Processor -- start
2024-04-23T02:21:27.368 INFO:teuthology.orchestra.run.smithi151.stdout:/usr/bin/ceph: stderr
2024-04-23T02:21:25.622+0000 7f7b687e9700 1 -- start start
2024-04-23T02:21:27.368 INFO:teuthology.orchestra.run.smithi151.stdout:/usr/bin/ceph: stderr
2024-04-23T02:21:25.622+0000 7f7b687e9700 1 --2- >> [v2:172.21.15.151:3300/0,v1:172.21.15.151:6789/0] conn(0x7f7b60103c30 0x7f7b60111450 unknown :-1 s=NONE pgs=0 cs=0 l=1 rev1=0 crypto rx=0 tx=0 comp rx=0 tx=0).connect
2024-04-23T02:21:27.368 INFO:teuthology.orchestra.run.smithi151.stdout:/usr/bin/ceph: stderr
2024-04-23T02:21:25.622+0000 7f7b687e9700 1 -- --> [v2:172.21.15.151:3300/0,v1:172.21.15.151:6789/0] -- mon_getmap magic: 0 v1 -- 0x7f7b60111990 con 0x7f7b60103c30
2024-04-23T02:21:27.368 INFO:teuthology.orchestra.run.smithi151.stdout:/usr/bin/ceph: stderr
2024-04-23T02:21:25.622+0000 7f7b66585700 1 --2- >> [v2:172.21.15.151:3300/0,v1:172.21.15.151:6789/0] conn(0x7f7b60103c30 0x7f7b60111450 unknown :-1 s=BANNER_CONNECTING pgs=0 cs=0 l=1 rev1=0 crypto rx=0 tx=0 comp rx=0 tx=0)._handle_peer_banner_payload supported=3 required=0
2024-04-23T02:21:27.368 INFO:teuthology.orchestra.run.smithi151.stdout:/usr/bin/ceph: stderr
2024-04-23T02:21:25.622+0000 7f7b66585700 1 --2- >> [v2:172.21.15.151:3300/0,v1:172.21.15.151:6789/0] conn(0x7f7b60103c30 0x7f7b60111450 unknown :-1 s=HELLO_CONNECTING pgs=0 cs=0 l=1 rev1=1 crypto rx=0 tx=0 comp rx=0 tx=0).handle_hello peer v2:172.21.15.151:3300/0 says I am v2:172.21.15.151:35290/0 (socket says 172.21.15.151:35290)
2024-04-23T02:21:27.368 INFO:teuthology.orchestra.run.smithi151.stdout:/usr/bin/ceph: stderr
2024-04-23T02:21:25.622+0000 7f7b66585700 1 -- 172.21.15.151:0/3726488298 learned_addr learned my addr 172.21.15.151:0/3726488298 (peer_addr_for_me v2:172.21.15.151:0/0)
2024-04-23T02:21:27.368 INFO:teuthology.orchestra.run.smithi151.stdout:/usr/bin/ceph: stderr
2024-04-23T02:21:25.622+0000 7f7b66585700 1 -- 172.21.15.151:0/3726488298 --> [v2:172.21.15.151:3300/0,v1:172.21.15.151:6789/0] -- mon_subscribe({config=0+,monmap=0+}) v3 -- 0x7f7b500094f0 con 0x7f7b60103c30
2024-04-23T02:21:27.368 INFO:teuthology.orchestra.run.smithi151.stdout:/usr/bin/ceph: stderr
2024-04-23T02:21:25.622+0000 7f7b66585700 1 --2- 172.21.15.151:0/3726488298 >> [v2:172.21.15.151:3300/0,v1:172.21.15.151:6789/0] conn(0x7f7b60103c30 0x7f7b60111450 secure :-1 s=READY pgs=64 cs=0 l=1 rev1=1 crypto rx=0x7f7b50011ca0 tx=0x7f7b50009250 comp rx=0 tx=0).ready entity=mon.0 client_cookie=0 server_cookie=0 in_seq=0 out_seq=0
2024-04-23T02:21:27.368 INFO:teuthology.orchestra.run.smithi151.stdout:/usr/bin/ceph: stderr
2024-04-23T02:21:25.623+0000 7f7b56ffd700 1 -- 172.21.15.151:0/3726488298 <== mon.0 v2:172.21.15.151:3300/0 1 ==== mon_map magic: 0 v1 ==== 229+0+0 (secure 0 0 0) 0x7f7b50010850 con 0x7f7b60103c30
2024-04-23T02:21:27.368 INFO:teuthology.orchestra.run.smithi151.stdout:/usr/bin/ceph: stderr
2024-04-23T02:21:25.623+0000 7f7b687e9700 1 -- 172.21.15.151:0/3726488298 --> [v2:172.21.15.151:3300/0,v1:172.21.15.151:6789/0] -- mon_subscribe({mgrmap=0+}) v3 -- 0x7f7b60111b90 con 0x7f7b60103c30
2024-04-23T02:21:27.369 INFO:teuthology.orchestra.run.smithi151.stdout:/usr/bin/ceph: stderr
2024-04-23T02:21:25.623+0000 7f7b56ffd700 1 -- 172.21.15.151:0/3726488298 <== mon.0 v2:172.21.15.151:3300/0 2 ==== config(26 keys) v1 ==== 1074+0+0 (secure 0 0 0) 0x7f7b50010e60 con 0x7f7b60103c30
2024-04-23T02:21:27.369 INFO:teuthology.orchestra.run.smithi151.stdout:/usr/bin/ceph: stderr
2024-04-23T02:21:25.623+0000 7f7b56ffd700 1 -- 172.21.15.151:0/3726488298 <== mon.0 v2:172.21.15.151:3300/0 3 ==== mon_map magic: 0 v1 ==== 229+0+0 (secure 0 0 0) 0x7f7b5001ae70 con 0x7f7b60103c30
2024-04-23T02:21:27.369 INFO:teuthology.orchestra.run.smithi151.stdout:/usr/bin/ceph: stderr
2024-04-23T02:21:25.623+0000 7f7b687e9700 1 -- 172.21.15.151:0/3726488298 --> [v2:172.21.15.151:3300/0,v1:172.21.15.151:6789/0] -- mon_subscribe({osdmap=0}) v3 -- 0x7f7b60112700 con 0x7f7b60103c30
2024-04-23T02:21:27.369 INFO:teuthology.orchestra.run.smithi151.stdout:/usr/bin/ceph: stderr
2024-04-23T02:21:25.623+0000 7f7b56ffd700 1 -- 172.21.15.151:0/3726488298 <== mon.0 v2:172.21.15.151:3300/0 4 ==== mgrmap(e 8) v1 ==== 43376+0+0 (secure 0 0 0) 0x7f7b500244f0 con 0x7f7b60103c30
2024-04-23T02:21:27.369 INFO:teuthology.orchestra.run.smithi151.stdout:/usr/bin/ceph: stderr
2024-04-23T02:21:25.624+0000 7f7b56ffd700 1 --2- 172.21.15.151:0/3726488298 >> [v2:172.21.15.151:6800/971627760,v1:172.21.15.151:6801/971627760] conn(0x7f7b4c036790 0x7f7b4c038c40 unknown :-1 s=NONE pgs=0 cs=0 l=1 rev1=0 crypto rx=0 tx=0 comp rx=0 tx=0).connect
2024-04-23T02:21:27.369 INFO:teuthology.orchestra.run.smithi151.stdout:/usr/bin/ceph: stderr
2024-04-23T02:21:25.624+0000 7f7b56ffd700 1 -- 172.21.15.151:0/3726488298 <== mon.0 v2:172.21.15.151:3300/0 5 ==== osd_map(2..2 src has 1..2) v4 ==== 936+0+0 (secure 0 0 0) 0x7f7b5004a690 con 0x7f7b60103c30
2024-04-23T02:21:27.369 INFO:teuthology.orchestra.run.smithi151.stdout:/usr/bin/ceph: stderr
2024-04-23T02:21:25.624+0000 7f7b65d84700 1 --2- 172.21.15.151:0/3726488298 >> [v2:172.21.15.151:6800/971627760,v1:172.21.15.151:6801/971627760] conn(0x7f7b4c036790 0x7f7b4c038c40 unknown :-1 s=BANNER_CONNECTING pgs=0 cs=0 l=1 rev1=0 crypto rx=0 tx=0 comp rx=0 tx=0)._handle_peer_banner_payload supported=3 required=0
2024-04-23T02:21:27.369 INFO:teuthology.orchestra.run.smithi151.stdout:/usr/bin/ceph: stderr
2024-04-23T02:21:25.624+0000 7f7b687e9700 1 -- 172.21.15.151:0/3726488298 --> [v2:172.21.15.151:3300/0,v1:172.21.15.151:6789/0] -- mon_command({"prefix": "get_command_descriptions"} v 0) v1 -- 0x7f7b6005f5f0 con 0x7f7b60103c30
2024-04-23T02:21:27.369 INFO:teuthology.orchestra.run.smithi151.stdout:/usr/bin/ceph: stderr
2024-04-23T02:21:25.624+0000 7f7b65d84700 1 --2- 172.21.15.151:0/3726488298 >> [v2:172.21.15.151:6800/971627760,v1:172.21.15.151:6801/971627760] conn(0x7f7b4c036790 0x7f7b4c038c40 secure :-1 s=READY pgs=21 cs=0 l=1 rev1=1 crypto rx=0x7f7b5c009990 tx=0x7f7b5c006e40 comp rx=0 tx=0).ready entity=mgr.14118 client_cookie=0 server_cookie=0 in_seq=0 out_seq=0
2024-04-23T02:21:27.369 INFO:teuthology.orchestra.run.smithi151.stdout:/usr/bin/ceph: stderr
2024-04-23T02:21:25.628+0000 7f7b56ffd700 1 -- 172.21.15.151:0/3726488298 <== mon.0 v2:172.21.15.151:3300/0 6 ==== mon_command_ack([{"prefix": "get_command_descriptions"}]=0 v0) v1 ==== 72+0+176702 (secure 0 0 0) 0x7f7b50018940 con 0x7f7b60103c30
2024-04-23T02:21:27.369 INFO:teuthology.orchestra.run.smithi151.stdout:/usr/bin/ceph: stderr
2024-04-23T02:21:25.865+0000 7f7b687e9700 1 -- 172.21.15.151:0/3726488298 --> [v2:172.21.15.151:3300/0,v1:172.21.15.151:6789/0] -- mon_command({"prefix": "mgr module enable", "module": "dashboard"} v 0) v1 -- 0x7f7b60112940 con 0x7f7b60103c30
2024-04-23T02:21:27.369 INFO:teuthology.orchestra.run.smithi151.stdout:/usr/bin/ceph: stderr
2024-04-23T02:21:26.607+0000 7f7b56ffd700 1 -- 172.21.15.151:0/3726488298 <== mon.0 v2:172.21.15.151:3300/0 7 ==== mgrmap(e 9) v1 ==== 43389+0+0 (secure 0 0 0) 0x7f7b5002ad60 con 0x7f7b60103c30
2024-04-23T02:21:27.369 INFO:teuthology.orchestra.run.smithi151.stdout:/usr/bin/ceph: stderr
2024-04-23T02:21:26.609+0000 7f7b56ffd700 1 -- 172.21.15.151:0/3726488298 <== mon.0 v2:172.21.15.151:3300/0 8 ==== mon_command_ack([{"prefix": "mgr module enable", "module": "dashboard"}]=0 v9) v1 ==== 88+0+0 (secure 0 0 0) 0x7f7b5000f8d0 con 0x7f7b60103c30
2024-04-23T02:21:27.370 INFO:teuthology.orchestra.run.smithi151.stdout:/usr/bin/ceph: stderr
2024-04-23T02:21:26.613+0000 7f7b687e9700 1 -- 172.21.15.151:0/3726488298 >> [v2:172.21.15.151:6800/971627760,v1:172.21.15.151:6801/971627760] conn(0x7f7b4c036790 msgr2=0x7f7b4c038c40 secure :-1 s=STATE_CONNECTION_ESTABLISHED l=1).mark_down
2024-04-23T02:21:27.370 INFO:teuthology.orchestra.run.smithi151.stdout:/usr/bin/ceph: stderr
2024-04-23T02:21:26.613+0000 7f7b687e9700 1 --2- 172.21.15.151:0/3726488298 >> [v2:172.21.15.151:6800/971627760,v1:172.21.15.151:6801/971627760] conn(0x7f7b4c036790 0x7f7b4c038c40 secure :-1 s=READY pgs=21 cs=0 l=1 rev1=1 crypto rx=0x7f7b5c009990 tx=0x7f7b5c006e40 comp rx=0 tx=0).stop
2024-04-23T02:21:27.370 INFO:teuthology.orchestra.run.smithi151.stdout:/usr/bin/ceph: stderr
2024-04-23T02:21:26.613+0000 7f7b687e9700 1 -- 172.21.15.151:0/3726488298 >> [v2:172.21.15.151:3300/0,v1:172.21.15.151:6789/0] conn(0x7f7b60103c30 msgr2=0x7f7b60111450 secure :-1 s=STATE_CONNECTION_ESTABLISHED l=1).mark_down
2024-04-23T02:21:27.370 INFO:teuthology.orchestra.run.smithi151.stdout:/usr/bin/ceph: stderr
2024-04-23T02:21:26.613+0000 7f7b687e9700 1 --2- 172.21.15.151:0/3726488298 >> [v2:172.21.15.151:3300/0,v1:172.21.15.151:6789/0] conn(0x7f7b60103c30 0x7f7b60111450 secure :-1 s=READY pgs=64 cs=0 l=1 rev1=1 crypto rx=0x7f7b50011ca0 tx=0x7f7b50009250 comp rx=0 tx=0).stop
2024-04-23T02:21:27.370 INFO:teuthology.orchestra.run.smithi151.stdout:/usr/bin/ceph: stderr
2024-04-23T02:21:26.613+0000 7f7b687e9700 1 -- 172.21.15.151:0/3726488298 shutdown_connections
2024-04-23T02:21:27.370 INFO:teuthology.orchestra.run.smithi151.stdout:/usr/bin/ceph: stderr
2024-04-23T02:21:26.613+0000 7f7b687e9700 1 --2- 172.21.15.151:0/3726488298 >> [v2:172.21.15.151:6800/971627760,v1:172.21.15.151:6801/971627760] conn(0x7f7b4c036790 0x7f7b4c038c40 unknown :-1 s=CLOSED pgs=21 cs=0 l=1 rev1=1 crypto rx=0 tx=0 comp rx=0 tx=0).stop
2024-04-23T02:21:27.370 INFO:teuthology.orchestra.run.smithi151.stdout:/usr/bin/ceph: stderr
2024-04-23T02:21:26.613+0000 7f7b687e9700 1 --2- 172.21.15.151:0/3726488298 >> [v2:172.21.15.151:3300/0,v1:172.21.15.151:6789/0] conn(0x7f7b60103c30 0x7f7b60111450 unknown :-1 s=CLOSED pgs=64 cs=0 l=1 rev1=1 crypto rx=0 tx=0 comp rx=0 tx=0).stop
2024-04-23T02:21:27.370 INFO:teuthology.orchestra.run.smithi151.stdout:/usr/bin/ceph: stderr
2024-04-23T02:21:26.613+0000 7f7b687e9700 1 -- 172.21.15.151:0/3726488298 >> 172.21.15.151:0/3726488298 conn(0x7f7b600fc450 msgr2=0x7f7b600fcfb0 unknown :-1 s=STATE_NONE l=0).mark_down
2024-04-23T02:21:27.370 INFO:teuthology.orchestra.run.smithi151.stdout:/usr/bin/ceph: stderr
2024-04-23T02:21:26.613+0000 7f7b687e9700 1 -- 172.21.15.151:0/3726488298 shutdown_connections
2024-04-23T02:21:27.370 INFO:teuthology.orchestra.run.smithi151.stdout:/usr/bin/ceph: stderr
2024-04-23T02:21:26.613+0000 7f7b687e9700 1 -- 172.21.15.151:0/3726488298 wait complete.
2024-04-23T02:21:27.913 INFO:journalctl@ceph.mon.smithi151.smithi151.stdout:Apr 23 02:21:27 smithi151 ceph-mon[39805]: from='client.? 172.21.15.151:0/3726488298' entity='client.admin' cmd='[{"prefix": "mgr module enable", "module": "dashboard"}]': finished
2024-04-23T02:21:27.914 INFO:journalctl@ceph.mon.smithi151.smithi151.stdout:Apr 23 02:21:27 smithi151 ceph-mon[39805]: mgrmap e9: smithi151.tpndei(active, since 25s)
2024-04-23T02:21:28.664 INFO:journalctl@ceph.mon.smithi151.smithi151.stdout:Apr 23 02:21:28 smithi151 ceph-mon[39805]: from='client.? 172.21.15.151:0/1399536903' entity='client.admin' cmd=[{"prefix": "mgr stat"}]: dispatch
2024-04-23T02:21:28.811 INFO:teuthology.orchestra.run.smithi151.stdout:/usr/bin/ceph: stdout {
2024-04-23T02:21:28.812 INFO:teuthology.orchestra.run.smithi151.stdout:/usr/bin/ceph: stdout "epoch": 9,
2024-04-23T02:21:28.812 INFO:teuthology.orchestra.run.smithi151.stdout:/usr/bin/ceph: stdout "available": true,
2024-04-23T02:21:28.812 INFO:teuthology.orchestra.run.smithi151.stdout:/usr/bin/ceph: stdout "active_name": "smithi151.tpndei",
2024-04-23T02:21:28.812 INFO:teuthology.orchestra.run.smithi151.stdout:/usr/bin/ceph: stdout "num_standby": 0
2024-04-23T02:21:28.812 INFO:teuthology.orchestra.run.smithi151.stdout:/usr/bin/ceph: stdout }
2024-04-23T02:21:28.812 INFO:teuthology.orchestra.run.smithi151.stdout:/usr/bin/ceph: stderr
2024-04-23T02:21:27.904+0000 7feb9ca6e700 1 Processor -- start
2024-04-23T02:21:28.812 INFO:teuthology.orchestra.run.smithi151.stdout:/usr/bin/ceph: stderr
2024-04-23T02:21:27.904+0000 7feb9ca6e700 1 -- start start
2024-04-23T02:21:28.812 INFO:teuthology.orchestra.run.smithi151.stdout:/usr/bin/ceph: stderr
2024-04-23T02:21:27.904+0000 7feb9ca6e700 1 --2- >> [v2:172.21.15.151:3300/0,v1:172.21.15.151:6789/0] conn(0x7feb98076b80 0x7feb981052a0 unknown :-1 s=NONE pgs=0 cs=0 l=0 rev1=0 crypto rx=0 tx=0 comp rx=0 tx=0).connect
2024-04-23T02:21:28.812 INFO:teuthology.orchestra.run.smithi151.stdout:/usr/bin/ceph: stderr
2024-04-23T02:21:27.904+0000 7feb9ca6e700 1 -- --> [v2:172.21.15.151:3300/0,v1:172.21.15.151:6789/0] -- mon_getmap magic: 0 v1 -- 0x7feb981057e0 con 0x7feb98076b80
2024-04-23T02:21:28.812 INFO:teuthology.orchestra.run.smithi151.stdout:/usr/bin/ceph: stderr
2024-04-23T02:21:27.905+0000 7feb9659c700 1 --2- >> [v2:172.21.15.151:3300/0,v1:172.21.15.151:6789/0] conn(0x7feb98076b80 0x7feb981052a0 unknown :-1 s=BANNER_CONNECTING pgs=0 cs=0 l=0 rev1=0 crypto rx=0 tx=0 comp rx=0 tx=0)._handle_peer_banner_payload supported=3 required=0
2024-04-23T02:21:28.812 INFO:teuthology.orchestra.run.smithi151.stdout:/usr/bin/ceph: stderr
2024-04-23T02:21:27.905+0000 7feb9659c700 1 --2- >> [v2:172.21.15.151:3300/0,v1:172.21.15.151:6789/0] conn(0x7feb98076b80 0x7feb981052a0 unknown :-1 s=HELLO_CONNECTING pgs=0 cs=0 l=0 rev1=1 crypto rx=0 tx=0 comp rx=0 tx=0).handle_hello peer v2:172.21.15.151:3300/0 says I am v2:172.21.15.151:35310/0 (socket says 172.21.15.151:35310)
2024-04-23T02:21:28.812 INFO:teuthology.orchestra.run.smithi151.stdout:/usr/bin/ceph: stderr
2024-04-23T02:21:27.905+0000 7feb9659c700 1 -- 172.21.15.151:0/1790590110 learned_addr learned my addr 172.21.15.151:0/1790590110 (peer_addr_for_me v2:172.21.15.151:0/0)
2024-04-23T02:21:28.813 INFO:teuthology.orchestra.run.smithi151.stdout:/usr/bin/ceph: stderr
2024-04-23T02:21:27.905+0000 7feb9659c700 1 -- 172.21.15.151:0/1790590110 --> [v2:172.21.15.151:3300/0,v1:172.21.15.151:6789/0] -- mon_subscribe({config=0+,monmap=0+}) v3 -- 0x7feb98105920 con 0x7feb98076b80
2024-04-23T02:21:28.813 INFO:teuthology.orchestra.run.smithi151.stdout:/usr/bin/ceph: stderr
2024-04-23T02:21:27.905+0000 7feb9659c700 1 --2- 172.21.15.151:0/1790590110 >> [v2:172.21.15.151:3300/0,v1:172.21.15.151:6789/0] conn(0x7feb98076b80 0x7feb981052a0 secure :-1 s=READY pgs=67 cs=0 l=1 rev1=1 crypto rx=0x7feb880098e0 tx=0x7feb88009250 comp rx=0 tx=0).ready entity=mon.0 client_cookie=3b0af63f2d2e6cb8 server_cookie=0 in_seq=0 out_seq=0
2024-04-23T02:21:28.813 INFO:teuthology.orchestra.run.smithi151.stdout:/usr/bin/ceph: stderr
2024-04-23T02:21:27.905+0000 7feb9559a700 1 -- 172.21.15.151:0/1790590110 <== mon.0 v2:172.21.15.151:3300/0 1 ==== mon_map magic: 0 v1 ==== 229+0+0 (secure 0 0 0) 0x7feb8800b860 con 0x7feb98076b80
2024-04-23T02:21:28.813 INFO:teuthology.orchestra.run.smithi151.stdout:/usr/bin/ceph: stderr
2024-04-23T02:21:27.905+0000 7feb9559a700 1 -- 172.21.15.151:0/1790590110 <== mon.0 v2:172.21.15.151:3300/0 2 ==== config(26 keys) v1 ==== 1074+0+0 (secure 0 0 0) 0x7feb8800be70 con 0x7feb98076b80
2024-04-23T02:21:28.813 INFO:teuthology.orchestra.run.smithi151.stdout:/usr/bin/ceph: stderr
2024-04-23T02:21:27.905+0000 7feb9559a700 1 -- 172.21.15.151:0/1790590110 <== mon.0 v2:172.21.15.151:3300/0 3 ==== mon_map magic: 0 v1 ==== 229+0+0 (secure 0 0 0) 0x7feb88010380 con 0x7feb98076b80
2024-04-23T02:21:28.813 INFO:teuthology.orchestra.run.smithi151.stdout:/usr/bin/ceph: stderr
2024-04-23T02:21:27.906+0000 7feb9ca6e700 1 -- 172.21.15.151:0/1790590110 >> [v2:172.21.15.151:3300/0,v1:172.21.15.151:6789/0] conn(0x7feb98076b80 msgr2=0x7feb981052a0 secure :-1 s=STATE_CONNECTION_ESTABLISHED l=1).mark_down
2024-04-23T02:21:28.813 INFO:teuthology.orchestra.run.smithi151.stdout:/usr/bin/ceph: stderr
2024-04-23T02:21:27.906+0000 7feb9ca6e700 1 --2- 172.21.15.151:0/1790590110 >> [v2:172.21.15.151:3300/0,v1:172.21.15.151:6789/0] conn(0x7feb98076b80 0x7feb981052a0 secure :-1 s=READY pgs=67 cs=0 l=1 rev1=1 crypto rx=0x7feb880098e0 tx=0x7feb88009250 comp rx=0 tx=0).stop
2024-04-23T02:21:28.813 INFO:teuthology.orchestra.run.smithi151.stdout:/usr/bin/ceph: stderr
2024-04-23T02:21:27.906+0000 7feb9ca6e700 1 -- 172.21.15.151:0/1790590110 shutdown_connections
2024-04-23T02:21:28.813 INFO:teuthology.orchestra.run.smithi151.stdout:/usr/bin/ceph: stderr
2024-04-23T02:21:27.906+0000 7feb9ca6e700 1 --2- 172.21.15.151:0/1790590110 >> [v2:172.21.15.151:3300/0,v1:172.21.15.151:6789/0] conn(0x7feb98076b80 0x7feb981052a0 unknown :-1 s=CLOSED pgs=67 cs=0 l=1 rev1=1 crypto rx=0 tx=0 comp rx=0 tx=0).stop
2024-04-23T02:21:28.813 INFO:teuthology.orchestra.run.smithi151.stdout:/usr/bin/ceph: stderr
2024-04-23T02:21:27.906+0000 7feb9ca6e700 1 -- 172.21.15.151:0/1790590110 >> 172.21.15.151:0/1790590110 conn(0x7feb980fccb0 msgr2=0x7feb980ff0e0 unknown :-1 s=STATE_NONE l=0).mark_down
2024-04-23T02:21:28.813 INFO:teuthology.orchestra.run.smithi151.stdout:/usr/bin/ceph: stderr
2024-04-23T02:21:27.906+0000 7feb9ca6e700 1 -- 172.21.15.151:0/1790590110 shutdown_connections
2024-04-23T02:21:28.813 INFO:teuthology.orchestra.run.smithi151.stdout:/usr/bin/ceph: stderr
2024-04-23T02:21:27.906+0000 7feb9ca6e700 1 -- 172.21.15.151:0/1790590110 wait complete.
2024-04-23T02:21:28.813 INFO:teuthology.orchestra.run.smithi151.stdout:/usr/bin/ceph: stderr
2024-04-23T02:21:27.907+0000 7feb9ca6e700 1 Processor -- start
2024-04-23T02:21:28.813 INFO:teuthology.orchestra.run.smithi151.stdout:/usr/bin/ceph: stderr
2024-04-23T02:21:27.907+0000 7feb9ca6e700 1 -- start start
2024-04-23T02:21:28.814 INFO:teuthology.orchestra.run.smithi151.stdout:/usr/bin/ceph: stderr
2024-04-23T02:21:27.907+0000 7feb9ca6e700 1 --2- >> [v2:172.21.15.151:3300/0,v1:172.21.15.151:6789/0] conn(0x7feb98076b80 0x7feb98111410 unknown :-1 s=NONE pgs=0 cs=0 l=1 rev1=0 crypto rx=0 tx=0 comp rx=0 tx=0).connect
2024-04-23T02:21:28.814 INFO:teuthology.orchestra.run.smithi151.stdout:/usr/bin/ceph: stderr
2024-04-23T02:21:27.907+0000 7feb9ca6e700 1 -- --> [v2:172.21.15.151:3300/0,v1:172.21.15.151:6789/0] -- mon_getmap magic: 0 v1 -- 0x7feb98111950 con 0x7feb98076b80
2024-04-23T02:21:28.814 INFO:teuthology.orchestra.run.smithi151.stdout:/usr/bin/ceph: stderr
2024-04-23T02:21:27.907+0000 7feb9659c700 1 --2- >> [v2:172.21.15.151:3300/0,v1:172.21.15.151:6789/0] conn(0x7feb98076b80 0x7feb98111410 unknown :-1 s=BANNER_CONNECTING pgs=0 cs=0 l=1 rev1=0 crypto rx=0 tx=0 comp rx=0 tx=0)._handle_peer_banner_payload supported=3 required=0
2024-04-23T02:21:28.814 INFO:teuthology.orchestra.run.smithi151.stdout:/usr/bin/ceph: stderr
2024-04-23T02:21:27.907+0000 7feb9659c700 1 --2- >> [v2:172.21.15.151:3300/0,v1:172.21.15.151:6789/0] conn(0x7feb98076b80 0x7feb98111410 unknown :-1 s=HELLO_CONNECTING pgs=0 cs=0 l=1 rev1=1 crypto rx=0 tx=0 comp rx=0 tx=0).handle_hello peer v2:172.21.15.151:3300/0 says I am v2:172.21.15.151:35320/0 (socket says 172.21.15.151:35320)
2024-04-23T02:21:28.814 INFO:teuthology.orchestra.run.smithi151.stdout:/usr/bin/ceph: stderr
2024-04-23T02:21:27.907+0000 7feb9659c700 1 -- 172.21.15.151:0/1399536903 learned_addr learned my addr 172.21.15.151:0/1399536903 (peer_addr_for_me v2:172.21.15.151:0/0)
2024-04-23T02:21:28.814 INFO:teuthology.orchestra.run.smithi151.stdout:/usr/bin/ceph: stderr
2024-04-23T02:21:27.907+0000 7feb9659c700 1 -- 172.21.15.151:0/1399536903 --> [v2:172.21.15.151:3300/0,v1:172.21.15.151:6789/0] -- mon_subscribe({config=0+,monmap=0+}) v3 -- 0x7feb880094f0 con 0x7feb98076b80
2024-04-23T02:21:28.814 INFO:teuthology.orchestra.run.smithi151.stdout:/usr/bin/ceph: stderr
2024-04-23T02:21:27.908+0000 7feb9659c700 1 --2- 172.21.15.151:0/1399536903 >> [v2:172.21.15.151:3300/0,v1:172.21.15.151:6789/0] conn(0x7feb98076b80 0x7feb98111410 secure :-1 s=READY pgs=68 cs=0 l=1 rev1=1 crypto rx=0x7feb880094c0 tx=0x7feb88009250 comp rx=0 tx=0).ready entity=mon.0 client_cookie=0 server_cookie=0 in_seq=0 out_seq=0
2024-04-23T02:21:28.814 INFO:teuthology.orchestra.run.smithi151.stdout:/usr/bin/ceph: stderr
2024-04-23T02:21:27.908+0000 7feb86ffd700 1 -- 172.21.15.151:0/1399536903 <== mon.0 v2:172.21.15.151:3300/0 1 ==== mon_map magic: 0 v1 ==== 229+0+0 (secure 0 0 0) 0x7feb88010850 con 0x7feb98076b80
2024-04-23T02:21:28.814 INFO:teuthology.orchestra.run.smithi151.stdout:/usr/bin/ceph: stderr
2024-04-23T02:21:27.908+0000 7feb86ffd700 1 -- 172.21.15.151:0/1399536903 <== mon.0 v2:172.21.15.151:3300/0 2 ==== config(26 keys) v1 ==== 1074+0+0 (secure 0 0 0) 0x7feb88010e60 con 0x7feb98076b80
2024-04-23T02:21:28.814 INFO:teuthology.orchestra.run.smithi151.stdout:/usr/bin/ceph: stderr
2024-04-23T02:21:27.908+0000 7feb86ffd700 1 -- 172.21.15.151:0/1399536903 <== mon.0 v2:172.21.15.151:3300/0 3 ==== mon_map magic: 0 v1 ==== 229+0+0 (secure 0 0 0) 0x7feb8801a430 con 0x7feb98076b80
2024-04-23T02:21:28.814 INFO:teuthology.orchestra.run.smithi151.stdout:/usr/bin/ceph: stderr
2024-04-23T02:21:27.908+0000 7feb9ca6e700 1 -- 172.21.15.151:0/1399536903 --> [v2:172.21.15.151:3300/0,v1:172.21.15.151:6789/0] -- mon_subscribe({mgrmap=0+}) v3 -- 0x7feb98111b50 con 0x7feb98076b80
2024-04-23T02:21:28.814 INFO:teuthology.orchestra.run.smithi151.stdout:/usr/bin/ceph: stderr
2024-04-23T02:21:27.908+0000 7feb9ca6e700 1 -- 172.21.15.151:0/1399536903 --> [v2:172.21.15.151:3300/0,v1:172.21.15.151:6789/0] -- mon_subscribe({osdmap=0}) v3 -- 0x7feb981126c0 con 0x7feb98076b80
2024-04-23T02:21:28.814 INFO:teuthology.orchestra.run.smithi151.stdout:/usr/bin/ceph: stderr
2024-04-23T02:21:27.909+0000 7feb86ffd700 1 -- 172.21.15.151:0/1399536903 <== mon.0 v2:172.21.15.151:3300/0 4 ==== mgrmap(e 9) v1 ==== 43389+0+0 (secure 0 0 0) 0x7feb8801a6b0 con 0x7feb98076b80
2024-04-23T02:21:28.814 INFO:teuthology.orchestra.run.smithi151.stdout:/usr/bin/ceph: stderr
2024-04-23T02:21:27.909+0000 7feb86ffd700 1 --2- 172.21.15.151:0/1399536903 >> [v2:172.21.15.151:6800/971627760,v1:172.21.15.151:6801/971627760] conn(0x7feb800367e0 0x7feb80038c90 unknown :-1 s=NONE pgs=0 cs=0 l=1 rev1=0 crypto rx=0 tx=0 comp rx=0 tx=0).connect
2024-04-23T02:21:28.815 INFO:teuthology.orchestra.run.smithi151.stdout:/usr/bin/ceph: stderr
2024-04-23T02:21:27.909+0000 7feb9ca6e700 1 -- 172.21.15.151:0/1399536903 --> [v2:172.21.15.151:3300/0,v1:172.21.15.151:6789/0] -- mon_command({"prefix": "get_command_descriptions"} v 0) v1 -- 0x7feb9805f5f0 con 0x7feb98076b80
2024-04-23T02:21:28.815 INFO:teuthology.orchestra.run.smithi151.stdout:/usr/bin/ceph: stderr
2024-04-23T02:21:27.909+0000 7feb86ffd700 1 -- 172.21.15.151:0/1399536903 <== mon.0 v2:172.21.15.151:3300/0 5 ==== osd_map(2..2 src has 1..2) v4 ==== 936+0+0 (secure 0 0 0) 0x7feb8804a660 con 0x7feb98076b80
2024-04-23T02:21:28.815 INFO:teuthology.orchestra.run.smithi151.stdout:/usr/bin/ceph: stderr
2024-04-23T02:21:27.909+0000 7feb95d9b700 1 -- 172.21.15.151:0/1399536903 >> [v2:172.21.15.151:6800/971627760,v1:172.21.15.151:6801/971627760] conn(0x7feb800367e0 msgr2=0x7feb80038c90 unknown :-1 s=STATE_CONNECTING_RE l=1).process reconnect failed to v2:172.21.15.151:6800/971627760
2024-04-23T02:21:28.815 INFO:teuthology.orchestra.run.smithi151.stdout:/usr/bin/ceph: stderr
2024-04-23T02:21:27.909+0000 7feb95d9b700 1 --2- 172.21.15.151:0/1399536903 >> [v2:172.21.15.151:6800/971627760,v1:172.21.15.151:6801/971627760] conn(0x7feb800367e0 0x7feb80038c90 unknown :-1 s=START_CONNECT pgs=0 cs=0 l=1 rev1=0 crypto rx=0 tx=0 comp rx=0 tx=0)._fault waiting 0.200000
2024-04-23T02:21:28.815 INFO:teuthology.orchestra.run.smithi151.stdout:/usr/bin/ceph: stderr
2024-04-23T02:21:27.913+0000 7feb86ffd700 1 -- 172.21.15.151:0/1399536903 <== mon.0 v2:172.21.15.151:3300/0 6 ==== mon_command_ack([{"prefix": "get_command_descriptions"}]=0 v0) v1 ==== 72+0+176702 (secure 0 0 0) 0x7feb88022340 con 0x7feb98076b80
2024-04-23T02:21:28.815 INFO:teuthology.orchestra.run.smithi151.stdout:/usr/bin/ceph: stderr
2024-04-23T02:21:28.110+0000 7feb95d9b700 1 -- 172.21.15.151:0/1399536903 >> [v2:172.21.15.151:6800/971627760,v1:172.21.15.151:6801/971627760] conn(0x7feb800367e0 msgr2=0x7feb80038c90 unknown :-1 s=STATE_CONNECTING_RE l=1).process reconnect failed to v2:172.21.15.151:6800/971627760
2024-04-23T02:21:28.815 INFO:teuthology.orchestra.run.smithi151.stdout:/usr/bin/ceph: stderr
2024-04-23T02:21:28.110+0000 7feb95d9b700 1 --2- 172.21.15.151:0/1399536903 >> [v2:172.21.15.151:6800/971627760,v1:172.21.15.151:6801/971627760] conn(0x7feb800367e0 0x7feb80038c90 unknown :-1 s=START_CONNECT pgs=0 cs=0 l=1 rev1=0 crypto rx=0 tx=0 comp rx=0 tx=0)._fault waiting 0.400000
2024-04-23T02:21:28.815 INFO:teuthology.orchestra.run.smithi151.stdout:/usr/bin/ceph: stderr
2024-04-23T02:21:28.160+0000 7feb9ca6e700 1 -- 172.21.15.151:0/1399536903 --> [v2:172.21.15.151:3300/0,v1:172.21.15.151:6789/0] -- mon_command({"prefix": "mgr stat"} v 0) v1 -- 0x7feb98112a00 con 0x7feb98076b80
2024-04-23T02:21:28.815 INFO:teuthology.orchestra.run.smithi151.stdout:/usr/bin/ceph: stderr
2024-04-23T02:21:28.160+0000 7feb86ffd700 1 -- 172.21.15.151:0/1399536903 <== mon.0 v2:172.21.15.151:3300/0 7 ==== mon_command_ack([{"prefix": "mgr stat"}]=0 v9) v1 ==== 56+0+103 (secure 0 0 0) 0x7feb88020e90 con 0x7feb98076b80
2024-04-23T02:21:28.815 INFO:teuthology.orchestra.run.smithi151.stdout:/usr/bin/ceph: stderr
2024-04-23T02:21:28.162+0000 7feb9ca6e700 1 -- 172.21.15.151:0/1399536903 >> [v2:172.21.15.151:6800/971627760,v1:172.21.15.151:6801/971627760] conn(0x7feb800367e0 msgr2=0x7feb80038c90 unknown :-1 s=STATE_CONNECTING l=1).mark_down
2024-04-23T02:21:28.815 INFO:teuthology.orchestra.run.smithi151.stdout:/usr/bin/ceph: stderr
2024-04-23T02:21:28.162+0000 7feb9ca6e700 1 --2- 172.21.15.151:0/1399536903 >> [v2:172.21.15.151:6800/971627760,v1:172.21.15.151:6801/971627760] conn(0x7feb800367e0 0x7feb80038c90 unknown :-1 s=START_CONNECT pgs=0 cs=0 l=1 rev1=0 crypto rx=0 tx=0 comp rx=0 tx=0).stop
2024-04-23T02:21:28.815 INFO:teuthology.orchestra.run.smithi151.stdout:/usr/bin/ceph: stderr
2024-04-23T02:21:28.162+0000 7feb9ca6e700 1 -- 172.21.15.151:0/1399536903 >> [v2:172.21.15.151:3300/0,v1:172.21.15.151:6789/0] conn(0x7feb98076b80 msgr2=0x7feb98111410 secure :-1 s=STATE_CONNECTION_ESTABLISHED l=1).mark_down
2024-04-23T02:21:28.815 INFO:teuthology.orchestra.run.smithi151.stdout:/usr/bin/ceph: stderr
2024-04-23T02:21:28.162+0000 7feb9ca6e700 1 --2- 172.21.15.151:0/1399536903 >> [v2:172.21.15.151:3300/0,v1:172.21.15.151:6789/0] conn(0x7feb98076b80 0x7feb98111410 secure :-1 s=READY pgs=68 cs=0 l=1 rev1=1 crypto rx=0x7feb880094c0 tx=0x7feb88009250 comp rx=0 tx=0).stop
2024-04-23T02:21:28.816 INFO:teuthology.orchestra.run.smithi151.stdout:/usr/bin/ceph: stderr
2024-04-23T02:21:28.162+0000 7feb9ca6e700 1 -- 172.21.15.151:0/1399536903 shutdown_connections
2024-04-23T02:21:28.816 INFO:teuthology.orchestra.run.smithi151.stdout:/usr/bin/ceph: stderr
