2024-04-23T02:21:38.648 INFO:teuthology.orchestra.run.smithi151.stdout:/usr/bin/ceph: stderr
2024-04-23T02:21:36.950+0000 7f7327fc9700 1 --2- 172.21.15.151:0/1818283887 >> [v2:172.21.15.151:3300/0,v1:172.21.15.151:6789/0] conn(0x7f7320102820 0x7f7320102c30 secure :-1 s=READY pgs=80 cs=0 l=1 rev1=1 crypto rx=0x7f731c0098e0 tx=0x7f731c009250 comp rx=0 tx=0).stop
2024-04-23T02:21:38.649 INFO:teuthology.orchestra.run.smithi151.stdout:/usr/bin/ceph: stderr
2024-04-23T02:21:36.950+0000 7f7327fc9700 1 -- 172.21.15.151:0/1818283887 shutdown_connections
2024-04-23T02:21:38.649 INFO:teuthology.orchestra.run.smithi151.stdout:/usr/bin/ceph: stderr
2024-04-23T02:21:36.950+0000 7f7327fc9700 1 --2- 172.21.15.151:0/1818283887 >> [v2:172.21.15.151:3300/0,v1:172.21.15.151:6789/0] conn(0x7f7320102820 0x7f7320102c30 unknown :-1 s=CLOSED pgs=80 cs=0 l=1 rev1=1 crypto rx=0 tx=0 comp rx=0 tx=0).stop
2024-04-23T02:21:38.649 INFO:teuthology.orchestra.run.smithi151.stdout:/usr/bin/ceph: stderr
2024-04-23T02:21:36.950+0000 7f7327fc9700 1 -- 172.21.15.151:0/1818283887 >> 172.21.15.151:0/1818283887 conn(0x7f73200fdf80 msgr2=0x7f73201003b0 unknown :-1 s=STATE_NONE l=0).mark_down
2024-04-23T02:21:38.649 INFO:teuthology.orchestra.run.smithi151.stdout:/usr/bin/ceph: stderr
2024-04-23T02:21:36.950+0000 7f7327fc9700 1 -- 172.21.15.151:0/1818283887 shutdown_connections
2024-04-23T02:21:38.649 INFO:teuthology.orchestra.run.smithi151.stdout:/usr/bin/ceph: stderr
2024-04-23T02:21:36.950+0000 7f7327fc9700 1 -- 172.21.15.151:0/1818283887 wait complete.
2024-04-23T02:21:38.650 INFO:teuthology.orchestra.run.smithi151.stdout:/usr/bin/ceph: stderr
2024-04-23T02:21:36.950+0000 7f7327fc9700 1 Processor -- start
2024-04-23T02:21:38.650 INFO:teuthology.orchestra.run.smithi151.stdout:/usr/bin/ceph: stderr
2024-04-23T02:21:36.950+0000 7f7327fc9700 1 -- start start
2024-04-23T02:21:38.650 INFO:teuthology.orchestra.run.smithi151.stdout:/usr/bin/ceph: stderr
2024-04-23T02:21:36.950+0000 7f7327fc9700 1 --2- >> [v2:172.21.15.151:3300/0,v1:172.21.15.151:6789/0] conn(0x7f7320102820 0x7f73201137d0 unknown :-1 s=NONE pgs=0 cs=0 l=1 rev1=0 crypto rx=0 tx=0 comp rx=0 tx=0).connect
2024-04-23T02:21:38.650 INFO:teuthology.orchestra.run.smithi151.stdout:/usr/bin/ceph: stderr
2024-04-23T02:21:36.950+0000 7f7327fc9700 1 -- --> [v2:172.21.15.151:3300/0,v1:172.21.15.151:6789/0] -- mon_getmap magic: 0 v1 -- 0x7f7320113d10 con 0x7f7320102820
2024-04-23T02:21:38.650 INFO:teuthology.orchestra.run.smithi151.stdout:/usr/bin/ceph: stderr
2024-04-23T02:21:36.951+0000 7f7325d65700 1 --2- >> [v2:172.21.15.151:3300/0,v1:172.21.15.151:6789/0] conn(0x7f7320102820 0x7f73201137d0 unknown :-1 s=BANNER_CONNECTING pgs=0 cs=0 l=1 rev1=0 crypto rx=0 tx=0 comp rx=0 tx=0)._handle_peer_banner_payload supported=3 required=0
2024-04-23T02:21:38.650 INFO:teuthology.orchestra.run.smithi151.stdout:/usr/bin/ceph: stderr
2024-04-23T02:21:36.951+0000 7f7325d65700 1 --2- >> [v2:172.21.15.151:3300/0,v1:172.21.15.151:6789/0] conn(0x7f7320102820 0x7f73201137d0 unknown :-1 s=HELLO_CONNECTING pgs=0 cs=0 l=1 rev1=1 crypto rx=0 tx=0 comp rx=0 tx=0).handle_hello peer v2:172.21.15.151:3300/0 says I am v2:172.21.15.151:33362/0 (socket says 172.21.15.151:33362)
2024-04-23T02:21:38.651 INFO:teuthology.orchestra.run.smithi151.stdout:/usr/bin/ceph: stderr
2024-04-23T02:21:36.951+0000 7f7325d65700 1 -- 172.21.15.151:0/2028497077 learned_addr learned my addr 172.21.15.151:0/2028497077 (peer_addr_for_me v2:172.21.15.151:0/0)
2024-04-23T02:21:38.651 INFO:teuthology.orchestra.run.smithi151.stdout:/usr/bin/ceph: stderr
2024-04-23T02:21:36.951+0000 7f7325d65700 1 -- 172.21.15.151:0/2028497077 --> [v2:172.21.15.151:3300/0,v1:172.21.15.151:6789/0] -- mon_subscribe({config=0+,monmap=0+}) v3 -- 0x7f731c0094f0 con 0x7f7320102820
2024-04-23T02:21:38.651 INFO:teuthology.orchestra.run.smithi151.stdout:/usr/bin/ceph: stderr
2024-04-23T02:21:36.951+0000 7f7325d65700 1 --2- 172.21.15.151:0/2028497077 >> [v2:172.21.15.151:3300/0,v1:172.21.15.151:6789/0] conn(0x7f7320102820 0x7f73201137d0 secure :-1 s=READY pgs=81 cs=0 l=1 rev1=1 crypto rx=0x7f731c00c010 tx=0x7f731c009250 comp rx=0 tx=0).ready entity=mon.0 client_cookie=0 server_cookie=0 in_seq=0 out_seq=0
2024-04-23T02:21:38.651 INFO:teuthology.orchestra.run.smithi151.stdout:/usr/bin/ceph: stderr
2024-04-23T02:21:36.951+0000 7f73167fc700 1 -- 172.21.15.151:0/2028497077 <== mon.0 v2:172.21.15.151:3300/0 1 ==== mon_map magic: 0 v1 ==== 229+0+0 (secure 0 0 0) 0x7f731c010960 con 0x7f7320102820
2024-04-23T02:21:38.651 INFO:teuthology.orchestra.run.smithi151.stdout:/usr/bin/ceph: stderr
2024-04-23T02:21:36.951+0000 7f73167fc700 1 -- 172.21.15.151:0/2028497077 <== mon.0 v2:172.21.15.151:3300/0 2 ==== config(26 keys) v1 ==== 1074+0+0 (secure 0 0 0) 0x7f731c01a430 con 0x7f7320102820
2024-04-23T02:21:38.651 INFO:teuthology.orchestra.run.smithi151.stdout:/usr/bin/ceph: stderr
2024-04-23T02:21:36.951+0000 7f7327fc9700 1 -- 172.21.15.151:0/2028497077 --> [v2:172.21.15.151:3300/0,v1:172.21.15.151:6789/0] -- mon_subscribe({mgrmap=0+}) v3 -- 0x7f7320113f10 con 0x7f7320102820
2024-04-23T02:21:38.651 INFO:teuthology.orchestra.run.smithi151.stdout:/usr/bin/ceph: stderr
2024-04-23T02:21:36.951+0000 7f73167fc700 1 -- 172.21.15.151:0/2028497077 <== mon.0 v2:172.21.15.151:3300/0 3 ==== mon_map magic: 0 v1 ==== 229+0+0 (secure 0 0 0) 0x7f731c019580 con 0x7f7320102820
2024-04-23T02:21:38.652 INFO:teuthology.orchestra.run.smithi151.stdout:/usr/bin/ceph: stderr
2024-04-23T02:21:36.951+0000 7f7327fc9700 1 -- 172.21.15.151:0/2028497077 --> [v2:172.21.15.151:3300/0,v1:172.21.15.151:6789/0] -- mon_subscribe({osdmap=0}) v3 -- 0x7f7320114a80 con 0x7f7320102820
2024-04-23T02:21:38.652 INFO:teuthology.orchestra.run.smithi151.stdout:/usr/bin/ceph: stderr
2024-04-23T02:21:36.952+0000 7f73167fc700 1 -- 172.21.15.151:0/2028497077 <== mon.0 v2:172.21.15.151:3300/0 4 ==== mgrmap(e 12) v1 ==== 43389+0+0 (secure 0 0 0) 0x7f731c0197b0 con 0x7f7320102820
2024-04-23T02:21:38.652 INFO:teuthology.orchestra.run.smithi151.stdout:/usr/bin/ceph: stderr
2024-04-23T02:21:36.952+0000 7f73167fc700 1 --2- 172.21.15.151:0/2028497077 >> [v2:172.21.15.151:6800/3378761678,v1:172.21.15.151:6801/3378761678] conn(0x7f730c036830 0x7f730c038ce0 unknown :-1 s=NONE pgs=0 cs=0 l=1 rev1=0 crypto rx=0 tx=0 comp rx=0 tx=0).connect
2024-04-23T02:21:38.652 INFO:teuthology.orchestra.run.smithi151.stdout:/usr/bin/ceph: stderr
2024-04-23T02:21:36.952+0000 7f73167fc700 1 -- 172.21.15.151:0/2028497077 <== mon.0 v2:172.21.15.151:3300/0 5 ==== osd_map(3..3 src has 1..3) v4 ==== 1151+0+0 (secure 0 0 0) 0x7f731c01a980 con 0x7f7320102820
2024-04-23T02:21:38.652 INFO:teuthology.orchestra.run.smithi151.stdout:/usr/bin/ceph: stderr
2024-04-23T02:21:36.952+0000 7f7325564700 1 --2- 172.21.15.151:0/2028497077 >> [v2:172.21.15.151:6800/3378761678,v1:172.21.15.151:6801/3378761678] conn(0x7f730c036830 0x7f730c038ce0 unknown :-1 s=BANNER_CONNECTING pgs=0 cs=0 l=1 rev1=0 crypto rx=0 tx=0 comp rx=0 tx=0)._handle_peer_banner_payload supported=3 required=0
2024-04-23T02:21:38.652 INFO:teuthology.orchestra.run.smithi151.stdout:/usr/bin/ceph: stderr
2024-04-23T02:21:36.952+0000 7f7327fc9700 1 -- 172.21.15.151:0/2028497077 --> [v2:172.21.15.151:3300/0,v1:172.21.15.151:6789/0] -- mon_command({"prefix": "get_command_descriptions"} v 0) v1 -- 0x7f732005f5f0 con 0x7f7320102820
2024-04-23T02:21:38.652 INFO:teuthology.orchestra.run.smithi151.stdout:/usr/bin/ceph: stderr
2024-04-23T02:21:36.953+0000 7f7325564700 1 --2- 172.21.15.151:0/2028497077 >> [v2:172.21.15.151:6800/3378761678,v1:172.21.15.151:6801/3378761678] conn(0x7f730c036830 0x7f730c038ce0 secure :-1 s=READY pgs=8 cs=0 l=1 rev1=1 crypto rx=0x7f7310009990 tx=0x7f7310006e40 comp rx=0 tx=0).ready entity=mgr.14160 client_cookie=0 server_cookie=0 in_seq=0 out_seq=0
2024-04-23T02:21:38.652 INFO:teuthology.orchestra.run.smithi151.stdout:/usr/bin/ceph: stderr
2024-04-23T02:21:36.957+0000 7f73167fc700 1 -- 172.21.15.151:0/2028497077 <== mon.0 v2:172.21.15.151:3300/0 6 ==== mon_command_ack([{"prefix": "get_command_descriptions"}]=0 v0) v1 ==== 72+0+176702 (secure 0 0 0) 0x7f731c019b50 con 0x7f7320102820
2024-04-23T02:21:38.652 INFO:teuthology.orchestra.run.smithi151.stdout:/usr/bin/ceph: stderr
2024-04-23T02:21:37.162+0000 7f7327fc9700 1 -- 172.21.15.151:0/2028497077 --> [v2:172.21.15.151:6800/3378761678,v1:172.21.15.151:6801/3378761678] -- mgr_command(tid 0: {"prefix": "dashboard ac-user-create", "username": "admin", "rolename": "administrator", "force_password": true, "pwd_update_required": true, "target": ["mon-mgr", ""]}) v1 -- 0x7f732004bed0 con 0x7f730c036830
2024-04-23T02:21:38.652 INFO:teuthology.orchestra.run.smithi151.stdout:/usr/bin/ceph: stderr
2024-04-23T02:21:37.387+0000 7f73167fc700 1 -- 172.21.15.151:0/2028497077 <== mgr.14160 v2:172.21.15.151:6800/3378761678 1 ==== mgr_command_reply(tid 0: 0 ) v1 ==== 8+0+252 (secure 0 0 0) 0x7f732004bed0 con 0x7f730c036830
2024-04-23T02:21:38.653 INFO:teuthology.orchestra.run.smithi151.stdout:/usr/bin/ceph: stderr
2024-04-23T02:21:37.389+0000 7f7327fc9700 1 -- 172.21.15.151:0/2028497077 >> [v2:172.21.15.151:6800/3378761678,v1:172.21.15.151:6801/3378761678] conn(0x7f730c036830 msgr2=0x7f730c038ce0 secure :-1 s=STATE_CONNECTION_ESTABLISHED l=1).mark_down
2024-04-23T02:21:38.653 INFO:teuthology.orchestra.run.smithi151.stdout:/usr/bin/ceph: stderr
2024-04-23T02:21:37.389+0000 7f7327fc9700 1 --2- 172.21.15.151:0/2028497077 >> [v2:172.21.15.151:6800/3378761678,v1:172.21.15.151:6801/3378761678] conn(0x7f730c036830 0x7f730c038ce0 secure :-1 s=READY pgs=8 cs=0 l=1 rev1=1 crypto rx=0x7f7310009990 tx=0x7f7310006e40 comp rx=0 tx=0).stop
2024-04-23T02:21:38.653 INFO:teuthology.orchestra.run.smithi151.stdout:/usr/bin/ceph: stderr
2024-04-23T02:21:37.389+0000 7f7327fc9700 1 -- 172.21.15.151:0/2028497077 >> [v2:172.21.15.151:3300/0,v1:172.21.15.151:6789/0] conn(0x7f7320102820 msgr2=0x7f73201137d0 secure :-1 s=STATE_CONNECTION_ESTABLISHED l=1).mark_down
2024-04-23T02:21:38.653 INFO:teuthology.orchestra.run.smithi151.stdout:/usr/bin/ceph: stderr
2024-04-23T02:21:37.389+0000 7f7327fc9700 1 --2- 172.21.15.151:0/2028497077 >> [v2:172.21.15.151:3300/0,v1:172.21.15.151:6789/0] conn(0x7f7320102820 0x7f73201137d0 secure :-1 s=READY pgs=81 cs=0 l=1 rev1=1 crypto rx=0x7f731c00c010 tx=0x7f731c009250 comp rx=0 tx=0).stop
2024-04-23T02:21:38.653 INFO:teuthology.orchestra.run.smithi151.stdout:/usr/bin/ceph: stderr
2024-04-23T02:21:37.389+0000 7f7327fc9700 1 -- 172.21.15.151:0/2028497077 shutdown_connections
2024-04-23T02:21:38.653 INFO:teuthology.orchestra.run.smithi151.stdout:/usr/bin/ceph: stderr
2024-04-23T02:21:37.389+0000 7f7327fc9700 1 --2- 172.21.15.151:0/2028497077 >> [v2:172.21.15.151:6800/3378761678,v1:172.21.15.151:6801/3378761678] conn(0x7f730c036830 0x7f730c038ce0 unknown :-1 s=CLOSED pgs=8 cs=0 l=1 rev1=1 crypto rx=0 tx=0 comp rx=0 tx=0).stop
2024-04-23T02:21:38.653 INFO:teuthology.orchestra.run.smithi151.stdout:/usr/bin/ceph: stderr
2024-04-23T02:21:37.389+0000 7f7327fc9700 1 --2- 172.21.15.151:0/2028497077 >> [v2:172.21.15.151:3300/0,v1:172.21.15.151:6789/0] conn(0x7f7320102820 0x7f73201137d0 unknown :-1 s=CLOSED pgs=81 cs=0 l=1 rev1=1 crypto rx=0 tx=0 comp rx=0 tx=0).stop
2024-04-23T02:21:38.653 INFO:teuthology.orchestra.run.smithi151.stdout:/usr/bin/ceph: stderr
2024-04-23T02:21:37.389+0000 7f7327fc9700 1 -- 172.21.15.151:0/2028497077 >> 172.21.15.151:0/2028497077 conn(0x7f73200fdf80 msgr2=0x7f73200fea20 unknown :-1 s=STATE_NONE l=0).mark_down
2024-04-23T02:21:38.653 INFO:teuthology.orchestra.run.smithi151.stdout:/usr/bin/ceph: stderr
2024-04-23T02:21:37.389+0000 7f7327fc9700 1 -- 172.21.15.151:0/2028497077 shutdown_connections
2024-04-23T02:21:38.653 INFO:journalctl@ceph.mon.smithi151.smithi151.stdout:Apr 23 02:21:38 smithi151 ceph-mon[39805]: from='client.14174 -' entity='client.admin' cmd=[{"prefix": "dashboard ac-user-create", "username": "admin", "rolename": "administrator", "force_password": true, "pwd_update_required": true, "target": ["mon-mgr", ""]}]: dispatch
2024-04-23T02:21:38.654 INFO:teuthology.orchestra.run.smithi151.stdout:/usr/bin/ceph: stderr
2024-04-23T02:21:37.389+0000 7f7327fc9700 1 -- 172.21.15.151:0/2028497077 wait complete.
2024-04-23T02:21:38.654 INFO:teuthology.orchestra.run.smithi151.stdout:Fetching dashboard port number...
2024-04-23T02:21:39.713 INFO:journalctl@ceph.mon.smithi151.smithi151.stdout:Apr 23 02:21:39 smithi151 ceph-mon[39805]: from='client.? 172.21.15.151:0/3365968340' entity='client.admin' cmd=[{"prefix": "config get", "who": "mgr", "key": "mgr/dashboard/ssl_server_port"}]: dispatch
2024-04-23T02:21:39.981 INFO:teuthology.orchestra.run.smithi151.stdout:/usr/bin/ceph: stdout 8443
2024-04-23T02:21:39.981 INFO:teuthology.orchestra.run.smithi151.stdout:/usr/bin/ceph: stderr
2024-04-23T02:21:39.226+0000 7f3b7b034700 1 Processor -- start
2024-04-23T02:21:39.981 INFO:teuthology.orchestra.run.smithi151.stdout:/usr/bin/ceph: stderr
2024-04-23T02:21:39.226+0000 7f3b7b034700 1 -- start start
2024-04-23T02:21:39.981 INFO:teuthology.orchestra.run.smithi151.stdout:/usr/bin/ceph: stderr
2024-04-23T02:21:39.226+0000 7f3b7b034700 1 --2- >> [v2:172.21.15.151:3300/0,v1:172.21.15.151:6789/0] conn(0x7f3b74078c90 0x7f3b740771f0 unknown :-1 s=NONE pgs=0 cs=0 l=0 rev1=0 crypto rx=0 tx=0 comp rx=0 tx=0).connect
2024-04-23T02:21:39.981 INFO:teuthology.orchestra.run.smithi151.stdout:/usr/bin/ceph: stderr
2024-04-23T02:21:39.226+0000 7f3b7b034700 1 -- --> [v2:172.21.15.151:3300/0,v1:172.21.15.151:6789/0] -- mon_getmap magic: 0 v1 -- 0x7f3b740790a0 con 0x7f3b74078c90
2024-04-23T02:21:39.981 INFO:teuthology.orchestra.run.smithi151.stdout:/usr/bin/ceph: stderr
2024-04-23T02:21:39.226+0000 7f3b78dd0700 1 --2- >> [v2:172.21.15.151:3300/0,v1:172.21.15.151:6789/0] conn(0x7f3b74078c90 0x7f3b740771f0 unknown :-1 s=BANNER_CONNECTING pgs=0 cs=0 l=0 rev1=0 crypto rx=0 tx=0 comp rx=0 tx=0)._handle_peer_banner_payload supported=3 required=0
2024-04-23T02:21:39.981 INFO:teuthology.orchestra.run.smithi151.stdout:/usr/bin/ceph: stderr
2024-04-23T02:21:39.226+0000 7f3b78dd0700 1 --2- >> [v2:172.21.15.151:3300/0,v1:172.21.15.151:6789/0] conn(0x7f3b74078c90 0x7f3b740771f0 unknown :-1 s=HELLO_CONNECTING pgs=0 cs=0 l=0 rev1=1 crypto rx=0 tx=0 comp rx=0 tx=0).handle_hello peer v2:172.21.15.151:3300/0 says I am v2:172.21.15.151:33368/0 (socket says 172.21.15.151:33368)
2024-04-23T02:21:39.981 INFO:teuthology.orchestra.run.smithi151.stdout:/usr/bin/ceph: stderr
2024-04-23T02:21:39.226+0000 7f3b78dd0700 1 -- 172.21.15.151:0/1871370327 learned_addr learned my addr 172.21.15.151:0/1871370327 (peer_addr_for_me v2:172.21.15.151:0/0)
2024-04-23T02:21:39.982 INFO:teuthology.orchestra.run.smithi151.stdout:/usr/bin/ceph: stderr
2024-04-23T02:21:39.226+0000 7f3b78dd0700 1 -- 172.21.15.151:0/1871370327 --> [v2:172.21.15.151:3300/0,v1:172.21.15.151:6789/0] -- mon_subscribe({config=0+,monmap=0+}) v3 -- 0x7f3b74077730 con 0x7f3b74078c90
2024-04-23T02:21:39.982 INFO:teuthology.orchestra.run.smithi151.stdout:/usr/bin/ceph: stderr
2024-04-23T02:21:39.227+0000 7f3b78dd0700 1 --2- 172.21.15.151:0/1871370327 >> [v2:172.21.15.151:3300/0,v1:172.21.15.151:6789/0] conn(0x7f3b74078c90 0x7f3b740771f0 secure :-1 s=READY pgs=82 cs=0 l=1 rev1=1 crypto rx=0x7f3b680098e0 tx=0x7f3b68009250 comp rx=0 tx=0).ready entity=mon.0 client_cookie=a782f9bc71aa5f01 server_cookie=0 in_seq=0 out_seq=0
2024-04-23T02:21:39.982 INFO:teuthology.orchestra.run.smithi151.stdout:/usr/bin/ceph: stderr
2024-04-23T02:21:39.227+0000 7f3b737fe700 1 -- 172.21.15.151:0/1871370327 <== mon.0 v2:172.21.15.151:3300/0 1 ==== mon_map magic: 0 v1 ==== 229+0+0 (secure 0 0 0) 0x7f3b6800b860 con 0x7f3b74078c90
2024-04-23T02:21:39.982 INFO:teuthology.orchestra.run.smithi151.stdout:/usr/bin/ceph: stderr
2024-04-23T02:21:39.227+0000 7f3b737fe700 1 -- 172.21.15.151:0/1871370327 <== mon.0 v2:172.21.15.151:3300/0 2 ==== config(26 keys) v1 ==== 1074+0+0 (secure 0 0 0) 0x7f3b6800be70 con 0x7f3b74078c90
2024-04-23T02:21:39.982 INFO:teuthology.orchestra.run.smithi151.stdout:/usr/bin/ceph: stderr
2024-04-23T02:21:39.227+0000 7f3b737fe700 1 -- 172.21.15.151:0/1871370327 <== mon.0 v2:172.21.15.151:3300/0 3 ==== mon_map magic: 0 v1 ==== 229+0+0 (secure 0 0 0) 0x7f3b68010380 con 0x7f3b74078c90
2024-04-23T02:21:39.982 INFO:teuthology.orchestra.run.smithi151.stdout:/usr/bin/ceph: stderr
2024-04-23T02:21:39.227+0000 7f3b7b034700 1 -- 172.21.15.151:0/1871370327 >> [v2:172.21.15.151:3300/0,v1:172.21.15.151:6789/0] conn(0x7f3b74078c90 msgr2=0x7f3b740771f0 secure :-1 s=STATE_CONNECTION_ESTABLISHED l=1).mark_down
2024-04-23T02:21:39.982 INFO:teuthology.orchestra.run.smithi151.stdout:/usr/bin/ceph: stderr
2024-04-23T02:21:39.227+0000 7f3b7b034700 1 --2- 172.21.15.151:0/1871370327 >> [v2:172.21.15.151:3300/0,v1:172.21.15.151:6789/0] conn(0x7f3b74078c90 0x7f3b740771f0 secure :-1 s=READY pgs=82 cs=0 l=1 rev1=1 crypto rx=0x7f3b680098e0 tx=0x7f3b68009250 comp rx=0 tx=0).stop
2024-04-23T02:21:39.982 INFO:teuthology.orchestra.run.smithi151.stdout:/usr/bin/ceph: stderr
2024-04-23T02:21:39.227+0000 7f3b7b034700 1 -- 172.21.15.151:0/1871370327 shutdown_connections
2024-04-23T02:21:39.982 INFO:teuthology.orchestra.run.smithi151.stdout:/usr/bin/ceph: stderr
2024-04-23T02:21:39.227+0000 7f3b7b034700 1 --2- 172.21.15.151:0/1871370327 >> [v2:172.21.15.151:3300/0,v1:172.21.15.151:6789/0] conn(0x7f3b74078c90 0x7f3b740771f0 unknown :-1 s=CLOSED pgs=82 cs=0 l=1 rev1=1 crypto rx=0 tx=0 comp rx=0 tx=0).stop
2024-04-23T02:21:39.982 INFO:teuthology.orchestra.run.smithi151.stdout:/usr/bin/ceph: stderr
2024-04-23T02:21:39.227+0000 7f3b7b034700 1 -- 172.21.15.151:0/1871370327 >> 172.21.15.151:0/1871370327 conn(0x7f3b740fdfc0 msgr2=0x7f3b741003d0 unknown :-1 s=STATE_NONE l=0).mark_down
2024-04-23T02:21:39.982 INFO:teuthology.orchestra.run.smithi151.stdout:/usr/bin/ceph: stderr
2024-04-23T02:21:39.227+0000 7f3b7b034700 1 -- 172.21.15.151:0/1871370327 shutdown_connections
2024-04-23T02:21:39.982 INFO:teuthology.orchestra.run.smithi151.stdout:/usr/bin/ceph: stderr
2024-04-23T02:21:39.227+0000 7f3b7b034700 1 -- 172.21.15.151:0/1871370327 wait complete.
2024-04-23T02:21:39.982 INFO:teuthology.orchestra.run.smithi151.stdout:/usr/bin/ceph: stderr
2024-04-23T02:21:39.228+0000 7f3b7b034700 1 Processor -- start
2024-04-23T02:21:39.982 INFO:teuthology.orchestra.run.smithi151.stdout:/usr/bin/ceph: stderr
2024-04-23T02:21:39.228+0000 7f3b7b034700 1 -- start start
2024-04-23T02:21:39.982 INFO:teuthology.orchestra.run.smithi151.stdout:/usr/bin/ceph: stderr
2024-04-23T02:21:39.228+0000 7f3b7b034700 1 --2- >> [v2:172.21.15.151:3300/0,v1:172.21.15.151:6789/0] conn(0x7f3b74078c90 0x7f3b741138b0 unknown :-1 s=NONE pgs=0 cs=0 l=1 rev1=0 crypto rx=0 tx=0 comp rx=0 tx=0).connect
2024-04-23T02:21:39.983 INFO:teuthology.orchestra.run.smithi151.stdout:/usr/bin/ceph: stderr
2024-04-23T02:21:39.228+0000 7f3b7b034700 1 -- --> [v2:172.21.15.151:3300/0,v1:172.21.15.151:6789/0] -- mon_getmap magic: 0 v1 -- 0x7f3b74113df0 con 0x7f3b74078c90
2024-04-23T02:21:39.983 INFO:teuthology.orchestra.run.smithi151.stdout:/usr/bin/ceph: stderr
2024-04-23T02:21:39.228+0000 7f3b78dd0700 1 --2- >> [v2:172.21.15.151:3300/0,v1:172.21.15.151:6789/0] conn(0x7f3b74078c90 0x7f3b741138b0 unknown :-1 s=BANNER_CONNECTING pgs=0 cs=0 l=1 rev1=0 crypto rx=0 tx=0 comp rx=0 tx=0)._handle_peer_banner_payload supported=3 required=0
2024-04-23T02:21:39.983 INFO:teuthology.orchestra.run.smithi151.stdout:/usr/bin/ceph: stderr
2024-04-23T02:21:39.228+0000 7f3b78dd0700 1 --2- >> [v2:172.21.15.151:3300/0,v1:172.21.15.151:6789/0] conn(0x7f3b74078c90 0x7f3b741138b0 unknown :-1 s=HELLO_CONNECTING pgs=0 cs=0 l=1 rev1=1 crypto rx=0 tx=0 comp rx=0 tx=0).handle_hello peer v2:172.21.15.151:3300/0 says I am v2:172.21.15.151:33374/0 (socket says 172.21.15.151:33374)
2024-04-23T02:21:39.983 INFO:teuthology.orchestra.run.smithi151.stdout:/usr/bin/ceph: stderr
2024-04-23T02:21:39.228+0000 7f3b78dd0700 1 -- 172.21.15.151:0/3365968340 learned_addr learned my addr 172.21.15.151:0/3365968340 (peer_addr_for_me v2:172.21.15.151:0/0)
2024-04-23T02:21:39.983 INFO:teuthology.orchestra.run.smithi151.stdout:/usr/bin/ceph: stderr
2024-04-23T02:21:39.229+0000 7f3b78dd0700 1 -- 172.21.15.151:0/3365968340 --> [v2:172.21.15.151:3300/0,v1:172.21.15.151:6789/0] -- mon_subscribe({config=0+,monmap=0+}) v3 -- 0x7f3b680094f0 con 0x7f3b74078c90
2024-04-23T02:21:39.983 INFO:teuthology.orchestra.run.smithi151.stdout:/usr/bin/ceph: stderr
2024-04-23T02:21:39.229+0000 7f3b78dd0700 1 --2- 172.21.15.151:0/3365968340 >> [v2:172.21.15.151:3300/0,v1:172.21.15.151:6789/0] conn(0x7f3b74078c90 0x7f3b741138b0 secure :-1 s=READY pgs=83 cs=0 l=1 rev1=1 crypto rx=0x7f3b68011ca0 tx=0x7f3b68009250 comp rx=0 tx=0).ready entity=mon.0 client_cookie=0 server_cookie=0 in_seq=0 out_seq=0
2024-04-23T02:21:39.983 INFO:teuthology.orchestra.run.smithi151.stdout:/usr/bin/ceph: stderr
2024-04-23T02:21:39.229+0000 7f3b717fa700 1 -- 172.21.15.151:0/3365968340 <== mon.0 v2:172.21.15.151:3300/0 1 ==== mon_map magic: 0 v1 ==== 229+0+0 (secure 0 0 0) 0x7f3b68010850 con 0x7f3b74078c90
2024-04-23T02:21:39.983 INFO:teuthology.orchestra.run.smithi151.stdout:/usr/bin/ceph: stderr
2024-04-23T02:21:39.229+0000 7f3b717fa700 1 -- 172.21.15.151:0/3365968340 <== mon.0 v2:172.21.15.151:3300/0 2 ==== config(26 keys) v1 ==== 1074+0+0 (secure 0 0 0) 0x7f3b68010e60 con 0x7f3b74078c90
2024-04-23T02:21:39.983 INFO:teuthology.orchestra.run.smithi151.stdout:/usr/bin/ceph: stderr
2024-04-23T02:21:39.229+0000 7f3b717fa700 1 -- 172.21.15.151:0/3365968340 <== mon.0 v2:172.21.15.151:3300/0 3 ==== mon_map magic: 0 v1 ==== 229+0+0 (secure 0 0 0) 0x7f3b6801ae30 con 0x7f3b74078c90
2024-04-23T02:21:39.983 INFO:teuthology.orchestra.run.smithi151.stdout:/usr/bin/ceph: stderr
2024-04-23T02:21:39.229+0000 7f3b7b034700 1 -- 172.21.15.151:0/3365968340 --> [v2:172.21.15.151:3300/0,v1:172.21.15.151:6789/0] -- mon_subscribe({mgrmap=0+}) v3 -- 0x7f3b74113ff0 con 0x7f3b74078c90
2024-04-23T02:21:39.983 INFO:teuthology.orchestra.run.smithi151.stdout:/usr/bin/ceph: stderr
2024-04-23T02:21:39.229+0000 7f3b7b034700 1 -- 172.21.15.151:0/3365968340 --> [v2:172.21.15.151:3300/0,v1:172.21.15.151:6789/0] -- mon_subscribe({osdmap=0}) v3 -- 0x7f3b74114b60 con 0x7f3b74078c90
2024-04-23T02:21:39.983 INFO:teuthology.orchestra.run.smithi151.stdout:/usr/bin/ceph: stderr
2024-04-23T02:21:39.230+0000 7f3b717fa700 1 -- 172.21.15.151:0/3365968340 <== mon.0 v2:172.21.15.151:3300/0 4 ==== mgrmap(e 12) v1 ==== 43389+0+0 (secure 0 0 0) 0x7f3b68024480 con 0x7f3b74078c90
2024-04-23T02:21:39.983 INFO:teuthology.orchestra.run.smithi151.stdout:/usr/bin/ceph: stderr
2024-04-23T02:21:39.230+0000 7f3b717fa700 1 --2- 172.21.15.151:0/3365968340 >> [v2:172.21.15.151:6800/3378761678,v1:172.21.15.151:6801/3378761678] conn(0x7f3b640367b0 0x7f3b64038c60 unknown :-1 s=NONE pgs=0 cs=0 l=1 rev1=0 crypto rx=0 tx=0 comp rx=0 tx=0).connect
2024-04-23T02:21:39.983 INFO:teuthology.orchestra.run.smithi151.stdout:/usr/bin/ceph: stderr
2024-04-23T02:21:39.230+0000 7f3b7b034700 1 -- 172.21.15.151:0/3365968340 --> [v2:172.21.15.151:3300/0,v1:172.21.15.151:6789/0] -- mon_command({"prefix": "get_command_descriptions"} v 0) v1 -- 0x7f3b7405f5f0 con 0x7f3b74078c90
2024-04-23T02:21:39.984 INFO:teuthology.orchestra.run.smithi151.stdout:/usr/bin/ceph: stderr
2024-04-23T02:21:39.230+0000 7f3b717fa700 1 -- 172.21.15.151:0/3365968340 <== mon.0 v2:172.21.15.151:3300/0 5 ==== osd_map(3..3 src has 1..3) v4 ==== 1151+0+0 (secure 0 0 0) 0x7f3b6804af40 con 0x7f3b74078c90
2024-04-23T02:21:39.984 INFO:teuthology.orchestra.run.smithi151.stdout:/usr/bin/ceph: stderr
2024-04-23T02:21:39.230+0000 7f3b73fff700 1 --2- 172.21.15.151:0/3365968340 >> [v2:172.21.15.151:6800/3378761678,v1:172.21.15.151:6801/3378761678] conn(0x7f3b640367b0 0x7f3b64038c60 unknown :-1 s=BANNER_CONNECTING pgs=0 cs=0 l=1 rev1=0 crypto rx=0 tx=0 comp rx=0 tx=0)._handle_peer_banner_payload supported=3 required=0
2024-04-23T02:21:39.984 INFO:teuthology.orchestra.run.smithi151.stdout:/usr/bin/ceph: stderr
2024-04-23T02:21:39.230+0000 7f3b73fff700 1 --2- 172.21.15.151:0/3365968340 >> [v2:172.21.15.151:6800/3378761678,v1:172.21.15.151:6801/3378761678] conn(0x7f3b640367b0 0x7f3b64038c60 secure :-1 s=READY pgs=9 cs=0 l=1 rev1=1 crypto rx=0x7f3b60009990 tx=0x7f3b60006e40 comp rx=0 tx=0).ready entity=mgr.14160 client_cookie=0 server_cookie=0 in_seq=0 out_seq=0
2024-04-23T02:21:39.984 INFO:teuthology.orchestra.run.smithi151.stdout:/usr/bin/ceph: stderr
2024-04-23T02:21:39.235+0000 7f3b717fa700 1 -- 172.21.15.151:0/3365968340 <== mon.0 v2:172.21.15.151:3300/0 6 ==== mon_command_ack([{"prefix": "get_command_descriptions"}]=0 v0) v1 ==== 72+0+176702 (secure 0 0 0) 0x7f3b6802e440 con 0x7f3b74078c90
2024-04-23T02:21:39.984 INFO:teuthology.orchestra.run.smithi151.stdout:/usr/bin/ceph: stderr
2024-04-23T02:21:39.421+0000 7f3b7b034700 1 -- 172.21.15.151:0/3365968340 --> [v2:172.21.15.151:3300/0,v1:172.21.15.151:6789/0] -- mon_command({"prefix": "config get", "who": "mgr", "key": "mgr/dashboard/ssl_server_port"} v 0) v1 -- 0x7f3b7404bed0 con 0x7f3b74078c90
2024-04-23T02:21:39.984 INFO:teuthology.orchestra.run.smithi151.stdout:/usr/bin/ceph: stderr
2024-04-23T02:21:39.421+0000 7f3b717fa700 1 -- 172.21.15.151:0/3365968340 <== mon.0 v2:172.21.15.151:3300/0 7 ==== mon_command_ack([{"prefix": "config get", "who": "mgr", "key": "mgr/dashboard/ssl_server_port"}]=0 v8) v1 ==== 112+0+5 (secure 0 0 0) 0x7f3b6802cb80 con 0x7f3b74078c90
2024-04-23T02:21:39.984 INFO:teuthology.orchestra.run.smithi151.stdout:/usr/bin/ceph: stderr
2024-04-23T02:21:39.423+0000 7f3b7b034700 1 -- 172.21.15.151:0/3365968340 >> [v2:172.21.15.151:6800/3378761678,v1:172.21.15.151:6801/3378761678] conn(0x7f3b640367b0 msgr2=0x7f3b64038c60 secure :-1 s=STATE_CONNECTION_ESTABLISHED l=1).mark_down
2024-04-23T02:21:39.984 INFO:teuthology.orchestra.run.smithi151.stdout:/usr/bin/ceph: stderr
2024-04-23T02:21:39.423+0000 7f3b7b034700 1 --2- 172.21.15.151:0/3365968340 >> [v2:172.21.15.151:6800/3378761678,v1:172.21.15.151:6801/3378761678] conn(0x7f3b640367b0 0x7f3b64038c60 secure :-1 s=READY pgs=9 cs=0 l=1 rev1=1 crypto rx=0x7f3b60009990 tx=0x7f3b60006e40 comp rx=0 tx=0).stop
2024-04-23T02:21:39.984 INFO:teuthology.orchestra.run.smithi151.stdout:/usr/bin/ceph: stderr
2024-04-23T02:21:39.423+0000 7f3b7b034700 1 -- 172.21.15.151:0/3365968340 >> [v2:172.21.15.151:3300/0,v1:172.21.15.151:6789/0] conn(0x7f3b74078c90 msgr2=0x7f3b741138b0 secure :-1 s=STATE_CONNECTION_ESTABLISHED l=1).mark_down
2024-04-23T02:21:39.984 INFO:teuthology.orchestra.run.smithi151.stdout:/usr/bin/ceph: stderr
2024-04-23T02:21:39.423+0000 7f3b7b034700 1 --2- 172.21.15.151:0/3365968340 >> [v2:172.21.15.151:3300/0,v1:172.21.15.151:6789/0] conn(0x7f3b74078c90 0x7f3b741138b0 secure :-1 s=READY pgs=83 cs=0 l=1 rev1=1 crypto rx=0x7f3b68011ca0 tx=0x7f3b68009250 comp rx=0 tx=0).stop
2024-04-23T02:21:39.984 INFO:teuthology.orchestra.run.smithi151.stdout:/usr/bin/ceph: stderr
2024-04-23T02:21:39.423+0000 7f3b7b034700 1 -- 172.21.15.151:0/3365968340 shutdown_connections
2024-04-23T02:21:39.984 INFO:teuthology.orchestra.run.smithi151.stdout:/usr/bin/ceph: stderr
2024-04-23T02:21:39.423+0000 7f3b7b034700 1 --2- 172.21.15.151:0/3365968340 >> [v2:172.21.15.151:6800/3378761678,v1:172.21.15.151:6801/3378761678] conn(0x7f3b640367b0 0x7f3b64038c60 unknown :-1 s=CLOSED pgs=9 cs=0 l=1 rev1=1 crypto rx=0 tx=0 comp rx=0 tx=0).stop
2024-04-23T02:21:39.985 INFO:teuthology.orchestra.run.smithi151.stdout:/usr/bin/ceph: stderr
2024-04-23T02:21:39.423+0000 7f3b7b034700 1 --2- 172.21.15.151:0/3365968340 >> [v2:172.21.15.151:3300/0,v1:172.21.15.151:6789/0] conn(0x7f3b74078c90 0x7f3b741138b0 unknown :-1 s=CLOSED pgs=83 cs=0 l=1 rev1=1 crypto rx=0 tx=0 comp rx=0 tx=0).stop
2024-04-23T02:21:39.985 INFO:teuthology.orchestra.run.smithi151.stdout:/usr/bin/ceph: stderr
2024-04-23T02:21:39.423+0000 7f3b7b034700 1 -- 172.21.15.151:0/3365968340 >> 172.21.15.151:0/3365968340 conn(0x7f3b740fdfc0 msgr2=0x7f3b740feb50 unknown :-1 s=STATE_NONE l=0).mark_down
2024-04-23T02:21:39.985 INFO:teuthology.orchestra.run.smithi151.stdout:/usr/bin/ceph: stderr
2024-04-23T02:21:39.423+0000 7f3b7b034700 1 -- 172.21.15.151:0/3365968340 shutdown_connections
2024-04-23T02:21:39.985 INFO:teuthology.orchestra.run.smithi151.stdout:/usr/bin/ceph: stderr
2024-04-23T02:21:39.423+0000 7f3b7b034700 1 -- 172.21.15.151:0/3365968340 wait complete.
2024-04-23T02:21:39.986 INFO:teuthology.orchestra.run.smithi151.stdout:Non-zero exit code 1 from systemctl is-enabled firewalld.service
2024-04-23T02:21:39.986 INFO:teuthology.orchestra.run.smithi151.stdout:systemctl: stdout disabled
2024-04-23T02:21:39.994 INFO:teuthology.orchestra.run.smithi151.stdout:Non-zero exit code 3 from systemctl is-active firewalld.service
2024-04-23T02:21:39.994 INFO:teuthology.orchestra.run.smithi151.stdout:systemctl: stdout inactive
2024-04-23T02:21:39.994 INFO:teuthology.orchestra.run.smithi151.stdout:firewalld.service is not enabled
2024-04-23T02:21:39.994 INFO:teuthology.orchestra.run.smithi151.stdout:Not possible to open ports <[8443]>. firewalld.service is not available
2024-04-23T02:21:39.996 INFO:teuthology.orchestra.run.smithi151.stdout:Ceph Dashboard is now available at:
2024-04-23T02:21:39.996 INFO:teuthology.orchestra.run.smithi151.stdout:
2024-04-23T02:21:39.996 INFO:teuthology.orchestra.run.smithi151.stdout: URL: https://smithi151.front.sepia.ceph.com:8443/
2024-04-23T02:21:39.996 INFO:teuthology.orchestra.run.smithi151.stdout: User: admin
2024-04-23T02:21:39.996 INFO:teuthology.orchestra.run.smithi151.stdout: Password: po4he7ubj4
2024-04-23T02:21:39.996 INFO:teuthology.orchestra.run.smithi151.stdout:
2024-04-23T02:21:39.996 INFO:teuthology.orchestra.run.smithi151.stdout:Saving cluster configuration to /var/lib/ceph/e8c09918-0117-11ef-bc93-c7b262605968/config directory
2024-04-23T02:21:39.997 INFO:teuthology.orchestra.run.smithi151.stdout:Enabling autotune for osd_memory_target
2024-04-23T02:21:40.913 INFO:journalctl@ceph.mon.smithi151.smithi151.stdout:Apr 23 02:21:40 smithi151 ceph-mon[39805]: mgrmap e13: smithi151.tpndei(active, since 6s)
2024-04-23T02:21:41.462 INFO:teuthology.orchestra.run.smithi151.stdout:/usr/bin/ceph: stderr
2024-04-23T02:21:40.608+0000 7f6c20f59700 1 Processor -- start
2024-04-23T02:21:41.462 INFO:teuthology.orchestra.run.smithi151.stdout:/usr/bin/ceph: stderr
2024-04-23T02:21:40.608+0000 7f6c20f59700 1 -- start start
2024-04-23T02:21:41.462 INFO:teuthology.orchestra.run.smithi151.stdout:/usr/bin/ceph: stderr
2024-04-23T02:21:40.608+0000 7f6c20f59700 1 --2- >> [v2:172.21.15.151:3300/0,v1:172.21.15.151:6789/0] conn(0x7f6c1c078cd0 0x7f6c1c077230 unknown :-1 s=NONE pgs=0 cs=0 l=0 rev1=0 crypto rx=0 tx=0 comp rx=0 tx=0).connect
2024-04-23T02:21:41.462 INFO:teuthology.orchestra.run.smithi151.stdout:/usr/bin/ceph: stderr
2024-04-23T02:21:40.608+0000 7f6c20f59700 1 -- --> [v2:172.21.15.151:3300/0,v1:172.21.15.151:6789/0] -- mon_getmap magic: 0 v1 -- 0x7f6c1c0790e0 con 0x7f6c1c078cd0
2024-04-23T02:21:41.462 INFO:teuthology.orchestra.run.smithi151.stdout:/usr/bin/ceph: stderr
2024-04-23T02:21:40.608+0000 7f6c1a59c700 1 --2- >> [v2:172.21.15.151:3300/0,v1:172.21.15.151:6789/0] conn(0x7f6c1c078cd0 0x7f6c1c077230 unknown :-1 s=BANNER_CONNECTING pgs=0 cs=0 l=0 rev1=0 crypto rx=0 tx=0 comp rx=0 tx=0)._handle_peer_banner_payload supported=3 required=0
2024-04-23T02:21:41.462 INFO:teuthology.orchestra.run.smithi151.stdout:/usr/bin/ceph: stderr
2024-04-23T02:21:40.608+0000 7f6c1a59c700 1 --2- >> [v2:172.21.15.151:3300/0,v1:172.21.15.151:6789/0] conn(0x7f6c1c078cd0 0x7f6c1c077230 unknown :-1 s=HELLO_CONNECTING pgs=0 cs=0 l=0 rev1=1 crypto rx=0 tx=0 comp rx=0 tx=0).handle_hello peer v2:172.21.15.151:3300/0 says I am v2:172.21.15.151:33384/0 (socket says 172.21.15.151:33384)
2024-04-23T02:21:41.462 INFO:teuthology.orchestra.run.smithi151.stdout:/usr/bin/ceph: stderr
2024-04-23T02:21:40.608+0000 7f6c1a59c700 1 -- 172.21.15.151:0/2561404822 learned_addr learned my addr 172.21.15.151:0/2561404822 (peer_addr_for_me v2:172.21.15.151:0/0)
2024-04-23T02:21:41.462 INFO:teuthology.orchestra.run.smithi151.stdout:/usr/bin/ceph: stderr
2024-04-23T02:21:40.609+0000 7f6c1a59c700 1 -- 172.21.15.151:0/2561404822 --> [v2:172.21.15.151:3300/0,v1:172.21.15.151:6789/0] -- mon_subscribe({config=0+,monmap=0+}) v3 -- 0x7f6c1c077770 con 0x7f6c1c078cd0
2024-04-23T02:21:41.462 INFO:teuthology.orchestra.run.smithi151.stdout:/usr/bin/ceph: stderr
2024-04-23T02:21:40.609+0000 7f6c1a59c700 1 --2- 172.21.15.151:0/2561404822 >> [v2:172.21.15.151:3300/0,v1:172.21.15.151:6789/0] conn(0x7f6c1c078cd0 0x7f6c1c077230 secure :-1 s=READY pgs=84 cs=0 l=1 rev1=1 crypto rx=0x7f6c0c0098e0 tx=0x7f6c0c009250 comp rx=0 tx=0).ready entity=mon.0 client_cookie=e9545b9e9d4858ca server_cookie=0 in_seq=0 out_seq=0
2024-04-23T02:21:41.462 INFO:teuthology.orchestra.run.smithi151.stdout:/usr/bin/ceph: stderr
2024-04-23T02:21:40.609+0000 7f6c1959a700 1 -- 172.21.15.151:0/2561404822 <== mon.0 v2:172.21.15.151:3300/0 1 ==== mon_map magic: 0 v1 ==== 229+0+0 (secure 0 0 0) 0x7f6c0c00b860 con 0x7f6c1c078cd0
2024-04-23T02:21:41.463 INFO:teuthology.orchestra.run.smithi151.stdout:/usr/bin/ceph: stderr
2024-04-23T02:21:40.609+0000 7f6c1959a700 1 -- 172.21.15.151:0/2561404822 <== mon.0 v2:172.21.15.151:3300/0 2 ==== config(26 keys) v1 ==== 1074+0+0 (secure 0 0 0) 0x7f6c0c00be70 con 0x7f6c1c078cd0
2024-04-23T02:21:41.463 INFO:teuthology.orchestra.run.smithi151.stdout:/usr/bin/ceph: stderr
2024-04-23T02:21:40.609+0000 7f6c1959a700 1 -- 172.21.15.151:0/2561404822 <== mon.0 v2:172.21.15.151:3300/0 3 ==== mon_map magic: 0 v1 ==== 229+0+0 (secure 0 0 0) 0x7f6c0c010380 con 0x7f6c1c078cd0
2024-04-23T02:21:41.463 INFO:teuthology.orchestra.run.smithi151.stdout:/usr/bin/ceph: stderr
2024-04-23T02:21:40.609+0000 7f6c20f59700 1 -- 172.21.15.151:0/2561404822 >> [v2:172.21.15.151:3300/0,v1:172.21.15.151:6789/0] conn(0x7f6c1c078cd0 msgr2=0x7f6c1c077230 secure :-1 s=STATE_CONNECTION_ESTABLISHED l=1).mark_down
2024-04-23T02:21:41.463 INFO:teuthology.orchestra.run.smithi151.stdout:/usr/bin/ceph: stderr
2024-04-23T02:21:40.609+0000 7f6c20f59700 1 --2- 172.21.15.151:0/2561404822 >> [v2:172.21.15.151:3300/0,v1:172.21.15.151:6789/0] conn(0x7f6c1c078cd0 0x7f6c1c077230 secure :-1 s=READY pgs=84 cs=0 l=1 rev1=1 crypto rx=0x7f6c0c0098e0 tx=0x7f6c0c009250 comp rx=0 tx=0).stop
2024-04-23T02:21:41.463 INFO:teuthology.orchestra.run.smithi151.stdout:/usr/bin/ceph: stderr
2024-04-23T02:21:40.609+0000 7f6c20f59700 1 -- 172.21.15.151:0/2561404822 shutdown_connections
2024-04-23T02:21:41.463 INFO:teuthology.orchestra.run.smithi151.stdout:/usr/bin/ceph: stderr
2024-04-23T02:21:40.610+0000 7f6c20f59700 1 --2- 172.21.15.151:0/2561404822 >> [v2:172.21.15.151:3300/0,v1:172.21.15.151:6789/0] conn(0x7f6c1c078cd0 0x7f6c1c077230 unknown :-1 s=CLOSED pgs=84 cs=0 l=1 rev1=1 crypto rx=0 tx=0 comp rx=0 tx=0).stop
2024-04-23T02:21:41.463 INFO:teuthology.orchestra.run.smithi151.stdout:/usr/bin/ceph: stderr
2024-04-23T02:21:40.610+0000 7f6c20f59700 1 -- 172.21.15.151:0/2561404822 >> 172.21.15.151:0/2561404822 conn(0x7f6c1c0fdfc0 msgr2=0x7f6c1c1003d0 unknown :-1 s=STATE_NONE l=0).mark_down
2024-04-23T02:21:41.463 INFO:teuthology.orchestra.run.smithi151.stdout:/usr/bin/ceph: stderr
2024-04-23T02:21:40.610+0000 7f6c20f59700 1 -- 172.21.15.151:0/2561404822 shutdown_connections
2024-04-23T02:21:41.463 INFO:teuthology.orchestra.run.smithi151.stdout:/usr/bin/ceph: stderr
2024-04-23T02:21:40.610+0000 7f6c20f59700 1 -- 172.21.15.151:0/2561404822 wait complete.
2024-04-23T02:21:41.463 INFO:teuthology.orchestra.run.smithi151.stdout:/usr/bin/ceph: stderr
2024-04-23T02:21:40.610+0000 7f6c20f59700 1 Processor -- start
2024-04-23T02:21:41.463 INFO:teuthology.orchestra.run.smithi151.stdout:/usr/bin/ceph: stderr
2024-04-23T02:21:40.610+0000 7f6c20f59700 1 -- start start
2024-04-23T02:21:41.463 INFO:teuthology.orchestra.run.smithi151.stdout:/usr/bin/ceph: stderr
2024-04-23T02:21:40.610+0000 7f6c20f59700 1 --2- >> [v2:172.21.15.151:3300/0,v1:172.21.15.151:6789/0] conn(0x7f6c1c078cd0 0x7f6c1c1138f0 unknown :-1 s=NONE pgs=0 cs=0 l=1 rev1=0 crypto rx=0 tx=0 comp rx=0 tx=0).connect
2024-04-23T02:21:41.463 INFO:teuthology.orchestra.run.smithi151.stdout:/usr/bin/ceph: stderr
2024-04-23T02:21:40.610+0000 7f6c20f59700 1 -- --> [v2:172.21.15.151:3300/0,v1:172.21.15.151:6789/0] -- mon_getmap magic: 0 v1 -- 0x7f6c1c113e30 con 0x7f6c1c078cd0
2024-04-23T02:21:41.463 INFO:teuthology.orchestra.run.smithi151.stdout:/usr/bin/ceph: stderr
2024-04-23T02:21:40.610+0000 7f6c1a59c700 1 --2- >> [v2:172.21.15.151:3300/0,v1:172.21.15.151:6789/0] conn(0x7f6c1c078cd0 0x7f6c1c1138f0 unknown :-1 s=BANNER_CONNECTING pgs=0 cs=0 l=1 rev1=0 crypto rx=0 tx=0 comp rx=0 tx=0)._handle_peer_banner_payload supported=3 required=0
2024-04-23T02:21:41.464 INFO:teuthology.orchestra.run.smithi151.stdout:/usr/bin/ceph: stderr
2024-04-23T02:21:40.610+0000 7f6c1a59c700 1 --2- >> [v2:172.21.15.151:3300/0,v1:172.21.15.151:6789/0] conn(0x7f6c1c078cd0 0x7f6c1c1138f0 unknown :-1 s=HELLO_CONNECTING pgs=0 cs=0 l=1 rev1=1 crypto rx=0 tx=0 comp rx=0 tx=0).handle_hello peer v2:172.21.15.151:3300/0 says I am v2:172.21.15.151:33396/0 (socket says 172.21.15.151:33396)
2024-04-23T02:21:41.464 INFO:teuthology.orchestra.run.smithi151.stdout:/usr/bin/ceph: stderr
2024-04-23T02:21:40.610+0000 7f6c1a59c700 1 -- 172.21.15.151:0/1143332683 learned_addr learned my addr 172.21.15.151:0/1143332683 (peer_addr_for_me v2:172.21.15.151:0/0)
2024-04-23T02:21:41.464 INFO:teuthology.orchestra.run.smithi151.stdout:/usr/bin/ceph: stderr
2024-04-23T02:21:40.611+0000 7f6c1a59c700 1 -- 172.21.15.151:0/1143332683 --> [v2:172.21.15.151:3300/0,v1:172.21.15.151:6789/0] -- mon_subscribe({config=0+,monmap=0+}) v3 -- 0x7f6c0c0094f0 con 0x7f6c1c078cd0
2024-04-23T02:21:41.464 INFO:teuthology.orchestra.run.smithi151.stdout:/usr/bin/ceph: stderr
2024-04-23T02:21:40.611+0000 7f6c1a59c700 1 --2- 172.21.15.151:0/1143332683 >> [v2:172.21.15.151:3300/0,v1:172.21.15.151:6789/0] conn(0x7f6c1c078cd0 0x7f6c1c1138f0 secure :-1 s=READY pgs=85 cs=0 l=1 rev1=1 crypto rx=0x7f6c0c0094c0 tx=0x7f6c0c009250 comp rx=0 tx=0).ready entity=mon.0 client_cookie=0 server_cookie=0 in_seq=0 out_seq=0
2024-04-23T02:21:41.464 INFO:teuthology.orchestra.run.smithi151.stdout:/usr/bin/ceph: stderr
2024-04-23T02:21:40.611+0000 7f6c0affd700 1 -- 172.21.15.151:0/1143332683 <== mon.0 v2:172.21.15.151:3300/0 1 ==== mon_map magic: 0 v1 ==== 229+0+0 (secure 0 0 0) 0x7f6c0c010640 con 0x7f6c1c078cd0
2024-04-23T02:21:41.464 INFO:teuthology.orchestra.run.smithi151.stdout:/usr/bin/ceph: stderr
2024-04-23T02:21:40.611+0000 7f6c0affd700 1 -- 172.21.15.151:0/1143332683 <== mon.0 v2:172.21.15.151:3300/0 2 ==== config(26 keys) v1 ==== 1074+0+0 (secure 0 0 0) 0x7f6c0c010c50 con 0x7f6c1c078cd0
2024-04-23T02:21:41.464 INFO:teuthology.orchestra.run.smithi151.stdout:/usr/bin/ceph: stderr
2024-04-23T02:21:40.611+0000 7f6c20f59700 1 -- 172.21.15.151:0/1143332683 --> [v2:172.21.15.151:3300/0,v1:172.21.15.151:6789/0] -- mon_subscribe({mgrmap=0+}) v3 -- 0x7f6c1c114030 con 0x7f6c1c078cd0
2024-04-23T02:21:41.464 INFO:teuthology.orchestra.run.smithi151.stdout:/usr/bin/ceph: stderr
2024-04-23T02:21:40.611+0000 7f6c0affd700 1 -- 172.21.15.151:0/1143332683 <== mon.0 v2:172.21.15.151:3300/0 3 ==== mon_map magic: 0 v1 ==== 229+0+0 (secure 0 0 0) 0x7f6c0c01ad30 con 0x7f6c1c078cd0
2024-04-23T02:21:41.464 INFO:teuthology.orchestra.run.smithi151.stdout:/usr/bin/ceph: stderr
2024-04-23T02:21:40.611+0000 7f6c20f59700 1 -- 172.21.15.151:0/1143332683 --> [v2:172.21.15.151:3300/0,v1:172.21.15.151:6789/0] -- mon_subscribe({osdmap=0}) v3 -- 0x7f6c1c114ba0 con 0x7f6c1c078cd0
2024-04-23T02:21:41.464 INFO:teuthology.orchestra.run.smithi151.stdout:/usr/bin/ceph: stderr
2024-04-23T02:21:40.612+0000 7f6c0affd700 1 -- 172.21.15.151:0/1143332683 <== mon.0 v2:172.21.15.151:3300/0 4 ==== mgrmap(e 13) v1 ==== 43433+0+0 (secure 0 0 0) 0x7f6c0c025400 con 0x7f6c1c078cd0
2024-04-23T02:21:41.464 INFO:teuthology.orchestra.run.smithi151.stdout:/usr/bin/ceph: stderr
2024-04-23T02:21:40.612+0000 7f6c20f59700 1 -- 172.21.15.151:0/1143332683 --> [v2:172.21.15.151:3300/0,v1:172.21.15.151:6789/0] -- mon_command({"prefix": "get_command_descriptions"} v 0) v1 -- 0x7f6c1c05f5f0 con 0x7f6c1c078cd0
2024-04-23T02:21:41.464 INFO:teuthology.orchestra.run.smithi151.stdout:/usr/bin/ceph: stderr
2024-04-23T02:21:40.612+0000 7f6c0affd700 1 --2- 172.21.15.151:0/1143332683 >> [v2:172.21.15.151:6800/3378761678,v1:172.21.15.151:6801/3378761678] conn(0x7f6c040368d0 0x7f6c04038d80 unknown :-1 s=NONE pgs=0 cs=0 l=1 rev1=0 crypto rx=0 tx=0 comp rx=0 tx=0).connect
2024-04-23T02:21:41.464 INFO:teuthology.orchestra.run.smithi151.stdout:/usr/bin/ceph: stderr
2024-04-23T02:21:40.612+0000 7f6c0affd700 1 -- 172.21.15.151:0/1143332683 <== mon.0 v2:172.21.15.151:3300/0 5 ==== osd_map(3..3 src has 1..3) v4 ==== 1151+0+0 (secure 0 0 0) 0x7f6c0c04a660 con 0x7f6c1c078cd0
2024-04-23T02:21:41.464 INFO:teuthology.orchestra.run.smithi151.stdout:/usr/bin/ceph: stderr
2024-04-23T02:21:40.612+0000 7f6c19d9b700 1 --2- 172.21.15.151:0/1143332683 >> [v2:172.21.15.151:6800/3378761678,v1:172.21.15.151:6801/3378761678] conn(0x7f6c040368d0 0x7f6c04038d80 unknown :-1 s=BANNER_CONNECTING pgs=0 cs=0 l=1 rev1=0 crypto rx=0 tx=0 comp rx=0 tx=0)._handle_peer_banner_payload supported=3 required=0
2024-04-23T02:21:41.465 INFO:teuthology.orchestra.run.smithi151.stdout:/usr/bin/ceph: stderr
2024-04-23T02:21:40.612+0000 7f6c19d9b700 1 --2- 172.21.15.151:0/1143332683 >> [v2:172.21.15.151:6800/3378761678,v1:172.21.15.151:6801/3378761678] conn(0x7f6c040368d0 0x7f6c04038d80 secure :-1 s=READY pgs=10 cs=0 l=1 rev1=1 crypto rx=0x7f6c10009990 tx=0x7f6c10006e40 comp rx=0 tx=0).ready entity=mgr.14160 client_cookie=0 server_cookie=0 in_seq=0 out_seq=0
2024-04-23T02:21:41.465 INFO:teuthology.orchestra.run.smithi151.stdout:/usr/bin/ceph: stderr
2024-04-23T02:21:40.617+0000 7f6c0affd700 1 -- 172.21.15.151:0/1143332683 <== mon.0 v2:172.21.15.151:3300/0 6 ==== mon_command_ack([{"prefix": "get_command_descriptions"}]=0 v0) v1 ==== 72+0+176702 (secure 0 0 0) 0x7f6c0c02c8f0 con 0x7f6c1c078cd0
2024-04-23T02:21:41.465 INFO:teuthology.orchestra.run.smithi151.stdout:/usr/bin/ceph: stderr
2024-04-23T02:21:40.803+0000 7f6c20f59700 1 -- 172.21.15.151:0/1143332683 --> [v2:172.21.15.151:3300/0,v1:172.21.15.151:6789/0] -- mon_command([{prefix=config set, name=osd_memory_target_autotune}] v 0) v1 -- 0x7f6c1c04bed0 con 0x7f6c1c078cd0
2024-04-23T02:21:41.465 INFO:teuthology.orchestra.run.smithi151.stdout:/usr/bin/ceph: stderr
2024-04-23T02:21:40.803+0000 7f6c0affd700 1 -- 172.21.15.151:0/1143332683 <== mon.0 v2:172.21.15.151:3300/0 7 ==== mon_command_ack([{prefix=config set, name=osd_memory_target_autotune}]=0 v8)=0 v8) v1 ==== 127+0+0 (secure 0 0 0) 0x7f6c0c020020 con 0x7f6c1c078cd0
2024-04-23T02:21:41.465 INFO:teuthology.orchestra.run.smithi151.stdout:/usr/bin/ceph: stderr
2024-04-23T02:21:40.805+0000 7f6c20f59700 1 -- 172.21.15.151:0/1143332683 >> [v2:172.21.15.151:6800/3378761678,v1:172.21.15.151:6801/3378761678] conn(0x7f6c040368d0 msgr2=0x7f6c04038d80 secure :-1 s=STATE_CONNECTION_ESTABLISHED l=1).mark_down
2024-04-23T02:21:41.465 INFO:teuthology.orchestra.run.smithi151.stdout:/usr/bin/ceph: stderr
2024-04-23T02:21:40.805+0000 7f6c20f59700 1 --2- 172.21.15.151:0/1143332683 >> [v2:172.21.15.151:6800/3378761678,v1:172.21.15.151:6801/3378761678] conn(0x7f6c040368d0 0x7f6c04038d80 secure :-1 s=READY pgs=10 cs=0 l=1 rev1=1 crypto rx=0x7f6c10009990 tx=0x7f6c10006e40 comp rx=0 tx=0).stop
2024-04-23T02:21:41.465 INFO:teuthology.orchestra.run.smithi151.stdout:/usr/bin/ceph: stderr
2024-04-23T02:21:40.805+0000 7f6c20f59700 1 -- 172.21.15.151:0/1143332683 >> [v2:172.21.15.151:3300/0,v1:172.21.15.151:6789/0] conn(0x7f6c1c078cd0 msgr2=0x7f6c1c1138f0 secure :-1 s=STATE_CONNECTION_ESTABLISHED l=1).mark_down
2024-04-23T02:21:41.465 INFO:teuthology.orchestra.run.smithi151.stdout:/usr/bin/ceph: stderr
2024-04-23T02:21:40.805+0000 7f6c20f59700 1 --2- 172.21.15.151:0/1143332683 >> [v2:172.21.15.151:3300/0,v1:172.21.15.151:6789/0] conn(0x7f6c1c078cd0 0x7f6c1c1138f0 secure :-1 s=READY pgs=85 cs=0 l=1 rev1=1 crypto rx=0x7f6c0c0094c0 tx=0x7f6c0c009250 comp rx=0 tx=0).stop
2024-04-23T02:21:41.465 INFO:teuthology.orchestra.run.smithi151.stdout:/usr/bin/ceph: stderr
2024-04-23T02:21:40.805+0000 7f6c20f59700 1 -- 172.21.15.151:0/1143332683 shutdown_connections
2024-04-23T02:21:41.465 INFO:teuthology.orchestra.run.smithi151.stdout:/usr/bin/ceph: stderr
2024-04-23T02:21:40.805+0000 7f6c20f59700 1 --2- 172.21.15.151:0/1143332683 >> [v2:172.21.15.151:6800/3378761678,v1:172.21.15.151:6801/3378761678] conn(0x7f6c040368d0 0x7f6c04038d80 unknown :-1 s=CLOSED pgs=10 cs=0 l=1 rev1=1 crypto rx=0 tx=0 comp rx=0 tx=0).stop
2024-04-23T02:21:41.465 INFO:teuthology.orchestra.run.smithi151.stdout:/usr/bin/ceph: stderr
2024-04-23T02:21:40.805+0000 7f6c20f59700 1 --2- 172.21.15.151:0/1143332683 >> [v2:172.21.15.151:3300/0,v1:172.21.15.151:6789/0] conn(0x7f6c1c078cd0 0x7f6c1c1138f0 unknown :-1 s=CLOSED pgs=85 cs=0 l=1 rev1=1 crypto rx=0 tx=0 comp rx=0 tx=0).stop
2024-04-23T02:21:41.465 INFO:teuthology.orchestra.run.smithi151.stdout:/usr/bin/ceph: stderr
2024-04-23T02:21:40.805+0000 7f6c20f59700 1 -- 172.21.15.151:0/1143332683 >> 172.21.15.151:0/1143332683 conn(0x7f6c1c0fdfc0 msgr2=0x7f6c1c0feb70 unknown :-1 s=STATE_NONE l=0).mark_down
2024-04-23T02:21:41.465 INFO:teuthology.orchestra.run.smithi151.stdout:/usr/bin/ceph: stderr
2024-04-23T02:21:40.806+0000 7f6c20f59700 1 -- 172.21.15.151:0/1143332683 shutdown_connections
2024-04-23T02:21:41.466 INFO:teuthology.orchestra.run.smithi151.stdout:/usr/bin/ceph: stderr
2024-04-23T02:21:40.806+0000 7f6c20f59700 1 -- 172.21.15.151:0/1143332683 wait complete.
2024-04-23T02:21:42.886 INFO:teuthology.orchestra.run.smithi151.stdout:/usr/bin/ceph: stderr
2024-04-23T02:21:41.983+0000 7fb1081cd700 1 Processor -- start
2024-04-23T02:21:42.886 INFO:teuthology.orchestra.run.smithi151.stdout:/usr/bin/ceph: stderr
2024-04-23T02:21:41.983+0000 7fb1081cd700 1 -- start start
2024-04-23T02:21:42.886 INFO:teuthology.orchestra.run.smithi151.stdout:/usr/bin/ceph: stderr
2024-04-23T02:21:41.983+0000 7fb1081cd700 1 --2- >> [v2:172.21.15.151:3300/0,v1:172.21.15.151:6789/0] conn(0x7fb100076bb0 0x7fb100107690 unknown :-1 s=NONE pgs=0 cs=0 l=0 rev1=0 crypto rx=0 tx=0 comp rx=0 tx=0).connect
2024-04-23T02:21:42.886 INFO:teuthology.orchestra.run.smithi151.stdout:/usr/bin/ceph: stderr
2024-04-23T02:21:41.983+0000 7fb1081cd700 1 -- --> [v2:172.21.15.151:3300/0,v1:172.21.15.151:6789/0] -- mon_getmap magic: 0 v1 -- 0x7fb100103080 con 0x7fb100076bb0
2024-04-23T02:21:42.886 INFO:teuthology.orchestra.run.smithi151.stdout:/usr/bin/ceph: stderr
2024-04-23T02:21:41.984+0000 7fb105f69700 1 --2- >> [v2:172.21.15.151:3300/0,v1:172.21.15.151:6789/0] conn(0x7fb100076bb0 0x7fb100107690 unknown :-1 s=BANNER_CONNECTING pgs=0 cs=0 l=0 rev1=0 crypto rx=0 tx=0 comp rx=0 tx=0)._handle_peer_banner_payload supported=3 required=0
2024-04-23T02:21:42.886 INFO:teuthology.orchestra.run.smithi151.stdout:/usr/bin/ceph: stderr
2024-04-23T02:21:41.984+0000 7fb105f69700 1 --2- >> [v2:172.21.15.151:3300/0,v1:172.21.15.151:6789/0] conn(0x7fb100076bb0 0x7fb100107690 unknown :-1 s=HELLO_CONNECTING pgs=0 cs=0 l=0 rev1=1 crypto rx=0 tx=0 comp rx=0 tx=0).handle_hello peer v2:172.21.15.151:3300/0 says I am v2:172.21.15.151:33412/0 (socket says 172.21.15.151:33412)
2024-04-23T02:21:42.886 INFO:teuthology.orchestra.run.smithi151.stdout:/usr/bin/ceph: stderr
2024-04-23T02:21:41.984+0000 7fb105f69700 1 -- 172.21.15.151:0/4126999085 learned_addr learned my addr 172.21.15.151:0/4126999085 (peer_addr_for_me v2:172.21.15.151:0/0)
2024-04-23T02:21:42.886 INFO:teuthology.orchestra.run.smithi151.stdout:/usr/bin/ceph: stderr
2024-04-23T02:21:41.984+0000 7fb105f69700 1 -- 172.21.15.151:0/4126999085 --> [v2:172.21.15.151:3300/0,v1:172.21.15.151:6789/0] -- mon_subscribe({config=0+,monmap=0+}) v3 -- 0x7fb100107bd0 con 0x7fb100076bb0
2024-04-23T02:21:42.886 INFO:teuthology.orchestra.run.smithi151.stdout:/usr/bin/ceph: stderr
2024-04-23T02:21:41.984+0000 7fb105f69700 1 --2- 172.21.15.151:0/4126999085 >> [v2:172.21.15.151:3300/0,v1:172.21.15.151:6789/0] conn(0x7fb100076bb0 0x7fb100107690 secure :-1 s=READY pgs=86 cs=0 l=1 rev1=1 crypto rx=0x7fb0f00098e0 tx=0x7fb0f0009250 comp rx=0 tx=0).ready entity=mon.0 client_cookie=daefcc90ff02c5fa server_cookie=0 in_seq=0 out_seq=0
2024-04-23T02:21:42.886 INFO:teuthology.orchestra.run.smithi151.stdout:/usr/bin/ceph: stderr
2024-04-23T02:21:41.984+0000 7fb104f67700 1 -- 172.21.15.151:0/4126999085 <== mon.0 v2:172.21.15.151:3300/0 1 ==== mon_map magic: 0 v1 ==== 229+0+0 (secure 0 0 0) 0x7fb0f000b860 con 0x7fb100076bb0
2024-04-23T02:21:42.887 INFO:teuthology.orchestra.run.smithi151.stdout:/usr/bin/ceph: stderr
2024-04-23T02:21:41.984+0000 7fb104f67700 1 -- 172.21.15.151:0/4126999085 <== mon.0 v2:172.21.15.151:3300/0 2 ==== config(26 keys) v1 ==== 1074+0+0 (secure 0 0 0) 0x7fb0f000be70 con 0x7fb100076bb0
2024-04-23T02:21:42.887 INFO:teuthology.orchestra.run.smithi151.stdout:/usr/bin/ceph: stderr
2024-04-23T02:21:41.984+0000 7fb104f67700 1 -- 172.21.15.151:0/4126999085 <== mon.0 v2:172.21.15.151:3300/0 3 ==== mon_map magic: 0 v1 ==== 229+0+0 (secure 0 0 0) 0x7fb0f0010380 con 0x7fb100076bb0
2024-04-23T02:21:42.887 INFO:teuthology.orchestra.run.smithi151.stdout:/usr/bin/ceph: stderr
2024-04-23T02:21:41.985+0000 7fb1081cd700 1 -- 172.21.15.151:0/4126999085 >> [v2:172.21.15.151:3300/0,v1:172.21.15.151:6789/0] conn(0x7fb100076bb0 msgr2=0x7fb100107690 secure :-1 s=STATE_CONNECTION_ESTABLISHED l=1).mark_down
2024-04-23T02:21:42.887 INFO:teuthology.orchestra.run.smithi151.stdout:/usr/bin/ceph: stderr
2024-04-23T02:21:41.985+0000 7fb1081cd700 1 --2- 172.21.15.151:0/4126999085 >> [v2:172.21.15.151:3300/0,v1:172.21.15.151:6789/0] conn(0x7fb100076bb0 0x7fb100107690 secure :-1 s=READY pgs=86 cs=0 l=1 rev1=1 crypto rx=0x7fb0f00098e0 tx=0x7fb0f0009250 comp rx=0 tx=0).stop
2024-04-23T02:21:42.887 INFO:teuthology.orchestra.run.smithi151.stdout:/usr/bin/ceph: stderr
