2024-04-23T02:25:54.538 INFO:journalctl@ceph.mon.smithi086.smithi086.stdout:Apr 23 02:25:54 smithi086 ceph-mon[39858]: from='mgr.14118 172.21.15.86:0/529725934' entity='mgr.smithi086.pkuqvf'
2024-04-23T02:25:54.538 INFO:journalctl@ceph.mon.smithi086.smithi086.stdout:Apr 23 02:25:54 smithi086 ceph-mon[39858]: from='mgr.14118 172.21.15.86:0/529725934' entity='mgr.smithi086.pkuqvf'
2024-04-23T02:25:56.407 INFO:journalctl@ceph.mon.smithi086.smithi086.stdout:Apr 23 02:25:56 smithi086 ceph-mon[39858]: from='client.14144 -' entity='client.admin' cmd=[{"prefix": "orch apply", "service_type": "crash", "target": ["mon-mgr", ""]}]: dispatch
2024-04-23T02:25:56.407 INFO:journalctl@ceph.mon.smithi086.smithi086.stdout:Apr 23 02:25:56 smithi086 ceph-mon[39858]: Saving service crash spec with placement *
2024-04-23T02:25:56.407 INFO:journalctl@ceph.mon.smithi086.smithi086.stdout:Apr 23 02:25:56 smithi086 ceph-mon[39858]: from='mgr.14118 172.21.15.86:0/529725934' entity='mgr.smithi086.pkuqvf'
2024-04-23T02:25:56.792 INFO:teuthology.orchestra.run.smithi086.stdout:/usr/bin/ceph: stdout Scheduled crash update...
2024-04-23T02:25:56.792 INFO:teuthology.orchestra.run.smithi086.stdout:/usr/bin/ceph: stderr
2024-04-23T02:25:54.884+0000 7fe31ccdb700 1 Processor -- start
2024-04-23T02:25:56.792 INFO:teuthology.orchestra.run.smithi086.stdout:/usr/bin/ceph: stderr
2024-04-23T02:25:54.884+0000 7fe31ccdb700 1 -- start start
2024-04-23T02:25:56.792 INFO:teuthology.orchestra.run.smithi086.stdout:/usr/bin/ceph: stderr
2024-04-23T02:25:54.884+0000 7fe31ccdb700 1 --2- >> [v2:172.21.15.86:3300/0,v1:172.21.15.86:6789/0] conn(0x7fe318103b90 0x7fe318103fa0 unknown :-1 s=NONE pgs=0 cs=0 l=0 rev1=0 crypto rx=0 tx=0 comp rx=0 tx=0).connect
2024-04-23T02:25:56.792 INFO:teuthology.orchestra.run.smithi086.stdout:/usr/bin/ceph: stderr
2024-04-23T02:25:54.884+0000 7fe31ccdb700 1 -- --> [v2:172.21.15.86:3300/0,v1:172.21.15.86:6789/0] -- mon_getmap magic: 0 v1 -- 0x7fe3181044e0 con 0x7fe318103b90
2024-04-23T02:25:56.793 INFO:teuthology.orchestra.run.smithi086.stdout:/usr/bin/ceph: stderr
2024-04-23T02:25:54.885+0000 7fe31659c700 1 --2- >> [v2:172.21.15.86:3300/0,v1:172.21.15.86:6789/0] conn(0x7fe318103b90 0x7fe318103fa0 unknown :-1 s=BANNER_CONNECTING pgs=0 cs=0 l=0 rev1=0 crypto rx=0 tx=0 comp rx=0 tx=0)._handle_peer_banner_payload supported=3 required=0
2024-04-23T02:25:56.793 INFO:teuthology.orchestra.run.smithi086.stdout:/usr/bin/ceph: stderr
2024-04-23T02:25:54.885+0000 7fe31659c700 1 --2- >> [v2:172.21.15.86:3300/0,v1:172.21.15.86:6789/0] conn(0x7fe318103b90 0x7fe318103fa0 unknown :-1 s=HELLO_CONNECTING pgs=0 cs=0 l=0 rev1=1 crypto rx=0 tx=0 comp rx=0 tx=0).handle_hello peer v2:172.21.15.86:3300/0 says I am v2:172.21.15.86:50246/0 (socket says 172.21.15.86:50246)
2024-04-23T02:25:56.793 INFO:teuthology.orchestra.run.smithi086.stdout:/usr/bin/ceph: stderr
2024-04-23T02:25:54.885+0000 7fe31659c700 1 -- 172.21.15.86:0/1649518418 learned_addr learned my addr 172.21.15.86:0/1649518418 (peer_addr_for_me v2:172.21.15.86:0/0)
2024-04-23T02:25:56.793 INFO:teuthology.orchestra.run.smithi086.stdout:/usr/bin/ceph: stderr
2024-04-23T02:25:54.885+0000 7fe31659c700 1 -- 172.21.15.86:0/1649518418 --> [v2:172.21.15.86:3300/0,v1:172.21.15.86:6789/0] -- mon_subscribe({config=0+,monmap=0+}) v3 -- 0x7fe318104620 con 0x7fe318103b90
2024-04-23T02:25:56.793 INFO:teuthology.orchestra.run.smithi086.stdout:/usr/bin/ceph: stderr
2024-04-23T02:25:54.885+0000 7fe31659c700 1 --2- 172.21.15.86:0/1649518418 >> [v2:172.21.15.86:3300/0,v1:172.21.15.86:6789/0] conn(0x7fe318103b90 0x7fe318103fa0 secure :-1 s=READY pgs=49 cs=0 l=1 rev1=1 crypto rx=0x7fe30c0098a0 tx=0x7fe30c009bb0 comp rx=0 tx=0).ready entity=mon.0 client_cookie=31bd2d062eb9cc0d server_cookie=0 in_seq=0 out_seq=0
2024-04-23T02:25:56.793 INFO:teuthology.orchestra.run.smithi086.stdout:/usr/bin/ceph: stderr
2024-04-23T02:25:54.885+0000 7fe31559a700 1 -- 172.21.15.86:0/1649518418 <== mon.0 v2:172.21.15.86:3300/0 1 ==== mon_map magic: 0 v1 ==== 229+0+0 (secure 0 0 0) 0x7fe30c004180 con 0x7fe318103b90
2024-04-23T02:25:56.793 INFO:teuthology.orchestra.run.smithi086.stdout:/usr/bin/ceph: stderr
2024-04-23T02:25:54.885+0000 7fe31559a700 1 -- 172.21.15.86:0/1649518418 <== mon.0 v2:172.21.15.86:3300/0 2 ==== config(26 keys) v1 ==== 1066+0+0 (secure 0 0 0) 0x7fe30c0042e0 con 0x7fe318103b90
2024-04-23T02:25:56.793 INFO:teuthology.orchestra.run.smithi086.stdout:/usr/bin/ceph: stderr
2024-04-23T02:25:54.885+0000 7fe31559a700 1 -- 172.21.15.86:0/1649518418 <== mon.0 v2:172.21.15.86:3300/0 3 ==== mon_map magic: 0 v1 ==== 229+0+0 (secure 0 0 0) 0x7fe30c011a30 con 0x7fe318103b90
2024-04-23T02:25:56.793 INFO:teuthology.orchestra.run.smithi086.stdout:/usr/bin/ceph: stderr
2024-04-23T02:25:54.886+0000 7fe31ccdb700 1 -- 172.21.15.86:0/1649518418 >> [v2:172.21.15.86:3300/0,v1:172.21.15.86:6789/0] conn(0x7fe318103b90 msgr2=0x7fe318103fa0 secure :-1 s=STATE_CONNECTION_ESTABLISHED l=1).mark_down
2024-04-23T02:25:56.793 INFO:teuthology.orchestra.run.smithi086.stdout:/usr/bin/ceph: stderr
2024-04-23T02:25:54.886+0000 7fe31ccdb700 1 --2- 172.21.15.86:0/1649518418 >> [v2:172.21.15.86:3300/0,v1:172.21.15.86:6789/0] conn(0x7fe318103b90 0x7fe318103fa0 secure :-1 s=READY pgs=49 cs=0 l=1 rev1=1 crypto rx=0x7fe30c0098a0 tx=0x7fe30c009bb0 comp rx=0 tx=0).stop
2024-04-23T02:25:56.793 INFO:teuthology.orchestra.run.smithi086.stdout:/usr/bin/ceph: stderr
2024-04-23T02:25:54.886+0000 7fe31ccdb700 1 -- 172.21.15.86:0/1649518418 shutdown_connections
2024-04-23T02:25:56.793 INFO:teuthology.orchestra.run.smithi086.stdout:/usr/bin/ceph: stderr
2024-04-23T02:25:54.886+0000 7fe31ccdb700 1 --2- 172.21.15.86:0/1649518418 >> [v2:172.21.15.86:3300/0,v1:172.21.15.86:6789/0] conn(0x7fe318103b90 0x7fe318103fa0 unknown :-1 s=CLOSED pgs=49 cs=0 l=1 rev1=1 crypto rx=0 tx=0 comp rx=0 tx=0).stop
2024-04-23T02:25:56.793 INFO:teuthology.orchestra.run.smithi086.stdout:/usr/bin/ceph: stderr
2024-04-23T02:25:54.886+0000 7fe31ccdb700 1 -- 172.21.15.86:0/1649518418 >> 172.21.15.86:0/1649518418 conn(0x7fe3180ff590 msgr2=0x7fe3181019a0 unknown :-1 s=STATE_NONE l=0).mark_down
2024-04-23T02:25:56.793 INFO:teuthology.orchestra.run.smithi086.stdout:/usr/bin/ceph: stderr
2024-04-23T02:25:54.886+0000 7fe31ccdb700 1 -- 172.21.15.86:0/1649518418 shutdown_connections
2024-04-23T02:25:56.794 INFO:teuthology.orchestra.run.smithi086.stdout:/usr/bin/ceph: stderr
2024-04-23T02:25:54.886+0000 7fe31ccdb700 1 -- 172.21.15.86:0/1649518418 wait complete.
2024-04-23T02:25:56.794 INFO:teuthology.orchestra.run.smithi086.stdout:/usr/bin/ceph: stderr
2024-04-23T02:25:54.886+0000 7fe31ccdb700 1 Processor -- start
2024-04-23T02:25:56.794 INFO:teuthology.orchestra.run.smithi086.stdout:/usr/bin/ceph: stderr
2024-04-23T02:25:54.886+0000 7fe31ccdb700 1 -- start start
2024-04-23T02:25:56.794 INFO:teuthology.orchestra.run.smithi086.stdout:/usr/bin/ceph: stderr
2024-04-23T02:25:54.887+0000 7fe31ccdb700 1 --2- >> [v2:172.21.15.86:3300/0,v1:172.21.15.86:6789/0] conn(0x7fe318103b90 0x7fe31819b7f0 unknown :-1 s=NONE pgs=0 cs=0 l=1 rev1=0 crypto rx=0 tx=0 comp rx=0 tx=0).connect
2024-04-23T02:25:56.794 INFO:teuthology.orchestra.run.smithi086.stdout:/usr/bin/ceph: stderr
2024-04-23T02:25:54.887+0000 7fe31ccdb700 1 -- --> [v2:172.21.15.86:3300/0,v1:172.21.15.86:6789/0] -- mon_getmap magic: 0 v1 -- 0x7fe31819bd30 con 0x7fe318103b90
2024-04-23T02:25:56.794 INFO:teuthology.orchestra.run.smithi086.stdout:/usr/bin/ceph: stderr
2024-04-23T02:25:54.887+0000 7fe31659c700 1 --2- >> [v2:172.21.15.86:3300/0,v1:172.21.15.86:6789/0] conn(0x7fe318103b90 0x7fe31819b7f0 unknown :-1 s=BANNER_CONNECTING pgs=0 cs=0 l=1 rev1=0 crypto rx=0 tx=0 comp rx=0 tx=0)._handle_peer_banner_payload supported=3 required=0
2024-04-23T02:25:56.794 INFO:teuthology.orchestra.run.smithi086.stdout:/usr/bin/ceph: stderr
2024-04-23T02:25:54.887+0000 7fe31659c700 1 --2- >> [v2:172.21.15.86:3300/0,v1:172.21.15.86:6789/0] conn(0x7fe318103b90 0x7fe31819b7f0 unknown :-1 s=HELLO_CONNECTING pgs=0 cs=0 l=1 rev1=1 crypto rx=0 tx=0 comp rx=0 tx=0).handle_hello peer v2:172.21.15.86:3300/0 says I am v2:172.21.15.86:50248/0 (socket says 172.21.15.86:50248)
2024-04-23T02:25:56.794 INFO:teuthology.orchestra.run.smithi086.stdout:/usr/bin/ceph: stderr
2024-04-23T02:25:54.887+0000 7fe31659c700 1 -- 172.21.15.86:0/1978916683 learned_addr learned my addr 172.21.15.86:0/1978916683 (peer_addr_for_me v2:172.21.15.86:0/0)
2024-04-23T02:25:56.794 INFO:teuthology.orchestra.run.smithi086.stdout:/usr/bin/ceph: stderr
2024-04-23T02:25:54.887+0000 7fe31659c700 1 -- 172.21.15.86:0/1978916683 --> [v2:172.21.15.86:3300/0,v1:172.21.15.86:6789/0] -- mon_subscribe({config=0+,monmap=0+}) v3 -- 0x7fe30c009550 con 0x7fe318103b90
2024-04-23T02:25:56.794 INFO:teuthology.orchestra.run.smithi086.stdout:/usr/bin/ceph: stderr
2024-04-23T02:25:54.887+0000 7fe31659c700 1 --2- 172.21.15.86:0/1978916683 >> [v2:172.21.15.86:3300/0,v1:172.21.15.86:6789/0] conn(0x7fe318103b90 0x7fe31819b7f0 secure :-1 s=READY pgs=50 cs=0 l=1 rev1=1 crypto rx=0x7fe30c000c00 tx=0x7fe30c011ab0 comp rx=0 tx=0).ready entity=mon.0 client_cookie=0 server_cookie=0 in_seq=0 out_seq=0
2024-04-23T02:25:56.794 INFO:teuthology.orchestra.run.smithi086.stdout:/usr/bin/ceph: stderr
2024-04-23T02:25:54.887+0000 7fe3077fe700 1 -- 172.21.15.86:0/1978916683 <== mon.0 v2:172.21.15.86:3300/0 1 ==== mon_map magic: 0 v1 ==== 229+0+0 (secure 0 0 0) 0x7fe30c003bc0 con 0x7fe318103b90
2024-04-23T02:25:56.794 INFO:teuthology.orchestra.run.smithi086.stdout:/usr/bin/ceph: stderr
2024-04-23T02:25:54.887+0000 7fe3077fe700 1 -- 172.21.15.86:0/1978916683 <== mon.0 v2:172.21.15.86:3300/0 2 ==== config(26 keys) v1 ==== 1066+0+0 (secure 0 0 0) 0x7fe30c0248d0 con 0x7fe318103b90
2024-04-23T02:25:56.794 INFO:teuthology.orchestra.run.smithi086.stdout:/usr/bin/ceph: stderr
2024-04-23T02:25:54.887+0000 7fe31ccdb700 1 -- 172.21.15.86:0/1978916683 --> [v2:172.21.15.86:3300/0,v1:172.21.15.86:6789/0] -- mon_subscribe({mgrmap=0+}) v3 -- 0x7fe31819bf30 con 0x7fe318103b90
2024-04-23T02:25:56.795 INFO:teuthology.orchestra.run.smithi086.stdout:/usr/bin/ceph: stderr
2024-04-23T02:25:54.887+0000 7fe3077fe700 1 -- 172.21.15.86:0/1978916683 <== mon.0 v2:172.21.15.86:3300/0 3 ==== mon_map magic: 0 v1 ==== 229+0+0 (secure 0 0 0) 0x7fe30c01a890 con 0x7fe318103b90
2024-04-23T02:25:56.795 INFO:teuthology.orchestra.run.smithi086.stdout:/usr/bin/ceph: stderr
2024-04-23T02:25:54.887+0000 7fe31ccdb700 1 -- 172.21.15.86:0/1978916683 --> [v2:172.21.15.86:3300/0,v1:172.21.15.86:6789/0] -- mon_subscribe({osdmap=0}) v3 -- 0x7fe31819c350 con 0x7fe318103b90
2024-04-23T02:25:56.795 INFO:teuthology.orchestra.run.smithi086.stdout:/usr/bin/ceph: stderr
2024-04-23T02:25:54.888+0000 7fe3077fe700 1 -- 172.21.15.86:0/1978916683 <== mon.0 v2:172.21.15.86:3300/0 4 ==== mgrmap(e 8) v1 ==== 45084+0+0 (secure 0 0 0) 0x7fe30c01ab50 con 0x7fe318103b90
2024-04-23T02:25:56.795 INFO:teuthology.orchestra.run.smithi086.stdout:/usr/bin/ceph: stderr
2024-04-23T02:25:54.888+0000 7fe3077fe700 1 --2- 172.21.15.86:0/1978916683 >> [v2:172.21.15.86:6800/2948701267,v1:172.21.15.86:6801/2948701267] conn(0x7fe3000383f0 0x7fe30003a8a0 unknown :-1 s=NONE pgs=0 cs=0 l=1 rev1=0 crypto rx=0 tx=0 comp rx=0 tx=0).connect
2024-04-23T02:25:56.795 INFO:teuthology.orchestra.run.smithi086.stdout:/usr/bin/ceph: stderr
2024-04-23T02:25:54.888+0000 7fe3077fe700 1 -- 172.21.15.86:0/1978916683 <== mon.0 v2:172.21.15.86:3300/0 5 ==== osd_map(2..2 src has 1..2) v4 ==== 940+0+0 (secure 0 0 0) 0x7fe30c04c7c0 con 0x7fe318103b90
2024-04-23T02:25:56.795 INFO:teuthology.orchestra.run.smithi086.stdout:/usr/bin/ceph: stderr
2024-04-23T02:25:54.888+0000 7fe31ccdb700 1 -- 172.21.15.86:0/1978916683 --> [v2:172.21.15.86:3300/0,v1:172.21.15.86:6789/0] -- mon_command({"prefix": "get_command_descriptions"} v 0) v1 -- 0x7fe318062380 con 0x7fe318103b90
2024-04-23T02:25:56.795 INFO:teuthology.orchestra.run.smithi086.stdout:/usr/bin/ceph: stderr
2024-04-23T02:25:54.888+0000 7fe315d9b700 1 --2- 172.21.15.86:0/1978916683 >> [v2:172.21.15.86:6800/2948701267,v1:172.21.15.86:6801/2948701267] conn(0x7fe3000383f0 0x7fe30003a8a0 unknown :-1 s=BANNER_CONNECTING pgs=0 cs=0 l=1 rev1=0 crypto rx=0 tx=0 comp rx=0 tx=0)._handle_peer_banner_payload supported=3 required=0
2024-04-23T02:25:56.795 INFO:teuthology.orchestra.run.smithi086.stdout:/usr/bin/ceph: stderr
2024-04-23T02:25:54.889+0000 7fe315d9b700 1 --2- 172.21.15.86:0/1978916683 >> [v2:172.21.15.86:6800/2948701267,v1:172.21.15.86:6801/2948701267] conn(0x7fe3000383f0 0x7fe30003a8a0 secure :-1 s=READY pgs=14 cs=0 l=1 rev1=1 crypto rx=0x7fe308006fd0 tx=0x7fe308006e40 comp rx=0 tx=0).ready entity=mgr.14118 client_cookie=0 server_cookie=0 in_seq=0 out_seq=0
2024-04-23T02:25:56.795 INFO:teuthology.orchestra.run.smithi086.stdout:/usr/bin/ceph: stderr
2024-04-23T02:25:54.893+0000 7fe3077fe700 1 -- 172.21.15.86:0/1978916683 <== mon.0 v2:172.21.15.86:3300/0 6 ==== mon_command_ack([{"prefix": "get_command_descriptions"}]=0 v0) v1 ==== 72+0+177933 (secure 0 0 0) 0x7fe30c01ae00 con 0x7fe318103b90
2024-04-23T02:25:56.795 INFO:teuthology.orchestra.run.smithi086.stdout:/usr/bin/ceph: stderr
2024-04-23T02:25:55.107+0000 7fe31ccdb700 1 -- 172.21.15.86:0/1978916683 --> [v2:172.21.15.86:6800/2948701267,v1:172.21.15.86:6801/2948701267] -- mgr_command(tid 0: {"prefix": "orch apply", "service_type": "crash", "target": ["mon-mgr", ""]}) v1 -- 0x7fe318109dc0 con 0x7fe3000383f0
2024-04-23T02:25:56.795 INFO:teuthology.orchestra.run.smithi086.stdout:/usr/bin/ceph: stderr
2024-04-23T02:25:55.111+0000 7fe3077fe700 1 -- 172.21.15.86:0/1978916683 <== mgr.14118 v2:172.21.15.86:6800/2948701267 1 ==== mgr_command_reply(tid 0: 0 ) v1 ==== 8+0+26 (secure 0 0 0) 0x7fe318109dc0 con 0x7fe3000383f0
2024-04-23T02:25:56.795 INFO:teuthology.orchestra.run.smithi086.stdout:/usr/bin/ceph: stderr
2024-04-23T02:25:55.113+0000 7fe31ccdb700 1 -- 172.21.15.86:0/1978916683 >> [v2:172.21.15.86:6800/2948701267,v1:172.21.15.86:6801/2948701267] conn(0x7fe3000383f0 msgr2=0x7fe30003a8a0 secure :-1 s=STATE_CONNECTION_ESTABLISHED l=1).mark_down
2024-04-23T02:25:56.795 INFO:teuthology.orchestra.run.smithi086.stdout:/usr/bin/ceph: stderr
2024-04-23T02:25:55.113+0000 7fe31ccdb700 1 --2- 172.21.15.86:0/1978916683 >> [v2:172.21.15.86:6800/2948701267,v1:172.21.15.86:6801/2948701267] conn(0x7fe3000383f0 0x7fe30003a8a0 secure :-1 s=READY pgs=14 cs=0 l=1 rev1=1 crypto rx=0x7fe308006fd0 tx=0x7fe308006e40 comp rx=0 tx=0).stop
2024-04-23T02:25:56.795 INFO:teuthology.orchestra.run.smithi086.stdout:/usr/bin/ceph: stderr
2024-04-23T02:25:55.113+0000 7fe31ccdb700 1 -- 172.21.15.86:0/1978916683 >> [v2:172.21.15.86:3300/0,v1:172.21.15.86:6789/0] conn(0x7fe318103b90 msgr2=0x7fe31819b7f0 secure :-1 s=STATE_CONNECTION_ESTABLISHED l=1).mark_down
2024-04-23T02:25:56.796 INFO:teuthology.orchestra.run.smithi086.stdout:/usr/bin/ceph: stderr
2024-04-23T02:25:55.113+0000 7fe31ccdb700 1 --2- 172.21.15.86:0/1978916683 >> [v2:172.21.15.86:3300/0,v1:172.21.15.86:6789/0] conn(0x7fe318103b90 0x7fe31819b7f0 secure :-1 s=READY pgs=50 cs=0 l=1 rev1=1 crypto rx=0x7fe30c000c00 tx=0x7fe30c011ab0 comp rx=0 tx=0).stop
2024-04-23T02:25:56.796 INFO:teuthology.orchestra.run.smithi086.stdout:/usr/bin/ceph: stderr
2024-04-23T02:25:55.113+0000 7fe31ccdb700 1 -- 172.21.15.86:0/1978916683 shutdown_connections
2024-04-23T02:25:56.796 INFO:teuthology.orchestra.run.smithi086.stdout:/usr/bin/ceph: stderr
2024-04-23T02:25:55.113+0000 7fe31ccdb700 1 --2- 172.21.15.86:0/1978916683 >> [v2:172.21.15.86:6800/2948701267,v1:172.21.15.86:6801/2948701267] conn(0x7fe3000383f0 0x7fe30003a8a0 unknown :-1 s=CLOSED pgs=14 cs=0 l=1 rev1=1 crypto rx=0 tx=0 comp rx=0 tx=0).stop
2024-04-23T02:25:56.796 INFO:teuthology.orchestra.run.smithi086.stdout:/usr/bin/ceph: stderr
2024-04-23T02:25:55.113+0000 7fe31ccdb700 1 --2- 172.21.15.86:0/1978916683 >> [v2:172.21.15.86:3300/0,v1:172.21.15.86:6789/0] conn(0x7fe318103b90 0x7fe31819b7f0 unknown :-1 s=CLOSED pgs=50 cs=0 l=1 rev1=1 crypto rx=0 tx=0 comp rx=0 tx=0).stop
2024-04-23T02:25:56.796 INFO:teuthology.orchestra.run.smithi086.stdout:/usr/bin/ceph: stderr
2024-04-23T02:25:55.113+0000 7fe31ccdb700 1 -- 172.21.15.86:0/1978916683 >> 172.21.15.86:0/1978916683 conn(0x7fe3180ff590 msgr2=0x7fe318100bf0 unknown :-1 s=STATE_NONE l=0).mark_down
2024-04-23T02:25:56.796 INFO:teuthology.orchestra.run.smithi086.stdout:/usr/bin/ceph: stderr
2024-04-23T02:25:55.114+0000 7fe31ccdb700 1 -- 172.21.15.86:0/1978916683 shutdown_connections
2024-04-23T02:25:56.796 INFO:teuthology.orchestra.run.smithi086.stdout:/usr/bin/ceph: stderr
2024-04-23T02:25:55.114+0000 7fe31ccdb700 1 -- 172.21.15.86:0/1978916683 wait complete.
2024-04-23T02:25:56.796 INFO:teuthology.orchestra.run.smithi086.stdout:Deploying ceph-exporter service with default placement...
2024-04-23T02:25:57.486 INFO:journalctl@ceph.mon.smithi086.smithi086.stdout:Apr 23 02:25:57 smithi086 ceph-mon[39858]: from='mgr.14118 172.21.15.86:0/529725934' entity='mgr.smithi086.pkuqvf'
2024-04-23T02:25:57.486 INFO:journalctl@ceph.mon.smithi086.smithi086.stdout:Apr 23 02:25:57 smithi086 ceph-mon[39858]: from='mgr.14118 172.21.15.86:0/529725934' entity='mgr.smithi086.pkuqvf'
2024-04-23T02:25:58.990 INFO:journalctl@ceph.mon.smithi086.smithi086.stdout:Apr 23 02:25:58 smithi086 ceph-mon[39858]: from='client.14146 -' entity='client.admin' cmd=[{"prefix": "orch apply", "service_type": "ceph-exporter", "target": ["mon-mgr", ""]}]: dispatch
2024-04-23T02:25:58.990 INFO:journalctl@ceph.mon.smithi086.smithi086.stdout:Apr 23 02:25:58 smithi086 ceph-mon[39858]: Saving service ceph-exporter spec with placement *
2024-04-23T02:25:58.990 INFO:journalctl@ceph.mon.smithi086.smithi086.stdout:Apr 23 02:25:58 smithi086 ceph-mon[39858]: from='mgr.14118 172.21.15.86:0/529725934' entity='mgr.smithi086.pkuqvf'
2024-04-23T02:25:59.437 INFO:teuthology.orchestra.run.smithi086.stdout:/usr/bin/ceph: stdout Scheduled ceph-exporter update...
2024-04-23T02:25:59.437 INFO:teuthology.orchestra.run.smithi086.stdout:/usr/bin/ceph: stderr
2024-04-23T02:25:57.429+0000 7f64299e6700 1 Processor -- start
2024-04-23T02:25:59.437 INFO:teuthology.orchestra.run.smithi086.stdout:/usr/bin/ceph: stderr
2024-04-23T02:25:57.429+0000 7f64299e6700 1 -- start start
2024-04-23T02:25:59.437 INFO:teuthology.orchestra.run.smithi086.stdout:/usr/bin/ceph: stderr
2024-04-23T02:25:57.429+0000 7f64299e6700 1 --2- >> [v2:172.21.15.86:3300/0,v1:172.21.15.86:6789/0] conn(0x7f64241058c0 0x7f6424105cd0 unknown :-1 s=NONE pgs=0 cs=0 l=0 rev1=0 crypto rx=0 tx=0 comp rx=0 tx=0).connect
2024-04-23T02:25:59.437 INFO:teuthology.orchestra.run.smithi086.stdout:/usr/bin/ceph: stderr
2024-04-23T02:25:57.429+0000 7f64299e6700 1 -- --> [v2:172.21.15.86:3300/0,v1:172.21.15.86:6789/0] -- mon_getmap magic: 0 v1 -- 0x7f6424106210 con 0x7f64241058c0
2024-04-23T02:25:59.437 INFO:teuthology.orchestra.run.smithi086.stdout:/usr/bin/ceph: stderr
2024-04-23T02:25:57.429+0000 7f6422ffd700 1 --2- >> [v2:172.21.15.86:3300/0,v1:172.21.15.86:6789/0] conn(0x7f64241058c0 0x7f6424105cd0 unknown :-1 s=BANNER_CONNECTING pgs=0 cs=0 l=0 rev1=0 crypto rx=0 tx=0 comp rx=0 tx=0)._handle_peer_banner_payload supported=3 required=0
2024-04-23T02:25:59.437 INFO:teuthology.orchestra.run.smithi086.stdout:/usr/bin/ceph: stderr
2024-04-23T02:25:57.429+0000 7f6422ffd700 1 --2- >> [v2:172.21.15.86:3300/0,v1:172.21.15.86:6789/0] conn(0x7f64241058c0 0x7f6424105cd0 unknown :-1 s=HELLO_CONNECTING pgs=0 cs=0 l=0 rev1=1 crypto rx=0 tx=0 comp rx=0 tx=0).handle_hello peer v2:172.21.15.86:3300/0 says I am v2:172.21.15.86:50254/0 (socket says 172.21.15.86:50254)
2024-04-23T02:25:59.437 INFO:teuthology.orchestra.run.smithi086.stdout:/usr/bin/ceph: stderr
2024-04-23T02:25:57.429+0000 7f6422ffd700 1 -- 172.21.15.86:0/3517632681 learned_addr learned my addr 172.21.15.86:0/3517632681 (peer_addr_for_me v2:172.21.15.86:0/0)
2024-04-23T02:25:59.437 INFO:teuthology.orchestra.run.smithi086.stdout:/usr/bin/ceph: stderr
2024-04-23T02:25:57.429+0000 7f6422ffd700 1 -- 172.21.15.86:0/3517632681 --> [v2:172.21.15.86:3300/0,v1:172.21.15.86:6789/0] -- mon_subscribe({config=0+,monmap=0+}) v3 -- 0x7f6424106350 con 0x7f64241058c0
2024-04-23T02:25:59.438 INFO:teuthology.orchestra.run.smithi086.stdout:/usr/bin/ceph: stderr
2024-04-23T02:25:57.429+0000 7f6422ffd700 1 --2- 172.21.15.86:0/3517632681 >> [v2:172.21.15.86:3300/0,v1:172.21.15.86:6789/0] conn(0x7f64241058c0 0x7f6424105cd0 secure :-1 s=READY pgs=51 cs=0 l=1 rev1=1 crypto rx=0x7f64140098a0 tx=0x7f6414009bb0 comp rx=0 tx=0).ready entity=mon.0 client_cookie=664369530e639c22 server_cookie=0 in_seq=0 out_seq=0
2024-04-23T02:25:59.438 INFO:teuthology.orchestra.run.smithi086.stdout:/usr/bin/ceph: stderr
2024-04-23T02:25:57.430+0000 7f6421ffb700 1 -- 172.21.15.86:0/3517632681 <== mon.0 v2:172.21.15.86:3300/0 1 ==== mon_map magic: 0 v1 ==== 229+0+0 (secure 0 0 0) 0x7f6414004180 con 0x7f64241058c0
2024-04-23T02:25:59.438 INFO:teuthology.orchestra.run.smithi086.stdout:/usr/bin/ceph: stderr
2024-04-23T02:25:57.430+0000 7f6421ffb700 1 -- 172.21.15.86:0/3517632681 <== mon.0 v2:172.21.15.86:3300/0 2 ==== config(26 keys) v1 ==== 1066+0+0 (secure 0 0 0) 0x7f64140042e0 con 0x7f64241058c0
2024-04-23T02:25:59.438 INFO:teuthology.orchestra.run.smithi086.stdout:/usr/bin/ceph: stderr
2024-04-23T02:25:57.430+0000 7f6421ffb700 1 -- 172.21.15.86:0/3517632681 <== mon.0 v2:172.21.15.86:3300/0 3 ==== mon_map magic: 0 v1 ==== 229+0+0 (secure 0 0 0) 0x7f6414011a30 con 0x7f64241058c0
2024-04-23T02:25:59.438 INFO:teuthology.orchestra.run.smithi086.stdout:/usr/bin/ceph: stderr
2024-04-23T02:25:57.430+0000 7f64299e6700 1 -- 172.21.15.86:0/3517632681 >> [v2:172.21.15.86:3300/0,v1:172.21.15.86:6789/0] conn(0x7f64241058c0 msgr2=0x7f6424105cd0 secure :-1 s=STATE_CONNECTION_ESTABLISHED l=1).mark_down
2024-04-23T02:25:59.438 INFO:teuthology.orchestra.run.smithi086.stdout:/usr/bin/ceph: stderr
2024-04-23T02:25:57.430+0000 7f64299e6700 1 --2- 172.21.15.86:0/3517632681 >> [v2:172.21.15.86:3300/0,v1:172.21.15.86:6789/0] conn(0x7f64241058c0 0x7f6424105cd0 secure :-1 s=READY pgs=51 cs=0 l=1 rev1=1 crypto rx=0x7f64140098a0 tx=0x7f6414009bb0 comp rx=0 tx=0).stop
2024-04-23T02:25:59.438 INFO:teuthology.orchestra.run.smithi086.stdout:/usr/bin/ceph: stderr
2024-04-23T02:25:57.430+0000 7f64299e6700 1 -- 172.21.15.86:0/3517632681 shutdown_connections
2024-04-23T02:25:59.438 INFO:teuthology.orchestra.run.smithi086.stdout:/usr/bin/ceph: stderr
2024-04-23T02:25:57.430+0000 7f64299e6700 1 --2- 172.21.15.86:0/3517632681 >> [v2:172.21.15.86:3300/0,v1:172.21.15.86:6789/0] conn(0x7f64241058c0 0x7f6424105cd0 unknown :-1 s=CLOSED pgs=51 cs=0 l=1 rev1=1 crypto rx=0 tx=0 comp rx=0 tx=0).stop
2024-04-23T02:25:59.438 INFO:teuthology.orchestra.run.smithi086.stdout:/usr/bin/ceph: stderr
2024-04-23T02:25:57.430+0000 7f64299e6700 1 -- 172.21.15.86:0/3517632681 >> 172.21.15.86:0/3517632681 conn(0x7f6424100f50 msgr2=0x7f6424103360 unknown :-1 s=STATE_NONE l=0).mark_down
2024-04-23T02:25:59.438 INFO:teuthology.orchestra.run.smithi086.stdout:/usr/bin/ceph: stderr
2024-04-23T02:25:57.430+0000 7f64299e6700 1 -- 172.21.15.86:0/3517632681 shutdown_connections
2024-04-23T02:25:59.438 INFO:teuthology.orchestra.run.smithi086.stdout:/usr/bin/ceph: stderr
2024-04-23T02:25:57.430+0000 7f64299e6700 1 -- 172.21.15.86:0/3517632681 wait complete.
2024-04-23T02:25:59.438 INFO:teuthology.orchestra.run.smithi086.stdout:/usr/bin/ceph: stderr
2024-04-23T02:25:57.431+0000 7f64299e6700 1 Processor -- start
2024-04-23T02:25:59.438 INFO:teuthology.orchestra.run.smithi086.stdout:/usr/bin/ceph: stderr
2024-04-23T02:25:57.431+0000 7f64299e6700 1 -- start start
2024-04-23T02:25:59.439 INFO:teuthology.orchestra.run.smithi086.stdout:/usr/bin/ceph: stderr
2024-04-23T02:25:57.431+0000 7f64299e6700 1 --2- >> [v2:172.21.15.86:3300/0,v1:172.21.15.86:6789/0] conn(0x7f64241058c0 0x7f64241995c0 unknown :-1 s=NONE pgs=0 cs=0 l=1 rev1=0 crypto rx=0 tx=0 comp rx=0 tx=0).connect
2024-04-23T02:25:59.439 INFO:teuthology.orchestra.run.smithi086.stdout:/usr/bin/ceph: stderr
2024-04-23T02:25:57.431+0000 7f64299e6700 1 -- --> [v2:172.21.15.86:3300/0,v1:172.21.15.86:6789/0] -- mon_getmap magic: 0 v1 -- 0x7f6424199b00 con 0x7f64241058c0
2024-04-23T02:25:59.439 INFO:teuthology.orchestra.run.smithi086.stdout:/usr/bin/ceph: stderr
2024-04-23T02:25:57.431+0000 7f6422ffd700 1 --2- >> [v2:172.21.15.86:3300/0,v1:172.21.15.86:6789/0] conn(0x7f64241058c0 0x7f64241995c0 unknown :-1 s=BANNER_CONNECTING pgs=0 cs=0 l=1 rev1=0 crypto rx=0 tx=0 comp rx=0 tx=0)._handle_peer_banner_payload supported=3 required=0
2024-04-23T02:25:59.439 INFO:teuthology.orchestra.run.smithi086.stdout:/usr/bin/ceph: stderr
2024-04-23T02:25:57.431+0000 7f6422ffd700 1 --2- >> [v2:172.21.15.86:3300/0,v1:172.21.15.86:6789/0] conn(0x7f64241058c0 0x7f64241995c0 unknown :-1 s=HELLO_CONNECTING pgs=0 cs=0 l=1 rev1=1 crypto rx=0 tx=0 comp rx=0 tx=0).handle_hello peer v2:172.21.15.86:3300/0 says I am v2:172.21.15.86:50268/0 (socket says 172.21.15.86:50268)
2024-04-23T02:25:59.439 INFO:teuthology.orchestra.run.smithi086.stdout:/usr/bin/ceph: stderr
2024-04-23T02:25:57.431+0000 7f6422ffd700 1 -- 172.21.15.86:0/1194136999 learned_addr learned my addr 172.21.15.86:0/1194136999 (peer_addr_for_me v2:172.21.15.86:0/0)
2024-04-23T02:25:59.439 INFO:teuthology.orchestra.run.smithi086.stdout:/usr/bin/ceph: stderr
2024-04-23T02:25:57.431+0000 7f6422ffd700 1 -- 172.21.15.86:0/1194136999 --> [v2:172.21.15.86:3300/0,v1:172.21.15.86:6789/0] -- mon_subscribe({config=0+,monmap=0+}) v3 -- 0x7f6414009550 con 0x7f64241058c0
2024-04-23T02:25:59.439 INFO:teuthology.orchestra.run.smithi086.stdout:/usr/bin/ceph: stderr
2024-04-23T02:25:57.432+0000 7f6422ffd700 1 --2- 172.21.15.86:0/1194136999 >> [v2:172.21.15.86:3300/0,v1:172.21.15.86:6789/0] conn(0x7f64241058c0 0x7f64241995c0 secure :-1 s=READY pgs=52 cs=0 l=1 rev1=1 crypto rx=0x7f6414006af0 tx=0x7f6414011b20 comp rx=0 tx=0).ready entity=mon.0 client_cookie=0 server_cookie=0 in_seq=0 out_seq=0
2024-04-23T02:25:59.439 INFO:teuthology.orchestra.run.smithi086.stdout:/usr/bin/ceph: stderr
2024-04-23T02:25:57.432+0000 7f64289e4700 1 -- 172.21.15.86:0/1194136999 <== mon.0 v2:172.21.15.86:3300/0 1 ==== mon_map magic: 0 v1 ==== 229+0+0 (secure 0 0 0) 0x7f6414003a80 con 0x7f64241058c0
2024-04-23T02:25:59.439 INFO:teuthology.orchestra.run.smithi086.stdout:/usr/bin/ceph: stderr
2024-04-23T02:25:57.432+0000 7f64289e4700 1 -- 172.21.15.86:0/1194136999 <== mon.0 v2:172.21.15.86:3300/0 2 ==== config(26 keys) v1 ==== 1066+0+0 (secure 0 0 0) 0x7f6414003be0 con 0x7f64241058c0
2024-04-23T02:25:59.439 INFO:teuthology.orchestra.run.smithi086.stdout:/usr/bin/ceph: stderr
2024-04-23T02:25:57.432+0000 7f64299e6700 1 -- 172.21.15.86:0/1194136999 --> [v2:172.21.15.86:3300/0,v1:172.21.15.86:6789/0] -- mon_subscribe({mgrmap=0+}) v3 -- 0x7f6424199d00 con 0x7f64241058c0
2024-04-23T02:25:59.439 INFO:teuthology.orchestra.run.smithi086.stdout:/usr/bin/ceph: stderr
2024-04-23T02:25:57.432+0000 7f64289e4700 1 -- 172.21.15.86:0/1194136999 <== mon.0 v2:172.21.15.86:3300/0 3 ==== mon_map magic: 0 v1 ==== 229+0+0 (secure 0 0 0) 0x7f6414019770 con 0x7f64241058c0
2024-04-23T02:25:59.439 INFO:teuthology.orchestra.run.smithi086.stdout:/usr/bin/ceph: stderr
2024-04-23T02:25:57.432+0000 7f64299e6700 1 -- 172.21.15.86:0/1194136999 --> [v2:172.21.15.86:3300/0,v1:172.21.15.86:6789/0] -- mon_subscribe({osdmap=0}) v3 -- 0x7f642419a120 con 0x7f64241058c0
2024-04-23T02:25:59.439 INFO:teuthology.orchestra.run.smithi086.stdout:/usr/bin/ceph: stderr
2024-04-23T02:25:57.432+0000 7f64289e4700 1 -- 172.21.15.86:0/1194136999 <== mon.0 v2:172.21.15.86:3300/0 4 ==== mgrmap(e 8) v1 ==== 45084+0+0 (secure 0 0 0) 0x7f6414019a30 con 0x7f64241058c0
2024-04-23T02:25:59.439 INFO:teuthology.orchestra.run.smithi086.stdout:/usr/bin/ceph: stderr
2024-04-23T02:25:57.433+0000 7f64299e6700 1 -- 172.21.15.86:0/1194136999 --> [v2:172.21.15.86:3300/0,v1:172.21.15.86:6789/0] -- mon_command({"prefix": "get_command_descriptions"} v 0) v1 -- 0x7f6424062380 con 0x7f64241058c0
2024-04-23T02:25:59.439 INFO:teuthology.orchestra.run.smithi086.stdout:/usr/bin/ceph: stderr
2024-04-23T02:25:57.433+0000 7f64289e4700 1 --2- 172.21.15.86:0/1194136999 >> [v2:172.21.15.86:6800/2948701267,v1:172.21.15.86:6801/2948701267] conn(0x7f640c0383b0 0x7f640c03a860 unknown :-1 s=NONE pgs=0 cs=0 l=1 rev1=0 crypto rx=0 tx=0 comp rx=0 tx=0).connect
2024-04-23T02:25:59.440 INFO:teuthology.orchestra.run.smithi086.stdout:/usr/bin/ceph: stderr
2024-04-23T02:25:57.433+0000 7f64289e4700 1 -- 172.21.15.86:0/1194136999 <== mon.0 v2:172.21.15.86:3300/0 5 ==== osd_map(2..2 src has 1..2) v4 ==== 940+0+0 (secure 0 0 0) 0x7f641404c860 con 0x7f64241058c0
2024-04-23T02:25:59.440 INFO:teuthology.orchestra.run.smithi086.stdout:/usr/bin/ceph: stderr
2024-04-23T02:25:57.433+0000 7f64227fc700 1 --2- 172.21.15.86:0/1194136999 >> [v2:172.21.15.86:6800/2948701267,v1:172.21.15.86:6801/2948701267] conn(0x7f640c0383b0 0x7f640c03a860 unknown :-1 s=BANNER_CONNECTING pgs=0 cs=0 l=1 rev1=0 crypto rx=0 tx=0 comp rx=0 tx=0)._handle_peer_banner_payload supported=3 required=0
2024-04-23T02:25:59.440 INFO:teuthology.orchestra.run.smithi086.stdout:/usr/bin/ceph: stderr
2024-04-23T02:25:57.433+0000 7f64227fc700 1 --2- 172.21.15.86:0/1194136999 >> [v2:172.21.15.86:6800/2948701267,v1:172.21.15.86:6801/2948701267] conn(0x7f640c0383b0 0x7f640c03a860 secure :-1 s=READY pgs=15 cs=0 l=1 rev1=1 crypto rx=0x7f6418006fd0 tx=0x7f6418006e40 comp rx=0 tx=0).ready entity=mgr.14118 client_cookie=0 server_cookie=0 in_seq=0 out_seq=0
2024-04-23T02:25:59.440 INFO:teuthology.orchestra.run.smithi086.stdout:/usr/bin/ceph: stderr
2024-04-23T02:25:57.437+0000 7f64289e4700 1 -- 172.21.15.86:0/1194136999 <== mon.0 v2:172.21.15.86:3300/0 6 ==== mon_command_ack([{"prefix": "get_command_descriptions"}]=0 v0) v1 ==== 72+0+177933 (secure 0 0 0) 0x7f64140189a0 con 0x7f64241058c0
2024-04-23T02:25:59.440 INFO:teuthology.orchestra.run.smithi086.stdout:/usr/bin/ceph: stderr
2024-04-23T02:25:57.648+0000 7f64299e6700 1 -- 172.21.15.86:0/1194136999 --> [v2:172.21.15.86:6800/2948701267,v1:172.21.15.86:6801/2948701267] -- mgr_command(tid 0: {"prefix": "orch apply", "service_type": "ceph-exporter", "target": ["mon-mgr", ""]}) v1 -- 0x7f6424102390 con 0x7f640c0383b0
2024-04-23T02:25:59.440 INFO:teuthology.orchestra.run.smithi086.stdout:/usr/bin/ceph: stderr
2024-04-23T02:25:57.655+0000 7f64289e4700 1 -- 172.21.15.86:0/1194136999 <== mgr.14118 v2:172.21.15.86:6800/2948701267 1 ==== mgr_command_reply(tid 0: 0 ) v1 ==== 8+0+34 (secure 0 0 0) 0x7f6424102390 con 0x7f640c0383b0
2024-04-23T02:25:59.440 INFO:teuthology.orchestra.run.smithi086.stdout:/usr/bin/ceph: stderr
2024-04-23T02:25:57.657+0000 7f64299e6700 1 -- 172.21.15.86:0/1194136999 >> [v2:172.21.15.86:6800/2948701267,v1:172.21.15.86:6801/2948701267] conn(0x7f640c0383b0 msgr2=0x7f640c03a860 secure :-1 s=STATE_CONNECTION_ESTABLISHED l=1).mark_down
2024-04-23T02:25:59.440 INFO:teuthology.orchestra.run.smithi086.stdout:/usr/bin/ceph: stderr
2024-04-23T02:25:57.657+0000 7f64299e6700 1 --2- 172.21.15.86:0/1194136999 >> [v2:172.21.15.86:6800/2948701267,v1:172.21.15.86:6801/2948701267] conn(0x7f640c0383b0 0x7f640c03a860 secure :-1 s=READY pgs=15 cs=0 l=1 rev1=1 crypto rx=0x7f6418006fd0 tx=0x7f6418006e40 comp rx=0 tx=0).stop
2024-04-23T02:25:59.440 INFO:teuthology.orchestra.run.smithi086.stdout:/usr/bin/ceph: stderr
2024-04-23T02:25:57.657+0000 7f64299e6700 1 -- 172.21.15.86:0/1194136999 >> [v2:172.21.15.86:3300/0,v1:172.21.15.86:6789/0] conn(0x7f64241058c0 msgr2=0x7f64241995c0 secure :-1 s=STATE_CONNECTION_ESTABLISHED l=1).mark_down
2024-04-23T02:25:59.440 INFO:teuthology.orchestra.run.smithi086.stdout:/usr/bin/ceph: stderr
2024-04-23T02:25:57.657+0000 7f64299e6700 1 --2- 172.21.15.86:0/1194136999 >> [v2:172.21.15.86:3300/0,v1:172.21.15.86:6789/0] conn(0x7f64241058c0 0x7f64241995c0 secure :-1 s=READY pgs=52 cs=0 l=1 rev1=1 crypto rx=0x7f6414006af0 tx=0x7f6414011b20 comp rx=0 tx=0).stop
2024-04-23T02:25:59.440 INFO:teuthology.orchestra.run.smithi086.stdout:/usr/bin/ceph: stderr
2024-04-23T02:25:57.657+0000 7f64299e6700 1 -- 172.21.15.86:0/1194136999 shutdown_connections
2024-04-23T02:25:59.440 INFO:teuthology.orchestra.run.smithi086.stdout:/usr/bin/ceph: stderr
2024-04-23T02:25:57.657+0000 7f64299e6700 1 --2- 172.21.15.86:0/1194136999 >> [v2:172.21.15.86:6800/2948701267,v1:172.21.15.86:6801/2948701267] conn(0x7f640c0383b0 0x7f640c03a860 unknown :-1 s=CLOSED pgs=15 cs=0 l=1 rev1=1 crypto rx=0 tx=0 comp rx=0 tx=0).stop
2024-04-23T02:25:59.440 INFO:teuthology.orchestra.run.smithi086.stdout:/usr/bin/ceph: stderr
2024-04-23T02:25:57.657+0000 7f64299e6700 1 --2- 172.21.15.86:0/1194136999 >> [v2:172.21.15.86:3300/0,v1:172.21.15.86:6789/0] conn(0x7f64241058c0 0x7f64241995c0 unknown :-1 s=CLOSED pgs=52 cs=0 l=1 rev1=1 crypto rx=0 tx=0 comp rx=0 tx=0).stop
2024-04-23T02:25:59.440 INFO:teuthology.orchestra.run.smithi086.stdout:/usr/bin/ceph: stderr
2024-04-23T02:25:57.657+0000 7f64299e6700 1 -- 172.21.15.86:0/1194136999 >> 172.21.15.86:0/1194136999 conn(0x7f6424100f50 msgr2=0x7f6424101c80 unknown :-1 s=STATE_NONE l=0).mark_down
2024-04-23T02:25:59.441 INFO:teuthology.orchestra.run.smithi086.stdout:/usr/bin/ceph: stderr
2024-04-23T02:25:57.657+0000 7f64299e6700 1 -- 172.21.15.86:0/1194136999 shutdown_connections
2024-04-23T02:25:59.441 INFO:teuthology.orchestra.run.smithi086.stdout:/usr/bin/ceph: stderr
2024-04-23T02:25:57.657+0000 7f64299e6700 1 -- 172.21.15.86:0/1194136999 wait complete.
2024-04-23T02:25:59.441 INFO:teuthology.orchestra.run.smithi086.stdout:Deploying prometheus service with default placement...
2024-04-23T02:25:59.705 INFO:journalctl@ceph.mon.smithi086.smithi086.stdout:Apr 23 02:25:59 smithi086 ceph-mon[39858]: pgmap v3: 0 pgs: ; 0 B data, 0 B used, 0 B / 0 B avail
2024-04-23T02:26:00.900 INFO:teuthology.orchestra.run.smithi086.stdout:/usr/bin/ceph: stdout Scheduled prometheus update...
2024-04-23T02:26:00.900 INFO:teuthology.orchestra.run.smithi086.stdout:/usr/bin/ceph: stderr
2024-04-23T02:26:00.012+0000 7fa9dc18b700 1 Processor -- start
2024-04-23T02:26:00.900 INFO:teuthology.orchestra.run.smithi086.stdout:/usr/bin/ceph: stderr
2024-04-23T02:26:00.012+0000 7fa9dc18b700 1 -- start start
2024-04-23T02:26:00.900 INFO:teuthology.orchestra.run.smithi086.stdout:/usr/bin/ceph: stderr
2024-04-23T02:26:00.012+0000 7fa9dc18b700 1 --2- >> [v2:172.21.15.86:3300/0,v1:172.21.15.86:6789/0] conn(0x7fa9d4105d80 0x7fa9d4106190 unknown :-1 s=NONE pgs=0 cs=0 l=0 rev1=0 crypto rx=0 tx=0 comp rx=0 tx=0).connect
2024-04-23T02:26:00.900 INFO:teuthology.orchestra.run.smithi086.stdout:/usr/bin/ceph: stderr
2024-04-23T02:26:00.012+0000 7fa9dc18b700 1 -- --> [v2:172.21.15.86:3300/0,v1:172.21.15.86:6789/0] -- mon_getmap magic: 0 v1 -- 0x7fa9d41066d0 con 0x7fa9d4105d80
2024-04-23T02:26:00.900 INFO:teuthology.orchestra.run.smithi086.stdout:/usr/bin/ceph: stderr
2024-04-23T02:26:00.013+0000 7fa9d9f27700 1 --2- >> [v2:172.21.15.86:3300/0,v1:172.21.15.86:6789/0] conn(0x7fa9d4105d80 0x7fa9d4106190 unknown :-1 s=BANNER_CONNECTING pgs=0 cs=0 l=0 rev1=0 crypto rx=0 tx=0 comp rx=0 tx=0)._handle_peer_banner_payload supported=3 required=0
2024-04-23T02:26:00.900 INFO:teuthology.orchestra.run.smithi086.stdout:/usr/bin/ceph: stderr
2024-04-23T02:26:00.013+0000 7fa9d9f27700 1 --2- >> [v2:172.21.15.86:3300/0,v1:172.21.15.86:6789/0] conn(0x7fa9d4105d80 0x7fa9d4106190 unknown :-1 s=HELLO_CONNECTING pgs=0 cs=0 l=0 rev1=1 crypto rx=0 tx=0 comp rx=0 tx=0).handle_hello peer v2:172.21.15.86:3300/0 says I am v2:172.21.15.86:50274/0 (socket says 172.21.15.86:50274)
2024-04-23T02:26:00.900 INFO:teuthology.orchestra.run.smithi086.stdout:/usr/bin/ceph: stderr
2024-04-23T02:26:00.013+0000 7fa9d9f27700 1 -- 172.21.15.86:0/1709210505 learned_addr learned my addr 172.21.15.86:0/1709210505 (peer_addr_for_me v2:172.21.15.86:0/0)
2024-04-23T02:26:00.900 INFO:teuthology.orchestra.run.smithi086.stdout:/usr/bin/ceph: stderr
2024-04-23T02:26:00.013+0000 7fa9d9f27700 1 -- 172.21.15.86:0/1709210505 --> [v2:172.21.15.86:3300/0,v1:172.21.15.86:6789/0] -- mon_subscribe({config=0+,monmap=0+}) v3 -- 0x7fa9d4106810 con 0x7fa9d4105d80
2024-04-23T02:26:00.901 INFO:teuthology.orchestra.run.smithi086.stdout:/usr/bin/ceph: stderr
2024-04-23T02:26:00.013+0000 7fa9d9f27700 1 --2- 172.21.15.86:0/1709210505 >> [v2:172.21.15.86:3300/0,v1:172.21.15.86:6789/0] conn(0x7fa9d4105d80 0x7fa9d4106190 secure :-1 s=READY pgs=53 cs=0 l=1 rev1=1 crypto rx=0x7fa9c40098a0 tx=0x7fa9c4009bb0 comp rx=0 tx=0).ready entity=mon.0 client_cookie=a26bd1151f2ae2dd server_cookie=0 in_seq=0 out_seq=0
2024-04-23T02:26:00.901 INFO:teuthology.orchestra.run.smithi086.stdout:/usr/bin/ceph: stderr
2024-04-23T02:26:00.013+0000 7fa9d8f25700 1 -- 172.21.15.86:0/1709210505 <== mon.0 v2:172.21.15.86:3300/0 1 ==== mon_map magic: 0 v1 ==== 229+0+0 (secure 0 0 0) 0x7fa9c4004180 con 0x7fa9d4105d80
2024-04-23T02:26:00.901 INFO:teuthology.orchestra.run.smithi086.stdout:/usr/bin/ceph: stderr
2024-04-23T02:26:00.013+0000 7fa9d8f25700 1 -- 172.21.15.86:0/1709210505 <== mon.0 v2:172.21.15.86:3300/0 2 ==== config(26 keys) v1 ==== 1066+0+0 (secure 0 0 0) 0x7fa9c40042e0 con 0x7fa9d4105d80
2024-04-23T02:26:00.901 INFO:teuthology.orchestra.run.smithi086.stdout:/usr/bin/ceph: stderr
2024-04-23T02:26:00.013+0000 7fa9d8f25700 1 -- 172.21.15.86:0/1709210505 <== mon.0 v2:172.21.15.86:3300/0 3 ==== mon_map magic: 0 v1 ==== 229+0+0 (secure 0 0 0) 0x7fa9c4011a30 con 0x7fa9d4105d80
2024-04-23T02:26:00.901 INFO:teuthology.orchestra.run.smithi086.stdout:/usr/bin/ceph: stderr
2024-04-23T02:26:00.014+0000 7fa9dc18b700 1 -- 172.21.15.86:0/1709210505 >> [v2:172.21.15.86:3300/0,v1:172.21.15.86:6789/0] conn(0x7fa9d4105d80 msgr2=0x7fa9d4106190 secure :-1 s=STATE_CONNECTION_ESTABLISHED l=1).mark_down
2024-04-23T02:26:00.901 INFO:teuthology.orchestra.run.smithi086.stdout:/usr/bin/ceph: stderr
2024-04-23T02:26:00.014+0000 7fa9dc18b700 1 --2- 172.21.15.86:0/1709210505 >> [v2:172.21.15.86:3300/0,v1:172.21.15.86:6789/0] conn(0x7fa9d4105d80 0x7fa9d4106190 secure :-1 s=READY pgs=53 cs=0 l=1 rev1=1 crypto rx=0x7fa9c40098a0 tx=0x7fa9c4009bb0 comp rx=0 tx=0).stop
2024-04-23T02:26:00.901 INFO:teuthology.orchestra.run.smithi086.stdout:/usr/bin/ceph: stderr
2024-04-23T02:26:00.014+0000 7fa9dc18b700 1 -- 172.21.15.86:0/1709210505 shutdown_connections
2024-04-23T02:26:00.901 INFO:teuthology.orchestra.run.smithi086.stdout:/usr/bin/ceph: stderr
2024-04-23T02:26:00.014+0000 7fa9dc18b700 1 --2- 172.21.15.86:0/1709210505 >> [v2:172.21.15.86:3300/0,v1:172.21.15.86:6789/0] conn(0x7fa9d4105d80 0x7fa9d4106190 unknown :-1 s=CLOSED pgs=53 cs=0 l=1 rev1=1 crypto rx=0 tx=0 comp rx=0 tx=0).stop
2024-04-23T02:26:00.901 INFO:teuthology.orchestra.run.smithi086.stdout:/usr/bin/ceph: stderr
2024-04-23T02:26:00.014+0000 7fa9dc18b700 1 -- 172.21.15.86:0/1709210505 >> 172.21.15.86:0/1709210505 conn(0x7fa9d40ff590 msgr2=0x7fa9d41019a0 unknown :-1 s=STATE_NONE l=0).mark_down
2024-04-23T02:26:00.901 INFO:teuthology.orchestra.run.smithi086.stdout:/usr/bin/ceph: stderr
2024-04-23T02:26:00.014+0000 7fa9dc18b700 1 -- 172.21.15.86:0/1709210505 shutdown_connections
2024-04-23T02:26:00.901 INFO:teuthology.orchestra.run.smithi086.stdout:/usr/bin/ceph: stderr
2024-04-23T02:26:00.014+0000 7fa9dc18b700 1 -- 172.21.15.86:0/1709210505 wait complete.
2024-04-23T02:26:00.901 INFO:teuthology.orchestra.run.smithi086.stdout:/usr/bin/ceph: stderr
2024-04-23T02:26:00.014+0000 7fa9dc18b700 1 Processor -- start
2024-04-23T02:26:00.901 INFO:teuthology.orchestra.run.smithi086.stdout:/usr/bin/ceph: stderr
2024-04-23T02:26:00.014+0000 7fa9dc18b700 1 -- start start
2024-04-23T02:26:00.901 INFO:teuthology.orchestra.run.smithi086.stdout:/usr/bin/ceph: stderr
2024-04-23T02:26:00.015+0000 7fa9dc18b700 1 --2- >> [v2:172.21.15.86:3300/0,v1:172.21.15.86:6789/0] conn(0x7fa9d4105d80 0x7fa9d4197370 unknown :-1 s=NONE pgs=0 cs=0 l=1 rev1=0 crypto rx=0 tx=0 comp rx=0 tx=0).connect
2024-04-23T02:26:00.901 INFO:teuthology.orchestra.run.smithi086.stdout:/usr/bin/ceph: stderr
2024-04-23T02:26:00.015+0000 7fa9dc18b700 1 -- --> [v2:172.21.15.86:3300/0,v1:172.21.15.86:6789/0] -- mon_getmap magic: 0 v1 -- 0x7fa9d41978b0 con 0x7fa9d4105d80
2024-04-23T02:26:00.902 INFO:teuthology.orchestra.run.smithi086.stdout:/usr/bin/ceph: stderr
2024-04-23T02:26:00.015+0000 7fa9d9f27700 1 --2- >> [v2:172.21.15.86:3300/0,v1:172.21.15.86:6789/0] conn(0x7fa9d4105d80 0x7fa9d4197370 unknown :-1 s=BANNER_CONNECTING pgs=0 cs=0 l=1 rev1=0 crypto rx=0 tx=0 comp rx=0 tx=0)._handle_peer_banner_payload supported=3 required=0
2024-04-23T02:26:00.902 INFO:teuthology.orchestra.run.smithi086.stdout:/usr/bin/ceph: stderr
2024-04-23T02:26:00.015+0000 7fa9d9f27700 1 --2- >> [v2:172.21.15.86:3300/0,v1:172.21.15.86:6789/0] conn(0x7fa9d4105d80 0x7fa9d4197370 unknown :-1 s=HELLO_CONNECTING pgs=0 cs=0 l=1 rev1=1 crypto rx=0 tx=0 comp rx=0 tx=0).handle_hello peer v2:172.21.15.86:3300/0 says I am v2:172.21.15.86:50278/0 (socket says 172.21.15.86:50278)
2024-04-23T02:26:00.902 INFO:teuthology.orchestra.run.smithi086.stdout:/usr/bin/ceph: stderr
2024-04-23T02:26:00.015+0000 7fa9d9f27700 1 -- 172.21.15.86:0/1757607590 learned_addr learned my addr 172.21.15.86:0/1757607590 (peer_addr_for_me v2:172.21.15.86:0/0)
2024-04-23T02:26:00.902 INFO:teuthology.orchestra.run.smithi086.stdout:/usr/bin/ceph: stderr
2024-04-23T02:26:00.015+0000 7fa9d9f27700 1 -- 172.21.15.86:0/1757607590 --> [v2:172.21.15.86:3300/0,v1:172.21.15.86:6789/0] -- mon_subscribe({config=0+,monmap=0+}) v3 -- 0x7fa9c4009550 con 0x7fa9d4105d80
2024-04-23T02:26:00.902 INFO:teuthology.orchestra.run.smithi086.stdout:/usr/bin/ceph: stderr
2024-04-23T02:26:00.015+0000 7fa9d9f27700 1 --2- 172.21.15.86:0/1757607590 >> [v2:172.21.15.86:3300/0,v1:172.21.15.86:6789/0] conn(0x7fa9d4105d80 0x7fa9d4197370 secure :-1 s=READY pgs=54 cs=0 l=1 rev1=1 crypto rx=0x7fa9c4006af0 tx=0x7fa9c4011ab0 comp rx=0 tx=0).ready entity=mon.0 client_cookie=0 server_cookie=0 in_seq=0 out_seq=0
2024-04-23T02:26:00.902 INFO:teuthology.orchestra.run.smithi086.stdout:/usr/bin/ceph: stderr
2024-04-23T02:26:00.015+0000 7fa9caffd700 1 -- 172.21.15.86:0/1757607590 <== mon.0 v2:172.21.15.86:3300/0 1 ==== mon_map magic: 0 v1 ==== 229+0+0 (secure 0 0 0) 0x7fa9c4003bc0 con 0x7fa9d4105d80
2024-04-23T02:26:00.902 INFO:teuthology.orchestra.run.smithi086.stdout:/usr/bin/ceph: stderr
2024-04-23T02:26:00.015+0000 7fa9caffd700 1 -- 172.21.15.86:0/1757607590 <== mon.0 v2:172.21.15.86:3300/0 2 ==== config(26 keys) v1 ==== 1066+0+0 (secure 0 0 0) 0x7fa9c401a8c0 con 0x7fa9d4105d80
2024-04-23T02:26:00.902 INFO:teuthology.orchestra.run.smithi086.stdout:/usr/bin/ceph: stderr
2024-04-23T02:26:00.015+0000 7fa9dc18b700 1 -- 172.21.15.86:0/1757607590 --> [v2:172.21.15.86:3300/0,v1:172.21.15.86:6789/0] -- mon_subscribe({mgrmap=0+}) v3 -- 0x7fa9d4197ab0 con 0x7fa9d4105d80
2024-04-23T02:26:00.902 INFO:teuthology.orchestra.run.smithi086.stdout:/usr/bin/ceph: stderr
2024-04-23T02:26:00.015+0000 7fa9caffd700 1 -- 172.21.15.86:0/1757607590 <== mon.0 v2:172.21.15.86:3300/0 3 ==== mon_map magic: 0 v1 ==== 229+0+0 (secure 0 0 0) 0x7fa9c4019860 con 0x7fa9d4105d80
2024-04-23T02:26:00.902 INFO:teuthology.orchestra.run.smithi086.stdout:/usr/bin/ceph: stderr
2024-04-23T02:26:00.015+0000 7fa9dc18b700 1 -- 172.21.15.86:0/1757607590 --> [v2:172.21.15.86:3300/0,v1:172.21.15.86:6789/0] -- mon_subscribe({osdmap=0}) v3 -- 0x7fa9d4197ed0 con 0x7fa9d4105d80
2024-04-23T02:26:00.902 INFO:teuthology.orchestra.run.smithi086.stdout:/usr/bin/ceph: stderr
2024-04-23T02:26:00.016+0000 7fa9dc18b700 1 -- 172.21.15.86:0/1757607590 --> [v2:172.21.15.86:3300/0,v1:172.21.15.86:6789/0] -- mon_command({"prefix": "get_command_descriptions"} v 0) v1 -- 0x7fa9d41910d0 con 0x7fa9d4105d80
2024-04-23T02:26:00.902 INFO:teuthology.orchestra.run.smithi086.stdout:/usr/bin/ceph: stderr
2024-04-23T02:26:00.017+0000 7fa9caffd700 1 -- 172.21.15.86:0/1757607590 <== mon.0 v2:172.21.15.86:3300/0 4 ==== mgrmap(e 8) v1 ==== 45084+0+0 (secure 0 0 0) 0x7fa9c401aa30 con 0x7fa9d4105d80
2024-04-23T02:26:00.902 INFO:teuthology.orchestra.run.smithi086.stdout:/usr/bin/ceph: stderr
2024-04-23T02:26:00.017+0000 7fa9caffd700 1 --2- 172.21.15.86:0/1757607590 >> [v2:172.21.15.86:6800/2948701267,v1:172.21.15.86:6801/2948701267] conn(0x7fa9c003a600 0x7fa9c003cab0 unknown :-1 s=NONE pgs=0 cs=0 l=1 rev1=0 crypto rx=0 tx=0 comp rx=0 tx=0).connect
2024-04-23T02:26:00.902 INFO:teuthology.orchestra.run.smithi086.stdout:/usr/bin/ceph: stderr
2024-04-23T02:26:00.017+0000 7fa9caffd700 1 -- 172.21.15.86:0/1757607590 <== mon.0 v2:172.21.15.86:3300/0 5 ==== osd_map(2..2 src has 1..2) v4 ==== 940+0+0 (secure 0 0 0) 0x7fa9c404c6f0 con 0x7fa9d4105d80
2024-04-23T02:26:00.903 INFO:teuthology.orchestra.run.smithi086.stdout:/usr/bin/ceph: stderr
2024-04-23T02:26:00.017+0000 7fa9d9726700 1 --2- 172.21.15.86:0/1757607590 >> [v2:172.21.15.86:6800/2948701267,v1:172.21.15.86:6801/2948701267] conn(0x7fa9c003a600 0x7fa9c003cab0 unknown :-1 s=BANNER_CONNECTING pgs=0 cs=0 l=1 rev1=0 crypto rx=0 tx=0 comp rx=0 tx=0)._handle_peer_banner_payload supported=3 required=0
2024-04-23T02:26:00.903 INFO:teuthology.orchestra.run.smithi086.stdout:/usr/bin/ceph: stderr
2024-04-23T02:26:00.017+0000 7fa9d9726700 1 --2- 172.21.15.86:0/1757607590 >> [v2:172.21.15.86:6800/2948701267,v1:172.21.15.86:6801/2948701267] conn(0x7fa9c003a600 0x7fa9c003cab0 secure :-1 s=READY pgs=16 cs=0 l=1 rev1=1 crypto rx=0x7fa9d0006fd0 tx=0x7fa9d0006e40 comp rx=0 tx=0).ready entity=mgr.14118 client_cookie=0 server_cookie=0 in_seq=0 out_seq=0
2024-04-23T02:26:00.903 INFO:teuthology.orchestra.run.smithi086.stdout:/usr/bin/ceph: stderr
2024-04-23T02:26:00.021+0000 7fa9caffd700 1 -- 172.21.15.86:0/1757607590 <== mon.0 v2:172.21.15.86:3300/0 6 ==== mon_command_ack([{"prefix": "get_command_descriptions"}]=0 v0) v1 ==== 72+0+177933 (secure 0 0 0) 0x7fa9c401a430 con 0x7fa9d4105d80
2024-04-23T02:26:00.903 INFO:teuthology.orchestra.run.smithi086.stdout:/usr/bin/ceph: stderr
2024-04-23T02:26:00.222+0000 7fa9dc18b700 1 -- 172.21.15.86:0/1757607590 --> [v2:172.21.15.86:6800/2948701267,v1:172.21.15.86:6801/2948701267] -- mgr_command(tid 0: {"prefix": "orch apply", "service_type": "prometheus", "target": ["mon-mgr", ""]}) v1 -- 0x7fa9d4061190 con 0x7fa9c003a600
2024-04-23T02:26:00.903 INFO:teuthology.orchestra.run.smithi086.stdout:/usr/bin/ceph: stderr
2024-04-23T02:26:00.229+0000 7fa9caffd700 1 -- 172.21.15.86:0/1757607590 <== mgr.14118 v2:172.21.15.86:6800/2948701267 1 ==== mgr_command_reply(tid 0: 0 ) v1 ==== 8+0+31 (secure 0 0 0) 0x7fa9d4061190 con 0x7fa9c003a600
2024-04-23T02:26:00.903 INFO:teuthology.orchestra.run.smithi086.stdout:/usr/bin/ceph: stderr
2024-04-23T02:26:00.231+0000 7fa9dc18b700 1 -- 172.21.15.86:0/1757607590 >> [v2:172.21.15.86:6800/2948701267,v1:172.21.15.86:6801/2948701267] conn(0x7fa9c003a600 msgr2=0x7fa9c003cab0 secure :-1 s=STATE_CONNECTION_ESTABLISHED l=1).mark_down
2024-04-23T02:26:00.903 INFO:teuthology.orchestra.run.smithi086.stdout:/usr/bin/ceph: stderr
2024-04-23T02:26:00.231+0000 7fa9dc18b700 1 --2- 172.21.15.86:0/1757607590 >> [v2:172.21.15.86:6800/2948701267,v1:172.21.15.86:6801/2948701267] conn(0x7fa9c003a600 0x7fa9c003cab0 secure :-1 s=READY pgs=16 cs=0 l=1 rev1=1 crypto rx=0x7fa9d0006fd0 tx=0x7fa9d0006e40 comp rx=0 tx=0).stop
2024-04-23T02:26:00.903 INFO:teuthology.orchestra.run.smithi086.stdout:/usr/bin/ceph: stderr
2024-04-23T02:26:00.231+0000 7fa9dc18b700 1 -- 172.21.15.86:0/1757607590 >> [v2:172.21.15.86:3300/0,v1:172.21.15.86:6789/0] conn(0x7fa9d4105d80 msgr2=0x7fa9d4197370 secure :-1 s=STATE_CONNECTION_ESTABLISHED l=1).mark_down
2024-04-23T02:26:00.903 INFO:teuthology.orchestra.run.smithi086.stdout:/usr/bin/ceph: stderr
2024-04-23T02:26:00.231+0000 7fa9dc18b700 1 --2- 172.21.15.86:0/1757607590 >> [v2:172.21.15.86:3300/0,v1:172.21.15.86:6789/0] conn(0x7fa9d4105d80 0x7fa9d4197370 secure :-1 s=READY pgs=54 cs=0 l=1 rev1=1 crypto rx=0x7fa9c4006af0 tx=0x7fa9c4011ab0 comp rx=0 tx=0).stop
2024-04-23T02:26:00.903 INFO:teuthology.orchestra.run.smithi086.stdout:/usr/bin/ceph: stderr
2024-04-23T02:26:00.231+0000 7fa9dc18b700 1 -- 172.21.15.86:0/1757607590 shutdown_connections
2024-04-23T02:26:00.903 INFO:teuthology.orchestra.run.smithi086.stdout:/usr/bin/ceph: stderr
2024-04-23T02:26:00.231+0000 7fa9dc18b700 1 --2- 172.21.15.86:0/1757607590 >> [v2:172.21.15.86:6800/2948701267,v1:172.21.15.86:6801/2948701267] conn(0x7fa9c003a600 0x7fa9c003cab0 unknown :-1 s=CLOSED pgs=16 cs=0 l=1 rev1=1 crypto rx=0 tx=0 comp rx=0 tx=0).stop
2024-04-23T02:26:00.903 INFO:teuthology.orchestra.run.smithi086.stdout:/usr/bin/ceph: stderr
2024-04-23T02:26:00.231+0000 7fa9dc18b700 1 --2- 172.21.15.86:0/1757607590 >> [v2:172.21.15.86:3300/0,v1:172.21.15.86:6789/0] conn(0x7fa9d4105d80 0x7fa9d4197370 unknown :-1 s=CLOSED pgs=54 cs=0 l=1 rev1=1 crypto rx=0 tx=0 comp rx=0 tx=0).stop
2024-04-23T02:26:00.903 INFO:teuthology.orchestra.run.smithi086.stdout:/usr/bin/ceph: stderr
2024-04-23T02:26:00.231+0000 7fa9dc18b700 1 -- 172.21.15.86:0/1757607590 >> 172.21.15.86:0/1757607590 conn(0x7fa9d40ff590 msgr2=0x7fa9d418e210 unknown :-1 s=STATE_NONE l=0).mark_down
2024-04-23T02:26:00.903 INFO:teuthology.orchestra.run.smithi086.stdout:/usr/bin/ceph: stderr
2024-04-23T02:26:00.231+0000 7fa9dc18b700 1 -- 172.21.15.86:0/1757607590 shutdown_connections
2024-04-23T02:26:00.903 INFO:teuthology.orchestra.run.smithi086.stdout:/usr/bin/ceph: stderr
2024-04-23T02:26:00.231+0000 7fa9dc18b700 1 -- 172.21.15.86:0/1757607590 wait complete.
2024-04-23T02:26:00.904 INFO:teuthology.orchestra.run.smithi086.stdout:Deploying grafana service with default placement...
2024-04-23T02:26:01.486 INFO:journalctl@ceph.mon.smithi086.smithi086.stdout:Apr 23 02:26:01 smithi086 ceph-mon[39858]: from='client.14148 -' entity='client.admin' cmd=[{"prefix": "orch apply", "service_type": "prometheus", "target": ["mon-mgr", ""]}]: dispatch
2024-04-23T02:26:01.486 INFO:journalctl@ceph.mon.smithi086.smithi086.stdout:Apr 23 02:26:01 smithi086 ceph-mon[39858]: Saving service prometheus spec with placement count:1
