2024-04-23T02:26:01.486 INFO:journalctl@ceph.mon.smithi086.smithi086.stdout:Apr 23 02:26:01 smithi086 ceph-mon[39858]: from='mgr.14118 172.21.15.86:0/529725934' entity='mgr.smithi086.pkuqvf'
2024-04-23T02:26:01.486 INFO:journalctl@ceph.mon.smithi086.smithi086.stdout:Apr 23 02:26:01 smithi086 ceph-mon[39858]: pgmap v4: 0 pgs: ; 0 B data, 0 B used, 0 B / 0 B avail
2024-04-23T02:26:02.355 INFO:teuthology.orchestra.run.smithi086.stdout:/usr/bin/ceph: stdout Scheduled grafana update...
2024-04-23T02:26:02.356 INFO:teuthology.orchestra.run.smithi086.stdout:/usr/bin/ceph: stderr
2024-04-23T02:26:01.479+0000 7f45e87b7700 1 Processor -- start
2024-04-23T02:26:02.356 INFO:teuthology.orchestra.run.smithi086.stdout:/usr/bin/ceph: stderr
2024-04-23T02:26:01.479+0000 7f45e87b7700 1 -- start start
2024-04-23T02:26:02.356 INFO:teuthology.orchestra.run.smithi086.stdout:/usr/bin/ceph: stderr
2024-04-23T02:26:01.479+0000 7f45e87b7700 1 --2- >> [v2:172.21.15.86:3300/0,v1:172.21.15.86:6789/0] conn(0x7f45e0079cf0 0x7f45e0108450 unknown :-1 s=NONE pgs=0 cs=0 l=0 rev1=0 crypto rx=0 tx=0 comp rx=0 tx=0).connect
2024-04-23T02:26:02.356 INFO:teuthology.orchestra.run.smithi086.stdout:/usr/bin/ceph: stderr
2024-04-23T02:26:01.480+0000 7f45e87b7700 1 -- --> [v2:172.21.15.86:3300/0,v1:172.21.15.86:6789/0] -- mon_getmap magic: 0 v1 -- 0x7f45e0108990 con 0x7f45e0079cf0
2024-04-23T02:26:02.356 INFO:teuthology.orchestra.run.smithi086.stdout:/usr/bin/ceph: stderr
2024-04-23T02:26:01.480+0000 7f45e6553700 1 --2- >> [v2:172.21.15.86:3300/0,v1:172.21.15.86:6789/0] conn(0x7f45e0079cf0 0x7f45e0108450 unknown :-1 s=BANNER_CONNECTING pgs=0 cs=0 l=0 rev1=0 crypto rx=0 tx=0 comp rx=0 tx=0)._handle_peer_banner_payload supported=3 required=0
2024-04-23T02:26:02.356 INFO:teuthology.orchestra.run.smithi086.stdout:/usr/bin/ceph: stderr
2024-04-23T02:26:01.480+0000 7f45e6553700 1 --2- >> [v2:172.21.15.86:3300/0,v1:172.21.15.86:6789/0] conn(0x7f45e0079cf0 0x7f45e0108450 unknown :-1 s=HELLO_CONNECTING pgs=0 cs=0 l=0 rev1=1 crypto rx=0 tx=0 comp rx=0 tx=0).handle_hello peer v2:172.21.15.86:3300/0 says I am v2:172.21.15.86:50284/0 (socket says 172.21.15.86:50284)
2024-04-23T02:26:02.356 INFO:teuthology.orchestra.run.smithi086.stdout:/usr/bin/ceph: stderr
2024-04-23T02:26:01.480+0000 7f45e6553700 1 -- 172.21.15.86:0/2261439622 learned_addr learned my addr 172.21.15.86:0/2261439622 (peer_addr_for_me v2:172.21.15.86:0/0)
2024-04-23T02:26:02.356 INFO:teuthology.orchestra.run.smithi086.stdout:/usr/bin/ceph: stderr
2024-04-23T02:26:01.480+0000 7f45e6553700 1 -- 172.21.15.86:0/2261439622 --> [v2:172.21.15.86:3300/0,v1:172.21.15.86:6789/0] -- mon_subscribe({config=0+,monmap=0+}) v3 -- 0x7f45e0108ad0 con 0x7f45e0079cf0
2024-04-23T02:26:02.356 INFO:teuthology.orchestra.run.smithi086.stdout:/usr/bin/ceph: stderr
2024-04-23T02:26:01.480+0000 7f45e6553700 1 --2- 172.21.15.86:0/2261439622 >> [v2:172.21.15.86:3300/0,v1:172.21.15.86:6789/0] conn(0x7f45e0079cf0 0x7f45e0108450 secure :-1 s=READY pgs=55 cs=0 l=1 rev1=1 crypto rx=0x7f45d40098a0 tx=0x7f45d4009bb0 comp rx=0 tx=0).ready entity=mon.0 client_cookie=db769d0b22a9b96e server_cookie=0 in_seq=0 out_seq=0
2024-04-23T02:26:02.356 INFO:teuthology.orchestra.run.smithi086.stdout:/usr/bin/ceph: stderr
2024-04-23T02:26:01.480+0000 7f45e5551700 1 -- 172.21.15.86:0/2261439622 <== mon.0 v2:172.21.15.86:3300/0 1 ==== mon_map magic: 0 v1 ==== 229+0+0 (secure 0 0 0) 0x7f45d4004180 con 0x7f45e0079cf0
2024-04-23T02:26:02.356 INFO:teuthology.orchestra.run.smithi086.stdout:/usr/bin/ceph: stderr
2024-04-23T02:26:01.480+0000 7f45e5551700 1 -- 172.21.15.86:0/2261439622 <== mon.0 v2:172.21.15.86:3300/0 2 ==== config(26 keys) v1 ==== 1066+0+0 (secure 0 0 0) 0x7f45d40042e0 con 0x7f45e0079cf0
2024-04-23T02:26:02.356 INFO:teuthology.orchestra.run.smithi086.stdout:/usr/bin/ceph: stderr
2024-04-23T02:26:01.480+0000 7f45e5551700 1 -- 172.21.15.86:0/2261439622 <== mon.0 v2:172.21.15.86:3300/0 3 ==== mon_map magic: 0 v1 ==== 229+0+0 (secure 0 0 0) 0x7f45d4011a30 con 0x7f45e0079cf0
2024-04-23T02:26:02.356 INFO:teuthology.orchestra.run.smithi086.stdout:/usr/bin/ceph: stderr
2024-04-23T02:26:01.481+0000 7f45e87b7700 1 -- 172.21.15.86:0/2261439622 >> [v2:172.21.15.86:3300/0,v1:172.21.15.86:6789/0] conn(0x7f45e0079cf0 msgr2=0x7f45e0108450 secure :-1 s=STATE_CONNECTION_ESTABLISHED l=1).mark_down
2024-04-23T02:26:02.357 INFO:teuthology.orchestra.run.smithi086.stdout:/usr/bin/ceph: stderr
2024-04-23T02:26:01.481+0000 7f45e87b7700 1 --2- 172.21.15.86:0/2261439622 >> [v2:172.21.15.86:3300/0,v1:172.21.15.86:6789/0] conn(0x7f45e0079cf0 0x7f45e0108450 secure :-1 s=READY pgs=55 cs=0 l=1 rev1=1 crypto rx=0x7f45d40098a0 tx=0x7f45d4009bb0 comp rx=0 tx=0).stop
2024-04-23T02:26:02.357 INFO:teuthology.orchestra.run.smithi086.stdout:/usr/bin/ceph: stderr
2024-04-23T02:26:01.481+0000 7f45e87b7700 1 -- 172.21.15.86:0/2261439622 shutdown_connections
2024-04-23T02:26:02.357 INFO:teuthology.orchestra.run.smithi086.stdout:/usr/bin/ceph: stderr
2024-04-23T02:26:01.481+0000 7f45e87b7700 1 --2- 172.21.15.86:0/2261439622 >> [v2:172.21.15.86:3300/0,v1:172.21.15.86:6789/0] conn(0x7f45e0079cf0 0x7f45e0108450 unknown :-1 s=CLOSED pgs=55 cs=0 l=1 rev1=1 crypto rx=0 tx=0 comp rx=0 tx=0).stop
2024-04-23T02:26:02.357 INFO:teuthology.orchestra.run.smithi086.stdout:/usr/bin/ceph: stderr
2024-04-23T02:26:01.481+0000 7f45e87b7700 1 -- 172.21.15.86:0/2261439622 >> 172.21.15.86:0/2261439622 conn(0x7f45e00ffe00 msgr2=0x7f45e0102230 unknown :-1 s=STATE_NONE l=0).mark_down
2024-04-23T02:26:02.357 INFO:teuthology.orchestra.run.smithi086.stdout:/usr/bin/ceph: stderr
2024-04-23T02:26:01.481+0000 7f45e87b7700 1 -- 172.21.15.86:0/2261439622 shutdown_connections
2024-04-23T02:26:02.357 INFO:teuthology.orchestra.run.smithi086.stdout:/usr/bin/ceph: stderr
2024-04-23T02:26:01.481+0000 7f45e87b7700 1 -- 172.21.15.86:0/2261439622 wait complete.
2024-04-23T02:26:02.357 INFO:teuthology.orchestra.run.smithi086.stdout:/usr/bin/ceph: stderr
2024-04-23T02:26:01.482+0000 7f45e87b7700 1 Processor -- start
2024-04-23T02:26:02.357 INFO:teuthology.orchestra.run.smithi086.stdout:/usr/bin/ceph: stderr
2024-04-23T02:26:01.482+0000 7f45e87b7700 1 -- start start
2024-04-23T02:26:02.357 INFO:teuthology.orchestra.run.smithi086.stdout:/usr/bin/ceph: stderr
2024-04-23T02:26:01.482+0000 7f45e87b7700 1 --2- >> [v2:172.21.15.86:3300/0,v1:172.21.15.86:6789/0] conn(0x7f45e01995a0 0x7f45e01999b0 unknown :-1 s=NONE pgs=0 cs=0 l=1 rev1=0 crypto rx=0 tx=0 comp rx=0 tx=0).connect
2024-04-23T02:26:02.357 INFO:teuthology.orchestra.run.smithi086.stdout:/usr/bin/ceph: stderr
2024-04-23T02:26:01.482+0000 7f45e87b7700 1 -- --> [v2:172.21.15.86:3300/0,v1:172.21.15.86:6789/0] -- mon_getmap magic: 0 v1 -- 0x7f45e0199ef0 con 0x7f45e01995a0
2024-04-23T02:26:02.357 INFO:teuthology.orchestra.run.smithi086.stdout:/usr/bin/ceph: stderr
2024-04-23T02:26:01.482+0000 7f45e6553700 1 --2- >> [v2:172.21.15.86:3300/0,v1:172.21.15.86:6789/0] conn(0x7f45e01995a0 0x7f45e01999b0 unknown :-1 s=BANNER_CONNECTING pgs=0 cs=0 l=1 rev1=0 crypto rx=0 tx=0 comp rx=0 tx=0)._handle_peer_banner_payload supported=3 required=0
2024-04-23T02:26:02.357 INFO:teuthology.orchestra.run.smithi086.stdout:/usr/bin/ceph: stderr
2024-04-23T02:26:01.482+0000 7f45e6553700 1 --2- >> [v2:172.21.15.86:3300/0,v1:172.21.15.86:6789/0] conn(0x7f45e01995a0 0x7f45e01999b0 unknown :-1 s=HELLO_CONNECTING pgs=0 cs=0 l=1 rev1=1 crypto rx=0 tx=0 comp rx=0 tx=0).handle_hello peer v2:172.21.15.86:3300/0 says I am v2:172.21.15.86:50294/0 (socket says 172.21.15.86:50294)
2024-04-23T02:26:02.357 INFO:teuthology.orchestra.run.smithi086.stdout:/usr/bin/ceph: stderr
2024-04-23T02:26:01.482+0000 7f45e6553700 1 -- 172.21.15.86:0/2982980447 learned_addr learned my addr 172.21.15.86:0/2982980447 (peer_addr_for_me v2:172.21.15.86:0/0)
2024-04-23T02:26:02.357 INFO:teuthology.orchestra.run.smithi086.stdout:/usr/bin/ceph: stderr
2024-04-23T02:26:01.482+0000 7f45e6553700 1 -- 172.21.15.86:0/2982980447 --> [v2:172.21.15.86:3300/0,v1:172.21.15.86:6789/0] -- mon_subscribe({config=0+,monmap=0+}) v3 -- 0x7f45d4009550 con 0x7f45e01995a0
2024-04-23T02:26:02.358 INFO:teuthology.orchestra.run.smithi086.stdout:/usr/bin/ceph: stderr
2024-04-23T02:26:01.482+0000 7f45e6553700 1 --2- 172.21.15.86:0/2982980447 >> [v2:172.21.15.86:3300/0,v1:172.21.15.86:6789/0] conn(0x7f45e01995a0 0x7f45e01999b0 secure :-1 s=READY pgs=56 cs=0 l=1 rev1=1 crypto rx=0x7f45d4000c00 tx=0x7f45d4011ab0 comp rx=0 tx=0).ready entity=mon.0 client_cookie=0 server_cookie=0 in_seq=0 out_seq=0
2024-04-23T02:26:02.358 INFO:teuthology.orchestra.run.smithi086.stdout:/usr/bin/ceph: stderr
2024-04-23T02:26:01.482+0000 7f45d37fe700 1 -- 172.21.15.86:0/2982980447 <== mon.0 v2:172.21.15.86:3300/0 1 ==== mon_map magic: 0 v1 ==== 229+0+0 (secure 0 0 0) 0x7f45d4003b40 con 0x7f45e01995a0
2024-04-23T02:26:02.358 INFO:teuthology.orchestra.run.smithi086.stdout:/usr/bin/ceph: stderr
2024-04-23T02:26:01.482+0000 7f45d37fe700 1 -- 172.21.15.86:0/2982980447 <== mon.0 v2:172.21.15.86:3300/0 2 ==== config(26 keys) v1 ==== 1066+0+0 (secure 0 0 0) 0x7f45d40248d0 con 0x7f45e01995a0
2024-04-23T02:26:02.358 INFO:teuthology.orchestra.run.smithi086.stdout:/usr/bin/ceph: stderr
2024-04-23T02:26:01.482+0000 7f45e87b7700 1 -- 172.21.15.86:0/2982980447 --> [v2:172.21.15.86:3300/0,v1:172.21.15.86:6789/0] -- mon_subscribe({mgrmap=0+}) v3 -- 0x7f45e019a0f0 con 0x7f45e01995a0
2024-04-23T02:26:02.358 INFO:teuthology.orchestra.run.smithi086.stdout:/usr/bin/ceph: stderr
2024-04-23T02:26:01.483+0000 7f45d37fe700 1 -- 172.21.15.86:0/2982980447 <== mon.0 v2:172.21.15.86:3300/0 3 ==== mon_map magic: 0 v1 ==== 229+0+0 (secure 0 0 0) 0x7f45d401a820 con 0x7f45e01995a0
2024-04-23T02:26:02.358 INFO:teuthology.orchestra.run.smithi086.stdout:/usr/bin/ceph: stderr
2024-04-23T02:26:01.483+0000 7f45e87b7700 1 -- 172.21.15.86:0/2982980447 --> [v2:172.21.15.86:3300/0,v1:172.21.15.86:6789/0] -- mon_subscribe({osdmap=0}) v3 -- 0x7f45e019cd50 con 0x7f45e01995a0
2024-04-23T02:26:02.358 INFO:teuthology.orchestra.run.smithi086.stdout:/usr/bin/ceph: stderr
2024-04-23T02:26:01.483+0000 7f45e87b7700 1 -- 172.21.15.86:0/2982980447 --> [v2:172.21.15.86:3300/0,v1:172.21.15.86:6789/0] -- mon_command({"prefix": "get_command_descriptions"} v 0) v1 -- 0x7f45e0079cf0 con 0x7f45e01995a0
2024-04-23T02:26:02.358 INFO:teuthology.orchestra.run.smithi086.stdout:/usr/bin/ceph: stderr
2024-04-23T02:26:01.484+0000 7f45d37fe700 1 -- 172.21.15.86:0/2982980447 <== mon.0 v2:172.21.15.86:3300/0 4 ==== mgrmap(e 8) v1 ==== 45084+0+0 (secure 0 0 0) 0x7f45d4024a40 con 0x7f45e01995a0
2024-04-23T02:26:02.358 INFO:teuthology.orchestra.run.smithi086.stdout:/usr/bin/ceph: stderr
2024-04-23T02:26:01.484+0000 7f45d37fe700 1 --2- 172.21.15.86:0/2982980447 >> [v2:172.21.15.86:6800/2948701267,v1:172.21.15.86:6801/2948701267] conn(0x7f45cc0383f0 0x7f45cc03a8a0 unknown :-1 s=NONE pgs=0 cs=0 l=1 rev1=0 crypto rx=0 tx=0 comp rx=0 tx=0).connect
2024-04-23T02:26:02.358 INFO:teuthology.orchestra.run.smithi086.stdout:/usr/bin/ceph: stderr
2024-04-23T02:26:01.484+0000 7f45d37fe700 1 -- 172.21.15.86:0/2982980447 <== mon.0 v2:172.21.15.86:3300/0 5 ==== osd_map(2..2 src has 1..2) v4 ==== 940+0+0 (secure 0 0 0) 0x7f45d404c610 con 0x7f45e01995a0
2024-04-23T02:26:02.358 INFO:teuthology.orchestra.run.smithi086.stdout:/usr/bin/ceph: stderr
2024-04-23T02:26:01.484+0000 7f45e5d52700 1 --2- 172.21.15.86:0/2982980447 >> [v2:172.21.15.86:6800/2948701267,v1:172.21.15.86:6801/2948701267] conn(0x7f45cc0383f0 0x7f45cc03a8a0 unknown :-1 s=BANNER_CONNECTING pgs=0 cs=0 l=1 rev1=0 crypto rx=0 tx=0 comp rx=0 tx=0)._handle_peer_banner_payload supported=3 required=0
2024-04-23T02:26:02.358 INFO:teuthology.orchestra.run.smithi086.stdout:/usr/bin/ceph: stderr
2024-04-23T02:26:01.485+0000 7f45e5d52700 1 --2- 172.21.15.86:0/2982980447 >> [v2:172.21.15.86:6800/2948701267,v1:172.21.15.86:6801/2948701267] conn(0x7f45cc0383f0 0x7f45cc03a8a0 secure :-1 s=READY pgs=17 cs=0 l=1 rev1=1 crypto rx=0x7f45dc006fd0 tx=0x7f45dc006e40 comp rx=0 tx=0).ready entity=mgr.14118 client_cookie=0 server_cookie=0 in_seq=0 out_seq=0
2024-04-23T02:26:02.358 INFO:teuthology.orchestra.run.smithi086.stdout:/usr/bin/ceph: stderr
2024-04-23T02:26:01.489+0000 7f45d37fe700 1 -- 172.21.15.86:0/2982980447 <== mon.0 v2:172.21.15.86:3300/0 6 ==== mon_command_ack([{"prefix": "get_command_descriptions"}]=0 v0) v1 ==== 72+0+177933 (secure 0 0 0) 0x7f45d401ae60 con 0x7f45e01995a0
2024-04-23T02:26:02.359 INFO:teuthology.orchestra.run.smithi086.stdout:/usr/bin/ceph: stderr
2024-04-23T02:26:01.687+0000 7f45e87b7700 1 -- 172.21.15.86:0/2982980447 --> [v2:172.21.15.86:6800/2948701267,v1:172.21.15.86:6801/2948701267] -- mgr_command(tid 0: {"prefix": "orch apply", "service_type": "grafana", "target": ["mon-mgr", ""]}) v1 -- 0x7f45e01020c0 con 0x7f45cc0383f0
2024-04-23T02:26:02.359 INFO:teuthology.orchestra.run.smithi086.stdout:/usr/bin/ceph: stderr
2024-04-23T02:26:01.695+0000 7f45d37fe700 1 -- 172.21.15.86:0/2982980447 <== mgr.14118 v2:172.21.15.86:6800/2948701267 1 ==== mgr_command_reply(tid 0: 0 ) v1 ==== 8+0+28 (secure 0 0 0) 0x7f45e01020c0 con 0x7f45cc0383f0
2024-04-23T02:26:02.359 INFO:teuthology.orchestra.run.smithi086.stdout:/usr/bin/ceph: stderr
2024-04-23T02:26:01.697+0000 7f45e87b7700 1 -- 172.21.15.86:0/2982980447 >> [v2:172.21.15.86:6800/2948701267,v1:172.21.15.86:6801/2948701267] conn(0x7f45cc0383f0 msgr2=0x7f45cc03a8a0 secure :-1 s=STATE_CONNECTION_ESTABLISHED l=1).mark_down
2024-04-23T02:26:02.359 INFO:teuthology.orchestra.run.smithi086.stdout:/usr/bin/ceph: stderr
2024-04-23T02:26:01.697+0000 7f45e87b7700 1 --2- 172.21.15.86:0/2982980447 >> [v2:172.21.15.86:6800/2948701267,v1:172.21.15.86:6801/2948701267] conn(0x7f45cc0383f0 0x7f45cc03a8a0 secure :-1 s=READY pgs=17 cs=0 l=1 rev1=1 crypto rx=0x7f45dc006fd0 tx=0x7f45dc006e40 comp rx=0 tx=0).stop
2024-04-23T02:26:02.359 INFO:teuthology.orchestra.run.smithi086.stdout:/usr/bin/ceph: stderr
2024-04-23T02:26:01.697+0000 7f45e87b7700 1 -- 172.21.15.86:0/2982980447 >> [v2:172.21.15.86:3300/0,v1:172.21.15.86:6789/0] conn(0x7f45e01995a0 msgr2=0x7f45e01999b0 secure :-1 s=STATE_CONNECTION_ESTABLISHED l=1).mark_down
2024-04-23T02:26:02.359 INFO:teuthology.orchestra.run.smithi086.stdout:/usr/bin/ceph: stderr
2024-04-23T02:26:01.697+0000 7f45e87b7700 1 --2- 172.21.15.86:0/2982980447 >> [v2:172.21.15.86:3300/0,v1:172.21.15.86:6789/0] conn(0x7f45e01995a0 0x7f45e01999b0 secure :-1 s=READY pgs=56 cs=0 l=1 rev1=1 crypto rx=0x7f45d4000c00 tx=0x7f45d4011ab0 comp rx=0 tx=0).stop
2024-04-23T02:26:02.359 INFO:teuthology.orchestra.run.smithi086.stdout:/usr/bin/ceph: stderr
2024-04-23T02:26:01.697+0000 7f45e87b7700 1 -- 172.21.15.86:0/2982980447 shutdown_connections
2024-04-23T02:26:02.359 INFO:teuthology.orchestra.run.smithi086.stdout:/usr/bin/ceph: stderr
2024-04-23T02:26:01.697+0000 7f45e87b7700 1 --2- 172.21.15.86:0/2982980447 >> [v2:172.21.15.86:6800/2948701267,v1:172.21.15.86:6801/2948701267] conn(0x7f45cc0383f0 0x7f45cc03a8a0 unknown :-1 s=CLOSED pgs=17 cs=0 l=1 rev1=1 crypto rx=0 tx=0 comp rx=0 tx=0).stop
2024-04-23T02:26:02.359 INFO:teuthology.orchestra.run.smithi086.stdout:/usr/bin/ceph: stderr
2024-04-23T02:26:01.697+0000 7f45e87b7700 1 --2- 172.21.15.86:0/2982980447 >> [v2:172.21.15.86:3300/0,v1:172.21.15.86:6789/0] conn(0x7f45e01995a0 0x7f45e01999b0 unknown :-1 s=CLOSED pgs=56 cs=0 l=1 rev1=1 crypto rx=0 tx=0 comp rx=0 tx=0).stop
2024-04-23T02:26:02.359 INFO:teuthology.orchestra.run.smithi086.stdout:/usr/bin/ceph: stderr
2024-04-23T02:26:01.697+0000 7f45e87b7700 1 -- 172.21.15.86:0/2982980447 >> 172.21.15.86:0/2982980447 conn(0x7f45e00ffe00 msgr2=0x7f45e0101460 unknown :-1 s=STATE_NONE l=0).mark_down
2024-04-23T02:26:02.359 INFO:teuthology.orchestra.run.smithi086.stdout:/usr/bin/ceph: stderr
2024-04-23T02:26:01.697+0000 7f45e87b7700 1 -- 172.21.15.86:0/2982980447 shutdown_connections
2024-04-23T02:26:02.359 INFO:teuthology.orchestra.run.smithi086.stdout:/usr/bin/ceph: stderr
2024-04-23T02:26:01.697+0000 7f45e87b7700 1 -- 172.21.15.86:0/2982980447 wait complete.
2024-04-23T02:26:02.359 INFO:teuthology.orchestra.run.smithi086.stdout:Deploying node-exporter service with default placement...
2024-04-23T02:26:02.986 INFO:journalctl@ceph.mon.smithi086.smithi086.stdout:Apr 23 02:26:02 smithi086 ceph-mon[39858]: from='client.14150 -' entity='client.admin' cmd=[{"prefix": "orch apply", "service_type": "grafana", "target": ["mon-mgr", ""]}]: dispatch
2024-04-23T02:26:02.986 INFO:journalctl@ceph.mon.smithi086.smithi086.stdout:Apr 23 02:26:02 smithi086 ceph-mon[39858]: Saving service grafana spec with placement count:1
2024-04-23T02:26:02.986 INFO:journalctl@ceph.mon.smithi086.smithi086.stdout:Apr 23 02:26:02 smithi086 ceph-mon[39858]: from='mgr.14118 172.21.15.86:0/529725934' entity='mgr.smithi086.pkuqvf'
2024-04-23T02:26:03.736 INFO:journalctl@ceph.mon.smithi086.smithi086.stdout:Apr 23 02:26:03 smithi086 ceph-mon[39858]: pgmap v5: 0 pgs: ; 0 B data, 0 B used, 0 B / 0 B avail
2024-04-23T02:26:03.736 INFO:journalctl@ceph.mon.smithi086.smithi086.stdout:Apr 23 02:26:03 smithi086 ceph-mon[39858]: from='mgr.14118 172.21.15.86:0/529725934' entity='mgr.smithi086.pkuqvf'
2024-04-23T02:26:03.756 INFO:teuthology.orchestra.run.smithi086.stdout:/usr/bin/ceph: stdout Scheduled node-exporter update...
2024-04-23T02:26:03.756 INFO:teuthology.orchestra.run.smithi086.stdout:/usr/bin/ceph: stderr
2024-04-23T02:26:02.914+0000 7f3f292ac700 1 Processor -- start
2024-04-23T02:26:03.756 INFO:teuthology.orchestra.run.smithi086.stdout:/usr/bin/ceph: stderr
2024-04-23T02:26:02.914+0000 7f3f292ac700 1 -- start start
2024-04-23T02:26:03.756 INFO:teuthology.orchestra.run.smithi086.stdout:/usr/bin/ceph: stderr
2024-04-23T02:26:02.914+0000 7f3f292ac700 1 --2- >> [v2:172.21.15.86:3300/0,v1:172.21.15.86:6789/0] conn(0x7f3f241058c0 0x7f3f24105cd0 unknown :-1 s=NONE pgs=0 cs=0 l=0 rev1=0 crypto rx=0 tx=0 comp rx=0 tx=0).connect
2024-04-23T02:26:03.756 INFO:teuthology.orchestra.run.smithi086.stdout:/usr/bin/ceph: stderr
2024-04-23T02:26:02.914+0000 7f3f292ac700 1 -- --> [v2:172.21.15.86:3300/0,v1:172.21.15.86:6789/0] -- mon_getmap magic: 0 v1 -- 0x7f3f24106210 con 0x7f3f241058c0
2024-04-23T02:26:03.756 INFO:teuthology.orchestra.run.smithi086.stdout:/usr/bin/ceph: stderr
2024-04-23T02:26:02.915+0000 7f3f22ffd700 1 --2- >> [v2:172.21.15.86:3300/0,v1:172.21.15.86:6789/0] conn(0x7f3f241058c0 0x7f3f24105cd0 unknown :-1 s=BANNER_CONNECTING pgs=0 cs=0 l=0 rev1=0 crypto rx=0 tx=0 comp rx=0 tx=0)._handle_peer_banner_payload supported=3 required=0
2024-04-23T02:26:03.756 INFO:teuthology.orchestra.run.smithi086.stdout:/usr/bin/ceph: stderr
2024-04-23T02:26:02.915+0000 7f3f22ffd700 1 --2- >> [v2:172.21.15.86:3300/0,v1:172.21.15.86:6789/0] conn(0x7f3f241058c0 0x7f3f24105cd0 unknown :-1 s=HELLO_CONNECTING pgs=0 cs=0 l=0 rev1=1 crypto rx=0 tx=0 comp rx=0 tx=0).handle_hello peer v2:172.21.15.86:3300/0 says I am v2:172.21.15.86:50308/0 (socket says 172.21.15.86:50308)
2024-04-23T02:26:03.756 INFO:teuthology.orchestra.run.smithi086.stdout:/usr/bin/ceph: stderr
2024-04-23T02:26:02.915+0000 7f3f22ffd700 1 -- 172.21.15.86:0/2908292573 learned_addr learned my addr 172.21.15.86:0/2908292573 (peer_addr_for_me v2:172.21.15.86:0/0)
2024-04-23T02:26:03.756 INFO:teuthology.orchestra.run.smithi086.stdout:/usr/bin/ceph: stderr
2024-04-23T02:26:02.915+0000 7f3f22ffd700 1 -- 172.21.15.86:0/2908292573 --> [v2:172.21.15.86:3300/0,v1:172.21.15.86:6789/0] -- mon_subscribe({config=0+,monmap=0+}) v3 -- 0x7f3f24106350 con 0x7f3f241058c0
2024-04-23T02:26:03.756 INFO:teuthology.orchestra.run.smithi086.stdout:/usr/bin/ceph: stderr
2024-04-23T02:26:02.915+0000 7f3f22ffd700 1 --2- 172.21.15.86:0/2908292573 >> [v2:172.21.15.86:3300/0,v1:172.21.15.86:6789/0] conn(0x7f3f241058c0 0x7f3f24105cd0 secure :-1 s=READY pgs=57 cs=0 l=1 rev1=1 crypto rx=0x7f3f140098a0 tx=0x7f3f14009bb0 comp rx=0 tx=0).ready entity=mon.0 client_cookie=6103fbe2950d62bb server_cookie=0 in_seq=0 out_seq=0
2024-04-23T02:26:03.756 INFO:teuthology.orchestra.run.smithi086.stdout:/usr/bin/ceph: stderr
2024-04-23T02:26:02.915+0000 7f3f21ffb700 1 -- 172.21.15.86:0/2908292573 <== mon.0 v2:172.21.15.86:3300/0 1 ==== mon_map magic: 0 v1 ==== 229+0+0 (secure 0 0 0) 0x7f3f14004180 con 0x7f3f241058c0
2024-04-23T02:26:03.756 INFO:teuthology.orchestra.run.smithi086.stdout:/usr/bin/ceph: stderr
2024-04-23T02:26:02.915+0000 7f3f21ffb700 1 -- 172.21.15.86:0/2908292573 <== mon.0 v2:172.21.15.86:3300/0 2 ==== config(26 keys) v1 ==== 1066+0+0 (secure 0 0 0) 0x7f3f140042e0 con 0x7f3f241058c0
2024-04-23T02:26:03.756 INFO:teuthology.orchestra.run.smithi086.stdout:/usr/bin/ceph: stderr
2024-04-23T02:26:02.915+0000 7f3f21ffb700 1 -- 172.21.15.86:0/2908292573 <== mon.0 v2:172.21.15.86:3300/0 3 ==== mon_map magic: 0 v1 ==== 229+0+0 (secure 0 0 0) 0x7f3f14011a30 con 0x7f3f241058c0
2024-04-23T02:26:03.757 INFO:teuthology.orchestra.run.smithi086.stdout:/usr/bin/ceph: stderr
2024-04-23T02:26:02.916+0000 7f3f292ac700 1 -- 172.21.15.86:0/2908292573 >> [v2:172.21.15.86:3300/0,v1:172.21.15.86:6789/0] conn(0x7f3f241058c0 msgr2=0x7f3f24105cd0 secure :-1 s=STATE_CONNECTION_ESTABLISHED l=1).mark_down
2024-04-23T02:26:03.757 INFO:teuthology.orchestra.run.smithi086.stdout:/usr/bin/ceph: stderr
2024-04-23T02:26:02.916+0000 7f3f292ac700 1 --2- 172.21.15.86:0/2908292573 >> [v2:172.21.15.86:3300/0,v1:172.21.15.86:6789/0] conn(0x7f3f241058c0 0x7f3f24105cd0 secure :-1 s=READY pgs=57 cs=0 l=1 rev1=1 crypto rx=0x7f3f140098a0 tx=0x7f3f14009bb0 comp rx=0 tx=0).stop
2024-04-23T02:26:03.757 INFO:teuthology.orchestra.run.smithi086.stdout:/usr/bin/ceph: stderr
2024-04-23T02:26:02.916+0000 7f3f292ac700 1 -- 172.21.15.86:0/2908292573 shutdown_connections
2024-04-23T02:26:03.757 INFO:teuthology.orchestra.run.smithi086.stdout:/usr/bin/ceph: stderr
2024-04-23T02:26:02.916+0000 7f3f292ac700 1 --2- 172.21.15.86:0/2908292573 >> [v2:172.21.15.86:3300/0,v1:172.21.15.86:6789/0] conn(0x7f3f241058c0 0x7f3f24105cd0 unknown :-1 s=CLOSED pgs=57 cs=0 l=1 rev1=1 crypto rx=0 tx=0 comp rx=0 tx=0).stop
2024-04-23T02:26:03.757 INFO:teuthology.orchestra.run.smithi086.stdout:/usr/bin/ceph: stderr
2024-04-23T02:26:02.916+0000 7f3f292ac700 1 -- 172.21.15.86:0/2908292573 >> 172.21.15.86:0/2908292573 conn(0x7f3f24100f50 msgr2=0x7f3f24103360 unknown :-1 s=STATE_NONE l=0).mark_down
2024-04-23T02:26:03.757 INFO:teuthology.orchestra.run.smithi086.stdout:/usr/bin/ceph: stderr
2024-04-23T02:26:02.916+0000 7f3f292ac700 1 -- 172.21.15.86:0/2908292573 shutdown_connections
2024-04-23T02:26:03.757 INFO:teuthology.orchestra.run.smithi086.stdout:/usr/bin/ceph: stderr
2024-04-23T02:26:02.916+0000 7f3f292ac700 1 -- 172.21.15.86:0/2908292573 wait complete.
2024-04-23T02:26:03.757 INFO:teuthology.orchestra.run.smithi086.stdout:/usr/bin/ceph: stderr
2024-04-23T02:26:02.916+0000 7f3f292ac700 1 Processor -- start
2024-04-23T02:26:03.757 INFO:teuthology.orchestra.run.smithi086.stdout:/usr/bin/ceph: stderr
2024-04-23T02:26:02.916+0000 7f3f292ac700 1 -- start start
2024-04-23T02:26:03.757 INFO:teuthology.orchestra.run.smithi086.stdout:/usr/bin/ceph: stderr
2024-04-23T02:26:02.917+0000 7f3f292ac700 1 --2- >> [v2:172.21.15.86:3300/0,v1:172.21.15.86:6789/0] conn(0x7f3f241058c0 0x7f3f241995c0 unknown :-1 s=NONE pgs=0 cs=0 l=1 rev1=0 crypto rx=0 tx=0 comp rx=0 tx=0).connect
2024-04-23T02:26:03.757 INFO:teuthology.orchestra.run.smithi086.stdout:/usr/bin/ceph: stderr
2024-04-23T02:26:02.917+0000 7f3f292ac700 1 -- --> [v2:172.21.15.86:3300/0,v1:172.21.15.86:6789/0] -- mon_getmap magic: 0 v1 -- 0x7f3f24199b00 con 0x7f3f241058c0
2024-04-23T02:26:03.757 INFO:teuthology.orchestra.run.smithi086.stdout:/usr/bin/ceph: stderr
2024-04-23T02:26:02.917+0000 7f3f22ffd700 1 --2- >> [v2:172.21.15.86:3300/0,v1:172.21.15.86:6789/0] conn(0x7f3f241058c0 0x7f3f241995c0 unknown :-1 s=BANNER_CONNECTING pgs=0 cs=0 l=1 rev1=0 crypto rx=0 tx=0 comp rx=0 tx=0)._handle_peer_banner_payload supported=3 required=0
2024-04-23T02:26:03.757 INFO:teuthology.orchestra.run.smithi086.stdout:/usr/bin/ceph: stderr
2024-04-23T02:26:02.917+0000 7f3f22ffd700 1 --2- >> [v2:172.21.15.86:3300/0,v1:172.21.15.86:6789/0] conn(0x7f3f241058c0 0x7f3f241995c0 unknown :-1 s=HELLO_CONNECTING pgs=0 cs=0 l=1 rev1=1 crypto rx=0 tx=0 comp rx=0 tx=0).handle_hello peer v2:172.21.15.86:3300/0 says I am v2:172.21.15.86:50318/0 (socket says 172.21.15.86:50318)
2024-04-23T02:26:03.757 INFO:teuthology.orchestra.run.smithi086.stdout:/usr/bin/ceph: stderr
2024-04-23T02:26:02.917+0000 7f3f22ffd700 1 -- 172.21.15.86:0/2989879691 learned_addr learned my addr 172.21.15.86:0/2989879691 (peer_addr_for_me v2:172.21.15.86:0/0)
2024-04-23T02:26:03.757 INFO:teuthology.orchestra.run.smithi086.stdout:/usr/bin/ceph: stderr
2024-04-23T02:26:02.917+0000 7f3f22ffd700 1 -- 172.21.15.86:0/2989879691 --> [v2:172.21.15.86:3300/0,v1:172.21.15.86:6789/0] -- mon_subscribe({config=0+,monmap=0+}) v3 -- 0x7f3f14009550 con 0x7f3f241058c0
2024-04-23T02:26:03.758 INFO:teuthology.orchestra.run.smithi086.stdout:/usr/bin/ceph: stderr
2024-04-23T02:26:02.917+0000 7f3f22ffd700 1 --2- 172.21.15.86:0/2989879691 >> [v2:172.21.15.86:3300/0,v1:172.21.15.86:6789/0] conn(0x7f3f241058c0 0x7f3f241995c0 secure :-1 s=READY pgs=58 cs=0 l=1 rev1=1 crypto rx=0x7f3f14006af0 tx=0x7f3f14011b20 comp rx=0 tx=0).ready entity=mon.0 client_cookie=0 server_cookie=0 in_seq=0 out_seq=0
2024-04-23T02:26:03.758 INFO:teuthology.orchestra.run.smithi086.stdout:/usr/bin/ceph: stderr
2024-04-23T02:26:02.917+0000 7f3f0bfff700 1 -- 172.21.15.86:0/2989879691 <== mon.0 v2:172.21.15.86:3300/0 1 ==== mon_map magic: 0 v1 ==== 229+0+0 (secure 0 0 0) 0x7f3f14003a80 con 0x7f3f241058c0
2024-04-23T02:26:03.758 INFO:teuthology.orchestra.run.smithi086.stdout:/usr/bin/ceph: stderr
2024-04-23T02:26:02.917+0000 7f3f0bfff700 1 -- 172.21.15.86:0/2989879691 <== mon.0 v2:172.21.15.86:3300/0 2 ==== config(26 keys) v1 ==== 1066+0+0 (secure 0 0 0) 0x7f3f14003be0 con 0x7f3f241058c0
2024-04-23T02:26:03.758 INFO:teuthology.orchestra.run.smithi086.stdout:/usr/bin/ceph: stderr
2024-04-23T02:26:02.917+0000 7f3f292ac700 1 -- 172.21.15.86:0/2989879691 --> [v2:172.21.15.86:3300/0,v1:172.21.15.86:6789/0] -- mon_subscribe({mgrmap=0+}) v3 -- 0x7f3f24199d00 con 0x7f3f241058c0
2024-04-23T02:26:03.758 INFO:teuthology.orchestra.run.smithi086.stdout:/usr/bin/ceph: stderr
2024-04-23T02:26:02.917+0000 7f3f0bfff700 1 -- 172.21.15.86:0/2989879691 <== mon.0 v2:172.21.15.86:3300/0 3 ==== mon_map magic: 0 v1 ==== 229+0+0 (secure 0 0 0) 0x7f3f14019770 con 0x7f3f241058c0
2024-04-23T02:26:03.758 INFO:teuthology.orchestra.run.smithi086.stdout:/usr/bin/ceph: stderr
2024-04-23T02:26:02.917+0000 7f3f292ac700 1 -- 172.21.15.86:0/2989879691 --> [v2:172.21.15.86:3300/0,v1:172.21.15.86:6789/0] -- mon_subscribe({osdmap=0}) v3 -- 0x7f3f2419a120 con 0x7f3f241058c0
2024-04-23T02:26:03.758 INFO:teuthology.orchestra.run.smithi086.stdout:/usr/bin/ceph: stderr
2024-04-23T02:26:02.918+0000 7f3f0bfff700 1 -- 172.21.15.86:0/2989879691 <== mon.0 v2:172.21.15.86:3300/0 4 ==== mgrmap(e 8) v1 ==== 45084+0+0 (secure 0 0 0) 0x7f3f14019a30 con 0x7f3f241058c0
2024-04-23T02:26:03.758 INFO:teuthology.orchestra.run.smithi086.stdout:/usr/bin/ceph: stderr
2024-04-23T02:26:02.918+0000 7f3f292ac700 1 -- 172.21.15.86:0/2989879691 --> [v2:172.21.15.86:3300/0,v1:172.21.15.86:6789/0] -- mon_command({"prefix": "get_command_descriptions"} v 0) v1 -- 0x7f3f24062380 con 0x7f3f241058c0
2024-04-23T02:26:03.758 INFO:teuthology.orchestra.run.smithi086.stdout:/usr/bin/ceph: stderr
2024-04-23T02:26:02.918+0000 7f3f0bfff700 1 --2- 172.21.15.86:0/2989879691 >> [v2:172.21.15.86:6800/2948701267,v1:172.21.15.86:6801/2948701267] conn(0x7f3f0c0383b0 0x7f3f0c03a860 unknown :-1 s=NONE pgs=0 cs=0 l=1 rev1=0 crypto rx=0 tx=0 comp rx=0 tx=0).connect
2024-04-23T02:26:03.758 INFO:teuthology.orchestra.run.smithi086.stdout:/usr/bin/ceph: stderr
2024-04-23T02:26:02.918+0000 7f3f0bfff700 1 -- 172.21.15.86:0/2989879691 <== mon.0 v2:172.21.15.86:3300/0 5 ==== osd_map(2..2 src has 1..2) v4 ==== 940+0+0 (secure 0 0 0) 0x7f3f1404c780 con 0x7f3f241058c0
2024-04-23T02:26:03.758 INFO:teuthology.orchestra.run.smithi086.stdout:/usr/bin/ceph: stderr
2024-04-23T02:26:02.918+0000 7f3f227fc700 1 --2- 172.21.15.86:0/2989879691 >> [v2:172.21.15.86:6800/2948701267,v1:172.21.15.86:6801/2948701267] conn(0x7f3f0c0383b0 0x7f3f0c03a860 unknown :-1 s=BANNER_CONNECTING pgs=0 cs=0 l=1 rev1=0 crypto rx=0 tx=0 comp rx=0 tx=0)._handle_peer_banner_payload supported=3 required=0
2024-04-23T02:26:03.758 INFO:teuthology.orchestra.run.smithi086.stdout:/usr/bin/ceph: stderr
2024-04-23T02:26:02.919+0000 7f3f227fc700 1 --2- 172.21.15.86:0/2989879691 >> [v2:172.21.15.86:6800/2948701267,v1:172.21.15.86:6801/2948701267] conn(0x7f3f0c0383b0 0x7f3f0c03a860 secure :-1 s=READY pgs=18 cs=0 l=1 rev1=1 crypto rx=0x7f3f18006fd0 tx=0x7f3f18006e40 comp rx=0 tx=0).ready entity=mgr.14118 client_cookie=0 server_cookie=0 in_seq=0 out_seq=0
2024-04-23T02:26:03.758 INFO:teuthology.orchestra.run.smithi086.stdout:/usr/bin/ceph: stderr
2024-04-23T02:26:02.923+0000 7f3f0bfff700 1 -- 172.21.15.86:0/2989879691 <== mon.0 v2:172.21.15.86:3300/0 6 ==== mon_command_ack([{"prefix": "get_command_descriptions"}]=0 v0) v1 ==== 72+0+177933 (secure 0 0 0) 0x7f3f14018b40 con 0x7f3f241058c0
2024-04-23T02:26:03.758 INFO:teuthology.orchestra.run.smithi086.stdout:/usr/bin/ceph: stderr
2024-04-23T02:26:03.122+0000 7f3f292ac700 1 -- 172.21.15.86:0/2989879691 --> [v2:172.21.15.86:6800/2948701267,v1:172.21.15.86:6801/2948701267] -- mgr_command(tid 0: {"prefix": "orch apply", "service_type": "node-exporter", "target": ["mon-mgr", ""]}) v1 -- 0x7f3f24102390 con 0x7f3f0c0383b0
2024-04-23T02:26:03.759 INFO:teuthology.orchestra.run.smithi086.stdout:/usr/bin/ceph: stderr
2024-04-23T02:26:03.127+0000 7f3f0bfff700 1 -- 172.21.15.86:0/2989879691 <== mgr.14118 v2:172.21.15.86:6800/2948701267 1 ==== mgr_command_reply(tid 0: 0 ) v1 ==== 8+0+34 (secure 0 0 0) 0x7f3f24102390 con 0x7f3f0c0383b0
2024-04-23T02:26:03.759 INFO:teuthology.orchestra.run.smithi086.stdout:/usr/bin/ceph: stderr
2024-04-23T02:26:03.129+0000 7f3f292ac700 1 -- 172.21.15.86:0/2989879691 >> [v2:172.21.15.86:6800/2948701267,v1:172.21.15.86:6801/2948701267] conn(0x7f3f0c0383b0 msgr2=0x7f3f0c03a860 secure :-1 s=STATE_CONNECTION_ESTABLISHED l=1).mark_down
2024-04-23T02:26:03.759 INFO:teuthology.orchestra.run.smithi086.stdout:/usr/bin/ceph: stderr
2024-04-23T02:26:03.129+0000 7f3f292ac700 1 --2- 172.21.15.86:0/2989879691 >> [v2:172.21.15.86:6800/2948701267,v1:172.21.15.86:6801/2948701267] conn(0x7f3f0c0383b0 0x7f3f0c03a860 secure :-1 s=READY pgs=18 cs=0 l=1 rev1=1 crypto rx=0x7f3f18006fd0 tx=0x7f3f18006e40 comp rx=0 tx=0).stop
2024-04-23T02:26:03.759 INFO:teuthology.orchestra.run.smithi086.stdout:/usr/bin/ceph: stderr
2024-04-23T02:26:03.129+0000 7f3f292ac700 1 -- 172.21.15.86:0/2989879691 >> [v2:172.21.15.86:3300/0,v1:172.21.15.86:6789/0] conn(0x7f3f241058c0 msgr2=0x7f3f241995c0 secure :-1 s=STATE_CONNECTION_ESTABLISHED l=1).mark_down
2024-04-23T02:26:03.759 INFO:teuthology.orchestra.run.smithi086.stdout:/usr/bin/ceph: stderr
2024-04-23T02:26:03.129+0000 7f3f292ac700 1 --2- 172.21.15.86:0/2989879691 >> [v2:172.21.15.86:3300/0,v1:172.21.15.86:6789/0] conn(0x7f3f241058c0 0x7f3f241995c0 secure :-1 s=READY pgs=58 cs=0 l=1 rev1=1 crypto rx=0x7f3f14006af0 tx=0x7f3f14011b20 comp rx=0 tx=0).stop
2024-04-23T02:26:03.759 INFO:teuthology.orchestra.run.smithi086.stdout:/usr/bin/ceph: stderr
2024-04-23T02:26:03.129+0000 7f3f292ac700 1 -- 172.21.15.86:0/2989879691 shutdown_connections
2024-04-23T02:26:03.759 INFO:teuthology.orchestra.run.smithi086.stdout:/usr/bin/ceph: stderr
2024-04-23T02:26:03.129+0000 7f3f292ac700 1 --2- 172.21.15.86:0/2989879691 >> [v2:172.21.15.86:6800/2948701267,v1:172.21.15.86:6801/2948701267] conn(0x7f3f0c0383b0 0x7f3f0c03a860 unknown :-1 s=CLOSED pgs=18 cs=0 l=1 rev1=1 crypto rx=0 tx=0 comp rx=0 tx=0).stop
2024-04-23T02:26:03.759 INFO:teuthology.orchestra.run.smithi086.stdout:/usr/bin/ceph: stderr
2024-04-23T02:26:03.129+0000 7f3f292ac700 1 --2- 172.21.15.86:0/2989879691 >> [v2:172.21.15.86:3300/0,v1:172.21.15.86:6789/0] conn(0x7f3f241058c0 0x7f3f241995c0 unknown :-1 s=CLOSED pgs=58 cs=0 l=1 rev1=1 crypto rx=0 tx=0 comp rx=0 tx=0).stop
2024-04-23T02:26:03.759 INFO:teuthology.orchestra.run.smithi086.stdout:/usr/bin/ceph: stderr
2024-04-23T02:26:03.129+0000 7f3f292ac700 1 -- 172.21.15.86:0/2989879691 >> 172.21.15.86:0/2989879691 conn(0x7f3f24100f50 msgr2=0x7f3f24101c80 unknown :-1 s=STATE_NONE l=0).mark_down
2024-04-23T02:26:03.759 INFO:teuthology.orchestra.run.smithi086.stdout:/usr/bin/ceph: stderr
2024-04-23T02:26:03.129+0000 7f3f292ac700 1 -- 172.21.15.86:0/2989879691 shutdown_connections
2024-04-23T02:26:03.759 INFO:teuthology.orchestra.run.smithi086.stdout:/usr/bin/ceph: stderr
2024-04-23T02:26:03.129+0000 7f3f292ac700 1 -- 172.21.15.86:0/2989879691 wait complete.
2024-04-23T02:26:03.759 INFO:teuthology.orchestra.run.smithi086.stdout:Deploying alertmanager service with default placement...
2024-04-23T02:26:04.963 INFO:journalctl@ceph.mon.smithi086.smithi086.stdout:Apr 23 02:26:04 smithi086 ceph-mon[39858]: from='client.14152 -' entity='client.admin' cmd=[{"prefix": "orch apply", "service_type": "node-exporter", "target": ["mon-mgr", ""]}]: dispatch
2024-04-23T02:26:04.963 INFO:journalctl@ceph.mon.smithi086.smithi086.stdout:Apr 23 02:26:04 smithi086 ceph-mon[39858]: Saving service node-exporter spec with placement *
2024-04-23T02:26:04.964 INFO:journalctl@ceph.mon.smithi086.smithi086.stdout:Apr 23 02:26:04 smithi086 ceph-mon[39858]: from='mgr.14118 172.21.15.86:0/529725934' entity='mgr.smithi086.pkuqvf'
2024-04-23T02:26:05.287 INFO:teuthology.orchestra.run.smithi086.stdout:/usr/bin/ceph: stdout Scheduled alertmanager update...
2024-04-23T02:26:05.287 INFO:teuthology.orchestra.run.smithi086.stdout:/usr/bin/ceph: stderr
2024-04-23T02:26:04.318+0000 7f04be041700 1 Processor -- start
2024-04-23T02:26:05.287 INFO:teuthology.orchestra.run.smithi086.stdout:/usr/bin/ceph: stderr
2024-04-23T02:26:04.318+0000 7f04be041700 1 -- start start
2024-04-23T02:26:05.287 INFO:teuthology.orchestra.run.smithi086.stdout:/usr/bin/ceph: stderr
2024-04-23T02:26:04.319+0000 7f04be041700 1 --2- >> [v2:172.21.15.86:3300/0,v1:172.21.15.86:6789/0] conn(0x7f04b8106420 0x7f04b8108800 unknown :-1 s=NONE pgs=0 cs=0 l=0 rev1=0 crypto rx=0 tx=0 comp rx=0 tx=0).connect
2024-04-23T02:26:05.287 INFO:teuthology.orchestra.run.smithi086.stdout:/usr/bin/ceph: stderr
2024-04-23T02:26:04.319+0000 7f04be041700 1 -- --> [v2:172.21.15.86:3300/0,v1:172.21.15.86:6789/0] -- mon_getmap magic: 0 v1 -- 0x7f04b8074360 con 0x7f04b8106420
2024-04-23T02:26:05.287 INFO:teuthology.orchestra.run.smithi086.stdout:/usr/bin/ceph: stderr
2024-04-23T02:26:04.319+0000 7f04b77fe700 1 --2- >> [v2:172.21.15.86:3300/0,v1:172.21.15.86:6789/0] conn(0x7f04b8106420 0x7f04b8108800 unknown :-1 s=BANNER_CONNECTING pgs=0 cs=0 l=0 rev1=0 crypto rx=0 tx=0 comp rx=0 tx=0)._handle_peer_banner_payload supported=3 required=0
2024-04-23T02:26:05.287 INFO:teuthology.orchestra.run.smithi086.stdout:/usr/bin/ceph: stderr
2024-04-23T02:26:04.319+0000 7f04b77fe700 1 --2- >> [v2:172.21.15.86:3300/0,v1:172.21.15.86:6789/0] conn(0x7f04b8106420 0x7f04b8108800 unknown :-1 s=HELLO_CONNECTING pgs=0 cs=0 l=0 rev1=1 crypto rx=0 tx=0 comp rx=0 tx=0).handle_hello peer v2:172.21.15.86:3300/0 says I am v2:172.21.15.86:38270/0 (socket says 172.21.15.86:38270)
2024-04-23T02:26:05.287 INFO:teuthology.orchestra.run.smithi086.stdout:/usr/bin/ceph: stderr
2024-04-23T02:26:04.319+0000 7f04b77fe700 1 -- 172.21.15.86:0/210339381 learned_addr learned my addr 172.21.15.86:0/210339381 (peer_addr_for_me v2:172.21.15.86:0/0)
2024-04-23T02:26:05.287 INFO:teuthology.orchestra.run.smithi086.stdout:/usr/bin/ceph: stderr
2024-04-23T02:26:04.319+0000 7f04b77fe700 1 -- 172.21.15.86:0/210339381 --> [v2:172.21.15.86:3300/0,v1:172.21.15.86:6789/0] -- mon_subscribe({config=0+,monmap=0+}) v3 -- 0x7f04b80744a0 con 0x7f04b8106420
2024-04-23T02:26:05.287 INFO:teuthology.orchestra.run.smithi086.stdout:/usr/bin/ceph: stderr
2024-04-23T02:26:04.319+0000 7f04b77fe700 1 --2- 172.21.15.86:0/210339381 >> [v2:172.21.15.86:3300/0,v1:172.21.15.86:6789/0] conn(0x7f04b8106420 0x7f04b8108800 secure :-1 s=READY pgs=59 cs=0 l=1 rev1=1 crypto rx=0x7f04ac0098a0 tx=0x7f04ac009bb0 comp rx=0 tx=0).ready entity=mon.0 client_cookie=8ed350ffeb8ac80c server_cookie=0 in_seq=0 out_seq=0
2024-04-23T02:26:05.288 INFO:teuthology.orchestra.run.smithi086.stdout:/usr/bin/ceph: stderr
2024-04-23T02:26:04.319+0000 7f04b67fc700 1 -- 172.21.15.86:0/210339381 <== mon.0 v2:172.21.15.86:3300/0 1 ==== mon_map magic: 0 v1 ==== 229+0+0 (secure 0 0 0) 0x7f04ac004180 con 0x7f04b8106420
2024-04-23T02:26:05.288 INFO:teuthology.orchestra.run.smithi086.stdout:/usr/bin/ceph: stderr
2024-04-23T02:26:04.319+0000 7f04b67fc700 1 -- 172.21.15.86:0/210339381 <== mon.0 v2:172.21.15.86:3300/0 2 ==== config(26 keys) v1 ==== 1066+0+0 (secure 0 0 0) 0x7f04ac0042e0 con 0x7f04b8106420
2024-04-23T02:26:05.288 INFO:teuthology.orchestra.run.smithi086.stdout:/usr/bin/ceph: stderr
2024-04-23T02:26:04.319+0000 7f04b67fc700 1 -- 172.21.15.86:0/210339381 <== mon.0 v2:172.21.15.86:3300/0 3 ==== mon_map magic: 0 v1 ==== 229+0+0 (secure 0 0 0) 0x7f04ac011a30 con 0x7f04b8106420
2024-04-23T02:26:05.288 INFO:teuthology.orchestra.run.smithi086.stdout:/usr/bin/ceph: stderr
2024-04-23T02:26:04.320+0000 7f04be041700 1 -- 172.21.15.86:0/210339381 >> [v2:172.21.15.86:3300/0,v1:172.21.15.86:6789/0] conn(0x7f04b8106420 msgr2=0x7f04b8108800 secure :-1 s=STATE_CONNECTION_ESTABLISHED l=1).mark_down
2024-04-23T02:26:05.288 INFO:teuthology.orchestra.run.smithi086.stdout:/usr/bin/ceph: stderr
2024-04-23T02:26:04.320+0000 7f04be041700 1 --2- 172.21.15.86:0/210339381 >> [v2:172.21.15.86:3300/0,v1:172.21.15.86:6789/0] conn(0x7f04b8106420 0x7f04b8108800 secure :-1 s=READY pgs=59 cs=0 l=1 rev1=1 crypto rx=0x7f04ac0098a0 tx=0x7f04ac009bb0 comp rx=0 tx=0).stop
2024-04-23T02:26:05.288 INFO:teuthology.orchestra.run.smithi086.stdout:/usr/bin/ceph: stderr
2024-04-23T02:26:04.320+0000 7f04be041700 1 -- 172.21.15.86:0/210339381 shutdown_connections
2024-04-23T02:26:05.288 INFO:teuthology.orchestra.run.smithi086.stdout:/usr/bin/ceph: stderr
2024-04-23T02:26:04.320+0000 7f04be041700 1 --2- 172.21.15.86:0/210339381 >> [v2:172.21.15.86:3300/0,v1:172.21.15.86:6789/0] conn(0x7f04b8106420 0x7f04b8108800 unknown :-1 s=CLOSED pgs=59 cs=0 l=1 rev1=1 crypto rx=0 tx=0 comp rx=0 tx=0).stop
2024-04-23T02:26:05.288 INFO:teuthology.orchestra.run.smithi086.stdout:/usr/bin/ceph: stderr
2024-04-23T02:26:04.320+0000 7f04be041700 1 -- 172.21.15.86:0/210339381 >> 172.21.15.86:0/210339381 conn(0x7f04b80ffe20 msgr2=0x7f04b8102230 unknown :-1 s=STATE_NONE l=0).mark_down
2024-04-23T02:26:05.288 INFO:teuthology.orchestra.run.smithi086.stdout:/usr/bin/ceph: stderr
2024-04-23T02:26:04.320+0000 7f04be041700 1 -- 172.21.15.86:0/210339381 shutdown_connections
2024-04-23T02:26:05.288 INFO:teuthology.orchestra.run.smithi086.stdout:/usr/bin/ceph: stderr
2024-04-23T02:26:04.320+0000 7f04be041700 1 -- 172.21.15.86:0/210339381 wait complete.
2024-04-23T02:26:05.288 INFO:teuthology.orchestra.run.smithi086.stdout:/usr/bin/ceph: stderr
2024-04-23T02:26:04.320+0000 7f04be041700 1 Processor -- start
2024-04-23T02:26:05.288 INFO:teuthology.orchestra.run.smithi086.stdout:/usr/bin/ceph: stderr
2024-04-23T02:26:04.321+0000 7f04be041700 1 -- start start
2024-04-23T02:26:05.288 INFO:teuthology.orchestra.run.smithi086.stdout:/usr/bin/ceph: stderr
2024-04-23T02:26:04.321+0000 7f04be041700 1 --2- >> [v2:172.21.15.86:3300/0,v1:172.21.15.86:6789/0] conn(0x7f04b8106420 0x7f04b8105d80 unknown :-1 s=NONE pgs=0 cs=0 l=1 rev1=0 crypto rx=0 tx=0 comp rx=0 tx=0).connect
2024-04-23T02:26:05.288 INFO:teuthology.orchestra.run.smithi086.stdout:/usr/bin/ceph: stderr
2024-04-23T02:26:04.321+0000 7f04be041700 1 -- --> [v2:172.21.15.86:3300/0,v1:172.21.15.86:6789/0] -- mon_getmap magic: 0 v1 -- 0x7f04b81062c0 con 0x7f04b8106420
2024-04-23T02:26:05.289 INFO:teuthology.orchestra.run.smithi086.stdout:/usr/bin/ceph: stderr
2024-04-23T02:26:04.321+0000 7f04b77fe700 1 --2- >> [v2:172.21.15.86:3300/0,v1:172.21.15.86:6789/0] conn(0x7f04b8106420 0x7f04b8105d80 unknown :-1 s=BANNER_CONNECTING pgs=0 cs=0 l=1 rev1=0 crypto rx=0 tx=0 comp rx=0 tx=0)._handle_peer_banner_payload supported=3 required=0
2024-04-23T02:26:05.289 INFO:teuthology.orchestra.run.smithi086.stdout:/usr/bin/ceph: stderr
2024-04-23T02:26:04.321+0000 7f04b77fe700 1 --2- >> [v2:172.21.15.86:3300/0,v1:172.21.15.86:6789/0] conn(0x7f04b8106420 0x7f04b8105d80 unknown :-1 s=HELLO_CONNECTING pgs=0 cs=0 l=1 rev1=1 crypto rx=0 tx=0 comp rx=0 tx=0).handle_hello peer v2:172.21.15.86:3300/0 says I am v2:172.21.15.86:38280/0 (socket says 172.21.15.86:38280)
2024-04-23T02:26:05.289 INFO:teuthology.orchestra.run.smithi086.stdout:/usr/bin/ceph: stderr
2024-04-23T02:26:04.321+0000 7f04b77fe700 1 -- 172.21.15.86:0/418234529 learned_addr learned my addr 172.21.15.86:0/418234529 (peer_addr_for_me v2:172.21.15.86:0/0)
2024-04-23T02:26:05.289 INFO:teuthology.orchestra.run.smithi086.stdout:/usr/bin/ceph: stderr
2024-04-23T02:26:04.321+0000 7f04b77fe700 1 -- 172.21.15.86:0/418234529 --> [v2:172.21.15.86:3300/0,v1:172.21.15.86:6789/0] -- mon_subscribe({config=0+,monmap=0+}) v3 -- 0x7f04ac009550 con 0x7f04b8106420
2024-04-23T02:26:05.289 INFO:teuthology.orchestra.run.smithi086.stdout:/usr/bin/ceph: stderr
2024-04-23T02:26:04.321+0000 7f04b77fe700 1 --2- 172.21.15.86:0/418234529 >> [v2:172.21.15.86:3300/0,v1:172.21.15.86:6789/0] conn(0x7f04b8106420 0x7f04b8105d80 secure :-1 s=READY pgs=60 cs=0 l=1 rev1=1 crypto rx=0x7f04ac000c00 tx=0x7f04ac011ab0 comp rx=0 tx=0).ready entity=mon.0 client_cookie=0 server_cookie=0 in_seq=0 out_seq=0
2024-04-23T02:26:05.289 INFO:teuthology.orchestra.run.smithi086.stdout:/usr/bin/ceph: stderr
2024-04-23T02:26:04.321+0000 7f04b4ff9700 1 -- 172.21.15.86:0/418234529 <== mon.0 v2:172.21.15.86:3300/0 1 ==== mon_map magic: 0 v1 ==== 229+0+0 (secure 0 0 0) 0x7f04ac003bc0 con 0x7f04b8106420
2024-04-23T02:26:05.289 INFO:teuthology.orchestra.run.smithi086.stdout:/usr/bin/ceph: stderr
2024-04-23T02:26:04.321+0000 7f04b4ff9700 1 -- 172.21.15.86:0/418234529 <== mon.0 v2:172.21.15.86:3300/0 2 ==== config(26 keys) v1 ==== 1066+0+0 (secure 0 0 0) 0x7f04ac0248d0 con 0x7f04b8106420
2024-04-23T02:26:05.289 INFO:teuthology.orchestra.run.smithi086.stdout:/usr/bin/ceph: stderr
2024-04-23T02:26:04.321+0000 7f04be041700 1 -- 172.21.15.86:0/418234529 --> [v2:172.21.15.86:3300/0,v1:172.21.15.86:6789/0] -- mon_subscribe({mgrmap=0+}) v3 -- 0x7f04b81043d0 con 0x7f04b8106420
2024-04-23T02:26:05.289 INFO:teuthology.orchestra.run.smithi086.stdout:/usr/bin/ceph: stderr
2024-04-23T02:26:04.321+0000 7f04b4ff9700 1 -- 172.21.15.86:0/418234529 <== mon.0 v2:172.21.15.86:3300/0 3 ==== mon_map magic: 0 v1 ==== 229+0+0 (secure 0 0 0) 0x7f04ac01a890 con 0x7f04b8106420
2024-04-23T02:26:05.289 INFO:teuthology.orchestra.run.smithi086.stdout:/usr/bin/ceph: stderr
2024-04-23T02:26:04.321+0000 7f04be041700 1 -- 172.21.15.86:0/418234529 --> [v2:172.21.15.86:3300/0,v1:172.21.15.86:6789/0] -- mon_subscribe({osdmap=0}) v3 -- 0x7f04b81047f0 con 0x7f04b8106420
2024-04-23T02:26:05.289 INFO:teuthology.orchestra.run.smithi086.stdout:/usr/bin/ceph: stderr
2024-04-23T02:26:04.322+0000 7f04b4ff9700 1 -- 172.21.15.86:0/418234529 <== mon.0 v2:172.21.15.86:3300/0 4 ==== mgrmap(e 8) v1 ==== 45084+0+0 (secure 0 0 0) 0x7f04ac01ab50 con 0x7f04b8106420
2024-04-23T02:26:05.289 INFO:teuthology.orchestra.run.smithi086.stdout:/usr/bin/ceph: stderr
2024-04-23T02:26:04.322+0000 7f04b4ff9700 1 --2- 172.21.15.86:0/418234529 >> [v2:172.21.15.86:6800/2948701267,v1:172.21.15.86:6801/2948701267] conn(0x7f04a00383f0 0x7f04a003a8a0 unknown :-1 s=NONE pgs=0 cs=0 l=1 rev1=0 crypto rx=0 tx=0 comp rx=0 tx=0).connect
2024-04-23T02:26:05.289 INFO:teuthology.orchestra.run.smithi086.stdout:/usr/bin/ceph: stderr
2024-04-23T02:26:04.322+0000 7f04be041700 1 -- 172.21.15.86:0/418234529 --> [v2:172.21.15.86:3300/0,v1:172.21.15.86:6789/0] -- mon_command({"prefix": "get_command_descriptions"} v 0) v1 -- 0x7f04b8109940 con 0x7f04b8106420
2024-04-23T02:26:05.289 INFO:teuthology.orchestra.run.smithi086.stdout:/usr/bin/ceph: stderr
2024-04-23T02:26:04.323+0000 7f04b4ff9700 1 -- 172.21.15.86:0/418234529 <== mon.0 v2:172.21.15.86:3300/0 5 ==== osd_map(2..2 src has 1..2) v4 ==== 940+0+0 (secure 0 0 0) 0x7f04ac04c7a0 con 0x7f04b8106420
2024-04-23T02:26:05.289 INFO:teuthology.orchestra.run.smithi086.stdout:/usr/bin/ceph: stderr
2024-04-23T02:26:04.323+0000 7f04b6ffd700 1 --2- 172.21.15.86:0/418234529 >> [v2:172.21.15.86:6800/2948701267,v1:172.21.15.86:6801/2948701267] conn(0x7f04a00383f0 0x7f04a003a8a0 unknown :-1 s=BANNER_CONNECTING pgs=0 cs=0 l=1 rev1=0 crypto rx=0 tx=0 comp rx=0 tx=0)._handle_peer_banner_payload supported=3 required=0
2024-04-23T02:26:05.290 INFO:teuthology.orchestra.run.smithi086.stdout:/usr/bin/ceph: stderr
2024-04-23T02:26:04.323+0000 7f04b6ffd700 1 --2- 172.21.15.86:0/418234529 >> [v2:172.21.15.86:6800/2948701267,v1:172.21.15.86:6801/2948701267] conn(0x7f04a00383f0 0x7f04a003a8a0 secure :-1 s=READY pgs=19 cs=0 l=1 rev1=1 crypto rx=0x7f04a8006fd0 tx=0x7f04a8006e40 comp rx=0 tx=0).ready entity=mgr.14118 client_cookie=0 server_cookie=0 in_seq=0 out_seq=0
2024-04-23T02:26:05.290 INFO:teuthology.orchestra.run.smithi086.stdout:/usr/bin/ceph: stderr
2024-04-23T02:26:04.327+0000 7f04b4ff9700 1 -- 172.21.15.86:0/418234529 <== mon.0 v2:172.21.15.86:3300/0 6 ==== mon_command_ack([{"prefix": "get_command_descriptions"}]=0 v0) v1 ==== 72+0+177933 (secure 0 0 0) 0x7f04ac01ae00 con 0x7f04b8106420
2024-04-23T02:26:05.290 INFO:teuthology.orchestra.run.smithi086.stdout:/usr/bin/ceph: stderr
2024-04-23T02:26:04.527+0000 7f04be041700 1 -- 172.21.15.86:0/418234529 --> [v2:172.21.15.86:6800/2948701267,v1:172.21.15.86:6801/2948701267] -- mgr_command(tid 0: {"prefix": "orch apply", "service_type": "alertmanager", "target": ["mon-mgr", ""]}) v1 -- 0x7f04b8101310 con 0x7f04a00383f0
2024-04-23T02:26:05.290 INFO:teuthology.orchestra.run.smithi086.stdout:/usr/bin/ceph: stderr
2024-04-23T02:26:04.531+0000 7f04b4ff9700 1 -- 172.21.15.86:0/418234529 <== mgr.14118 v2:172.21.15.86:6800/2948701267 1 ==== mgr_command_reply(tid 0: 0 ) v1 ==== 8+0+33 (secure 0 0 0) 0x7f04b8101310 con 0x7f04a00383f0
2024-04-23T02:26:05.290 INFO:teuthology.orchestra.run.smithi086.stdout:/usr/bin/ceph: stderr
2024-04-23T02:26:04.533+0000 7f04be041700 1 -- 172.21.15.86:0/418234529 >> [v2:172.21.15.86:6800/2948701267,v1:172.21.15.86:6801/2948701267] conn(0x7f04a00383f0 msgr2=0x7f04a003a8a0 secure :-1 s=STATE_CONNECTION_ESTABLISHED l=1).mark_down
2024-04-23T02:26:05.290 INFO:teuthology.orchestra.run.smithi086.stdout:/usr/bin/ceph: stderr
2024-04-23T02:26:04.534+0000 7f04be041700 1 --2- 172.21.15.86:0/418234529 >> [v2:172.21.15.86:6800/2948701267,v1:172.21.15.86:6801/2948701267] conn(0x7f04a00383f0 0x7f04a003a8a0 secure :-1 s=READY pgs=19 cs=0 l=1 rev1=1 crypto rx=0x7f04a8006fd0 tx=0x7f04a8006e40 comp rx=0 tx=0).stop
2024-04-23T02:26:05.290 INFO:teuthology.orchestra.run.smithi086.stdout:/usr/bin/ceph: stderr
2024-04-23T02:26:04.534+0000 7f04be041700 1 -- 172.21.15.86:0/418234529 >> [v2:172.21.15.86:3300/0,v1:172.21.15.86:6789/0] conn(0x7f04b8106420 msgr2=0x7f04b8105d80 secure :-1 s=STATE_CONNECTION_ESTABLISHED l=1).mark_down
2024-04-23T02:26:05.290 INFO:teuthology.orchestra.run.smithi086.stdout:/usr/bin/ceph: stderr
2024-04-23T02:26:04.534+0000 7f04be041700 1 --2- 172.21.15.86:0/418234529 >> [v2:172.21.15.86:3300/0,v1:172.21.15.86:6789/0] conn(0x7f04b8106420 0x7f04b8105d80 secure :-1 s=READY pgs=60 cs=0 l=1 rev1=1 crypto rx=0x7f04ac000c00 tx=0x7f04ac011ab0 comp rx=0 tx=0).stop
2024-04-23T02:26:05.290 INFO:teuthology.orchestra.run.smithi086.stdout:/usr/bin/ceph: stderr
2024-04-23T02:26:04.534+0000 7f04be041700 1 -- 172.21.15.86:0/418234529 shutdown_connections
2024-04-23T02:26:05.290 INFO:teuthology.orchestra.run.smithi086.stdout:/usr/bin/ceph: stderr
2024-04-23T02:26:04.534+0000 7f04be041700 1 --2- 172.21.15.86:0/418234529 >> [v2:172.21.15.86:6800/2948701267,v1:172.21.15.86:6801/2948701267] conn(0x7f04a00383f0 0x7f04a003a8a0 unknown :-1 s=CLOSED pgs=19 cs=0 l=1 rev1=1 crypto rx=0 tx=0 comp rx=0 tx=0).stop
2024-04-23T02:26:05.290 INFO:teuthology.orchestra.run.smithi086.stdout:/usr/bin/ceph: stderr
2024-04-23T02:26:04.534+0000 7f04be041700 1 --2- 172.21.15.86:0/418234529 >> [v2:172.21.15.86:3300/0,v1:172.21.15.86:6789/0] conn(0x7f04b8106420 0x7f04b8105d80 unknown :-1 s=CLOSED pgs=60 cs=0 l=1 rev1=1 crypto rx=0 tx=0 comp rx=0 tx=0).stop
2024-04-23T02:26:05.290 INFO:teuthology.orchestra.run.smithi086.stdout:/usr/bin/ceph: stderr
2024-04-23T02:26:04.534+0000 7f04be041700 1 -- 172.21.15.86:0/418234529 >> 172.21.15.86:0/418234529 conn(0x7f04b80ffe20 msgr2=0x7f04b8100c00 unknown :-1 s=STATE_NONE l=0).mark_down
2024-04-23T02:26:05.290 INFO:teuthology.orchestra.run.smithi086.stdout:/usr/bin/ceph: stderr
2024-04-23T02:26:04.534+0000 7f04be041700 1 -- 172.21.15.86:0/418234529 shutdown_connections
2024-04-23T02:26:05.290 INFO:teuthology.orchestra.run.smithi086.stdout:/usr/bin/ceph: stderr
2024-04-23T02:26:04.534+0000 7f04be041700 1 -- 172.21.15.86:0/418234529 wait complete.
2024-04-23T02:26:06.443 INFO:journalctl@ceph.mon.smithi086.smithi086.stdout:Apr 23 02:26:06 smithi086 ceph-mon[39858]: from='client.14154 -' entity='client.admin' cmd=[{"prefix": "orch apply", "service_type": "alertmanager", "target": ["mon-mgr", ""]}]: dispatch
2024-04-23T02:26:06.443 INFO:journalctl@ceph.mon.smithi086.smithi086.stdout:Apr 23 02:26:06 smithi086 ceph-mon[39858]: Saving service alertmanager spec with placement count:1
2024-04-23T02:26:06.443 INFO:journalctl@ceph.mon.smithi086.smithi086.stdout:Apr 23 02:26:06 smithi086 ceph-mon[39858]: pgmap v6: 0 pgs: ; 0 B data, 0 B used, 0 B / 0 B avail
2024-04-23T02:26:06.768 INFO:teuthology.orchestra.run.smithi086.stdout:/usr/bin/ceph: stderr
2024-04-23T02:26:05.853+0000 7f5d0fc53700 1 Processor -- start
2024-04-23T02:26:06.768 INFO:teuthology.orchestra.run.smithi086.stdout:/usr/bin/ceph: stderr
2024-04-23T02:26:05.853+0000 7f5d0fc53700 1 -- start start
