2024-04-27T07:24:10.060+0000 7f6480ff9700 1 -- 172.21.15.82:0/1882980003 <== mgr.14120 v2:172.21.15.82:6800/3417466421 1 ==== mgr_command_reply(tid 0: 0 ) v1 ==== 8+0+595 (secure 0 0 0) 0x7f64841111a0 con 0x7f6470036850
2024-04-27T07:24:10.633 INFO:teuthology.orchestra.run.smithi082.stdout:/usr/bin/ceph: stderr
2024-04-27T07:24:10.062+0000 7f6489c58700 1 -- 172.21.15.82:0/1882980003 >> [v2:172.21.15.82:6800/3417466421,v1:172.21.15.82:6801/3417466421] conn(0x7f6470036850 msgr2=0x7f6470038d00 secure :-1 s=STATE_CONNECTION_ESTABLISHED l=1).mark_down
2024-04-27T07:24:10.633 INFO:teuthology.orchestra.run.smithi082.stdout:/usr/bin/ceph: stderr
2024-04-27T07:24:10.062+0000 7f6489c58700 1 --2- 172.21.15.82:0/1882980003 >> [v2:172.21.15.82:6800/3417466421,v1:172.21.15.82:6801/3417466421] conn(0x7f6470036850 0x7f6470038d00 secure :-1 s=READY pgs=10 cs=0 l=1 rev1=1 crypto rx=0x7f646c009990 tx=0x7f646c006e40 comp rx=0 tx=0).stop
2024-04-27T07:24:10.633 INFO:teuthology.orchestra.run.smithi082.stdout:/usr/bin/ceph: stderr
2024-04-27T07:24:10.062+0000 7f6489c58700 1 -- 172.21.15.82:0/1882980003 >> [v2:172.21.15.82:3300/0,v1:172.21.15.82:6789/0] conn(0x7f6484101cc0 msgr2=0x7f648410f370 secure :-1 s=STATE_CONNECTION_ESTABLISHED l=1).mark_down
2024-04-27T07:24:10.633 INFO:teuthology.orchestra.run.smithi082.stdout:/usr/bin/ceph: stderr
2024-04-27T07:24:10.062+0000 7f6489c58700 1 --2- 172.21.15.82:0/1882980003 >> [v2:172.21.15.82:3300/0,v1:172.21.15.82:6789/0] conn(0x7f6484101cc0 0x7f648410f370 secure :-1 s=READY pgs=44 cs=0 l=1 rev1=1 crypto rx=0x7f6474018600 tx=0x7f647400b4f0 comp rx=0 tx=0).stop
2024-04-27T07:24:10.634 INFO:teuthology.orchestra.run.smithi082.stdout:/usr/bin/ceph: stderr
2024-04-27T07:24:10.062+0000 7f6489c58700 1 -- 172.21.15.82:0/1882980003 shutdown_connections
2024-04-27T07:24:10.634 INFO:teuthology.orchestra.run.smithi082.stdout:/usr/bin/ceph: stderr
2024-04-27T07:24:10.062+0000 7f6489c58700 1 --2- 172.21.15.82:0/1882980003 >> [v2:172.21.15.82:6800/3417466421,v1:172.21.15.82:6801/3417466421] conn(0x7f6470036850 0x7f6470038d00 unknown :-1 s=CLOSED pgs=10 cs=0 l=1 rev1=1 crypto rx=0 tx=0 comp rx=0 tx=0).stop
2024-04-27T07:24:10.634 INFO:teuthology.orchestra.run.smithi082.stdout:/usr/bin/ceph: stderr
2024-04-27T07:24:10.062+0000 7f6489c58700 1 --2- 172.21.15.82:0/1882980003 >> [v2:172.21.15.82:3300/0,v1:172.21.15.82:6789/0] conn(0x7f6484101cc0 0x7f648410f370 unknown :-1 s=CLOSED pgs=44 cs=0 l=1 rev1=1 crypto rx=0 tx=0 comp rx=0 tx=0).stop
2024-04-27T07:24:10.634 INFO:teuthology.orchestra.run.smithi082.stdout:/usr/bin/ceph: stderr
2024-04-27T07:24:10.062+0000 7f6489c58700 1 -- 172.21.15.82:0/1882980003 >> 172.21.15.82:0/1882980003 conn(0x7f64840fc6f0 msgr2=0x7f6484105cb0 unknown :-1 s=STATE_NONE l=0).mark_down
2024-04-27T07:24:10.634 INFO:teuthology.orchestra.run.smithi082.stdout:/usr/bin/ceph: stderr
2024-04-27T07:24:10.062+0000 7f6489c58700 1 -- 172.21.15.82:0/1882980003 shutdown_connections
2024-04-27T07:24:10.634 INFO:teuthology.orchestra.run.smithi082.stdout:/usr/bin/ceph: stderr
2024-04-27T07:24:10.062+0000 7f6489c58700 1 -- 172.21.15.82:0/1882980003 wait complete.
2024-04-27T07:24:10.634 INFO:teuthology.orchestra.run.smithi082.stdout:Wrote public SSH key to /home/ubuntu/cephtest/ceph.pub
2024-04-27T07:24:10.634 INFO:teuthology.orchestra.run.smithi082.stdout:Adding key to root@localhost authorized_keys...
2024-04-27T07:24:10.634 INFO:teuthology.orchestra.run.smithi082.stdout:Adding host smithi082...
2024-04-27T07:24:11.265 INFO:journalctl@ceph.mon.smithi082.smithi082.stdout:Apr 27 07:24:10 smithi082 ceph-mon[26613]: from='client.14138 -' entity='client.admin' cmd=[{"prefix": "cephadm get-pub-key", "target": ["mon-mgr", ""]}]: dispatch
2024-04-27T07:24:12.136 INFO:journalctl@ceph.mon.smithi082.smithi082.stdout:Apr 27 07:24:11 smithi082 ceph-mon[26613]: from='client.14140 -' entity='client.admin' cmd=[{"prefix": "orch host add", "hostname": "smithi082", "addr": "172.21.15.82", "target": ["mon-mgr", ""]}]: dispatch
2024-04-27T07:24:13.149 INFO:journalctl@ceph.mon.smithi082.smithi082.stdout:Apr 27 07:24:12 smithi082 ceph-mon[26613]: Deploying cephadm binary to smithi082
2024-04-27T07:24:13.765 INFO:teuthology.orchestra.run.smithi082.stdout:/usr/bin/ceph: stdout Added host 'smithi082' with addr '172.21.15.82'
2024-04-27T07:24:13.765 INFO:teuthology.orchestra.run.smithi082.stdout:/usr/bin/ceph: stderr
2024-04-27T07:24:11.062+0000 7fceba4d4700 1 Processor -- start
2024-04-27T07:24:13.765 INFO:teuthology.orchestra.run.smithi082.stdout:/usr/bin/ceph: stderr
2024-04-27T07:24:11.062+0000 7fceba4d4700 1 -- start start
2024-04-27T07:24:13.765 INFO:teuthology.orchestra.run.smithi082.stdout:/usr/bin/ceph: stderr
2024-04-27T07:24:11.062+0000 7fceba4d4700 1 --2- >> [v2:172.21.15.82:3300/0,v1:172.21.15.82:6789/0] conn(0x7fceb41028d0 0x7fceb4102ce0 unknown :-1 s=NONE pgs=0 cs=0 l=0 rev1=0 crypto rx=0 tx=0 comp rx=0 tx=0).connect
2024-04-27T07:24:13.765 INFO:teuthology.orchestra.run.smithi082.stdout:/usr/bin/ceph: stderr
2024-04-27T07:24:11.062+0000 7fceba4d4700 1 -- --> [v2:172.21.15.82:3300/0,v1:172.21.15.82:6789/0] -- mon_getmap magic: 0 v1 -- 0x7fceb4103220 con 0x7fceb41028d0
2024-04-27T07:24:13.765 INFO:teuthology.orchestra.run.smithi082.stdout:/usr/bin/ceph: stderr
2024-04-27T07:24:11.063+0000 7fceb3fff700 1 --2- >> [v2:172.21.15.82:3300/0,v1:172.21.15.82:6789/0] conn(0x7fceb41028d0 0x7fceb4102ce0 unknown :-1 s=BANNER_CONNECTING pgs=0 cs=0 l=0 rev1=0 crypto rx=0 tx=0 comp rx=0 tx=0)._handle_peer_banner_payload supported=3 required=0
2024-04-27T07:24:13.765 INFO:teuthology.orchestra.run.smithi082.stdout:/usr/bin/ceph: stderr
2024-04-27T07:24:11.063+0000 7fceb3fff700 1 --2- >> [v2:172.21.15.82:3300/0,v1:172.21.15.82:6789/0] conn(0x7fceb41028d0 0x7fceb4102ce0 unknown :-1 s=HELLO_CONNECTING pgs=0 cs=0 l=0 rev1=1 crypto rx=0 tx=0 comp rx=0 tx=0).handle_hello peer v2:172.21.15.82:3300/0 says I am v2:172.21.15.82:47146/0 (socket says 172.21.15.82:47146)
2024-04-27T07:24:13.765 INFO:teuthology.orchestra.run.smithi082.stdout:/usr/bin/ceph: stderr
2024-04-27T07:24:11.063+0000 7fceb3fff700 1 -- 172.21.15.82:0/3918581303 learned_addr learned my addr 172.21.15.82:0/3918581303 (peer_addr_for_me v2:172.21.15.82:0/0)
2024-04-27T07:24:13.765 INFO:teuthology.orchestra.run.smithi082.stdout:/usr/bin/ceph: stderr
2024-04-27T07:24:11.063+0000 7fceb3fff700 1 -- 172.21.15.82:0/3918581303 --> [v2:172.21.15.82:3300/0,v1:172.21.15.82:6789/0] -- mon_subscribe({config=0+,monmap=0+}) v3 -- 0x7fceb4103360 con 0x7fceb41028d0
2024-04-27T07:24:13.766 INFO:teuthology.orchestra.run.smithi082.stdout:/usr/bin/ceph: stderr
2024-04-27T07:24:11.063+0000 7fceb3fff700 1 --2- 172.21.15.82:0/3918581303 >> [v2:172.21.15.82:3300/0,v1:172.21.15.82:6789/0] conn(0x7fceb41028d0 0x7fceb4102ce0 secure :-1 s=READY pgs=45 cs=0 l=1 rev1=1 crypto rx=0x7fcea40098e0 tx=0x7fcea4009250 comp rx=0 tx=0).ready entity=mon.0 client_cookie=b372268f48bd593d server_cookie=0 in_seq=0 out_seq=0
2024-04-27T07:24:13.766 INFO:teuthology.orchestra.run.smithi082.stdout:/usr/bin/ceph: stderr
2024-04-27T07:24:11.063+0000 7fceb2ffd700 1 -- 172.21.15.82:0/3918581303 <== mon.0 v2:172.21.15.82:3300/0 1 ==== mon_map magic: 0 v1 ==== 229+0+0 (secure 0 0 0) 0x7fcea400b860 con 0x7fceb41028d0
2024-04-27T07:24:13.766 INFO:teuthology.orchestra.run.smithi082.stdout:/usr/bin/ceph: stderr
2024-04-27T07:24:11.063+0000 7fceb2ffd700 1 -- 172.21.15.82:0/3918581303 <== mon.0 v2:172.21.15.82:3300/0 2 ==== config(27 keys) v1 ==== 1044+0+0 (secure 0 0 0) 0x7fcea400be50 con 0x7fceb41028d0
2024-04-27T07:24:13.766 INFO:teuthology.orchestra.run.smithi082.stdout:/usr/bin/ceph: stderr
2024-04-27T07:24:11.063+0000 7fceb2ffd700 1 -- 172.21.15.82:0/3918581303 <== mon.0 v2:172.21.15.82:3300/0 3 ==== mon_map magic: 0 v1 ==== 229+0+0 (secure 0 0 0) 0x7fcea4010380 con 0x7fceb41028d0
2024-04-27T07:24:13.766 INFO:teuthology.orchestra.run.smithi082.stdout:/usr/bin/ceph: stderr
2024-04-27T07:24:11.064+0000 7fceba4d4700 1 -- 172.21.15.82:0/3918581303 >> [v2:172.21.15.82:3300/0,v1:172.21.15.82:6789/0] conn(0x7fceb41028d0 msgr2=0x7fceb4102ce0 secure :-1 s=STATE_CONNECTION_ESTABLISHED l=1).mark_down
2024-04-27T07:24:13.766 INFO:teuthology.orchestra.run.smithi082.stdout:/usr/bin/ceph: stderr
2024-04-27T07:24:11.064+0000 7fceba4d4700 1 --2- 172.21.15.82:0/3918581303 >> [v2:172.21.15.82:3300/0,v1:172.21.15.82:6789/0] conn(0x7fceb41028d0 0x7fceb4102ce0 secure :-1 s=READY pgs=45 cs=0 l=1 rev1=1 crypto rx=0x7fcea40098e0 tx=0x7fcea4009250 comp rx=0 tx=0).stop
2024-04-27T07:24:13.766 INFO:teuthology.orchestra.run.smithi082.stdout:/usr/bin/ceph: stderr
2024-04-27T07:24:11.064+0000 7fceba4d4700 1 -- 172.21.15.82:0/3918581303 shutdown_connections
2024-04-27T07:24:13.766 INFO:teuthology.orchestra.run.smithi082.stdout:/usr/bin/ceph: stderr
2024-04-27T07:24:11.064+0000 7fceba4d4700 1 --2- 172.21.15.82:0/3918581303 >> [v2:172.21.15.82:3300/0,v1:172.21.15.82:6789/0] conn(0x7fceb41028d0 0x7fceb4102ce0 unknown :-1 s=CLOSED pgs=45 cs=0 l=1 rev1=1 crypto rx=0 tx=0 comp rx=0 tx=0).stop
2024-04-27T07:24:13.766 INFO:teuthology.orchestra.run.smithi082.stdout:/usr/bin/ceph: stderr
2024-04-27T07:24:11.064+0000 7fceba4d4700 1 -- 172.21.15.82:0/3918581303 >> 172.21.15.82:0/3918581303 conn(0x7fceb40fe090 msgr2=0x7fceb41004a0 unknown :-1 s=STATE_NONE l=0).mark_down
2024-04-27T07:24:13.766 INFO:teuthology.orchestra.run.smithi082.stdout:/usr/bin/ceph: stderr
2024-04-27T07:24:11.064+0000 7fceba4d4700 1 -- 172.21.15.82:0/3918581303 shutdown_connections
2024-04-27T07:24:13.767 INFO:teuthology.orchestra.run.smithi082.stdout:/usr/bin/ceph: stderr
2024-04-27T07:24:11.064+0000 7fceba4d4700 1 -- 172.21.15.82:0/3918581303 wait complete.
2024-04-27T07:24:13.767 INFO:teuthology.orchestra.run.smithi082.stdout:/usr/bin/ceph: stderr
2024-04-27T07:24:11.064+0000 7fceba4d4700 1 Processor -- start
2024-04-27T07:24:13.767 INFO:teuthology.orchestra.run.smithi082.stdout:/usr/bin/ceph: stderr
2024-04-27T07:24:11.065+0000 7fceba4d4700 1 -- start start
2024-04-27T07:24:13.767 INFO:teuthology.orchestra.run.smithi082.stdout:/usr/bin/ceph: stderr
2024-04-27T07:24:11.065+0000 7fceba4d4700 1 --2- >> [v2:172.21.15.82:3300/0,v1:172.21.15.82:6789/0] conn(0x7fceb41028d0 0x7fceb41115d0 unknown :-1 s=NONE pgs=0 cs=0 l=1 rev1=0 crypto rx=0 tx=0 comp rx=0 tx=0).connect
2024-04-27T07:24:13.767 INFO:teuthology.orchestra.run.smithi082.stdout:/usr/bin/ceph: stderr
2024-04-27T07:24:11.065+0000 7fceba4d4700 1 -- --> [v2:172.21.15.82:3300/0,v1:172.21.15.82:6789/0] -- mon_getmap magic: 0 v1 -- 0x7fceb4111b10 con 0x7fceb41028d0
2024-04-27T07:24:13.767 INFO:teuthology.orchestra.run.smithi082.stdout:/usr/bin/ceph: stderr
2024-04-27T07:24:11.065+0000 7fceb3fff700 1 --2- >> [v2:172.21.15.82:3300/0,v1:172.21.15.82:6789/0] conn(0x7fceb41028d0 0x7fceb41115d0 unknown :-1 s=BANNER_CONNECTING pgs=0 cs=0 l=1 rev1=0 crypto rx=0 tx=0 comp rx=0 tx=0)._handle_peer_banner_payload supported=3 required=0
2024-04-27T07:24:13.767 INFO:teuthology.orchestra.run.smithi082.stdout:/usr/bin/ceph: stderr
2024-04-27T07:24:11.065+0000 7fceb3fff700 1 --2- >> [v2:172.21.15.82:3300/0,v1:172.21.15.82:6789/0] conn(0x7fceb41028d0 0x7fceb41115d0 unknown :-1 s=HELLO_CONNECTING pgs=0 cs=0 l=1 rev1=1 crypto rx=0 tx=0 comp rx=0 tx=0).handle_hello peer v2:172.21.15.82:3300/0 says I am v2:172.21.15.82:47156/0 (socket says 172.21.15.82:47156)
2024-04-27T07:24:13.767 INFO:teuthology.orchestra.run.smithi082.stdout:/usr/bin/ceph: stderr
2024-04-27T07:24:11.065+0000 7fceb3fff700 1 -- 172.21.15.82:0/3150608030 learned_addr learned my addr 172.21.15.82:0/3150608030 (peer_addr_for_me v2:172.21.15.82:0/0)
2024-04-27T07:24:13.767 INFO:teuthology.orchestra.run.smithi082.stdout:/usr/bin/ceph: stderr
2024-04-27T07:24:11.065+0000 7fceb3fff700 1 -- 172.21.15.82:0/3150608030 --> [v2:172.21.15.82:3300/0,v1:172.21.15.82:6789/0] -- mon_subscribe({config=0+,monmap=0+}) v3 -- 0x7fcea40094f0 con 0x7fceb41028d0
2024-04-27T07:24:13.767 INFO:teuthology.orchestra.run.smithi082.stdout:/usr/bin/ceph: stderr
2024-04-27T07:24:11.065+0000 7fceb3fff700 1 --2- 172.21.15.82:0/3150608030 >> [v2:172.21.15.82:3300/0,v1:172.21.15.82:6789/0] conn(0x7fceb41028d0 0x7fceb41115d0 secure :-1 s=READY pgs=46 cs=0 l=1 rev1=1 crypto rx=0x7fcea400b440 tx=0x7fcea4009250 comp rx=0 tx=0).ready entity=mon.0 client_cookie=0 server_cookie=0 in_seq=0 out_seq=0
2024-04-27T07:24:13.767 INFO:teuthology.orchestra.run.smithi082.stdout:/usr/bin/ceph: stderr
2024-04-27T07:24:11.065+0000 7fceb0ff9700 1 -- 172.21.15.82:0/3150608030 <== mon.0 v2:172.21.15.82:3300/0 1 ==== mon_map magic: 0 v1 ==== 229+0+0 (secure 0 0 0) 0x7fcea4010760 con 0x7fceb41028d0
2024-04-27T07:24:13.767 INFO:teuthology.orchestra.run.smithi082.stdout:/usr/bin/ceph: stderr
2024-04-27T07:24:11.065+0000 7fceba4d4700 1 -- 172.21.15.82:0/3150608030 --> [v2:172.21.15.82:3300/0,v1:172.21.15.82:6789/0] -- mon_subscribe({mgrmap=0+}) v3 -- 0x7fceb4111d10 con 0x7fceb41028d0
2024-04-27T07:24:13.768 INFO:teuthology.orchestra.run.smithi082.stdout:/usr/bin/ceph: stderr
2024-04-27T07:24:11.065+0000 7fceb0ff9700 1 -- 172.21.15.82:0/3150608030 <== mon.0 v2:172.21.15.82:3300/0 2 ==== config(27 keys) v1 ==== 1044+0+0 (secure 0 0 0) 0x7fcea4010d50 con 0x7fceb41028d0
2024-04-27T07:24:13.768 INFO:teuthology.orchestra.run.smithi082.stdout:/usr/bin/ceph: stderr
2024-04-27T07:24:11.065+0000 7fceb0ff9700 1 -- 172.21.15.82:0/3150608030 <== mon.0 v2:172.21.15.82:3300/0 3 ==== mon_map magic: 0 v1 ==== 229+0+0 (secure 0 0 0) 0x7fcea401ae20 con 0x7fceb41028d0
2024-04-27T07:24:13.768 INFO:teuthology.orchestra.run.smithi082.stdout:/usr/bin/ceph: stderr
2024-04-27T07:24:11.065+0000 7fceba4d4700 1 -- 172.21.15.82:0/3150608030 --> [v2:172.21.15.82:3300/0,v1:172.21.15.82:6789/0] -- mon_subscribe({osdmap=0}) v3 -- 0x7fceb4112880 con 0x7fceb41028d0
2024-04-27T07:24:13.768 INFO:teuthology.orchestra.run.smithi082.stdout:/usr/bin/ceph: stderr
2024-04-27T07:24:11.066+0000 7fceb0ff9700 1 -- 172.21.15.82:0/3150608030 <== mon.0 v2:172.21.15.82:3300/0 4 ==== mgrmap(e 8) v1 ==== 43376+0+0 (secure 0 0 0) 0x7fcea402e440 con 0x7fceb41028d0
2024-04-27T07:24:13.768 INFO:teuthology.orchestra.run.smithi082.stdout:/usr/bin/ceph: stderr
2024-04-27T07:24:11.066+0000 7fceba4d4700 1 -- 172.21.15.82:0/3150608030 --> [v2:172.21.15.82:3300/0,v1:172.21.15.82:6789/0] -- mon_command({"prefix": "get_command_descriptions"} v 0) v1 -- 0x7fceb405f5c0 con 0x7fceb41028d0
2024-04-27T07:24:13.768 INFO:teuthology.orchestra.run.smithi082.stdout:/usr/bin/ceph: stderr
2024-04-27T07:24:11.066+0000 7fceb0ff9700 1 --2- 172.21.15.82:0/3150608030 >> [v2:172.21.15.82:6800/3417466421,v1:172.21.15.82:6801/3417466421] conn(0x7fce9c036830 0x7fce9c038ce0 unknown :-1 s=NONE pgs=0 cs=0 l=1 rev1=0 crypto rx=0 tx=0 comp rx=0 tx=0).connect
2024-04-27T07:24:13.768 INFO:teuthology.orchestra.run.smithi082.stdout:/usr/bin/ceph: stderr
2024-04-27T07:24:11.066+0000 7fceb0ff9700 1 -- 172.21.15.82:0/3150608030 <== mon.0 v2:172.21.15.82:3300/0 5 ==== osd_map(2..2 src has 1..2) v4 ==== 936+0+0 (secure 0 0 0) 0x7fcea404a7d0 con 0x7fceb41028d0
2024-04-27T07:24:13.768 INFO:teuthology.orchestra.run.smithi082.stdout:/usr/bin/ceph: stderr
2024-04-27T07:24:11.067+0000 7fceb37fe700 1 --2- 172.21.15.82:0/3150608030 >> [v2:172.21.15.82:6800/3417466421,v1:172.21.15.82:6801/3417466421] conn(0x7fce9c036830 0x7fce9c038ce0 unknown :-1 s=BANNER_CONNECTING pgs=0 cs=0 l=1 rev1=0 crypto rx=0 tx=0 comp rx=0 tx=0)._handle_peer_banner_payload supported=3 required=0
2024-04-27T07:24:13.768 INFO:teuthology.orchestra.run.smithi082.stdout:/usr/bin/ceph: stderr
2024-04-27T07:24:11.067+0000 7fceb37fe700 1 --2- 172.21.15.82:0/3150608030 >> [v2:172.21.15.82:6800/3417466421,v1:172.21.15.82:6801/3417466421] conn(0x7fce9c036830 0x7fce9c038ce0 secure :-1 s=READY pgs=11 cs=0 l=1 rev1=1 crypto rx=0x7fcea8009990 tx=0x7fcea8006e40 comp rx=0 tx=0).ready entity=mgr.14120 client_cookie=0 server_cookie=0 in_seq=0 out_seq=0
2024-04-27T07:24:13.768 INFO:teuthology.orchestra.run.smithi082.stdout:/usr/bin/ceph: stderr
2024-04-27T07:24:11.071+0000 7fceb0ff9700 1 -- 172.21.15.82:0/3150608030 <== mon.0 v2:172.21.15.82:3300/0 6 ==== mon_command_ack([{"prefix": "get_command_descriptions"}]=0 v0) v1 ==== 72+0+176702 (secure 0 0 0) 0x7fcea4018940 con 0x7fceb41028d0
2024-04-27T07:24:13.769 INFO:teuthology.orchestra.run.smithi082.stdout:/usr/bin/ceph: stderr
2024-04-27T07:24:11.262+0000 7fceba4d4700 1 -- 172.21.15.82:0/3150608030 --> [v2:172.21.15.82:6800/3417466421,v1:172.21.15.82:6801/3417466421] -- mgr_command(tid 0: {"prefix": "orch host add", "hostname": "smithi082", "addr": "172.21.15.82", "target": ["mon-mgr", ""]}) v1 -- 0x7fceb40ff230 con 0x7fce9c036830
2024-04-27T07:24:13.769 INFO:teuthology.orchestra.run.smithi082.stdout:/usr/bin/ceph: stderr
2024-04-27T07:24:13.146+0000 7fceb0ff9700 1 -- 172.21.15.82:0/3150608030 <== mgr.14120 v2:172.21.15.82:6800/3417466421 1 ==== mgr_command_reply(tid 0: 0 ) v1 ==== 8+0+48 (secure 0 0 0) 0x7fceb40ff230 con 0x7fce9c036830
2024-04-27T07:24:13.769 INFO:teuthology.orchestra.run.smithi082.stdout:/usr/bin/ceph: stderr
2024-04-27T07:24:13.149+0000 7fceba4d4700 1 -- 172.21.15.82:0/3150608030 >> [v2:172.21.15.82:6800/3417466421,v1:172.21.15.82:6801/3417466421] conn(0x7fce9c036830 msgr2=0x7fce9c038ce0 secure :-1 s=STATE_CONNECTION_ESTABLISHED l=1).mark_down
2024-04-27T07:24:13.769 INFO:teuthology.orchestra.run.smithi082.stdout:/usr/bin/ceph: stderr
2024-04-27T07:24:13.149+0000 7fceba4d4700 1 --2- 172.21.15.82:0/3150608030 >> [v2:172.21.15.82:6800/3417466421,v1:172.21.15.82:6801/3417466421] conn(0x7fce9c036830 0x7fce9c038ce0 secure :-1 s=READY pgs=11 cs=0 l=1 rev1=1 crypto rx=0x7fcea8009990 tx=0x7fcea8006e40 comp rx=0 tx=0).stop
2024-04-27T07:24:13.769 INFO:teuthology.orchestra.run.smithi082.stdout:/usr/bin/ceph: stderr
2024-04-27T07:24:13.149+0000 7fceba4d4700 1 -- 172.21.15.82:0/3150608030 >> [v2:172.21.15.82:3300/0,v1:172.21.15.82:6789/0] conn(0x7fceb41028d0 msgr2=0x7fceb41115d0 secure :-1 s=STATE_CONNECTION_ESTABLISHED l=1).mark_down
2024-04-27T07:24:13.769 INFO:teuthology.orchestra.run.smithi082.stdout:/usr/bin/ceph: stderr
2024-04-27T07:24:13.149+0000 7fceba4d4700 1 --2- 172.21.15.82:0/3150608030 >> [v2:172.21.15.82:3300/0,v1:172.21.15.82:6789/0] conn(0x7fceb41028d0 0x7fceb41115d0 secure :-1 s=READY pgs=46 cs=0 l=1 rev1=1 crypto rx=0x7fcea400b440 tx=0x7fcea4009250 comp rx=0 tx=0).stop
2024-04-27T07:24:13.769 INFO:teuthology.orchestra.run.smithi082.stdout:/usr/bin/ceph: stderr
2024-04-27T07:24:13.149+0000 7fceba4d4700 1 -- 172.21.15.82:0/3150608030 shutdown_connections
2024-04-27T07:24:13.769 INFO:teuthology.orchestra.run.smithi082.stdout:/usr/bin/ceph: stderr
2024-04-27T07:24:13.149+0000 7fceba4d4700 1 --2- 172.21.15.82:0/3150608030 >> [v2:172.21.15.82:6800/3417466421,v1:172.21.15.82:6801/3417466421] conn(0x7fce9c036830 0x7fce9c038ce0 unknown :-1 s=CLOSED pgs=11 cs=0 l=1 rev1=1 crypto rx=0 tx=0 comp rx=0 tx=0).stop
2024-04-27T07:24:13.769 INFO:teuthology.orchestra.run.smithi082.stdout:/usr/bin/ceph: stderr
2024-04-27T07:24:13.149+0000 7fceba4d4700 1 --2- 172.21.15.82:0/3150608030 >> [v2:172.21.15.82:3300/0,v1:172.21.15.82:6789/0] conn(0x7fceb41028d0 0x7fceb41115d0 unknown :-1 s=CLOSED pgs=46 cs=0 l=1 rev1=1 crypto rx=0 tx=0 comp rx=0 tx=0).stop
2024-04-27T07:24:13.769 INFO:teuthology.orchestra.run.smithi082.stdout:/usr/bin/ceph: stderr
2024-04-27T07:24:13.149+0000 7fceba4d4700 1 -- 172.21.15.82:0/3150608030 >> 172.21.15.82:0/3150608030 conn(0x7fceb40fe090 msgr2=0x7fceb40feb20 unknown :-1 s=STATE_NONE l=0).mark_down
2024-04-27T07:24:13.769 INFO:teuthology.orchestra.run.smithi082.stdout:/usr/bin/ceph: stderr
2024-04-27T07:24:13.149+0000 7fceba4d4700 1 -- 172.21.15.82:0/3150608030 shutdown_connections
2024-04-27T07:24:13.769 INFO:teuthology.orchestra.run.smithi082.stdout:/usr/bin/ceph: stderr
2024-04-27T07:24:13.149+0000 7fceba4d4700 1 -- 172.21.15.82:0/3150608030 wait complete.
2024-04-27T07:24:13.770 INFO:teuthology.orchestra.run.smithi082.stdout:Deploying mon service with default placement...
2024-04-27T07:24:14.343 INFO:journalctl@ceph.mon.smithi082.smithi082.stdout:Apr 27 07:24:14 smithi082 ceph-mon[26613]: from='mgr.14120 172.21.15.82:0/2655742192' entity='mgr.smithi082.hhlhmf'
2024-04-27T07:24:14.343 INFO:journalctl@ceph.mon.smithi082.smithi082.stdout:Apr 27 07:24:14 smithi082 ceph-mon[26613]: Added host smithi082
2024-04-27T07:24:14.343 INFO:journalctl@ceph.mon.smithi082.smithi082.stdout:Apr 27 07:24:14 smithi082 ceph-mon[26613]: from='mgr.14120 172.21.15.82:0/2655742192' entity='mgr.smithi082.hhlhmf' cmd=[{"prefix": "config dump", "format": "json"}]: dispatch
2024-04-27T07:24:15.234 INFO:teuthology.orchestra.run.smithi082.stdout:/usr/bin/ceph: stdout Scheduled mon update...
2024-04-27T07:24:15.234 INFO:teuthology.orchestra.run.smithi082.stdout:/usr/bin/ceph: stderr
2024-04-27T07:24:14.180+0000 7f60a7db1700 1 Processor -- start
2024-04-27T07:24:15.234 INFO:teuthology.orchestra.run.smithi082.stdout:/usr/bin/ceph: stderr
2024-04-27T07:24:14.180+0000 7f60a7db1700 1 -- start start
2024-04-27T07:24:15.234 INFO:teuthology.orchestra.run.smithi082.stdout:/usr/bin/ceph: stderr
2024-04-27T07:24:14.180+0000 7f60a7db1700 1 --2- >> [v2:172.21.15.82:3300/0,v1:172.21.15.82:6789/0] conn(0x7f60a0101760 0x7f60a0101b70 unknown :-1 s=NONE pgs=0 cs=0 l=0 rev1=0 crypto rx=0 tx=0 comp rx=0 tx=0).connect
2024-04-27T07:24:15.234 INFO:teuthology.orchestra.run.smithi082.stdout:/usr/bin/ceph: stderr
2024-04-27T07:24:14.180+0000 7f60a7db1700 1 -- --> [v2:172.21.15.82:3300/0,v1:172.21.15.82:6789/0] -- mon_getmap magic: 0 v1 -- 0x7f60a01020b0 con 0x7f60a0101760
2024-04-27T07:24:15.235 INFO:teuthology.orchestra.run.smithi082.stdout:/usr/bin/ceph: stderr
2024-04-27T07:24:14.181+0000 7f60a5b4d700 1 --2- >> [v2:172.21.15.82:3300/0,v1:172.21.15.82:6789/0] conn(0x7f60a0101760 0x7f60a0101b70 unknown :-1 s=BANNER_CONNECTING pgs=0 cs=0 l=0 rev1=0 crypto rx=0 tx=0 comp rx=0 tx=0)._handle_peer_banner_payload supported=3 required=0
2024-04-27T07:24:15.235 INFO:teuthology.orchestra.run.smithi082.stdout:/usr/bin/ceph: stderr
2024-04-27T07:24:14.181+0000 7f60a5b4d700 1 --2- >> [v2:172.21.15.82:3300/0,v1:172.21.15.82:6789/0] conn(0x7f60a0101760 0x7f60a0101b70 unknown :-1 s=HELLO_CONNECTING pgs=0 cs=0 l=0 rev1=1 crypto rx=0 tx=0 comp rx=0 tx=0).handle_hello peer v2:172.21.15.82:3300/0 says I am v2:172.21.15.82:47162/0 (socket says 172.21.15.82:47162)
2024-04-27T07:24:15.235 INFO:teuthology.orchestra.run.smithi082.stdout:/usr/bin/ceph: stderr
2024-04-27T07:24:14.181+0000 7f60a5b4d700 1 -- 172.21.15.82:0/1049402310 learned_addr learned my addr 172.21.15.82:0/1049402310 (peer_addr_for_me v2:172.21.15.82:0/0)
2024-04-27T07:24:15.235 INFO:teuthology.orchestra.run.smithi082.stdout:/usr/bin/ceph: stderr
2024-04-27T07:24:14.181+0000 7f60a5b4d700 1 -- 172.21.15.82:0/1049402310 --> [v2:172.21.15.82:3300/0,v1:172.21.15.82:6789/0] -- mon_subscribe({config=0+,monmap=0+}) v3 -- 0x7f60a01021f0 con 0x7f60a0101760
2024-04-27T07:24:15.235 INFO:teuthology.orchestra.run.smithi082.stdout:/usr/bin/ceph: stderr
2024-04-27T07:24:14.181+0000 7f60a5b4d700 1 --2- 172.21.15.82:0/1049402310 >> [v2:172.21.15.82:3300/0,v1:172.21.15.82:6789/0] conn(0x7f60a0101760 0x7f60a0101b70 secure :-1 s=READY pgs=47 cs=0 l=1 rev1=1 crypto rx=0x7f60900098e0 tx=0x7f6090009250 comp rx=0 tx=0).ready entity=mon.0 client_cookie=21cdb01a86931d22 server_cookie=0 in_seq=0 out_seq=0
2024-04-27T07:24:15.235 INFO:teuthology.orchestra.run.smithi082.stdout:/usr/bin/ceph: stderr
2024-04-27T07:24:14.181+0000 7f60a4b4b700 1 -- 172.21.15.82:0/1049402310 <== mon.0 v2:172.21.15.82:3300/0 1 ==== mon_map magic: 0 v1 ==== 229+0+0 (secure 0 0 0) 0x7f609000b860 con 0x7f60a0101760
2024-04-27T07:24:15.235 INFO:teuthology.orchestra.run.smithi082.stdout:/usr/bin/ceph: stderr
2024-04-27T07:24:14.181+0000 7f60a4b4b700 1 -- 172.21.15.82:0/1049402310 <== mon.0 v2:172.21.15.82:3300/0 2 ==== config(27 keys) v1 ==== 1044+0+0 (secure 0 0 0) 0x7f609000be50 con 0x7f60a0101760
2024-04-27T07:24:15.235 INFO:teuthology.orchestra.run.smithi082.stdout:/usr/bin/ceph: stderr
2024-04-27T07:24:14.181+0000 7f60a4b4b700 1 -- 172.21.15.82:0/1049402310 <== mon.0 v2:172.21.15.82:3300/0 3 ==== mon_map magic: 0 v1 ==== 229+0+0 (secure 0 0 0) 0x7f6090010380 con 0x7f60a0101760
2024-04-27T07:24:15.235 INFO:teuthology.orchestra.run.smithi082.stdout:/usr/bin/ceph: stderr
2024-04-27T07:24:14.182+0000 7f60a7db1700 1 -- 172.21.15.82:0/1049402310 >> [v2:172.21.15.82:3300/0,v1:172.21.15.82:6789/0] conn(0x7f60a0101760 msgr2=0x7f60a0101b70 secure :-1 s=STATE_CONNECTION_ESTABLISHED l=1).mark_down
2024-04-27T07:24:15.235 INFO:teuthology.orchestra.run.smithi082.stdout:/usr/bin/ceph: stderr
2024-04-27T07:24:14.182+0000 7f60a7db1700 1 --2- 172.21.15.82:0/1049402310 >> [v2:172.21.15.82:3300/0,v1:172.21.15.82:6789/0] conn(0x7f60a0101760 0x7f60a0101b70 secure :-1 s=READY pgs=47 cs=0 l=1 rev1=1 crypto rx=0x7f60900098e0 tx=0x7f6090009250 comp rx=0 tx=0).stop
2024-04-27T07:24:15.235 INFO:teuthology.orchestra.run.smithi082.stdout:/usr/bin/ceph: stderr
2024-04-27T07:24:14.182+0000 7f60a7db1700 1 -- 172.21.15.82:0/1049402310 shutdown_connections
2024-04-27T07:24:15.235 INFO:teuthology.orchestra.run.smithi082.stdout:/usr/bin/ceph: stderr
2024-04-27T07:24:14.182+0000 7f60a7db1700 1 --2- 172.21.15.82:0/1049402310 >> [v2:172.21.15.82:3300/0,v1:172.21.15.82:6789/0] conn(0x7f60a0101760 0x7f60a0101b70 unknown :-1 s=CLOSED pgs=47 cs=0 l=1 rev1=1 crypto rx=0 tx=0 comp rx=0 tx=0).stop
2024-04-27T07:24:15.235 INFO:teuthology.orchestra.run.smithi082.stdout:/usr/bin/ceph: stderr
2024-04-27T07:24:14.182+0000 7f60a7db1700 1 -- 172.21.15.82:0/1049402310 >> 172.21.15.82:0/1049402310 conn(0x7f60a00fcea0 msgr2=0x7f60a00ff2f0 unknown :-1 s=STATE_NONE l=0).mark_down
2024-04-27T07:24:15.235 INFO:teuthology.orchestra.run.smithi082.stdout:/usr/bin/ceph: stderr
2024-04-27T07:24:14.182+0000 7f60a7db1700 1 -- 172.21.15.82:0/1049402310 shutdown_connections
2024-04-27T07:24:15.236 INFO:teuthology.orchestra.run.smithi082.stdout:/usr/bin/ceph: stderr
2024-04-27T07:24:14.182+0000 7f60a7db1700 1 -- 172.21.15.82:0/1049402310 wait complete.
2024-04-27T07:24:15.236 INFO:teuthology.orchestra.run.smithi082.stdout:/usr/bin/ceph: stderr
2024-04-27T07:24:14.183+0000 7f60a7db1700 1 Processor -- start
2024-04-27T07:24:15.236 INFO:teuthology.orchestra.run.smithi082.stdout:/usr/bin/ceph: stderr
2024-04-27T07:24:14.183+0000 7f60a7db1700 1 -- start start
2024-04-27T07:24:15.236 INFO:teuthology.orchestra.run.smithi082.stdout:/usr/bin/ceph: stderr
2024-04-27T07:24:14.183+0000 7f60a7db1700 1 --2- >> [v2:172.21.15.82:3300/0,v1:172.21.15.82:6789/0] conn(0x7f60a0101760 0x7f60a0107960 unknown :-1 s=NONE pgs=0 cs=0 l=1 rev1=0 crypto rx=0 tx=0 comp rx=0 tx=0).connect
2024-04-27T07:24:15.236 INFO:teuthology.orchestra.run.smithi082.stdout:/usr/bin/ceph: stderr
2024-04-27T07:24:14.183+0000 7f60a7db1700 1 -- --> [v2:172.21.15.82:3300/0,v1:172.21.15.82:6789/0] -- mon_getmap magic: 0 v1 -- 0x7f60a0107ea0 con 0x7f60a0101760
2024-04-27T07:24:15.236 INFO:teuthology.orchestra.run.smithi082.stdout:/usr/bin/ceph: stderr
2024-04-27T07:24:14.183+0000 7f60a5b4d700 1 --2- >> [v2:172.21.15.82:3300/0,v1:172.21.15.82:6789/0] conn(0x7f60a0101760 0x7f60a0107960 unknown :-1 s=BANNER_CONNECTING pgs=0 cs=0 l=1 rev1=0 crypto rx=0 tx=0 comp rx=0 tx=0)._handle_peer_banner_payload supported=3 required=0
2024-04-27T07:24:15.236 INFO:teuthology.orchestra.run.smithi082.stdout:/usr/bin/ceph: stderr
2024-04-27T07:24:14.183+0000 7f60a5b4d700 1 --2- >> [v2:172.21.15.82:3300/0,v1:172.21.15.82:6789/0] conn(0x7f60a0101760 0x7f60a0107960 unknown :-1 s=HELLO_CONNECTING pgs=0 cs=0 l=1 rev1=1 crypto rx=0 tx=0 comp rx=0 tx=0).handle_hello peer v2:172.21.15.82:3300/0 says I am v2:172.21.15.82:47174/0 (socket says 172.21.15.82:47174)
2024-04-27T07:24:15.236 INFO:teuthology.orchestra.run.smithi082.stdout:/usr/bin/ceph: stderr
2024-04-27T07:24:14.183+0000 7f60a5b4d700 1 -- 172.21.15.82:0/2632132712 learned_addr learned my addr 172.21.15.82:0/2632132712 (peer_addr_for_me v2:172.21.15.82:0/0)
2024-04-27T07:24:15.236 INFO:teuthology.orchestra.run.smithi082.stdout:/usr/bin/ceph: stderr
2024-04-27T07:24:14.183+0000 7f60a5b4d700 1 -- 172.21.15.82:0/2632132712 --> [v2:172.21.15.82:3300/0,v1:172.21.15.82:6789/0] -- mon_subscribe({config=0+,monmap=0+}) v3 -- 0x7f60900094f0 con 0x7f60a0101760
2024-04-27T07:24:15.236 INFO:teuthology.orchestra.run.smithi082.stdout:/usr/bin/ceph: stderr
2024-04-27T07:24:14.183+0000 7f60a5b4d700 1 --2- 172.21.15.82:0/2632132712 >> [v2:172.21.15.82:3300/0,v1:172.21.15.82:6789/0] conn(0x7f60a0101760 0x7f60a0107960 secure :-1 s=READY pgs=48 cs=0 l=1 rev1=1 crypto rx=0x7f6090000c00 tx=0x7f6090009250 comp rx=0 tx=0).ready entity=mon.0 client_cookie=0 server_cookie=0 in_seq=0 out_seq=0
2024-04-27T07:24:15.236 INFO:teuthology.orchestra.run.smithi082.stdout:/usr/bin/ceph: stderr
2024-04-27T07:24:14.183+0000 7f60967fc700 1 -- 172.21.15.82:0/2632132712 <== mon.0 v2:172.21.15.82:3300/0 1 ==== mon_map magic: 0 v1 ==== 229+0+0 (secure 0 0 0) 0x7f60900107c0 con 0x7f60a0101760
2024-04-27T07:24:15.236 INFO:teuthology.orchestra.run.smithi082.stdout:/usr/bin/ceph: stderr
2024-04-27T07:24:14.183+0000 7f60967fc700 1 -- 172.21.15.82:0/2632132712 <== mon.0 v2:172.21.15.82:3300/0 2 ==== config(27 keys) v1 ==== 1044+0+0 (secure 0 0 0) 0x7f6090010db0 con 0x7f60a0101760
2024-04-27T07:24:15.236 INFO:teuthology.orchestra.run.smithi082.stdout:/usr/bin/ceph: stderr
2024-04-27T07:24:14.183+0000 7f60a7db1700 1 -- 172.21.15.82:0/2632132712 --> [v2:172.21.15.82:3300/0,v1:172.21.15.82:6789/0] -- mon_subscribe({mgrmap=0+}) v3 -- 0x7f60a0105f60 con 0x7f60a0101760
2024-04-27T07:24:15.236 INFO:teuthology.orchestra.run.smithi082.stdout:/usr/bin/ceph: stderr
2024-04-27T07:24:14.183+0000 7f60967fc700 1 -- 172.21.15.82:0/2632132712 <== mon.0 v2:172.21.15.82:3300/0 3 ==== mon_map magic: 0 v1 ==== 229+0+0 (secure 0 0 0) 0x7f609001ad00 con 0x7f60a0101760
2024-04-27T07:24:15.236 INFO:teuthology.orchestra.run.smithi082.stdout:/usr/bin/ceph: stderr
2024-04-27T07:24:14.183+0000 7f60a7db1700 1 -- 172.21.15.82:0/2632132712 --> [v2:172.21.15.82:3300/0,v1:172.21.15.82:6789/0] -- mon_subscribe({osdmap=0}) v3 -- 0x7f60a0106450 con 0x7f60a0101760
2024-04-27T07:24:15.237 INFO:teuthology.orchestra.run.smithi082.stdout:/usr/bin/ceph: stderr
2024-04-27T07:24:14.184+0000 7f60967fc700 1 -- 172.21.15.82:0/2632132712 <== mon.0 v2:172.21.15.82:3300/0 4 ==== mgrmap(e 8) v1 ==== 43376+0+0 (secure 0 0 0) 0x7f60900193c0 con 0x7f60a0101760
2024-04-27T07:24:15.237 INFO:teuthology.orchestra.run.smithi082.stdout:/usr/bin/ceph: stderr
2024-04-27T07:24:14.184+0000 7f60967fc700 1 --2- 172.21.15.82:0/2632132712 >> [v2:172.21.15.82:6800/3417466421,v1:172.21.15.82:6801/3417466421] conn(0x7f608c036850 0x7f608c038d00 unknown :-1 s=NONE pgs=0 cs=0 l=1 rev1=0 crypto rx=0 tx=0 comp rx=0 tx=0).connect
2024-04-27T07:24:15.237 INFO:teuthology.orchestra.run.smithi082.stdout:/usr/bin/ceph: stderr
2024-04-27T07:24:14.184+0000 7f60a7db1700 1 -- 172.21.15.82:0/2632132712 --> [v2:172.21.15.82:3300/0,v1:172.21.15.82:6789/0] -- mon_command({"prefix": "get_command_descriptions"} v 0) v1 -- 0x7f60a004bed0 con 0x7f60a0101760
2024-04-27T07:24:15.237 INFO:teuthology.orchestra.run.smithi082.stdout:/usr/bin/ceph: stderr
2024-04-27T07:24:14.184+0000 7f60967fc700 1 -- 172.21.15.82:0/2632132712 <== mon.0 v2:172.21.15.82:3300/0 5 ==== osd_map(2..2 src has 1..2) v4 ==== 936+0+0 (secure 0 0 0) 0x7f609004a7e0 con 0x7f60a0101760
2024-04-27T07:24:15.237 INFO:teuthology.orchestra.run.smithi082.stdout:/usr/bin/ceph: stderr
2024-04-27T07:24:14.184+0000 7f60a534c700 1 --2- 172.21.15.82:0/2632132712 >> [v2:172.21.15.82:6800/3417466421,v1:172.21.15.82:6801/3417466421] conn(0x7f608c036850 0x7f608c038d00 unknown :-1 s=BANNER_CONNECTING pgs=0 cs=0 l=1 rev1=0 crypto rx=0 tx=0 comp rx=0 tx=0)._handle_peer_banner_payload supported=3 required=0
2024-04-27T07:24:15.237 INFO:teuthology.orchestra.run.smithi082.stdout:/usr/bin/ceph: stderr
2024-04-27T07:24:14.185+0000 7f60a534c700 1 --2- 172.21.15.82:0/2632132712 >> [v2:172.21.15.82:6800/3417466421,v1:172.21.15.82:6801/3417466421] conn(0x7f608c036850 0x7f608c038d00 secure :-1 s=READY pgs=12 cs=0 l=1 rev1=1 crypto rx=0x7f609c009990 tx=0x7f609c006e40 comp rx=0 tx=0).ready entity=mgr.14120 client_cookie=0 server_cookie=0 in_seq=0 out_seq=0
2024-04-27T07:24:15.237 INFO:teuthology.orchestra.run.smithi082.stdout:/usr/bin/ceph: stderr
2024-04-27T07:24:14.189+0000 7f60967fc700 1 -- 172.21.15.82:0/2632132712 <== mon.0 v2:172.21.15.82:3300/0 6 ==== mon_command_ack([{"prefix": "get_command_descriptions"}]=0 v0) v1 ==== 72+0+176702 (secure 0 0 0) 0x7f60900196c0 con 0x7f60a0101760
2024-04-27T07:24:15.237 INFO:teuthology.orchestra.run.smithi082.stdout:/usr/bin/ceph: stderr
2024-04-27T07:24:14.408+0000 7f60a7db1700 1 -- 172.21.15.82:0/2632132712 --> [v2:172.21.15.82:6800/3417466421,v1:172.21.15.82:6801/3417466421] -- mgr_command(tid 0: {"prefix": "orch apply", "service_type": "mon", "target": ["mon-mgr", ""]}) v1 -- 0x7f60a010b640 con 0x7f608c036850
2024-04-27T07:24:15.237 INFO:teuthology.orchestra.run.smithi082.stdout:/usr/bin/ceph: stderr
2024-04-27T07:24:14.415+0000 7f60967fc700 1 -- 172.21.15.82:0/2632132712 <== mgr.14120 v2:172.21.15.82:6800/3417466421 1 ==== mgr_command_reply(tid 0: 0 ) v1 ==== 8+0+24 (secure 0 0 0) 0x7f60a010b640 con 0x7f608c036850
2024-04-27T07:24:15.237 INFO:teuthology.orchestra.run.smithi082.stdout:/usr/bin/ceph: stderr
2024-04-27T07:24:14.417+0000 7f60a7db1700 1 -- 172.21.15.82:0/2632132712 >> [v2:172.21.15.82:6800/3417466421,v1:172.21.15.82:6801/3417466421] conn(0x7f608c036850 msgr2=0x7f608c038d00 secure :-1 s=STATE_CONNECTION_ESTABLISHED l=1).mark_down
2024-04-27T07:24:15.237 INFO:teuthology.orchestra.run.smithi082.stdout:/usr/bin/ceph: stderr
2024-04-27T07:24:14.417+0000 7f60a7db1700 1 --2- 172.21.15.82:0/2632132712 >> [v2:172.21.15.82:6800/3417466421,v1:172.21.15.82:6801/3417466421] conn(0x7f608c036850 0x7f608c038d00 secure :-1 s=READY pgs=12 cs=0 l=1 rev1=1 crypto rx=0x7f609c009990 tx=0x7f609c006e40 comp rx=0 tx=0).stop
2024-04-27T07:24:15.237 INFO:teuthology.orchestra.run.smithi082.stdout:/usr/bin/ceph: stderr
2024-04-27T07:24:14.417+0000 7f60a7db1700 1 -- 172.21.15.82:0/2632132712 >> [v2:172.21.15.82:3300/0,v1:172.21.15.82:6789/0] conn(0x7f60a0101760 msgr2=0x7f60a0107960 secure :-1 s=STATE_CONNECTION_ESTABLISHED l=1).mark_down
2024-04-27T07:24:15.237 INFO:teuthology.orchestra.run.smithi082.stdout:/usr/bin/ceph: stderr
2024-04-27T07:24:14.417+0000 7f60a7db1700 1 --2- 172.21.15.82:0/2632132712 >> [v2:172.21.15.82:3300/0,v1:172.21.15.82:6789/0] conn(0x7f60a0101760 0x7f60a0107960 secure :-1 s=READY pgs=48 cs=0 l=1 rev1=1 crypto rx=0x7f6090000c00 tx=0x7f6090009250 comp rx=0 tx=0).stop
2024-04-27T07:24:15.237 INFO:teuthology.orchestra.run.smithi082.stdout:/usr/bin/ceph: stderr
2024-04-27T07:24:14.417+0000 7f60a7db1700 1 -- 172.21.15.82:0/2632132712 shutdown_connections
2024-04-27T07:24:15.238 INFO:teuthology.orchestra.run.smithi082.stdout:/usr/bin/ceph: stderr
2024-04-27T07:24:14.417+0000 7f60a7db1700 1 --2- 172.21.15.82:0/2632132712 >> [v2:172.21.15.82:6800/3417466421,v1:172.21.15.82:6801/3417466421] conn(0x7f608c036850 0x7f608c038d00 unknown :-1 s=CLOSED pgs=12 cs=0 l=1 rev1=1 crypto rx=0 tx=0 comp rx=0 tx=0).stop
2024-04-27T07:24:15.238 INFO:teuthology.orchestra.run.smithi082.stdout:/usr/bin/ceph: stderr
2024-04-27T07:24:14.417+0000 7f60a7db1700 1 --2- 172.21.15.82:0/2632132712 >> [v2:172.21.15.82:3300/0,v1:172.21.15.82:6789/0] conn(0x7f60a0101760 0x7f60a0107960 unknown :-1 s=CLOSED pgs=48 cs=0 l=1 rev1=1 crypto rx=0 tx=0 comp rx=0 tx=0).stop
2024-04-27T07:24:15.238 INFO:teuthology.orchestra.run.smithi082.stdout:/usr/bin/ceph: stderr
2024-04-27T07:24:14.417+0000 7f60a7db1700 1 -- 172.21.15.82:0/2632132712 >> 172.21.15.82:0/2632132712 conn(0x7f60a00fcea0 msgr2=0x7f60a00fdcf0 unknown :-1 s=STATE_NONE l=0).mark_down
2024-04-27T07:24:15.238 INFO:teuthology.orchestra.run.smithi082.stdout:/usr/bin/ceph: stderr
2024-04-27T07:24:14.417+0000 7f60a7db1700 1 -- 172.21.15.82:0/2632132712 shutdown_connections
2024-04-27T07:24:15.238 INFO:teuthology.orchestra.run.smithi082.stdout:/usr/bin/ceph: stderr
2024-04-27T07:24:14.417+0000 7f60a7db1700 1 -- 172.21.15.82:0/2632132712 wait complete.
2024-04-27T07:24:15.238 INFO:teuthology.orchestra.run.smithi082.stdout:Deploying mgr service with default placement...
2024-04-27T07:24:15.534 INFO:journalctl@ceph.mon.smithi082.smithi082.stdout:Apr 27 07:24:15 smithi082 ceph-mon[26613]: from='client.14142 -' entity='client.admin' cmd=[{"prefix": "orch apply", "service_type": "mon", "target": ["mon-mgr", ""]}]: dispatch
2024-04-27T07:24:15.534 INFO:journalctl@ceph.mon.smithi082.smithi082.stdout:Apr 27 07:24:15 smithi082 ceph-mon[26613]: Saving service mon spec with placement count:5
2024-04-27T07:24:15.534 INFO:journalctl@ceph.mon.smithi082.smithi082.stdout:Apr 27 07:24:15 smithi082 ceph-mon[26613]: from='mgr.14120 172.21.15.82:0/2655742192' entity='mgr.smithi082.hhlhmf'
2024-04-27T07:24:17.093 INFO:journalctl@ceph.mon.smithi082.smithi082.stdout:Apr 27 07:24:16 smithi082 ceph-mon[26613]: from='client.14144 -' entity='client.admin' cmd=[{"prefix": "orch apply", "service_type": "mgr", "target": ["mon-mgr", ""]}]: dispatch
2024-04-27T07:24:17.093 INFO:journalctl@ceph.mon.smithi082.smithi082.stdout:Apr 27 07:24:16 smithi082 ceph-mon[26613]: Saving service mgr spec with placement count:2
2024-04-27T07:24:17.093 INFO:journalctl@ceph.mon.smithi082.smithi082.stdout:Apr 27 07:24:16 smithi082 ceph-mon[26613]: from='mgr.14120 172.21.15.82:0/2655742192' entity='mgr.smithi082.hhlhmf'
2024-04-27T07:24:17.236 INFO:teuthology.orchestra.run.smithi082.stdout:/usr/bin/ceph: stdout Scheduled mgr update...
2024-04-27T07:24:17.236 INFO:teuthology.orchestra.run.smithi082.stdout:/usr/bin/ceph: stderr
2024-04-27T07:24:15.632+0000 7f9233a88700 1 Processor -- start
2024-04-27T07:24:17.236 INFO:teuthology.orchestra.run.smithi082.stdout:/usr/bin/ceph: stderr
2024-04-27T07:24:15.632+0000 7f9233a88700 1 -- start start
2024-04-27T07:24:17.236 INFO:teuthology.orchestra.run.smithi082.stdout:/usr/bin/ceph: stderr
2024-04-27T07:24:15.632+0000 7f9233a88700 1 --2- >> [v2:172.21.15.82:3300/0,v1:172.21.15.82:6789/0] conn(0x7f922c078d00 0x7f922c077210 unknown :-1 s=NONE pgs=0 cs=0 l=0 rev1=0 crypto rx=0 tx=0 comp rx=0 tx=0).connect
2024-04-27T07:24:17.236 INFO:teuthology.orchestra.run.smithi082.stdout:/usr/bin/ceph: stderr
2024-04-27T07:24:15.632+0000 7f9233a88700 1 -- --> [v2:172.21.15.82:3300/0,v1:172.21.15.82:6789/0] -- mon_getmap magic: 0 v1 -- 0x7f922c079110 con 0x7f922c078d00
2024-04-27T07:24:17.236 INFO:teuthology.orchestra.run.smithi082.stdout:/usr/bin/ceph: stderr
2024-04-27T07:24:15.633+0000 7f9231824700 1 --2- >> [v2:172.21.15.82:3300/0,v1:172.21.15.82:6789/0] conn(0x7f922c078d00 0x7f922c077210 unknown :-1 s=BANNER_CONNECTING pgs=0 cs=0 l=0 rev1=0 crypto rx=0 tx=0 comp rx=0 tx=0)._handle_peer_banner_payload supported=3 required=0
2024-04-27T07:24:17.236 INFO:teuthology.orchestra.run.smithi082.stdout:/usr/bin/ceph: stderr
2024-04-27T07:24:15.633+0000 7f9231824700 1 --2- >> [v2:172.21.15.82:3300/0,v1:172.21.15.82:6789/0] conn(0x7f922c078d00 0x7f922c077210 unknown :-1 s=HELLO_CONNECTING pgs=0 cs=0 l=0 rev1=1 crypto rx=0 tx=0 comp rx=0 tx=0).handle_hello peer v2:172.21.15.82:3300/0 says I am v2:172.21.15.82:35484/0 (socket says 172.21.15.82:35484)
2024-04-27T07:24:17.236 INFO:teuthology.orchestra.run.smithi082.stdout:/usr/bin/ceph: stderr
2024-04-27T07:24:15.633+0000 7f9231824700 1 -- 172.21.15.82:0/2100220364 learned_addr learned my addr 172.21.15.82:0/2100220364 (peer_addr_for_me v2:172.21.15.82:0/0)
2024-04-27T07:24:17.237 INFO:teuthology.orchestra.run.smithi082.stdout:/usr/bin/ceph: stderr
2024-04-27T07:24:15.633+0000 7f9231824700 1 -- 172.21.15.82:0/2100220364 --> [v2:172.21.15.82:3300/0,v1:172.21.15.82:6789/0] -- mon_subscribe({config=0+,monmap=0+}) v3 -- 0x7f922c077750 con 0x7f922c078d00
2024-04-27T07:24:17.237 INFO:teuthology.orchestra.run.smithi082.stdout:/usr/bin/ceph: stderr
2024-04-27T07:24:15.633+0000 7f9231824700 1 --2- 172.21.15.82:0/2100220364 >> [v2:172.21.15.82:3300/0,v1:172.21.15.82:6789/0] conn(0x7f922c078d00 0x7f922c077210 secure :-1 s=READY pgs=49 cs=0 l=1 rev1=1 crypto rx=0x7f92280098e0 tx=0x7f9228009250 comp rx=0 tx=0).ready entity=mon.0 client_cookie=53960f64f3427e88 server_cookie=0 in_seq=0 out_seq=0
2024-04-27T07:24:17.237 INFO:teuthology.orchestra.run.smithi082.stdout:/usr/bin/ceph: stderr
2024-04-27T07:24:15.633+0000 7f9230822700 1 -- 172.21.15.82:0/2100220364 <== mon.0 v2:172.21.15.82:3300/0 1 ==== mon_map magic: 0 v1 ==== 229+0+0 (secure 0 0 0) 0x7f922800b860 con 0x7f922c078d00
2024-04-27T07:24:17.237 INFO:teuthology.orchestra.run.smithi082.stdout:/usr/bin/ceph: stderr
2024-04-27T07:24:15.633+0000 7f9230822700 1 -- 172.21.15.82:0/2100220364 <== mon.0 v2:172.21.15.82:3300/0 2 ==== config(27 keys) v1 ==== 1044+0+0 (secure 0 0 0) 0x7f922800be50 con 0x7f922c078d00
2024-04-27T07:24:17.237 INFO:teuthology.orchestra.run.smithi082.stdout:/usr/bin/ceph: stderr
2024-04-27T07:24:15.633+0000 7f9230822700 1 -- 172.21.15.82:0/2100220364 <== mon.0 v2:172.21.15.82:3300/0 3 ==== mon_map magic: 0 v1 ==== 229+0+0 (secure 0 0 0) 0x7f9228010380 con 0x7f922c078d00
2024-04-27T07:24:17.237 INFO:teuthology.orchestra.run.smithi082.stdout:/usr/bin/ceph: stderr
2024-04-27T07:24:15.634+0000 7f9233a88700 1 -- 172.21.15.82:0/2100220364 >> [v2:172.21.15.82:3300/0,v1:172.21.15.82:6789/0] conn(0x7f922c078d00 msgr2=0x7f922c077210 secure :-1 s=STATE_CONNECTION_ESTABLISHED l=1).mark_down
2024-04-27T07:24:17.237 INFO:teuthology.orchestra.run.smithi082.stdout:/usr/bin/ceph: stderr
2024-04-27T07:24:15.634+0000 7f9233a88700 1 --2- 172.21.15.82:0/2100220364 >> [v2:172.21.15.82:3300/0,v1:172.21.15.82:6789/0] conn(0x7f922c078d00 0x7f922c077210 secure :-1 s=READY pgs=49 cs=0 l=1 rev1=1 crypto rx=0x7f92280098e0 tx=0x7f9228009250 comp rx=0 tx=0).stop
2024-04-27T07:24:17.237 INFO:teuthology.orchestra.run.smithi082.stdout:/usr/bin/ceph: stderr
2024-04-27T07:24:15.634+0000 7f9233a88700 1 -- 172.21.15.82:0/2100220364 shutdown_connections
2024-04-27T07:24:17.237 INFO:teuthology.orchestra.run.smithi082.stdout:/usr/bin/ceph: stderr
2024-04-27T07:24:15.634+0000 7f9233a88700 1 --2- 172.21.15.82:0/2100220364 >> [v2:172.21.15.82:3300/0,v1:172.21.15.82:6789/0] conn(0x7f922c078d00 0x7f922c077210 unknown :-1 s=CLOSED pgs=49 cs=0 l=1 rev1=1 crypto rx=0 tx=0 comp rx=0 tx=0).stop
2024-04-27T07:24:17.237 INFO:teuthology.orchestra.run.smithi082.stdout:/usr/bin/ceph: stderr
2024-04-27T07:24:15.634+0000 7f9233a88700 1 -- 172.21.15.82:0/2100220364 >> 172.21.15.82:0/2100220364 conn(0x7f922c0fdfd0 msgr2=0x7f922c1003e0 unknown :-1 s=STATE_NONE l=0).mark_down
2024-04-27T07:24:17.237 INFO:teuthology.orchestra.run.smithi082.stdout:/usr/bin/ceph: stderr
2024-04-27T07:24:15.634+0000 7f9233a88700 1 -- 172.21.15.82:0/2100220364 shutdown_connections
2024-04-27T07:24:17.237 INFO:teuthology.orchestra.run.smithi082.stdout:/usr/bin/ceph: stderr
2024-04-27T07:24:15.634+0000 7f9233a88700 1 -- 172.21.15.82:0/2100220364 wait complete.
2024-04-27T07:24:17.237 INFO:teuthology.orchestra.run.smithi082.stdout:/usr/bin/ceph: stderr
2024-04-27T07:24:15.634+0000 7f9233a88700 1 Processor -- start
2024-04-27T07:24:17.237 INFO:teuthology.orchestra.run.smithi082.stdout:/usr/bin/ceph: stderr
2024-04-27T07:24:15.634+0000 7f9233a88700 1 -- start start
2024-04-27T07:24:17.237 INFO:teuthology.orchestra.run.smithi082.stdout:/usr/bin/ceph: stderr
2024-04-27T07:24:15.635+0000 7f9233a88700 1 --2- >> [v2:172.21.15.82:3300/0,v1:172.21.15.82:6789/0] conn(0x7f922c078d00 0x7f922c1138c0 unknown :-1 s=NONE pgs=0 cs=0 l=1 rev1=0 crypto rx=0 tx=0 comp rx=0 tx=0).connect
2024-04-27T07:24:17.238 INFO:teuthology.orchestra.run.smithi082.stdout:/usr/bin/ceph: stderr
2024-04-27T07:24:15.635+0000 7f9233a88700 1 -- --> [v2:172.21.15.82:3300/0,v1:172.21.15.82:6789/0] -- mon_getmap magic: 0 v1 -- 0x7f922c113e00 con 0x7f922c078d00
2024-04-27T07:24:17.238 INFO:teuthology.orchestra.run.smithi082.stdout:/usr/bin/ceph: stderr
2024-04-27T07:24:15.635+0000 7f9231824700 1 --2- >> [v2:172.21.15.82:3300/0,v1:172.21.15.82:6789/0] conn(0x7f922c078d00 0x7f922c1138c0 unknown :-1 s=BANNER_CONNECTING pgs=0 cs=0 l=1 rev1=0 crypto rx=0 tx=0 comp rx=0 tx=0)._handle_peer_banner_payload supported=3 required=0
2024-04-27T07:24:17.238 INFO:teuthology.orchestra.run.smithi082.stdout:/usr/bin/ceph: stderr
2024-04-27T07:24:15.635+0000 7f9231824700 1 --2- >> [v2:172.21.15.82:3300/0,v1:172.21.15.82:6789/0] conn(0x7f922c078d00 0x7f922c1138c0 unknown :-1 s=HELLO_CONNECTING pgs=0 cs=0 l=1 rev1=1 crypto rx=0 tx=0 comp rx=0 tx=0).handle_hello peer v2:172.21.15.82:3300/0 says I am v2:172.21.15.82:35500/0 (socket says 172.21.15.82:35500)
2024-04-27T07:24:17.238 INFO:teuthology.orchestra.run.smithi082.stdout:/usr/bin/ceph: stderr
2024-04-27T07:24:15.635+0000 7f9231824700 1 -- 172.21.15.82:0/2716001485 learned_addr learned my addr 172.21.15.82:0/2716001485 (peer_addr_for_me v2:172.21.15.82:0/0)
2024-04-27T07:24:17.238 INFO:teuthology.orchestra.run.smithi082.stdout:/usr/bin/ceph: stderr
2024-04-27T07:24:15.635+0000 7f9231824700 1 -- 172.21.15.82:0/2716001485 --> [v2:172.21.15.82:3300/0,v1:172.21.15.82:6789/0] -- mon_subscribe({config=0+,monmap=0+}) v3 -- 0x7f92280094f0 con 0x7f922c078d00
2024-04-27T07:24:17.238 INFO:teuthology.orchestra.run.smithi082.stdout:/usr/bin/ceph: stderr
2024-04-27T07:24:15.635+0000 7f9231824700 1 --2- 172.21.15.82:0/2716001485 >> [v2:172.21.15.82:3300/0,v1:172.21.15.82:6789/0] conn(0x7f922c078d00 0x7f922c1138c0 secure :-1 s=READY pgs=50 cs=0 l=1 rev1=1 crypto rx=0x7f9228006fd0 tx=0x7f9228009250 comp rx=0 tx=0).ready entity=mon.0 client_cookie=0 server_cookie=0 in_seq=0 out_seq=0
2024-04-27T07:24:17.238 INFO:teuthology.orchestra.run.smithi082.stdout:/usr/bin/ceph: stderr
2024-04-27T07:24:15.635+0000 7f92227fc700 1 -- 172.21.15.82:0/2716001485 <== mon.0 v2:172.21.15.82:3300/0 1 ==== mon_map magic: 0 v1 ==== 229+0+0 (secure 0 0 0) 0x7f9228010760 con 0x7f922c078d00
2024-04-27T07:24:17.238 INFO:teuthology.orchestra.run.smithi082.stdout:/usr/bin/ceph: stderr
2024-04-27T07:24:15.635+0000 7f92227fc700 1 -- 172.21.15.82:0/2716001485 <== mon.0 v2:172.21.15.82:3300/0 2 ==== config(27 keys) v1 ==== 1044+0+0 (secure 0 0 0) 0x7f9228010d50 con 0x7f922c078d00
2024-04-27T07:24:17.238 INFO:teuthology.orchestra.run.smithi082.stdout:/usr/bin/ceph: stderr
2024-04-27T07:24:15.635+0000 7f9233a88700 1 -- 172.21.15.82:0/2716001485 --> [v2:172.21.15.82:3300/0,v1:172.21.15.82:6789/0] -- mon_subscribe({mgrmap=0+}) v3 -- 0x7f922c114000 con 0x7f922c078d00
2024-04-27T07:24:17.238 INFO:teuthology.orchestra.run.smithi082.stdout:/usr/bin/ceph: stderr
2024-04-27T07:24:15.635+0000 7f92227fc700 1 -- 172.21.15.82:0/2716001485 <== mon.0 v2:172.21.15.82:3300/0 3 ==== mon_map magic: 0 v1 ==== 229+0+0 (secure 0 0 0) 0x7f922801adc0 con 0x7f922c078d00
2024-04-27T07:24:17.238 INFO:teuthology.orchestra.run.smithi082.stdout:/usr/bin/ceph: stderr
2024-04-27T07:24:15.635+0000 7f9233a88700 1 -- 172.21.15.82:0/2716001485 --> [v2:172.21.15.82:3300/0,v1:172.21.15.82:6789/0] -- mon_subscribe({osdmap=0}) v3 -- 0x7f922c114b70 con 0x7f922c078d00
2024-04-27T07:24:17.238 INFO:teuthology.orchestra.run.smithi082.stdout:/usr/bin/ceph: stderr
2024-04-27T07:24:15.636+0000 7f92227fc700 1 -- 172.21.15.82:0/2716001485 <== mon.0 v2:172.21.15.82:3300/0 4 ==== mgrmap(e 8) v1 ==== 43376+0+0 (secure 0 0 0) 0x7f92280108c0 con 0x7f922c078d00
2024-04-27T07:24:17.238 INFO:teuthology.orchestra.run.smithi082.stdout:/usr/bin/ceph: stderr
2024-04-27T07:24:15.636+0000 7f92227fc700 1 --2- 172.21.15.82:0/2716001485 >> [v2:172.21.15.82:6800/3417466421,v1:172.21.15.82:6801/3417466421] conn(0x7f9218036850 0x7f9218038d00 unknown :-1 s=NONE pgs=0 cs=0 l=1 rev1=0 crypto rx=0 tx=0 comp rx=0 tx=0).connect
2024-04-27T07:24:17.238 INFO:teuthology.orchestra.run.smithi082.stdout:/usr/bin/ceph: stderr
2024-04-27T07:24:15.636+0000 7f9233a88700 1 -- 172.21.15.82:0/2716001485 --> [v2:172.21.15.82:3300/0,v1:172.21.15.82:6789/0] -- mon_command({"prefix": "get_command_descriptions"} v 0) v1 -- 0x7f922c05f5c0 con 0x7f922c078d00
2024-04-27T07:24:17.239 INFO:teuthology.orchestra.run.smithi082.stdout:/usr/bin/ceph: stderr
2024-04-27T07:24:15.636+0000 7f92227fc700 1 -- 172.21.15.82:0/2716001485 <== mon.0 v2:172.21.15.82:3300/0 5 ==== osd_map(2..2 src has 1..2) v4 ==== 936+0+0 (secure 0 0 0) 0x7f9228049eb0 con 0x7f922c078d00
2024-04-27T07:24:17.239 INFO:teuthology.orchestra.run.smithi082.stdout:/usr/bin/ceph: stderr
2024-04-27T07:24:15.636+0000 7f9231023700 1 --2- 172.21.15.82:0/2716001485 >> [v2:172.21.15.82:6800/3417466421,v1:172.21.15.82:6801/3417466421] conn(0x7f9218036850 0x7f9218038d00 unknown :-1 s=BANNER_CONNECTING pgs=0 cs=0 l=1 rev1=0 crypto rx=0 tx=0 comp rx=0 tx=0)._handle_peer_banner_payload supported=3 required=0
2024-04-27T07:24:17.239 INFO:teuthology.orchestra.run.smithi082.stdout:/usr/bin/ceph: stderr
2024-04-27T07:24:15.637+0000 7f9231023700 1 --2- 172.21.15.82:0/2716001485 >> [v2:172.21.15.82:6800/3417466421,v1:172.21.15.82:6801/3417466421] conn(0x7f9218036850 0x7f9218038d00 secure :-1 s=READY pgs=13 cs=0 l=1 rev1=1 crypto rx=0x7f921c009990 tx=0x7f921c006e40 comp rx=0 tx=0).ready entity=mgr.14120 client_cookie=0 server_cookie=0 in_seq=0 out_seq=0
2024-04-27T07:24:17.239 INFO:teuthology.orchestra.run.smithi082.stdout:/usr/bin/ceph: stderr
2024-04-27T07:24:15.641+0000 7f92227fc700 1 -- 172.21.15.82:0/2716001485 <== mon.0 v2:172.21.15.82:3300/0 6 ==== mon_command_ack([{"prefix": "get_command_descriptions"}]=0 v0) v1 ==== 72+0+176702 (secure 0 0 0) 0x7f9228022950 con 0x7f922c078d00
2024-04-27T07:24:17.239 INFO:teuthology.orchestra.run.smithi082.stdout:/usr/bin/ceph: stderr
2024-04-27T07:24:15.850+0000 7f9233a88700 1 -- 172.21.15.82:0/2716001485 --> [v2:172.21.15.82:6800/3417466421,v1:172.21.15.82:6801/3417466421] -- mgr_command(tid 0: {"prefix": "orch apply", "service_type": "mgr", "target": ["mon-mgr", ""]}) v1 -- 0x7f922c0ff260 con 0x7f9218036850
2024-04-27T07:24:17.239 INFO:teuthology.orchestra.run.smithi082.stdout:/usr/bin/ceph: stderr
