2024-04-27T07:24:38.446+0000 7faf426b4700 1 --2- 172.21.15.82:0/2284526680 >> [v2:172.21.15.82:3300/0,v1:172.21.15.82:6789/0] conn(0x7faf3c078cc0 0x7faf3c077270 secure :-1 s=READY pgs=82 cs=0 l=1 rev1=1 crypto rx=0x7faf2c0098e0 tx=0x7faf2c009250 comp rx=0 tx=0).stop
2024-04-27T07:24:40.268 INFO:teuthology.orchestra.run.smithi082.stdout:/usr/bin/ceph: stderr
2024-04-27T07:24:38.446+0000 7faf426b4700 1 -- 172.21.15.82:0/2284526680 shutdown_connections
2024-04-27T07:24:40.268 INFO:teuthology.orchestra.run.smithi082.stdout:/usr/bin/ceph: stderr
2024-04-27T07:24:38.446+0000 7faf426b4700 1 --2- 172.21.15.82:0/2284526680 >> [v2:172.21.15.82:3300/0,v1:172.21.15.82:6789/0] conn(0x7faf3c078cc0 0x7faf3c077270 unknown :-1 s=CLOSED pgs=82 cs=0 l=1 rev1=1 crypto rx=0 tx=0 comp rx=0 tx=0).stop
2024-04-27T07:24:40.268 INFO:teuthology.orchestra.run.smithi082.stdout:/usr/bin/ceph: stderr
2024-04-27T07:24:38.446+0000 7faf426b4700 1 -- 172.21.15.82:0/2284526680 >> 172.21.15.82:0/2284526680 conn(0x7faf3c0fe060 msgr2=0x7faf3c100470 unknown :-1 s=STATE_NONE l=0).mark_down
2024-04-27T07:24:40.268 INFO:teuthology.orchestra.run.smithi082.stdout:/usr/bin/ceph: stderr
2024-04-27T07:24:38.446+0000 7faf426b4700 1 -- 172.21.15.82:0/2284526680 shutdown_connections
2024-04-27T07:24:40.268 INFO:teuthology.orchestra.run.smithi082.stdout:/usr/bin/ceph: stderr
2024-04-27T07:24:38.446+0000 7faf426b4700 1 -- 172.21.15.82:0/2284526680 wait complete.
2024-04-27T07:24:40.268 INFO:teuthology.orchestra.run.smithi082.stdout:/usr/bin/ceph: stderr
2024-04-27T07:24:38.446+0000 7faf426b4700 1 Processor -- start
2024-04-27T07:24:40.268 INFO:teuthology.orchestra.run.smithi082.stdout:/usr/bin/ceph: stderr
2024-04-27T07:24:38.446+0000 7faf426b4700 1 -- start start
2024-04-27T07:24:40.268 INFO:teuthology.orchestra.run.smithi082.stdout:/usr/bin/ceph: stderr
2024-04-27T07:24:38.447+0000 7faf426b4700 1 --2- >> [v2:172.21.15.82:3300/0,v1:172.21.15.82:6789/0] conn(0x7faf3c078cc0 0x7faf3c113840 unknown :-1 s=NONE pgs=0 cs=0 l=1 rev1=0 crypto rx=0 tx=0 comp rx=0 tx=0).connect
2024-04-27T07:24:40.268 INFO:teuthology.orchestra.run.smithi082.stdout:/usr/bin/ceph: stderr
2024-04-27T07:24:38.447+0000 7faf426b4700 1 -- --> [v2:172.21.15.82:3300/0,v1:172.21.15.82:6789/0] -- mon_getmap magic: 0 v1 -- 0x7faf3c113d80 con 0x7faf3c078cc0
2024-04-27T07:24:40.268 INFO:teuthology.orchestra.run.smithi082.stdout:/usr/bin/ceph: stderr
2024-04-27T07:24:38.447+0000 7faf3bfff700 1 --2- >> [v2:172.21.15.82:3300/0,v1:172.21.15.82:6789/0] conn(0x7faf3c078cc0 0x7faf3c113840 unknown :-1 s=BANNER_CONNECTING pgs=0 cs=0 l=1 rev1=0 crypto rx=0 tx=0 comp rx=0 tx=0)._handle_peer_banner_payload supported=3 required=0
2024-04-27T07:24:40.268 INFO:teuthology.orchestra.run.smithi082.stdout:/usr/bin/ceph: stderr
2024-04-27T07:24:38.447+0000 7faf3bfff700 1 --2- >> [v2:172.21.15.82:3300/0,v1:172.21.15.82:6789/0] conn(0x7faf3c078cc0 0x7faf3c113840 unknown :-1 s=HELLO_CONNECTING pgs=0 cs=0 l=1 rev1=1 crypto rx=0 tx=0 comp rx=0 tx=0).handle_hello peer v2:172.21.15.82:3300/0 says I am v2:172.21.15.82:51270/0 (socket says 172.21.15.82:51270)
2024-04-27T07:24:40.268 INFO:teuthology.orchestra.run.smithi082.stdout:/usr/bin/ceph: stderr
2024-04-27T07:24:38.447+0000 7faf3bfff700 1 -- 172.21.15.82:0/3325370597 learned_addr learned my addr 172.21.15.82:0/3325370597 (peer_addr_for_me v2:172.21.15.82:0/0)
2024-04-27T07:24:40.268 INFO:teuthology.orchestra.run.smithi082.stdout:/usr/bin/ceph: stderr
2024-04-27T07:24:38.447+0000 7faf3bfff700 1 -- 172.21.15.82:0/3325370597 --> [v2:172.21.15.82:3300/0,v1:172.21.15.82:6789/0] -- mon_subscribe({config=0+,monmap=0+}) v3 -- 0x7faf2c0094f0 con 0x7faf3c078cc0
2024-04-27T07:24:40.269 INFO:teuthology.orchestra.run.smithi082.stdout:/usr/bin/ceph: stderr
2024-04-27T07:24:38.447+0000 7faf3bfff700 1 --2- 172.21.15.82:0/3325370597 >> [v2:172.21.15.82:3300/0,v1:172.21.15.82:6789/0] conn(0x7faf3c078cc0 0x7faf3c113840 secure :-1 s=READY pgs=83 cs=0 l=1 rev1=1 crypto rx=0x7faf2c006d40 tx=0x7faf2c009250 comp rx=0 tx=0).ready entity=mon.0 client_cookie=0 server_cookie=0 in_seq=0 out_seq=0
2024-04-27T07:24:40.269 INFO:teuthology.orchestra.run.smithi082.stdout:/usr/bin/ceph: stderr
2024-04-27T07:24:38.447+0000 7faf38ff9700 1 -- 172.21.15.82:0/3325370597 <== mon.0 v2:172.21.15.82:3300/0 1 ==== mon_map magic: 0 v1 ==== 229+0+0 (secure 0 0 0) 0x7faf2c010840 con 0x7faf3c078cc0
2024-04-27T07:24:40.269 INFO:teuthology.orchestra.run.smithi082.stdout:/usr/bin/ceph: stderr
2024-04-27T07:24:38.447+0000 7faf426b4700 1 -- 172.21.15.82:0/3325370597 --> [v2:172.21.15.82:3300/0,v1:172.21.15.82:6789/0] -- mon_subscribe({mgrmap=0+}) v3 -- 0x7faf3c113f80 con 0x7faf3c078cc0
2024-04-27T07:24:40.269 INFO:teuthology.orchestra.run.smithi082.stdout:/usr/bin/ceph: stderr
2024-04-27T07:24:38.447+0000 7faf38ff9700 1 -- 172.21.15.82:0/3325370597 <== mon.0 v2:172.21.15.82:3300/0 2 ==== config(27 keys) v1 ==== 1109+0+0 (secure 0 0 0) 0x7faf2c010e70 con 0x7faf3c078cc0
2024-04-27T07:24:40.269 INFO:teuthology.orchestra.run.smithi082.stdout:/usr/bin/ceph: stderr
2024-04-27T07:24:38.447+0000 7faf38ff9700 1 -- 172.21.15.82:0/3325370597 <== mon.0 v2:172.21.15.82:3300/0 3 ==== mon_map magic: 0 v1 ==== 229+0+0 (secure 0 0 0) 0x7faf2c024ea0 con 0x7faf3c078cc0
2024-04-27T07:24:40.269 INFO:teuthology.orchestra.run.smithi082.stdout:/usr/bin/ceph: stderr
2024-04-27T07:24:38.447+0000 7faf426b4700 1 -- 172.21.15.82:0/3325370597 --> [v2:172.21.15.82:3300/0,v1:172.21.15.82:6789/0] -- mon_subscribe({osdmap=0}) v3 -- 0x7faf3c114af0 con 0x7faf3c078cc0
2024-04-27T07:24:40.269 INFO:teuthology.orchestra.run.smithi082.stdout:/usr/bin/ceph: stderr
2024-04-27T07:24:38.448+0000 7faf38ff9700 1 -- 172.21.15.82:0/3325370597 <== mon.0 v2:172.21.15.82:3300/0 4 ==== mgrmap(e 12) v1 ==== 43389+0+0 (secure 0 0 0) 0x7faf2c01a510 con 0x7faf3c078cc0
2024-04-27T07:24:40.269 INFO:teuthology.orchestra.run.smithi082.stdout:/usr/bin/ceph: stderr
2024-04-27T07:24:38.448+0000 7faf38ff9700 1 --2- 172.21.15.82:0/3325370597 >> [v2:172.21.15.82:6800/1415088792,v1:172.21.15.82:6801/1415088792] conn(0x7faf24036850 0x7faf24038d00 unknown :-1 s=NONE pgs=0 cs=0 l=1 rev1=0 crypto rx=0 tx=0 comp rx=0 tx=0).connect
2024-04-27T07:24:40.269 INFO:teuthology.orchestra.run.smithi082.stdout:/usr/bin/ceph: stderr
2024-04-27T07:24:38.448+0000 7faf38ff9700 1 -- 172.21.15.82:0/3325370597 <== mon.0 v2:172.21.15.82:3300/0 5 ==== osd_map(3..3 src has 1..3) v4 ==== 1151+0+0 (secure 0 0 0) 0x7faf2c04a820 con 0x7faf3c078cc0
2024-04-27T07:24:40.269 INFO:teuthology.orchestra.run.smithi082.stdout:/usr/bin/ceph: stderr
2024-04-27T07:24:38.448+0000 7faf3b7fe700 1 --2- 172.21.15.82:0/3325370597 >> [v2:172.21.15.82:6800/1415088792,v1:172.21.15.82:6801/1415088792] conn(0x7faf24036850 0x7faf24038d00 unknown :-1 s=BANNER_CONNECTING pgs=0 cs=0 l=1 rev1=0 crypto rx=0 tx=0 comp rx=0 tx=0)._handle_peer_banner_payload supported=3 required=0
2024-04-27T07:24:40.269 INFO:teuthology.orchestra.run.smithi082.stdout:/usr/bin/ceph: stderr
2024-04-27T07:24:38.449+0000 7faf426b4700 1 -- 172.21.15.82:0/3325370597 --> [v2:172.21.15.82:3300/0,v1:172.21.15.82:6789/0] -- mon_command({"prefix": "get_command_descriptions"} v 0) v1 -- 0x7faf3c05f5c0 con 0x7faf3c078cc0
2024-04-27T07:24:40.269 INFO:teuthology.orchestra.run.smithi082.stdout:/usr/bin/ceph: stderr
2024-04-27T07:24:38.449+0000 7faf3b7fe700 1 --2- 172.21.15.82:0/3325370597 >> [v2:172.21.15.82:6800/1415088792,v1:172.21.15.82:6801/1415088792] conn(0x7faf24036850 0x7faf24038d00 secure :-1 s=READY pgs=8 cs=0 l=1 rev1=1 crypto rx=0x7faf30009990 tx=0x7faf30006e40 comp rx=0 tx=0).ready entity=mgr.14162 client_cookie=0 server_cookie=0 in_seq=0 out_seq=0
2024-04-27T07:24:40.269 INFO:teuthology.orchestra.run.smithi082.stdout:/usr/bin/ceph: stderr
2024-04-27T07:24:38.453+0000 7faf38ff9700 1 -- 172.21.15.82:0/3325370597 <== mon.0 v2:172.21.15.82:3300/0 6 ==== mon_command_ack([{"prefix": "get_command_descriptions"}]=0 v0) v1 ==== 72+0+176702 (secure 0 0 0) 0x7faf2c018940 con 0x7faf3c078cc0
2024-04-27T07:24:40.270 INFO:teuthology.orchestra.run.smithi082.stdout:/usr/bin/ceph: stderr
2024-04-27T07:24:38.671+0000 7faf426b4700 1 -- 172.21.15.82:0/3325370597 --> [v2:172.21.15.82:6800/1415088792,v1:172.21.15.82:6801/1415088792] -- mgr_command(tid 0: {"prefix": "dashboard ac-user-create", "username": "admin", "rolename": "administrator", "force_password": true, "pwd_update_required": true, "target": ["mon-mgr", ""]}) v1 -- 0x7faf3c04bed0 con 0x7faf24036850
2024-04-27T07:24:40.270 INFO:teuthology.orchestra.run.smithi082.stdout:/usr/bin/ceph: stderr
2024-04-27T07:24:38.895+0000 7faf38ff9700 1 -- 172.21.15.82:0/3325370597 <== mgr.14162 v2:172.21.15.82:6800/1415088792 1 ==== mgr_command_reply(tid 0: 0 ) v1 ==== 8+0+252 (secure 0 0 0) 0x7faf3c04bed0 con 0x7faf24036850
2024-04-27T07:24:40.270 INFO:teuthology.orchestra.run.smithi082.stdout:/usr/bin/ceph: stderr
2024-04-27T07:24:38.897+0000 7faf426b4700 1 -- 172.21.15.82:0/3325370597 >> [v2:172.21.15.82:6800/1415088792,v1:172.21.15.82:6801/1415088792] conn(0x7faf24036850 msgr2=0x7faf24038d00 secure :-1 s=STATE_CONNECTION_ESTABLISHED l=1).mark_down
2024-04-27T07:24:40.270 INFO:teuthology.orchestra.run.smithi082.stdout:/usr/bin/ceph: stderr
2024-04-27T07:24:38.897+0000 7faf426b4700 1 --2- 172.21.15.82:0/3325370597 >> [v2:172.21.15.82:6800/1415088792,v1:172.21.15.82:6801/1415088792] conn(0x7faf24036850 0x7faf24038d00 secure :-1 s=READY pgs=8 cs=0 l=1 rev1=1 crypto rx=0x7faf30009990 tx=0x7faf30006e40 comp rx=0 tx=0).stop
2024-04-27T07:24:40.270 INFO:teuthology.orchestra.run.smithi082.stdout:/usr/bin/ceph: stderr
2024-04-27T07:24:38.897+0000 7faf426b4700 1 -- 172.21.15.82:0/3325370597 >> [v2:172.21.15.82:3300/0,v1:172.21.15.82:6789/0] conn(0x7faf3c078cc0 msgr2=0x7faf3c113840 secure :-1 s=STATE_CONNECTION_ESTABLISHED l=1).mark_down
2024-04-27T07:24:40.270 INFO:teuthology.orchestra.run.smithi082.stdout:/usr/bin/ceph: stderr
2024-04-27T07:24:38.897+0000 7faf426b4700 1 --2- 172.21.15.82:0/3325370597 >> [v2:172.21.15.82:3300/0,v1:172.21.15.82:6789/0] conn(0x7faf3c078cc0 0x7faf3c113840 secure :-1 s=READY pgs=83 cs=0 l=1 rev1=1 crypto rx=0x7faf2c006d40 tx=0x7faf2c009250 comp rx=0 tx=0).stop
2024-04-27T07:24:40.270 INFO:teuthology.orchestra.run.smithi082.stdout:/usr/bin/ceph: stderr
2024-04-27T07:24:38.897+0000 7faf426b4700 1 -- 172.21.15.82:0/3325370597 shutdown_connections
2024-04-27T07:24:40.270 INFO:teuthology.orchestra.run.smithi082.stdout:/usr/bin/ceph: stderr
2024-04-27T07:24:38.897+0000 7faf426b4700 1 --2- 172.21.15.82:0/3325370597 >> [v2:172.21.15.82:6800/1415088792,v1:172.21.15.82:6801/1415088792] conn(0x7faf24036850 0x7faf24038d00 unknown :-1 s=CLOSED pgs=8 cs=0 l=1 rev1=1 crypto rx=0 tx=0 comp rx=0 tx=0).stop
2024-04-27T07:24:40.270 INFO:teuthology.orchestra.run.smithi082.stdout:/usr/bin/ceph: stderr
2024-04-27T07:24:38.897+0000 7faf426b4700 1 --2- 172.21.15.82:0/3325370597 >> [v2:172.21.15.82:3300/0,v1:172.21.15.82:6789/0] conn(0x7faf3c078cc0 0x7faf3c113840 unknown :-1 s=CLOSED pgs=83 cs=0 l=1 rev1=1 crypto rx=0 tx=0 comp rx=0 tx=0).stop
2024-04-27T07:24:40.270 INFO:teuthology.orchestra.run.smithi082.stdout:/usr/bin/ceph: stderr
2024-04-27T07:24:38.897+0000 7faf426b4700 1 -- 172.21.15.82:0/3325370597 >> 172.21.15.82:0/3325370597 conn(0x7faf3c0fe060 msgr2=0x7faf3c0feb60 unknown :-1 s=STATE_NONE l=0).mark_down
2024-04-27T07:24:40.270 INFO:teuthology.orchestra.run.smithi082.stdout:/usr/bin/ceph: stderr
2024-04-27T07:24:38.898+0000 7faf426b4700 1 -- 172.21.15.82:0/3325370597 shutdown_connections
2024-04-27T07:24:40.270 INFO:teuthology.orchestra.run.smithi082.stdout:/usr/bin/ceph: stderr
2024-04-27T07:24:38.898+0000 7faf426b4700 1 -- 172.21.15.82:0/3325370597 wait complete.
2024-04-27T07:24:40.270 INFO:teuthology.orchestra.run.smithi082.stdout:Fetching dashboard port number...
2024-04-27T07:24:41.205 INFO:journalctl@ceph.mon.smithi082.smithi082.stdout:Apr 27 07:24:40 smithi082 ceph-mon[26613]: from='client.? 172.21.15.82:0/42749182' entity='client.admin' cmd=[{"prefix": "config get", "who": "mgr", "key": "mgr/dashboard/ssl_server_port"}]: dispatch
2024-04-27T07:24:41.480 INFO:teuthology.orchestra.run.smithi082.stdout:/usr/bin/ceph: stdout 8443
2024-04-27T07:24:41.480 INFO:teuthology.orchestra.run.smithi082.stdout:/usr/bin/ceph: stderr
2024-04-27T07:24:40.721+0000 7efe242a1700 1 Processor -- start
2024-04-27T07:24:41.480 INFO:teuthology.orchestra.run.smithi082.stdout:/usr/bin/ceph: stderr
2024-04-27T07:24:40.721+0000 7efe242a1700 1 -- start start
2024-04-27T07:24:41.480 INFO:teuthology.orchestra.run.smithi082.stdout:/usr/bin/ceph: stderr
2024-04-27T07:24:40.722+0000 7efe242a1700 1 --2- >> [v2:172.21.15.82:3300/0,v1:172.21.15.82:6789/0] conn(0x7efe1c0712b0 0x7efe1c105470 unknown :-1 s=NONE pgs=0 cs=0 l=0 rev1=0 crypto rx=0 tx=0 comp rx=0 tx=0).connect
2024-04-27T07:24:41.480 INFO:teuthology.orchestra.run.smithi082.stdout:/usr/bin/ceph: stderr
2024-04-27T07:24:40.722+0000 7efe242a1700 1 -- --> [v2:172.21.15.82:3300/0,v1:172.21.15.82:6789/0] -- mon_getmap magic: 0 v1 -- 0x7efe1c1059b0 con 0x7efe1c0712b0
2024-04-27T07:24:41.480 INFO:teuthology.orchestra.run.smithi082.stdout:/usr/bin/ceph: stderr
2024-04-27T07:24:40.722+0000 7efe2203d700 1 --2- >> [v2:172.21.15.82:3300/0,v1:172.21.15.82:6789/0] conn(0x7efe1c0712b0 0x7efe1c105470 unknown :-1 s=BANNER_CONNECTING pgs=0 cs=0 l=0 rev1=0 crypto rx=0 tx=0 comp rx=0 tx=0)._handle_peer_banner_payload supported=3 required=0
2024-04-27T07:24:41.480 INFO:teuthology.orchestra.run.smithi082.stdout:/usr/bin/ceph: stderr
2024-04-27T07:24:40.722+0000 7efe2203d700 1 --2- >> [v2:172.21.15.82:3300/0,v1:172.21.15.82:6789/0] conn(0x7efe1c0712b0 0x7efe1c105470 unknown :-1 s=HELLO_CONNECTING pgs=0 cs=0 l=0 rev1=1 crypto rx=0 tx=0 comp rx=0 tx=0).handle_hello peer v2:172.21.15.82:3300/0 says I am v2:172.21.15.82:51284/0 (socket says 172.21.15.82:51284)
2024-04-27T07:24:41.480 INFO:teuthology.orchestra.run.smithi082.stdout:/usr/bin/ceph: stderr
2024-04-27T07:24:40.722+0000 7efe2203d700 1 -- 172.21.15.82:0/3471847808 learned_addr learned my addr 172.21.15.82:0/3471847808 (peer_addr_for_me v2:172.21.15.82:0/0)
2024-04-27T07:24:41.481 INFO:teuthology.orchestra.run.smithi082.stdout:/usr/bin/ceph: stderr
2024-04-27T07:24:40.722+0000 7efe2203d700 1 -- 172.21.15.82:0/3471847808 --> [v2:172.21.15.82:3300/0,v1:172.21.15.82:6789/0] -- mon_subscribe({config=0+,monmap=0+}) v3 -- 0x7efe1c105af0 con 0x7efe1c0712b0
2024-04-27T07:24:41.481 INFO:teuthology.orchestra.run.smithi082.stdout:/usr/bin/ceph: stderr
2024-04-27T07:24:40.722+0000 7efe2203d700 1 --2- 172.21.15.82:0/3471847808 >> [v2:172.21.15.82:3300/0,v1:172.21.15.82:6789/0] conn(0x7efe1c0712b0 0x7efe1c105470 secure :-1 s=READY pgs=84 cs=0 l=1 rev1=1 crypto rx=0x7efe0c0098e0 tx=0x7efe0c009250 comp rx=0 tx=0).ready entity=mon.0 client_cookie=56cc5635a72fed3e server_cookie=0 in_seq=0 out_seq=0
2024-04-27T07:24:41.481 INFO:teuthology.orchestra.run.smithi082.stdout:/usr/bin/ceph: stderr
2024-04-27T07:24:40.722+0000 7efe2103b700 1 -- 172.21.15.82:0/3471847808 <== mon.0 v2:172.21.15.82:3300/0 1 ==== mon_map magic: 0 v1 ==== 229+0+0 (secure 0 0 0) 0x7efe0c00b860 con 0x7efe1c0712b0
2024-04-27T07:24:41.481 INFO:teuthology.orchestra.run.smithi082.stdout:/usr/bin/ceph: stderr
2024-04-27T07:24:40.722+0000 7efe2103b700 1 -- 172.21.15.82:0/3471847808 <== mon.0 v2:172.21.15.82:3300/0 2 ==== config(27 keys) v1 ==== 1109+0+0 (secure 0 0 0) 0x7efe0c00be90 con 0x7efe1c0712b0
2024-04-27T07:24:41.481 INFO:teuthology.orchestra.run.smithi082.stdout:/usr/bin/ceph: stderr
2024-04-27T07:24:40.722+0000 7efe2103b700 1 -- 172.21.15.82:0/3471847808 <== mon.0 v2:172.21.15.82:3300/0 3 ==== mon_map magic: 0 v1 ==== 229+0+0 (secure 0 0 0) 0x7efe0c0103c0 con 0x7efe1c0712b0
2024-04-27T07:24:41.481 INFO:teuthology.orchestra.run.smithi082.stdout:/usr/bin/ceph: stderr
2024-04-27T07:24:40.723+0000 7efe242a1700 1 -- 172.21.15.82:0/3471847808 >> [v2:172.21.15.82:3300/0,v1:172.21.15.82:6789/0] conn(0x7efe1c0712b0 msgr2=0x7efe1c105470 secure :-1 s=STATE_CONNECTION_ESTABLISHED l=1).mark_down
2024-04-27T07:24:41.481 INFO:teuthology.orchestra.run.smithi082.stdout:/usr/bin/ceph: stderr
2024-04-27T07:24:40.723+0000 7efe242a1700 1 --2- 172.21.15.82:0/3471847808 >> [v2:172.21.15.82:3300/0,v1:172.21.15.82:6789/0] conn(0x7efe1c0712b0 0x7efe1c105470 secure :-1 s=READY pgs=84 cs=0 l=1 rev1=1 crypto rx=0x7efe0c0098e0 tx=0x7efe0c009250 comp rx=0 tx=0).stop
2024-04-27T07:24:41.481 INFO:teuthology.orchestra.run.smithi082.stdout:/usr/bin/ceph: stderr
2024-04-27T07:24:40.723+0000 7efe242a1700 1 -- 172.21.15.82:0/3471847808 shutdown_connections
2024-04-27T07:24:41.481 INFO:teuthology.orchestra.run.smithi082.stdout:/usr/bin/ceph: stderr
2024-04-27T07:24:40.723+0000 7efe242a1700 1 --2- 172.21.15.82:0/3471847808 >> [v2:172.21.15.82:3300/0,v1:172.21.15.82:6789/0] conn(0x7efe1c0712b0 0x7efe1c105470 unknown :-1 s=CLOSED pgs=84 cs=0 l=1 rev1=1 crypto rx=0 tx=0 comp rx=0 tx=0).stop
2024-04-27T07:24:41.481 INFO:teuthology.orchestra.run.smithi082.stdout:/usr/bin/ceph: stderr
2024-04-27T07:24:40.723+0000 7efe242a1700 1 -- 172.21.15.82:0/3471847808 >> 172.21.15.82:0/3471847808 conn(0x7efe1c0fcec0 msgr2=0x7efe1c0ff2d0 unknown :-1 s=STATE_NONE l=0).mark_down
2024-04-27T07:24:41.481 INFO:teuthology.orchestra.run.smithi082.stdout:/usr/bin/ceph: stderr
2024-04-27T07:24:40.723+0000 7efe242a1700 1 -- 172.21.15.82:0/3471847808 shutdown_connections
2024-04-27T07:24:41.481 INFO:teuthology.orchestra.run.smithi082.stdout:/usr/bin/ceph: stderr
2024-04-27T07:24:40.723+0000 7efe242a1700 1 -- 172.21.15.82:0/3471847808 wait complete.
2024-04-27T07:24:41.481 INFO:teuthology.orchestra.run.smithi082.stdout:/usr/bin/ceph: stderr
2024-04-27T07:24:40.723+0000 7efe242a1700 1 Processor -- start
2024-04-27T07:24:41.481 INFO:teuthology.orchestra.run.smithi082.stdout:/usr/bin/ceph: stderr
2024-04-27T07:24:40.724+0000 7efe242a1700 1 -- start start
2024-04-27T07:24:41.482 INFO:teuthology.orchestra.run.smithi082.stdout:/usr/bin/ceph: stderr
2024-04-27T07:24:40.724+0000 7efe242a1700 1 --2- >> [v2:172.21.15.82:3300/0,v1:172.21.15.82:6789/0] conn(0x7efe1c0712b0 0x7efe1c111600 unknown :-1 s=NONE pgs=0 cs=0 l=1 rev1=0 crypto rx=0 tx=0 comp rx=0 tx=0).connect
2024-04-27T07:24:41.482 INFO:teuthology.orchestra.run.smithi082.stdout:/usr/bin/ceph: stderr
2024-04-27T07:24:40.724+0000 7efe242a1700 1 -- --> [v2:172.21.15.82:3300/0,v1:172.21.15.82:6789/0] -- mon_getmap magic: 0 v1 -- 0x7efe1c111b40 con 0x7efe1c0712b0
2024-04-27T07:24:41.482 INFO:teuthology.orchestra.run.smithi082.stdout:/usr/bin/ceph: stderr
2024-04-27T07:24:40.724+0000 7efe2203d700 1 --2- >> [v2:172.21.15.82:3300/0,v1:172.21.15.82:6789/0] conn(0x7efe1c0712b0 0x7efe1c111600 unknown :-1 s=BANNER_CONNECTING pgs=0 cs=0 l=1 rev1=0 crypto rx=0 tx=0 comp rx=0 tx=0)._handle_peer_banner_payload supported=3 required=0
2024-04-27T07:24:41.482 INFO:teuthology.orchestra.run.smithi082.stdout:/usr/bin/ceph: stderr
2024-04-27T07:24:40.724+0000 7efe2203d700 1 --2- >> [v2:172.21.15.82:3300/0,v1:172.21.15.82:6789/0] conn(0x7efe1c0712b0 0x7efe1c111600 unknown :-1 s=HELLO_CONNECTING pgs=0 cs=0 l=1 rev1=1 crypto rx=0 tx=0 comp rx=0 tx=0).handle_hello peer v2:172.21.15.82:3300/0 says I am v2:172.21.15.82:51292/0 (socket says 172.21.15.82:51292)
2024-04-27T07:24:41.482 INFO:teuthology.orchestra.run.smithi082.stdout:/usr/bin/ceph: stderr
2024-04-27T07:24:40.724+0000 7efe2203d700 1 -- 172.21.15.82:0/42749182 learned_addr learned my addr 172.21.15.82:0/42749182 (peer_addr_for_me v2:172.21.15.82:0/0)
2024-04-27T07:24:41.482 INFO:teuthology.orchestra.run.smithi082.stdout:/usr/bin/ceph: stderr
2024-04-27T07:24:40.724+0000 7efe2203d700 1 -- 172.21.15.82:0/42749182 --> [v2:172.21.15.82:3300/0,v1:172.21.15.82:6789/0] -- mon_subscribe({config=0+,monmap=0+}) v3 -- 0x7efe0c0094f0 con 0x7efe1c0712b0
2024-04-27T07:24:41.482 INFO:teuthology.orchestra.run.smithi082.stdout:/usr/bin/ceph: stderr
2024-04-27T07:24:40.724+0000 7efe2203d700 1 --2- 172.21.15.82:0/42749182 >> [v2:172.21.15.82:3300/0,v1:172.21.15.82:6789/0] conn(0x7efe1c0712b0 0x7efe1c111600 secure :-1 s=READY pgs=85 cs=0 l=1 rev1=1 crypto rx=0x7efe0c006d40 tx=0x7efe0c009250 comp rx=0 tx=0).ready entity=mon.0 client_cookie=0 server_cookie=0 in_seq=0 out_seq=0
2024-04-27T07:24:41.482 INFO:teuthology.orchestra.run.smithi082.stdout:/usr/bin/ceph: stderr
2024-04-27T07:24:40.724+0000 7efe12ffd700 1 -- 172.21.15.82:0/42749182 <== mon.0 v2:172.21.15.82:3300/0 1 ==== mon_map magic: 0 v1 ==== 229+0+0 (secure 0 0 0) 0x7efe0c010840 con 0x7efe1c0712b0
2024-04-27T07:24:41.482 INFO:teuthology.orchestra.run.smithi082.stdout:/usr/bin/ceph: stderr
2024-04-27T07:24:40.724+0000 7efe12ffd700 1 -- 172.21.15.82:0/42749182 <== mon.0 v2:172.21.15.82:3300/0 2 ==== config(27 keys) v1 ==== 1109+0+0 (secure 0 0 0) 0x7efe0c010e70 con 0x7efe1c0712b0
2024-04-27T07:24:41.482 INFO:teuthology.orchestra.run.smithi082.stdout:/usr/bin/ceph: stderr
2024-04-27T07:24:40.724+0000 7efe242a1700 1 -- 172.21.15.82:0/42749182 --> [v2:172.21.15.82:3300/0,v1:172.21.15.82:6789/0] -- mon_subscribe({mgrmap=0+}) v3 -- 0x7efe1c111d40 con 0x7efe1c0712b0
2024-04-27T07:24:41.482 INFO:teuthology.orchestra.run.smithi082.stdout:/usr/bin/ceph: stderr
2024-04-27T07:24:40.724+0000 7efe12ffd700 1 -- 172.21.15.82:0/42749182 <== mon.0 v2:172.21.15.82:3300/0 3 ==== mon_map magic: 0 v1 ==== 229+0+0 (secure 0 0 0) 0x7efe0c024ea0 con 0x7efe1c0712b0
2024-04-27T07:24:41.482 INFO:teuthology.orchestra.run.smithi082.stdout:/usr/bin/ceph: stderr
2024-04-27T07:24:40.724+0000 7efe242a1700 1 -- 172.21.15.82:0/42749182 --> [v2:172.21.15.82:3300/0,v1:172.21.15.82:6789/0] -- mon_subscribe({osdmap=0}) v3 -- 0x7efe1c1128b0 con 0x7efe1c0712b0
2024-04-27T07:24:41.482 INFO:teuthology.orchestra.run.smithi082.stdout:/usr/bin/ceph: stderr
2024-04-27T07:24:40.725+0000 7efe12ffd700 1 -- 172.21.15.82:0/42749182 <== mon.0 v2:172.21.15.82:3300/0 4 ==== mgrmap(e 12) v1 ==== 43389+0+0 (secure 0 0 0) 0x7efe0c01a510 con 0x7efe1c0712b0
2024-04-27T07:24:41.482 INFO:teuthology.orchestra.run.smithi082.stdout:/usr/bin/ceph: stderr
2024-04-27T07:24:40.725+0000 7efe242a1700 1 -- 172.21.15.82:0/42749182 --> [v2:172.21.15.82:3300/0,v1:172.21.15.82:6789/0] -- mon_command({"prefix": "get_command_descriptions"} v 0) v1 -- 0x7efe1c05f5c0 con 0x7efe1c0712b0
2024-04-27T07:24:41.483 INFO:teuthology.orchestra.run.smithi082.stdout:/usr/bin/ceph: stderr
2024-04-27T07:24:40.725+0000 7efe12ffd700 1 --2- 172.21.15.82:0/42749182 >> [v2:172.21.15.82:6800/1415088792,v1:172.21.15.82:6801/1415088792] conn(0x7efe08036850 0x7efe08038d00 unknown :-1 s=NONE pgs=0 cs=0 l=1 rev1=0 crypto rx=0 tx=0 comp rx=0 tx=0).connect
2024-04-27T07:24:41.483 INFO:teuthology.orchestra.run.smithi082.stdout:/usr/bin/ceph: stderr
2024-04-27T07:24:40.725+0000 7efe12ffd700 1 -- 172.21.15.82:0/42749182 <== mon.0 v2:172.21.15.82:3300/0 5 ==== osd_map(3..3 src has 1..3) v4 ==== 1151+0+0 (secure 0 0 0) 0x7efe0c04a820 con 0x7efe1c0712b0
2024-04-27T07:24:41.483 INFO:teuthology.orchestra.run.smithi082.stdout:/usr/bin/ceph: stderr
2024-04-27T07:24:40.726+0000 7efe2183c700 1 --2- 172.21.15.82:0/42749182 >> [v2:172.21.15.82:6800/1415088792,v1:172.21.15.82:6801/1415088792] conn(0x7efe08036850 0x7efe08038d00 unknown :-1 s=BANNER_CONNECTING pgs=0 cs=0 l=1 rev1=0 crypto rx=0 tx=0 comp rx=0 tx=0)._handle_peer_banner_payload supported=3 required=0
2024-04-27T07:24:41.483 INFO:teuthology.orchestra.run.smithi082.stdout:/usr/bin/ceph: stderr
2024-04-27T07:24:40.726+0000 7efe2183c700 1 --2- 172.21.15.82:0/42749182 >> [v2:172.21.15.82:6800/1415088792,v1:172.21.15.82:6801/1415088792] conn(0x7efe08036850 0x7efe08038d00 secure :-1 s=READY pgs=9 cs=0 l=1 rev1=1 crypto rx=0x7efe18009990 tx=0x7efe18006e40 comp rx=0 tx=0).ready entity=mgr.14162 client_cookie=0 server_cookie=0 in_seq=0 out_seq=0
2024-04-27T07:24:41.483 INFO:teuthology.orchestra.run.smithi082.stdout:/usr/bin/ceph: stderr
2024-04-27T07:24:40.730+0000 7efe12ffd700 1 -- 172.21.15.82:0/42749182 <== mon.0 v2:172.21.15.82:3300/0 6 ==== mon_command_ack([{"prefix": "get_command_descriptions"}]=0 v0) v1 ==== 72+0+176702 (secure 0 0 0) 0x7efe0c018940 con 0x7efe1c0712b0
2024-04-27T07:24:41.483 INFO:teuthology.orchestra.run.smithi082.stdout:/usr/bin/ceph: stderr
2024-04-27T07:24:40.917+0000 7efe242a1700 1 -- 172.21.15.82:0/42749182 --> [v2:172.21.15.82:3300/0,v1:172.21.15.82:6789/0] -- mon_command({"prefix": "config get", "who": "mgr", "key": "mgr/dashboard/ssl_server_port"} v 0) v1 -- 0x7efe1c04bed0 con 0x7efe1c0712b0
2024-04-27T07:24:41.483 INFO:teuthology.orchestra.run.smithi082.stdout:/usr/bin/ceph: stderr
2024-04-27T07:24:40.918+0000 7efe12ffd700 1 -- 172.21.15.82:0/42749182 <== mon.0 v2:172.21.15.82:3300/0 7 ==== mon_command_ack([{"prefix": "config get", "who": "mgr", "key": "mgr/dashboard/ssl_server_port"}]=0 v8) v1 ==== 112+0+5 (secure 0 0 0) 0x7efe0c018350 con 0x7efe1c0712b0
2024-04-27T07:24:41.483 INFO:teuthology.orchestra.run.smithi082.stdout:/usr/bin/ceph: stderr
2024-04-27T07:24:40.920+0000 7efe242a1700 1 -- 172.21.15.82:0/42749182 >> [v2:172.21.15.82:6800/1415088792,v1:172.21.15.82:6801/1415088792] conn(0x7efe08036850 msgr2=0x7efe08038d00 secure :-1 s=STATE_CONNECTION_ESTABLISHED l=1).mark_down
2024-04-27T07:24:41.483 INFO:teuthology.orchestra.run.smithi082.stdout:/usr/bin/ceph: stderr
2024-04-27T07:24:40.920+0000 7efe242a1700 1 --2- 172.21.15.82:0/42749182 >> [v2:172.21.15.82:6800/1415088792,v1:172.21.15.82:6801/1415088792] conn(0x7efe08036850 0x7efe08038d00 secure :-1 s=READY pgs=9 cs=0 l=1 rev1=1 crypto rx=0x7efe18009990 tx=0x7efe18006e40 comp rx=0 tx=0).stop
2024-04-27T07:24:41.483 INFO:teuthology.orchestra.run.smithi082.stdout:/usr/bin/ceph: stderr
2024-04-27T07:24:40.920+0000 7efe242a1700 1 -- 172.21.15.82:0/42749182 >> [v2:172.21.15.82:3300/0,v1:172.21.15.82:6789/0] conn(0x7efe1c0712b0 msgr2=0x7efe1c111600 secure :-1 s=STATE_CONNECTION_ESTABLISHED l=1).mark_down
2024-04-27T07:24:41.483 INFO:teuthology.orchestra.run.smithi082.stdout:/usr/bin/ceph: stderr
2024-04-27T07:24:40.920+0000 7efe242a1700 1 --2- 172.21.15.82:0/42749182 >> [v2:172.21.15.82:3300/0,v1:172.21.15.82:6789/0] conn(0x7efe1c0712b0 0x7efe1c111600 secure :-1 s=READY pgs=85 cs=0 l=1 rev1=1 crypto rx=0x7efe0c006d40 tx=0x7efe0c009250 comp rx=0 tx=0).stop
2024-04-27T07:24:41.483 INFO:teuthology.orchestra.run.smithi082.stdout:/usr/bin/ceph: stderr
2024-04-27T07:24:40.920+0000 7efe242a1700 1 -- 172.21.15.82:0/42749182 shutdown_connections
2024-04-27T07:24:41.483 INFO:teuthology.orchestra.run.smithi082.stdout:/usr/bin/ceph: stderr
2024-04-27T07:24:40.920+0000 7efe242a1700 1 --2- 172.21.15.82:0/42749182 >> [v2:172.21.15.82:6800/1415088792,v1:172.21.15.82:6801/1415088792] conn(0x7efe08036850 0x7efe08038d00 unknown :-1 s=CLOSED pgs=9 cs=0 l=1 rev1=1 crypto rx=0 tx=0 comp rx=0 tx=0).stop
2024-04-27T07:24:41.483 INFO:teuthology.orchestra.run.smithi082.stdout:/usr/bin/ceph: stderr
2024-04-27T07:24:40.920+0000 7efe242a1700 1 --2- 172.21.15.82:0/42749182 >> [v2:172.21.15.82:3300/0,v1:172.21.15.82:6789/0] conn(0x7efe1c0712b0 0x7efe1c111600 unknown :-1 s=CLOSED pgs=85 cs=0 l=1 rev1=1 crypto rx=0 tx=0 comp rx=0 tx=0).stop
2024-04-27T07:24:41.484 INFO:teuthology.orchestra.run.smithi082.stdout:/usr/bin/ceph: stderr
2024-04-27T07:24:40.920+0000 7efe242a1700 1 -- 172.21.15.82:0/42749182 >> 172.21.15.82:0/42749182 conn(0x7efe1c0fcec0 msgr2=0x7efe1c0fda10 unknown :-1 s=STATE_NONE l=0).mark_down
2024-04-27T07:24:41.484 INFO:teuthology.orchestra.run.smithi082.stdout:/usr/bin/ceph: stderr
2024-04-27T07:24:40.920+0000 7efe242a1700 1 -- 172.21.15.82:0/42749182 shutdown_connections
2024-04-27T07:24:41.484 INFO:teuthology.orchestra.run.smithi082.stdout:/usr/bin/ceph: stderr
2024-04-27T07:24:40.920+0000 7efe242a1700 1 -- 172.21.15.82:0/42749182 wait complete.
2024-04-27T07:24:41.486 INFO:teuthology.orchestra.run.smithi082.stdout:Non-zero exit code 1 from systemctl is-enabled firewalld.service
2024-04-27T07:24:41.486 INFO:teuthology.orchestra.run.smithi082.stdout:systemctl: stdout disabled
2024-04-27T07:24:41.494 INFO:teuthology.orchestra.run.smithi082.stdout:Non-zero exit code 3 from systemctl is-active firewalld.service
2024-04-27T07:24:41.494 INFO:teuthology.orchestra.run.smithi082.stdout:systemctl: stdout inactive
2024-04-27T07:24:41.494 INFO:teuthology.orchestra.run.smithi082.stdout:firewalld.service is not enabled
2024-04-27T07:24:41.494 INFO:teuthology.orchestra.run.smithi082.stdout:Not possible to open ports <[8443]>. firewalld.service is not available
2024-04-27T07:24:41.496 INFO:teuthology.orchestra.run.smithi082.stdout:Ceph Dashboard is now available at:
2024-04-27T07:24:41.496 INFO:teuthology.orchestra.run.smithi082.stdout:
2024-04-27T07:24:41.496 INFO:teuthology.orchestra.run.smithi082.stdout: URL: https://smithi082:8443/
2024-04-27T07:24:41.496 INFO:teuthology.orchestra.run.smithi082.stdout: User: admin
2024-04-27T07:24:41.496 INFO:teuthology.orchestra.run.smithi082.stdout: Password: bwwhw3f50k
2024-04-27T07:24:41.496 INFO:teuthology.orchestra.run.smithi082.stdout:
2024-04-27T07:24:41.496 INFO:teuthology.orchestra.run.smithi082.stdout:Saving cluster configuration to /var/lib/ceph/ebadc0d6-0466-11ef-bc93-c7b262605968/config directory
2024-04-27T07:24:41.496 INFO:teuthology.orchestra.run.smithi082.stdout:Enabling autotune for osd_memory_target
2024-04-27T07:24:42.719 INFO:teuthology.orchestra.run.smithi082.stdout:/usr/bin/ceph: stderr
2024-04-27T07:24:41.930+0000 7f1ed5e17700 1 Processor -- start
2024-04-27T07:24:42.720 INFO:teuthology.orchestra.run.smithi082.stdout:/usr/bin/ceph: stderr
2024-04-27T07:24:41.930+0000 7f1ed5e17700 1 -- start start
2024-04-27T07:24:42.720 INFO:teuthology.orchestra.run.smithi082.stdout:/usr/bin/ceph: stderr
2024-04-27T07:24:41.930+0000 7f1ed5e17700 1 --2- >> [v2:172.21.15.82:3300/0,v1:172.21.15.82:6789/0] conn(0x7f1ed0102c70 0x7f1ed0103080 unknown :-1 s=NONE pgs=0 cs=0 l=0 rev1=0 crypto rx=0 tx=0 comp rx=0 tx=0).connect
2024-04-27T07:24:42.720 INFO:teuthology.orchestra.run.smithi082.stdout:/usr/bin/ceph: stderr
2024-04-27T07:24:41.930+0000 7f1ed5e17700 1 -- --> [v2:172.21.15.82:3300/0,v1:172.21.15.82:6789/0] -- mon_getmap magic: 0 v1 -- 0x7f1ed0103650 con 0x7f1ed0102c70
2024-04-27T07:24:42.720 INFO:teuthology.orchestra.run.smithi082.stdout:/usr/bin/ceph: stderr
2024-04-27T07:24:41.930+0000 7f1ecf7fe700 1 --2- >> [v2:172.21.15.82:3300/0,v1:172.21.15.82:6789/0] conn(0x7f1ed0102c70 0x7f1ed0103080 unknown :-1 s=BANNER_CONNECTING pgs=0 cs=0 l=0 rev1=0 crypto rx=0 tx=0 comp rx=0 tx=0)._handle_peer_banner_payload supported=3 required=0
2024-04-27T07:24:42.720 INFO:teuthology.orchestra.run.smithi082.stdout:/usr/bin/ceph: stderr
2024-04-27T07:24:41.930+0000 7f1ecf7fe700 1 --2- >> [v2:172.21.15.82:3300/0,v1:172.21.15.82:6789/0] conn(0x7f1ed0102c70 0x7f1ed0103080 unknown :-1 s=HELLO_CONNECTING pgs=0 cs=0 l=0 rev1=1 crypto rx=0 tx=0 comp rx=0 tx=0).handle_hello peer v2:172.21.15.82:3300/0 says I am v2:172.21.15.82:51296/0 (socket says 172.21.15.82:51296)
2024-04-27T07:24:42.720 INFO:teuthology.orchestra.run.smithi082.stdout:/usr/bin/ceph: stderr
2024-04-27T07:24:41.930+0000 7f1ecf7fe700 1 -- 172.21.15.82:0/3987501195 learned_addr learned my addr 172.21.15.82:0/3987501195 (peer_addr_for_me v2:172.21.15.82:0/0)
2024-04-27T07:24:42.720 INFO:teuthology.orchestra.run.smithi082.stdout:/usr/bin/ceph: stderr
2024-04-27T07:24:41.931+0000 7f1ecf7fe700 1 -- 172.21.15.82:0/3987501195 --> [v2:172.21.15.82:3300/0,v1:172.21.15.82:6789/0] -- mon_subscribe({config=0+,monmap=0+}) v3 -- 0x7f1ed0103790 con 0x7f1ed0102c70
2024-04-27T07:24:42.720 INFO:teuthology.orchestra.run.smithi082.stdout:/usr/bin/ceph: stderr
2024-04-27T07:24:41.931+0000 7f1ecf7fe700 1 --2- 172.21.15.82:0/3987501195 >> [v2:172.21.15.82:3300/0,v1:172.21.15.82:6789/0] conn(0x7f1ed0102c70 0x7f1ed0103080 secure :-1 s=READY pgs=86 cs=0 l=1 rev1=1 crypto rx=0x7f1ec00098e0 tx=0x7f1ec0009250 comp rx=0 tx=0).ready entity=mon.0 client_cookie=d5355905edfd38ec server_cookie=0 in_seq=0 out_seq=0
2024-04-27T07:24:42.721 INFO:teuthology.orchestra.run.smithi082.stdout:/usr/bin/ceph: stderr
2024-04-27T07:24:41.931+0000 7f1ece7fc700 1 -- 172.21.15.82:0/3987501195 <== mon.0 v2:172.21.15.82:3300/0 1 ==== mon_map magic: 0 v1 ==== 229+0+0 (secure 0 0 0) 0x7f1ec000b860 con 0x7f1ed0102c70
2024-04-27T07:24:42.721 INFO:teuthology.orchestra.run.smithi082.stdout:/usr/bin/ceph: stderr
2024-04-27T07:24:41.931+0000 7f1ece7fc700 1 -- 172.21.15.82:0/3987501195 <== mon.0 v2:172.21.15.82:3300/0 2 ==== config(27 keys) v1 ==== 1109+0+0 (secure 0 0 0) 0x7f1ec000be90 con 0x7f1ed0102c70
2024-04-27T07:24:42.721 INFO:teuthology.orchestra.run.smithi082.stdout:/usr/bin/ceph: stderr
2024-04-27T07:24:41.931+0000 7f1ece7fc700 1 -- 172.21.15.82:0/3987501195 <== mon.0 v2:172.21.15.82:3300/0 3 ==== mon_map magic: 0 v1 ==== 229+0+0 (secure 0 0 0) 0x7f1ec00103c0 con 0x7f1ed0102c70
2024-04-27T07:24:42.721 INFO:teuthology.orchestra.run.smithi082.stdout:/usr/bin/ceph: stderr
2024-04-27T07:24:41.932+0000 7f1ed5e17700 1 -- 172.21.15.82:0/3987501195 >> [v2:172.21.15.82:3300/0,v1:172.21.15.82:6789/0] conn(0x7f1ed0102c70 msgr2=0x7f1ed0103080 secure :-1 s=STATE_CONNECTION_ESTABLISHED l=1).mark_down
2024-04-27T07:24:42.721 INFO:teuthology.orchestra.run.smithi082.stdout:/usr/bin/ceph: stderr
2024-04-27T07:24:41.932+0000 7f1ed5e17700 1 --2- 172.21.15.82:0/3987501195 >> [v2:172.21.15.82:3300/0,v1:172.21.15.82:6789/0] conn(0x7f1ed0102c70 0x7f1ed0103080 secure :-1 s=READY pgs=86 cs=0 l=1 rev1=1 crypto rx=0x7f1ec00098e0 tx=0x7f1ec0009250 comp rx=0 tx=0).stop
2024-04-27T07:24:42.721 INFO:teuthology.orchestra.run.smithi082.stdout:/usr/bin/ceph: stderr
2024-04-27T07:24:41.932+0000 7f1ed5e17700 1 -- 172.21.15.82:0/3987501195 shutdown_connections
2024-04-27T07:24:42.721 INFO:teuthology.orchestra.run.smithi082.stdout:/usr/bin/ceph: stderr
2024-04-27T07:24:41.932+0000 7f1ed5e17700 1 --2- 172.21.15.82:0/3987501195 >> [v2:172.21.15.82:3300/0,v1:172.21.15.82:6789/0] conn(0x7f1ed0102c70 0x7f1ed0103080 unknown :-1 s=CLOSED pgs=86 cs=0 l=1 rev1=1 crypto rx=0 tx=0 comp rx=0 tx=0).stop
2024-04-27T07:24:42.721 INFO:teuthology.orchestra.run.smithi082.stdout:/usr/bin/ceph: stderr
2024-04-27T07:24:41.932+0000 7f1ed5e17700 1 -- 172.21.15.82:0/3987501195 >> 172.21.15.82:0/3987501195 conn(0x7f1ed00fc6f0 msgr2=0x7f1ed00feb00 unknown :-1 s=STATE_NONE l=0).mark_down
2024-04-27T07:24:42.721 INFO:teuthology.orchestra.run.smithi082.stdout:/usr/bin/ceph: stderr
2024-04-27T07:24:41.932+0000 7f1ed5e17700 1 -- 172.21.15.82:0/3987501195 shutdown_connections
2024-04-27T07:24:42.721 INFO:teuthology.orchestra.run.smithi082.stdout:/usr/bin/ceph: stderr
2024-04-27T07:24:41.932+0000 7f1ed5e17700 1 -- 172.21.15.82:0/3987501195 wait complete.
2024-04-27T07:24:42.721 INFO:teuthology.orchestra.run.smithi082.stdout:/usr/bin/ceph: stderr
2024-04-27T07:24:41.932+0000 7f1ed5e17700 1 Processor -- start
2024-04-27T07:24:42.721 INFO:teuthology.orchestra.run.smithi082.stdout:/usr/bin/ceph: stderr
2024-04-27T07:24:41.932+0000 7f1ed5e17700 1 -- start start
2024-04-27T07:24:42.721 INFO:teuthology.orchestra.run.smithi082.stdout:/usr/bin/ceph: stderr
2024-04-27T07:24:41.932+0000 7f1ed5e17700 1 --2- >> [v2:172.21.15.82:3300/0,v1:172.21.15.82:6789/0] conn(0x7f1ed0102c70 0x7f1ed0113860 unknown :-1 s=NONE pgs=0 cs=0 l=1 rev1=0 crypto rx=0 tx=0 comp rx=0 tx=0).connect
2024-04-27T07:24:42.721 INFO:teuthology.orchestra.run.smithi082.stdout:/usr/bin/ceph: stderr
2024-04-27T07:24:41.932+0000 7f1ed5e17700 1 -- --> [v2:172.21.15.82:3300/0,v1:172.21.15.82:6789/0] -- mon_getmap magic: 0 v1 -- 0x7f1ed0113da0 con 0x7f1ed0102c70
2024-04-27T07:24:42.722 INFO:teuthology.orchestra.run.smithi082.stdout:/usr/bin/ceph: stderr
2024-04-27T07:24:41.933+0000 7f1ecf7fe700 1 --2- >> [v2:172.21.15.82:3300/0,v1:172.21.15.82:6789/0] conn(0x7f1ed0102c70 0x7f1ed0113860 unknown :-1 s=BANNER_CONNECTING pgs=0 cs=0 l=1 rev1=0 crypto rx=0 tx=0 comp rx=0 tx=0)._handle_peer_banner_payload supported=3 required=0
2024-04-27T07:24:42.722 INFO:teuthology.orchestra.run.smithi082.stdout:/usr/bin/ceph: stderr
2024-04-27T07:24:41.933+0000 7f1ecf7fe700 1 --2- >> [v2:172.21.15.82:3300/0,v1:172.21.15.82:6789/0] conn(0x7f1ed0102c70 0x7f1ed0113860 unknown :-1 s=HELLO_CONNECTING pgs=0 cs=0 l=1 rev1=1 crypto rx=0 tx=0 comp rx=0 tx=0).handle_hello peer v2:172.21.15.82:3300/0 says I am v2:172.21.15.82:51302/0 (socket says 172.21.15.82:51302)
2024-04-27T07:24:42.722 INFO:teuthology.orchestra.run.smithi082.stdout:/usr/bin/ceph: stderr
2024-04-27T07:24:41.933+0000 7f1ecf7fe700 1 -- 172.21.15.82:0/1861815032 learned_addr learned my addr 172.21.15.82:0/1861815032 (peer_addr_for_me v2:172.21.15.82:0/0)
2024-04-27T07:24:42.722 INFO:teuthology.orchestra.run.smithi082.stdout:/usr/bin/ceph: stderr
2024-04-27T07:24:41.933+0000 7f1ecf7fe700 1 -- 172.21.15.82:0/1861815032 --> [v2:172.21.15.82:3300/0,v1:172.21.15.82:6789/0] -- mon_subscribe({config=0+,monmap=0+}) v3 -- 0x7f1ec00094f0 con 0x7f1ed0102c70
2024-04-27T07:24:42.722 INFO:teuthology.orchestra.run.smithi082.stdout:/usr/bin/ceph: stderr
2024-04-27T07:24:41.933+0000 7f1ecf7fe700 1 --2- 172.21.15.82:0/1861815032 >> [v2:172.21.15.82:3300/0,v1:172.21.15.82:6789/0] conn(0x7f1ed0102c70 0x7f1ed0113860 secure :-1 s=READY pgs=87 cs=0 l=1 rev1=1 crypto rx=0x7f1ec00090b0 tx=0x7f1ec0009250 comp rx=0 tx=0).ready entity=mon.0 client_cookie=0 server_cookie=0 in_seq=0 out_seq=0
2024-04-27T07:24:42.722 INFO:teuthology.orchestra.run.smithi082.stdout:/usr/bin/ceph: stderr
2024-04-27T07:24:41.933+0000 7f1eb7fff700 1 -- 172.21.15.82:0/1861815032 <== mon.0 v2:172.21.15.82:3300/0 1 ==== mon_map magic: 0 v1 ==== 229+0+0 (secure 0 0 0) 0x7f1ec0010840 con 0x7f1ed0102c70
2024-04-27T07:24:42.722 INFO:teuthology.orchestra.run.smithi082.stdout:/usr/bin/ceph: stderr
2024-04-27T07:24:41.933+0000 7f1eb7fff700 1 -- 172.21.15.82:0/1861815032 <== mon.0 v2:172.21.15.82:3300/0 2 ==== config(27 keys) v1 ==== 1109+0+0 (secure 0 0 0) 0x7f1ec0010e70 con 0x7f1ed0102c70
2024-04-27T07:24:42.722 INFO:teuthology.orchestra.run.smithi082.stdout:/usr/bin/ceph: stderr
2024-04-27T07:24:41.933+0000 7f1eb7fff700 1 -- 172.21.15.82:0/1861815032 <== mon.0 v2:172.21.15.82:3300/0 3 ==== mon_map magic: 0 v1 ==== 229+0+0 (secure 0 0 0) 0x7f1ec0024e40 con 0x7f1ed0102c70
2024-04-27T07:24:42.722 INFO:teuthology.orchestra.run.smithi082.stdout:/usr/bin/ceph: stderr
2024-04-27T07:24:41.933+0000 7f1ed5e17700 1 -- 172.21.15.82:0/1861815032 --> [v2:172.21.15.82:3300/0,v1:172.21.15.82:6789/0] -- mon_subscribe({mgrmap=0+}) v3 -- 0x7f1ed0113fa0 con 0x7f1ed0102c70
2024-04-27T07:24:42.722 INFO:teuthology.orchestra.run.smithi082.stdout:/usr/bin/ceph: stderr
2024-04-27T07:24:41.933+0000 7f1ed5e17700 1 -- 172.21.15.82:0/1861815032 --> [v2:172.21.15.82:3300/0,v1:172.21.15.82:6789/0] -- mon_subscribe({osdmap=0}) v3 -- 0x7f1ed0114ac0 con 0x7f1ed0102c70
2024-04-27T07:24:42.722 INFO:teuthology.orchestra.run.smithi082.stdout:/usr/bin/ceph: stderr
2024-04-27T07:24:41.934+0000 7f1eb7fff700 1 -- 172.21.15.82:0/1861815032 <== mon.0 v2:172.21.15.82:3300/0 4 ==== mgrmap(e 12) v1 ==== 43389+0+0 (secure 0 0 0) 0x7f1ec001a510 con 0x7f1ed0102c70
2024-04-27T07:24:42.722 INFO:teuthology.orchestra.run.smithi082.stdout:/usr/bin/ceph: stderr
2024-04-27T07:24:41.934+0000 7f1eb7fff700 1 --2- 172.21.15.82:0/1861815032 >> [v2:172.21.15.82:6800/1415088792,v1:172.21.15.82:6801/1415088792] conn(0x7f1eb8036850 0x7f1eb8038d00 unknown :-1 s=NONE pgs=0 cs=0 l=1 rev1=0 crypto rx=0 tx=0 comp rx=0 tx=0).connect
2024-04-27T07:24:42.722 INFO:teuthology.orchestra.run.smithi082.stdout:/usr/bin/ceph: stderr
2024-04-27T07:24:41.934+0000 7f1ed5e17700 1 -- 172.21.15.82:0/1861815032 --> [v2:172.21.15.82:3300/0,v1:172.21.15.82:6789/0] -- mon_command({"prefix": "get_command_descriptions"} v 0) v1 -- 0x7f1ed005f5c0 con 0x7f1ed0102c70
2024-04-27T07:24:42.723 INFO:teuthology.orchestra.run.smithi082.stdout:/usr/bin/ceph: stderr
2024-04-27T07:24:41.934+0000 7f1eb7fff700 1 -- 172.21.15.82:0/1861815032 <== mon.0 v2:172.21.15.82:3300/0 5 ==== osd_map(3..3 src has 1..3) v4 ==== 1151+0+0 (secure 0 0 0) 0x7f1ec004a930 con 0x7f1ed0102c70
2024-04-27T07:24:42.723 INFO:teuthology.orchestra.run.smithi082.stdout:/usr/bin/ceph: stderr
2024-04-27T07:24:41.934+0000 7f1eceffd700 1 --2- 172.21.15.82:0/1861815032 >> [v2:172.21.15.82:6800/1415088792,v1:172.21.15.82:6801/1415088792] conn(0x7f1eb8036850 0x7f1eb8038d00 unknown :-1 s=BANNER_CONNECTING pgs=0 cs=0 l=1 rev1=0 crypto rx=0 tx=0 comp rx=0 tx=0)._handle_peer_banner_payload supported=3 required=0
2024-04-27T07:24:42.723 INFO:teuthology.orchestra.run.smithi082.stdout:/usr/bin/ceph: stderr
2024-04-27T07:24:41.935+0000 7f1eceffd700 1 --2- 172.21.15.82:0/1861815032 >> [v2:172.21.15.82:6800/1415088792,v1:172.21.15.82:6801/1415088792] conn(0x7f1eb8036850 0x7f1eb8038d00 secure :-1 s=READY pgs=10 cs=0 l=1 rev1=1 crypto rx=0x7f1ec4009990 tx=0x7f1ec4006e40 comp rx=0 tx=0).ready entity=mgr.14162 client_cookie=0 server_cookie=0 in_seq=0 out_seq=0
2024-04-27T07:24:42.723 INFO:teuthology.orchestra.run.smithi082.stdout:/usr/bin/ceph: stderr
2024-04-27T07:24:41.939+0000 7f1eb7fff700 1 -- 172.21.15.82:0/1861815032 <== mon.0 v2:172.21.15.82:3300/0 6 ==== mon_command_ack([{"prefix": "get_command_descriptions"}]=0 v0) v1 ==== 72+0+176702 (secure 0 0 0) 0x7f1ec0018530 con 0x7f1ed0102c70
2024-04-27T07:24:42.723 INFO:teuthology.orchestra.run.smithi082.stdout:/usr/bin/ceph: stderr
2024-04-27T07:24:41.971+0000 7f1eb7fff700 1 -- 172.21.15.82:0/1861815032 <== mon.0 v2:172.21.15.82:3300/0 7 ==== mgrmap(e 13) v1 ==== 43432+0+0 (secure 0 0 0) 0x7f1ec0024430 con 0x7f1ed0102c70
2024-04-27T07:24:42.723 INFO:teuthology.orchestra.run.smithi082.stdout:/usr/bin/ceph: stderr
2024-04-27T07:24:42.128+0000 7f1ed5e17700 1 -- 172.21.15.82:0/1861815032 --> [v2:172.21.15.82:3300/0,v1:172.21.15.82:6789/0] -- mon_command([{prefix=config set, name=osd_memory_target_autotune}] v 0) v1 -- 0x7f1ed004bed0 con 0x7f1ed0102c70
2024-04-27T07:24:42.723 INFO:teuthology.orchestra.run.smithi082.stdout:/usr/bin/ceph: stderr
2024-04-27T07:24:42.129+0000 7f1eb7fff700 1 -- 172.21.15.82:0/1861815032 <== mon.0 v2:172.21.15.82:3300/0 8 ==== mon_command_ack([{prefix=config set, name=osd_memory_target_autotune}]=0 v8)=0 v8) v1 ==== 127+0+0 (secure 0 0 0) 0x7f1ec0018530 con 0x7f1ed0102c70
2024-04-27T07:24:42.723 INFO:teuthology.orchestra.run.smithi082.stdout:/usr/bin/ceph: stderr
2024-04-27T07:24:42.130+0000 7f1ed5e17700 1 -- 172.21.15.82:0/1861815032 >> [v2:172.21.15.82:6800/1415088792,v1:172.21.15.82:6801/1415088792] conn(0x7f1eb8036850 msgr2=0x7f1eb8038d00 secure :-1 s=STATE_CONNECTION_ESTABLISHED l=1).mark_down
2024-04-27T07:24:42.723 INFO:teuthology.orchestra.run.smithi082.stdout:/usr/bin/ceph: stderr
2024-04-27T07:24:42.131+0000 7f1ed5e17700 1 --2- 172.21.15.82:0/1861815032 >> [v2:172.21.15.82:6800/1415088792,v1:172.21.15.82:6801/1415088792] conn(0x7f1eb8036850 0x7f1eb8038d00 secure :-1 s=READY pgs=10 cs=0 l=1 rev1=1 crypto rx=0x7f1ec4009990 tx=0x7f1ec4006e40 comp rx=0 tx=0).stop
2024-04-27T07:24:42.723 INFO:teuthology.orchestra.run.smithi082.stdout:/usr/bin/ceph: stderr
2024-04-27T07:24:42.131+0000 7f1ed5e17700 1 -- 172.21.15.82:0/1861815032 >> [v2:172.21.15.82:3300/0,v1:172.21.15.82:6789/0] conn(0x7f1ed0102c70 msgr2=0x7f1ed0113860 secure :-1 s=STATE_CONNECTION_ESTABLISHED l=1).mark_down
2024-04-27T07:24:42.723 INFO:teuthology.orchestra.run.smithi082.stdout:/usr/bin/ceph: stderr
2024-04-27T07:24:42.131+0000 7f1ed5e17700 1 --2- 172.21.15.82:0/1861815032 >> [v2:172.21.15.82:3300/0,v1:172.21.15.82:6789/0] conn(0x7f1ed0102c70 0x7f1ed0113860 secure :-1 s=READY pgs=87 cs=0 l=1 rev1=1 crypto rx=0x7f1ec00090b0 tx=0x7f1ec0009250 comp rx=0 tx=0).stop
2024-04-27T07:24:42.724 INFO:teuthology.orchestra.run.smithi082.stdout:/usr/bin/ceph: stderr
2024-04-27T07:24:42.131+0000 7f1ed5e17700 1 -- 172.21.15.82:0/1861815032 shutdown_connections
2024-04-27T07:24:42.724 INFO:teuthology.orchestra.run.smithi082.stdout:/usr/bin/ceph: stderr
2024-04-27T07:24:42.131+0000 7f1ed5e17700 1 --2- 172.21.15.82:0/1861815032 >> [v2:172.21.15.82:6800/1415088792,v1:172.21.15.82:6801/1415088792] conn(0x7f1eb8036850 0x7f1eb8038d00 unknown :-1 s=CLOSED pgs=10 cs=0 l=1 rev1=1 crypto rx=0 tx=0 comp rx=0 tx=0).stop
2024-04-27T07:24:42.724 INFO:teuthology.orchestra.run.smithi082.stdout:/usr/bin/ceph: stderr
2024-04-27T07:24:42.131+0000 7f1ed5e17700 1 --2- 172.21.15.82:0/1861815032 >> [v2:172.21.15.82:3300/0,v1:172.21.15.82:6789/0] conn(0x7f1ed0102c70 0x7f1ed0113860 unknown :-1 s=CLOSED pgs=87 cs=0 l=1 rev1=1 crypto rx=0 tx=0 comp rx=0 tx=0).stop
2024-04-27T07:24:42.724 INFO:teuthology.orchestra.run.smithi082.stdout:/usr/bin/ceph: stderr
2024-04-27T07:24:42.131+0000 7f1ed5e17700 1 -- 172.21.15.82:0/1861815032 >> 172.21.15.82:0/1861815032 conn(0x7f1ed00fc6f0 msgr2=0x7f1ed00fd1f0 unknown :-1 s=STATE_NONE l=0).mark_down
2024-04-27T07:24:42.724 INFO:teuthology.orchestra.run.smithi082.stdout:/usr/bin/ceph: stderr
2024-04-27T07:24:42.131+0000 7f1ed5e17700 1 -- 172.21.15.82:0/1861815032 shutdown_connections
2024-04-27T07:24:42.724 INFO:teuthology.orchestra.run.smithi082.stdout:/usr/bin/ceph: stderr
2024-04-27T07:24:42.131+0000 7f1ed5e17700 1 -- 172.21.15.82:0/1861815032 wait complete.
2024-04-27T07:24:43.343 INFO:journalctl@ceph.mon.smithi082.smithi082.stdout:Apr 27 07:24:42 smithi082 ceph-mon[26613]: mgrmap e13: smithi082.hhlhmf(active, since 6s)
2024-04-27T07:24:44.002 INFO:teuthology.orchestra.run.smithi082.stdout:/usr/bin/ceph: stderr
2024-04-27T07:24:43.125+0000 7fc654595700 1 Processor -- start
2024-04-27T07:24:44.002 INFO:teuthology.orchestra.run.smithi082.stdout:/usr/bin/ceph: stderr
2024-04-27T07:24:43.125+0000 7fc654595700 1 -- start start
2024-04-27T07:24:44.002 INFO:teuthology.orchestra.run.smithi082.stdout:/usr/bin/ceph: stderr
2024-04-27T07:24:43.125+0000 7fc654595700 1 --2- >> [v2:172.21.15.82:3300/0,v1:172.21.15.82:6789/0] conn(0x7fc64c102830 0x7fc64c102c40 unknown :-1 s=NONE pgs=0 cs=0 l=0 rev1=0 crypto rx=0 tx=0 comp rx=0 tx=0).connect
2024-04-27T07:24:44.002 INFO:teuthology.orchestra.run.smithi082.stdout:/usr/bin/ceph: stderr
2024-04-27T07:24:43.125+0000 7fc654595700 1 -- --> [v2:172.21.15.82:3300/0,v1:172.21.15.82:6789/0] -- mon_getmap magic: 0 v1 -- 0x7fc64c103180 con 0x7fc64c102830
2024-04-27T07:24:44.002 INFO:teuthology.orchestra.run.smithi082.stdout:/usr/bin/ceph: stderr
2024-04-27T07:24:43.125+0000 7fc652331700 1 --2- >> [v2:172.21.15.82:3300/0,v1:172.21.15.82:6789/0] conn(0x7fc64c102830 0x7fc64c102c40 unknown :-1 s=BANNER_CONNECTING pgs=0 cs=0 l=0 rev1=0 crypto rx=0 tx=0 comp rx=0 tx=0)._handle_peer_banner_payload supported=3 required=0
2024-04-27T07:24:44.002 INFO:teuthology.orchestra.run.smithi082.stdout:/usr/bin/ceph: stderr
2024-04-27T07:24:43.125+0000 7fc652331700 1 --2- >> [v2:172.21.15.82:3300/0,v1:172.21.15.82:6789/0] conn(0x7fc64c102830 0x7fc64c102c40 unknown :-1 s=HELLO_CONNECTING pgs=0 cs=0 l=0 rev1=1 crypto rx=0 tx=0 comp rx=0 tx=0).handle_hello peer v2:172.21.15.82:3300/0 says I am v2:172.21.15.82:51310/0 (socket says 172.21.15.82:51310)
2024-04-27T07:24:44.002 INFO:teuthology.orchestra.run.smithi082.stdout:/usr/bin/ceph: stderr
2024-04-27T07:24:43.125+0000 7fc652331700 1 -- 172.21.15.82:0/3744799581 learned_addr learned my addr 172.21.15.82:0/3744799581 (peer_addr_for_me v2:172.21.15.82:0/0)
2024-04-27T07:24:44.002 INFO:teuthology.orchestra.run.smithi082.stdout:/usr/bin/ceph: stderr
2024-04-27T07:24:43.126+0000 7fc652331700 1 -- 172.21.15.82:0/3744799581 --> [v2:172.21.15.82:3300/0,v1:172.21.15.82:6789/0] -- mon_subscribe({config=0+,monmap=0+}) v3 -- 0x7fc64c1032c0 con 0x7fc64c102830
2024-04-27T07:24:44.002 INFO:teuthology.orchestra.run.smithi082.stdout:/usr/bin/ceph: stderr
2024-04-27T07:24:43.126+0000 7fc652331700 1 --2- 172.21.15.82:0/3744799581 >> [v2:172.21.15.82:3300/0,v1:172.21.15.82:6789/0] conn(0x7fc64c102830 0x7fc64c102c40 secure :-1 s=READY pgs=88 cs=0 l=1 rev1=1 crypto rx=0x7fc6480098e0 tx=0x7fc648009250 comp rx=0 tx=0).ready entity=mon.0 client_cookie=5632506d29b4a72b server_cookie=0 in_seq=0 out_seq=0
2024-04-27T07:24:44.002 INFO:teuthology.orchestra.run.smithi082.stdout:/usr/bin/ceph: stderr
2024-04-27T07:24:43.126+0000 7fc65132f700 1 -- 172.21.15.82:0/3744799581 <== mon.0 v2:172.21.15.82:3300/0 1 ==== mon_map magic: 0 v1 ==== 229+0+0 (secure 0 0 0) 0x7fc64800b860 con 0x7fc64c102830
2024-04-27T07:24:44.003 INFO:teuthology.orchestra.run.smithi082.stdout:/usr/bin/ceph: stderr
2024-04-27T07:24:43.126+0000 7fc65132f700 1 -- 172.21.15.82:0/3744799581 <== mon.0 v2:172.21.15.82:3300/0 2 ==== config(27 keys) v1 ==== 1109+0+0 (secure 0 0 0) 0x7fc64800be90 con 0x7fc64c102830
2024-04-27T07:24:44.003 INFO:teuthology.orchestra.run.smithi082.stdout:/usr/bin/ceph: stderr
2024-04-27T07:24:43.126+0000 7fc65132f700 1 -- 172.21.15.82:0/3744799581 <== mon.0 v2:172.21.15.82:3300/0 3 ==== mon_map magic: 0 v1 ==== 229+0+0 (secure 0 0 0) 0x7fc6480103c0 con 0x7fc64c102830
2024-04-27T07:24:44.003 INFO:teuthology.orchestra.run.smithi082.stdout:/usr/bin/ceph: stderr
2024-04-27T07:24:43.126+0000 7fc654595700 1 -- 172.21.15.82:0/3744799581 >> [v2:172.21.15.82:3300/0,v1:172.21.15.82:6789/0] conn(0x7fc64c102830 msgr2=0x7fc64c102c40 secure :-1 s=STATE_CONNECTION_ESTABLISHED l=1).mark_down
2024-04-27T07:24:44.003 INFO:teuthology.orchestra.run.smithi082.stdout:/usr/bin/ceph: stderr
2024-04-27T07:24:43.126+0000 7fc654595700 1 --2- 172.21.15.82:0/3744799581 >> [v2:172.21.15.82:3300/0,v1:172.21.15.82:6789/0] conn(0x7fc64c102830 0x7fc64c102c40 secure :-1 s=READY pgs=88 cs=0 l=1 rev1=1 crypto rx=0x7fc6480098e0 tx=0x7fc648009250 comp rx=0 tx=0).stop
2024-04-27T07:24:44.003 INFO:teuthology.orchestra.run.smithi082.stdout:/usr/bin/ceph: stderr
2024-04-27T07:24:43.126+0000 7fc654595700 1 -- 172.21.15.82:0/3744799581 shutdown_connections
2024-04-27T07:24:44.003 INFO:teuthology.orchestra.run.smithi082.stdout:/usr/bin/ceph: stderr
2024-04-27T07:24:43.126+0000 7fc654595700 1 --2- 172.21.15.82:0/3744799581 >> [v2:172.21.15.82:3300/0,v1:172.21.15.82:6789/0] conn(0x7fc64c102830 0x7fc64c102c40 unknown :-1 s=CLOSED pgs=88 cs=0 l=1 rev1=1 crypto rx=0 tx=0 comp rx=0 tx=0).stop
2024-04-27T07:24:44.003 INFO:teuthology.orchestra.run.smithi082.stdout:/usr/bin/ceph: stderr
