2024-04-27T07:23:58.500+0000 7fe721cec700 1 -- --> [v2:172.21.15.82:3300/0,v1:172.21.15.82:6789/0] -- mon_getmap magic: 0 v1 -- 0x7fe71c1109d0 con 0x7fe71c101740
2024-04-27T07:23:59.325 INFO:teuthology.orchestra.run.smithi082.stdout:/usr/bin/ceph: stderr
2024-04-27T07:23:58.500+0000 7fe71b7fe700 1 --2- >> [v2:172.21.15.82:3300/0,v1:172.21.15.82:6789/0] conn(0x7fe71c101740 0x7fe71c110490 unknown :-1 s=BANNER_CONNECTING pgs=0 cs=0 l=1 rev1=0 crypto rx=0 tx=0 comp rx=0 tx=0)._handle_peer_banner_payload supported=3 required=0
2024-04-27T07:23:59.325 INFO:teuthology.orchestra.run.smithi082.stdout:/usr/bin/ceph: stderr
2024-04-27T07:23:58.500+0000 7fe71b7fe700 1 --2- >> [v2:172.21.15.82:3300/0,v1:172.21.15.82:6789/0] conn(0x7fe71c101740 0x7fe71c110490 unknown :-1 s=HELLO_CONNECTING pgs=0 cs=0 l=1 rev1=1 crypto rx=0 tx=0 comp rx=0 tx=0).handle_hello peer v2:172.21.15.82:3300/0 says I am v2:172.21.15.82:37734/0 (socket says 172.21.15.82:37734)
2024-04-27T07:23:59.325 INFO:teuthology.orchestra.run.smithi082.stdout:/usr/bin/ceph: stderr
2024-04-27T07:23:58.500+0000 7fe71b7fe700 1 -- 172.21.15.82:0/2328042656 learned_addr learned my addr 172.21.15.82:0/2328042656 (peer_addr_for_me v2:172.21.15.82:0/0)
2024-04-27T07:23:59.325 INFO:teuthology.orchestra.run.smithi082.stdout:/usr/bin/ceph: stderr
2024-04-27T07:23:58.500+0000 7fe71b7fe700 1 -- 172.21.15.82:0/2328042656 --> [v2:172.21.15.82:3300/0,v1:172.21.15.82:6789/0] -- mon_subscribe({config=0+,monmap=0+}) v3 -- 0x7fe70c0094f0 con 0x7fe71c101740
2024-04-27T07:23:59.326 INFO:teuthology.orchestra.run.smithi082.stdout:/usr/bin/ceph: stderr
2024-04-27T07:23:58.501+0000 7fe71b7fe700 1 --2- 172.21.15.82:0/2328042656 >> [v2:172.21.15.82:3300/0,v1:172.21.15.82:6789/0] conn(0x7fe71c101740 0x7fe71c110490 secure :-1 s=READY pgs=27 cs=0 l=1 rev1=1 crypto rx=0x7fe70c000c00 tx=0x7fe70c009250 comp rx=0 tx=0).ready entity=mon.0 client_cookie=0 server_cookie=0 in_seq=0 out_seq=0
2024-04-27T07:23:59.326 INFO:teuthology.orchestra.run.smithi082.stdout:/usr/bin/ceph: stderr
2024-04-27T07:23:58.501+0000 7fe703fff700 1 -- 172.21.15.82:0/2328042656 <== mon.0 v2:172.21.15.82:3300/0 1 ==== mon_map magic: 0 v1 ==== 229+0+0 (secure 0 0 0) 0x7fe70c0107c0 con 0x7fe71c101740
2024-04-27T07:23:59.326 INFO:teuthology.orchestra.run.smithi082.stdout:/usr/bin/ceph: stderr
2024-04-27T07:23:58.501+0000 7fe703fff700 1 -- 172.21.15.82:0/2328042656 <== mon.0 v2:172.21.15.82:3300/0 2 ==== config(27 keys) v1 ==== 1044+0+0 (secure 0 0 0) 0x7fe70c010db0 con 0x7fe71c101740
2024-04-27T07:23:59.326 INFO:teuthology.orchestra.run.smithi082.stdout:/usr/bin/ceph: stderr
2024-04-27T07:23:58.501+0000 7fe721cec700 1 -- 172.21.15.82:0/2328042656 --> [v2:172.21.15.82:3300/0,v1:172.21.15.82:6789/0] -- mon_subscribe({mgrmap=0+}) v3 -- 0x7fe71c110bd0 con 0x7fe71c101740
2024-04-27T07:23:59.326 INFO:teuthology.orchestra.run.smithi082.stdout:/usr/bin/ceph: stderr
2024-04-27T07:23:58.501+0000 7fe703fff700 1 -- 172.21.15.82:0/2328042656 <== mon.0 v2:172.21.15.82:3300/0 3 ==== mon_map magic: 0 v1 ==== 229+0+0 (secure 0 0 0) 0x7fe70c01ad00 con 0x7fe71c101740
2024-04-27T07:23:59.326 INFO:teuthology.orchestra.run.smithi082.stdout:/usr/bin/ceph: stderr
2024-04-27T07:23:58.501+0000 7fe721cec700 1 -- 172.21.15.82:0/2328042656 --> [v2:172.21.15.82:3300/0,v1:172.21.15.82:6789/0] -- mon_subscribe({osdmap=0}) v3 -- 0x7fe71c111740 con 0x7fe71c101740
2024-04-27T07:23:59.326 INFO:teuthology.orchestra.run.smithi082.stdout:/usr/bin/ceph: stderr
2024-04-27T07:23:58.502+0000 7fe703fff700 1 -- 172.21.15.82:0/2328042656 <== mon.0 v2:172.21.15.82:3300/0 4 ==== mgrmap(e 5) v1 ==== 43376+0+0 (secure 0 0 0) 0x7fe70c0193c0 con 0x7fe71c101740
2024-04-27T07:23:59.326 INFO:teuthology.orchestra.run.smithi082.stdout:/usr/bin/ceph: stderr
2024-04-27T07:23:58.502+0000 7fe721cec700 1 -- 172.21.15.82:0/2328042656 --> [v2:172.21.15.82:3300/0,v1:172.21.15.82:6789/0] -- mon_command({"prefix": "get_command_descriptions"} v 0) v1 -- 0x7fe71c05f5c0 con 0x7fe71c101740
2024-04-27T07:23:59.326 INFO:teuthology.orchestra.run.smithi082.stdout:/usr/bin/ceph: stderr
2024-04-27T07:23:58.502+0000 7fe703fff700 1 --2- 172.21.15.82:0/2328042656 >> [v2:172.21.15.82:6800/3242457432,v1:172.21.15.82:6801/3242457432] conn(0x7fe704036850 0x7fe704038d00 unknown :-1 s=NONE pgs=0 cs=0 l=1 rev1=0 crypto rx=0 tx=0 comp rx=0 tx=0).connect
2024-04-27T07:23:59.326 INFO:teuthology.orchestra.run.smithi082.stdout:/usr/bin/ceph: stderr
2024-04-27T07:23:58.502+0000 7fe703fff700 1 -- 172.21.15.82:0/2328042656 <== mon.0 v2:172.21.15.82:3300/0 5 ==== osd_map(1..1 src has 1..1) v4 ==== 721+0+0 (secure 0 0 0) 0x7fe70c04a650 con 0x7fe71c101740
2024-04-27T07:23:59.326 INFO:teuthology.orchestra.run.smithi082.stdout:/usr/bin/ceph: stderr
2024-04-27T07:23:58.502+0000 7fe71affd700 1 -- 172.21.15.82:0/2328042656 >> [v2:172.21.15.82:6800/3242457432,v1:172.21.15.82:6801/3242457432] conn(0x7fe704036850 msgr2=0x7fe704038d00 unknown :-1 s=STATE_CONNECTING_RE l=1).process reconnect failed to v2:172.21.15.82:6800/3242457432
2024-04-27T07:23:59.326 INFO:teuthology.orchestra.run.smithi082.stdout:/usr/bin/ceph: stderr
2024-04-27T07:23:58.502+0000 7fe71affd700 1 --2- 172.21.15.82:0/2328042656 >> [v2:172.21.15.82:6800/3242457432,v1:172.21.15.82:6801/3242457432] conn(0x7fe704036850 0x7fe704038d00 unknown :-1 s=START_CONNECT pgs=0 cs=0 l=1 rev1=0 crypto rx=0 tx=0 comp rx=0 tx=0)._fault waiting 0.200000
2024-04-27T07:23:59.326 INFO:teuthology.orchestra.run.smithi082.stdout:/usr/bin/ceph: stderr
2024-04-27T07:23:58.507+0000 7fe703fff700 1 -- 172.21.15.82:0/2328042656 <== mon.0 v2:172.21.15.82:3300/0 6 ==== mon_command_ack([{"prefix": "get_command_descriptions"}]=0 v0) v1 ==== 72+0+176702 (secure 0 0 0) 0x7fe70c022930 con 0x7fe71c101740
2024-04-27T07:23:59.327 INFO:teuthology.orchestra.run.smithi082.stdout:/usr/bin/ceph: stderr
2024-04-27T07:23:58.703+0000 7fe71affd700 1 -- 172.21.15.82:0/2328042656 >> [v2:172.21.15.82:6800/3242457432,v1:172.21.15.82:6801/3242457432] conn(0x7fe704036850 msgr2=0x7fe704038d00 unknown :-1 s=STATE_CONNECTING_RE l=1).process reconnect failed to v2:172.21.15.82:6800/3242457432
2024-04-27T07:23:59.327 INFO:teuthology.orchestra.run.smithi082.stdout:/usr/bin/ceph: stderr
2024-04-27T07:23:58.703+0000 7fe71affd700 1 --2- 172.21.15.82:0/2328042656 >> [v2:172.21.15.82:6800/3242457432,v1:172.21.15.82:6801/3242457432] conn(0x7fe704036850 0x7fe704038d00 unknown :-1 s=START_CONNECT pgs=0 cs=0 l=1 rev1=0 crypto rx=0 tx=0 comp rx=0 tx=0)._fault waiting 0.400000
2024-04-27T07:23:59.327 INFO:teuthology.orchestra.run.smithi082.stdout:/usr/bin/ceph: stderr
2024-04-27T07:23:58.786+0000 7fe721cec700 1 -- 172.21.15.82:0/2328042656 --> [v2:172.21.15.82:3300/0,v1:172.21.15.82:6789/0] -- mon_command({"prefix": "mgr stat"} v 0) v1 -- 0x7fe71c111a80 con 0x7fe71c101740
2024-04-27T07:23:59.327 INFO:teuthology.orchestra.run.smithi082.stdout:/usr/bin/ceph: stderr
2024-04-27T07:23:58.787+0000 7fe703fff700 1 -- 172.21.15.82:0/2328042656 <== mon.0 v2:172.21.15.82:3300/0 7 ==== mon_command_ack([{"prefix": "mgr stat"}]=0 v5) v1 ==== 56+0+103 (secure 0 0 0) 0x7fe70c022340 con 0x7fe71c101740
2024-04-27T07:23:59.327 INFO:teuthology.orchestra.run.smithi082.stdout:/usr/bin/ceph: stderr
2024-04-27T07:23:58.789+0000 7fe721cec700 1 -- 172.21.15.82:0/2328042656 >> [v2:172.21.15.82:6800/3242457432,v1:172.21.15.82:6801/3242457432] conn(0x7fe704036850 msgr2=0x7fe704038d00 unknown :-1 s=STATE_CONNECTING l=1).mark_down
2024-04-27T07:23:59.327 INFO:teuthology.orchestra.run.smithi082.stdout:/usr/bin/ceph: stderr
2024-04-27T07:23:58.789+0000 7fe721cec700 1 --2- 172.21.15.82:0/2328042656 >> [v2:172.21.15.82:6800/3242457432,v1:172.21.15.82:6801/3242457432] conn(0x7fe704036850 0x7fe704038d00 unknown :-1 s=START_CONNECT pgs=0 cs=0 l=1 rev1=0 crypto rx=0 tx=0 comp rx=0 tx=0).stop
2024-04-27T07:23:59.327 INFO:teuthology.orchestra.run.smithi082.stdout:/usr/bin/ceph: stderr
2024-04-27T07:23:58.789+0000 7fe721cec700 1 -- 172.21.15.82:0/2328042656 >> [v2:172.21.15.82:3300/0,v1:172.21.15.82:6789/0] conn(0x7fe71c101740 msgr2=0x7fe71c110490 secure :-1 s=STATE_CONNECTION_ESTABLISHED l=1).mark_down
2024-04-27T07:23:59.327 INFO:teuthology.orchestra.run.smithi082.stdout:/usr/bin/ceph: stderr
2024-04-27T07:23:58.789+0000 7fe721cec700 1 --2- 172.21.15.82:0/2328042656 >> [v2:172.21.15.82:3300/0,v1:172.21.15.82:6789/0] conn(0x7fe71c101740 0x7fe71c110490 secure :-1 s=READY pgs=27 cs=0 l=1 rev1=1 crypto rx=0x7fe70c000c00 tx=0x7fe70c009250 comp rx=0 tx=0).stop
2024-04-27T07:23:59.327 INFO:teuthology.orchestra.run.smithi082.stdout:/usr/bin/ceph: stderr
2024-04-27T07:23:58.789+0000 7fe721cec700 1 -- 172.21.15.82:0/2328042656 shutdown_connections
2024-04-27T07:23:59.327 INFO:teuthology.orchestra.run.smithi082.stdout:/usr/bin/ceph: stderr
2024-04-27T07:23:58.789+0000 7fe721cec700 1 --2- 172.21.15.82:0/2328042656 >> [v2:172.21.15.82:6800/3242457432,v1:172.21.15.82:6801/3242457432] conn(0x7fe704036850 0x7fe704038d00 unknown :-1 s=CLOSED pgs=0 cs=0 l=1 rev1=0 crypto rx=0 tx=0 comp rx=0 tx=0).stop
2024-04-27T07:23:59.327 INFO:teuthology.orchestra.run.smithi082.stdout:/usr/bin/ceph: stderr
2024-04-27T07:23:58.789+0000 7fe721cec700 1 --2- 172.21.15.82:0/2328042656 >> [v2:172.21.15.82:3300/0,v1:172.21.15.82:6789/0] conn(0x7fe71c101740 0x7fe71c110490 unknown :-1 s=CLOSED pgs=27 cs=0 l=1 rev1=1 crypto rx=0 tx=0 comp rx=0 tx=0).stop
2024-04-27T07:23:59.327 INFO:teuthology.orchestra.run.smithi082.stdout:/usr/bin/ceph: stderr
2024-04-27T07:23:58.789+0000 7fe721cec700 1 -- 172.21.15.82:0/2328042656 >> 172.21.15.82:0/2328042656 conn(0x7fe71c0fcec0 msgr2=0x7fe71c0fd930 unknown :-1 s=STATE_NONE l=0).mark_down
2024-04-27T07:23:59.327 INFO:teuthology.orchestra.run.smithi082.stdout:/usr/bin/ceph: stderr
2024-04-27T07:23:58.789+0000 7fe721cec700 1 -- 172.21.15.82:0/2328042656 shutdown_connections
2024-04-27T07:23:59.327 INFO:teuthology.orchestra.run.smithi082.stdout:/usr/bin/ceph: stderr
2024-04-27T07:23:58.789+0000 7fe721cec700 1 -- 172.21.15.82:0/2328042656 wait complete.
2024-04-27T07:23:59.328 INFO:teuthology.orchestra.run.smithi082.stdout:Waiting for the mgr to restart...
2024-04-27T07:23:59.328 INFO:teuthology.orchestra.run.smithi082.stdout:Waiting for mgr epoch 5...
2024-04-27T07:23:59.742 INFO:journalctl@ceph.mon.smithi082.smithi082.stdout:Apr 27 07:23:59 smithi082 ceph-mon[26613]: from='client.? 172.21.15.82:0/2328042656' entity='client.admin' cmd=[{"prefix": "mgr stat"}]: dispatch
2024-04-27T07:24:04.094 INFO:journalctl@ceph.mon.smithi082.smithi082.stdout:Apr 27 07:24:03 smithi082 ceph-mon[26613]: Active manager daemon smithi082.hhlhmf restarted
2024-04-27T07:24:04.094 INFO:journalctl@ceph.mon.smithi082.smithi082.stdout:Apr 27 07:24:03 smithi082 ceph-mon[26613]: Activating manager daemon smithi082.hhlhmf
2024-04-27T07:24:04.094 INFO:journalctl@ceph.mon.smithi082.smithi082.stdout:Apr 27 07:24:03 smithi082 ceph-mon[26613]: osdmap e2: 0 total, 0 up, 0 in
2024-04-27T07:24:04.094 INFO:journalctl@ceph.mon.smithi082.smithi082.stdout:Apr 27 07:24:03 smithi082 ceph-mon[26613]: mgrmap e6: smithi082.hhlhmf(active, starting, since 0.00322231s)
2024-04-27T07:24:04.094 INFO:journalctl@ceph.mon.smithi082.smithi082.stdout:Apr 27 07:24:03 smithi082 ceph-mon[26613]: from='mgr.14120 172.21.15.82:0/2655742192' entity='mgr.smithi082.hhlhmf' cmd=[{"prefix": "mon metadata", "id": "smithi082"}]: dispatch
2024-04-27T07:24:04.094 INFO:journalctl@ceph.mon.smithi082.smithi082.stdout:Apr 27 07:24:03 smithi082 ceph-mon[26613]: from='mgr.14120 172.21.15.82:0/2655742192' entity='mgr.smithi082.hhlhmf' cmd=[{"prefix": "mgr metadata", "who": "smithi082.hhlhmf", "id": "smithi082.hhlhmf"}]: dispatch
2024-04-27T07:24:04.094 INFO:journalctl@ceph.mon.smithi082.smithi082.stdout:Apr 27 07:24:03 smithi082 ceph-mon[26613]: from='mgr.14120 172.21.15.82:0/2655742192' entity='mgr.smithi082.hhlhmf' cmd=[{"prefix": "mds metadata"}]: dispatch
2024-04-27T07:24:04.094 INFO:journalctl@ceph.mon.smithi082.smithi082.stdout:Apr 27 07:24:03 smithi082 ceph-mon[26613]: from='mgr.14120 172.21.15.82:0/2655742192' entity='mgr.smithi082.hhlhmf' cmd=[{"prefix": "osd metadata"}]: dispatch
2024-04-27T07:24:04.094 INFO:journalctl@ceph.mon.smithi082.smithi082.stdout:Apr 27 07:24:03 smithi082 ceph-mon[26613]: from='mgr.14120 172.21.15.82:0/2655742192' entity='mgr.smithi082.hhlhmf' cmd=[{"prefix": "mon metadata"}]: dispatch
2024-04-27T07:24:04.094 INFO:journalctl@ceph.mon.smithi082.smithi082.stdout:Apr 27 07:24:03 smithi082 ceph-mon[26613]: Manager daemon smithi082.hhlhmf is now available
2024-04-27T07:24:04.095 INFO:journalctl@ceph.mon.smithi082.smithi082.stdout:Apr 27 07:24:03 smithi082 ceph-mon[26613]: from='mgr.14120 172.21.15.82:0/2655742192' entity='mgr.smithi082.hhlhmf'
2024-04-27T07:24:04.095 INFO:journalctl@ceph.mon.smithi082.smithi082.stdout:Apr 27 07:24:03 smithi082 ceph-mon[26613]: from='mgr.14120 172.21.15.82:0/2655742192' entity='mgr.smithi082.hhlhmf'
2024-04-27T07:24:04.095 INFO:journalctl@ceph.mon.smithi082.smithi082.stdout:Apr 27 07:24:03 smithi082 ceph-mon[26613]: from='mgr.14120 172.21.15.82:0/2655742192' entity='mgr.smithi082.hhlhmf' cmd=[{"prefix": "config dump", "format": "json"}]: dispatch
2024-04-27T07:24:04.095 INFO:journalctl@ceph.mon.smithi082.smithi082.stdout:Apr 27 07:24:03 smithi082 ceph-mon[26613]: from='mgr.14120 172.21.15.82:0/2655742192' entity='mgr.smithi082.hhlhmf' cmd=[{"prefix": "config dump", "format": "json"}]: dispatch
2024-04-27T07:24:04.095 INFO:journalctl@ceph.mon.smithi082.smithi082.stdout:Apr 27 07:24:03 smithi082 ceph-mon[26613]: from='mgr.14120 172.21.15.82:0/2655742192' entity='mgr.smithi082.hhlhmf' cmd=[{"prefix": "config dump", "format": "json"}]: dispatch
2024-04-27T07:24:04.095 INFO:journalctl@ceph.mon.smithi082.smithi082.stdout:Apr 27 07:24:03 smithi082 ceph-mon[26613]: from='mgr.14120 172.21.15.82:0/2655742192' entity='mgr.smithi082.hhlhmf' cmd=[{"prefix":"config rm","who":"mgr","name":"mgr/rbd_support/smithi082.hhlhmf/mirror_snapshot_schedule"}]: dispatch
2024-04-27T07:24:04.095 INFO:journalctl@ceph.mon.smithi082.smithi082.stdout:Apr 27 07:24:03 smithi082 ceph-mon[26613]: from='mgr.14120 172.21.15.82:0/2655742192' entity='mgr.smithi082.hhlhmf' cmd=[{"prefix":"config rm","who":"mgr","name":"mgr/rbd_support/smithi082.hhlhmf/trash_purge_schedule"}]: dispatch
2024-04-27T07:24:05.270 INFO:journalctl@ceph.mon.smithi082.smithi082.stdout:Apr 27 07:24:04 smithi082 ceph-mon[26613]: Found migration_current of "None". Setting to last migration.
2024-04-27T07:24:05.270 INFO:journalctl@ceph.mon.smithi082.smithi082.stdout:Apr 27 07:24:04 smithi082 ceph-mon[26613]: mgrmap e7: smithi082.hhlhmf(active, since 1.0052s)
2024-04-27T07:24:05.548 INFO:teuthology.orchestra.run.smithi082.stdout:/usr/bin/ceph: stdout {
2024-04-27T07:24:05.548 INFO:teuthology.orchestra.run.smithi082.stdout:/usr/bin/ceph: stdout "mgrmap_epoch": 7,
2024-04-27T07:24:05.548 INFO:teuthology.orchestra.run.smithi082.stdout:/usr/bin/ceph: stdout "initialized": true
2024-04-27T07:24:05.548 INFO:teuthology.orchestra.run.smithi082.stdout:/usr/bin/ceph: stdout }
2024-04-27T07:24:05.548 INFO:teuthology.orchestra.run.smithi082.stdout:/usr/bin/ceph: stderr
2024-04-27T07:23:59.920+0000 7efc95d36700 1 Processor -- start
2024-04-27T07:24:05.548 INFO:teuthology.orchestra.run.smithi082.stdout:/usr/bin/ceph: stderr
2024-04-27T07:23:59.920+0000 7efc95d36700 1 -- start start
2024-04-27T07:24:05.548 INFO:teuthology.orchestra.run.smithi082.stdout:/usr/bin/ceph: stderr
2024-04-27T07:23:59.921+0000 7efc95d36700 1 --2- >> [v2:172.21.15.82:3300/0,v1:172.21.15.82:6789/0] conn(0x7efc90076c00 0x7efc90105440 unknown :-1 s=NONE pgs=0 cs=0 l=0 rev1=0 crypto rx=0 tx=0 comp rx=0 tx=0).connect
2024-04-27T07:24:05.549 INFO:teuthology.orchestra.run.smithi082.stdout:/usr/bin/ceph: stderr
2024-04-27T07:23:59.921+0000 7efc95d36700 1 -- --> [v2:172.21.15.82:3300/0,v1:172.21.15.82:6789/0] -- mon_getmap magic: 0 v1 -- 0x7efc90105980 con 0x7efc90076c00
2024-04-27T07:24:05.549 INFO:teuthology.orchestra.run.smithi082.stdout:/usr/bin/ceph: stderr
2024-04-27T07:23:59.921+0000 7efc8f7fe700 1 --2- >> [v2:172.21.15.82:3300/0,v1:172.21.15.82:6789/0] conn(0x7efc90076c00 0x7efc90105440 unknown :-1 s=BANNER_CONNECTING pgs=0 cs=0 l=0 rev1=0 crypto rx=0 tx=0 comp rx=0 tx=0)._handle_peer_banner_payload supported=3 required=0
2024-04-27T07:24:05.549 INFO:teuthology.orchestra.run.smithi082.stdout:/usr/bin/ceph: stderr
2024-04-27T07:23:59.921+0000 7efc8f7fe700 1 --2- >> [v2:172.21.15.82:3300/0,v1:172.21.15.82:6789/0] conn(0x7efc90076c00 0x7efc90105440 unknown :-1 s=HELLO_CONNECTING pgs=0 cs=0 l=0 rev1=1 crypto rx=0 tx=0 comp rx=0 tx=0).handle_hello peer v2:172.21.15.82:3300/0 says I am v2:172.21.15.82:37748/0 (socket says 172.21.15.82:37748)
2024-04-27T07:24:05.549 INFO:teuthology.orchestra.run.smithi082.stdout:/usr/bin/ceph: stderr
2024-04-27T07:23:59.921+0000 7efc8f7fe700 1 -- 172.21.15.82:0/3118394377 learned_addr learned my addr 172.21.15.82:0/3118394377 (peer_addr_for_me v2:172.21.15.82:0/0)
2024-04-27T07:24:05.549 INFO:teuthology.orchestra.run.smithi082.stdout:/usr/bin/ceph: stderr
2024-04-27T07:23:59.921+0000 7efc8f7fe700 1 -- 172.21.15.82:0/3118394377 --> [v2:172.21.15.82:3300/0,v1:172.21.15.82:6789/0] -- mon_subscribe({config=0+,monmap=0+}) v3 -- 0x7efc90105ac0 con 0x7efc90076c00
2024-04-27T07:24:05.549 INFO:teuthology.orchestra.run.smithi082.stdout:/usr/bin/ceph: stderr
2024-04-27T07:23:59.921+0000 7efc8f7fe700 1 --2- 172.21.15.82:0/3118394377 >> [v2:172.21.15.82:3300/0,v1:172.21.15.82:6789/0] conn(0x7efc90076c00 0x7efc90105440 secure :-1 s=READY pgs=28 cs=0 l=1 rev1=1 crypto rx=0x7efc840098e0 tx=0x7efc84009250 comp rx=0 tx=0).ready entity=mon.0 client_cookie=e84519137fd1fa86 server_cookie=0 in_seq=0 out_seq=0
2024-04-27T07:24:05.549 INFO:teuthology.orchestra.run.smithi082.stdout:/usr/bin/ceph: stderr
2024-04-27T07:23:59.921+0000 7efc8e7fc700 1 -- 172.21.15.82:0/3118394377 <== mon.0 v2:172.21.15.82:3300/0 1 ==== mon_map magic: 0 v1 ==== 229+0+0 (secure 0 0 0) 0x7efc8400b860 con 0x7efc90076c00
2024-04-27T07:24:05.549 INFO:teuthology.orchestra.run.smithi082.stdout:/usr/bin/ceph: stderr
2024-04-27T07:23:59.922+0000 7efc8e7fc700 1 -- 172.21.15.82:0/3118394377 <== mon.0 v2:172.21.15.82:3300/0 2 ==== config(27 keys) v1 ==== 1044+0+0 (secure 0 0 0) 0x7efc8400be50 con 0x7efc90076c00
2024-04-27T07:24:05.549 INFO:teuthology.orchestra.run.smithi082.stdout:/usr/bin/ceph: stderr
2024-04-27T07:23:59.922+0000 7efc8e7fc700 1 -- 172.21.15.82:0/3118394377 <== mon.0 v2:172.21.15.82:3300/0 3 ==== mon_map magic: 0 v1 ==== 229+0+0 (secure 0 0 0) 0x7efc84010380 con 0x7efc90076c00
2024-04-27T07:24:05.549 INFO:teuthology.orchestra.run.smithi082.stdout:/usr/bin/ceph: stderr
2024-04-27T07:23:59.922+0000 7efc95d36700 1 -- 172.21.15.82:0/3118394377 >> [v2:172.21.15.82:3300/0,v1:172.21.15.82:6789/0] conn(0x7efc90076c00 msgr2=0x7efc90105440 secure :-1 s=STATE_CONNECTION_ESTABLISHED l=1).mark_down
2024-04-27T07:24:05.550 INFO:teuthology.orchestra.run.smithi082.stdout:/usr/bin/ceph: stderr
2024-04-27T07:23:59.922+0000 7efc95d36700 1 --2- 172.21.15.82:0/3118394377 >> [v2:172.21.15.82:3300/0,v1:172.21.15.82:6789/0] conn(0x7efc90076c00 0x7efc90105440 secure :-1 s=READY pgs=28 cs=0 l=1 rev1=1 crypto rx=0x7efc840098e0 tx=0x7efc84009250 comp rx=0 tx=0).stop
2024-04-27T07:24:05.550 INFO:teuthology.orchestra.run.smithi082.stdout:/usr/bin/ceph: stderr
2024-04-27T07:23:59.922+0000 7efc95d36700 1 -- 172.21.15.82:0/3118394377 shutdown_connections
2024-04-27T07:24:05.550 INFO:teuthology.orchestra.run.smithi082.stdout:/usr/bin/ceph: stderr
2024-04-27T07:23:59.922+0000 7efc95d36700 1 --2- 172.21.15.82:0/3118394377 >> [v2:172.21.15.82:3300/0,v1:172.21.15.82:6789/0] conn(0x7efc90076c00 0x7efc90105440 unknown :-1 s=CLOSED pgs=28 cs=0 l=1 rev1=1 crypto rx=0 tx=0 comp rx=0 tx=0).stop
2024-04-27T07:24:05.550 INFO:teuthology.orchestra.run.smithi082.stdout:/usr/bin/ceph: stderr
2024-04-27T07:23:59.922+0000 7efc95d36700 1 -- 172.21.15.82:0/3118394377 >> 172.21.15.82:0/3118394377 conn(0x7efc900fcef0 msgr2=0x7efc900ff300 unknown :-1 s=STATE_NONE l=0).mark_down
2024-04-27T07:24:05.550 INFO:teuthology.orchestra.run.smithi082.stdout:/usr/bin/ceph: stderr
2024-04-27T07:23:59.922+0000 7efc95d36700 1 -- 172.21.15.82:0/3118394377 shutdown_connections
2024-04-27T07:24:05.550 INFO:teuthology.orchestra.run.smithi082.stdout:/usr/bin/ceph: stderr
2024-04-27T07:23:59.922+0000 7efc95d36700 1 -- 172.21.15.82:0/3118394377 wait complete.
2024-04-27T07:24:05.550 INFO:teuthology.orchestra.run.smithi082.stdout:/usr/bin/ceph: stderr
2024-04-27T07:23:59.923+0000 7efc95d36700 1 Processor -- start
2024-04-27T07:24:05.550 INFO:teuthology.orchestra.run.smithi082.stdout:/usr/bin/ceph: stderr
2024-04-27T07:23:59.923+0000 7efc95d36700 1 -- start start
2024-04-27T07:24:05.550 INFO:teuthology.orchestra.run.smithi082.stdout:/usr/bin/ceph: stderr
2024-04-27T07:23:59.923+0000 7efc95d36700 1 --2- >> [v2:172.21.15.82:3300/0,v1:172.21.15.82:6789/0] conn(0x7efc90076c00 0x7efc90102d90 unknown :-1 s=NONE pgs=0 cs=0 l=1 rev1=0 crypto rx=0 tx=0 comp rx=0 tx=0).connect
2024-04-27T07:24:05.550 INFO:teuthology.orchestra.run.smithi082.stdout:/usr/bin/ceph: stderr
2024-04-27T07:23:59.923+0000 7efc95d36700 1 -- --> [v2:172.21.15.82:3300/0,v1:172.21.15.82:6789/0] -- mon_getmap magic: 0 v1 -- 0x7efc901032d0 con 0x7efc90076c00
2024-04-27T07:24:05.550 INFO:teuthology.orchestra.run.smithi082.stdout:/usr/bin/ceph: stderr
2024-04-27T07:23:59.923+0000 7efc8f7fe700 1 --2- >> [v2:172.21.15.82:3300/0,v1:172.21.15.82:6789/0] conn(0x7efc90076c00 0x7efc90102d90 unknown :-1 s=BANNER_CONNECTING pgs=0 cs=0 l=1 rev1=0 crypto rx=0 tx=0 comp rx=0 tx=0)._handle_peer_banner_payload supported=3 required=0
2024-04-27T07:24:05.550 INFO:teuthology.orchestra.run.smithi082.stdout:/usr/bin/ceph: stderr
2024-04-27T07:23:59.923+0000 7efc8f7fe700 1 --2- >> [v2:172.21.15.82:3300/0,v1:172.21.15.82:6789/0] conn(0x7efc90076c00 0x7efc90102d90 unknown :-1 s=HELLO_CONNECTING pgs=0 cs=0 l=1 rev1=1 crypto rx=0 tx=0 comp rx=0 tx=0).handle_hello peer v2:172.21.15.82:3300/0 says I am v2:172.21.15.82:37754/0 (socket says 172.21.15.82:37754)
2024-04-27T07:24:05.550 INFO:teuthology.orchestra.run.smithi082.stdout:/usr/bin/ceph: stderr
2024-04-27T07:23:59.923+0000 7efc8f7fe700 1 -- 172.21.15.82:0/1449610862 learned_addr learned my addr 172.21.15.82:0/1449610862 (peer_addr_for_me v2:172.21.15.82:0/0)
2024-04-27T07:24:05.551 INFO:teuthology.orchestra.run.smithi082.stdout:/usr/bin/ceph: stderr
2024-04-27T07:23:59.923+0000 7efc8f7fe700 1 -- 172.21.15.82:0/1449610862 --> [v2:172.21.15.82:3300/0,v1:172.21.15.82:6789/0] -- mon_subscribe({config=0+,monmap=0+}) v3 -- 0x7efc840094f0 con 0x7efc90076c00
2024-04-27T07:24:05.551 INFO:teuthology.orchestra.run.smithi082.stdout:/usr/bin/ceph: stderr
2024-04-27T07:23:59.924+0000 7efc8f7fe700 1 --2- 172.21.15.82:0/1449610862 >> [v2:172.21.15.82:3300/0,v1:172.21.15.82:6789/0] conn(0x7efc90076c00 0x7efc90102d90 secure :-1 s=READY pgs=29 cs=0 l=1 rev1=1 crypto rx=0x7efc84003050 tx=0x7efc84009250 comp rx=0 tx=0).ready entity=mon.0 client_cookie=0 server_cookie=0 in_seq=0 out_seq=0
2024-04-27T07:24:05.551 INFO:teuthology.orchestra.run.smithi082.stdout:/usr/bin/ceph: stderr
2024-04-27T07:23:59.924+0000 7efc77fff700 1 -- 172.21.15.82:0/1449610862 <== mon.0 v2:172.21.15.82:3300/0 1 ==== mon_map magic: 0 v1 ==== 229+0+0 (secure 0 0 0) 0x7efc84010760 con 0x7efc90076c00
2024-04-27T07:24:05.551 INFO:teuthology.orchestra.run.smithi082.stdout:/usr/bin/ceph: stderr
2024-04-27T07:23:59.924+0000 7efc77fff700 1 -- 172.21.15.82:0/1449610862 <== mon.0 v2:172.21.15.82:3300/0 2 ==== config(27 keys) v1 ==== 1044+0+0 (secure 0 0 0) 0x7efc84010d50 con 0x7efc90076c00
2024-04-27T07:24:05.551 INFO:teuthology.orchestra.run.smithi082.stdout:/usr/bin/ceph: stderr
2024-04-27T07:23:59.924+0000 7efc77fff700 1 -- 172.21.15.82:0/1449610862 <== mon.0 v2:172.21.15.82:3300/0 3 ==== mon_map magic: 0 v1 ==== 229+0+0 (secure 0 0 0) 0x7efc8401ae20 con 0x7efc90076c00
2024-04-27T07:24:05.551 INFO:teuthology.orchestra.run.smithi082.stdout:/usr/bin/ceph: stderr
2024-04-27T07:23:59.924+0000 7efc95d36700 1 -- 172.21.15.82:0/1449610862 --> [v2:172.21.15.82:3300/0,v1:172.21.15.82:6789/0] -- mon_subscribe({mgrmap=0+}) v3 -- 0x7efc90101340 con 0x7efc90076c00
2024-04-27T07:24:05.551 INFO:teuthology.orchestra.run.smithi082.stdout:/usr/bin/ceph: stderr
2024-04-27T07:23:59.924+0000 7efc95d36700 1 -- 172.21.15.82:0/1449610862 --> [v2:172.21.15.82:3300/0,v1:172.21.15.82:6789/0] -- mon_subscribe({osdmap=0}) v3 -- 0x7efc90101830 con 0x7efc90076c00
2024-04-27T07:24:05.551 INFO:teuthology.orchestra.run.smithi082.stdout:/usr/bin/ceph: stderr
2024-04-27T07:23:59.925+0000 7efc77fff700 1 -- 172.21.15.82:0/1449610862 <== mon.0 v2:172.21.15.82:3300/0 4 ==== mgrmap(e 5) v1 ==== 43376+0+0 (secure 0 0 0) 0x7efc8402e440 con 0x7efc90076c00
2024-04-27T07:24:05.551 INFO:teuthology.orchestra.run.smithi082.stdout:/usr/bin/ceph: stderr
2024-04-27T07:23:59.925+0000 7efc77fff700 1 --2- 172.21.15.82:0/1449610862 >> [v2:172.21.15.82:6800/3242457432,v1:172.21.15.82:6801/3242457432] conn(0x7efc78036830 0x7efc78038ce0 unknown :-1 s=NONE pgs=0 cs=0 l=1 rev1=0 crypto rx=0 tx=0 comp rx=0 tx=0).connect
2024-04-27T07:24:05.551 INFO:teuthology.orchestra.run.smithi082.stdout:/usr/bin/ceph: stderr
2024-04-27T07:23:59.925+0000 7efc77fff700 1 -- 172.21.15.82:0/1449610862 --> [v2:172.21.15.82:6800/3242457432,v1:172.21.15.82:6801/3242457432] -- command(tid 0: {"prefix": "get_command_descriptions"}) v1 -- 0x7efc780393f0 con 0x7efc78036830
2024-04-27T07:24:05.551 INFO:teuthology.orchestra.run.smithi082.stdout:/usr/bin/ceph: stderr
2024-04-27T07:23:59.925+0000 7efc77fff700 1 -- 172.21.15.82:0/1449610862 <== mon.0 v2:172.21.15.82:3300/0 5 ==== osd_map(1..1 src has 1..1) v4 ==== 721+0+0 (secure 0 0 0) 0x7efc8404a4f0 con 0x7efc90076c00
2024-04-27T07:24:05.551 INFO:teuthology.orchestra.run.smithi082.stdout:/usr/bin/ceph: stderr
2024-04-27T07:23:59.925+0000 7efc8effd700 1 -- 172.21.15.82:0/1449610862 >> [v2:172.21.15.82:6800/3242457432,v1:172.21.15.82:6801/3242457432] conn(0x7efc78036830 msgr2=0x7efc78038ce0 unknown :-1 s=STATE_CONNECTING_RE l=1).process reconnect failed to v2:172.21.15.82:6800/3242457432
2024-04-27T07:24:05.551 INFO:teuthology.orchestra.run.smithi082.stdout:/usr/bin/ceph: stderr
2024-04-27T07:23:59.925+0000 7efc8effd700 1 --2- 172.21.15.82:0/1449610862 >> [v2:172.21.15.82:6800/3242457432,v1:172.21.15.82:6801/3242457432] conn(0x7efc78036830 0x7efc78038ce0 unknown :-1 s=START_CONNECT pgs=0 cs=0 l=1 rev1=0 crypto rx=0 tx=0 comp rx=0 tx=0)._fault waiting 0.200000
2024-04-27T07:24:05.551 INFO:teuthology.orchestra.run.smithi082.stdout:/usr/bin/ceph: stderr
2024-04-27T07:24:00.126+0000 7efc8effd700 1 -- 172.21.15.82:0/1449610862 >> [v2:172.21.15.82:6800/3242457432,v1:172.21.15.82:6801/3242457432] conn(0x7efc78036830 msgr2=0x7efc78038ce0 unknown :-1 s=STATE_CONNECTING_RE l=1).process reconnect failed to v2:172.21.15.82:6800/3242457432
2024-04-27T07:24:05.552 INFO:teuthology.orchestra.run.smithi082.stdout:/usr/bin/ceph: stderr
2024-04-27T07:24:00.126+0000 7efc8effd700 1 --2- 172.21.15.82:0/1449610862 >> [v2:172.21.15.82:6800/3242457432,v1:172.21.15.82:6801/3242457432] conn(0x7efc78036830 0x7efc78038ce0 unknown :-1 s=START_CONNECT pgs=0 cs=0 l=1 rev1=0 crypto rx=0 tx=0 comp rx=0 tx=0)._fault waiting 0.400000
2024-04-27T07:24:05.552 INFO:teuthology.orchestra.run.smithi082.stdout:/usr/bin/ceph: stderr
2024-04-27T07:24:00.527+0000 7efc8effd700 1 -- 172.21.15.82:0/1449610862 >> [v2:172.21.15.82:6800/3242457432,v1:172.21.15.82:6801/3242457432] conn(0x7efc78036830 msgr2=0x7efc78038ce0 unknown :-1 s=STATE_CONNECTING_RE l=1).process reconnect failed to v2:172.21.15.82:6800/3242457432
2024-04-27T07:24:05.552 INFO:teuthology.orchestra.run.smithi082.stdout:/usr/bin/ceph: stderr
2024-04-27T07:24:00.527+0000 7efc8effd700 1 --2- 172.21.15.82:0/1449610862 >> [v2:172.21.15.82:6800/3242457432,v1:172.21.15.82:6801/3242457432] conn(0x7efc78036830 0x7efc78038ce0 unknown :-1 s=START_CONNECT pgs=0 cs=0 l=1 rev1=0 crypto rx=0 tx=0 comp rx=0 tx=0)._fault waiting 0.800000
2024-04-27T07:24:05.552 INFO:teuthology.orchestra.run.smithi082.stdout:/usr/bin/ceph: stderr
2024-04-27T07:24:01.328+0000 7efc8effd700 1 -- 172.21.15.82:0/1449610862 >> [v2:172.21.15.82:6800/3242457432,v1:172.21.15.82:6801/3242457432] conn(0x7efc78036830 msgr2=0x7efc78038ce0 unknown :-1 s=STATE_CONNECTING_RE l=1).process reconnect failed to v2:172.21.15.82:6800/3242457432
2024-04-27T07:24:05.552 INFO:teuthology.orchestra.run.smithi082.stdout:/usr/bin/ceph: stderr
2024-04-27T07:24:01.328+0000 7efc8effd700 1 --2- 172.21.15.82:0/1449610862 >> [v2:172.21.15.82:6800/3242457432,v1:172.21.15.82:6801/3242457432] conn(0x7efc78036830 0x7efc78038ce0 unknown :-1 s=START_CONNECT pgs=0 cs=0 l=1 rev1=0 crypto rx=0 tx=0 comp rx=0 tx=0)._fault waiting 1.600000
2024-04-27T07:24:05.552 INFO:teuthology.orchestra.run.smithi082.stdout:/usr/bin/ceph: stderr
2024-04-27T07:24:02.929+0000 7efc8effd700 1 -- 172.21.15.82:0/1449610862 >> [v2:172.21.15.82:6800/3242457432,v1:172.21.15.82:6801/3242457432] conn(0x7efc78036830 msgr2=0x7efc78038ce0 unknown :-1 s=STATE_CONNECTING_RE l=1).process reconnect failed to v2:172.21.15.82:6800/3242457432
2024-04-27T07:24:05.552 INFO:teuthology.orchestra.run.smithi082.stdout:/usr/bin/ceph: stderr
2024-04-27T07:24:02.929+0000 7efc8effd700 1 --2- 172.21.15.82:0/1449610862 >> [v2:172.21.15.82:6800/3242457432,v1:172.21.15.82:6801/3242457432] conn(0x7efc78036830 0x7efc78038ce0 unknown :-1 s=START_CONNECT pgs=0 cs=0 l=1 rev1=0 crypto rx=0 tx=0 comp rx=0 tx=0)._fault waiting 3.200000
2024-04-27T07:24:05.552 INFO:teuthology.orchestra.run.smithi082.stdout:/usr/bin/ceph: stderr
2024-04-27T07:24:03.908+0000 7efc77fff700 1 -- 172.21.15.82:0/1449610862 <== mon.0 v2:172.21.15.82:3300/0 6 ==== mgrmap(e 6) v1 ==== 43143+0+0 (secure 0 0 0) 0x7efc8402e880 con 0x7efc90076c00
2024-04-27T07:24:05.552 INFO:teuthology.orchestra.run.smithi082.stdout:/usr/bin/ceph: stderr
2024-04-27T07:24:03.908+0000 7efc77fff700 1 -- 172.21.15.82:0/1449610862 >> [v2:172.21.15.82:6800/3242457432,v1:172.21.15.82:6801/3242457432] conn(0x7efc78036830 msgr2=0x7efc78038ce0 unknown :-1 s=STATE_CONNECTING l=1).mark_down
2024-04-27T07:24:05.552 INFO:teuthology.orchestra.run.smithi082.stdout:/usr/bin/ceph: stderr
2024-04-27T07:24:03.908+0000 7efc77fff700 1 --2- 172.21.15.82:0/1449610862 >> [v2:172.21.15.82:6800/3242457432,v1:172.21.15.82:6801/3242457432] conn(0x7efc78036830 0x7efc78038ce0 unknown :-1 s=START_CONNECT pgs=0 cs=0 l=1 rev1=0 crypto rx=0 tx=0 comp rx=0 tx=0).stop
2024-04-27T07:24:05.552 INFO:teuthology.orchestra.run.smithi082.stdout:/usr/bin/ceph: stderr
2024-04-27T07:24:04.909+0000 7efc77fff700 1 -- 172.21.15.82:0/1449610862 <== mon.0 v2:172.21.15.82:3300/0 7 ==== mgrmap(e 7) v1 ==== 43270+0+0 (secure 0 0 0) 0x7efc8400f980 con 0x7efc90076c00
2024-04-27T07:24:05.552 INFO:teuthology.orchestra.run.smithi082.stdout:/usr/bin/ceph: stderr
2024-04-27T07:24:04.909+0000 7efc77fff700 1 --2- 172.21.15.82:0/1449610862 >> [v2:172.21.15.82:6800/3417466421,v1:172.21.15.82:6801/3417466421] conn(0x7efc78039fc0 0x7efc7803c3a0 unknown :-1 s=NONE pgs=0 cs=0 l=1 rev1=0 crypto rx=0 tx=0 comp rx=0 tx=0).connect
2024-04-27T07:24:05.552 INFO:teuthology.orchestra.run.smithi082.stdout:/usr/bin/ceph: stderr
2024-04-27T07:24:04.909+0000 7efc77fff700 1 -- 172.21.15.82:0/1449610862 --> [v2:172.21.15.82:6800/3417466421,v1:172.21.15.82:6801/3417466421] -- command(tid 0: {"prefix": "get_command_descriptions"}) v1 -- 0x7efc780393f0 con 0x7efc78039fc0
2024-04-27T07:24:05.552 INFO:teuthology.orchestra.run.smithi082.stdout:/usr/bin/ceph: stderr
2024-04-27T07:24:04.910+0000 7efc8effd700 1 --2- 172.21.15.82:0/1449610862 >> [v2:172.21.15.82:6800/3417466421,v1:172.21.15.82:6801/3417466421] conn(0x7efc78039fc0 0x7efc7803c3a0 unknown :-1 s=BANNER_CONNECTING pgs=0 cs=0 l=1 rev1=0 crypto rx=0 tx=0 comp rx=0 tx=0)._handle_peer_banner_payload supported=3 required=0
2024-04-27T07:24:05.552 INFO:teuthology.orchestra.run.smithi082.stdout:/usr/bin/ceph: stderr
2024-04-27T07:24:04.911+0000 7efc8effd700 1 --2- 172.21.15.82:0/1449610862 >> [v2:172.21.15.82:6800/3417466421,v1:172.21.15.82:6801/3417466421] conn(0x7efc78039fc0 0x7efc7803c3a0 secure :-1 s=READY pgs=2 cs=0 l=1 rev1=1 crypto rx=0x7efc800039d0 tx=0x7efc80009350 comp rx=0 tx=0).ready entity=mgr.14120 client_cookie=0 server_cookie=0 in_seq=0 out_seq=0
2024-04-27T07:24:05.553 INFO:teuthology.orchestra.run.smithi082.stdout:/usr/bin/ceph: stderr
2024-04-27T07:24:04.911+0000 7efc77fff700 1 -- 172.21.15.82:0/1449610862 <== mgr.14120 v2:172.21.15.82:6800/3417466421 1 ==== command_reply(tid 0: 0 ) v1 ==== 8+0+6549 (secure 0 0 0) 0x7efc780393f0 con 0x7efc78039fc0
2024-04-27T07:24:05.553 INFO:teuthology.orchestra.run.smithi082.stdout:/usr/bin/ceph: stderr
2024-04-27T07:24:04.917+0000 7efc95d36700 1 -- 172.21.15.82:0/1449610862 --> [v2:172.21.15.82:6800/3417466421,v1:172.21.15.82:6801/3417466421] -- command(tid 1: {"prefix": "mgr_status"}) v1 -- 0x7efc9004bed0 con 0x7efc78039fc0
2024-04-27T07:24:05.553 INFO:teuthology.orchestra.run.smithi082.stdout:/usr/bin/ceph: stderr
2024-04-27T07:24:04.917+0000 7efc77fff700 1 -- 172.21.15.82:0/1449610862 <== mgr.14120 v2:172.21.15.82:6800/3417466421 2 ==== command_reply(tid 1: 0 ) v1 ==== 8+0+51 (secure 0 0 0) 0x7efc9004bed0 con 0x7efc78039fc0
2024-04-27T07:24:05.553 INFO:teuthology.orchestra.run.smithi082.stdout:/usr/bin/ceph: stderr
2024-04-27T07:24:04.918+0000 7efc95d36700 1 -- 172.21.15.82:0/1449610862 >> [v2:172.21.15.82:6800/3417466421,v1:172.21.15.82:6801/3417466421] conn(0x7efc78039fc0 msgr2=0x7efc7803c3a0 secure :-1 s=STATE_CONNECTION_ESTABLISHED l=1).mark_down
2024-04-27T07:24:05.553 INFO:teuthology.orchestra.run.smithi082.stdout:/usr/bin/ceph: stderr
2024-04-27T07:24:04.918+0000 7efc95d36700 1 --2- 172.21.15.82:0/1449610862 >> [v2:172.21.15.82:6800/3417466421,v1:172.21.15.82:6801/3417466421] conn(0x7efc78039fc0 0x7efc7803c3a0 secure :-1 s=READY pgs=2 cs=0 l=1 rev1=1 crypto rx=0x7efc800039d0 tx=0x7efc80009350 comp rx=0 tx=0).stop
2024-04-27T07:24:05.553 INFO:teuthology.orchestra.run.smithi082.stdout:/usr/bin/ceph: stderr
2024-04-27T07:24:04.918+0000 7efc95d36700 1 -- 172.21.15.82:0/1449610862 >> [v2:172.21.15.82:3300/0,v1:172.21.15.82:6789/0] conn(0x7efc90076c00 msgr2=0x7efc90102d90 secure :-1 s=STATE_CONNECTION_ESTABLISHED l=1).mark_down
2024-04-27T07:24:05.553 INFO:teuthology.orchestra.run.smithi082.stdout:/usr/bin/ceph: stderr
2024-04-27T07:24:04.918+0000 7efc95d36700 1 --2- 172.21.15.82:0/1449610862 >> [v2:172.21.15.82:3300/0,v1:172.21.15.82:6789/0] conn(0x7efc90076c00 0x7efc90102d90 secure :-1 s=READY pgs=29 cs=0 l=1 rev1=1 crypto rx=0x7efc84003050 tx=0x7efc84009250 comp rx=0 tx=0).stop
2024-04-27T07:24:05.553 INFO:teuthology.orchestra.run.smithi082.stdout:/usr/bin/ceph: stderr
2024-04-27T07:24:04.918+0000 7efc95d36700 1 -- 172.21.15.82:0/1449610862 shutdown_connections
2024-04-27T07:24:05.553 INFO:teuthology.orchestra.run.smithi082.stdout:/usr/bin/ceph: stderr
2024-04-27T07:24:04.918+0000 7efc95d36700 1 --2- 172.21.15.82:0/1449610862 >> [v2:172.21.15.82:6800/3417466421,v1:172.21.15.82:6801/3417466421] conn(0x7efc78039fc0 0x7efc7803c3a0 unknown :-1 s=CLOSED pgs=2 cs=0 l=1 rev1=1 crypto rx=0 tx=0 comp rx=0 tx=0).stop
2024-04-27T07:24:05.553 INFO:teuthology.orchestra.run.smithi082.stdout:/usr/bin/ceph: stderr
2024-04-27T07:24:04.918+0000 7efc95d36700 1 --2- 172.21.15.82:0/1449610862 >> [v2:172.21.15.82:3300/0,v1:172.21.15.82:6789/0] conn(0x7efc90076c00 0x7efc90102d90 unknown :-1 s=CLOSED pgs=29 cs=0 l=1 rev1=1 crypto rx=0 tx=0 comp rx=0 tx=0).stop
2024-04-27T07:24:05.553 INFO:teuthology.orchestra.run.smithi082.stdout:/usr/bin/ceph: stderr
2024-04-27T07:24:04.918+0000 7efc95d36700 1 --2- 172.21.15.82:0/1449610862 >> [v2:172.21.15.82:6800/3242457432,v1:172.21.15.82:6801/3242457432] conn(0x7efc78036830 0x7efc78038ce0 unknown :-1 s=CLOSED pgs=0 cs=0 l=1 rev1=0 crypto rx=0 tx=0 comp rx=0 tx=0).stop
2024-04-27T07:24:05.553 INFO:teuthology.orchestra.run.smithi082.stdout:/usr/bin/ceph: stderr
2024-04-27T07:24:04.918+0000 7efc95d36700 1 -- 172.21.15.82:0/1449610862 >> 172.21.15.82:0/1449610862 conn(0x7efc900fcef0 msgr2=0x7efc900fd9b0 unknown :-1 s=STATE_NONE l=0).mark_down
2024-04-27T07:24:05.553 INFO:teuthology.orchestra.run.smithi082.stdout:/usr/bin/ceph: stderr
2024-04-27T07:24:04.918+0000 7efc95d36700 1 -- 172.21.15.82:0/1449610862 shutdown_connections
2024-04-27T07:24:05.553 INFO:teuthology.orchestra.run.smithi082.stdout:/usr/bin/ceph: stderr
2024-04-27T07:24:04.918+0000 7efc95d36700 1 -- 172.21.15.82:0/1449610862 wait complete.
2024-04-27T07:24:05.554 INFO:teuthology.orchestra.run.smithi082.stdout:mgr epoch 5 is available
2024-04-27T07:24:05.554 INFO:teuthology.orchestra.run.smithi082.stdout:Setting orchestrator backend to cephadm...
2024-04-27T07:24:06.093 INFO:journalctl@ceph.mon.smithi082.smithi082.stdout:Apr 27 07:24:06 smithi082 ceph-mon[26613]: from='client.14124 -' entity='client.admin' cmd=[{"prefix": "get_command_descriptions"}]: dispatch
2024-04-27T07:24:06.093 INFO:journalctl@ceph.mon.smithi082.smithi082.stdout:Apr 27 07:24:06 smithi082 ceph-mon[26613]: from='client.14124 -' entity='client.admin' cmd=[{"prefix": "mgr_status"}]: dispatch
2024-04-27T07:24:06.093 INFO:journalctl@ceph.mon.smithi082.smithi082.stdout:Apr 27 07:24:06 smithi082 ceph-mon[26613]: [27/Apr/2024:07:24:04] ENGINE Bus STARTING
2024-04-27T07:24:06.093 INFO:journalctl@ceph.mon.smithi082.smithi082.stdout:Apr 27 07:24:06 smithi082 ceph-mon[26613]: [27/Apr/2024:07:24:05] ENGINE Serving on https://172.21.15.82:7150
2024-04-27T07:24:06.093 INFO:journalctl@ceph.mon.smithi082.smithi082.stdout:Apr 27 07:24:06 smithi082 ceph-mon[26613]: [27/Apr/2024:07:24:05] ENGINE Bus STARTED
2024-04-27T07:24:06.093 INFO:journalctl@ceph.mon.smithi082.smithi082.stdout:Apr 27 07:24:06 smithi082 ceph-mon[26613]: from='mgr.14120 172.21.15.82:0/2655742192' entity='mgr.smithi082.hhlhmf'
2024-04-27T07:24:06.094 INFO:journalctl@ceph.mon.smithi082.smithi082.stdout:Apr 27 07:24:06 smithi082 ceph-mon[26613]: from='mgr.14120 172.21.15.82:0/2655742192' entity='mgr.smithi082.hhlhmf' cmd=[{"prefix": "config dump", "format": "json"}]: dispatch
2024-04-27T07:24:06.802 INFO:teuthology.orchestra.run.smithi082.stdout:/usr/bin/ceph: stderr
2024-04-27T07:24:05.996+0000 7fb01bc33700 1 Processor -- start
2024-04-27T07:24:06.803 INFO:teuthology.orchestra.run.smithi082.stdout:/usr/bin/ceph: stderr
2024-04-27T07:24:05.996+0000 7fb01bc33700 1 -- start start
2024-04-27T07:24:06.803 INFO:teuthology.orchestra.run.smithi082.stdout:/usr/bin/ceph: stderr
2024-04-27T07:24:05.997+0000 7fb01bc33700 1 --2- >> [v2:172.21.15.82:3300/0,v1:172.21.15.82:6789/0] conn(0x7fb014101730 0x7fb014101b40 unknown :-1 s=NONE pgs=0 cs=0 l=0 rev1=0 crypto rx=0 tx=0 comp rx=0 tx=0).connect
2024-04-27T07:24:06.803 INFO:teuthology.orchestra.run.smithi082.stdout:/usr/bin/ceph: stderr
2024-04-27T07:24:05.997+0000 7fb01bc33700 1 -- --> [v2:172.21.15.82:3300/0,v1:172.21.15.82:6789/0] -- mon_getmap magic: 0 v1 -- 0x7fb014102080 con 0x7fb014101730
2024-04-27T07:24:06.803 INFO:teuthology.orchestra.run.smithi082.stdout:/usr/bin/ceph: stderr
2024-04-27T07:24:05.997+0000 7fb0199cf700 1 --2- >> [v2:172.21.15.82:3300/0,v1:172.21.15.82:6789/0] conn(0x7fb014101730 0x7fb014101b40 unknown :-1 s=BANNER_CONNECTING pgs=0 cs=0 l=0 rev1=0 crypto rx=0 tx=0 comp rx=0 tx=0)._handle_peer_banner_payload supported=3 required=0
2024-04-27T07:24:06.803 INFO:teuthology.orchestra.run.smithi082.stdout:/usr/bin/ceph: stderr
2024-04-27T07:24:05.997+0000 7fb0199cf700 1 --2- >> [v2:172.21.15.82:3300/0,v1:172.21.15.82:6789/0] conn(0x7fb014101730 0x7fb014101b40 unknown :-1 s=HELLO_CONNECTING pgs=0 cs=0 l=0 rev1=1 crypto rx=0 tx=0 comp rx=0 tx=0).handle_hello peer v2:172.21.15.82:3300/0 says I am v2:172.21.15.82:47082/0 (socket says 172.21.15.82:47082)
2024-04-27T07:24:06.803 INFO:teuthology.orchestra.run.smithi082.stdout:/usr/bin/ceph: stderr
2024-04-27T07:24:05.997+0000 7fb0199cf700 1 -- 172.21.15.82:0/3630503572 learned_addr learned my addr 172.21.15.82:0/3630503572 (peer_addr_for_me v2:172.21.15.82:0/0)
2024-04-27T07:24:06.803 INFO:teuthology.orchestra.run.smithi082.stdout:/usr/bin/ceph: stderr
2024-04-27T07:24:05.997+0000 7fb0199cf700 1 -- 172.21.15.82:0/3630503572 --> [v2:172.21.15.82:3300/0,v1:172.21.15.82:6789/0] -- mon_subscribe({config=0+,monmap=0+}) v3 -- 0x7fb0141021c0 con 0x7fb014101730
2024-04-27T07:24:06.803 INFO:teuthology.orchestra.run.smithi082.stdout:/usr/bin/ceph: stderr
2024-04-27T07:24:05.997+0000 7fb0199cf700 1 --2- 172.21.15.82:0/3630503572 >> [v2:172.21.15.82:3300/0,v1:172.21.15.82:6789/0] conn(0x7fb014101730 0x7fb014101b40 secure :-1 s=READY pgs=37 cs=0 l=1 rev1=1 crypto rx=0x7fb00400bb80 tx=0x7fb00400b4f0 comp rx=0 tx=0).ready entity=mon.0 client_cookie=a2aa6954392b2253 server_cookie=0 in_seq=0 out_seq=0
2024-04-27T07:24:06.803 INFO:teuthology.orchestra.run.smithi082.stdout:/usr/bin/ceph: stderr
2024-04-27T07:24:05.997+0000 7fb0189cd700 1 -- 172.21.15.82:0/3630503572 <== mon.0 v2:172.21.15.82:3300/0 1 ==== mon_map magic: 0 v1 ==== 229+0+0 (secure 0 0 0) 0x7fb00400dd00 con 0x7fb014101730
2024-04-27T07:24:06.803 INFO:teuthology.orchestra.run.smithi082.stdout:/usr/bin/ceph: stderr
2024-04-27T07:24:05.997+0000 7fb0189cd700 1 -- 172.21.15.82:0/3630503572 <== mon.0 v2:172.21.15.82:3300/0 2 ==== config(27 keys) v1 ==== 1044+0+0 (secure 0 0 0) 0x7fb00400de60 con 0x7fb014101730
2024-04-27T07:24:06.803 INFO:teuthology.orchestra.run.smithi082.stdout:/usr/bin/ceph: stderr
2024-04-27T07:24:05.997+0000 7fb0189cd700 1 -- 172.21.15.82:0/3630503572 <== mon.0 v2:172.21.15.82:3300/0 3 ==== mon_map magic: 0 v1 ==== 229+0+0 (secure 0 0 0) 0x7fb0040188a0 con 0x7fb014101730
2024-04-27T07:24:06.803 INFO:teuthology.orchestra.run.smithi082.stdout:/usr/bin/ceph: stderr
2024-04-27T07:24:05.998+0000 7fb01bc33700 1 -- 172.21.15.82:0/3630503572 >> [v2:172.21.15.82:3300/0,v1:172.21.15.82:6789/0] conn(0x7fb014101730 msgr2=0x7fb014101b40 secure :-1 s=STATE_CONNECTION_ESTABLISHED l=1).mark_down
2024-04-27T07:24:06.803 INFO:teuthology.orchestra.run.smithi082.stdout:/usr/bin/ceph: stderr
2024-04-27T07:24:05.998+0000 7fb01bc33700 1 --2- 172.21.15.82:0/3630503572 >> [v2:172.21.15.82:3300/0,v1:172.21.15.82:6789/0] conn(0x7fb014101730 0x7fb014101b40 secure :-1 s=READY pgs=37 cs=0 l=1 rev1=1 crypto rx=0x7fb00400bb80 tx=0x7fb00400b4f0 comp rx=0 tx=0).stop
2024-04-27T07:24:06.804 INFO:teuthology.orchestra.run.smithi082.stdout:/usr/bin/ceph: stderr
2024-04-27T07:24:05.998+0000 7fb01bc33700 1 -- 172.21.15.82:0/3630503572 shutdown_connections
2024-04-27T07:24:06.804 INFO:teuthology.orchestra.run.smithi082.stdout:/usr/bin/ceph: stderr
2024-04-27T07:24:05.998+0000 7fb01bc33700 1 --2- 172.21.15.82:0/3630503572 >> [v2:172.21.15.82:3300/0,v1:172.21.15.82:6789/0] conn(0x7fb014101730 0x7fb014101b40 unknown :-1 s=CLOSED pgs=37 cs=0 l=1 rev1=1 crypto rx=0 tx=0 comp rx=0 tx=0).stop
2024-04-27T07:24:06.804 INFO:teuthology.orchestra.run.smithi082.stdout:/usr/bin/ceph: stderr
2024-04-27T07:24:05.998+0000 7fb01bc33700 1 -- 172.21.15.82:0/3630503572 >> 172.21.15.82:0/3630503572 conn(0x7fb0140fcef0 msgr2=0x7fb0140ff300 unknown :-1 s=STATE_NONE l=0).mark_down
2024-04-27T07:24:06.804 INFO:teuthology.orchestra.run.smithi082.stdout:/usr/bin/ceph: stderr
2024-04-27T07:24:05.998+0000 7fb01bc33700 1 -- 172.21.15.82:0/3630503572 shutdown_connections
2024-04-27T07:24:06.804 INFO:teuthology.orchestra.run.smithi082.stdout:/usr/bin/ceph: stderr
2024-04-27T07:24:05.998+0000 7fb01bc33700 1 -- 172.21.15.82:0/3630503572 wait complete.
2024-04-27T07:24:06.804 INFO:teuthology.orchestra.run.smithi082.stdout:/usr/bin/ceph: stderr
2024-04-27T07:24:05.999+0000 7fb01bc33700 1 Processor -- start
2024-04-27T07:24:06.804 INFO:teuthology.orchestra.run.smithi082.stdout:/usr/bin/ceph: stderr
2024-04-27T07:24:05.999+0000 7fb01bc33700 1 -- start start
2024-04-27T07:24:06.804 INFO:teuthology.orchestra.run.smithi082.stdout:/usr/bin/ceph: stderr
2024-04-27T07:24:05.999+0000 7fb01bc33700 1 --2- >> [v2:172.21.15.82:3300/0,v1:172.21.15.82:6789/0] conn(0x7fb014101730 0x7fb0141137a0 unknown :-1 s=NONE pgs=0 cs=0 l=1 rev1=0 crypto rx=0 tx=0 comp rx=0 tx=0).connect
2024-04-27T07:24:06.804 INFO:teuthology.orchestra.run.smithi082.stdout:/usr/bin/ceph: stderr
2024-04-27T07:24:05.999+0000 7fb01bc33700 1 -- --> [v2:172.21.15.82:3300/0,v1:172.21.15.82:6789/0] -- mon_getmap magic: 0 v1 -- 0x7fb014113ce0 con 0x7fb014101730
2024-04-27T07:24:06.804 INFO:teuthology.orchestra.run.smithi082.stdout:/usr/bin/ceph: stderr
2024-04-27T07:24:05.999+0000 7fb0199cf700 1 --2- >> [v2:172.21.15.82:3300/0,v1:172.21.15.82:6789/0] conn(0x7fb014101730 0x7fb0141137a0 unknown :-1 s=BANNER_CONNECTING pgs=0 cs=0 l=1 rev1=0 crypto rx=0 tx=0 comp rx=0 tx=0)._handle_peer_banner_payload supported=3 required=0
2024-04-27T07:24:06.804 INFO:teuthology.orchestra.run.smithi082.stdout:/usr/bin/ceph: stderr
2024-04-27T07:24:05.999+0000 7fb0199cf700 1 --2- >> [v2:172.21.15.82:3300/0,v1:172.21.15.82:6789/0] conn(0x7fb014101730 0x7fb0141137a0 unknown :-1 s=HELLO_CONNECTING pgs=0 cs=0 l=1 rev1=1 crypto rx=0 tx=0 comp rx=0 tx=0).handle_hello peer v2:172.21.15.82:3300/0 says I am v2:172.21.15.82:47086/0 (socket says 172.21.15.82:47086)
2024-04-27T07:24:06.805 INFO:teuthology.orchestra.run.smithi082.stdout:/usr/bin/ceph: stderr
2024-04-27T07:24:05.999+0000 7fb0199cf700 1 -- 172.21.15.82:0/2065968943 learned_addr learned my addr 172.21.15.82:0/2065968943 (peer_addr_for_me v2:172.21.15.82:0/0)
2024-04-27T07:24:06.805 INFO:teuthology.orchestra.run.smithi082.stdout:/usr/bin/ceph: stderr
2024-04-27T07:24:05.999+0000 7fb0199cf700 1 -- 172.21.15.82:0/2065968943 --> [v2:172.21.15.82:3300/0,v1:172.21.15.82:6789/0] -- mon_subscribe({config=0+,monmap=0+}) v3 -- 0x7fb00400b790 con 0x7fb014101730
2024-04-27T07:24:06.805 INFO:teuthology.orchestra.run.smithi082.stdout:/usr/bin/ceph: stderr
2024-04-27T07:24:05.999+0000 7fb0199cf700 1 --2- 172.21.15.82:0/2065968943 >> [v2:172.21.15.82:3300/0,v1:172.21.15.82:6789/0] conn(0x7fb014101730 0x7fb0141137a0 secure :-1 s=READY pgs=38 cs=0 l=1 rev1=1 crypto rx=0x7fb004010fa0 tx=0x7fb00400b4f0 comp rx=0 tx=0).ready entity=mon.0 client_cookie=0 server_cookie=0 in_seq=0 out_seq=0
2024-04-27T07:24:06.805 INFO:teuthology.orchestra.run.smithi082.stdout:/usr/bin/ceph: stderr
2024-04-27T07:24:06.000+0000 7fb00a7fc700 1 -- 172.21.15.82:0/2065968943 <== mon.0 v2:172.21.15.82:3300/0 1 ==== mon_map magic: 0 v1 ==== 229+0+0 (secure 0 0 0) 0x7fb004018e10 con 0x7fb014101730
2024-04-27T07:24:06.805 INFO:teuthology.orchestra.run.smithi082.stdout:/usr/bin/ceph: stderr
2024-04-27T07:24:06.000+0000 7fb00a7fc700 1 -- 172.21.15.82:0/2065968943 <== mon.0 v2:172.21.15.82:3300/0 2 ==== config(27 keys) v1 ==== 1044+0+0 (secure 0 0 0) 0x7fb004010b80 con 0x7fb014101730
2024-04-27T07:24:06.805 INFO:teuthology.orchestra.run.smithi082.stdout:/usr/bin/ceph: stderr
2024-04-27T07:24:06.000+0000 7fb01bc33700 1 -- 172.21.15.82:0/2065968943 --> [v2:172.21.15.82:3300/0,v1:172.21.15.82:6789/0] -- mon_subscribe({mgrmap=0+}) v3 -- 0x7fb014113ee0 con 0x7fb014101730
2024-04-27T07:24:06.805 INFO:teuthology.orchestra.run.smithi082.stdout:/usr/bin/ceph: stderr
2024-04-27T07:24:06.000+0000 7fb01bc33700 1 -- 172.21.15.82:0/2065968943 --> [v2:172.21.15.82:3300/0,v1:172.21.15.82:6789/0] -- mon_subscribe({osdmap=0}) v3 -- 0x7fb014114a50 con 0x7fb014101730
2024-04-27T07:24:06.805 INFO:teuthology.orchestra.run.smithi082.stdout:/usr/bin/ceph: stderr
2024-04-27T07:24:06.000+0000 7fb00a7fc700 1 -- 172.21.15.82:0/2065968943 <== mon.0 v2:172.21.15.82:3300/0 3 ==== mon_map magic: 0 v1 ==== 229+0+0 (secure 0 0 0) 0x7fb004021550 con 0x7fb014101730
2024-04-27T07:24:06.805 INFO:teuthology.orchestra.run.smithi082.stdout:/usr/bin/ceph: stderr
2024-04-27T07:24:06.001+0000 7fb00a7fc700 1 -- 172.21.15.82:0/2065968943 <== mon.0 v2:172.21.15.82:3300/0 4 ==== mgrmap(e 7) v1 ==== 43270+0+0 (secure 0 0 0) 0x7fb0040217d0 con 0x7fb014101730
2024-04-27T07:24:06.805 INFO:teuthology.orchestra.run.smithi082.stdout:/usr/bin/ceph: stderr
2024-04-27T07:24:06.001+0000 7fb00a7fc700 1 --2- 172.21.15.82:0/2065968943 >> [v2:172.21.15.82:6800/3417466421,v1:172.21.15.82:6801/3417466421] conn(0x7fb000036720 0x7fb000038bd0 unknown :-1 s=NONE pgs=0 cs=0 l=1 rev1=0 crypto rx=0 tx=0 comp rx=0 tx=0).connect
2024-04-27T07:24:06.805 INFO:teuthology.orchestra.run.smithi082.stdout:/usr/bin/ceph: stderr
2024-04-27T07:24:06.001+0000 7fb01bc33700 1 -- 172.21.15.82:0/2065968943 --> [v2:172.21.15.82:3300/0,v1:172.21.15.82:6789/0] -- mon_command({"prefix": "get_command_descriptions"} v 0) v1 -- 0x7faff80052e0 con 0x7fb014101730
2024-04-27T07:24:06.805 INFO:teuthology.orchestra.run.smithi082.stdout:/usr/bin/ceph: stderr
2024-04-27T07:24:06.001+0000 7fb00a7fc700 1 -- 172.21.15.82:0/2065968943 <== mon.0 v2:172.21.15.82:3300/0 5 ==== osd_map(2..2 src has 1..2) v4 ==== 936+0+0 (secure 0 0 0) 0x7fb004014070 con 0x7fb014101730
2024-04-27T07:24:06.805 INFO:teuthology.orchestra.run.smithi082.stdout:/usr/bin/ceph: stderr
2024-04-27T07:24:06.001+0000 7fb0191ce700 1 --2- 172.21.15.82:0/2065968943 >> [v2:172.21.15.82:6800/3417466421,v1:172.21.15.82:6801/3417466421] conn(0x7fb000036720 0x7fb000038bd0 unknown :-1 s=BANNER_CONNECTING pgs=0 cs=0 l=1 rev1=0 crypto rx=0 tx=0 comp rx=0 tx=0)._handle_peer_banner_payload supported=3 required=0
2024-04-27T07:24:06.805 INFO:teuthology.orchestra.run.smithi082.stdout:/usr/bin/ceph: stderr
2024-04-27T07:24:06.001+0000 7fb0191ce700 1 --2- 172.21.15.82:0/2065968943 >> [v2:172.21.15.82:6800/3417466421,v1:172.21.15.82:6801/3417466421] conn(0x7fb000036720 0x7fb000038bd0 secure :-1 s=READY pgs=7 cs=0 l=1 rev1=1 crypto rx=0x7fb010009990 tx=0x7fb010006e40 comp rx=0 tx=0).ready entity=mgr.14120 client_cookie=0 server_cookie=0 in_seq=0 out_seq=0
2024-04-27T07:24:06.806 INFO:teuthology.orchestra.run.smithi082.stdout:/usr/bin/ceph: stderr
2024-04-27T07:24:06.006+0000 7fb00a7fc700 1 -- 172.21.15.82:0/2065968943 <== mon.0 v2:172.21.15.82:3300/0 6 ==== mon_command_ack([{"prefix": "get_command_descriptions"}]=0 v0) v1 ==== 72+0+176702 (secure 0 0 0) 0x7fb00400edc0 con 0x7fb014101730
