2024-04-27T07:24:15.857+0000 7f92227fc700 1 -- 172.21.15.82:0/2716001485 <== mgr.14120 v2:172.21.15.82:6800/3417466421 1 ==== mgr_command_reply(tid 0: 0 ) v1 ==== 8+0+24 (secure 0 0 0) 0x7f922c0ff260 con 0x7f9218036850
2024-04-27T07:24:17.239 INFO:teuthology.orchestra.run.smithi082.stdout:/usr/bin/ceph: stderr
2024-04-27T07:24:15.860+0000 7f9233a88700 1 -- 172.21.15.82:0/2716001485 >> [v2:172.21.15.82:6800/3417466421,v1:172.21.15.82:6801/3417466421] conn(0x7f9218036850 msgr2=0x7f9218038d00 secure :-1 s=STATE_CONNECTION_ESTABLISHED l=1).mark_down
2024-04-27T07:24:17.239 INFO:teuthology.orchestra.run.smithi082.stdout:/usr/bin/ceph: stderr
2024-04-27T07:24:15.860+0000 7f9233a88700 1 --2- 172.21.15.82:0/2716001485 >> [v2:172.21.15.82:6800/3417466421,v1:172.21.15.82:6801/3417466421] conn(0x7f9218036850 0x7f9218038d00 secure :-1 s=READY pgs=13 cs=0 l=1 rev1=1 crypto rx=0x7f921c009990 tx=0x7f921c006e40 comp rx=0 tx=0).stop
2024-04-27T07:24:17.239 INFO:teuthology.orchestra.run.smithi082.stdout:/usr/bin/ceph: stderr
2024-04-27T07:24:15.860+0000 7f9233a88700 1 -- 172.21.15.82:0/2716001485 >> [v2:172.21.15.82:3300/0,v1:172.21.15.82:6789/0] conn(0x7f922c078d00 msgr2=0x7f922c1138c0 secure :-1 s=STATE_CONNECTION_ESTABLISHED l=1).mark_down
2024-04-27T07:24:17.239 INFO:teuthology.orchestra.run.smithi082.stdout:/usr/bin/ceph: stderr
2024-04-27T07:24:15.860+0000 7f9233a88700 1 --2- 172.21.15.82:0/2716001485 >> [v2:172.21.15.82:3300/0,v1:172.21.15.82:6789/0] conn(0x7f922c078d00 0x7f922c1138c0 secure :-1 s=READY pgs=50 cs=0 l=1 rev1=1 crypto rx=0x7f9228006fd0 tx=0x7f9228009250 comp rx=0 tx=0).stop
2024-04-27T07:24:17.239 INFO:teuthology.orchestra.run.smithi082.stdout:/usr/bin/ceph: stderr
2024-04-27T07:24:15.860+0000 7f9233a88700 1 -- 172.21.15.82:0/2716001485 shutdown_connections
2024-04-27T07:24:17.239 INFO:teuthology.orchestra.run.smithi082.stdout:/usr/bin/ceph: stderr
2024-04-27T07:24:15.860+0000 7f9233a88700 1 --2- 172.21.15.82:0/2716001485 >> [v2:172.21.15.82:6800/3417466421,v1:172.21.15.82:6801/3417466421] conn(0x7f9218036850 0x7f9218038d00 unknown :-1 s=CLOSED pgs=13 cs=0 l=1 rev1=1 crypto rx=0 tx=0 comp rx=0 tx=0).stop
2024-04-27T07:24:17.239 INFO:teuthology.orchestra.run.smithi082.stdout:/usr/bin/ceph: stderr
2024-04-27T07:24:15.860+0000 7f9233a88700 1 --2- 172.21.15.82:0/2716001485 >> [v2:172.21.15.82:3300/0,v1:172.21.15.82:6789/0] conn(0x7f922c078d00 0x7f922c1138c0 unknown :-1 s=CLOSED pgs=50 cs=0 l=1 rev1=1 crypto rx=0 tx=0 comp rx=0 tx=0).stop
2024-04-27T07:24:17.239 INFO:teuthology.orchestra.run.smithi082.stdout:/usr/bin/ceph: stderr
2024-04-27T07:24:15.860+0000 7f9233a88700 1 -- 172.21.15.82:0/2716001485 >> 172.21.15.82:0/2716001485 conn(0x7f922c0fdfd0 msgr2=0x7f922c0feb50 unknown :-1 s=STATE_NONE l=0).mark_down
2024-04-27T07:24:17.239 INFO:teuthology.orchestra.run.smithi082.stdout:/usr/bin/ceph: stderr
2024-04-27T07:24:15.860+0000 7f9233a88700 1 -- 172.21.15.82:0/2716001485 shutdown_connections
2024-04-27T07:24:17.240 INFO:teuthology.orchestra.run.smithi082.stdout:/usr/bin/ceph: stderr
2024-04-27T07:24:15.860+0000 7f9233a88700 1 -- 172.21.15.82:0/2716001485 wait complete.
2024-04-27T07:24:17.240 INFO:teuthology.orchestra.run.smithi082.stdout:Deploying crash service with default placement...
2024-04-27T07:24:18.442 INFO:teuthology.orchestra.run.smithi082.stdout:/usr/bin/ceph: stdout Scheduled crash update...
2024-04-27T07:24:18.442 INFO:teuthology.orchestra.run.smithi082.stdout:/usr/bin/ceph: stderr
2024-04-27T07:24:17.660+0000 7fd9bbcab700 1 Processor -- start
2024-04-27T07:24:18.442 INFO:teuthology.orchestra.run.smithi082.stdout:/usr/bin/ceph: stderr
2024-04-27T07:24:17.661+0000 7fd9bbcab700 1 -- start start
2024-04-27T07:24:18.442 INFO:teuthology.orchestra.run.smithi082.stdout:/usr/bin/ceph: stderr
2024-04-27T07:24:17.661+0000 7fd9bbcab700 1 --2- >> [v2:172.21.15.82:3300/0,v1:172.21.15.82:6789/0] conn(0x7fd9b4102890 0x7fd9b4102ca0 unknown :-1 s=NONE pgs=0 cs=0 l=0 rev1=0 crypto rx=0 tx=0 comp rx=0 tx=0).connect
2024-04-27T07:24:18.443 INFO:teuthology.orchestra.run.smithi082.stdout:/usr/bin/ceph: stderr
2024-04-27T07:24:17.661+0000 7fd9bbcab700 1 -- --> [v2:172.21.15.82:3300/0,v1:172.21.15.82:6789/0] -- mon_getmap magic: 0 v1 -- 0x7fd9b41031e0 con 0x7fd9b4102890
2024-04-27T07:24:18.443 INFO:teuthology.orchestra.run.smithi082.stdout:/usr/bin/ceph: stderr
2024-04-27T07:24:17.661+0000 7fd9b9a47700 1 --2- >> [v2:172.21.15.82:3300/0,v1:172.21.15.82:6789/0] conn(0x7fd9b4102890 0x7fd9b4102ca0 unknown :-1 s=BANNER_CONNECTING pgs=0 cs=0 l=0 rev1=0 crypto rx=0 tx=0 comp rx=0 tx=0)._handle_peer_banner_payload supported=3 required=0
2024-04-27T07:24:18.443 INFO:teuthology.orchestra.run.smithi082.stdout:/usr/bin/ceph: stderr
2024-04-27T07:24:17.661+0000 7fd9b9a47700 1 --2- >> [v2:172.21.15.82:3300/0,v1:172.21.15.82:6789/0] conn(0x7fd9b4102890 0x7fd9b4102ca0 unknown :-1 s=HELLO_CONNECTING pgs=0 cs=0 l=0 rev1=1 crypto rx=0 tx=0 comp rx=0 tx=0).handle_hello peer v2:172.21.15.82:3300/0 says I am v2:172.21.15.82:35514/0 (socket says 172.21.15.82:35514)
2024-04-27T07:24:18.443 INFO:teuthology.orchestra.run.smithi082.stdout:/usr/bin/ceph: stderr
2024-04-27T07:24:17.661+0000 7fd9b9a47700 1 -- 172.21.15.82:0/2666361710 learned_addr learned my addr 172.21.15.82:0/2666361710 (peer_addr_for_me v2:172.21.15.82:0/0)
2024-04-27T07:24:18.443 INFO:teuthology.orchestra.run.smithi082.stdout:/usr/bin/ceph: stderr
2024-04-27T07:24:17.661+0000 7fd9b9a47700 1 -- 172.21.15.82:0/2666361710 --> [v2:172.21.15.82:3300/0,v1:172.21.15.82:6789/0] -- mon_subscribe({config=0+,monmap=0+}) v3 -- 0x7fd9b4103320 con 0x7fd9b4102890
2024-04-27T07:24:18.443 INFO:teuthology.orchestra.run.smithi082.stdout:/usr/bin/ceph: stderr
2024-04-27T07:24:17.661+0000 7fd9b9a47700 1 --2- 172.21.15.82:0/2666361710 >> [v2:172.21.15.82:3300/0,v1:172.21.15.82:6789/0] conn(0x7fd9b4102890 0x7fd9b4102ca0 secure :-1 s=READY pgs=51 cs=0 l=1 rev1=1 crypto rx=0x7fd9b00098e0 tx=0x7fd9b0009250 comp rx=0 tx=0).ready entity=mon.0 client_cookie=cef4a7830473d9a4 server_cookie=0 in_seq=0 out_seq=0
2024-04-27T07:24:18.443 INFO:teuthology.orchestra.run.smithi082.stdout:/usr/bin/ceph: stderr
2024-04-27T07:24:17.661+0000 7fd9b8a45700 1 -- 172.21.15.82:0/2666361710 <== mon.0 v2:172.21.15.82:3300/0 1 ==== mon_map magic: 0 v1 ==== 229+0+0 (secure 0 0 0) 0x7fd9b000b860 con 0x7fd9b4102890
2024-04-27T07:24:18.443 INFO:teuthology.orchestra.run.smithi082.stdout:/usr/bin/ceph: stderr
2024-04-27T07:24:17.662+0000 7fd9b8a45700 1 -- 172.21.15.82:0/2666361710 <== mon.0 v2:172.21.15.82:3300/0 2 ==== config(27 keys) v1 ==== 1109+0+0 (secure 0 0 0) 0x7fd9b000be90 con 0x7fd9b4102890
2024-04-27T07:24:18.444 INFO:teuthology.orchestra.run.smithi082.stdout:/usr/bin/ceph: stderr
2024-04-27T07:24:17.662+0000 7fd9b8a45700 1 -- 172.21.15.82:0/2666361710 <== mon.0 v2:172.21.15.82:3300/0 3 ==== mon_map magic: 0 v1 ==== 229+0+0 (secure 0 0 0) 0x7fd9b00103c0 con 0x7fd9b4102890
2024-04-27T07:24:18.444 INFO:teuthology.orchestra.run.smithi082.stdout:/usr/bin/ceph: stderr
2024-04-27T07:24:17.662+0000 7fd9bbcab700 1 -- 172.21.15.82:0/2666361710 >> [v2:172.21.15.82:3300/0,v1:172.21.15.82:6789/0] conn(0x7fd9b4102890 msgr2=0x7fd9b4102ca0 secure :-1 s=STATE_CONNECTION_ESTABLISHED l=1).mark_down
2024-04-27T07:24:18.444 INFO:teuthology.orchestra.run.smithi082.stdout:/usr/bin/ceph: stderr
2024-04-27T07:24:17.662+0000 7fd9bbcab700 1 --2- 172.21.15.82:0/2666361710 >> [v2:172.21.15.82:3300/0,v1:172.21.15.82:6789/0] conn(0x7fd9b4102890 0x7fd9b4102ca0 secure :-1 s=READY pgs=51 cs=0 l=1 rev1=1 crypto rx=0x7fd9b00098e0 tx=0x7fd9b0009250 comp rx=0 tx=0).stop
2024-04-27T07:24:18.444 INFO:teuthology.orchestra.run.smithi082.stdout:/usr/bin/ceph: stderr
2024-04-27T07:24:17.662+0000 7fd9bbcab700 1 -- 172.21.15.82:0/2666361710 shutdown_connections
2024-04-27T07:24:18.444 INFO:teuthology.orchestra.run.smithi082.stdout:/usr/bin/ceph: stderr
2024-04-27T07:24:17.662+0000 7fd9bbcab700 1 --2- 172.21.15.82:0/2666361710 >> [v2:172.21.15.82:3300/0,v1:172.21.15.82:6789/0] conn(0x7fd9b4102890 0x7fd9b4102ca0 unknown :-1 s=CLOSED pgs=51 cs=0 l=1 rev1=1 crypto rx=0 tx=0 comp rx=0 tx=0).stop
2024-04-27T07:24:18.444 INFO:teuthology.orchestra.run.smithi082.stdout:/usr/bin/ceph: stderr
2024-04-27T07:24:17.662+0000 7fd9bbcab700 1 -- 172.21.15.82:0/2666361710 >> 172.21.15.82:0/2666361710 conn(0x7fd9b40fe010 msgr2=0x7fd9b4100420 unknown :-1 s=STATE_NONE l=0).mark_down
2024-04-27T07:24:18.444 INFO:teuthology.orchestra.run.smithi082.stdout:/usr/bin/ceph: stderr
2024-04-27T07:24:17.663+0000 7fd9bbcab700 1 -- 172.21.15.82:0/2666361710 shutdown_connections
2024-04-27T07:24:18.444 INFO:teuthology.orchestra.run.smithi082.stdout:/usr/bin/ceph: stderr
2024-04-27T07:24:17.663+0000 7fd9bbcab700 1 -- 172.21.15.82:0/2666361710 wait complete.
2024-04-27T07:24:18.444 INFO:teuthology.orchestra.run.smithi082.stdout:/usr/bin/ceph: stderr
2024-04-27T07:24:17.663+0000 7fd9bbcab700 1 Processor -- start
2024-04-27T07:24:18.444 INFO:teuthology.orchestra.run.smithi082.stdout:/usr/bin/ceph: stderr
2024-04-27T07:24:17.663+0000 7fd9bbcab700 1 -- start start
2024-04-27T07:24:18.444 INFO:teuthology.orchestra.run.smithi082.stdout:/usr/bin/ceph: stderr
2024-04-27T07:24:17.664+0000 7fd9bbcab700 1 --2- >> [v2:172.21.15.82:3300/0,v1:172.21.15.82:6789/0] conn(0x7fd9b4102890 0x7fd9b4078c20 unknown :-1 s=NONE pgs=0 cs=0 l=1 rev1=0 crypto rx=0 tx=0 comp rx=0 tx=0).connect
2024-04-27T07:24:18.445 INFO:teuthology.orchestra.run.smithi082.stdout:/usr/bin/ceph: stderr
2024-04-27T07:24:17.664+0000 7fd9bbcab700 1 -- --> [v2:172.21.15.82:3300/0,v1:172.21.15.82:6789/0] -- mon_getmap magic: 0 v1 -- 0x7fd9b4079160 con 0x7fd9b4102890
2024-04-27T07:24:18.445 INFO:teuthology.orchestra.run.smithi082.stdout:/usr/bin/ceph: stderr
2024-04-27T07:24:17.664+0000 7fd9b9a47700 1 --2- >> [v2:172.21.15.82:3300/0,v1:172.21.15.82:6789/0] conn(0x7fd9b4102890 0x7fd9b4078c20 unknown :-1 s=BANNER_CONNECTING pgs=0 cs=0 l=1 rev1=0 crypto rx=0 tx=0 comp rx=0 tx=0)._handle_peer_banner_payload supported=3 required=0
2024-04-27T07:24:18.445 INFO:teuthology.orchestra.run.smithi082.stdout:/usr/bin/ceph: stderr
2024-04-27T07:24:17.664+0000 7fd9b9a47700 1 --2- >> [v2:172.21.15.82:3300/0,v1:172.21.15.82:6789/0] conn(0x7fd9b4102890 0x7fd9b4078c20 unknown :-1 s=HELLO_CONNECTING pgs=0 cs=0 l=1 rev1=1 crypto rx=0 tx=0 comp rx=0 tx=0).handle_hello peer v2:172.21.15.82:3300/0 says I am v2:172.21.15.82:35518/0 (socket says 172.21.15.82:35518)
2024-04-27T07:24:18.445 INFO:teuthology.orchestra.run.smithi082.stdout:/usr/bin/ceph: stderr
2024-04-27T07:24:17.664+0000 7fd9b9a47700 1 -- 172.21.15.82:0/1516625501 learned_addr learned my addr 172.21.15.82:0/1516625501 (peer_addr_for_me v2:172.21.15.82:0/0)
2024-04-27T07:24:18.445 INFO:teuthology.orchestra.run.smithi082.stdout:/usr/bin/ceph: stderr
2024-04-27T07:24:17.664+0000 7fd9b9a47700 1 -- 172.21.15.82:0/1516625501 --> [v2:172.21.15.82:3300/0,v1:172.21.15.82:6789/0] -- mon_subscribe({config=0+,monmap=0+}) v3 -- 0x7fd9b00094f0 con 0x7fd9b4102890
2024-04-27T07:24:18.445 INFO:teuthology.orchestra.run.smithi082.stdout:/usr/bin/ceph: stderr
2024-04-27T07:24:17.664+0000 7fd9b9a47700 1 --2- 172.21.15.82:0/1516625501 >> [v2:172.21.15.82:3300/0,v1:172.21.15.82:6789/0] conn(0x7fd9b4102890 0x7fd9b4078c20 secure :-1 s=READY pgs=52 cs=0 l=1 rev1=1 crypto rx=0x7fd9b00090b0 tx=0x7fd9b0009250 comp rx=0 tx=0).ready entity=mon.0 client_cookie=0 server_cookie=0 in_seq=0 out_seq=0
2024-04-27T07:24:18.445 INFO:teuthology.orchestra.run.smithi082.stdout:/usr/bin/ceph: stderr
2024-04-27T07:24:17.664+0000 7fd9aa7fc700 1 -- 172.21.15.82:0/1516625501 <== mon.0 v2:172.21.15.82:3300/0 1 ==== mon_map magic: 0 v1 ==== 229+0+0 (secure 0 0 0) 0x7fd9b0010840 con 0x7fd9b4102890
2024-04-27T07:24:18.445 INFO:teuthology.orchestra.run.smithi082.stdout:/usr/bin/ceph: stderr
2024-04-27T07:24:17.664+0000 7fd9aa7fc700 1 -- 172.21.15.82:0/1516625501 <== mon.0 v2:172.21.15.82:3300/0 2 ==== config(27 keys) v1 ==== 1109+0+0 (secure 0 0 0) 0x7fd9b0010e70 con 0x7fd9b4102890
2024-04-27T07:24:18.445 INFO:teuthology.orchestra.run.smithi082.stdout:/usr/bin/ceph: stderr
2024-04-27T07:24:17.664+0000 7fd9bbcab700 1 -- 172.21.15.82:0/1516625501 --> [v2:172.21.15.82:3300/0,v1:172.21.15.82:6789/0] -- mon_subscribe({mgrmap=0+}) v3 -- 0x7fd9b40771d0 con 0x7fd9b4102890
2024-04-27T07:24:18.445 INFO:teuthology.orchestra.run.smithi082.stdout:/usr/bin/ceph: stderr
2024-04-27T07:24:17.664+0000 7fd9aa7fc700 1 -- 172.21.15.82:0/1516625501 <== mon.0 v2:172.21.15.82:3300/0 3 ==== mon_map magic: 0 v1 ==== 229+0+0 (secure 0 0 0) 0x7fd9b0024e90 con 0x7fd9b4102890
2024-04-27T07:24:18.445 INFO:teuthology.orchestra.run.smithi082.stdout:/usr/bin/ceph: stderr
2024-04-27T07:24:17.664+0000 7fd9bbcab700 1 -- 172.21.15.82:0/1516625501 --> [v2:172.21.15.82:3300/0,v1:172.21.15.82:6789/0] -- mon_subscribe({osdmap=0}) v3 -- 0x7fd9b40776c0 con 0x7fd9b4102890
2024-04-27T07:24:18.445 INFO:teuthology.orchestra.run.smithi082.stdout:/usr/bin/ceph: stderr
2024-04-27T07:24:17.665+0000 7fd9bbcab700 1 -- 172.21.15.82:0/1516625501 --> [v2:172.21.15.82:3300/0,v1:172.21.15.82:6789/0] -- mon_command({"prefix": "get_command_descriptions"} v 0) v1 -- 0x7fd9b404bed0 con 0x7fd9b4102890
2024-04-27T07:24:18.445 INFO:teuthology.orchestra.run.smithi082.stdout:/usr/bin/ceph: stderr
2024-04-27T07:24:17.665+0000 7fd9aa7fc700 1 -- 172.21.15.82:0/1516625501 <== mon.0 v2:172.21.15.82:3300/0 4 ==== mgrmap(e 8) v1 ==== 43376+0+0 (secure 0 0 0) 0x7fd9b00109a0 con 0x7fd9b4102890
2024-04-27T07:24:18.445 INFO:teuthology.orchestra.run.smithi082.stdout:/usr/bin/ceph: stderr
2024-04-27T07:24:17.666+0000 7fd9aa7fc700 1 --2- 172.21.15.82:0/1516625501 >> [v2:172.21.15.82:6800/3417466421,v1:172.21.15.82:6801/3417466421] conn(0x7fd9a0036850 0x7fd9a0038d00 unknown :-1 s=NONE pgs=0 cs=0 l=1 rev1=0 crypto rx=0 tx=0 comp rx=0 tx=0).connect
2024-04-27T07:24:18.446 INFO:teuthology.orchestra.run.smithi082.stdout:/usr/bin/ceph: stderr
2024-04-27T07:24:17.666+0000 7fd9aa7fc700 1 -- 172.21.15.82:0/1516625501 <== mon.0 v2:172.21.15.82:3300/0 5 ==== osd_map(2..2 src has 1..2) v4 ==== 936+0+0 (secure 0 0 0) 0x7fd9b004a750 con 0x7fd9b4102890
2024-04-27T07:24:18.446 INFO:teuthology.orchestra.run.smithi082.stdout:/usr/bin/ceph: stderr
2024-04-27T07:24:17.666+0000 7fd9b9246700 1 --2- 172.21.15.82:0/1516625501 >> [v2:172.21.15.82:6800/3417466421,v1:172.21.15.82:6801/3417466421] conn(0x7fd9a0036850 0x7fd9a0038d00 unknown :-1 s=BANNER_CONNECTING pgs=0 cs=0 l=1 rev1=0 crypto rx=0 tx=0 comp rx=0 tx=0)._handle_peer_banner_payload supported=3 required=0
2024-04-27T07:24:18.446 INFO:teuthology.orchestra.run.smithi082.stdout:/usr/bin/ceph: stderr
2024-04-27T07:24:17.666+0000 7fd9b9246700 1 --2- 172.21.15.82:0/1516625501 >> [v2:172.21.15.82:6800/3417466421,v1:172.21.15.82:6801/3417466421] conn(0x7fd9a0036850 0x7fd9a0038d00 secure :-1 s=READY pgs=14 cs=0 l=1 rev1=1 crypto rx=0x7fd9a4009990 tx=0x7fd9a4006e40 comp rx=0 tx=0).ready entity=mgr.14120 client_cookie=0 server_cookie=0 in_seq=0 out_seq=0
2024-04-27T07:24:18.446 INFO:teuthology.orchestra.run.smithi082.stdout:/usr/bin/ceph: stderr
2024-04-27T07:24:17.675+0000 7fd9aa7fc700 1 -- 172.21.15.82:0/1516625501 <== mon.0 v2:172.21.15.82:3300/0 6 ==== mon_command_ack([{"prefix": "get_command_descriptions"}]=0 v0) v1 ==== 72+0+176702 (secure 0 0 0) 0x7fd9b002c520 con 0x7fd9b4102890
2024-04-27T07:24:18.446 INFO:teuthology.orchestra.run.smithi082.stdout:/usr/bin/ceph: stderr
2024-04-27T07:24:17.891+0000 7fd9bbcab700 1 -- 172.21.15.82:0/1516625501 --> [v2:172.21.15.82:6800/3417466421,v1:172.21.15.82:6801/3417466421] -- mgr_command(tid 0: {"prefix": "orch apply", "service_type": "crash", "target": ["mon-mgr", ""]}) v1 -- 0x7fd9b4077dd0 con 0x7fd9a0036850
2024-04-27T07:24:18.446 INFO:teuthology.orchestra.run.smithi082.stdout:/usr/bin/ceph: stderr
2024-04-27T07:24:17.896+0000 7fd9aa7fc700 1 -- 172.21.15.82:0/1516625501 <== mgr.14120 v2:172.21.15.82:6800/3417466421 1 ==== mgr_command_reply(tid 0: 0 ) v1 ==== 8+0+26 (secure 0 0 0) 0x7fd9b4077dd0 con 0x7fd9a0036850
2024-04-27T07:24:18.446 INFO:teuthology.orchestra.run.smithi082.stdout:/usr/bin/ceph: stderr
2024-04-27T07:24:17.899+0000 7fd9bbcab700 1 -- 172.21.15.82:0/1516625501 >> [v2:172.21.15.82:6800/3417466421,v1:172.21.15.82:6801/3417466421] conn(0x7fd9a0036850 msgr2=0x7fd9a0038d00 secure :-1 s=STATE_CONNECTION_ESTABLISHED l=1).mark_down
2024-04-27T07:24:18.446 INFO:teuthology.orchestra.run.smithi082.stdout:/usr/bin/ceph: stderr
2024-04-27T07:24:17.899+0000 7fd9bbcab700 1 --2- 172.21.15.82:0/1516625501 >> [v2:172.21.15.82:6800/3417466421,v1:172.21.15.82:6801/3417466421] conn(0x7fd9a0036850 0x7fd9a0038d00 secure :-1 s=READY pgs=14 cs=0 l=1 rev1=1 crypto rx=0x7fd9a4009990 tx=0x7fd9a4006e40 comp rx=0 tx=0).stop
2024-04-27T07:24:18.446 INFO:teuthology.orchestra.run.smithi082.stdout:/usr/bin/ceph: stderr
2024-04-27T07:24:17.899+0000 7fd9bbcab700 1 -- 172.21.15.82:0/1516625501 >> [v2:172.21.15.82:3300/0,v1:172.21.15.82:6789/0] conn(0x7fd9b4102890 msgr2=0x7fd9b4078c20 secure :-1 s=STATE_CONNECTION_ESTABLISHED l=1).mark_down
2024-04-27T07:24:18.446 INFO:teuthology.orchestra.run.smithi082.stdout:/usr/bin/ceph: stderr
2024-04-27T07:24:17.899+0000 7fd9bbcab700 1 --2- 172.21.15.82:0/1516625501 >> [v2:172.21.15.82:3300/0,v1:172.21.15.82:6789/0] conn(0x7fd9b4102890 0x7fd9b4078c20 secure :-1 s=READY pgs=52 cs=0 l=1 rev1=1 crypto rx=0x7fd9b00090b0 tx=0x7fd9b0009250 comp rx=0 tx=0).stop
2024-04-27T07:24:18.446 INFO:teuthology.orchestra.run.smithi082.stdout:/usr/bin/ceph: stderr
2024-04-27T07:24:17.899+0000 7fd9bbcab700 1 -- 172.21.15.82:0/1516625501 shutdown_connections
2024-04-27T07:24:18.447 INFO:teuthology.orchestra.run.smithi082.stdout:/usr/bin/ceph: stderr
2024-04-27T07:24:17.899+0000 7fd9bbcab700 1 --2- 172.21.15.82:0/1516625501 >> [v2:172.21.15.82:6800/3417466421,v1:172.21.15.82:6801/3417466421] conn(0x7fd9a0036850 0x7fd9a0038d00 unknown :-1 s=CLOSED pgs=14 cs=0 l=1 rev1=1 crypto rx=0 tx=0 comp rx=0 tx=0).stop
2024-04-27T07:24:18.447 INFO:teuthology.orchestra.run.smithi082.stdout:/usr/bin/ceph: stderr
2024-04-27T07:24:17.899+0000 7fd9bbcab700 1 --2- 172.21.15.82:0/1516625501 >> [v2:172.21.15.82:3300/0,v1:172.21.15.82:6789/0] conn(0x7fd9b4102890 0x7fd9b4078c20 unknown :-1 s=CLOSED pgs=52 cs=0 l=1 rev1=1 crypto rx=0 tx=0 comp rx=0 tx=0).stop
2024-04-27T07:24:18.447 INFO:teuthology.orchestra.run.smithi082.stdout:/usr/bin/ceph: stderr
2024-04-27T07:24:17.899+0000 7fd9bbcab700 1 -- 172.21.15.82:0/1516625501 >> 172.21.15.82:0/1516625501 conn(0x7fd9b40fe010 msgr2=0x7fd9b40feaa0 unknown :-1 s=STATE_NONE l=0).mark_down
2024-04-27T07:24:18.447 INFO:teuthology.orchestra.run.smithi082.stdout:/usr/bin/ceph: stderr
2024-04-27T07:24:17.899+0000 7fd9bbcab700 1 -- 172.21.15.82:0/1516625501 shutdown_connections
2024-04-27T07:24:18.447 INFO:teuthology.orchestra.run.smithi082.stdout:/usr/bin/ceph: stderr
2024-04-27T07:24:17.899+0000 7fd9bbcab700 1 -- 172.21.15.82:0/1516625501 wait complete.
2024-04-27T07:24:18.447 INFO:teuthology.orchestra.run.smithi082.stdout:Deploying prometheus service with default placement...
2024-04-27T07:24:18.447 INFO:journalctl@ceph.mon.smithi082.smithi082.stdout:Apr 27 07:24:18 smithi082 ceph-mon[26613]: from='mgr.14120 172.21.15.82:0/2655742192' entity='mgr.smithi082.hhlhmf'
2024-04-27T07:24:18.448 INFO:journalctl@ceph.mon.smithi082.smithi082.stdout:Apr 27 07:24:18 smithi082 ceph-mon[26613]: from='mgr.14120 172.21.15.82:0/2655742192' entity='mgr.smithi082.hhlhmf'
2024-04-27T07:24:18.448 INFO:journalctl@ceph.mon.smithi082.smithi082.stdout:Apr 27 07:24:18 smithi082 ceph-mon[26613]: from='mgr.14120 172.21.15.82:0/2655742192' entity='mgr.smithi082.hhlhmf'
2024-04-27T07:24:19.343 INFO:journalctl@ceph.mon.smithi082.smithi082.stdout:Apr 27 07:24:19 smithi082 ceph-mon[26613]: from='client.14146 -' entity='client.admin' cmd=[{"prefix": "orch apply", "service_type": "crash", "target": ["mon-mgr", ""]}]: dispatch
2024-04-27T07:24:19.343 INFO:journalctl@ceph.mon.smithi082.smithi082.stdout:Apr 27 07:24:19 smithi082 ceph-mon[26613]: Saving service crash spec with placement *
2024-04-27T07:24:19.343 INFO:journalctl@ceph.mon.smithi082.smithi082.stdout:Apr 27 07:24:19 smithi082 ceph-mon[26613]: from='mgr.14120 172.21.15.82:0/2655742192' entity='mgr.smithi082.hhlhmf'
2024-04-27T07:24:20.146 INFO:teuthology.orchestra.run.smithi082.stdout:/usr/bin/ceph: stdout Scheduled prometheus update...
2024-04-27T07:24:20.146 INFO:teuthology.orchestra.run.smithi082.stdout:/usr/bin/ceph: stderr
2024-04-27T07:24:18.858+0000 7f9bff417700 1 Processor -- start
2024-04-27T07:24:20.146 INFO:teuthology.orchestra.run.smithi082.stdout:/usr/bin/ceph: stderr
2024-04-27T07:24:18.859+0000 7f9bff417700 1 -- start start
2024-04-27T07:24:20.146 INFO:teuthology.orchestra.run.smithi082.stdout:/usr/bin/ceph: stderr
2024-04-27T07:24:18.859+0000 7f9bff417700 1 --2- >> [v2:172.21.15.82:3300/0,v1:172.21.15.82:6789/0] conn(0x7f9bf8078cc0 0x7f9bf8077270 unknown :-1 s=NONE pgs=0 cs=0 l=0 rev1=0 crypto rx=0 tx=0 comp rx=0 tx=0).connect
2024-04-27T07:24:20.146 INFO:teuthology.orchestra.run.smithi082.stdout:/usr/bin/ceph: stderr
2024-04-27T07:24:18.859+0000 7f9bff417700 1 -- --> [v2:172.21.15.82:3300/0,v1:172.21.15.82:6789/0] -- mon_getmap magic: 0 v1 -- 0x7f9bf80790d0 con 0x7f9bf8078cc0
2024-04-27T07:24:20.147 INFO:teuthology.orchestra.run.smithi082.stdout:/usr/bin/ceph: stderr
2024-04-27T07:24:18.859+0000 7f9bfd1b3700 1 --2- >> [v2:172.21.15.82:3300/0,v1:172.21.15.82:6789/0] conn(0x7f9bf8078cc0 0x7f9bf8077270 unknown :-1 s=BANNER_CONNECTING pgs=0 cs=0 l=0 rev1=0 crypto rx=0 tx=0 comp rx=0 tx=0)._handle_peer_banner_payload supported=3 required=0
2024-04-27T07:24:20.147 INFO:teuthology.orchestra.run.smithi082.stdout:/usr/bin/ceph: stderr
2024-04-27T07:24:18.859+0000 7f9bfd1b3700 1 --2- >> [v2:172.21.15.82:3300/0,v1:172.21.15.82:6789/0] conn(0x7f9bf8078cc0 0x7f9bf8077270 unknown :-1 s=HELLO_CONNECTING pgs=0 cs=0 l=0 rev1=1 crypto rx=0 tx=0 comp rx=0 tx=0).handle_hello peer v2:172.21.15.82:3300/0 says I am v2:172.21.15.82:35520/0 (socket says 172.21.15.82:35520)
2024-04-27T07:24:20.147 INFO:teuthology.orchestra.run.smithi082.stdout:/usr/bin/ceph: stderr
2024-04-27T07:24:18.859+0000 7f9bfd1b3700 1 -- 172.21.15.82:0/1927009680 learned_addr learned my addr 172.21.15.82:0/1927009680 (peer_addr_for_me v2:172.21.15.82:0/0)
2024-04-27T07:24:20.147 INFO:teuthology.orchestra.run.smithi082.stdout:/usr/bin/ceph: stderr
2024-04-27T07:24:18.859+0000 7f9bfd1b3700 1 -- 172.21.15.82:0/1927009680 --> [v2:172.21.15.82:3300/0,v1:172.21.15.82:6789/0] -- mon_subscribe({config=0+,monmap=0+}) v3 -- 0x7f9bf80777b0 con 0x7f9bf8078cc0
2024-04-27T07:24:20.147 INFO:teuthology.orchestra.run.smithi082.stdout:/usr/bin/ceph: stderr
2024-04-27T07:24:18.860+0000 7f9bfd1b3700 1 --2- 172.21.15.82:0/1927009680 >> [v2:172.21.15.82:3300/0,v1:172.21.15.82:6789/0] conn(0x7f9bf8078cc0 0x7f9bf8077270 secure :-1 s=READY pgs=53 cs=0 l=1 rev1=1 crypto rx=0x7f9bf40098e0 tx=0x7f9bf4009250 comp rx=0 tx=0).ready entity=mon.0 client_cookie=e51b78cf48c695fa server_cookie=0 in_seq=0 out_seq=0
2024-04-27T07:24:20.147 INFO:teuthology.orchestra.run.smithi082.stdout:/usr/bin/ceph: stderr
2024-04-27T07:24:18.860+0000 7f9beffff700 1 -- 172.21.15.82:0/1927009680 <== mon.0 v2:172.21.15.82:3300/0 1 ==== mon_map magic: 0 v1 ==== 229+0+0 (secure 0 0 0) 0x7f9bf400b860 con 0x7f9bf8078cc0
2024-04-27T07:24:20.147 INFO:teuthology.orchestra.run.smithi082.stdout:/usr/bin/ceph: stderr
2024-04-27T07:24:18.860+0000 7f9beffff700 1 -- 172.21.15.82:0/1927009680 <== mon.0 v2:172.21.15.82:3300/0 2 ==== config(27 keys) v1 ==== 1109+0+0 (secure 0 0 0) 0x7f9bf400be90 con 0x7f9bf8078cc0
2024-04-27T07:24:20.147 INFO:teuthology.orchestra.run.smithi082.stdout:/usr/bin/ceph: stderr
2024-04-27T07:24:18.860+0000 7f9beffff700 1 -- 172.21.15.82:0/1927009680 <== mon.0 v2:172.21.15.82:3300/0 3 ==== mon_map magic: 0 v1 ==== 229+0+0 (secure 0 0 0) 0x7f9bf40103c0 con 0x7f9bf8078cc0
2024-04-27T07:24:20.147 INFO:teuthology.orchestra.run.smithi082.stdout:/usr/bin/ceph: stderr
2024-04-27T07:24:18.860+0000 7f9bff417700 1 -- 172.21.15.82:0/1927009680 >> [v2:172.21.15.82:3300/0,v1:172.21.15.82:6789/0] conn(0x7f9bf8078cc0 msgr2=0x7f9bf8077270 secure :-1 s=STATE_CONNECTION_ESTABLISHED l=1).mark_down
2024-04-27T07:24:20.147 INFO:teuthology.orchestra.run.smithi082.stdout:/usr/bin/ceph: stderr
2024-04-27T07:24:18.860+0000 7f9bff417700 1 --2- 172.21.15.82:0/1927009680 >> [v2:172.21.15.82:3300/0,v1:172.21.15.82:6789/0] conn(0x7f9bf8078cc0 0x7f9bf8077270 secure :-1 s=READY pgs=53 cs=0 l=1 rev1=1 crypto rx=0x7f9bf40098e0 tx=0x7f9bf4009250 comp rx=0 tx=0).stop
2024-04-27T07:24:20.147 INFO:teuthology.orchestra.run.smithi082.stdout:/usr/bin/ceph: stderr
2024-04-27T07:24:18.861+0000 7f9bff417700 1 -- 172.21.15.82:0/1927009680 shutdown_connections
2024-04-27T07:24:20.147 INFO:teuthology.orchestra.run.smithi082.stdout:/usr/bin/ceph: stderr
2024-04-27T07:24:18.861+0000 7f9bff417700 1 --2- 172.21.15.82:0/1927009680 >> [v2:172.21.15.82:3300/0,v1:172.21.15.82:6789/0] conn(0x7f9bf8078cc0 0x7f9bf8077270 unknown :-1 s=CLOSED pgs=53 cs=0 l=1 rev1=1 crypto rx=0 tx=0 comp rx=0 tx=0).stop
2024-04-27T07:24:20.147 INFO:teuthology.orchestra.run.smithi082.stdout:/usr/bin/ceph: stderr
2024-04-27T07:24:18.861+0000 7f9bff417700 1 -- 172.21.15.82:0/1927009680 >> 172.21.15.82:0/1927009680 conn(0x7f9bf80fe010 msgr2=0x7f9bf8100420 unknown :-1 s=STATE_NONE l=0).mark_down
2024-04-27T07:24:20.147 INFO:teuthology.orchestra.run.smithi082.stdout:/usr/bin/ceph: stderr
2024-04-27T07:24:18.861+0000 7f9bff417700 1 -- 172.21.15.82:0/1927009680 shutdown_connections
2024-04-27T07:24:20.147 INFO:teuthology.orchestra.run.smithi082.stdout:/usr/bin/ceph: stderr
2024-04-27T07:24:18.861+0000 7f9bff417700 1 -- 172.21.15.82:0/1927009680 wait complete.
2024-04-27T07:24:20.148 INFO:teuthology.orchestra.run.smithi082.stdout:/usr/bin/ceph: stderr
2024-04-27T07:24:18.861+0000 7f9bff417700 1 Processor -- start
2024-04-27T07:24:20.148 INFO:teuthology.orchestra.run.smithi082.stdout:/usr/bin/ceph: stderr
2024-04-27T07:24:18.861+0000 7f9bff417700 1 -- start start
2024-04-27T07:24:20.148 INFO:teuthology.orchestra.run.smithi082.stdout:/usr/bin/ceph: stderr
2024-04-27T07:24:18.861+0000 7f9bff417700 1 --2- >> [v2:172.21.15.82:3300/0,v1:172.21.15.82:6789/0] conn(0x7f9bf8078cc0 0x7f9bf8117cb0 unknown :-1 s=NONE pgs=0 cs=0 l=1 rev1=0 crypto rx=0 tx=0 comp rx=0 tx=0).connect
2024-04-27T07:24:20.148 INFO:teuthology.orchestra.run.smithi082.stdout:/usr/bin/ceph: stderr
2024-04-27T07:24:18.861+0000 7f9bff417700 1 -- --> [v2:172.21.15.82:3300/0,v1:172.21.15.82:6789/0] -- mon_getmap magic: 0 v1 -- 0x7f9bf81181f0 con 0x7f9bf8078cc0
2024-04-27T07:24:20.148 INFO:teuthology.orchestra.run.smithi082.stdout:/usr/bin/ceph: stderr
2024-04-27T07:24:18.861+0000 7f9bfd1b3700 1 --2- >> [v2:172.21.15.82:3300/0,v1:172.21.15.82:6789/0] conn(0x7f9bf8078cc0 0x7f9bf8117cb0 unknown :-1 s=BANNER_CONNECTING pgs=0 cs=0 l=1 rev1=0 crypto rx=0 tx=0 comp rx=0 tx=0)._handle_peer_banner_payload supported=3 required=0
2024-04-27T07:24:20.148 INFO:teuthology.orchestra.run.smithi082.stdout:/usr/bin/ceph: stderr
2024-04-27T07:24:18.861+0000 7f9bfd1b3700 1 --2- >> [v2:172.21.15.82:3300/0,v1:172.21.15.82:6789/0] conn(0x7f9bf8078cc0 0x7f9bf8117cb0 unknown :-1 s=HELLO_CONNECTING pgs=0 cs=0 l=1 rev1=1 crypto rx=0 tx=0 comp rx=0 tx=0).handle_hello peer v2:172.21.15.82:3300/0 says I am v2:172.21.15.82:35528/0 (socket says 172.21.15.82:35528)
2024-04-27T07:24:20.148 INFO:teuthology.orchestra.run.smithi082.stdout:/usr/bin/ceph: stderr
2024-04-27T07:24:18.861+0000 7f9bfd1b3700 1 -- 172.21.15.82:0/2499885067 learned_addr learned my addr 172.21.15.82:0/2499885067 (peer_addr_for_me v2:172.21.15.82:0/0)
2024-04-27T07:24:20.148 INFO:teuthology.orchestra.run.smithi082.stdout:/usr/bin/ceph: stderr
2024-04-27T07:24:18.862+0000 7f9bfd1b3700 1 -- 172.21.15.82:0/2499885067 --> [v2:172.21.15.82:3300/0,v1:172.21.15.82:6789/0] -- mon_subscribe({config=0+,monmap=0+}) v3 -- 0x7f9bf40094f0 con 0x7f9bf8078cc0
2024-04-27T07:24:20.148 INFO:teuthology.orchestra.run.smithi082.stdout:/usr/bin/ceph: stderr
2024-04-27T07:24:18.862+0000 7f9bfd1b3700 1 --2- 172.21.15.82:0/2499885067 >> [v2:172.21.15.82:3300/0,v1:172.21.15.82:6789/0] conn(0x7f9bf8078cc0 0x7f9bf8117cb0 secure :-1 s=READY pgs=54 cs=0 l=1 rev1=1 crypto rx=0x7f9bf4006fd0 tx=0x7f9bf4009250 comp rx=0 tx=0).ready entity=mon.0 client_cookie=0 server_cookie=0 in_seq=0 out_seq=0
2024-04-27T07:24:20.148 INFO:teuthology.orchestra.run.smithi082.stdout:/usr/bin/ceph: stderr
2024-04-27T07:24:18.862+0000 7f9bedffb700 1 -- 172.21.15.82:0/2499885067 <== mon.0 v2:172.21.15.82:3300/0 1 ==== mon_map magic: 0 v1 ==== 229+0+0 (secure 0 0 0) 0x7f9bf4010630 con 0x7f9bf8078cc0
2024-04-27T07:24:20.148 INFO:teuthology.orchestra.run.smithi082.stdout:/usr/bin/ceph: stderr
2024-04-27T07:24:18.862+0000 7f9bedffb700 1 -- 172.21.15.82:0/2499885067 <== mon.0 v2:172.21.15.82:3300/0 2 ==== config(27 keys) v1 ==== 1109+0+0 (secure 0 0 0) 0x7f9bf4010c60 con 0x7f9bf8078cc0
2024-04-27T07:24:20.148 INFO:teuthology.orchestra.run.smithi082.stdout:/usr/bin/ceph: stderr
2024-04-27T07:24:18.862+0000 7f9bedffb700 1 -- 172.21.15.82:0/2499885067 <== mon.0 v2:172.21.15.82:3300/0 3 ==== mon_map magic: 0 v1 ==== 229+0+0 (secure 0 0 0) 0x7f9bf401ad40 con 0x7f9bf8078cc0
2024-04-27T07:24:20.148 INFO:teuthology.orchestra.run.smithi082.stdout:/usr/bin/ceph: stderr
2024-04-27T07:24:18.862+0000 7f9bff417700 1 -- 172.21.15.82:0/2499885067 --> [v2:172.21.15.82:3300/0,v1:172.21.15.82:6789/0] -- mon_subscribe({mgrmap=0+}) v3 -- 0x7f9bf81183f0 con 0x7f9bf8078cc0
2024-04-27T07:24:20.148 INFO:teuthology.orchestra.run.smithi082.stdout:/usr/bin/ceph: stderr
2024-04-27T07:24:18.862+0000 7f9bff417700 1 -- 172.21.15.82:0/2499885067 --> [v2:172.21.15.82:3300/0,v1:172.21.15.82:6789/0] -- mon_subscribe({osdmap=0}) v3 -- 0x7f9bf8118f10 con 0x7f9bf8078cc0
2024-04-27T07:24:20.149 INFO:teuthology.orchestra.run.smithi082.stdout:/usr/bin/ceph: stderr
2024-04-27T07:24:18.863+0000 7f9bedffb700 1 -- 172.21.15.82:0/2499885067 <== mon.0 v2:172.21.15.82:3300/0 4 ==== mgrmap(e 8) v1 ==== 43376+0+0 (secure 0 0 0) 0x7f9bf40193c0 con 0x7f9bf8078cc0
2024-04-27T07:24:20.149 INFO:teuthology.orchestra.run.smithi082.stdout:/usr/bin/ceph: stderr
2024-04-27T07:24:18.863+0000 7f9bedffb700 1 --2- 172.21.15.82:0/2499885067 >> [v2:172.21.15.82:6800/3417466421,v1:172.21.15.82:6801/3417466421] conn(0x7f9be40368a0 0x7f9be4038d50 unknown :-1 s=NONE pgs=0 cs=0 l=1 rev1=0 crypto rx=0 tx=0 comp rx=0 tx=0).connect
2024-04-27T07:24:20.149 INFO:teuthology.orchestra.run.smithi082.stdout:/usr/bin/ceph: stderr
2024-04-27T07:24:18.863+0000 7f9bff417700 1 -- 172.21.15.82:0/2499885067 --> [v2:172.21.15.82:3300/0,v1:172.21.15.82:6789/0] -- mon_command({"prefix": "get_command_descriptions"} v 0) v1 -- 0x7f9bf805f5c0 con 0x7f9bf8078cc0
2024-04-27T07:24:20.149 INFO:teuthology.orchestra.run.smithi082.stdout:/usr/bin/ceph: stderr
2024-04-27T07:24:18.863+0000 7f9bedffb700 1 -- 172.21.15.82:0/2499885067 <== mon.0 v2:172.21.15.82:3300/0 5 ==== osd_map(2..2 src has 1..2) v4 ==== 936+0+0 (secure 0 0 0) 0x7f9bf404a100 con 0x7f9bf8078cc0
2024-04-27T07:24:20.149 INFO:teuthology.orchestra.run.smithi082.stdout:/usr/bin/ceph: stderr
2024-04-27T07:24:18.863+0000 7f9bfc9b2700 1 --2- 172.21.15.82:0/2499885067 >> [v2:172.21.15.82:6800/3417466421,v1:172.21.15.82:6801/3417466421] conn(0x7f9be40368a0 0x7f9be4038d50 unknown :-1 s=BANNER_CONNECTING pgs=0 cs=0 l=1 rev1=0 crypto rx=0 tx=0 comp rx=0 tx=0)._handle_peer_banner_payload supported=3 required=0
2024-04-27T07:24:20.149 INFO:teuthology.orchestra.run.smithi082.stdout:/usr/bin/ceph: stderr
2024-04-27T07:24:18.864+0000 7f9bfc9b2700 1 --2- 172.21.15.82:0/2499885067 >> [v2:172.21.15.82:6800/3417466421,v1:172.21.15.82:6801/3417466421] conn(0x7f9be40368a0 0x7f9be4038d50 secure :-1 s=READY pgs=15 cs=0 l=1 rev1=1 crypto rx=0x7f9be8009990 tx=0x7f9be8006e40 comp rx=0 tx=0).ready entity=mgr.14120 client_cookie=0 server_cookie=0 in_seq=0 out_seq=0
2024-04-27T07:24:20.149 INFO:teuthology.orchestra.run.smithi082.stdout:/usr/bin/ceph: stderr
2024-04-27T07:24:18.868+0000 7f9bedffb700 1 -- 172.21.15.82:0/2499885067 <== mon.0 v2:172.21.15.82:3300/0 6 ==== mon_command_ack([{"prefix": "get_command_descriptions"}]=0 v0) v1 ==== 72+0+176702 (secure 0 0 0) 0x7f9bf402c300 con 0x7f9bf8078cc0
2024-04-27T07:24:20.149 INFO:teuthology.orchestra.run.smithi082.stdout:/usr/bin/ceph: stderr
2024-04-27T07:24:19.071+0000 7f9bff417700 1 -- 172.21.15.82:0/2499885067 --> [v2:172.21.15.82:6800/3417466421,v1:172.21.15.82:6801/3417466421] -- mgr_command(tid 0: {"prefix": "orch apply", "service_type": "prometheus", "target": ["mon-mgr", ""]}) v1 -- 0x7f9bf8119a90 con 0x7f9be40368a0
2024-04-27T07:24:20.149 INFO:teuthology.orchestra.run.smithi082.stdout:/usr/bin/ceph: stderr
2024-04-27T07:24:19.076+0000 7f9bedffb700 1 -- 172.21.15.82:0/2499885067 <== mgr.14120 v2:172.21.15.82:6800/3417466421 1 ==== mgr_command_reply(tid 0: 0 ) v1 ==== 8+0+31 (secure 0 0 0) 0x7f9bf8119a90 con 0x7f9be40368a0
2024-04-27T07:24:20.149 INFO:teuthology.orchestra.run.smithi082.stdout:/usr/bin/ceph: stderr
2024-04-27T07:24:19.078+0000 7f9bff417700 1 -- 172.21.15.82:0/2499885067 >> [v2:172.21.15.82:6800/3417466421,v1:172.21.15.82:6801/3417466421] conn(0x7f9be40368a0 msgr2=0x7f9be4038d50 secure :-1 s=STATE_CONNECTION_ESTABLISHED l=1).mark_down
2024-04-27T07:24:20.149 INFO:teuthology.orchestra.run.smithi082.stdout:/usr/bin/ceph: stderr
2024-04-27T07:24:19.078+0000 7f9bff417700 1 --2- 172.21.15.82:0/2499885067 >> [v2:172.21.15.82:6800/3417466421,v1:172.21.15.82:6801/3417466421] conn(0x7f9be40368a0 0x7f9be4038d50 secure :-1 s=READY pgs=15 cs=0 l=1 rev1=1 crypto rx=0x7f9be8009990 tx=0x7f9be8006e40 comp rx=0 tx=0).stop
2024-04-27T07:24:20.149 INFO:teuthology.orchestra.run.smithi082.stdout:/usr/bin/ceph: stderr
2024-04-27T07:24:19.078+0000 7f9bff417700 1 -- 172.21.15.82:0/2499885067 >> [v2:172.21.15.82:3300/0,v1:172.21.15.82:6789/0] conn(0x7f9bf8078cc0 msgr2=0x7f9bf8117cb0 secure :-1 s=STATE_CONNECTION_ESTABLISHED l=1).mark_down
2024-04-27T07:24:20.149 INFO:teuthology.orchestra.run.smithi082.stdout:/usr/bin/ceph: stderr
2024-04-27T07:24:19.078+0000 7f9bff417700 1 --2- 172.21.15.82:0/2499885067 >> [v2:172.21.15.82:3300/0,v1:172.21.15.82:6789/0] conn(0x7f9bf8078cc0 0x7f9bf8117cb0 secure :-1 s=READY pgs=54 cs=0 l=1 rev1=1 crypto rx=0x7f9bf4006fd0 tx=0x7f9bf4009250 comp rx=0 tx=0).stop
2024-04-27T07:24:20.149 INFO:teuthology.orchestra.run.smithi082.stdout:/usr/bin/ceph: stderr
2024-04-27T07:24:19.078+0000 7f9bff417700 1 -- 172.21.15.82:0/2499885067 shutdown_connections
2024-04-27T07:24:20.150 INFO:teuthology.orchestra.run.smithi082.stdout:/usr/bin/ceph: stderr
2024-04-27T07:24:19.078+0000 7f9bff417700 1 --2- 172.21.15.82:0/2499885067 >> [v2:172.21.15.82:6800/3417466421,v1:172.21.15.82:6801/3417466421] conn(0x7f9be40368a0 0x7f9be4038d50 unknown :-1 s=CLOSED pgs=15 cs=0 l=1 rev1=1 crypto rx=0 tx=0 comp rx=0 tx=0).stop
2024-04-27T07:24:20.150 INFO:teuthology.orchestra.run.smithi082.stdout:/usr/bin/ceph: stderr
2024-04-27T07:24:19.078+0000 7f9bff417700 1 --2- 172.21.15.82:0/2499885067 >> [v2:172.21.15.82:3300/0,v1:172.21.15.82:6789/0] conn(0x7f9bf8078cc0 0x7f9bf8117cb0 unknown :-1 s=CLOSED pgs=54 cs=0 l=1 rev1=1 crypto rx=0 tx=0 comp rx=0 tx=0).stop
2024-04-27T07:24:20.150 INFO:teuthology.orchestra.run.smithi082.stdout:/usr/bin/ceph: stderr
2024-04-27T07:24:19.078+0000 7f9bff417700 1 -- 172.21.15.82:0/2499885067 >> 172.21.15.82:0/2499885067 conn(0x7f9bf80fe010 msgr2=0x7f9bf810efc0 unknown :-1 s=STATE_NONE l=0).mark_down
2024-04-27T07:24:20.150 INFO:teuthology.orchestra.run.smithi082.stdout:/usr/bin/ceph: stderr
2024-04-27T07:24:19.078+0000 7f9bff417700 1 -- 172.21.15.82:0/2499885067 shutdown_connections
2024-04-27T07:24:20.150 INFO:teuthology.orchestra.run.smithi082.stdout:/usr/bin/ceph: stderr
2024-04-27T07:24:19.078+0000 7f9bff417700 1 -- 172.21.15.82:0/2499885067 wait complete.
2024-04-27T07:24:20.150 INFO:teuthology.orchestra.run.smithi082.stdout:Deploying grafana service with default placement...
2024-04-27T07:24:20.416 INFO:journalctl@ceph.mon.smithi082.smithi082.stdout:Apr 27 07:24:20 smithi082 ceph-mon[26613]: from='client.14148 -' entity='client.admin' cmd=[{"prefix": "orch apply", "service_type": "prometheus", "target": ["mon-mgr", ""]}]: dispatch
2024-04-27T07:24:20.416 INFO:journalctl@ceph.mon.smithi082.smithi082.stdout:Apr 27 07:24:20 smithi082 ceph-mon[26613]: Saving service prometheus spec with placement count:1
2024-04-27T07:24:21.469 INFO:teuthology.orchestra.run.smithi082.stdout:/usr/bin/ceph: stdout Scheduled grafana update...
2024-04-27T07:24:21.469 INFO:teuthology.orchestra.run.smithi082.stdout:/usr/bin/ceph: stderr
2024-04-27T07:24:20.631+0000 7ffac339d700 1 Processor -- start
2024-04-27T07:24:21.470 INFO:teuthology.orchestra.run.smithi082.stdout:/usr/bin/ceph: stderr
2024-04-27T07:24:20.631+0000 7ffac339d700 1 -- start start
2024-04-27T07:24:21.470 INFO:teuthology.orchestra.run.smithi082.stdout:/usr/bin/ceph: stderr
2024-04-27T07:24:20.632+0000 7ffac339d700 1 --2- >> [v2:172.21.15.82:3300/0,v1:172.21.15.82:6789/0] conn(0x7ffabc100bd0 0x7ffabc100fe0 unknown :-1 s=NONE pgs=0 cs=0 l=0 rev1=0 crypto rx=0 tx=0 comp rx=0 tx=0).connect
2024-04-27T07:24:21.470 INFO:teuthology.orchestra.run.smithi082.stdout:/usr/bin/ceph: stderr
2024-04-27T07:24:20.632+0000 7ffac339d700 1 -- --> [v2:172.21.15.82:3300/0,v1:172.21.15.82:6789/0] -- mon_getmap magic: 0 v1 -- 0x7ffabc101520 con 0x7ffabc100bd0
2024-04-27T07:24:21.470 INFO:teuthology.orchestra.run.smithi082.stdout:/usr/bin/ceph: stderr
2024-04-27T07:24:20.632+0000 7ffac1139700 1 --2- >> [v2:172.21.15.82:3300/0,v1:172.21.15.82:6789/0] conn(0x7ffabc100bd0 0x7ffabc100fe0 unknown :-1 s=BANNER_CONNECTING pgs=0 cs=0 l=0 rev1=0 crypto rx=0 tx=0 comp rx=0 tx=0)._handle_peer_banner_payload supported=3 required=0
2024-04-27T07:24:21.470 INFO:teuthology.orchestra.run.smithi082.stdout:/usr/bin/ceph: stderr
2024-04-27T07:24:20.632+0000 7ffac1139700 1 --2- >> [v2:172.21.15.82:3300/0,v1:172.21.15.82:6789/0] conn(0x7ffabc100bd0 0x7ffabc100fe0 unknown :-1 s=HELLO_CONNECTING pgs=0 cs=0 l=0 rev1=1 crypto rx=0 tx=0 comp rx=0 tx=0).handle_hello peer v2:172.21.15.82:3300/0 says I am v2:172.21.15.82:35544/0 (socket says 172.21.15.82:35544)
2024-04-27T07:24:21.470 INFO:teuthology.orchestra.run.smithi082.stdout:/usr/bin/ceph: stderr
2024-04-27T07:24:20.632+0000 7ffac1139700 1 -- 172.21.15.82:0/378424671 learned_addr learned my addr 172.21.15.82:0/378424671 (peer_addr_for_me v2:172.21.15.82:0/0)
2024-04-27T07:24:21.470 INFO:teuthology.orchestra.run.smithi082.stdout:/usr/bin/ceph: stderr
2024-04-27T07:24:20.632+0000 7ffac1139700 1 -- 172.21.15.82:0/378424671 --> [v2:172.21.15.82:3300/0,v1:172.21.15.82:6789/0] -- mon_subscribe({config=0+,monmap=0+}) v3 -- 0x7ffabc101660 con 0x7ffabc100bd0
2024-04-27T07:24:21.470 INFO:teuthology.orchestra.run.smithi082.stdout:/usr/bin/ceph: stderr
2024-04-27T07:24:20.632+0000 7ffac1139700 1 --2- 172.21.15.82:0/378424671 >> [v2:172.21.15.82:3300/0,v1:172.21.15.82:6789/0] conn(0x7ffabc100bd0 0x7ffabc100fe0 secure :-1 s=READY pgs=55 cs=0 l=1 rev1=1 crypto rx=0x7ffaac0098e0 tx=0x7ffaac009250 comp rx=0 tx=0).ready entity=mon.0 client_cookie=7ff77b93a1c8404a server_cookie=0 in_seq=0 out_seq=0
2024-04-27T07:24:21.470 INFO:teuthology.orchestra.run.smithi082.stdout:/usr/bin/ceph: stderr
2024-04-27T07:24:20.632+0000 7ffab3fff700 1 -- 172.21.15.82:0/378424671 <== mon.0 v2:172.21.15.82:3300/0 1 ==== mon_map magic: 0 v1 ==== 229+0+0 (secure 0 0 0) 0x7ffaac00b860 con 0x7ffabc100bd0
2024-04-27T07:24:21.470 INFO:teuthology.orchestra.run.smithi082.stdout:/usr/bin/ceph: stderr
2024-04-27T07:24:20.633+0000 7ffab3fff700 1 -- 172.21.15.82:0/378424671 <== mon.0 v2:172.21.15.82:3300/0 2 ==== config(27 keys) v1 ==== 1109+0+0 (secure 0 0 0) 0x7ffaac00be90 con 0x7ffabc100bd0
2024-04-27T07:24:21.471 INFO:teuthology.orchestra.run.smithi082.stdout:/usr/bin/ceph: stderr
2024-04-27T07:24:20.633+0000 7ffab3fff700 1 -- 172.21.15.82:0/378424671 <== mon.0 v2:172.21.15.82:3300/0 3 ==== mon_map magic: 0 v1 ==== 229+0+0 (secure 0 0 0) 0x7ffaac0103c0 con 0x7ffabc100bd0
2024-04-27T07:24:21.471 INFO:teuthology.orchestra.run.smithi082.stdout:/usr/bin/ceph: stderr
2024-04-27T07:24:20.633+0000 7ffac339d700 1 -- 172.21.15.82:0/378424671 >> [v2:172.21.15.82:3300/0,v1:172.21.15.82:6789/0] conn(0x7ffabc100bd0 msgr2=0x7ffabc100fe0 secure :-1 s=STATE_CONNECTION_ESTABLISHED l=1).mark_down
2024-04-27T07:24:21.471 INFO:teuthology.orchestra.run.smithi082.stdout:/usr/bin/ceph: stderr
2024-04-27T07:24:20.633+0000 7ffac339d700 1 --2- 172.21.15.82:0/378424671 >> [v2:172.21.15.82:3300/0,v1:172.21.15.82:6789/0] conn(0x7ffabc100bd0 0x7ffabc100fe0 secure :-1 s=READY pgs=55 cs=0 l=1 rev1=1 crypto rx=0x7ffaac0098e0 tx=0x7ffaac009250 comp rx=0 tx=0).stop
2024-04-27T07:24:21.471 INFO:teuthology.orchestra.run.smithi082.stdout:/usr/bin/ceph: stderr
2024-04-27T07:24:20.633+0000 7ffac339d700 1 -- 172.21.15.82:0/378424671 shutdown_connections
2024-04-27T07:24:21.471 INFO:teuthology.orchestra.run.smithi082.stdout:/usr/bin/ceph: stderr
2024-04-27T07:24:20.633+0000 7ffac339d700 1 --2- 172.21.15.82:0/378424671 >> [v2:172.21.15.82:3300/0,v1:172.21.15.82:6789/0] conn(0x7ffabc100bd0 0x7ffabc100fe0 unknown :-1 s=CLOSED pgs=55 cs=0 l=1 rev1=1 crypto rx=0 tx=0 comp rx=0 tx=0).stop
2024-04-27T07:24:21.471 INFO:teuthology.orchestra.run.smithi082.stdout:/usr/bin/ceph: stderr
2024-04-27T07:24:20.633+0000 7ffac339d700 1 -- 172.21.15.82:0/378424671 >> 172.21.15.82:0/378424671 conn(0x7ffabc0fc690 msgr2=0x7ffabc0feac0 unknown :-1 s=STATE_NONE l=0).mark_down
2024-04-27T07:24:21.471 INFO:teuthology.orchestra.run.smithi082.stdout:/usr/bin/ceph: stderr
2024-04-27T07:24:20.633+0000 7ffac339d700 1 -- 172.21.15.82:0/378424671 shutdown_connections
2024-04-27T07:24:21.471 INFO:teuthology.orchestra.run.smithi082.stdout:/usr/bin/ceph: stderr
2024-04-27T07:24:20.633+0000 7ffac339d700 1 -- 172.21.15.82:0/378424671 wait complete.
2024-04-27T07:24:21.471 INFO:teuthology.orchestra.run.smithi082.stdout:/usr/bin/ceph: stderr
2024-04-27T07:24:20.634+0000 7ffac339d700 1 Processor -- start
2024-04-27T07:24:21.471 INFO:teuthology.orchestra.run.smithi082.stdout:/usr/bin/ceph: stderr
2024-04-27T07:24:20.634+0000 7ffac339d700 1 -- start start
2024-04-27T07:24:21.471 INFO:teuthology.orchestra.run.smithi082.stdout:/usr/bin/ceph: stderr
2024-04-27T07:24:20.634+0000 7ffac339d700 1 --2- >> [v2:172.21.15.82:3300/0,v1:172.21.15.82:6789/0] conn(0x7ffabc100bd0 0x7ffabc103600 unknown :-1 s=NONE pgs=0 cs=0 l=1 rev1=0 crypto rx=0 tx=0 comp rx=0 tx=0).connect
2024-04-27T07:24:21.471 INFO:teuthology.orchestra.run.smithi082.stdout:/usr/bin/ceph: stderr
2024-04-27T07:24:20.634+0000 7ffac339d700 1 -- --> [v2:172.21.15.82:3300/0,v1:172.21.15.82:6789/0] -- mon_getmap magic: 0 v1 -- 0x7ffabc103b40 con 0x7ffabc100bd0
2024-04-27T07:24:21.471 INFO:teuthology.orchestra.run.smithi082.stdout:/usr/bin/ceph: stderr
2024-04-27T07:24:20.634+0000 7ffac1139700 1 --2- >> [v2:172.21.15.82:3300/0,v1:172.21.15.82:6789/0] conn(0x7ffabc100bd0 0x7ffabc103600 unknown :-1 s=BANNER_CONNECTING pgs=0 cs=0 l=1 rev1=0 crypto rx=0 tx=0 comp rx=0 tx=0)._handle_peer_banner_payload supported=3 required=0
2024-04-27T07:24:21.472 INFO:teuthology.orchestra.run.smithi082.stdout:/usr/bin/ceph: stderr
2024-04-27T07:24:20.634+0000 7ffac1139700 1 --2- >> [v2:172.21.15.82:3300/0,v1:172.21.15.82:6789/0] conn(0x7ffabc100bd0 0x7ffabc103600 unknown :-1 s=HELLO_CONNECTING pgs=0 cs=0 l=1 rev1=1 crypto rx=0 tx=0 comp rx=0 tx=0).handle_hello peer v2:172.21.15.82:3300/0 says I am v2:172.21.15.82:35550/0 (socket says 172.21.15.82:35550)
2024-04-27T07:24:21.472 INFO:teuthology.orchestra.run.smithi082.stdout:/usr/bin/ceph: stderr
2024-04-27T07:24:20.634+0000 7ffac1139700 1 -- 172.21.15.82:0/1887702419 learned_addr learned my addr 172.21.15.82:0/1887702419 (peer_addr_for_me v2:172.21.15.82:0/0)
2024-04-27T07:24:21.472 INFO:teuthology.orchestra.run.smithi082.stdout:/usr/bin/ceph: stderr
2024-04-27T07:24:20.634+0000 7ffac1139700 1 -- 172.21.15.82:0/1887702419 --> [v2:172.21.15.82:3300/0,v1:172.21.15.82:6789/0] -- mon_subscribe({config=0+,monmap=0+}) v3 -- 0x7ffaac0094f0 con 0x7ffabc100bd0
2024-04-27T07:24:21.472 INFO:teuthology.orchestra.run.smithi082.stdout:/usr/bin/ceph: stderr
2024-04-27T07:24:20.634+0000 7ffac1139700 1 --2- 172.21.15.82:0/1887702419 >> [v2:172.21.15.82:3300/0,v1:172.21.15.82:6789/0] conn(0x7ffabc100bd0 0x7ffabc103600 secure :-1 s=READY pgs=56 cs=0 l=1 rev1=1 crypto rx=0x7ffaac011680 tx=0x7ffaac009250 comp rx=0 tx=0).ready entity=mon.0 client_cookie=0 server_cookie=0 in_seq=0 out_seq=0
2024-04-27T07:24:21.472 INFO:teuthology.orchestra.run.smithi082.stdout:/usr/bin/ceph: stderr
2024-04-27T07:24:20.635+0000 7ffab1ffb700 1 -- 172.21.15.82:0/1887702419 <== mon.0 v2:172.21.15.82:3300/0 1 ==== mon_map magic: 0 v1 ==== 229+0+0 (secure 0 0 0) 0x7ffaac010890 con 0x7ffabc100bd0
2024-04-27T07:24:21.472 INFO:teuthology.orchestra.run.smithi082.stdout:/usr/bin/ceph: stderr
2024-04-27T07:24:20.635+0000 7ffab1ffb700 1 -- 172.21.15.82:0/1887702419 <== mon.0 v2:172.21.15.82:3300/0 2 ==== config(27 keys) v1 ==== 1109+0+0 (secure 0 0 0) 0x7ffaac010ec0 con 0x7ffabc100bd0
2024-04-27T07:24:21.472 INFO:teuthology.orchestra.run.smithi082.stdout:/usr/bin/ceph: stderr
2024-04-27T07:24:20.635+0000 7ffac339d700 1 -- 172.21.15.82:0/1887702419 --> [v2:172.21.15.82:3300/0,v1:172.21.15.82:6789/0] -- mon_subscribe({mgrmap=0+}) v3 -- 0x7ffabc101bb0 con 0x7ffabc100bd0
2024-04-27T07:24:21.472 INFO:teuthology.orchestra.run.smithi082.stdout:/usr/bin/ceph: stderr
2024-04-27T07:24:20.635+0000 7ffab1ffb700 1 -- 172.21.15.82:0/1887702419 <== mon.0 v2:172.21.15.82:3300/0 3 ==== mon_map magic: 0 v1 ==== 229+0+0 (secure 0 0 0) 0x7ffaac0243f0 con 0x7ffabc100bd0
2024-04-27T07:24:21.472 INFO:teuthology.orchestra.run.smithi082.stdout:/usr/bin/ceph: stderr
2024-04-27T07:24:20.635+0000 7ffac339d700 1 -- 172.21.15.82:0/1887702419 --> [v2:172.21.15.82:3300/0,v1:172.21.15.82:6789/0] -- mon_subscribe({osdmap=0}) v3 -- 0x7ffabc1020a0 con 0x7ffabc100bd0
2024-04-27T07:24:21.472 INFO:teuthology.orchestra.run.smithi082.stdout:/usr/bin/ceph: stderr
2024-04-27T07:24:20.636+0000 7ffab1ffb700 1 -- 172.21.15.82:0/1887702419 <== mon.0 v2:172.21.15.82:3300/0 4 ==== mgrmap(e 8) v1 ==== 43376+0+0 (secure 0 0 0) 0x7ffaac02d3f0 con 0x7ffabc100bd0
2024-04-27T07:24:21.472 INFO:teuthology.orchestra.run.smithi082.stdout:/usr/bin/ceph: stderr
2024-04-27T07:24:20.636+0000 7ffac339d700 1 -- 172.21.15.82:0/1887702419 --> [v2:172.21.15.82:3300/0,v1:172.21.15.82:6789/0] -- mon_command({"prefix": "get_command_descriptions"} v 0) v1 -- 0x7ffabc04bed0 con 0x7ffabc100bd0
2024-04-27T07:24:21.472 INFO:teuthology.orchestra.run.smithi082.stdout:/usr/bin/ceph: stderr
2024-04-27T07:24:20.636+0000 7ffab1ffb700 1 --2- 172.21.15.82:0/1887702419 >> [v2:172.21.15.82:6800/3417466421,v1:172.21.15.82:6801/3417466421] conn(0x7ffaa8036850 0x7ffaa8038d00 unknown :-1 s=NONE pgs=0 cs=0 l=1 rev1=0 crypto rx=0 tx=0 comp rx=0 tx=0).connect
2024-04-27T07:24:21.472 INFO:teuthology.orchestra.run.smithi082.stdout:/usr/bin/ceph: stderr
2024-04-27T07:24:20.636+0000 7ffab1ffb700 1 -- 172.21.15.82:0/1887702419 <== mon.0 v2:172.21.15.82:3300/0 5 ==== osd_map(2..2 src has 1..2) v4 ==== 936+0+0 (secure 0 0 0) 0x7ffaac04a250 con 0x7ffabc100bd0
2024-04-27T07:24:21.473 INFO:teuthology.orchestra.run.smithi082.stdout:/usr/bin/ceph: stderr
2024-04-27T07:24:20.636+0000 7ffac0938700 1 --2- 172.21.15.82:0/1887702419 >> [v2:172.21.15.82:6800/3417466421,v1:172.21.15.82:6801/3417466421] conn(0x7ffaa8036850 0x7ffaa8038d00 unknown :-1 s=BANNER_CONNECTING pgs=0 cs=0 l=1 rev1=0 crypto rx=0 tx=0 comp rx=0 tx=0)._handle_peer_banner_payload supported=3 required=0
2024-04-27T07:24:21.473 INFO:teuthology.orchestra.run.smithi082.stdout:/usr/bin/ceph: stderr
2024-04-27T07:24:20.636+0000 7ffac0938700 1 --2- 172.21.15.82:0/1887702419 >> [v2:172.21.15.82:6800/3417466421,v1:172.21.15.82:6801/3417466421] conn(0x7ffaa8036850 0x7ffaa8038d00 secure :-1 s=READY pgs=16 cs=0 l=1 rev1=1 crypto rx=0x7ffab8009990 tx=0x7ffab8006e40 comp rx=0 tx=0).ready entity=mgr.14120 client_cookie=0 server_cookie=0 in_seq=0 out_seq=0
2024-04-27T07:24:21.473 INFO:teuthology.orchestra.run.smithi082.stdout:/usr/bin/ceph: stderr
2024-04-27T07:24:20.641+0000 7ffab1ffb700 1 -- 172.21.15.82:0/1887702419 <== mon.0 v2:172.21.15.82:3300/0 6 ==== mon_command_ack([{"prefix": "get_command_descriptions"}]=0 v0) v1 ==== 72+0+176702 (secure 0 0 0) 0x7ffaac02b8e0 con 0x7ffabc100bd0
2024-04-27T07:24:21.473 INFO:teuthology.orchestra.run.smithi082.stdout:/usr/bin/ceph: stderr
2024-04-27T07:24:20.851+0000 7ffac339d700 1 -- 172.21.15.82:0/1887702419 --> [v2:172.21.15.82:6800/3417466421,v1:172.21.15.82:6801/3417466421] -- mgr_command(tid 0: {"prefix": "orch apply", "service_type": "grafana", "target": ["mon-mgr", ""]}) v1 -- 0x7ffabc0fd850 con 0x7ffaa8036850
2024-04-27T07:24:21.473 INFO:teuthology.orchestra.run.smithi082.stdout:/usr/bin/ceph: stderr
2024-04-27T07:24:20.862+0000 7ffab1ffb700 1 -- 172.21.15.82:0/1887702419 <== mgr.14120 v2:172.21.15.82:6800/3417466421 1 ==== mgr_command_reply(tid 0: 0 ) v1 ==== 8+0+28 (secure 0 0 0) 0x7ffabc0fd850 con 0x7ffaa8036850
2024-04-27T07:24:21.473 INFO:teuthology.orchestra.run.smithi082.stdout:/usr/bin/ceph: stderr
2024-04-27T07:24:20.864+0000 7ffac339d700 1 -- 172.21.15.82:0/1887702419 >> [v2:172.21.15.82:6800/3417466421,v1:172.21.15.82:6801/3417466421] conn(0x7ffaa8036850 msgr2=0x7ffaa8038d00 secure :-1 s=STATE_CONNECTION_ESTABLISHED l=1).mark_down
2024-04-27T07:24:21.473 INFO:teuthology.orchestra.run.smithi082.stdout:/usr/bin/ceph: stderr
2024-04-27T07:24:20.864+0000 7ffac339d700 1 --2- 172.21.15.82:0/1887702419 >> [v2:172.21.15.82:6800/3417466421,v1:172.21.15.82:6801/3417466421] conn(0x7ffaa8036850 0x7ffaa8038d00 secure :-1 s=READY pgs=16 cs=0 l=1 rev1=1 crypto rx=0x7ffab8009990 tx=0x7ffab8006e40 comp rx=0 tx=0).stop
2024-04-27T07:24:21.473 INFO:teuthology.orchestra.run.smithi082.stdout:/usr/bin/ceph: stderr
