2024-04-27T07:24:25.401+0000 7f2fd5520700 1 --2- 172.21.15.82:0/713244089 >> [v2:172.21.15.82:3300/0,v1:172.21.15.82:6789/0] conn(0x7f2fd0078c80 0x7f2fd0113850 secure :-1 s=READY pgs=62 cs=0 l=1 rev1=1 crypto rx=0x7f2fc00094c0 tx=0x7f2fc0009250 comp rx=0 tx=0).stop
2024-04-27T07:24:26.025 INFO:teuthology.orchestra.run.smithi082.stdout:/usr/bin/ceph: stderr
2024-04-27T07:24:25.401+0000 7f2fd5520700 1 -- 172.21.15.82:0/713244089 shutdown_connections
2024-04-27T07:24:26.025 INFO:teuthology.orchestra.run.smithi082.stdout:/usr/bin/ceph: stderr
2024-04-27T07:24:25.401+0000 7f2fd5520700 1 --2- 172.21.15.82:0/713244089 >> [v2:172.21.15.82:6800/3417466421,v1:172.21.15.82:6801/3417466421] conn(0x7f2fbc036850 0x7f2fbc038d00 unknown :-1 s=CLOSED pgs=19 cs=0 l=1 rev1=1 crypto rx=0 tx=0 comp rx=0 tx=0).stop
2024-04-27T07:24:26.025 INFO:teuthology.orchestra.run.smithi082.stdout:/usr/bin/ceph: stderr
2024-04-27T07:24:25.401+0000 7f2fd5520700 1 --2- 172.21.15.82:0/713244089 >> [v2:172.21.15.82:3300/0,v1:172.21.15.82:6789/0] conn(0x7f2fd0078c80 0x7f2fd0113850 unknown :-1 s=CLOSED pgs=62 cs=0 l=1 rev1=1 crypto rx=0 tx=0 comp rx=0 tx=0).stop
2024-04-27T07:24:26.025 INFO:teuthology.orchestra.run.smithi082.stdout:/usr/bin/ceph: stderr
2024-04-27T07:24:25.401+0000 7f2fd5520700 1 -- 172.21.15.82:0/713244089 >> 172.21.15.82:0/713244089 conn(0x7f2fd00fe060 msgr2=0x7f2fd00febb0 unknown :-1 s=STATE_NONE l=0).mark_down
2024-04-27T07:24:26.025 INFO:teuthology.orchestra.run.smithi082.stdout:/usr/bin/ceph: stderr
2024-04-27T07:24:25.401+0000 7f2fd5520700 1 -- 172.21.15.82:0/713244089 shutdown_connections
2024-04-27T07:24:26.025 INFO:teuthology.orchestra.run.smithi082.stdout:/usr/bin/ceph: stderr
2024-04-27T07:24:25.401+0000 7f2fd5520700 1 -- 172.21.15.82:0/713244089 wait complete.
2024-04-27T07:24:27.155 INFO:teuthology.orchestra.run.smithi082.stdout:/usr/bin/ceph: stderr
2024-04-27T07:24:26.394+0000 7f96af681700 1 Processor -- start
2024-04-27T07:24:27.155 INFO:teuthology.orchestra.run.smithi082.stdout:/usr/bin/ceph: stderr
2024-04-27T07:24:26.394+0000 7f96af681700 1 -- start start
2024-04-27T07:24:27.155 INFO:teuthology.orchestra.run.smithi082.stdout:/usr/bin/ceph: stderr
2024-04-27T07:24:26.394+0000 7f96af681700 1 --2- >> [v2:172.21.15.82:3300/0,v1:172.21.15.82:6789/0] conn(0x7f96a8102880 0x7f96a8102c90 unknown :-1 s=NONE pgs=0 cs=0 l=0 rev1=0 crypto rx=0 tx=0 comp rx=0 tx=0).connect
2024-04-27T07:24:27.155 INFO:teuthology.orchestra.run.smithi082.stdout:/usr/bin/ceph: stderr
2024-04-27T07:24:26.394+0000 7f96af681700 1 -- --> [v2:172.21.15.82:3300/0,v1:172.21.15.82:6789/0] -- mon_getmap magic: 0 v1 -- 0x7f96a81031d0 con 0x7f96a8102880
2024-04-27T07:24:27.155 INFO:teuthology.orchestra.run.smithi082.stdout:/usr/bin/ceph: stderr
2024-04-27T07:24:26.394+0000 7f96ad41d700 1 --2- >> [v2:172.21.15.82:3300/0,v1:172.21.15.82:6789/0] conn(0x7f96a8102880 0x7f96a8102c90 unknown :-1 s=BANNER_CONNECTING pgs=0 cs=0 l=0 rev1=0 crypto rx=0 tx=0 comp rx=0 tx=0)._handle_peer_banner_payload supported=3 required=0
2024-04-27T07:24:27.155 INFO:teuthology.orchestra.run.smithi082.stdout:/usr/bin/ceph: stderr
2024-04-27T07:24:26.394+0000 7f96ad41d700 1 --2- >> [v2:172.21.15.82:3300/0,v1:172.21.15.82:6789/0] conn(0x7f96a8102880 0x7f96a8102c90 unknown :-1 s=HELLO_CONNECTING pgs=0 cs=0 l=0 rev1=1 crypto rx=0 tx=0 comp rx=0 tx=0).handle_hello peer v2:172.21.15.82:3300/0 says I am v2:172.21.15.82:55254/0 (socket says 172.21.15.82:55254)
2024-04-27T07:24:27.156 INFO:teuthology.orchestra.run.smithi082.stdout:/usr/bin/ceph: stderr
2024-04-27T07:24:26.395+0000 7f96ad41d700 1 -- 172.21.15.82:0/1945437151 learned_addr learned my addr 172.21.15.82:0/1945437151 (peer_addr_for_me v2:172.21.15.82:0/0)
2024-04-27T07:24:27.156 INFO:teuthology.orchestra.run.smithi082.stdout:/usr/bin/ceph: stderr
2024-04-27T07:24:26.395+0000 7f96ad41d700 1 -- 172.21.15.82:0/1945437151 --> [v2:172.21.15.82:3300/0,v1:172.21.15.82:6789/0] -- mon_subscribe({config=0+,monmap=0+}) v3 -- 0x7f96a8103310 con 0x7f96a8102880
2024-04-27T07:24:27.156 INFO:teuthology.orchestra.run.smithi082.stdout:/usr/bin/ceph: stderr
2024-04-27T07:24:26.395+0000 7f96ad41d700 1 --2- 172.21.15.82:0/1945437151 >> [v2:172.21.15.82:3300/0,v1:172.21.15.82:6789/0] conn(0x7f96a8102880 0x7f96a8102c90 secure :-1 s=READY pgs=63 cs=0 l=1 rev1=1 crypto rx=0x7f96a40098e0 tx=0x7f96a4009250 comp rx=0 tx=0).ready entity=mon.0 client_cookie=69f62b3a1948e1b3 server_cookie=0 in_seq=0 out_seq=0
2024-04-27T07:24:27.156 INFO:teuthology.orchestra.run.smithi082.stdout:/usr/bin/ceph: stderr
2024-04-27T07:24:26.395+0000 7f969ffff700 1 -- 172.21.15.82:0/1945437151 <== mon.0 v2:172.21.15.82:3300/0 1 ==== mon_map magic: 0 v1 ==== 229+0+0 (secure 0 0 0) 0x7f96a400b860 con 0x7f96a8102880
2024-04-27T07:24:27.156 INFO:teuthology.orchestra.run.smithi082.stdout:/usr/bin/ceph: stderr
2024-04-27T07:24:26.395+0000 7f969ffff700 1 -- 172.21.15.82:0/1945437151 <== mon.0 v2:172.21.15.82:3300/0 2 ==== config(27 keys) v1 ==== 1109+0+0 (secure 0 0 0) 0x7f96a400be90 con 0x7f96a8102880
2024-04-27T07:24:27.156 INFO:teuthology.orchestra.run.smithi082.stdout:/usr/bin/ceph: stderr
2024-04-27T07:24:26.395+0000 7f969ffff700 1 -- 172.21.15.82:0/1945437151 <== mon.0 v2:172.21.15.82:3300/0 3 ==== mon_map magic: 0 v1 ==== 229+0+0 (secure 0 0 0) 0x7f96a40103c0 con 0x7f96a8102880
2024-04-27T07:24:27.156 INFO:teuthology.orchestra.run.smithi082.stdout:/usr/bin/ceph: stderr
2024-04-27T07:24:26.396+0000 7f96af681700 1 -- 172.21.15.82:0/1945437151 >> [v2:172.21.15.82:3300/0,v1:172.21.15.82:6789/0] conn(0x7f96a8102880 msgr2=0x7f96a8102c90 secure :-1 s=STATE_CONNECTION_ESTABLISHED l=1).mark_down
2024-04-27T07:24:27.156 INFO:teuthology.orchestra.run.smithi082.stdout:/usr/bin/ceph: stderr
2024-04-27T07:24:26.396+0000 7f96af681700 1 --2- 172.21.15.82:0/1945437151 >> [v2:172.21.15.82:3300/0,v1:172.21.15.82:6789/0] conn(0x7f96a8102880 0x7f96a8102c90 secure :-1 s=READY pgs=63 cs=0 l=1 rev1=1 crypto rx=0x7f96a40098e0 tx=0x7f96a4009250 comp rx=0 tx=0).stop
2024-04-27T07:24:27.156 INFO:teuthology.orchestra.run.smithi082.stdout:/usr/bin/ceph: stderr
2024-04-27T07:24:26.396+0000 7f96af681700 1 -- 172.21.15.82:0/1945437151 shutdown_connections
2024-04-27T07:24:27.156 INFO:teuthology.orchestra.run.smithi082.stdout:/usr/bin/ceph: stderr
2024-04-27T07:24:26.396+0000 7f96af681700 1 --2- 172.21.15.82:0/1945437151 >> [v2:172.21.15.82:3300/0,v1:172.21.15.82:6789/0] conn(0x7f96a8102880 0x7f96a8102c90 unknown :-1 s=CLOSED pgs=63 cs=0 l=1 rev1=1 crypto rx=0 tx=0 comp rx=0 tx=0).stop
2024-04-27T07:24:27.156 INFO:teuthology.orchestra.run.smithi082.stdout:/usr/bin/ceph: stderr
2024-04-27T07:24:26.396+0000 7f96af681700 1 -- 172.21.15.82:0/1945437151 >> 172.21.15.82:0/1945437151 conn(0x7f96a80fe060 msgr2=0x7f96a8100470 unknown :-1 s=STATE_NONE l=0).mark_down
2024-04-27T07:24:27.156 INFO:teuthology.orchestra.run.smithi082.stdout:/usr/bin/ceph: stderr
2024-04-27T07:24:26.396+0000 7f96af681700 1 -- 172.21.15.82:0/1945437151 shutdown_connections
2024-04-27T07:24:27.156 INFO:teuthology.orchestra.run.smithi082.stdout:/usr/bin/ceph: stderr
2024-04-27T07:24:26.396+0000 7f96af681700 1 -- 172.21.15.82:0/1945437151 wait complete.
2024-04-27T07:24:27.156 INFO:teuthology.orchestra.run.smithi082.stdout:/usr/bin/ceph: stderr
2024-04-27T07:24:26.396+0000 7f96af681700 1 Processor -- start
2024-04-27T07:24:27.157 INFO:teuthology.orchestra.run.smithi082.stdout:/usr/bin/ceph: stderr
2024-04-27T07:24:26.396+0000 7f96af681700 1 -- start start
2024-04-27T07:24:27.157 INFO:teuthology.orchestra.run.smithi082.stdout:/usr/bin/ceph: stderr
2024-04-27T07:24:26.396+0000 7f96af681700 1 --2- >> [v2:172.21.15.82:3300/0,v1:172.21.15.82:6789/0] conn(0x7f96a8102880 0x7f96a8111620 unknown :-1 s=NONE pgs=0 cs=0 l=1 rev1=0 crypto rx=0 tx=0 comp rx=0 tx=0).connect
2024-04-27T07:24:27.157 INFO:teuthology.orchestra.run.smithi082.stdout:/usr/bin/ceph: stderr
2024-04-27T07:24:26.396+0000 7f96af681700 1 -- --> [v2:172.21.15.82:3300/0,v1:172.21.15.82:6789/0] -- mon_getmap magic: 0 v1 -- 0x7f96a8111b60 con 0x7f96a8102880
2024-04-27T07:24:27.157 INFO:teuthology.orchestra.run.smithi082.stdout:/usr/bin/ceph: stderr
2024-04-27T07:24:26.397+0000 7f96ad41d700 1 --2- >> [v2:172.21.15.82:3300/0,v1:172.21.15.82:6789/0] conn(0x7f96a8102880 0x7f96a8111620 unknown :-1 s=BANNER_CONNECTING pgs=0 cs=0 l=1 rev1=0 crypto rx=0 tx=0 comp rx=0 tx=0)._handle_peer_banner_payload supported=3 required=0
2024-04-27T07:24:27.157 INFO:teuthology.orchestra.run.smithi082.stdout:/usr/bin/ceph: stderr
2024-04-27T07:24:26.397+0000 7f96ad41d700 1 --2- >> [v2:172.21.15.82:3300/0,v1:172.21.15.82:6789/0] conn(0x7f96a8102880 0x7f96a8111620 unknown :-1 s=HELLO_CONNECTING pgs=0 cs=0 l=1 rev1=1 crypto rx=0 tx=0 comp rx=0 tx=0).handle_hello peer v2:172.21.15.82:3300/0 says I am v2:172.21.15.82:55258/0 (socket says 172.21.15.82:55258)
2024-04-27T07:24:27.157 INFO:teuthology.orchestra.run.smithi082.stdout:/usr/bin/ceph: stderr
2024-04-27T07:24:26.397+0000 7f96ad41d700 1 -- 172.21.15.82:0/2200583500 learned_addr learned my addr 172.21.15.82:0/2200583500 (peer_addr_for_me v2:172.21.15.82:0/0)
2024-04-27T07:24:27.157 INFO:teuthology.orchestra.run.smithi082.stdout:/usr/bin/ceph: stderr
2024-04-27T07:24:26.397+0000 7f96ad41d700 1 -- 172.21.15.82:0/2200583500 --> [v2:172.21.15.82:3300/0,v1:172.21.15.82:6789/0] -- mon_subscribe({config=0+,monmap=0+}) v3 -- 0x7f96a40094f0 con 0x7f96a8102880
2024-04-27T07:24:27.157 INFO:teuthology.orchestra.run.smithi082.stdout:/usr/bin/ceph: stderr
2024-04-27T07:24:26.397+0000 7f96ad41d700 1 --2- 172.21.15.82:0/2200583500 >> [v2:172.21.15.82:3300/0,v1:172.21.15.82:6789/0] conn(0x7f96a8102880 0x7f96a8111620 secure :-1 s=READY pgs=64 cs=0 l=1 rev1=1 crypto rx=0x7f96a40090b0 tx=0x7f96a4009250 comp rx=0 tx=0).ready entity=mon.0 client_cookie=0 server_cookie=0 in_seq=0 out_seq=0
2024-04-27T07:24:27.157 INFO:teuthology.orchestra.run.smithi082.stdout:/usr/bin/ceph: stderr
2024-04-27T07:24:26.397+0000 7f969dffb700 1 -- 172.21.15.82:0/2200583500 <== mon.0 v2:172.21.15.82:3300/0 1 ==== mon_map magic: 0 v1 ==== 229+0+0 (secure 0 0 0) 0x7f96a4010840 con 0x7f96a8102880
2024-04-27T07:24:27.157 INFO:teuthology.orchestra.run.smithi082.stdout:/usr/bin/ceph: stderr
2024-04-27T07:24:26.397+0000 7f969dffb700 1 -- 172.21.15.82:0/2200583500 <== mon.0 v2:172.21.15.82:3300/0 2 ==== config(27 keys) v1 ==== 1109+0+0 (secure 0 0 0) 0x7f96a4010e70 con 0x7f96a8102880
2024-04-27T07:24:27.157 INFO:teuthology.orchestra.run.smithi082.stdout:/usr/bin/ceph: stderr
2024-04-27T07:24:26.397+0000 7f969dffb700 1 -- 172.21.15.82:0/2200583500 <== mon.0 v2:172.21.15.82:3300/0 3 ==== mon_map magic: 0 v1 ==== 229+0+0 (secure 0 0 0) 0x7f96a4024e40 con 0x7f96a8102880
2024-04-27T07:24:27.157 INFO:teuthology.orchestra.run.smithi082.stdout:/usr/bin/ceph: stderr
2024-04-27T07:24:26.397+0000 7f96af681700 1 -- 172.21.15.82:0/2200583500 --> [v2:172.21.15.82:3300/0,v1:172.21.15.82:6789/0] -- mon_subscribe({mgrmap=0+}) v3 -- 0x7f96a8111d60 con 0x7f96a8102880
2024-04-27T07:24:27.157 INFO:teuthology.orchestra.run.smithi082.stdout:/usr/bin/ceph: stderr
2024-04-27T07:24:26.397+0000 7f96af681700 1 -- 172.21.15.82:0/2200583500 --> [v2:172.21.15.82:3300/0,v1:172.21.15.82:6789/0] -- mon_subscribe({osdmap=0}) v3 -- 0x7f96a81128d0 con 0x7f96a8102880
2024-04-27T07:24:27.157 INFO:teuthology.orchestra.run.smithi082.stdout:/usr/bin/ceph: stderr
2024-04-27T07:24:26.398+0000 7f969dffb700 1 -- 172.21.15.82:0/2200583500 <== mon.0 v2:172.21.15.82:3300/0 4 ==== mgrmap(e 8) v1 ==== 43376+0+0 (secure 0 0 0) 0x7f96a4024430 con 0x7f96a8102880
2024-04-27T07:24:27.157 INFO:teuthology.orchestra.run.smithi082.stdout:/usr/bin/ceph: stderr
2024-04-27T07:24:26.398+0000 7f969dffb700 1 --2- 172.21.15.82:0/2200583500 >> [v2:172.21.15.82:6800/3417466421,v1:172.21.15.82:6801/3417466421] conn(0x7f9694036800 0x7f9694038cb0 unknown :-1 s=NONE pgs=0 cs=0 l=1 rev1=0 crypto rx=0 tx=0 comp rx=0 tx=0).connect
2024-04-27T07:24:27.158 INFO:teuthology.orchestra.run.smithi082.stdout:/usr/bin/ceph: stderr
2024-04-27T07:24:26.398+0000 7f96af681700 1 -- 172.21.15.82:0/2200583500 --> [v2:172.21.15.82:3300/0,v1:172.21.15.82:6789/0] -- mon_command({"prefix": "get_command_descriptions"} v 0) v1 -- 0x7f96a805f5c0 con 0x7f96a8102880
2024-04-27T07:24:27.158 INFO:teuthology.orchestra.run.smithi082.stdout:/usr/bin/ceph: stderr
2024-04-27T07:24:26.398+0000 7f969dffb700 1 -- 172.21.15.82:0/2200583500 <== mon.0 v2:172.21.15.82:3300/0 5 ==== osd_map(2..2 src has 1..2) v4 ==== 936+0+0 (secure 0 0 0) 0x7f96a404a7a0 con 0x7f96a8102880
2024-04-27T07:24:27.158 INFO:teuthology.orchestra.run.smithi082.stdout:/usr/bin/ceph: stderr
2024-04-27T07:24:26.398+0000 7f96acc1c700 1 --2- 172.21.15.82:0/2200583500 >> [v2:172.21.15.82:6800/3417466421,v1:172.21.15.82:6801/3417466421] conn(0x7f9694036800 0x7f9694038cb0 unknown :-1 s=BANNER_CONNECTING pgs=0 cs=0 l=1 rev1=0 crypto rx=0 tx=0 comp rx=0 tx=0)._handle_peer_banner_payload supported=3 required=0
2024-04-27T07:24:27.158 INFO:teuthology.orchestra.run.smithi082.stdout:/usr/bin/ceph: stderr
2024-04-27T07:24:26.399+0000 7f96acc1c700 1 --2- 172.21.15.82:0/2200583500 >> [v2:172.21.15.82:6800/3417466421,v1:172.21.15.82:6801/3417466421] conn(0x7f9694036800 0x7f9694038cb0 secure :-1 s=READY pgs=20 cs=0 l=1 rev1=1 crypto rx=0x7f9698009990 tx=0x7f9698006e40 comp rx=0 tx=0).ready entity=mgr.14120 client_cookie=0 server_cookie=0 in_seq=0 out_seq=0
2024-04-27T07:24:27.158 INFO:teuthology.orchestra.run.smithi082.stdout:/usr/bin/ceph: stderr
2024-04-27T07:24:26.403+0000 7f969dffb700 1 -- 172.21.15.82:0/2200583500 <== mon.0 v2:172.21.15.82:3300/0 6 ==== mon_command_ack([{"prefix": "get_command_descriptions"}]=0 v0) v1 ==== 72+0+176702 (secure 0 0 0) 0x7f96a402c520 con 0x7f96a8102880
2024-04-27T07:24:27.158 INFO:teuthology.orchestra.run.smithi082.stdout:/usr/bin/ceph: stderr
2024-04-27T07:24:26.587+0000 7f96af681700 1 -- 172.21.15.82:0/2200583500 --> [v2:172.21.15.82:3300/0,v1:172.21.15.82:6789/0] -- mon_command([{prefix=config set, name=mgr/dashboard/ssl_server_port}] v 0) v1 -- 0x7f96a804bed0 con 0x7f96a8102880
2024-04-27T07:24:27.158 INFO:teuthology.orchestra.run.smithi082.stdout:/usr/bin/ceph: stderr
2024-04-27T07:24:26.591+0000 7f969dffb700 1 -- 172.21.15.82:0/2200583500 <== mon.0 v2:172.21.15.82:3300/0 7 ==== mon_command_ack([{prefix=config set, name=mgr/dashboard/ssl_server_port}]=0 v8)=0 v8) v1 ==== 130+0+0 (secure 0 0 0) 0x7f96a402c340 con 0x7f96a8102880
2024-04-27T07:24:27.158 INFO:teuthology.orchestra.run.smithi082.stdout:/usr/bin/ceph: stderr
2024-04-27T07:24:26.593+0000 7f96af681700 1 -- 172.21.15.82:0/2200583500 >> [v2:172.21.15.82:6800/3417466421,v1:172.21.15.82:6801/3417466421] conn(0x7f9694036800 msgr2=0x7f9694038cb0 secure :-1 s=STATE_CONNECTION_ESTABLISHED l=1).mark_down
2024-04-27T07:24:27.158 INFO:teuthology.orchestra.run.smithi082.stdout:/usr/bin/ceph: stderr
2024-04-27T07:24:26.593+0000 7f96af681700 1 --2- 172.21.15.82:0/2200583500 >> [v2:172.21.15.82:6800/3417466421,v1:172.21.15.82:6801/3417466421] conn(0x7f9694036800 0x7f9694038cb0 secure :-1 s=READY pgs=20 cs=0 l=1 rev1=1 crypto rx=0x7f9698009990 tx=0x7f9698006e40 comp rx=0 tx=0).stop
2024-04-27T07:24:27.158 INFO:teuthology.orchestra.run.smithi082.stdout:/usr/bin/ceph: stderr
2024-04-27T07:24:26.593+0000 7f96af681700 1 -- 172.21.15.82:0/2200583500 >> [v2:172.21.15.82:3300/0,v1:172.21.15.82:6789/0] conn(0x7f96a8102880 msgr2=0x7f96a8111620 secure :-1 s=STATE_CONNECTION_ESTABLISHED l=1).mark_down
2024-04-27T07:24:27.158 INFO:teuthology.orchestra.run.smithi082.stdout:/usr/bin/ceph: stderr
2024-04-27T07:24:26.593+0000 7f96af681700 1 --2- 172.21.15.82:0/2200583500 >> [v2:172.21.15.82:3300/0,v1:172.21.15.82:6789/0] conn(0x7f96a8102880 0x7f96a8111620 secure :-1 s=READY pgs=64 cs=0 l=1 rev1=1 crypto rx=0x7f96a40090b0 tx=0x7f96a4009250 comp rx=0 tx=0).stop
2024-04-27T07:24:27.158 INFO:teuthology.orchestra.run.smithi082.stdout:/usr/bin/ceph: stderr
2024-04-27T07:24:26.593+0000 7f96af681700 1 -- 172.21.15.82:0/2200583500 shutdown_connections
2024-04-27T07:24:27.158 INFO:teuthology.orchestra.run.smithi082.stdout:/usr/bin/ceph: stderr
2024-04-27T07:24:26.593+0000 7f96af681700 1 --2- 172.21.15.82:0/2200583500 >> [v2:172.21.15.82:6800/3417466421,v1:172.21.15.82:6801/3417466421] conn(0x7f9694036800 0x7f9694038cb0 unknown :-1 s=CLOSED pgs=20 cs=0 l=1 rev1=1 crypto rx=0 tx=0 comp rx=0 tx=0).stop
2024-04-27T07:24:27.159 INFO:teuthology.orchestra.run.smithi082.stdout:/usr/bin/ceph: stderr
2024-04-27T07:24:26.593+0000 7f96af681700 1 --2- 172.21.15.82:0/2200583500 >> [v2:172.21.15.82:3300/0,v1:172.21.15.82:6789/0] conn(0x7f96a8102880 0x7f96a8111620 unknown :-1 s=CLOSED pgs=64 cs=0 l=1 rev1=1 crypto rx=0 tx=0 comp rx=0 tx=0).stop
2024-04-27T07:24:27.159 INFO:teuthology.orchestra.run.smithi082.stdout:/usr/bin/ceph: stderr
2024-04-27T07:24:26.593+0000 7f96af681700 1 -- 172.21.15.82:0/2200583500 >> 172.21.15.82:0/2200583500 conn(0x7f96a80fe060 msgr2=0x7f96a80feb40 unknown :-1 s=STATE_NONE l=0).mark_down
2024-04-27T07:24:27.159 INFO:teuthology.orchestra.run.smithi082.stdout:/usr/bin/ceph: stderr
2024-04-27T07:24:26.594+0000 7f96af681700 1 -- 172.21.15.82:0/2200583500 shutdown_connections
2024-04-27T07:24:27.159 INFO:teuthology.orchestra.run.smithi082.stdout:/usr/bin/ceph: stderr
2024-04-27T07:24:26.594+0000 7f96af681700 1 -- 172.21.15.82:0/2200583500 wait complete.
2024-04-27T07:24:27.159 INFO:teuthology.orchestra.run.smithi082.stdout:Enabling the dashboard module...
2024-04-27T07:24:27.575 INFO:journalctl@ceph.mon.smithi082.smithi082.stdout:Apr 27 07:24:27 smithi082 ceph-mon[26613]: pgmap v4: 0 pgs: ; 0 B data, 0 B used, 0 B / 0 B avail
2024-04-27T07:24:27.575 INFO:journalctl@ceph.mon.smithi082.smithi082.stdout:Apr 27 07:24:27 smithi082 ceph-mon[26613]: from='client.? 172.21.15.82:0/2200583500' entity='client.admin'
2024-04-27T07:24:28.835 INFO:journalctl@ceph.mon.smithi082.smithi082.stdout:Apr 27 07:24:28 smithi082 ceph-mon[26613]: from='client.? 172.21.15.82:0/1618121191' entity='client.admin' cmd=[{"prefix": "mgr module enable", "module": "dashboard"}]: dispatch
2024-04-27T07:24:29.140 INFO:teuthology.orchestra.run.smithi082.stdout:/usr/bin/ceph: stderr
2024-04-27T07:24:27.573+0000 7f75d4808700 1 Processor -- start
2024-04-27T07:24:29.141 INFO:teuthology.orchestra.run.smithi082.stdout:/usr/bin/ceph: stderr
2024-04-27T07:24:27.573+0000 7f75d4808700 1 -- start start
2024-04-27T07:24:29.141 INFO:teuthology.orchestra.run.smithi082.stdout:/usr/bin/ceph: stderr
2024-04-27T07:24:27.573+0000 7f75d4808700 1 --2- >> [v2:172.21.15.82:3300/0,v1:172.21.15.82:6789/0] conn(0x7f75d0078c80 0x7f75d0077230 unknown :-1 s=NONE pgs=0 cs=0 l=0 rev1=0 crypto rx=0 tx=0 comp rx=0 tx=0).connect
2024-04-27T07:24:29.141 INFO:teuthology.orchestra.run.smithi082.stdout:/usr/bin/ceph: stderr
2024-04-27T07:24:27.573+0000 7f75d4808700 1 -- --> [v2:172.21.15.82:3300/0,v1:172.21.15.82:6789/0] -- mon_getmap magic: 0 v1 -- 0x7f75d0079090 con 0x7f75d0078c80
2024-04-27T07:24:29.141 INFO:teuthology.orchestra.run.smithi082.stdout:/usr/bin/ceph: stderr
2024-04-27T07:24:27.573+0000 7f75ce59c700 1 --2- >> [v2:172.21.15.82:3300/0,v1:172.21.15.82:6789/0] conn(0x7f75d0078c80 0x7f75d0077230 unknown :-1 s=BANNER_CONNECTING pgs=0 cs=0 l=0 rev1=0 crypto rx=0 tx=0 comp rx=0 tx=0)._handle_peer_banner_payload supported=3 required=0
2024-04-27T07:24:29.141 INFO:teuthology.orchestra.run.smithi082.stdout:/usr/bin/ceph: stderr
2024-04-27T07:24:27.573+0000 7f75ce59c700 1 --2- >> [v2:172.21.15.82:3300/0,v1:172.21.15.82:6789/0] conn(0x7f75d0078c80 0x7f75d0077230 unknown :-1 s=HELLO_CONNECTING pgs=0 cs=0 l=0 rev1=1 crypto rx=0 tx=0 comp rx=0 tx=0).handle_hello peer v2:172.21.15.82:3300/0 says I am v2:172.21.15.82:55268/0 (socket says 172.21.15.82:55268)
2024-04-27T07:24:29.141 INFO:teuthology.orchestra.run.smithi082.stdout:/usr/bin/ceph: stderr
2024-04-27T07:24:27.573+0000 7f75ce59c700 1 -- 172.21.15.82:0/3126645120 learned_addr learned my addr 172.21.15.82:0/3126645120 (peer_addr_for_me v2:172.21.15.82:0/0)
2024-04-27T07:24:29.141 INFO:teuthology.orchestra.run.smithi082.stdout:/usr/bin/ceph: stderr
2024-04-27T07:24:27.574+0000 7f75ce59c700 1 -- 172.21.15.82:0/3126645120 --> [v2:172.21.15.82:3300/0,v1:172.21.15.82:6789/0] -- mon_subscribe({config=0+,monmap=0+}) v3 -- 0x7f75d0077770 con 0x7f75d0078c80
2024-04-27T07:24:29.141 INFO:teuthology.orchestra.run.smithi082.stdout:/usr/bin/ceph: stderr
2024-04-27T07:24:27.574+0000 7f75ce59c700 1 --2- 172.21.15.82:0/3126645120 >> [v2:172.21.15.82:3300/0,v1:172.21.15.82:6789/0] conn(0x7f75d0078c80 0x7f75d0077230 secure :-1 s=READY pgs=65 cs=0 l=1 rev1=1 crypto rx=0x7f75c00098e0 tx=0x7f75c0009250 comp rx=0 tx=0).ready entity=mon.0 client_cookie=c276e43d8d2cca3d server_cookie=0 in_seq=0 out_seq=0
2024-04-27T07:24:29.141 INFO:teuthology.orchestra.run.smithi082.stdout:/usr/bin/ceph: stderr
2024-04-27T07:24:27.574+0000 7f75cd59a700 1 -- 172.21.15.82:0/3126645120 <== mon.0 v2:172.21.15.82:3300/0 1 ==== mon_map magic: 0 v1 ==== 229+0+0 (secure 0 0 0) 0x7f75c000b860 con 0x7f75d0078c80
2024-04-27T07:24:29.141 INFO:teuthology.orchestra.run.smithi082.stdout:/usr/bin/ceph: stderr
2024-04-27T07:24:27.574+0000 7f75cd59a700 1 -- 172.21.15.82:0/3126645120 <== mon.0 v2:172.21.15.82:3300/0 2 ==== config(27 keys) v1 ==== 1109+0+0 (secure 0 0 0) 0x7f75c000be90 con 0x7f75d0078c80
2024-04-27T07:24:29.141 INFO:teuthology.orchestra.run.smithi082.stdout:/usr/bin/ceph: stderr
2024-04-27T07:24:27.574+0000 7f75cd59a700 1 -- 172.21.15.82:0/3126645120 <== mon.0 v2:172.21.15.82:3300/0 3 ==== mon_map magic: 0 v1 ==== 229+0+0 (secure 0 0 0) 0x7f75c00103c0 con 0x7f75d0078c80
2024-04-27T07:24:29.142 INFO:teuthology.orchestra.run.smithi082.stdout:/usr/bin/ceph: stderr
2024-04-27T07:24:27.574+0000 7f75d4808700 1 -- 172.21.15.82:0/3126645120 >> [v2:172.21.15.82:3300/0,v1:172.21.15.82:6789/0] conn(0x7f75d0078c80 msgr2=0x7f75d0077230 secure :-1 s=STATE_CONNECTION_ESTABLISHED l=1).mark_down
2024-04-27T07:24:29.142 INFO:teuthology.orchestra.run.smithi082.stdout:/usr/bin/ceph: stderr
2024-04-27T07:24:27.574+0000 7f75d4808700 1 --2- 172.21.15.82:0/3126645120 >> [v2:172.21.15.82:3300/0,v1:172.21.15.82:6789/0] conn(0x7f75d0078c80 0x7f75d0077230 secure :-1 s=READY pgs=65 cs=0 l=1 rev1=1 crypto rx=0x7f75c00098e0 tx=0x7f75c0009250 comp rx=0 tx=0).stop
2024-04-27T07:24:29.142 INFO:teuthology.orchestra.run.smithi082.stdout:/usr/bin/ceph: stderr
2024-04-27T07:24:27.575+0000 7f75d4808700 1 -- 172.21.15.82:0/3126645120 shutdown_connections
2024-04-27T07:24:29.142 INFO:teuthology.orchestra.run.smithi082.stdout:/usr/bin/ceph: stderr
2024-04-27T07:24:27.575+0000 7f75d4808700 1 --2- 172.21.15.82:0/3126645120 >> [v2:172.21.15.82:3300/0,v1:172.21.15.82:6789/0] conn(0x7f75d0078c80 0x7f75d0077230 unknown :-1 s=CLOSED pgs=65 cs=0 l=1 rev1=1 crypto rx=0 tx=0 comp rx=0 tx=0).stop
2024-04-27T07:24:29.142 INFO:teuthology.orchestra.run.smithi082.stdout:/usr/bin/ceph: stderr
2024-04-27T07:24:27.575+0000 7f75d4808700 1 -- 172.21.15.82:0/3126645120 >> 172.21.15.82:0/3126645120 conn(0x7f75d00fe060 msgr2=0x7f75d0100470 unknown :-1 s=STATE_NONE l=0).mark_down
2024-04-27T07:24:29.142 INFO:teuthology.orchestra.run.smithi082.stdout:/usr/bin/ceph: stderr
2024-04-27T07:24:27.575+0000 7f75d4808700 1 -- 172.21.15.82:0/3126645120 shutdown_connections
2024-04-27T07:24:29.142 INFO:teuthology.orchestra.run.smithi082.stdout:/usr/bin/ceph: stderr
2024-04-27T07:24:27.575+0000 7f75d4808700 1 -- 172.21.15.82:0/3126645120 wait complete.
2024-04-27T07:24:29.142 INFO:teuthology.orchestra.run.smithi082.stdout:/usr/bin/ceph: stderr
2024-04-27T07:24:27.575+0000 7f75d4808700 1 Processor -- start
2024-04-27T07:24:29.142 INFO:teuthology.orchestra.run.smithi082.stdout:/usr/bin/ceph: stderr
2024-04-27T07:24:27.575+0000 7f75d4808700 1 -- start start
2024-04-27T07:24:29.142 INFO:teuthology.orchestra.run.smithi082.stdout:/usr/bin/ceph: stderr
2024-04-27T07:24:27.575+0000 7f75d4808700 1 --2- >> [v2:172.21.15.82:3300/0,v1:172.21.15.82:6789/0] conn(0x7f75d0078c80 0x7f75d0113850 unknown :-1 s=NONE pgs=0 cs=0 l=1 rev1=0 crypto rx=0 tx=0 comp rx=0 tx=0).connect
2024-04-27T07:24:29.142 INFO:teuthology.orchestra.run.smithi082.stdout:/usr/bin/ceph: stderr
2024-04-27T07:24:27.575+0000 7f75d4808700 1 -- --> [v2:172.21.15.82:3300/0,v1:172.21.15.82:6789/0] -- mon_getmap magic: 0 v1 -- 0x7f75d0113d90 con 0x7f75d0078c80
2024-04-27T07:24:29.142 INFO:teuthology.orchestra.run.smithi082.stdout:/usr/bin/ceph: stderr
2024-04-27T07:24:27.575+0000 7f75ce59c700 1 --2- >> [v2:172.21.15.82:3300/0,v1:172.21.15.82:6789/0] conn(0x7f75d0078c80 0x7f75d0113850 unknown :-1 s=BANNER_CONNECTING pgs=0 cs=0 l=1 rev1=0 crypto rx=0 tx=0 comp rx=0 tx=0)._handle_peer_banner_payload supported=3 required=0
2024-04-27T07:24:29.142 INFO:teuthology.orchestra.run.smithi082.stdout:/usr/bin/ceph: stderr
2024-04-27T07:24:27.575+0000 7f75ce59c700 1 --2- >> [v2:172.21.15.82:3300/0,v1:172.21.15.82:6789/0] conn(0x7f75d0078c80 0x7f75d0113850 unknown :-1 s=HELLO_CONNECTING pgs=0 cs=0 l=1 rev1=1 crypto rx=0 tx=0 comp rx=0 tx=0).handle_hello peer v2:172.21.15.82:3300/0 says I am v2:172.21.15.82:55284/0 (socket says 172.21.15.82:55284)
2024-04-27T07:24:29.142 INFO:teuthology.orchestra.run.smithi082.stdout:/usr/bin/ceph: stderr
2024-04-27T07:24:27.575+0000 7f75ce59c700 1 -- 172.21.15.82:0/1618121191 learned_addr learned my addr 172.21.15.82:0/1618121191 (peer_addr_for_me v2:172.21.15.82:0/0)
2024-04-27T07:24:29.143 INFO:teuthology.orchestra.run.smithi082.stdout:/usr/bin/ceph: stderr
2024-04-27T07:24:27.576+0000 7f75ce59c700 1 -- 172.21.15.82:0/1618121191 --> [v2:172.21.15.82:3300/0,v1:172.21.15.82:6789/0] -- mon_subscribe({config=0+,monmap=0+}) v3 -- 0x7f75c00094f0 con 0x7f75d0078c80
2024-04-27T07:24:29.143 INFO:teuthology.orchestra.run.smithi082.stdout:/usr/bin/ceph: stderr
2024-04-27T07:24:27.576+0000 7f75ce59c700 1 --2- 172.21.15.82:0/1618121191 >> [v2:172.21.15.82:3300/0,v1:172.21.15.82:6789/0] conn(0x7f75d0078c80 0x7f75d0113850 secure :-1 s=READY pgs=66 cs=0 l=1 rev1=1 crypto rx=0x7f75c00094c0 tx=0x7f75c0009250 comp rx=0 tx=0).ready entity=mon.0 client_cookie=0 server_cookie=0 in_seq=0 out_seq=0
2024-04-27T07:24:29.143 INFO:teuthology.orchestra.run.smithi082.stdout:/usr/bin/ceph: stderr
2024-04-27T07:24:27.576+0000 7f75beffd700 1 -- 172.21.15.82:0/1618121191 <== mon.0 v2:172.21.15.82:3300/0 1 ==== mon_map magic: 0 v1 ==== 229+0+0 (secure 0 0 0) 0x7f75c0010890 con 0x7f75d0078c80
2024-04-27T07:24:29.143 INFO:teuthology.orchestra.run.smithi082.stdout:/usr/bin/ceph: stderr
2024-04-27T07:24:27.576+0000 7f75d4808700 1 -- 172.21.15.82:0/1618121191 --> [v2:172.21.15.82:3300/0,v1:172.21.15.82:6789/0] -- mon_subscribe({mgrmap=0+}) v3 -- 0x7f75d0113f90 con 0x7f75d0078c80
2024-04-27T07:24:29.143 INFO:teuthology.orchestra.run.smithi082.stdout:/usr/bin/ceph: stderr
2024-04-27T07:24:27.576+0000 7f75beffd700 1 -- 172.21.15.82:0/1618121191 <== mon.0 v2:172.21.15.82:3300/0 2 ==== config(27 keys) v1 ==== 1109+0+0 (secure 0 0 0) 0x7f75c0010ec0 con 0x7f75d0078c80
2024-04-27T07:24:29.143 INFO:teuthology.orchestra.run.smithi082.stdout:/usr/bin/ceph: stderr
2024-04-27T07:24:27.576+0000 7f75beffd700 1 -- 172.21.15.82:0/1618121191 <== mon.0 v2:172.21.15.82:3300/0 3 ==== mon_map magic: 0 v1 ==== 229+0+0 (secure 0 0 0) 0x7f75c00243f0 con 0x7f75d0078c80
2024-04-27T07:24:29.143 INFO:teuthology.orchestra.run.smithi082.stdout:/usr/bin/ceph: stderr
2024-04-27T07:24:27.576+0000 7f75d4808700 1 -- 172.21.15.82:0/1618121191 --> [v2:172.21.15.82:3300/0,v1:172.21.15.82:6789/0] -- mon_subscribe({osdmap=0}) v3 -- 0x7f75d0114b00 con 0x7f75d0078c80
2024-04-27T07:24:29.143 INFO:teuthology.orchestra.run.smithi082.stdout:/usr/bin/ceph: stderr
2024-04-27T07:24:27.577+0000 7f75d4808700 1 -- 172.21.15.82:0/1618121191 --> [v2:172.21.15.82:3300/0,v1:172.21.15.82:6789/0] -- mon_command({"prefix": "get_command_descriptions"} v 0) v1 -- 0x7f75d005f5c0 con 0x7f75d0078c80
2024-04-27T07:24:29.143 INFO:teuthology.orchestra.run.smithi082.stdout:/usr/bin/ceph: stderr
2024-04-27T07:24:27.577+0000 7f75beffd700 1 -- 172.21.15.82:0/1618121191 <== mon.0 v2:172.21.15.82:3300/0 4 ==== mgrmap(e 8) v1 ==== 43376+0+0 (secure 0 0 0) 0x7f75c001a7e0 con 0x7f75d0078c80
2024-04-27T07:24:29.143 INFO:teuthology.orchestra.run.smithi082.stdout:/usr/bin/ceph: stderr
2024-04-27T07:24:27.577+0000 7f75beffd700 1 --2- 172.21.15.82:0/1618121191 >> [v2:172.21.15.82:6800/3417466421,v1:172.21.15.82:6801/3417466421] conn(0x7f75b8036850 0x7f75b8038d00 unknown :-1 s=NONE pgs=0 cs=0 l=1 rev1=0 crypto rx=0 tx=0 comp rx=0 tx=0).connect
2024-04-27T07:24:29.144 INFO:teuthology.orchestra.run.smithi082.stdout:/usr/bin/ceph: stderr
2024-04-27T07:24:27.577+0000 7f75beffd700 1 -- 172.21.15.82:0/1618121191 <== mon.0 v2:172.21.15.82:3300/0 5 ==== osd_map(2..2 src has 1..2) v4 ==== 936+0+0 (secure 0 0 0) 0x7f75c004a260 con 0x7f75d0078c80
2024-04-27T07:24:29.144 INFO:teuthology.orchestra.run.smithi082.stdout:/usr/bin/ceph: stderr
2024-04-27T07:24:27.577+0000 7f75cdd9b700 1 --2- 172.21.15.82:0/1618121191 >> [v2:172.21.15.82:6800/3417466421,v1:172.21.15.82:6801/3417466421] conn(0x7f75b8036850 0x7f75b8038d00 unknown :-1 s=BANNER_CONNECTING pgs=0 cs=0 l=1 rev1=0 crypto rx=0 tx=0 comp rx=0 tx=0)._handle_peer_banner_payload supported=3 required=0
2024-04-27T07:24:29.144 INFO:teuthology.orchestra.run.smithi082.stdout:/usr/bin/ceph: stderr
2024-04-27T07:24:27.578+0000 7f75cdd9b700 1 --2- 172.21.15.82:0/1618121191 >> [v2:172.21.15.82:6800/3417466421,v1:172.21.15.82:6801/3417466421] conn(0x7f75b8036850 0x7f75b8038d00 secure :-1 s=READY pgs=21 cs=0 l=1 rev1=1 crypto rx=0x7f75c4009990 tx=0x7f75c4006e40 comp rx=0 tx=0).ready entity=mgr.14120 client_cookie=0 server_cookie=0 in_seq=0 out_seq=0
2024-04-27T07:24:29.144 INFO:teuthology.orchestra.run.smithi082.stdout:/usr/bin/ceph: stderr
2024-04-27T07:24:27.582+0000 7f75beffd700 1 -- 172.21.15.82:0/1618121191 <== mon.0 v2:172.21.15.82:3300/0 6 ==== mon_command_ack([{"prefix": "get_command_descriptions"}]=0 v0) v1 ==== 72+0+176702 (secure 0 0 0) 0x7f75c002b4d0 con 0x7f75d0078c80
2024-04-27T07:24:29.144 INFO:teuthology.orchestra.run.smithi082.stdout:/usr/bin/ceph: stderr
2024-04-27T07:24:27.822+0000 7f75d4808700 1 -- 172.21.15.82:0/1618121191 --> [v2:172.21.15.82:3300/0,v1:172.21.15.82:6789/0] -- mon_command({"prefix": "mgr module enable", "module": "dashboard"} v 0) v1 -- 0x7f75d004bed0 con 0x7f75d0078c80
2024-04-27T07:24:29.144 INFO:teuthology.orchestra.run.smithi082.stdout:/usr/bin/ceph: stderr
2024-04-27T07:24:28.502+0000 7f75beffd700 1 -- 172.21.15.82:0/1618121191 <== mon.0 v2:172.21.15.82:3300/0 7 ==== mgrmap(e 9) v1 ==== 43389+0+0 (secure 0 0 0) 0x7f75c002d3f0 con 0x7f75d0078c80
2024-04-27T07:24:29.144 INFO:teuthology.orchestra.run.smithi082.stdout:/usr/bin/ceph: stderr
2024-04-27T07:24:28.503+0000 7f75beffd700 1 -- 172.21.15.82:0/1618121191 <== mon.0 v2:172.21.15.82:3300/0 8 ==== mon_command_ack([{"prefix": "mgr module enable", "module": "dashboard"}]=0 v9) v1 ==== 88+0+0 (secure 0 0 0) 0x7f75c000fcf0 con 0x7f75d0078c80
2024-04-27T07:24:29.144 INFO:teuthology.orchestra.run.smithi082.stdout:/usr/bin/ceph: stderr
2024-04-27T07:24:28.506+0000 7f75d4808700 1 -- 172.21.15.82:0/1618121191 >> [v2:172.21.15.82:6800/3417466421,v1:172.21.15.82:6801/3417466421] conn(0x7f75b8036850 msgr2=0x7f75b8038d00 secure :-1 s=STATE_CONNECTION_ESTABLISHED l=1).mark_down
2024-04-27T07:24:29.144 INFO:teuthology.orchestra.run.smithi082.stdout:/usr/bin/ceph: stderr
2024-04-27T07:24:28.506+0000 7f75d4808700 1 --2- 172.21.15.82:0/1618121191 >> [v2:172.21.15.82:6800/3417466421,v1:172.21.15.82:6801/3417466421] conn(0x7f75b8036850 0x7f75b8038d00 secure :-1 s=READY pgs=21 cs=0 l=1 rev1=1 crypto rx=0x7f75c4009990 tx=0x7f75c4006e40 comp rx=0 tx=0).stop
2024-04-27T07:24:29.144 INFO:teuthology.orchestra.run.smithi082.stdout:/usr/bin/ceph: stderr
2024-04-27T07:24:28.506+0000 7f75d4808700 1 -- 172.21.15.82:0/1618121191 >> [v2:172.21.15.82:3300/0,v1:172.21.15.82:6789/0] conn(0x7f75d0078c80 msgr2=0x7f75d0113850 secure :-1 s=STATE_CONNECTION_ESTABLISHED l=1).mark_down
2024-04-27T07:24:29.144 INFO:teuthology.orchestra.run.smithi082.stdout:/usr/bin/ceph: stderr
2024-04-27T07:24:28.506+0000 7f75d4808700 1 --2- 172.21.15.82:0/1618121191 >> [v2:172.21.15.82:3300/0,v1:172.21.15.82:6789/0] conn(0x7f75d0078c80 0x7f75d0113850 secure :-1 s=READY pgs=66 cs=0 l=1 rev1=1 crypto rx=0x7f75c00094c0 tx=0x7f75c0009250 comp rx=0 tx=0).stop
2024-04-27T07:24:29.144 INFO:teuthology.orchestra.run.smithi082.stdout:/usr/bin/ceph: stderr
2024-04-27T07:24:28.506+0000 7f75d4808700 1 -- 172.21.15.82:0/1618121191 shutdown_connections
2024-04-27T07:24:29.144 INFO:teuthology.orchestra.run.smithi082.stdout:/usr/bin/ceph: stderr
2024-04-27T07:24:28.506+0000 7f75d4808700 1 --2- 172.21.15.82:0/1618121191 >> [v2:172.21.15.82:6800/3417466421,v1:172.21.15.82:6801/3417466421] conn(0x7f75b8036850 0x7f75b8038d00 unknown :-1 s=CLOSED pgs=21 cs=0 l=1 rev1=1 crypto rx=0 tx=0 comp rx=0 tx=0).stop
2024-04-27T07:24:29.145 INFO:teuthology.orchestra.run.smithi082.stdout:/usr/bin/ceph: stderr
2024-04-27T07:24:28.506+0000 7f75d4808700 1 --2- 172.21.15.82:0/1618121191 >> [v2:172.21.15.82:3300/0,v1:172.21.15.82:6789/0] conn(0x7f75d0078c80 0x7f75d0113850 unknown :-1 s=CLOSED pgs=66 cs=0 l=1 rev1=1 crypto rx=0 tx=0 comp rx=0 tx=0).stop
2024-04-27T07:24:29.145 INFO:teuthology.orchestra.run.smithi082.stdout:/usr/bin/ceph: stderr
2024-04-27T07:24:28.506+0000 7f75d4808700 1 -- 172.21.15.82:0/1618121191 >> 172.21.15.82:0/1618121191 conn(0x7f75d00fe060 msgr2=0x7f75d00febe0 unknown :-1 s=STATE_NONE l=0).mark_down
2024-04-27T07:24:29.145 INFO:teuthology.orchestra.run.smithi082.stdout:/usr/bin/ceph: stderr
2024-04-27T07:24:28.506+0000 7f75d4808700 1 -- 172.21.15.82:0/1618121191 shutdown_connections
2024-04-27T07:24:29.145 INFO:teuthology.orchestra.run.smithi082.stdout:/usr/bin/ceph: stderr
2024-04-27T07:24:28.506+0000 7f75d4808700 1 -- 172.21.15.82:0/1618121191 wait complete.
2024-04-27T07:24:29.780 INFO:journalctl@ceph.mon.smithi082.smithi082.stdout:Apr 27 07:24:29 smithi082 ceph-mon[26613]: from='client.? 172.21.15.82:0/1618121191' entity='client.admin' cmd='[{"prefix": "mgr module enable", "module": "dashboard"}]': finished
2024-04-27T07:24:29.780 INFO:journalctl@ceph.mon.smithi082.smithi082.stdout:Apr 27 07:24:29 smithi082 ceph-mon[26613]: mgrmap e9: smithi082.hhlhmf(active, since 24s)
2024-04-27T07:24:30.593 INFO:journalctl@ceph.mon.smithi082.smithi082.stdout:Apr 27 07:24:30 smithi082 ceph-mon[26613]: from='client.? 172.21.15.82:0/636315223' entity='client.admin' cmd=[{"prefix": "mgr stat"}]: dispatch
2024-04-27T07:24:30.640 INFO:teuthology.orchestra.run.smithi082.stdout:/usr/bin/ceph: stdout {
2024-04-27T07:24:30.640 INFO:teuthology.orchestra.run.smithi082.stdout:/usr/bin/ceph: stdout "epoch": 9,
2024-04-27T07:24:30.640 INFO:teuthology.orchestra.run.smithi082.stdout:/usr/bin/ceph: stdout "available": true,
2024-04-27T07:24:30.640 INFO:teuthology.orchestra.run.smithi082.stdout:/usr/bin/ceph: stdout "active_name": "smithi082.hhlhmf",
2024-04-27T07:24:30.640 INFO:teuthology.orchestra.run.smithi082.stdout:/usr/bin/ceph: stdout "num_standby": 0
2024-04-27T07:24:30.640 INFO:teuthology.orchestra.run.smithi082.stdout:/usr/bin/ceph: stdout }
2024-04-27T07:24:30.640 INFO:teuthology.orchestra.run.smithi082.stdout:/usr/bin/ceph: stderr
2024-04-27T07:24:29.572+0000 7ff0e6a7f700 1 Processor -- start
2024-04-27T07:24:30.640 INFO:teuthology.orchestra.run.smithi082.stdout:/usr/bin/ceph: stderr
2024-04-27T07:24:29.572+0000 7ff0e6a7f700 1 -- start start
2024-04-27T07:24:30.640 INFO:teuthology.orchestra.run.smithi082.stdout:/usr/bin/ceph: stderr
2024-04-27T07:24:29.572+0000 7ff0e6a7f700 1 --2- >> [v2:172.21.15.82:3300/0,v1:172.21.15.82:6789/0] conn(0x7ff0e00712d0 0x7ff0e0105450 unknown :-1 s=NONE pgs=0 cs=0 l=0 rev1=0 crypto rx=0 tx=0 comp rx=0 tx=0).connect
2024-04-27T07:24:30.640 INFO:teuthology.orchestra.run.smithi082.stdout:/usr/bin/ceph: stderr
2024-04-27T07:24:29.572+0000 7ff0e6a7f700 1 -- --> [v2:172.21.15.82:3300/0,v1:172.21.15.82:6789/0] -- mon_getmap magic: 0 v1 -- 0x7ff0e0105990 con 0x7ff0e00712d0
2024-04-27T07:24:30.640 INFO:teuthology.orchestra.run.smithi082.stdout:/usr/bin/ceph: stderr
2024-04-27T07:24:29.573+0000 7ff0e481b700 1 --2- >> [v2:172.21.15.82:3300/0,v1:172.21.15.82:6789/0] conn(0x7ff0e00712d0 0x7ff0e0105450 unknown :-1 s=BANNER_CONNECTING pgs=0 cs=0 l=0 rev1=0 crypto rx=0 tx=0 comp rx=0 tx=0)._handle_peer_banner_payload supported=3 required=0
2024-04-27T07:24:30.640 INFO:teuthology.orchestra.run.smithi082.stdout:/usr/bin/ceph: stderr
2024-04-27T07:24:29.573+0000 7ff0e481b700 1 --2- >> [v2:172.21.15.82:3300/0,v1:172.21.15.82:6789/0] conn(0x7ff0e00712d0 0x7ff0e0105450 unknown :-1 s=HELLO_CONNECTING pgs=0 cs=0 l=0 rev1=1 crypto rx=0 tx=0 comp rx=0 tx=0).handle_hello peer v2:172.21.15.82:3300/0 says I am v2:172.21.15.82:55312/0 (socket says 172.21.15.82:55312)
2024-04-27T07:24:30.641 INFO:teuthology.orchestra.run.smithi082.stdout:/usr/bin/ceph: stderr
2024-04-27T07:24:29.573+0000 7ff0e481b700 1 -- 172.21.15.82:0/2064249103 learned_addr learned my addr 172.21.15.82:0/2064249103 (peer_addr_for_me v2:172.21.15.82:0/0)
2024-04-27T07:24:30.641 INFO:teuthology.orchestra.run.smithi082.stdout:/usr/bin/ceph: stderr
2024-04-27T07:24:29.573+0000 7ff0e481b700 1 -- 172.21.15.82:0/2064249103 --> [v2:172.21.15.82:3300/0,v1:172.21.15.82:6789/0] -- mon_subscribe({config=0+,monmap=0+}) v3 -- 0x7ff0e0105ad0 con 0x7ff0e00712d0
2024-04-27T07:24:30.641 INFO:teuthology.orchestra.run.smithi082.stdout:/usr/bin/ceph: stderr
2024-04-27T07:24:29.573+0000 7ff0e481b700 1 --2- 172.21.15.82:0/2064249103 >> [v2:172.21.15.82:3300/0,v1:172.21.15.82:6789/0] conn(0x7ff0e00712d0 0x7ff0e0105450 secure :-1 s=READY pgs=69 cs=0 l=1 rev1=1 crypto rx=0x7ff0d40098e0 tx=0x7ff0d4009250 comp rx=0 tx=0).ready entity=mon.0 client_cookie=c53b19bec145475d server_cookie=0 in_seq=0 out_seq=0
2024-04-27T07:24:30.641 INFO:teuthology.orchestra.run.smithi082.stdout:/usr/bin/ceph: stderr
2024-04-27T07:24:29.573+0000 7ff0df7fe700 1 -- 172.21.15.82:0/2064249103 <== mon.0 v2:172.21.15.82:3300/0 1 ==== mon_map magic: 0 v1 ==== 229+0+0 (secure 0 0 0) 0x7ff0d400b860 con 0x7ff0e00712d0
2024-04-27T07:24:30.641 INFO:teuthology.orchestra.run.smithi082.stdout:/usr/bin/ceph: stderr
2024-04-27T07:24:29.573+0000 7ff0df7fe700 1 -- 172.21.15.82:0/2064249103 <== mon.0 v2:172.21.15.82:3300/0 2 ==== config(27 keys) v1 ==== 1109+0+0 (secure 0 0 0) 0x7ff0d400be90 con 0x7ff0e00712d0
2024-04-27T07:24:30.641 INFO:teuthology.orchestra.run.smithi082.stdout:/usr/bin/ceph: stderr
2024-04-27T07:24:29.573+0000 7ff0df7fe700 1 -- 172.21.15.82:0/2064249103 <== mon.0 v2:172.21.15.82:3300/0 3 ==== mon_map magic: 0 v1 ==== 229+0+0 (secure 0 0 0) 0x7ff0d40103c0 con 0x7ff0e00712d0
2024-04-27T07:24:30.641 INFO:teuthology.orchestra.run.smithi082.stdout:/usr/bin/ceph: stderr
2024-04-27T07:24:29.574+0000 7ff0e6a7f700 1 -- 172.21.15.82:0/2064249103 >> [v2:172.21.15.82:3300/0,v1:172.21.15.82:6789/0] conn(0x7ff0e00712d0 msgr2=0x7ff0e0105450 secure :-1 s=STATE_CONNECTION_ESTABLISHED l=1).mark_down
2024-04-27T07:24:30.641 INFO:teuthology.orchestra.run.smithi082.stdout:/usr/bin/ceph: stderr
2024-04-27T07:24:29.574+0000 7ff0e6a7f700 1 --2- 172.21.15.82:0/2064249103 >> [v2:172.21.15.82:3300/0,v1:172.21.15.82:6789/0] conn(0x7ff0e00712d0 0x7ff0e0105450 secure :-1 s=READY pgs=69 cs=0 l=1 rev1=1 crypto rx=0x7ff0d40098e0 tx=0x7ff0d4009250 comp rx=0 tx=0).stop
2024-04-27T07:24:30.641 INFO:teuthology.orchestra.run.smithi082.stdout:/usr/bin/ceph: stderr
2024-04-27T07:24:29.574+0000 7ff0e6a7f700 1 -- 172.21.15.82:0/2064249103 shutdown_connections
2024-04-27T07:24:30.641 INFO:teuthology.orchestra.run.smithi082.stdout:/usr/bin/ceph: stderr
2024-04-27T07:24:29.574+0000 7ff0e6a7f700 1 --2- 172.21.15.82:0/2064249103 >> [v2:172.21.15.82:3300/0,v1:172.21.15.82:6789/0] conn(0x7ff0e00712d0 0x7ff0e0105450 unknown :-1 s=CLOSED pgs=69 cs=0 l=1 rev1=1 crypto rx=0 tx=0 comp rx=0 tx=0).stop
2024-04-27T07:24:30.641 INFO:teuthology.orchestra.run.smithi082.stdout:/usr/bin/ceph: stderr
2024-04-27T07:24:29.574+0000 7ff0e6a7f700 1 -- 172.21.15.82:0/2064249103 >> 172.21.15.82:0/2064249103 conn(0x7ff0e00fcec0 msgr2=0x7ff0e00ff2d0 unknown :-1 s=STATE_NONE l=0).mark_down
2024-04-27T07:24:30.641 INFO:teuthology.orchestra.run.smithi082.stdout:/usr/bin/ceph: stderr
2024-04-27T07:24:29.574+0000 7ff0e6a7f700 1 -- 172.21.15.82:0/2064249103 shutdown_connections
2024-04-27T07:24:30.641 INFO:teuthology.orchestra.run.smithi082.stdout:/usr/bin/ceph: stderr
2024-04-27T07:24:29.574+0000 7ff0e6a7f700 1 -- 172.21.15.82:0/2064249103 wait complete.
2024-04-27T07:24:30.641 INFO:teuthology.orchestra.run.smithi082.stdout:/usr/bin/ceph: stderr
2024-04-27T07:24:29.574+0000 7ff0e6a7f700 1 Processor -- start
2024-04-27T07:24:30.642 INFO:teuthology.orchestra.run.smithi082.stdout:/usr/bin/ceph: stderr
2024-04-27T07:24:29.574+0000 7ff0e6a7f700 1 -- start start
2024-04-27T07:24:30.642 INFO:teuthology.orchestra.run.smithi082.stdout:/usr/bin/ceph: stderr
2024-04-27T07:24:29.575+0000 7ff0e6a7f700 1 --2- >> [v2:172.21.15.82:3300/0,v1:172.21.15.82:6789/0] conn(0x7ff0e00712d0 0x7ff0e0111630 unknown :-1 s=NONE pgs=0 cs=0 l=1 rev1=0 crypto rx=0 tx=0 comp rx=0 tx=0).connect
2024-04-27T07:24:30.642 INFO:teuthology.orchestra.run.smithi082.stdout:/usr/bin/ceph: stderr
2024-04-27T07:24:29.575+0000 7ff0e6a7f700 1 -- --> [v2:172.21.15.82:3300/0,v1:172.21.15.82:6789/0] -- mon_getmap magic: 0 v1 -- 0x7ff0e0111b70 con 0x7ff0e00712d0
2024-04-27T07:24:30.642 INFO:teuthology.orchestra.run.smithi082.stdout:/usr/bin/ceph: stderr
2024-04-27T07:24:29.575+0000 7ff0e481b700 1 --2- >> [v2:172.21.15.82:3300/0,v1:172.21.15.82:6789/0] conn(0x7ff0e00712d0 0x7ff0e0111630 unknown :-1 s=BANNER_CONNECTING pgs=0 cs=0 l=1 rev1=0 crypto rx=0 tx=0 comp rx=0 tx=0)._handle_peer_banner_payload supported=3 required=0
2024-04-27T07:24:30.642 INFO:teuthology.orchestra.run.smithi082.stdout:/usr/bin/ceph: stderr
2024-04-27T07:24:29.575+0000 7ff0e481b700 1 --2- >> [v2:172.21.15.82:3300/0,v1:172.21.15.82:6789/0] conn(0x7ff0e00712d0 0x7ff0e0111630 unknown :-1 s=HELLO_CONNECTING pgs=0 cs=0 l=1 rev1=1 crypto rx=0 tx=0 comp rx=0 tx=0).handle_hello peer v2:172.21.15.82:3300/0 says I am v2:172.21.15.82:55326/0 (socket says 172.21.15.82:55326)
2024-04-27T07:24:30.642 INFO:teuthology.orchestra.run.smithi082.stdout:/usr/bin/ceph: stderr
2024-04-27T07:24:29.575+0000 7ff0e481b700 1 -- 172.21.15.82:0/636315223 learned_addr learned my addr 172.21.15.82:0/636315223 (peer_addr_for_me v2:172.21.15.82:0/0)
2024-04-27T07:24:30.642 INFO:teuthology.orchestra.run.smithi082.stdout:/usr/bin/ceph: stderr
2024-04-27T07:24:29.575+0000 7ff0e481b700 1 -- 172.21.15.82:0/636315223 --> [v2:172.21.15.82:3300/0,v1:172.21.15.82:6789/0] -- mon_subscribe({config=0+,monmap=0+}) v3 -- 0x7ff0d40094f0 con 0x7ff0e00712d0
2024-04-27T07:24:30.642 INFO:teuthology.orchestra.run.smithi082.stdout:/usr/bin/ceph: stderr
2024-04-27T07:24:29.575+0000 7ff0e481b700 1 --2- 172.21.15.82:0/636315223 >> [v2:172.21.15.82:3300/0,v1:172.21.15.82:6789/0] conn(0x7ff0e00712d0 0x7ff0e0111630 secure :-1 s=READY pgs=70 cs=0 l=1 rev1=1 crypto rx=0x7ff0d40105b0 tx=0x7ff0d4009250 comp rx=0 tx=0).ready entity=mon.0 client_cookie=0 server_cookie=0 in_seq=0 out_seq=0
2024-04-27T07:24:30.642 INFO:teuthology.orchestra.run.smithi082.stdout:/usr/bin/ceph: stderr
2024-04-27T07:24:29.575+0000 7ff0dd7fa700 1 -- 172.21.15.82:0/636315223 <== mon.0 v2:172.21.15.82:3300/0 1 ==== mon_map magic: 0 v1 ==== 229+0+0 (secure 0 0 0) 0x7ff0d4010840 con 0x7ff0e00712d0
2024-04-27T07:24:30.642 INFO:teuthology.orchestra.run.smithi082.stdout:/usr/bin/ceph: stderr
2024-04-27T07:24:29.575+0000 7ff0e6a7f700 1 -- 172.21.15.82:0/636315223 --> [v2:172.21.15.82:3300/0,v1:172.21.15.82:6789/0] -- mon_subscribe({mgrmap=0+}) v3 -- 0x7ff0e0111d70 con 0x7ff0e00712d0
2024-04-27T07:24:30.642 INFO:teuthology.orchestra.run.smithi082.stdout:/usr/bin/ceph: stderr
2024-04-27T07:24:29.575+0000 7ff0e6a7f700 1 -- 172.21.15.82:0/636315223 --> [v2:172.21.15.82:3300/0,v1:172.21.15.82:6789/0] -- mon_subscribe({osdmap=0}) v3 -- 0x7ff0e01128e0 con 0x7ff0e00712d0
2024-04-27T07:24:30.643 INFO:teuthology.orchestra.run.smithi082.stdout:/usr/bin/ceph: stderr
2024-04-27T07:24:29.575+0000 7ff0dd7fa700 1 -- 172.21.15.82:0/636315223 <== mon.0 v2:172.21.15.82:3300/0 2 ==== config(27 keys) v1 ==== 1109+0+0 (secure 0 0 0) 0x7ff0d4010e70 con 0x7ff0e00712d0
2024-04-27T07:24:30.643 INFO:teuthology.orchestra.run.smithi082.stdout:/usr/bin/ceph: stderr
2024-04-27T07:24:29.575+0000 7ff0dd7fa700 1 -- 172.21.15.82:0/636315223 <== mon.0 v2:172.21.15.82:3300/0 3 ==== mon_map magic: 0 v1 ==== 229+0+0 (secure 0 0 0) 0x7ff0d40243f0 con 0x7ff0e00712d0
2024-04-27T07:24:30.643 INFO:teuthology.orchestra.run.smithi082.stdout:/usr/bin/ceph: stderr
2024-04-27T07:24:29.576+0000 7ff0dd7fa700 1 -- 172.21.15.82:0/636315223 <== mon.0 v2:172.21.15.82:3300/0 4 ==== mgrmap(e 9) v1 ==== 43389+0+0 (secure 0 0 0) 0x7ff0d4024550 con 0x7ff0e00712d0
2024-04-27T07:24:30.643 INFO:teuthology.orchestra.run.smithi082.stdout:/usr/bin/ceph: stderr
2024-04-27T07:24:29.576+0000 7ff0dd7fa700 1 --2- 172.21.15.82:0/636315223 >> [v2:172.21.15.82:6800/3417466421,v1:172.21.15.82:6801/3417466421] conn(0x7ff0d00368f0 0x7ff0d0038da0 unknown :-1 s=NONE pgs=0 cs=0 l=1 rev1=0 crypto rx=0 tx=0 comp rx=0 tx=0).connect
2024-04-27T07:24:30.643 INFO:teuthology.orchestra.run.smithi082.stdout:/usr/bin/ceph: stderr
2024-04-27T07:24:29.576+0000 7ff0dffff700 1 -- 172.21.15.82:0/636315223 >> [v2:172.21.15.82:6800/3417466421,v1:172.21.15.82:6801/3417466421] conn(0x7ff0d00368f0 msgr2=0x7ff0d0038da0 unknown :-1 s=STATE_CONNECTING_RE l=1).process reconnect failed to v2:172.21.15.82:6800/3417466421
2024-04-27T07:24:30.643 INFO:teuthology.orchestra.run.smithi082.stdout:/usr/bin/ceph: stderr
2024-04-27T07:24:29.576+0000 7ff0dd7fa700 1 -- 172.21.15.82:0/636315223 <== mon.0 v2:172.21.15.82:3300/0 5 ==== osd_map(2..2 src has 1..2) v4 ==== 936+0+0 (secure 0 0 0) 0x7ff0d404b650 con 0x7ff0e00712d0
2024-04-27T07:24:30.643 INFO:teuthology.orchestra.run.smithi082.stdout:/usr/bin/ceph: stderr
2024-04-27T07:24:29.576+0000 7ff0dffff700 1 --2- 172.21.15.82:0/636315223 >> [v2:172.21.15.82:6800/3417466421,v1:172.21.15.82:6801/3417466421] conn(0x7ff0d00368f0 0x7ff0d0038da0 unknown :-1 s=START_CONNECT pgs=0 cs=0 l=1 rev1=0 crypto rx=0 tx=0 comp rx=0 tx=0)._fault waiting 0.200000
2024-04-27T07:24:30.643 INFO:teuthology.orchestra.run.smithi082.stdout:/usr/bin/ceph: stderr
2024-04-27T07:24:29.576+0000 7ff0e6a7f700 1 -- 172.21.15.82:0/636315223 --> [v2:172.21.15.82:3300/0,v1:172.21.15.82:6789/0] -- mon_command({"prefix": "get_command_descriptions"} v 0) v1 -- 0x7ff0c40052e0 con 0x7ff0e00712d0
2024-04-27T07:24:30.643 INFO:teuthology.orchestra.run.smithi082.stdout:/usr/bin/ceph: stderr
2024-04-27T07:24:29.585+0000 7ff0dd7fa700 1 -- 172.21.15.82:0/636315223 <== mon.0 v2:172.21.15.82:3300/0 6 ==== mon_command_ack([{"prefix": "get_command_descriptions"}]=0 v0) v1 ==== 72+0+176702 (secure 0 0 0) 0x7ff0d4018940 con 0x7ff0e00712d0
2024-04-27T07:24:30.643 INFO:teuthology.orchestra.run.smithi082.stdout:/usr/bin/ceph: stderr
2024-04-27T07:24:29.778+0000 7ff0dffff700 1 -- 172.21.15.82:0/636315223 >> [v2:172.21.15.82:6800/3417466421,v1:172.21.15.82:6801/3417466421] conn(0x7ff0d00368f0 msgr2=0x7ff0d0038da0 unknown :-1 s=STATE_CONNECTING_RE l=1).process reconnect failed to v2:172.21.15.82:6800/3417466421
2024-04-27T07:24:30.643 INFO:teuthology.orchestra.run.smithi082.stdout:/usr/bin/ceph: stderr
2024-04-27T07:24:29.778+0000 7ff0dffff700 1 --2- 172.21.15.82:0/636315223 >> [v2:172.21.15.82:6800/3417466421,v1:172.21.15.82:6801/3417466421] conn(0x7ff0d00368f0 0x7ff0d0038da0 unknown :-1 s=START_CONNECT pgs=0 cs=0 l=1 rev1=0 crypto rx=0 tx=0 comp rx=0 tx=0)._fault waiting 0.400000
2024-04-27T07:24:30.643 INFO:teuthology.orchestra.run.smithi082.stdout:/usr/bin/ceph: stderr
2024-04-27T07:24:29.867+0000 7ff0e6a7f700 1 -- 172.21.15.82:0/636315223 --> [v2:172.21.15.82:3300/0,v1:172.21.15.82:6789/0] -- mon_command({"prefix": "mgr stat"} v 0) v1 -- 0x7ff0c4005da0 con 0x7ff0e00712d0
2024-04-27T07:24:30.644 INFO:teuthology.orchestra.run.smithi082.stdout:/usr/bin/ceph: stderr
2024-04-27T07:24:29.867+0000 7ff0dd7fa700 1 -- 172.21.15.82:0/636315223 <== mon.0 v2:172.21.15.82:3300/0 7 ==== mon_command_ack([{"prefix": "mgr stat"}]=0 v9) v1 ==== 56+0+103 (secure 0 0 0) 0x7ff0d4018350 con 0x7ff0e00712d0
2024-04-27T07:24:30.644 INFO:teuthology.orchestra.run.smithi082.stdout:/usr/bin/ceph: stderr
2024-04-27T07:24:29.869+0000 7ff0e6a7f700 1 -- 172.21.15.82:0/636315223 >> [v2:172.21.15.82:6800/3417466421,v1:172.21.15.82:6801/3417466421] conn(0x7ff0d00368f0 msgr2=0x7ff0d0038da0 unknown :-1 s=STATE_CONNECTING l=1).mark_down
2024-04-27T07:24:30.644 INFO:teuthology.orchestra.run.smithi082.stdout:/usr/bin/ceph: stderr
2024-04-27T07:24:29.869+0000 7ff0e6a7f700 1 --2- 172.21.15.82:0/636315223 >> [v2:172.21.15.82:6800/3417466421,v1:172.21.15.82:6801/3417466421] conn(0x7ff0d00368f0 0x7ff0d0038da0 unknown :-1 s=START_CONNECT pgs=0 cs=0 l=1 rev1=0 crypto rx=0 tx=0 comp rx=0 tx=0).stop
2024-04-27T07:24:30.644 INFO:teuthology.orchestra.run.smithi082.stdout:/usr/bin/ceph: stderr
2024-04-27T07:24:29.869+0000 7ff0e6a7f700 1 -- 172.21.15.82:0/636315223 >> [v2:172.21.15.82:3300/0,v1:172.21.15.82:6789/0] conn(0x7ff0e00712d0 msgr2=0x7ff0e0111630 secure :-1 s=STATE_CONNECTION_ESTABLISHED l=1).mark_down
2024-04-27T07:24:30.644 INFO:teuthology.orchestra.run.smithi082.stdout:/usr/bin/ceph: stderr
2024-04-27T07:24:29.869+0000 7ff0e6a7f700 1 --2- 172.21.15.82:0/636315223 >> [v2:172.21.15.82:3300/0,v1:172.21.15.82:6789/0] conn(0x7ff0e00712d0 0x7ff0e0111630 secure :-1 s=READY pgs=70 cs=0 l=1 rev1=1 crypto rx=0x7ff0d40105b0 tx=0x7ff0d4009250 comp rx=0 tx=0).stop
2024-04-27T07:24:30.644 INFO:teuthology.orchestra.run.smithi082.stdout:/usr/bin/ceph: stderr
2024-04-27T07:24:29.870+0000 7ff0e6a7f700 1 -- 172.21.15.82:0/636315223 shutdown_connections
2024-04-27T07:24:30.644 INFO:teuthology.orchestra.run.smithi082.stdout:/usr/bin/ceph: stderr
