2024-04-27T07:54:38.243 INFO:teuthology.orchestra.run.smithi003.stdout:/usr/bin/ceph: stderr
2024-04-27T07:54:37.076+0000 7fed5f7fe700 1 --2- 172.21.15.3:0/701448604 >> [v2:172.21.15.3:6800/2851450936,v1:172.21.15.3:6801/2851450936] conn(0x7fed48036740 0x7fed48038bf0 secure :-1 s=READY pgs=7 cs=0 l=1 rev1=1 crypto rx=0x7fed54009990 tx=0x7fed54006e40 comp rx=0 tx=0).ready entity=mgr.14100 client_cookie=0 server_cookie=0 in_seq=0 out_seq=0
2024-04-27T07:54:38.243 INFO:teuthology.orchestra.run.smithi003.stdout:/usr/bin/ceph: stderr
2024-04-27T07:54:37.081+0000 7fed5cff9700 1 -- 172.21.15.3:0/701448604 <== mon.0 v2:172.21.15.3:3300/0 6 ==== mon_command_ack([{"prefix": "get_command_descriptions"}]=0 v0) v1 ==== 72+0+176702 (secure 0 0 0) 0x7fed50018710 con 0x7fed601017e0
2024-04-27T07:54:38.243 INFO:teuthology.orchestra.run.smithi003.stdout:/usr/bin/ceph: stderr
2024-04-27T07:54:37.276+0000 7fed66a23700 1 -- 172.21.15.3:0/701448604 --> [v2:172.21.15.3:3300/0,v1:172.21.15.3:6789/0] -- mon_command({"prefix": "config assimilate-conf"} v 0) v1 -- 0x7fed6004bed0 con 0x7fed601017e0
2024-04-27T07:54:38.243 INFO:teuthology.orchestra.run.smithi003.stdout:/usr/bin/ceph: stderr
2024-04-27T07:54:37.276+0000 7fed5cff9700 1 -- 172.21.15.3:0/701448604 <== mon.0 v2:172.21.15.3:3300/0 7 ==== mon_command_ack([{"prefix": "config assimilate-conf"}]=0 v3) v1 ==== 70+0+373 (secure 0 0 0) 0x7fed5002da60 con 0x7fed601017e0
2024-04-27T07:54:38.243 INFO:teuthology.orchestra.run.smithi003.stdout:/usr/bin/ceph: stderr
2024-04-27T07:54:37.278+0000 7fed66a23700 1 -- 172.21.15.3:0/701448604 >> [v2:172.21.15.3:6800/2851450936,v1:172.21.15.3:6801/2851450936] conn(0x7fed48036740 msgr2=0x7fed48038bf0 secure :-1 s=STATE_CONNECTION_ESTABLISHED l=1).mark_down
2024-04-27T07:54:38.243 INFO:teuthology.orchestra.run.smithi003.stdout:/usr/bin/ceph: stderr
2024-04-27T07:54:37.278+0000 7fed66a23700 1 --2- 172.21.15.3:0/701448604 >> [v2:172.21.15.3:6800/2851450936,v1:172.21.15.3:6801/2851450936] conn(0x7fed48036740 0x7fed48038bf0 secure :-1 s=READY pgs=7 cs=0 l=1 rev1=1 crypto rx=0x7fed54009990 tx=0x7fed54006e40 comp rx=0 tx=0).stop
2024-04-27T07:54:38.243 INFO:teuthology.orchestra.run.smithi003.stdout:/usr/bin/ceph: stderr
2024-04-27T07:54:37.278+0000 7fed66a23700 1 -- 172.21.15.3:0/701448604 >> [v2:172.21.15.3:3300/0,v1:172.21.15.3:6789/0] conn(0x7fed601017e0 msgr2=0x7fed601105f0 secure :-1 s=STATE_CONNECTION_ESTABLISHED l=1).mark_down
2024-04-27T07:54:38.243 INFO:teuthology.orchestra.run.smithi003.stdout:/usr/bin/ceph: stderr
2024-04-27T07:54:37.278+0000 7fed66a23700 1 --2- 172.21.15.3:0/701448604 >> [v2:172.21.15.3:3300/0,v1:172.21.15.3:6789/0] conn(0x7fed601017e0 0x7fed601105f0 secure :-1 s=READY pgs=19 cs=0 l=1 rev1=1 crypto rx=0x7fed5000ba90 tx=0x7fed50009250 comp rx=0 tx=0).stop
2024-04-27T07:54:38.244 INFO:teuthology.orchestra.run.smithi003.stdout:/usr/bin/ceph: stderr
2024-04-27T07:54:37.278+0000 7fed66a23700 1 -- 172.21.15.3:0/701448604 shutdown_connections
2024-04-27T07:54:38.244 INFO:teuthology.orchestra.run.smithi003.stdout:/usr/bin/ceph: stderr
2024-04-27T07:54:37.278+0000 7fed66a23700 1 --2- 172.21.15.3:0/701448604 >> [v2:172.21.15.3:6800/2851450936,v1:172.21.15.3:6801/2851450936] conn(0x7fed48036740 0x7fed48038bf0 unknown :-1 s=CLOSED pgs=7 cs=0 l=1 rev1=1 crypto rx=0 tx=0 comp rx=0 tx=0).stop
2024-04-27T07:54:38.244 INFO:teuthology.orchestra.run.smithi003.stdout:/usr/bin/ceph: stderr
2024-04-27T07:54:37.278+0000 7fed66a23700 1 --2- 172.21.15.3:0/701448604 >> [v2:172.21.15.3:3300/0,v1:172.21.15.3:6789/0] conn(0x7fed601017e0 0x7fed601105f0 unknown :-1 s=CLOSED pgs=19 cs=0 l=1 rev1=1 crypto rx=0 tx=0 comp rx=0 tx=0).stop
2024-04-27T07:54:38.244 INFO:teuthology.orchestra.run.smithi003.stdout:/usr/bin/ceph: stderr
2024-04-27T07:54:37.278+0000 7fed66a23700 1 -- 172.21.15.3:0/701448604 >> 172.21.15.3:0/701448604 conn(0x7fed600fcfe0 msgr2=0x7fed600fdb40 unknown :-1 s=STATE_NONE l=0).mark_down
2024-04-27T07:54:38.244 INFO:teuthology.orchestra.run.smithi003.stdout:/usr/bin/ceph: stderr
2024-04-27T07:54:37.279+0000 7fed66a23700 1 -- 172.21.15.3:0/701448604 shutdown_connections
2024-04-27T07:54:38.244 INFO:teuthology.orchestra.run.smithi003.stdout:/usr/bin/ceph: stderr
2024-04-27T07:54:37.279+0000 7fed66a23700 1 -- 172.21.15.3:0/701448604 wait complete.
2024-04-27T07:54:38.244 INFO:teuthology.orchestra.run.smithi003.stdout:Enabling cephadm module...
2024-04-27T07:54:39.253 INFO:journalctl@ceph.mon.smithi003.smithi003.stdout:Apr 27 07:54:38 smithi003 ceph-mon[26444]: from='client.? 172.21.15.3:0/2401234305' entity='client.admin' cmd=[{"prefix": "mgr module enable", "module": "cephadm"}]: dispatch
2024-04-27T07:54:39.543 INFO:teuthology.orchestra.run.smithi003.stdout:/usr/bin/ceph: stderr
2024-04-27T07:54:38.664+0000 7f628621c700 1 Processor -- start
2024-04-27T07:54:39.543 INFO:teuthology.orchestra.run.smithi003.stdout:/usr/bin/ceph: stderr
2024-04-27T07:54:38.664+0000 7f628621c700 1 -- start start
2024-04-27T07:54:39.543 INFO:teuthology.orchestra.run.smithi003.stdout:/usr/bin/ceph: stderr
2024-04-27T07:54:38.664+0000 7f628621c700 1 --2- >> [v2:172.21.15.3:3300/0,v1:172.21.15.3:6789/0] conn(0x7f6280076bb0 0x7f62801054f0 unknown :-1 s=NONE pgs=0 cs=0 l=0 rev1=0 crypto rx=0 tx=0 comp rx=0 tx=0).connect
2024-04-27T07:54:39.543 INFO:teuthology.orchestra.run.smithi003.stdout:/usr/bin/ceph: stderr
2024-04-27T07:54:38.664+0000 7f628621c700 1 -- --> [v2:172.21.15.3:3300/0,v1:172.21.15.3:6789/0] -- mon_getmap magic: 0 v1 -- 0x7f6280105a30 con 0x7f6280076bb0
2024-04-27T07:54:39.543 INFO:teuthology.orchestra.run.smithi003.stdout:/usr/bin/ceph: stderr
2024-04-27T07:54:38.664+0000 7f627f7fe700 1 --2- >> [v2:172.21.15.3:3300/0,v1:172.21.15.3:6789/0] conn(0x7f6280076bb0 0x7f62801054f0 unknown :-1 s=BANNER_CONNECTING pgs=0 cs=0 l=0 rev1=0 crypto rx=0 tx=0 comp rx=0 tx=0)._handle_peer_banner_payload supported=3 required=0
2024-04-27T07:54:39.543 INFO:teuthology.orchestra.run.smithi003.stdout:/usr/bin/ceph: stderr
2024-04-27T07:54:38.664+0000 7f627f7fe700 1 --2- >> [v2:172.21.15.3:3300/0,v1:172.21.15.3:6789/0] conn(0x7f6280076bb0 0x7f62801054f0 unknown :-1 s=HELLO_CONNECTING pgs=0 cs=0 l=0 rev1=1 crypto rx=0 tx=0 comp rx=0 tx=0).handle_hello peer v2:172.21.15.3:3300/0 says I am v2:172.21.15.3:58828/0 (socket says 172.21.15.3:58828)
2024-04-27T07:54:39.543 INFO:teuthology.orchestra.run.smithi003.stdout:/usr/bin/ceph: stderr
2024-04-27T07:54:38.664+0000 7f627f7fe700 1 -- 172.21.15.3:0/213121053 learned_addr learned my addr 172.21.15.3:0/213121053 (peer_addr_for_me v2:172.21.15.3:0/0)
2024-04-27T07:54:39.544 INFO:teuthology.orchestra.run.smithi003.stdout:/usr/bin/ceph: stderr
2024-04-27T07:54:38.665+0000 7f627f7fe700 1 -- 172.21.15.3:0/213121053 --> [v2:172.21.15.3:3300/0,v1:172.21.15.3:6789/0] -- mon_subscribe({config=0+,monmap=0+}) v3 -- 0x7f6280105b70 con 0x7f6280076bb0
2024-04-27T07:54:39.544 INFO:teuthology.orchestra.run.smithi003.stdout:/usr/bin/ceph: stderr
2024-04-27T07:54:38.665+0000 7f627f7fe700 1 --2- 172.21.15.3:0/213121053 >> [v2:172.21.15.3:3300/0,v1:172.21.15.3:6789/0] conn(0x7f6280076bb0 0x7f62801054f0 secure :-1 s=READY pgs=20 cs=0 l=1 rev1=1 crypto rx=0x7f62700098e0 tx=0x7f6270009250 comp rx=0 tx=0).ready entity=mon.0 client_cookie=452b65c533a0877e server_cookie=0 in_seq=0 out_seq=0
2024-04-27T07:54:39.544 INFO:teuthology.orchestra.run.smithi003.stdout:/usr/bin/ceph: stderr
2024-04-27T07:54:38.665+0000 7f627e7fc700 1 -- 172.21.15.3:0/213121053 <== mon.0 v2:172.21.15.3:3300/0 1 ==== mon_map magic: 0 v1 ==== 229+0+0 (secure 0 0 0) 0x7f627000b860 con 0x7f6280076bb0
2024-04-27T07:54:39.544 INFO:teuthology.orchestra.run.smithi003.stdout:/usr/bin/ceph: stderr
2024-04-27T07:54:38.665+0000 7f627e7fc700 1 -- 172.21.15.3:0/213121053 <== mon.0 v2:172.21.15.3:3300/0 2 ==== config(27 keys) v1 ==== 1044+0+0 (secure 0 0 0) 0x7f627000be50 con 0x7f6280076bb0
2024-04-27T07:54:39.544 INFO:teuthology.orchestra.run.smithi003.stdout:/usr/bin/ceph: stderr
2024-04-27T07:54:38.665+0000 7f627e7fc700 1 -- 172.21.15.3:0/213121053 <== mon.0 v2:172.21.15.3:3300/0 3 ==== mon_map magic: 0 v1 ==== 229+0+0 (secure 0 0 0) 0x7f6270010380 con 0x7f6280076bb0
2024-04-27T07:54:39.544 INFO:teuthology.orchestra.run.smithi003.stdout:/usr/bin/ceph: stderr
2024-04-27T07:54:38.665+0000 7f628621c700 1 -- 172.21.15.3:0/213121053 >> [v2:172.21.15.3:3300/0,v1:172.21.15.3:6789/0] conn(0x7f6280076bb0 msgr2=0x7f62801054f0 secure :-1 s=STATE_CONNECTION_ESTABLISHED l=1).mark_down
2024-04-27T07:54:39.544 INFO:teuthology.orchestra.run.smithi003.stdout:/usr/bin/ceph: stderr
2024-04-27T07:54:38.665+0000 7f628621c700 1 --2- 172.21.15.3:0/213121053 >> [v2:172.21.15.3:3300/0,v1:172.21.15.3:6789/0] conn(0x7f6280076bb0 0x7f62801054f0 secure :-1 s=READY pgs=20 cs=0 l=1 rev1=1 crypto rx=0x7f62700098e0 tx=0x7f6270009250 comp rx=0 tx=0).stop
2024-04-27T07:54:39.544 INFO:teuthology.orchestra.run.smithi003.stdout:/usr/bin/ceph: stderr
2024-04-27T07:54:38.665+0000 7f628621c700 1 -- 172.21.15.3:0/213121053 shutdown_connections
2024-04-27T07:54:39.544 INFO:teuthology.orchestra.run.smithi003.stdout:/usr/bin/ceph: stderr
2024-04-27T07:54:38.666+0000 7f628621c700 1 --2- 172.21.15.3:0/213121053 >> [v2:172.21.15.3:3300/0,v1:172.21.15.3:6789/0] conn(0x7f6280076bb0 0x7f62801054f0 unknown :-1 s=CLOSED pgs=20 cs=0 l=1 rev1=1 crypto rx=0 tx=0 comp rx=0 tx=0).stop
2024-04-27T07:54:39.544 INFO:teuthology.orchestra.run.smithi003.stdout:/usr/bin/ceph: stderr
2024-04-27T07:54:38.666+0000 7f628621c700 1 -- 172.21.15.3:0/213121053 >> 172.21.15.3:0/213121053 conn(0x7f62800fcfe0 msgr2=0x7f62800ff3f0 unknown :-1 s=STATE_NONE l=0).mark_down
2024-04-27T07:54:39.544 INFO:teuthology.orchestra.run.smithi003.stdout:/usr/bin/ceph: stderr
2024-04-27T07:54:38.666+0000 7f628621c700 1 -- 172.21.15.3:0/213121053 shutdown_connections
2024-04-27T07:54:39.544 INFO:teuthology.orchestra.run.smithi003.stdout:/usr/bin/ceph: stderr
2024-04-27T07:54:38.666+0000 7f628621c700 1 -- 172.21.15.3:0/213121053 wait complete.
2024-04-27T07:54:39.544 INFO:teuthology.orchestra.run.smithi003.stdout:/usr/bin/ceph: stderr
2024-04-27T07:54:38.666+0000 7f628621c700 1 Processor -- start
2024-04-27T07:54:39.544 INFO:teuthology.orchestra.run.smithi003.stdout:/usr/bin/ceph: stderr
2024-04-27T07:54:38.666+0000 7f628621c700 1 -- start start
2024-04-27T07:54:39.545 INFO:teuthology.orchestra.run.smithi003.stdout:/usr/bin/ceph: stderr
2024-04-27T07:54:38.667+0000 7f628621c700 1 --2- >> [v2:172.21.15.3:3300/0,v1:172.21.15.3:6789/0] conn(0x7f6280076bb0 0x7f6280111710 unknown :-1 s=NONE pgs=0 cs=0 l=1 rev1=0 crypto rx=0 tx=0 comp rx=0 tx=0).connect
2024-04-27T07:54:39.545 INFO:teuthology.orchestra.run.smithi003.stdout:/usr/bin/ceph: stderr
2024-04-27T07:54:38.667+0000 7f628621c700 1 -- --> [v2:172.21.15.3:3300/0,v1:172.21.15.3:6789/0] -- mon_getmap magic: 0 v1 -- 0x7f6280111c50 con 0x7f6280076bb0
2024-04-27T07:54:39.545 INFO:teuthology.orchestra.run.smithi003.stdout:/usr/bin/ceph: stderr
2024-04-27T07:54:38.667+0000 7f627f7fe700 1 --2- >> [v2:172.21.15.3:3300/0,v1:172.21.15.3:6789/0] conn(0x7f6280076bb0 0x7f6280111710 unknown :-1 s=BANNER_CONNECTING pgs=0 cs=0 l=1 rev1=0 crypto rx=0 tx=0 comp rx=0 tx=0)._handle_peer_banner_payload supported=3 required=0
2024-04-27T07:54:39.545 INFO:teuthology.orchestra.run.smithi003.stdout:/usr/bin/ceph: stderr
2024-04-27T07:54:38.667+0000 7f627f7fe700 1 --2- >> [v2:172.21.15.3:3300/0,v1:172.21.15.3:6789/0] conn(0x7f6280076bb0 0x7f6280111710 unknown :-1 s=HELLO_CONNECTING pgs=0 cs=0 l=1 rev1=1 crypto rx=0 tx=0 comp rx=0 tx=0).handle_hello peer v2:172.21.15.3:3300/0 says I am v2:172.21.15.3:58844/0 (socket says 172.21.15.3:58844)
2024-04-27T07:54:39.545 INFO:teuthology.orchestra.run.smithi003.stdout:/usr/bin/ceph: stderr
2024-04-27T07:54:38.667+0000 7f627f7fe700 1 -- 172.21.15.3:0/2401234305 learned_addr learned my addr 172.21.15.3:0/2401234305 (peer_addr_for_me v2:172.21.15.3:0/0)
2024-04-27T07:54:39.545 INFO:teuthology.orchestra.run.smithi003.stdout:/usr/bin/ceph: stderr
2024-04-27T07:54:38.667+0000 7f627f7fe700 1 -- 172.21.15.3:0/2401234305 --> [v2:172.21.15.3:3300/0,v1:172.21.15.3:6789/0] -- mon_subscribe({config=0+,monmap=0+}) v3 -- 0x7f62700094f0 con 0x7f6280076bb0
2024-04-27T07:54:39.545 INFO:teuthology.orchestra.run.smithi003.stdout:/usr/bin/ceph: stderr
2024-04-27T07:54:38.667+0000 7f627f7fe700 1 --2- 172.21.15.3:0/2401234305 >> [v2:172.21.15.3:3300/0,v1:172.21.15.3:6789/0] conn(0x7f6280076bb0 0x7f6280111710 secure :-1 s=READY pgs=21 cs=0 l=1 rev1=1 crypto rx=0x7f6270011bd0 tx=0x7f6270009250 comp rx=0 tx=0).ready entity=mon.0 client_cookie=0 server_cookie=0 in_seq=0 out_seq=0
2024-04-27T07:54:39.545 INFO:teuthology.orchestra.run.smithi003.stdout:/usr/bin/ceph: stderr
2024-04-27T07:54:38.667+0000 7f6267fff700 1 -- 172.21.15.3:0/2401234305 <== mon.0 v2:172.21.15.3:3300/0 1 ==== mon_map magic: 0 v1 ==== 229+0+0 (secure 0 0 0) 0x7f62700107c0 con 0x7f6280076bb0
2024-04-27T07:54:39.545 INFO:teuthology.orchestra.run.smithi003.stdout:/usr/bin/ceph: stderr
2024-04-27T07:54:38.667+0000 7f6267fff700 1 -- 172.21.15.3:0/2401234305 <== mon.0 v2:172.21.15.3:3300/0 2 ==== config(27 keys) v1 ==== 1044+0+0 (secure 0 0 0) 0x7f6270010db0 con 0x7f6280076bb0
2024-04-27T07:54:39.545 INFO:teuthology.orchestra.run.smithi003.stdout:/usr/bin/ceph: stderr
2024-04-27T07:54:38.667+0000 7f628621c700 1 -- 172.21.15.3:0/2401234305 --> [v2:172.21.15.3:3300/0,v1:172.21.15.3:6789/0] -- mon_subscribe({mgrmap=0+}) v3 -- 0x7f6280111e50 con 0x7f6280076bb0
2024-04-27T07:54:39.545 INFO:teuthology.orchestra.run.smithi003.stdout:/usr/bin/ceph: stderr
2024-04-27T07:54:38.667+0000 7f6267fff700 1 -- 172.21.15.3:0/2401234305 <== mon.0 v2:172.21.15.3:3300/0 3 ==== mon_map magic: 0 v1 ==== 229+0+0 (secure 0 0 0) 0x7f627001ad60 con 0x7f6280076bb0
2024-04-27T07:54:39.545 INFO:teuthology.orchestra.run.smithi003.stdout:/usr/bin/ceph: stderr
2024-04-27T07:54:38.667+0000 7f628621c700 1 -- 172.21.15.3:0/2401234305 --> [v2:172.21.15.3:3300/0,v1:172.21.15.3:6789/0] -- mon_subscribe({osdmap=0}) v3 -- 0x7f62801129c0 con 0x7f6280076bb0
2024-04-27T07:54:39.545 INFO:teuthology.orchestra.run.smithi003.stdout:/usr/bin/ceph: stderr
2024-04-27T07:54:38.668+0000 7f6267fff700 1 -- 172.21.15.3:0/2401234305 <== mon.0 v2:172.21.15.3:3300/0 4 ==== mgrmap(e 4) v1 ==== 43365+0+0 (secure 0 0 0) 0x7f627002e440 con 0x7f6280076bb0
2024-04-27T07:54:39.545 INFO:teuthology.orchestra.run.smithi003.stdout:/usr/bin/ceph: stderr
2024-04-27T07:54:38.668+0000 7f628621c700 1 -- 172.21.15.3:0/2401234305 --> [v2:172.21.15.3:3300/0,v1:172.21.15.3:6789/0] -- mon_command({"prefix": "get_command_descriptions"} v 0) v1 -- 0x7f628005f5c0 con 0x7f6280076bb0
2024-04-27T07:54:39.545 INFO:teuthology.orchestra.run.smithi003.stdout:/usr/bin/ceph: stderr
2024-04-27T07:54:38.668+0000 7f6267fff700 1 --2- 172.21.15.3:0/2401234305 >> [v2:172.21.15.3:6800/2851450936,v1:172.21.15.3:6801/2851450936] conn(0x7f6268036790 0x7f6268038c40 unknown :-1 s=NONE pgs=0 cs=0 l=1 rev1=0 crypto rx=0 tx=0 comp rx=0 tx=0).connect
2024-04-27T07:54:39.545 INFO:teuthology.orchestra.run.smithi003.stdout:/usr/bin/ceph: stderr
2024-04-27T07:54:38.668+0000 7f6267fff700 1 -- 172.21.15.3:0/2401234305 <== mon.0 v2:172.21.15.3:3300/0 5 ==== osd_map(1..1 src has 1..1) v4 ==== 721+0+0 (secure 0 0 0) 0x7f627004ac50 con 0x7f6280076bb0
2024-04-27T07:54:39.546 INFO:teuthology.orchestra.run.smithi003.stdout:/usr/bin/ceph: stderr
2024-04-27T07:54:38.669+0000 7f627effd700 1 --2- 172.21.15.3:0/2401234305 >> [v2:172.21.15.3:6800/2851450936,v1:172.21.15.3:6801/2851450936] conn(0x7f6268036790 0x7f6268038c40 unknown :-1 s=BANNER_CONNECTING pgs=0 cs=0 l=1 rev1=0 crypto rx=0 tx=0 comp rx=0 tx=0)._handle_peer_banner_payload supported=3 required=0
2024-04-27T07:54:39.546 INFO:teuthology.orchestra.run.smithi003.stdout:/usr/bin/ceph: stderr
2024-04-27T07:54:38.669+0000 7f627effd700 1 --2- 172.21.15.3:0/2401234305 >> [v2:172.21.15.3:6800/2851450936,v1:172.21.15.3:6801/2851450936] conn(0x7f6268036790 0x7f6268038c40 secure :-1 s=READY pgs=8 cs=0 l=1 rev1=1 crypto rx=0x7f6274009990 tx=0x7f6274006e40 comp rx=0 tx=0).ready entity=mgr.14100 client_cookie=0 server_cookie=0 in_seq=0 out_seq=0
2024-04-27T07:54:39.546 INFO:teuthology.orchestra.run.smithi003.stdout:/usr/bin/ceph: stderr
2024-04-27T07:54:38.673+0000 7f6267fff700 1 -- 172.21.15.3:0/2401234305 <== mon.0 v2:172.21.15.3:3300/0 6 ==== mon_command_ack([{"prefix": "get_command_descriptions"}]=0 v0) v1 ==== 72+0+176702 (secure 0 0 0) 0x7f6270023980 con 0x7f6280076bb0
2024-04-27T07:54:39.546 INFO:teuthology.orchestra.run.smithi003.stdout:/usr/bin/ceph: stderr
2024-04-27T07:54:38.922+0000 7f628621c700 1 -- 172.21.15.3:0/2401234305 --> [v2:172.21.15.3:3300/0,v1:172.21.15.3:6789/0] -- mon_command({"prefix": "mgr module enable", "module": "cephadm"} v 0) v1 -- 0x7f628004bed0 con 0x7f6280076bb0
2024-04-27T07:54:39.546 INFO:teuthology.orchestra.run.smithi003.stdout:/usr/bin/ceph: stderr
2024-04-27T07:54:38.945+0000 7f6267fff700 1 -- 172.21.15.3:0/2401234305 <== mon.0 v2:172.21.15.3:3300/0 7 ==== mgrmap(e 5) v1 ==== 43376+0+0 (secure 0 0 0) 0x7f627001a5c0 con 0x7f6280076bb0
2024-04-27T07:54:39.546 INFO:teuthology.orchestra.run.smithi003.stdout:/usr/bin/ceph: stderr
2024-04-27T07:54:38.946+0000 7f6267fff700 1 -- 172.21.15.3:0/2401234305 <== mon.0 v2:172.21.15.3:3300/0 8 ==== mon_command_ack([{"prefix": "mgr module enable", "module": "cephadm"}]=0 v5) v1 ==== 86+0+0 (secure 0 0 0) 0x7f627002ddd0 con 0x7f6280076bb0
2024-04-27T07:54:39.546 INFO:teuthology.orchestra.run.smithi003.stdout:/usr/bin/ceph: stderr
2024-04-27T07:54:38.948+0000 7f628621c700 1 -- 172.21.15.3:0/2401234305 >> [v2:172.21.15.3:6800/2851450936,v1:172.21.15.3:6801/2851450936] conn(0x7f6268036790 msgr2=0x7f6268038c40 secure :-1 s=STATE_CONNECTION_ESTABLISHED l=1).mark_down
2024-04-27T07:54:39.546 INFO:teuthology.orchestra.run.smithi003.stdout:/usr/bin/ceph: stderr
2024-04-27T07:54:38.948+0000 7f628621c700 1 --2- 172.21.15.3:0/2401234305 >> [v2:172.21.15.3:6800/2851450936,v1:172.21.15.3:6801/2851450936] conn(0x7f6268036790 0x7f6268038c40 secure :-1 s=READY pgs=8 cs=0 l=1 rev1=1 crypto rx=0x7f6274009990 tx=0x7f6274006e40 comp rx=0 tx=0).stop
2024-04-27T07:54:39.546 INFO:teuthology.orchestra.run.smithi003.stdout:/usr/bin/ceph: stderr
2024-04-27T07:54:38.948+0000 7f628621c700 1 -- 172.21.15.3:0/2401234305 >> [v2:172.21.15.3:3300/0,v1:172.21.15.3:6789/0] conn(0x7f6280076bb0 msgr2=0x7f6280111710 secure :-1 s=STATE_CONNECTION_ESTABLISHED l=1).mark_down
2024-04-27T07:54:39.546 INFO:teuthology.orchestra.run.smithi003.stdout:/usr/bin/ceph: stderr
2024-04-27T07:54:38.948+0000 7f628621c700 1 --2- 172.21.15.3:0/2401234305 >> [v2:172.21.15.3:3300/0,v1:172.21.15.3:6789/0] conn(0x7f6280076bb0 0x7f6280111710 secure :-1 s=READY pgs=21 cs=0 l=1 rev1=1 crypto rx=0x7f6270011bd0 tx=0x7f6270009250 comp rx=0 tx=0).stop
2024-04-27T07:54:39.546 INFO:teuthology.orchestra.run.smithi003.stdout:/usr/bin/ceph: stderr
2024-04-27T07:54:38.948+0000 7f628621c700 1 -- 172.21.15.3:0/2401234305 shutdown_connections
2024-04-27T07:54:39.546 INFO:teuthology.orchestra.run.smithi003.stdout:/usr/bin/ceph: stderr
2024-04-27T07:54:38.948+0000 7f628621c700 1 --2- 172.21.15.3:0/2401234305 >> [v2:172.21.15.3:6800/2851450936,v1:172.21.15.3:6801/2851450936] conn(0x7f6268036790 0x7f6268038c40 unknown :-1 s=CLOSED pgs=8 cs=0 l=1 rev1=1 crypto rx=0 tx=0 comp rx=0 tx=0).stop
2024-04-27T07:54:39.546 INFO:teuthology.orchestra.run.smithi003.stdout:/usr/bin/ceph: stderr
2024-04-27T07:54:38.948+0000 7f628621c700 1 --2- 172.21.15.3:0/2401234305 >> [v2:172.21.15.3:3300/0,v1:172.21.15.3:6789/0] conn(0x7f6280076bb0 0x7f6280111710 unknown :-1 s=CLOSED pgs=21 cs=0 l=1 rev1=1 crypto rx=0 tx=0 comp rx=0 tx=0).stop
2024-04-27T07:54:39.546 INFO:teuthology.orchestra.run.smithi003.stdout:/usr/bin/ceph: stderr
2024-04-27T07:54:38.948+0000 7f628621c700 1 -- 172.21.15.3:0/2401234305 >> 172.21.15.3:0/2401234305 conn(0x7f62800fcfe0 msgr2=0x7f62800fdbe0 unknown :-1 s=STATE_NONE l=0).mark_down
2024-04-27T07:54:39.547 INFO:teuthology.orchestra.run.smithi003.stdout:/usr/bin/ceph: stderr
2024-04-27T07:54:38.949+0000 7f628621c700 1 -- 172.21.15.3:0/2401234305 shutdown_connections
2024-04-27T07:54:39.547 INFO:teuthology.orchestra.run.smithi003.stdout:/usr/bin/ceph: stderr
2024-04-27T07:54:38.949+0000 7f628621c700 1 -- 172.21.15.3:0/2401234305 wait complete.
2024-04-27T07:54:40.117 INFO:journalctl@ceph.mon.smithi003.smithi003.stdout:Apr 27 07:54:39 smithi003 ceph-mon[26444]: from='client.? 172.21.15.3:0/2401234305' entity='client.admin' cmd='[{"prefix": "mgr module enable", "module": "cephadm"}]': finished
2024-04-27T07:54:40.117 INFO:journalctl@ceph.mon.smithi003.smithi003.stdout:Apr 27 07:54:39 smithi003 ceph-mon[26444]: mgrmap e5: smithi003.rrqqvj(active, since 6s)
2024-04-27T07:54:40.901 INFO:teuthology.orchestra.run.smithi003.stdout:/usr/bin/ceph: stdout {
2024-04-27T07:54:40.901 INFO:teuthology.orchestra.run.smithi003.stdout:/usr/bin/ceph: stdout "epoch": 5,
2024-04-27T07:54:40.901 INFO:teuthology.orchestra.run.smithi003.stdout:/usr/bin/ceph: stdout "available": true,
2024-04-27T07:54:40.901 INFO:teuthology.orchestra.run.smithi003.stdout:/usr/bin/ceph: stdout "active_name": "smithi003.rrqqvj",
2024-04-27T07:54:40.901 INFO:teuthology.orchestra.run.smithi003.stdout:/usr/bin/ceph: stdout "num_standby": 0
2024-04-27T07:54:40.901 INFO:teuthology.orchestra.run.smithi003.stdout:/usr/bin/ceph: stdout }
2024-04-27T07:54:40.901 INFO:teuthology.orchestra.run.smithi003.stdout:/usr/bin/ceph: stderr
2024-04-27T07:54:40.022+0000 7fa6e97ab700 1 Processor -- start
2024-04-27T07:54:40.902 INFO:teuthology.orchestra.run.smithi003.stdout:/usr/bin/ceph: stderr
2024-04-27T07:54:40.022+0000 7fa6e97ab700 1 -- start start
2024-04-27T07:54:40.902 INFO:teuthology.orchestra.run.smithi003.stdout:/usr/bin/ceph: stderr
2024-04-27T07:54:40.022+0000 7fa6e97ab700 1 --2- >> [v2:172.21.15.3:3300/0,v1:172.21.15.3:6789/0] conn(0x7fa6e4078cb0 0x7fa6e4077260 unknown :-1 s=NONE pgs=0 cs=0 l=0 rev1=0 crypto rx=0 tx=0 comp rx=0 tx=0).connect
2024-04-27T07:54:40.902 INFO:teuthology.orchestra.run.smithi003.stdout:/usr/bin/ceph: stderr
2024-04-27T07:54:40.022+0000 7fa6e97ab700 1 -- --> [v2:172.21.15.3:3300/0,v1:172.21.15.3:6789/0] -- mon_getmap magic: 0 v1 -- 0x7fa6e40790c0 con 0x7fa6e4078cb0
2024-04-27T07:54:40.902 INFO:teuthology.orchestra.run.smithi003.stdout:/usr/bin/ceph: stderr
2024-04-27T07:54:40.022+0000 7fa6e2ffd700 1 --2- >> [v2:172.21.15.3:3300/0,v1:172.21.15.3:6789/0] conn(0x7fa6e4078cb0 0x7fa6e4077260 unknown :-1 s=BANNER_CONNECTING pgs=0 cs=0 l=0 rev1=0 crypto rx=0 tx=0 comp rx=0 tx=0)._handle_peer_banner_payload supported=3 required=0
2024-04-27T07:54:40.902 INFO:teuthology.orchestra.run.smithi003.stdout:/usr/bin/ceph: stderr
2024-04-27T07:54:40.023+0000 7fa6e2ffd700 1 --2- >> [v2:172.21.15.3:3300/0,v1:172.21.15.3:6789/0] conn(0x7fa6e4078cb0 0x7fa6e4077260 unknown :-1 s=HELLO_CONNECTING pgs=0 cs=0 l=0 rev1=1 crypto rx=0 tx=0 comp rx=0 tx=0).handle_hello peer v2:172.21.15.3:3300/0 says I am v2:172.21.15.3:58870/0 (socket says 172.21.15.3:58870)
2024-04-27T07:54:40.902 INFO:teuthology.orchestra.run.smithi003.stdout:/usr/bin/ceph: stderr
2024-04-27T07:54:40.023+0000 7fa6e2ffd700 1 -- 172.21.15.3:0/3829923363 learned_addr learned my addr 172.21.15.3:0/3829923363 (peer_addr_for_me v2:172.21.15.3:0/0)
2024-04-27T07:54:40.902 INFO:teuthology.orchestra.run.smithi003.stdout:/usr/bin/ceph: stderr
2024-04-27T07:54:40.023+0000 7fa6e2ffd700 1 -- 172.21.15.3:0/3829923363 --> [v2:172.21.15.3:3300/0,v1:172.21.15.3:6789/0] -- mon_subscribe({config=0+,monmap=0+}) v3 -- 0x7fa6e40777a0 con 0x7fa6e4078cb0
2024-04-27T07:54:40.902 INFO:teuthology.orchestra.run.smithi003.stdout:/usr/bin/ceph: stderr
2024-04-27T07:54:40.023+0000 7fa6e2ffd700 1 --2- 172.21.15.3:0/3829923363 >> [v2:172.21.15.3:3300/0,v1:172.21.15.3:6789/0] conn(0x7fa6e4078cb0 0x7fa6e4077260 secure :-1 s=READY pgs=24 cs=0 l=1 rev1=1 crypto rx=0x7fa6d4009e50 tx=0x7fa6d4009840 comp rx=0 tx=0).ready entity=mon.0 client_cookie=1fe478faa1f3cbec server_cookie=0 in_seq=0 out_seq=0
2024-04-27T07:54:40.902 INFO:teuthology.orchestra.run.smithi003.stdout:/usr/bin/ceph: stderr
2024-04-27T07:54:40.023+0000 7fa6e1ffb700 1 -- 172.21.15.3:0/3829923363 <== mon.0 v2:172.21.15.3:3300/0 1 ==== mon_map magic: 0 v1 ==== 229+0+0 (secure 0 0 0) 0x7fa6d40092e0 con 0x7fa6e4078cb0
2024-04-27T07:54:40.902 INFO:teuthology.orchestra.run.smithi003.stdout:/usr/bin/ceph: stderr
2024-04-27T07:54:40.023+0000 7fa6e1ffb700 1 -- 172.21.15.3:0/3829923363 <== mon.0 v2:172.21.15.3:3300/0 2 ==== config(27 keys) v1 ==== 1044+0+0 (secure 0 0 0) 0x7fa6d4012430 con 0x7fa6e4078cb0
2024-04-27T07:54:40.902 INFO:teuthology.orchestra.run.smithi003.stdout:/usr/bin/ceph: stderr
2024-04-27T07:54:40.023+0000 7fa6e1ffb700 1 -- 172.21.15.3:0/3829923363 <== mon.0 v2:172.21.15.3:3300/0 3 ==== mon_map magic: 0 v1 ==== 229+0+0 (secure 0 0 0) 0x7fa6d40075c0 con 0x7fa6e4078cb0
2024-04-27T07:54:40.902 INFO:teuthology.orchestra.run.smithi003.stdout:/usr/bin/ceph: stderr
2024-04-27T07:54:40.024+0000 7fa6e97ab700 1 -- 172.21.15.3:0/3829923363 >> [v2:172.21.15.3:3300/0,v1:172.21.15.3:6789/0] conn(0x7fa6e4078cb0 msgr2=0x7fa6e4077260 secure :-1 s=STATE_CONNECTION_ESTABLISHED l=1).mark_down
2024-04-27T07:54:40.902 INFO:teuthology.orchestra.run.smithi003.stdout:/usr/bin/ceph: stderr
2024-04-27T07:54:40.024+0000 7fa6e97ab700 1 --2- 172.21.15.3:0/3829923363 >> [v2:172.21.15.3:3300/0,v1:172.21.15.3:6789/0] conn(0x7fa6e4078cb0 0x7fa6e4077260 secure :-1 s=READY pgs=24 cs=0 l=1 rev1=1 crypto rx=0x7fa6d4009e50 tx=0x7fa6d4009840 comp rx=0 tx=0).stop
2024-04-27T07:54:40.903 INFO:teuthology.orchestra.run.smithi003.stdout:/usr/bin/ceph: stderr
2024-04-27T07:54:40.024+0000 7fa6e97ab700 1 -- 172.21.15.3:0/3829923363 shutdown_connections
2024-04-27T07:54:40.903 INFO:teuthology.orchestra.run.smithi003.stdout:/usr/bin/ceph: stderr
2024-04-27T07:54:40.024+0000 7fa6e97ab700 1 --2- 172.21.15.3:0/3829923363 >> [v2:172.21.15.3:3300/0,v1:172.21.15.3:6789/0] conn(0x7fa6e4078cb0 0x7fa6e4077260 unknown :-1 s=CLOSED pgs=24 cs=0 l=1 rev1=1 crypto rx=0 tx=0 comp rx=0 tx=0).stop
2024-04-27T07:54:40.903 INFO:teuthology.orchestra.run.smithi003.stdout:/usr/bin/ceph: stderr
2024-04-27T07:54:40.024+0000 7fa6e97ab700 1 -- 172.21.15.3:0/3829923363 >> 172.21.15.3:0/3829923363 conn(0x7fa6e40fe0b0 msgr2=0x7fa6e41004c0 unknown :-1 s=STATE_NONE l=0).mark_down
2024-04-27T07:54:40.903 INFO:teuthology.orchestra.run.smithi003.stdout:/usr/bin/ceph: stderr
2024-04-27T07:54:40.024+0000 7fa6e97ab700 1 -- 172.21.15.3:0/3829923363 shutdown_connections
2024-04-27T07:54:40.903 INFO:teuthology.orchestra.run.smithi003.stdout:/usr/bin/ceph: stderr
2024-04-27T07:54:40.024+0000 7fa6e97ab700 1 -- 172.21.15.3:0/3829923363 wait complete.
2024-04-27T07:54:40.903 INFO:teuthology.orchestra.run.smithi003.stdout:/usr/bin/ceph: stderr
2024-04-27T07:54:40.024+0000 7fa6e97ab700 1 Processor -- start
2024-04-27T07:54:40.903 INFO:teuthology.orchestra.run.smithi003.stdout:/usr/bin/ceph: stderr
2024-04-27T07:54:40.025+0000 7fa6e97ab700 1 -- start start
2024-04-27T07:54:40.903 INFO:teuthology.orchestra.run.smithi003.stdout:/usr/bin/ceph: stderr
2024-04-27T07:54:40.025+0000 7fa6e97ab700 1 --2- >> [v2:172.21.15.3:3300/0,v1:172.21.15.3:6789/0] conn(0x7fa6e4078cb0 0x7fa6e4117e70 unknown :-1 s=NONE pgs=0 cs=0 l=1 rev1=0 crypto rx=0 tx=0 comp rx=0 tx=0).connect
2024-04-27T07:54:40.903 INFO:teuthology.orchestra.run.smithi003.stdout:/usr/bin/ceph: stderr
2024-04-27T07:54:40.025+0000 7fa6e97ab700 1 -- --> [v2:172.21.15.3:3300/0,v1:172.21.15.3:6789/0] -- mon_getmap magic: 0 v1 -- 0x7fa6e41183b0 con 0x7fa6e4078cb0
2024-04-27T07:54:40.903 INFO:teuthology.orchestra.run.smithi003.stdout:/usr/bin/ceph: stderr
2024-04-27T07:54:40.025+0000 7fa6e2ffd700 1 --2- >> [v2:172.21.15.3:3300/0,v1:172.21.15.3:6789/0] conn(0x7fa6e4078cb0 0x7fa6e4117e70 unknown :-1 s=BANNER_CONNECTING pgs=0 cs=0 l=1 rev1=0 crypto rx=0 tx=0 comp rx=0 tx=0)._handle_peer_banner_payload supported=3 required=0
2024-04-27T07:54:40.903 INFO:teuthology.orchestra.run.smithi003.stdout:/usr/bin/ceph: stderr
2024-04-27T07:54:40.025+0000 7fa6e2ffd700 1 --2- >> [v2:172.21.15.3:3300/0,v1:172.21.15.3:6789/0] conn(0x7fa6e4078cb0 0x7fa6e4117e70 unknown :-1 s=HELLO_CONNECTING pgs=0 cs=0 l=1 rev1=1 crypto rx=0 tx=0 comp rx=0 tx=0).handle_hello peer v2:172.21.15.3:3300/0 says I am v2:172.21.15.3:58882/0 (socket says 172.21.15.3:58882)
2024-04-27T07:54:40.903 INFO:teuthology.orchestra.run.smithi003.stdout:/usr/bin/ceph: stderr
2024-04-27T07:54:40.025+0000 7fa6e2ffd700 1 -- 172.21.15.3:0/891386616 learned_addr learned my addr 172.21.15.3:0/891386616 (peer_addr_for_me v2:172.21.15.3:0/0)
2024-04-27T07:54:40.903 INFO:teuthology.orchestra.run.smithi003.stdout:/usr/bin/ceph: stderr
2024-04-27T07:54:40.025+0000 7fa6e2ffd700 1 -- 172.21.15.3:0/891386616 --> [v2:172.21.15.3:3300/0,v1:172.21.15.3:6789/0] -- mon_subscribe({config=0+,monmap=0+}) v3 -- 0x7fa6d4009ae0 con 0x7fa6e4078cb0
2024-04-27T07:54:40.903 INFO:teuthology.orchestra.run.smithi003.stdout:/usr/bin/ceph: stderr
2024-04-27T07:54:40.025+0000 7fa6e2ffd700 1 --2- 172.21.15.3:0/891386616 >> [v2:172.21.15.3:3300/0,v1:172.21.15.3:6789/0] conn(0x7fa6e4078cb0 0x7fa6e4117e70 secure :-1 s=READY pgs=25 cs=0 l=1 rev1=1 crypto rx=0x7fa6d4012da0 tx=0x7fa6d4009840 comp rx=0 tx=0).ready entity=mon.0 client_cookie=0 server_cookie=0 in_seq=0 out_seq=0
2024-04-27T07:54:40.904 INFO:teuthology.orchestra.run.smithi003.stdout:/usr/bin/ceph: stderr
2024-04-27T07:54:40.025+0000 7fa6db7fe700 1 -- 172.21.15.3:0/891386616 <== mon.0 v2:172.21.15.3:3300/0 1 ==== mon_map magic: 0 v1 ==== 229+0+0 (secure 0 0 0) 0x7fa6d40092e0 con 0x7fa6e4078cb0
2024-04-27T07:54:40.904 INFO:teuthology.orchestra.run.smithi003.stdout:/usr/bin/ceph: stderr
2024-04-27T07:54:40.025+0000 7fa6db7fe700 1 -- 172.21.15.3:0/891386616 <== mon.0 v2:172.21.15.3:3300/0 2 ==== config(27 keys) v1 ==== 1044+0+0 (secure 0 0 0) 0x7fa6d4007d10 con 0x7fa6e4078cb0
2024-04-27T07:54:40.904 INFO:teuthology.orchestra.run.smithi003.stdout:/usr/bin/ceph: stderr
2024-04-27T07:54:40.025+0000 7fa6e97ab700 1 -- 172.21.15.3:0/891386616 --> [v2:172.21.15.3:3300/0,v1:172.21.15.3:6789/0] -- mon_subscribe({mgrmap=0+}) v3 -- 0x7fa6e41185b0 con 0x7fa6e4078cb0
2024-04-27T07:54:40.904 INFO:teuthology.orchestra.run.smithi003.stdout:/usr/bin/ceph: stderr
2024-04-27T07:54:40.025+0000 7fa6db7fe700 1 -- 172.21.15.3:0/891386616 <== mon.0 v2:172.21.15.3:3300/0 3 ==== mon_map magic: 0 v1 ==== 229+0+0 (secure 0 0 0) 0x7fa6d401c880 con 0x7fa6e4078cb0
2024-04-27T07:54:40.904 INFO:teuthology.orchestra.run.smithi003.stdout:/usr/bin/ceph: stderr
2024-04-27T07:54:40.025+0000 7fa6e97ab700 1 -- 172.21.15.3:0/891386616 --> [v2:172.21.15.3:3300/0,v1:172.21.15.3:6789/0] -- mon_subscribe({osdmap=0}) v3 -- 0x7fa6e4118fe0 con 0x7fa6e4078cb0
2024-04-27T07:54:40.904 INFO:teuthology.orchestra.run.smithi003.stdout:/usr/bin/ceph: stderr
2024-04-27T07:54:40.026+0000 7fa6db7fe700 1 -- 172.21.15.3:0/891386616 <== mon.0 v2:172.21.15.3:3300/0 4 ==== mgrmap(e 5) v1 ==== 43376+0+0 (secure 0 0 0) 0x7fa6d4019070 con 0x7fa6e4078cb0
2024-04-27T07:54:40.904 INFO:teuthology.orchestra.run.smithi003.stdout:/usr/bin/ceph: stderr
2024-04-27T07:54:40.026+0000 7fa6db7fe700 1 --2- 172.21.15.3:0/891386616 >> [v2:172.21.15.3:6800/2851450936,v1:172.21.15.3:6801/2851450936] conn(0x7fa6d0036790 0x7fa6d0038c40 unknown :-1 s=NONE pgs=0 cs=0 l=1 rev1=0 crypto rx=0 tx=0 comp rx=0 tx=0).connect
2024-04-27T07:54:40.904 INFO:teuthology.orchestra.run.smithi003.stdout:/usr/bin/ceph: stderr
2024-04-27T07:54:40.026+0000 7fa6db7fe700 1 -- 172.21.15.3:0/891386616 <== mon.0 v2:172.21.15.3:3300/0 5 ==== osd_map(1..1 src has 1..1) v4 ==== 721+0+0 (secure 0 0 0) 0x7fa6d4049e20 con 0x7fa6e4078cb0
2024-04-27T07:54:40.904 INFO:teuthology.orchestra.run.smithi003.stdout:/usr/bin/ceph: stderr
2024-04-27T07:54:40.026+0000 7fa6e27fc700 1 -- 172.21.15.3:0/891386616 >> [v2:172.21.15.3:6800/2851450936,v1:172.21.15.3:6801/2851450936] conn(0x7fa6d0036790 msgr2=0x7fa6d0038c40 unknown :-1 s=STATE_CONNECTING_RE l=1).process reconnect failed to v2:172.21.15.3:6800/2851450936
2024-04-27T07:54:40.904 INFO:teuthology.orchestra.run.smithi003.stdout:/usr/bin/ceph: stderr
2024-04-27T07:54:40.026+0000 7fa6e27fc700 1 --2- 172.21.15.3:0/891386616 >> [v2:172.21.15.3:6800/2851450936,v1:172.21.15.3:6801/2851450936] conn(0x7fa6d0036790 0x7fa6d0038c40 unknown :-1 s=START_CONNECT pgs=0 cs=0 l=1 rev1=0 crypto rx=0 tx=0 comp rx=0 tx=0)._fault waiting 0.200000
2024-04-27T07:54:40.904 INFO:teuthology.orchestra.run.smithi003.stdout:/usr/bin/ceph: stderr
2024-04-27T07:54:40.027+0000 7fa6e97ab700 1 -- 172.21.15.3:0/891386616 --> [v2:172.21.15.3:3300/0,v1:172.21.15.3:6789/0] -- mon_command({"prefix": "get_command_descriptions"} v 0) v1 -- 0x7fa6e404bed0 con 0x7fa6e4078cb0
2024-04-27T07:54:40.904 INFO:teuthology.orchestra.run.smithi003.stdout:/usr/bin/ceph: stderr
2024-04-27T07:54:40.032+0000 7fa6db7fe700 1 -- 172.21.15.3:0/891386616 <== mon.0 v2:172.21.15.3:3300/0 6 ==== mon_command_ack([{"prefix": "get_command_descriptions"}]=0 v0) v1 ==== 72+0+176702 (secure 0 0 0) 0x7fa6d4017080 con 0x7fa6e4078cb0
2024-04-27T07:54:40.904 INFO:teuthology.orchestra.run.smithi003.stdout:/usr/bin/ceph: stderr
2024-04-27T07:54:40.227+0000 7fa6e27fc700 1 -- 172.21.15.3:0/891386616 >> [v2:172.21.15.3:6800/2851450936,v1:172.21.15.3:6801/2851450936] conn(0x7fa6d0036790 msgr2=0x7fa6d0038c40 unknown :-1 s=STATE_CONNECTING_RE l=1).process reconnect failed to v2:172.21.15.3:6800/2851450936
2024-04-27T07:54:40.904 INFO:teuthology.orchestra.run.smithi003.stdout:/usr/bin/ceph: stderr
2024-04-27T07:54:40.227+0000 7fa6e27fc700 1 --2- 172.21.15.3:0/891386616 >> [v2:172.21.15.3:6800/2851450936,v1:172.21.15.3:6801/2851450936] conn(0x7fa6d0036790 0x7fa6d0038c40 unknown :-1 s=START_CONNECT pgs=0 cs=0 l=1 rev1=0 crypto rx=0 tx=0 comp rx=0 tx=0)._fault waiting 0.400000
2024-04-27T07:54:40.904 INFO:teuthology.orchestra.run.smithi003.stdout:/usr/bin/ceph: stderr
2024-04-27T07:54:40.341+0000 7fa6e97ab700 1 -- 172.21.15.3:0/891386616 --> [v2:172.21.15.3:3300/0,v1:172.21.15.3:6789/0] -- mon_command({"prefix": "mgr stat"} v 0) v1 -- 0x7fa6e4119b40 con 0x7fa6e4078cb0
2024-04-27T07:54:40.905 INFO:teuthology.orchestra.run.smithi003.stdout:/usr/bin/ceph: stderr
2024-04-27T07:54:40.341+0000 7fa6db7fe700 1 -- 172.21.15.3:0/891386616 <== mon.0 v2:172.21.15.3:3300/0 7 ==== mon_command_ack([{"prefix": "mgr stat"}]=0 v5) v1 ==== 56+0+103 (secure 0 0 0) 0x7fa6d4044e60 con 0x7fa6e4078cb0
2024-04-27T07:54:40.905 INFO:teuthology.orchestra.run.smithi003.stdout:/usr/bin/ceph: stderr
2024-04-27T07:54:40.343+0000 7fa6e97ab700 1 -- 172.21.15.3:0/891386616 >> [v2:172.21.15.3:6800/2851450936,v1:172.21.15.3:6801/2851450936] conn(0x7fa6d0036790 msgr2=0x7fa6d0038c40 unknown :-1 s=STATE_CONNECTING l=1).mark_down
2024-04-27T07:54:40.905 INFO:teuthology.orchestra.run.smithi003.stdout:/usr/bin/ceph: stderr
2024-04-27T07:54:40.343+0000 7fa6e97ab700 1 --2- 172.21.15.3:0/891386616 >> [v2:172.21.15.3:6800/2851450936,v1:172.21.15.3:6801/2851450936] conn(0x7fa6d0036790 0x7fa6d0038c40 unknown :-1 s=START_CONNECT pgs=0 cs=0 l=1 rev1=0 crypto rx=0 tx=0 comp rx=0 tx=0).stop
2024-04-27T07:54:40.905 INFO:teuthology.orchestra.run.smithi003.stdout:/usr/bin/ceph: stderr
2024-04-27T07:54:40.343+0000 7fa6e97ab700 1 -- 172.21.15.3:0/891386616 >> [v2:172.21.15.3:3300/0,v1:172.21.15.3:6789/0] conn(0x7fa6e4078cb0 msgr2=0x7fa6e4117e70 secure :-1 s=STATE_CONNECTION_ESTABLISHED l=1).mark_down
2024-04-27T07:54:40.905 INFO:teuthology.orchestra.run.smithi003.stdout:/usr/bin/ceph: stderr
2024-04-27T07:54:40.343+0000 7fa6e97ab700 1 --2- 172.21.15.3:0/891386616 >> [v2:172.21.15.3:3300/0,v1:172.21.15.3:6789/0] conn(0x7fa6e4078cb0 0x7fa6e4117e70 secure :-1 s=READY pgs=25 cs=0 l=1 rev1=1 crypto rx=0x7fa6d4012da0 tx=0x7fa6d4009840 comp rx=0 tx=0).stop
2024-04-27T07:54:40.905 INFO:teuthology.orchestra.run.smithi003.stdout:/usr/bin/ceph: stderr
2024-04-27T07:54:40.343+0000 7fa6e97ab700 1 -- 172.21.15.3:0/891386616 shutdown_connections
2024-04-27T07:54:40.905 INFO:teuthology.orchestra.run.smithi003.stdout:/usr/bin/ceph: stderr
2024-04-27T07:54:40.343+0000 7fa6e97ab700 1 --2- 172.21.15.3:0/891386616 >> [v2:172.21.15.3:6800/2851450936,v1:172.21.15.3:6801/2851450936] conn(0x7fa6d0036790 0x7fa6d0038c40 unknown :-1 s=CLOSED pgs=0 cs=0 l=1 rev1=0 crypto rx=0 tx=0 comp rx=0 tx=0).stop
2024-04-27T07:54:40.905 INFO:teuthology.orchestra.run.smithi003.stdout:/usr/bin/ceph: stderr
2024-04-27T07:54:40.343+0000 7fa6e97ab700 1 --2- 172.21.15.3:0/891386616 >> [v2:172.21.15.3:3300/0,v1:172.21.15.3:6789/0] conn(0x7fa6e4078cb0 0x7fa6e4117e70 unknown :-1 s=CLOSED pgs=25 cs=0 l=1 rev1=1 crypto rx=0 tx=0 comp rx=0 tx=0).stop
2024-04-27T07:54:40.905 INFO:teuthology.orchestra.run.smithi003.stdout:/usr/bin/ceph: stderr
2024-04-27T07:54:40.343+0000 7fa6e97ab700 1 -- 172.21.15.3:0/891386616 >> 172.21.15.3:0/891386616 conn(0x7fa6e40fe0b0 msgr2=0x7fa6e410f020 unknown :-1 s=STATE_NONE l=0).mark_down
2024-04-27T07:54:40.905 INFO:teuthology.orchestra.run.smithi003.stdout:/usr/bin/ceph: stderr
2024-04-27T07:54:40.343+0000 7fa6e97ab700 1 -- 172.21.15.3:0/891386616 shutdown_connections
2024-04-27T07:54:40.905 INFO:teuthology.orchestra.run.smithi003.stdout:/usr/bin/ceph: stderr
2024-04-27T07:54:40.343+0000 7fa6e97ab700 1 -- 172.21.15.3:0/891386616 wait complete.
2024-04-27T07:54:40.905 INFO:teuthology.orchestra.run.smithi003.stdout:Waiting for the mgr to restart...
2024-04-27T07:54:40.905 INFO:teuthology.orchestra.run.smithi003.stdout:Waiting for mgr epoch 5...
2024-04-27T07:54:41.217 INFO:journalctl@ceph.mon.smithi003.smithi003.stdout:Apr 27 07:54:40 smithi003 ceph-mon[26444]: from='client.? 172.21.15.3:0/891386616' entity='client.admin' cmd=[{"prefix": "mgr stat"}]: dispatch
2024-04-27T07:54:46.117 INFO:journalctl@ceph.mon.smithi003.smithi003.stdout:Apr 27 07:54:45 smithi003 ceph-mon[26444]: Active manager daemon smithi003.rrqqvj restarted
2024-04-27T07:54:46.117 INFO:journalctl@ceph.mon.smithi003.smithi003.stdout:Apr 27 07:54:45 smithi003 ceph-mon[26444]: Activating manager daemon smithi003.rrqqvj
2024-04-27T07:54:46.117 INFO:journalctl@ceph.mon.smithi003.smithi003.stdout:Apr 27 07:54:45 smithi003 ceph-mon[26444]: osdmap e2: 0 total, 0 up, 0 in
2024-04-27T07:54:46.117 INFO:journalctl@ceph.mon.smithi003.smithi003.stdout:Apr 27 07:54:45 smithi003 ceph-mon[26444]: mgrmap e6: smithi003.rrqqvj(active, starting, since 0.00330842s)
2024-04-27T07:54:46.118 INFO:journalctl@ceph.mon.smithi003.smithi003.stdout:Apr 27 07:54:45 smithi003 ceph-mon[26444]: from='mgr.14118 172.21.15.3:0/613364662' entity='mgr.smithi003.rrqqvj' cmd=[{"prefix": "mon metadata", "id": "smithi003"}]: dispatch
2024-04-27T07:54:46.118 INFO:journalctl@ceph.mon.smithi003.smithi003.stdout:Apr 27 07:54:45 smithi003 ceph-mon[26444]: from='mgr.14118 172.21.15.3:0/613364662' entity='mgr.smithi003.rrqqvj' cmd=[{"prefix": "mgr metadata", "who": "smithi003.rrqqvj", "id": "smithi003.rrqqvj"}]: dispatch
2024-04-27T07:54:46.118 INFO:journalctl@ceph.mon.smithi003.smithi003.stdout:Apr 27 07:54:45 smithi003 ceph-mon[26444]: from='mgr.14118 172.21.15.3:0/613364662' entity='mgr.smithi003.rrqqvj' cmd=[{"prefix": "mds metadata"}]: dispatch
2024-04-27T07:54:46.118 INFO:journalctl@ceph.mon.smithi003.smithi003.stdout:Apr 27 07:54:45 smithi003 ceph-mon[26444]: from='mgr.14118 172.21.15.3:0/613364662' entity='mgr.smithi003.rrqqvj' cmd=[{"prefix": "osd metadata"}]: dispatch
2024-04-27T07:54:46.118 INFO:journalctl@ceph.mon.smithi003.smithi003.stdout:Apr 27 07:54:45 smithi003 ceph-mon[26444]: from='mgr.14118 172.21.15.3:0/613364662' entity='mgr.smithi003.rrqqvj' cmd=[{"prefix": "mon metadata"}]: dispatch
2024-04-27T07:54:46.118 INFO:journalctl@ceph.mon.smithi003.smithi003.stdout:Apr 27 07:54:45 smithi003 ceph-mon[26444]: Manager daemon smithi003.rrqqvj is now available
2024-04-27T07:54:46.118 INFO:journalctl@ceph.mon.smithi003.smithi003.stdout:Apr 27 07:54:45 smithi003 ceph-mon[26444]: from='mgr.14118 172.21.15.3:0/613364662' entity='mgr.smithi003.rrqqvj'
2024-04-27T07:54:46.118 INFO:journalctl@ceph.mon.smithi003.smithi003.stdout:Apr 27 07:54:45 smithi003 ceph-mon[26444]: from='mgr.14118 172.21.15.3:0/613364662' entity='mgr.smithi003.rrqqvj'
2024-04-27T07:54:46.118 INFO:journalctl@ceph.mon.smithi003.smithi003.stdout:Apr 27 07:54:45 smithi003 ceph-mon[26444]: from='mgr.14118 172.21.15.3:0/613364662' entity='mgr.smithi003.rrqqvj' cmd=[{"prefix": "config dump", "format": "json"}]: dispatch
2024-04-27T07:54:46.119 INFO:journalctl@ceph.mon.smithi003.smithi003.stdout:Apr 27 07:54:45 smithi003 ceph-mon[26444]: from='mgr.14118 172.21.15.3:0/613364662' entity='mgr.smithi003.rrqqvj' cmd=[{"prefix": "config dump", "format": "json"}]: dispatch
2024-04-27T07:54:46.119 INFO:journalctl@ceph.mon.smithi003.smithi003.stdout:Apr 27 07:54:45 smithi003 ceph-mon[26444]: from='mgr.14118 172.21.15.3:0/613364662' entity='mgr.smithi003.rrqqvj' cmd=[{"prefix": "config dump", "format": "json"}]: dispatch
2024-04-27T07:54:46.119 INFO:journalctl@ceph.mon.smithi003.smithi003.stdout:Apr 27 07:54:45 smithi003 ceph-mon[26444]: from='mgr.14118 172.21.15.3:0/613364662' entity='mgr.smithi003.rrqqvj' cmd=[{"prefix":"config rm","who":"mgr","name":"mgr/rbd_support/smithi003.rrqqvj/mirror_snapshot_schedule"}]: dispatch
2024-04-27T07:54:46.119 INFO:journalctl@ceph.mon.smithi003.smithi003.stdout:Apr 27 07:54:45 smithi003 ceph-mon[26444]: from='mgr.14118 172.21.15.3:0/613364662' entity='mgr.smithi003.rrqqvj' cmd=[{"prefix":"config rm","who":"mgr","name":"mgr/rbd_support/smithi003.rrqqvj/trash_purge_schedule"}]: dispatch
2024-04-27T07:54:47.106 INFO:journalctl@ceph.mon.smithi003.smithi003.stdout:Apr 27 07:54:46 smithi003 ceph-mon[26444]: Found migration_current of "None". Setting to last migration.
2024-04-27T07:54:47.106 INFO:journalctl@ceph.mon.smithi003.smithi003.stdout:Apr 27 07:54:46 smithi003 ceph-mon[26444]: mgrmap e7: smithi003.rrqqvj(active, since 1.00531s)
2024-04-27T07:54:47.359 INFO:teuthology.orchestra.run.smithi003.stdout:/usr/bin/ceph: stdout {
2024-04-27T07:54:47.359 INFO:teuthology.orchestra.run.smithi003.stdout:/usr/bin/ceph: stdout "mgrmap_epoch": 7,
2024-04-27T07:54:47.359 INFO:teuthology.orchestra.run.smithi003.stdout:/usr/bin/ceph: stdout "initialized": true
2024-04-27T07:54:47.359 INFO:teuthology.orchestra.run.smithi003.stdout:/usr/bin/ceph: stdout }
2024-04-27T07:54:47.359 INFO:teuthology.orchestra.run.smithi003.stdout:/usr/bin/ceph: stderr
2024-04-27T07:54:41.430+0000 7fba6ec0c700 1 Processor -- start
2024-04-27T07:54:47.359 INFO:teuthology.orchestra.run.smithi003.stdout:/usr/bin/ceph: stderr
2024-04-27T07:54:41.430+0000 7fba6ec0c700 1 -- start start
2024-04-27T07:54:47.359 INFO:teuthology.orchestra.run.smithi003.stdout:/usr/bin/ceph: stderr
2024-04-27T07:54:41.430+0000 7fba6ec0c700 1 --2- >> [v2:172.21.15.3:3300/0,v1:172.21.15.3:6789/0] conn(0x7fba680712f0 0x7fba681054b0 unknown :-1 s=NONE pgs=0 cs=0 l=0 rev1=0 crypto rx=0 tx=0 comp rx=0 tx=0).connect
2024-04-27T07:54:47.359 INFO:teuthology.orchestra.run.smithi003.stdout:/usr/bin/ceph: stderr
2024-04-27T07:54:41.430+0000 7fba6ec0c700 1 -- --> [v2:172.21.15.3:3300/0,v1:172.21.15.3:6789/0] -- mon_getmap magic: 0 v1 -- 0x7fba681059f0 con 0x7fba680712f0
2024-04-27T07:54:47.359 INFO:teuthology.orchestra.run.smithi003.stdout:/usr/bin/ceph: stderr
2024-04-27T07:54:41.430+0000 7fba6c9a8700 1 --2- >> [v2:172.21.15.3:3300/0,v1:172.21.15.3:6789/0] conn(0x7fba680712f0 0x7fba681054b0 unknown :-1 s=BANNER_CONNECTING pgs=0 cs=0 l=0 rev1=0 crypto rx=0 tx=0 comp rx=0 tx=0)._handle_peer_banner_payload supported=3 required=0
2024-04-27T07:54:47.360 INFO:teuthology.orchestra.run.smithi003.stdout:/usr/bin/ceph: stderr
2024-04-27T07:54:41.430+0000 7fba6c9a8700 1 --2- >> [v2:172.21.15.3:3300/0,v1:172.21.15.3:6789/0] conn(0x7fba680712f0 0x7fba681054b0 unknown :-1 s=HELLO_CONNECTING pgs=0 cs=0 l=0 rev1=1 crypto rx=0 tx=0 comp rx=0 tx=0).handle_hello peer v2:172.21.15.3:3300/0 says I am v2:172.21.15.3:58884/0 (socket says 172.21.15.3:58884)
2024-04-27T07:54:47.360 INFO:teuthology.orchestra.run.smithi003.stdout:/usr/bin/ceph: stderr
2024-04-27T07:54:41.430+0000 7fba6c9a8700 1 -- 172.21.15.3:0/903253773 learned_addr learned my addr 172.21.15.3:0/903253773 (peer_addr_for_me v2:172.21.15.3:0/0)
2024-04-27T07:54:47.360 INFO:teuthology.orchestra.run.smithi003.stdout:/usr/bin/ceph: stderr
2024-04-27T07:54:41.431+0000 7fba6c9a8700 1 -- 172.21.15.3:0/903253773 --> [v2:172.21.15.3:3300/0,v1:172.21.15.3:6789/0] -- mon_subscribe({config=0+,monmap=0+}) v3 -- 0x7fba68105b30 con 0x7fba680712f0
2024-04-27T07:54:47.360 INFO:teuthology.orchestra.run.smithi003.stdout:/usr/bin/ceph: stderr
2024-04-27T07:54:41.431+0000 7fba6c9a8700 1 --2- 172.21.15.3:0/903253773 >> [v2:172.21.15.3:3300/0,v1:172.21.15.3:6789/0] conn(0x7fba680712f0 0x7fba681054b0 secure :-1 s=READY pgs=26 cs=0 l=1 rev1=1 crypto rx=0x7fba5c0098e0 tx=0x7fba5c009250 comp rx=0 tx=0).ready entity=mon.0 client_cookie=28337f0ff8e89729 server_cookie=0 in_seq=0 out_seq=0
2024-04-27T07:54:47.360 INFO:teuthology.orchestra.run.smithi003.stdout:/usr/bin/ceph: stderr
2024-04-27T07:54:41.431+0000 7fba677fe700 1 -- 172.21.15.3:0/903253773 <== mon.0 v2:172.21.15.3:3300/0 1 ==== mon_map magic: 0 v1 ==== 229+0+0 (secure 0 0 0) 0x7fba5c00b860 con 0x7fba680712f0
2024-04-27T07:54:47.360 INFO:teuthology.orchestra.run.smithi003.stdout:/usr/bin/ceph: stderr
2024-04-27T07:54:41.431+0000 7fba677fe700 1 -- 172.21.15.3:0/903253773 <== mon.0 v2:172.21.15.3:3300/0 2 ==== config(27 keys) v1 ==== 1044+0+0 (secure 0 0 0) 0x7fba5c00be50 con 0x7fba680712f0
2024-04-27T07:54:47.360 INFO:teuthology.orchestra.run.smithi003.stdout:/usr/bin/ceph: stderr
2024-04-27T07:54:41.431+0000 7fba677fe700 1 -- 172.21.15.3:0/903253773 <== mon.0 v2:172.21.15.3:3300/0 3 ==== mon_map magic: 0 v1 ==== 229+0+0 (secure 0 0 0) 0x7fba5c010380 con 0x7fba680712f0
2024-04-27T07:54:47.360 INFO:teuthology.orchestra.run.smithi003.stdout:/usr/bin/ceph: stderr
2024-04-27T07:54:41.432+0000 7fba6ec0c700 1 -- 172.21.15.3:0/903253773 >> [v2:172.21.15.3:3300/0,v1:172.21.15.3:6789/0] conn(0x7fba680712f0 msgr2=0x7fba681054b0 secure :-1 s=STATE_CONNECTION_ESTABLISHED l=1).mark_down
2024-04-27T07:54:47.360 INFO:teuthology.orchestra.run.smithi003.stdout:/usr/bin/ceph: stderr
2024-04-27T07:54:41.432+0000 7fba6ec0c700 1 --2- 172.21.15.3:0/903253773 >> [v2:172.21.15.3:3300/0,v1:172.21.15.3:6789/0] conn(0x7fba680712f0 0x7fba681054b0 secure :-1 s=READY pgs=26 cs=0 l=1 rev1=1 crypto rx=0x7fba5c0098e0 tx=0x7fba5c009250 comp rx=0 tx=0).stop
2024-04-27T07:54:47.360 INFO:teuthology.orchestra.run.smithi003.stdout:/usr/bin/ceph: stderr
2024-04-27T07:54:41.432+0000 7fba6ec0c700 1 -- 172.21.15.3:0/903253773 shutdown_connections
2024-04-27T07:54:47.360 INFO:teuthology.orchestra.run.smithi003.stdout:/usr/bin/ceph: stderr
2024-04-27T07:54:41.432+0000 7fba6ec0c700 1 --2- 172.21.15.3:0/903253773 >> [v2:172.21.15.3:3300/0,v1:172.21.15.3:6789/0] conn(0x7fba680712f0 0x7fba681054b0 unknown :-1 s=CLOSED pgs=26 cs=0 l=1 rev1=1 crypto rx=0 tx=0 comp rx=0 tx=0).stop
2024-04-27T07:54:47.361 INFO:teuthology.orchestra.run.smithi003.stdout:/usr/bin/ceph: stderr
2024-04-27T07:54:41.432+0000 7fba6ec0c700 1 -- 172.21.15.3:0/903253773 >> 172.21.15.3:0/903253773 conn(0x7fba680fcf40 msgr2=0x7fba680ff370 unknown :-1 s=STATE_NONE l=0).mark_down
2024-04-27T07:54:47.361 INFO:teuthology.orchestra.run.smithi003.stdout:/usr/bin/ceph: stderr
2024-04-27T07:54:41.432+0000 7fba6ec0c700 1 -- 172.21.15.3:0/903253773 shutdown_connections
2024-04-27T07:54:47.361 INFO:teuthology.orchestra.run.smithi003.stdout:/usr/bin/ceph: stderr
2024-04-27T07:54:41.432+0000 7fba6ec0c700 1 -- 172.21.15.3:0/903253773 wait complete.
2024-04-27T07:54:47.361 INFO:teuthology.orchestra.run.smithi003.stdout:/usr/bin/ceph: stderr
2024-04-27T07:54:41.432+0000 7fba6ec0c700 1 Processor -- start
2024-04-27T07:54:47.361 INFO:teuthology.orchestra.run.smithi003.stdout:/usr/bin/ceph: stderr
2024-04-27T07:54:41.432+0000 7fba6ec0c700 1 -- start start
2024-04-27T07:54:47.361 INFO:teuthology.orchestra.run.smithi003.stdout:/usr/bin/ceph: stderr
2024-04-27T07:54:41.433+0000 7fba6ec0c700 1 --2- >> [v2:172.21.15.3:3300/0,v1:172.21.15.3:6789/0] conn(0x7fba680712f0 0x7fba68111750 unknown :-1 s=NONE pgs=0 cs=0 l=1 rev1=0 crypto rx=0 tx=0 comp rx=0 tx=0).connect
2024-04-27T07:54:47.361 INFO:teuthology.orchestra.run.smithi003.stdout:/usr/bin/ceph: stderr
2024-04-27T07:54:41.433+0000 7fba6ec0c700 1 -- --> [v2:172.21.15.3:3300/0,v1:172.21.15.3:6789/0] -- mon_getmap magic: 0 v1 -- 0x7fba68111c90 con 0x7fba680712f0
2024-04-27T07:54:47.361 INFO:teuthology.orchestra.run.smithi003.stdout:/usr/bin/ceph: stderr
2024-04-27T07:54:41.433+0000 7fba6c9a8700 1 --2- >> [v2:172.21.15.3:3300/0,v1:172.21.15.3:6789/0] conn(0x7fba680712f0 0x7fba68111750 unknown :-1 s=BANNER_CONNECTING pgs=0 cs=0 l=1 rev1=0 crypto rx=0 tx=0 comp rx=0 tx=0)._handle_peer_banner_payload supported=3 required=0
2024-04-27T07:54:47.361 INFO:teuthology.orchestra.run.smithi003.stdout:/usr/bin/ceph: stderr
2024-04-27T07:54:41.433+0000 7fba6c9a8700 1 --2- >> [v2:172.21.15.3:3300/0,v1:172.21.15.3:6789/0] conn(0x7fba680712f0 0x7fba68111750 unknown :-1 s=HELLO_CONNECTING pgs=0 cs=0 l=1 rev1=1 crypto rx=0 tx=0 comp rx=0 tx=0).handle_hello peer v2:172.21.15.3:3300/0 says I am v2:172.21.15.3:58896/0 (socket says 172.21.15.3:58896)
2024-04-27T07:54:47.361 INFO:teuthology.orchestra.run.smithi003.stdout:/usr/bin/ceph: stderr
2024-04-27T07:54:41.433+0000 7fba6c9a8700 1 -- 172.21.15.3:0/2896257987 learned_addr learned my addr 172.21.15.3:0/2896257987 (peer_addr_for_me v2:172.21.15.3:0/0)
2024-04-27T07:54:47.361 INFO:teuthology.orchestra.run.smithi003.stdout:/usr/bin/ceph: stderr
2024-04-27T07:54:41.433+0000 7fba6c9a8700 1 -- 172.21.15.3:0/2896257987 --> [v2:172.21.15.3:3300/0,v1:172.21.15.3:6789/0] -- mon_subscribe({config=0+,monmap=0+}) v3 -- 0x7fba5c0094f0 con 0x7fba680712f0
2024-04-27T07:54:47.361 INFO:teuthology.orchestra.run.smithi003.stdout:/usr/bin/ceph: stderr
