2024-04-27T07:55:09.762+0000 7fdd3259c700 1 --2- >> [v2:172.21.15.3:3300/0,v1:172.21.15.3:6789/0] conn(0x7fdd34101820 0x7fdd34111740 unknown :-1 s=HELLO_CONNECTING pgs=0 cs=0 l=1 rev1=1 crypto rx=0 tx=0 comp rx=0 tx=0).handle_hello peer v2:172.21.15.3:3300/0 says I am v2:172.21.15.3:60498/0 (socket says 172.21.15.3:60498)
2024-04-27T07:55:11.334 INFO:teuthology.orchestra.run.smithi003.stdout:/usr/bin/ceph: stderr
2024-04-27T07:55:09.762+0000 7fdd3259c700 1 -- 172.21.15.3:0/836078944 learned_addr learned my addr 172.21.15.3:0/836078944 (peer_addr_for_me v2:172.21.15.3:0/0)
2024-04-27T07:55:11.334 INFO:teuthology.orchestra.run.smithi003.stdout:/usr/bin/ceph: stderr
2024-04-27T07:55:09.762+0000 7fdd3259c700 1 -- 172.21.15.3:0/836078944 --> [v2:172.21.15.3:3300/0,v1:172.21.15.3:6789/0] -- mon_subscribe({config=0+,monmap=0+}) v3 -- 0x7fdd240094f0 con 0x7fdd34101820
2024-04-27T07:55:11.334 INFO:teuthology.orchestra.run.smithi003.stdout:/usr/bin/ceph: stderr
2024-04-27T07:55:09.763+0000 7fdd3259c700 1 --2- 172.21.15.3:0/836078944 >> [v2:172.21.15.3:3300/0,v1:172.21.15.3:6789/0] conn(0x7fdd34101820 0x7fdd34111740 secure :-1 s=READY pgs=64 cs=0 l=1 rev1=1 crypto rx=0x7fdd24006b00 tx=0x7fdd24009250 comp rx=0 tx=0).ready entity=mon.0 client_cookie=0 server_cookie=0 in_seq=0 out_seq=0
2024-04-27T07:55:11.334 INFO:teuthology.orchestra.run.smithi003.stdout:/usr/bin/ceph: stderr
2024-04-27T07:55:09.763+0000 7fdd22ffd700 1 -- 172.21.15.3:0/836078944 <== mon.0 v2:172.21.15.3:3300/0 1 ==== mon_map magic: 0 v1 ==== 229+0+0 (secure 0 0 0) 0x7fdd24010840 con 0x7fdd34101820
2024-04-27T07:55:11.335 INFO:teuthology.orchestra.run.smithi003.stdout:/usr/bin/ceph: stderr
2024-04-27T07:55:09.763+0000 7fdd22ffd700 1 -- 172.21.15.3:0/836078944 <== mon.0 v2:172.21.15.3:3300/0 2 ==== config(27 keys) v1 ==== 1109+0+0 (secure 0 0 0) 0x7fdd24010e70 con 0x7fdd34101820
2024-04-27T07:55:11.335 INFO:teuthology.orchestra.run.smithi003.stdout:/usr/bin/ceph: stderr
2024-04-27T07:55:09.763+0000 7fdd38c6c700 1 -- 172.21.15.3:0/836078944 --> [v2:172.21.15.3:3300/0,v1:172.21.15.3:6789/0] -- mon_subscribe({mgrmap=0+}) v3 -- 0x7fdd34111e80 con 0x7fdd34101820
2024-04-27T07:55:11.335 INFO:teuthology.orchestra.run.smithi003.stdout:/usr/bin/ceph: stderr
2024-04-27T07:55:09.763+0000 7fdd22ffd700 1 -- 172.21.15.3:0/836078944 <== mon.0 v2:172.21.15.3:3300/0 3 ==== mon_map magic: 0 v1 ==== 229+0+0 (secure 0 0 0) 0x7fdd2401ae70 con 0x7fdd34101820
2024-04-27T07:55:11.335 INFO:teuthology.orchestra.run.smithi003.stdout:/usr/bin/ceph: stderr
2024-04-27T07:55:09.763+0000 7fdd38c6c700 1 -- 172.21.15.3:0/836078944 --> [v2:172.21.15.3:3300/0,v1:172.21.15.3:6789/0] -- mon_subscribe({osdmap=0}) v3 -- 0x7fdd341129f0 con 0x7fdd34101820
2024-04-27T07:55:11.335 INFO:teuthology.orchestra.run.smithi003.stdout:/usr/bin/ceph: stderr
2024-04-27T07:55:09.764+0000 7fdd22ffd700 1 -- 172.21.15.3:0/836078944 <== mon.0 v2:172.21.15.3:3300/0 4 ==== mgrmap(e 8) v1 ==== 43376+0+0 (secure 0 0 0) 0x7fdd24024480 con 0x7fdd34101820
2024-04-27T07:55:11.335 INFO:teuthology.orchestra.run.smithi003.stdout:/usr/bin/ceph: stderr
2024-04-27T07:55:09.764+0000 7fdd22ffd700 1 --2- 172.21.15.3:0/836078944 >> [v2:172.21.15.3:6800/2794026498,v1:172.21.15.3:6801/2794026498] conn(0x7fdd1c0367e0 0x7fdd1c038c90 unknown :-1 s=NONE pgs=0 cs=0 l=1 rev1=0 crypto rx=0 tx=0 comp rx=0 tx=0).connect
2024-04-27T07:55:11.335 INFO:teuthology.orchestra.run.smithi003.stdout:/usr/bin/ceph: stderr
2024-04-27T07:55:09.764+0000 7fdd22ffd700 1 -- 172.21.15.3:0/836078944 <== mon.0 v2:172.21.15.3:3300/0 5 ==== osd_map(2..2 src has 1..2) v4 ==== 936+0+0 (secure 0 0 0) 0x7fdd2404aa80 con 0x7fdd34101820
2024-04-27T07:55:11.335 INFO:teuthology.orchestra.run.smithi003.stdout:/usr/bin/ceph: stderr
2024-04-27T07:55:09.764+0000 7fdd38c6c700 1 -- 172.21.15.3:0/836078944 --> [v2:172.21.15.3:3300/0,v1:172.21.15.3:6789/0] -- mon_command({"prefix": "get_command_descriptions"} v 0) v1 -- 0x7fdd3405f5c0 con 0x7fdd34101820
2024-04-27T07:55:11.335 INFO:teuthology.orchestra.run.smithi003.stdout:/usr/bin/ceph: stderr
2024-04-27T07:55:09.764+0000 7fdd31d9b700 1 --2- 172.21.15.3:0/836078944 >> [v2:172.21.15.3:6800/2794026498,v1:172.21.15.3:6801/2794026498] conn(0x7fdd1c0367e0 0x7fdd1c038c90 unknown :-1 s=BANNER_CONNECTING pgs=0 cs=0 l=1 rev1=0 crypto rx=0 tx=0 comp rx=0 tx=0)._handle_peer_banner_payload supported=3 required=0
2024-04-27T07:55:11.335 INFO:teuthology.orchestra.run.smithi003.stdout:/usr/bin/ceph: stderr
2024-04-27T07:55:09.764+0000 7fdd31d9b700 1 --2- 172.21.15.3:0/836078944 >> [v2:172.21.15.3:6800/2794026498,v1:172.21.15.3:6801/2794026498] conn(0x7fdd1c0367e0 0x7fdd1c038c90 secure :-1 s=READY pgs=21 cs=0 l=1 rev1=1 crypto rx=0x7fdd28009990 tx=0x7fdd28006e40 comp rx=0 tx=0).ready entity=mgr.14118 client_cookie=0 server_cookie=0 in_seq=0 out_seq=0
2024-04-27T07:55:11.335 INFO:teuthology.orchestra.run.smithi003.stdout:/usr/bin/ceph: stderr
2024-04-27T07:55:09.769+0000 7fdd22ffd700 1 -- 172.21.15.3:0/836078944 <== mon.0 v2:172.21.15.3:3300/0 6 ==== mon_command_ack([{"prefix": "get_command_descriptions"}]=0 v0) v1 ==== 72+0+176702 (secure 0 0 0) 0x7fdd2402e440 con 0x7fdd34101820
2024-04-27T07:55:11.335 INFO:teuthology.orchestra.run.smithi003.stdout:/usr/bin/ceph: stderr
2024-04-27T07:55:10.023+0000 7fdd38c6c700 1 -- 172.21.15.3:0/836078944 --> [v2:172.21.15.3:3300/0,v1:172.21.15.3:6789/0] -- mon_command({"prefix": "mgr module enable", "module": "dashboard"} v 0) v1 -- 0x7fdd341134a0 con 0x7fdd34101820
2024-04-27T07:55:11.335 INFO:teuthology.orchestra.run.smithi003.stdout:/usr/bin/ceph: stderr
2024-04-27T07:55:10.714+0000 7fdd22ffd700 1 -- 172.21.15.3:0/836078944 <== mon.0 v2:172.21.15.3:3300/0 7 ==== mgrmap(e 9) v1 ==== 43389+0+0 (secure 0 0 0) 0x7fdd2401a780 con 0x7fdd34101820
2024-04-27T07:55:11.335 INFO:teuthology.orchestra.run.smithi003.stdout:/usr/bin/ceph: stderr
2024-04-27T07:55:10.715+0000 7fdd22ffd700 1 -- 172.21.15.3:0/836078944 <== mon.0 v2:172.21.15.3:3300/0 8 ==== mon_command_ack([{"prefix": "mgr module enable", "module": "dashboard"}]=0 v9) v1 ==== 88+0+0 (secure 0 0 0) 0x7fdd240495e0 con 0x7fdd34101820
2024-04-27T07:55:11.335 INFO:teuthology.orchestra.run.smithi003.stdout:/usr/bin/ceph: stderr
2024-04-27T07:55:10.718+0000 7fdd38c6c700 1 -- 172.21.15.3:0/836078944 >> [v2:172.21.15.3:6800/2794026498,v1:172.21.15.3:6801/2794026498] conn(0x7fdd1c0367e0 msgr2=0x7fdd1c038c90 secure :-1 s=STATE_CONNECTION_ESTABLISHED l=1).mark_down
2024-04-27T07:55:11.336 INFO:teuthology.orchestra.run.smithi003.stdout:/usr/bin/ceph: stderr
2024-04-27T07:55:10.718+0000 7fdd38c6c700 1 --2- 172.21.15.3:0/836078944 >> [v2:172.21.15.3:6800/2794026498,v1:172.21.15.3:6801/2794026498] conn(0x7fdd1c0367e0 0x7fdd1c038c90 secure :-1 s=READY pgs=21 cs=0 l=1 rev1=1 crypto rx=0x7fdd28009990 tx=0x7fdd28006e40 comp rx=0 tx=0).stop
2024-04-27T07:55:11.336 INFO:teuthology.orchestra.run.smithi003.stdout:/usr/bin/ceph: stderr
2024-04-27T07:55:10.718+0000 7fdd38c6c700 1 -- 172.21.15.3:0/836078944 >> [v2:172.21.15.3:3300/0,v1:172.21.15.3:6789/0] conn(0x7fdd34101820 msgr2=0x7fdd34111740 secure :-1 s=STATE_CONNECTION_ESTABLISHED l=1).mark_down
2024-04-27T07:55:11.336 INFO:teuthology.orchestra.run.smithi003.stdout:/usr/bin/ceph: stderr
2024-04-27T07:55:10.718+0000 7fdd38c6c700 1 --2- 172.21.15.3:0/836078944 >> [v2:172.21.15.3:3300/0,v1:172.21.15.3:6789/0] conn(0x7fdd34101820 0x7fdd34111740 secure :-1 s=READY pgs=64 cs=0 l=1 rev1=1 crypto rx=0x7fdd24006b00 tx=0x7fdd24009250 comp rx=0 tx=0).stop
2024-04-27T07:55:11.336 INFO:teuthology.orchestra.run.smithi003.stdout:/usr/bin/ceph: stderr
2024-04-27T07:55:10.718+0000 7fdd38c6c700 1 -- 172.21.15.3:0/836078944 shutdown_connections
2024-04-27T07:55:11.336 INFO:teuthology.orchestra.run.smithi003.stdout:/usr/bin/ceph: stderr
2024-04-27T07:55:10.718+0000 7fdd38c6c700 1 --2- 172.21.15.3:0/836078944 >> [v2:172.21.15.3:6800/2794026498,v1:172.21.15.3:6801/2794026498] conn(0x7fdd1c0367e0 0x7fdd1c038c90 unknown :-1 s=CLOSED pgs=21 cs=0 l=1 rev1=1 crypto rx=0 tx=0 comp rx=0 tx=0).stop
2024-04-27T07:55:11.336 INFO:teuthology.orchestra.run.smithi003.stdout:/usr/bin/ceph: stderr
2024-04-27T07:55:10.718+0000 7fdd38c6c700 1 --2- 172.21.15.3:0/836078944 >> [v2:172.21.15.3:3300/0,v1:172.21.15.3:6789/0] conn(0x7fdd34101820 0x7fdd34111740 unknown :-1 s=CLOSED pgs=64 cs=0 l=1 rev1=1 crypto rx=0 tx=0 comp rx=0 tx=0).stop
2024-04-27T07:55:11.336 INFO:teuthology.orchestra.run.smithi003.stdout:/usr/bin/ceph: stderr
2024-04-27T07:55:10.718+0000 7fdd38c6c700 1 -- 172.21.15.3:0/836078944 >> 172.21.15.3:0/836078944 conn(0x7fdd340fcfc0 msgr2=0x7fdd340fdf50 unknown :-1 s=STATE_NONE l=0).mark_down
2024-04-27T07:55:11.336 INFO:teuthology.orchestra.run.smithi003.stdout:/usr/bin/ceph: stderr
2024-04-27T07:55:10.719+0000 7fdd38c6c700 1 -- 172.21.15.3:0/836078944 shutdown_connections
2024-04-27T07:55:11.336 INFO:teuthology.orchestra.run.smithi003.stdout:/usr/bin/ceph: stderr
2024-04-27T07:55:10.719+0000 7fdd38c6c700 1 -- 172.21.15.3:0/836078944 wait complete.
2024-04-27T07:55:12.001 INFO:journalctl@ceph.mon.smithi003.smithi003.stdout:Apr 27 07:55:11 smithi003 ceph-mon[26444]: from='client.? 172.21.15.3:0/836078944' entity='client.admin' cmd='[{"prefix": "mgr module enable", "module": "dashboard"}]': finished
2024-04-27T07:55:12.002 INFO:journalctl@ceph.mon.smithi003.smithi003.stdout:Apr 27 07:55:11 smithi003 ceph-mon[26444]: mgrmap e9: smithi003.rrqqvj(active, since 25s)
2024-04-27T07:55:12.704 INFO:teuthology.orchestra.run.smithi003.stdout:/usr/bin/ceph: stdout {
2024-04-27T07:55:12.705 INFO:teuthology.orchestra.run.smithi003.stdout:/usr/bin/ceph: stdout "epoch": 9,
2024-04-27T07:55:12.705 INFO:teuthology.orchestra.run.smithi003.stdout:/usr/bin/ceph: stdout "available": true,
2024-04-27T07:55:12.705 INFO:teuthology.orchestra.run.smithi003.stdout:/usr/bin/ceph: stdout "active_name": "smithi003.rrqqvj",
2024-04-27T07:55:12.705 INFO:teuthology.orchestra.run.smithi003.stdout:/usr/bin/ceph: stdout "num_standby": 0
2024-04-27T07:55:12.705 INFO:teuthology.orchestra.run.smithi003.stdout:/usr/bin/ceph: stdout }
2024-04-27T07:55:12.705 INFO:teuthology.orchestra.run.smithi003.stdout:/usr/bin/ceph: stderr
2024-04-27T07:55:11.794+0000 7f41715cb700 1 Processor -- start
2024-04-27T07:55:12.705 INFO:teuthology.orchestra.run.smithi003.stdout:/usr/bin/ceph: stderr
2024-04-27T07:55:11.794+0000 7f41715cb700 1 -- start start
2024-04-27T07:55:12.705 INFO:teuthology.orchestra.run.smithi003.stdout:/usr/bin/ceph: stderr
2024-04-27T07:55:11.794+0000 7f41715cb700 1 --2- >> [v2:172.21.15.3:3300/0,v1:172.21.15.3:6789/0] conn(0x7f416c100d50 0x7f416c101160 unknown :-1 s=NONE pgs=0 cs=0 l=0 rev1=0 crypto rx=0 tx=0 comp rx=0 tx=0).connect
2024-04-27T07:55:12.705 INFO:teuthology.orchestra.run.smithi003.stdout:/usr/bin/ceph: stderr
2024-04-27T07:55:11.794+0000 7f41715cb700 1 -- --> [v2:172.21.15.3:3300/0,v1:172.21.15.3:6789/0] -- mon_getmap magic: 0 v1 -- 0x7f416c1016a0 con 0x7f416c100d50
2024-04-27T07:55:12.705 INFO:teuthology.orchestra.run.smithi003.stdout:/usr/bin/ceph: stderr
2024-04-27T07:55:11.794+0000 7f416affd700 1 --2- >> [v2:172.21.15.3:3300/0,v1:172.21.15.3:6789/0] conn(0x7f416c100d50 0x7f416c101160 unknown :-1 s=BANNER_CONNECTING pgs=0 cs=0 l=0 rev1=0 crypto rx=0 tx=0 comp rx=0 tx=0)._handle_peer_banner_payload supported=3 required=0
2024-04-27T07:55:12.705 INFO:teuthology.orchestra.run.smithi003.stdout:/usr/bin/ceph: stderr
2024-04-27T07:55:11.794+0000 7f416affd700 1 --2- >> [v2:172.21.15.3:3300/0,v1:172.21.15.3:6789/0] conn(0x7f416c100d50 0x7f416c101160 unknown :-1 s=HELLO_CONNECTING pgs=0 cs=0 l=0 rev1=1 crypto rx=0 tx=0 comp rx=0 tx=0).handle_hello peer v2:172.21.15.3:3300/0 says I am v2:172.21.15.3:60526/0 (socket says 172.21.15.3:60526)
2024-04-27T07:55:12.706 INFO:teuthology.orchestra.run.smithi003.stdout:/usr/bin/ceph: stderr
2024-04-27T07:55:11.794+0000 7f416affd700 1 -- 172.21.15.3:0/3809126311 learned_addr learned my addr 172.21.15.3:0/3809126311 (peer_addr_for_me v2:172.21.15.3:0/0)
2024-04-27T07:55:12.706 INFO:teuthology.orchestra.run.smithi003.stdout:/usr/bin/ceph: stderr
2024-04-27T07:55:11.794+0000 7f416affd700 1 -- 172.21.15.3:0/3809126311 --> [v2:172.21.15.3:3300/0,v1:172.21.15.3:6789/0] -- mon_subscribe({config=0+,monmap=0+}) v3 -- 0x7f416c1017e0 con 0x7f416c100d50
2024-04-27T07:55:12.706 INFO:teuthology.orchestra.run.smithi003.stdout:/usr/bin/ceph: stderr
2024-04-27T07:55:11.795+0000 7f416affd700 1 --2- 172.21.15.3:0/3809126311 >> [v2:172.21.15.3:3300/0,v1:172.21.15.3:6789/0] conn(0x7f416c100d50 0x7f416c101160 secure :-1 s=READY pgs=67 cs=0 l=1 rev1=1 crypto rx=0x7f415c0098e0 tx=0x7f415c009250 comp rx=0 tx=0).ready entity=mon.0 client_cookie=13e5dc20e016da9a server_cookie=0 in_seq=0 out_seq=0
2024-04-27T07:55:12.706 INFO:teuthology.orchestra.run.smithi003.stdout:/usr/bin/ceph: stderr
2024-04-27T07:55:11.795+0000 7f4169ffb700 1 -- 172.21.15.3:0/3809126311 <== mon.0 v2:172.21.15.3:3300/0 1 ==== mon_map magic: 0 v1 ==== 229+0+0 (secure 0 0 0) 0x7f415c00b860 con 0x7f416c100d50
2024-04-27T07:55:12.706 INFO:teuthology.orchestra.run.smithi003.stdout:/usr/bin/ceph: stderr
2024-04-27T07:55:11.795+0000 7f4169ffb700 1 -- 172.21.15.3:0/3809126311 <== mon.0 v2:172.21.15.3:3300/0 2 ==== config(27 keys) v1 ==== 1109+0+0 (secure 0 0 0) 0x7f415c00be90 con 0x7f416c100d50
2024-04-27T07:55:12.706 INFO:teuthology.orchestra.run.smithi003.stdout:/usr/bin/ceph: stderr
2024-04-27T07:55:11.795+0000 7f4169ffb700 1 -- 172.21.15.3:0/3809126311 <== mon.0 v2:172.21.15.3:3300/0 3 ==== mon_map magic: 0 v1 ==== 229+0+0 (secure 0 0 0) 0x7f415c0103c0 con 0x7f416c100d50
2024-04-27T07:55:12.706 INFO:teuthology.orchestra.run.smithi003.stdout:/usr/bin/ceph: stderr
2024-04-27T07:55:11.795+0000 7f41715cb700 1 -- 172.21.15.3:0/3809126311 >> [v2:172.21.15.3:3300/0,v1:172.21.15.3:6789/0] conn(0x7f416c100d50 msgr2=0x7f416c101160 secure :-1 s=STATE_CONNECTION_ESTABLISHED l=1).mark_down
2024-04-27T07:55:12.706 INFO:teuthology.orchestra.run.smithi003.stdout:/usr/bin/ceph: stderr
2024-04-27T07:55:11.795+0000 7f41715cb700 1 --2- 172.21.15.3:0/3809126311 >> [v2:172.21.15.3:3300/0,v1:172.21.15.3:6789/0] conn(0x7f416c100d50 0x7f416c101160 secure :-1 s=READY pgs=67 cs=0 l=1 rev1=1 crypto rx=0x7f415c0098e0 tx=0x7f415c009250 comp rx=0 tx=0).stop
2024-04-27T07:55:12.707 INFO:teuthology.orchestra.run.smithi003.stdout:/usr/bin/ceph: stderr
2024-04-27T07:55:11.795+0000 7f41715cb700 1 -- 172.21.15.3:0/3809126311 shutdown_connections
2024-04-27T07:55:12.707 INFO:teuthology.orchestra.run.smithi003.stdout:/usr/bin/ceph: stderr
2024-04-27T07:55:11.795+0000 7f41715cb700 1 --2- 172.21.15.3:0/3809126311 >> [v2:172.21.15.3:3300/0,v1:172.21.15.3:6789/0] conn(0x7f416c100d50 0x7f416c101160 unknown :-1 s=CLOSED pgs=67 cs=0 l=1 rev1=1 crypto rx=0 tx=0 comp rx=0 tx=0).stop
2024-04-27T07:55:12.707 INFO:teuthology.orchestra.run.smithi003.stdout:/usr/bin/ceph: stderr
2024-04-27T07:55:11.795+0000 7f41715cb700 1 -- 172.21.15.3:0/3809126311 >> 172.21.15.3:0/3809126311 conn(0x7f416c0fc790 msgr2=0x7f416c0feba0 unknown :-1 s=STATE_NONE l=0).mark_down
2024-04-27T07:55:12.707 INFO:teuthology.orchestra.run.smithi003.stdout:/usr/bin/ceph: stderr
2024-04-27T07:55:11.795+0000 7f41715cb700 1 -- 172.21.15.3:0/3809126311 shutdown_connections
2024-04-27T07:55:12.707 INFO:teuthology.orchestra.run.smithi003.stdout:/usr/bin/ceph: stderr
2024-04-27T07:55:11.795+0000 7f41715cb700 1 -- 172.21.15.3:0/3809126311 wait complete.
2024-04-27T07:55:12.707 INFO:teuthology.orchestra.run.smithi003.stdout:/usr/bin/ceph: stderr
2024-04-27T07:55:11.796+0000 7f41715cb700 1 Processor -- start
2024-04-27T07:55:12.707 INFO:teuthology.orchestra.run.smithi003.stdout:/usr/bin/ceph: stderr
2024-04-27T07:55:11.796+0000 7f41715cb700 1 -- start start
2024-04-27T07:55:12.707 INFO:teuthology.orchestra.run.smithi003.stdout:/usr/bin/ceph: stderr
2024-04-27T07:55:11.796+0000 7f41715cb700 1 --2- >> [v2:172.21.15.3:3300/0,v1:172.21.15.3:6789/0] conn(0x7f416c100d50 0x7f416c103780 unknown :-1 s=NONE pgs=0 cs=0 l=1 rev1=0 crypto rx=0 tx=0 comp rx=0 tx=0).connect
2024-04-27T07:55:12.707 INFO:teuthology.orchestra.run.smithi003.stdout:/usr/bin/ceph: stderr
2024-04-27T07:55:11.796+0000 7f41715cb700 1 -- --> [v2:172.21.15.3:3300/0,v1:172.21.15.3:6789/0] -- mon_getmap magic: 0 v1 -- 0x7f416c103cc0 con 0x7f416c100d50
2024-04-27T07:55:12.707 INFO:teuthology.orchestra.run.smithi003.stdout:/usr/bin/ceph: stderr
2024-04-27T07:55:11.796+0000 7f416affd700 1 --2- >> [v2:172.21.15.3:3300/0,v1:172.21.15.3:6789/0] conn(0x7f416c100d50 0x7f416c103780 unknown :-1 s=BANNER_CONNECTING pgs=0 cs=0 l=1 rev1=0 crypto rx=0 tx=0 comp rx=0 tx=0)._handle_peer_banner_payload supported=3 required=0
2024-04-27T07:55:12.708 INFO:teuthology.orchestra.run.smithi003.stdout:/usr/bin/ceph: stderr
2024-04-27T07:55:11.796+0000 7f416affd700 1 --2- >> [v2:172.21.15.3:3300/0,v1:172.21.15.3:6789/0] conn(0x7f416c100d50 0x7f416c103780 unknown :-1 s=HELLO_CONNECTING pgs=0 cs=0 l=1 rev1=1 crypto rx=0 tx=0 comp rx=0 tx=0).handle_hello peer v2:172.21.15.3:3300/0 says I am v2:172.21.15.3:60530/0 (socket says 172.21.15.3:60530)
2024-04-27T07:55:12.708 INFO:teuthology.orchestra.run.smithi003.stdout:/usr/bin/ceph: stderr
2024-04-27T07:55:11.796+0000 7f416affd700 1 -- 172.21.15.3:0/2085424395 learned_addr learned my addr 172.21.15.3:0/2085424395 (peer_addr_for_me v2:172.21.15.3:0/0)
2024-04-27T07:55:12.708 INFO:teuthology.orchestra.run.smithi003.stdout:/usr/bin/ceph: stderr
2024-04-27T07:55:11.797+0000 7f416affd700 1 -- 172.21.15.3:0/2085424395 --> [v2:172.21.15.3:3300/0,v1:172.21.15.3:6789/0] -- mon_subscribe({config=0+,monmap=0+}) v3 -- 0x7f415c0094f0 con 0x7f416c100d50
2024-04-27T07:55:12.708 INFO:teuthology.orchestra.run.smithi003.stdout:/usr/bin/ceph: stderr
2024-04-27T07:55:11.797+0000 7f416affd700 1 --2- 172.21.15.3:0/2085424395 >> [v2:172.21.15.3:3300/0,v1:172.21.15.3:6789/0] conn(0x7f416c100d50 0x7f416c103780 secure :-1 s=READY pgs=68 cs=0 l=1 rev1=1 crypto rx=0x7f415c006b00 tx=0x7f415c009250 comp rx=0 tx=0).ready entity=mon.0 client_cookie=0 server_cookie=0 in_seq=0 out_seq=0
2024-04-27T07:55:12.708 INFO:teuthology.orchestra.run.smithi003.stdout:/usr/bin/ceph: stderr
2024-04-27T07:55:11.797+0000 7f41537fe700 1 -- 172.21.15.3:0/2085424395 <== mon.0 v2:172.21.15.3:3300/0 1 ==== mon_map magic: 0 v1 ==== 229+0+0 (secure 0 0 0) 0x7f415c010840 con 0x7f416c100d50
2024-04-27T07:55:12.708 INFO:teuthology.orchestra.run.smithi003.stdout:/usr/bin/ceph: stderr
2024-04-27T07:55:11.797+0000 7f41537fe700 1 -- 172.21.15.3:0/2085424395 <== mon.0 v2:172.21.15.3:3300/0 2 ==== config(27 keys) v1 ==== 1109+0+0 (secure 0 0 0) 0x7f415c010e70 con 0x7f416c100d50
2024-04-27T07:55:12.708 INFO:teuthology.orchestra.run.smithi003.stdout:/usr/bin/ceph: stderr
2024-04-27T07:55:11.797+0000 7f41715cb700 1 -- 172.21.15.3:0/2085424395 --> [v2:172.21.15.3:3300/0,v1:172.21.15.3:6789/0] -- mon_subscribe({mgrmap=0+}) v3 -- 0x7f416c101d30 con 0x7f416c100d50
2024-04-27T07:55:12.708 INFO:teuthology.orchestra.run.smithi003.stdout:/usr/bin/ceph: stderr
2024-04-27T07:55:11.797+0000 7f41537fe700 1 -- 172.21.15.3:0/2085424395 <== mon.0 v2:172.21.15.3:3300/0 3 ==== mon_map magic: 0 v1 ==== 229+0+0 (secure 0 0 0) 0x7f415c01ae70 con 0x7f416c100d50
2024-04-27T07:55:12.708 INFO:teuthology.orchestra.run.smithi003.stdout:/usr/bin/ceph: stderr
2024-04-27T07:55:11.797+0000 7f41715cb700 1 -- 172.21.15.3:0/2085424395 --> [v2:172.21.15.3:3300/0,v1:172.21.15.3:6789/0] -- mon_subscribe({osdmap=0}) v3 -- 0x7f416c102220 con 0x7f416c100d50
2024-04-27T07:55:12.709 INFO:teuthology.orchestra.run.smithi003.stdout:/usr/bin/ceph: stderr
2024-04-27T07:55:11.798+0000 7f41715cb700 1 -- 172.21.15.3:0/2085424395 --> [v2:172.21.15.3:3300/0,v1:172.21.15.3:6789/0] -- mon_command({"prefix": "get_command_descriptions"} v 0) v1 -- 0x7f416c04bed0 con 0x7f416c100d50
2024-04-27T07:55:12.709 INFO:teuthology.orchestra.run.smithi003.stdout:/usr/bin/ceph: stderr
2024-04-27T07:55:11.798+0000 7f41537fe700 1 -- 172.21.15.3:0/2085424395 <== mon.0 v2:172.21.15.3:3300/0 4 ==== mgrmap(e 9) v1 ==== 43389+0+0 (secure 0 0 0) 0x7f415c024480 con 0x7f416c100d50
2024-04-27T07:55:12.709 INFO:teuthology.orchestra.run.smithi003.stdout:/usr/bin/ceph: stderr
2024-04-27T07:55:11.798+0000 7f41537fe700 1 --2- 172.21.15.3:0/2085424395 >> [v2:172.21.15.3:6800/2794026498,v1:172.21.15.3:6801/2794026498] conn(0x7f4154036830 0x7f4154038ce0 unknown :-1 s=NONE pgs=0 cs=0 l=1 rev1=0 crypto rx=0 tx=0 comp rx=0 tx=0).connect
2024-04-27T07:55:12.709 INFO:teuthology.orchestra.run.smithi003.stdout:/usr/bin/ceph: stderr
2024-04-27T07:55:11.798+0000 7f41537fe700 1 -- 172.21.15.3:0/2085424395 <== mon.0 v2:172.21.15.3:3300/0 5 ==== osd_map(2..2 src has 1..2) v4 ==== 936+0+0 (secure 0 0 0) 0x7f415c04ab70 con 0x7f416c100d50
2024-04-27T07:55:12.709 INFO:teuthology.orchestra.run.smithi003.stdout:/usr/bin/ceph: stderr
2024-04-27T07:55:11.798+0000 7f416a7fc700 1 -- 172.21.15.3:0/2085424395 >> [v2:172.21.15.3:6800/2794026498,v1:172.21.15.3:6801/2794026498] conn(0x7f4154036830 msgr2=0x7f4154038ce0 unknown :-1 s=STATE_CONNECTING_RE l=1).process reconnect failed to v2:172.21.15.3:6800/2794026498
2024-04-27T07:55:12.709 INFO:teuthology.orchestra.run.smithi003.stdout:/usr/bin/ceph: stderr
2024-04-27T07:55:11.798+0000 7f416a7fc700 1 --2- 172.21.15.3:0/2085424395 >> [v2:172.21.15.3:6800/2794026498,v1:172.21.15.3:6801/2794026498] conn(0x7f4154036830 0x7f4154038ce0 unknown :-1 s=START_CONNECT pgs=0 cs=0 l=1 rev1=0 crypto rx=0 tx=0 comp rx=0 tx=0)._fault waiting 0.200000
2024-04-27T07:55:12.709 INFO:teuthology.orchestra.run.smithi003.stdout:/usr/bin/ceph: stderr
2024-04-27T07:55:11.807+0000 7f41537fe700 1 -- 172.21.15.3:0/2085424395 <== mon.0 v2:172.21.15.3:3300/0 6 ==== mon_command_ack([{"prefix": "get_command_descriptions"}]=0 v0) v1 ==== 72+0+176702 (secure 0 0 0) 0x7f415c02e440 con 0x7f416c100d50
2024-04-27T07:55:12.709 INFO:teuthology.orchestra.run.smithi003.stdout:/usr/bin/ceph: stderr
2024-04-27T07:55:12.000+0000 7f416a7fc700 1 -- 172.21.15.3:0/2085424395 >> [v2:172.21.15.3:6800/2794026498,v1:172.21.15.3:6801/2794026498] conn(0x7f4154036830 msgr2=0x7f4154038ce0 unknown :-1 s=STATE_CONNECTING_RE l=1).process reconnect failed to v2:172.21.15.3:6800/2794026498
2024-04-27T07:55:12.709 INFO:teuthology.orchestra.run.smithi003.stdout:/usr/bin/ceph: stderr
2024-04-27T07:55:12.000+0000 7f416a7fc700 1 --2- 172.21.15.3:0/2085424395 >> [v2:172.21.15.3:6800/2794026498,v1:172.21.15.3:6801/2794026498] conn(0x7f4154036830 0x7f4154038ce0 unknown :-1 s=START_CONNECT pgs=0 cs=0 l=1 rev1=0 crypto rx=0 tx=0 comp rx=0 tx=0)._fault waiting 0.400000
2024-04-27T07:55:12.709 INFO:teuthology.orchestra.run.smithi003.stdout:/usr/bin/ceph: stderr
2024-04-27T07:55:12.102+0000 7f41715cb700 1 -- 172.21.15.3:0/2085424395 --> [v2:172.21.15.3:3300/0,v1:172.21.15.3:6789/0] -- mon_command({"prefix": "mgr stat"} v 0) v1 -- 0x7f416c1028c0 con 0x7f416c100d50
2024-04-27T07:55:12.709 INFO:teuthology.orchestra.run.smithi003.stdout:/usr/bin/ceph: stderr
2024-04-27T07:55:12.103+0000 7f41537fe700 1 -- 172.21.15.3:0/2085424395 <== mon.0 v2:172.21.15.3:3300/0 7 ==== mon_command_ack([{"prefix": "mgr stat"}]=0 v9) v1 ==== 56+0+103 (secure 0 0 0) 0x7f415c02cb80 con 0x7f416c100d50
2024-04-27T07:55:12.710 INFO:teuthology.orchestra.run.smithi003.stdout:/usr/bin/ceph: stderr
2024-04-27T07:55:12.105+0000 7f41715cb700 1 -- 172.21.15.3:0/2085424395 >> [v2:172.21.15.3:6800/2794026498,v1:172.21.15.3:6801/2794026498] conn(0x7f4154036830 msgr2=0x7f4154038ce0 unknown :-1 s=STATE_CONNECTING l=1).mark_down
2024-04-27T07:55:12.710 INFO:teuthology.orchestra.run.smithi003.stdout:/usr/bin/ceph: stderr
2024-04-27T07:55:12.105+0000 7f41715cb700 1 --2- 172.21.15.3:0/2085424395 >> [v2:172.21.15.3:6800/2794026498,v1:172.21.15.3:6801/2794026498] conn(0x7f4154036830 0x7f4154038ce0 unknown :-1 s=START_CONNECT pgs=0 cs=0 l=1 rev1=0 crypto rx=0 tx=0 comp rx=0 tx=0).stop
2024-04-27T07:55:12.710 INFO:teuthology.orchestra.run.smithi003.stdout:/usr/bin/ceph: stderr
2024-04-27T07:55:12.105+0000 7f41715cb700 1 -- 172.21.15.3:0/2085424395 >> [v2:172.21.15.3:3300/0,v1:172.21.15.3:6789/0] conn(0x7f416c100d50 msgr2=0x7f416c103780 secure :-1 s=STATE_CONNECTION_ESTABLISHED l=1).mark_down
2024-04-27T07:55:12.710 INFO:teuthology.orchestra.run.smithi003.stdout:/usr/bin/ceph: stderr
2024-04-27T07:55:12.105+0000 7f41715cb700 1 --2- 172.21.15.3:0/2085424395 >> [v2:172.21.15.3:3300/0,v1:172.21.15.3:6789/0] conn(0x7f416c100d50 0x7f416c103780 secure :-1 s=READY pgs=68 cs=0 l=1 rev1=1 crypto rx=0x7f415c006b00 tx=0x7f415c009250 comp rx=0 tx=0).stop
2024-04-27T07:55:12.710 INFO:teuthology.orchestra.run.smithi003.stdout:/usr/bin/ceph: stderr
2024-04-27T07:55:12.105+0000 7f41715cb700 1 -- 172.21.15.3:0/2085424395 shutdown_connections
2024-04-27T07:55:12.710 INFO:teuthology.orchestra.run.smithi003.stdout:/usr/bin/ceph: stderr
2024-04-27T07:55:12.105+0000 7f41715cb700 1 --2- 172.21.15.3:0/2085424395 >> [v2:172.21.15.3:6800/2794026498,v1:172.21.15.3:6801/2794026498] conn(0x7f4154036830 0x7f4154038ce0 unknown :-1 s=CLOSED pgs=0 cs=0 l=1 rev1=0 crypto rx=0 tx=0 comp rx=0 tx=0).stop
2024-04-27T07:55:12.710 INFO:teuthology.orchestra.run.smithi003.stdout:/usr/bin/ceph: stderr
2024-04-27T07:55:12.105+0000 7f41715cb700 1 --2- 172.21.15.3:0/2085424395 >> [v2:172.21.15.3:3300/0,v1:172.21.15.3:6789/0] conn(0x7f416c100d50 0x7f416c103780 unknown :-1 s=CLOSED pgs=68 cs=0 l=1 rev1=1 crypto rx=0 tx=0 comp rx=0 tx=0).stop
2024-04-27T07:55:12.710 INFO:teuthology.orchestra.run.smithi003.stdout:/usr/bin/ceph: stderr
2024-04-27T07:55:12.105+0000 7f41715cb700 1 -- 172.21.15.3:0/2085424395 >> 172.21.15.3:0/2085424395 conn(0x7f416c0fc790 msgr2=0x7f416c0fd380 unknown :-1 s=STATE_NONE l=0).mark_down
2024-04-27T07:55:12.710 INFO:teuthology.orchestra.run.smithi003.stdout:/usr/bin/ceph: stderr
2024-04-27T07:55:12.105+0000 7f41715cb700 1 -- 172.21.15.3:0/2085424395 shutdown_connections
2024-04-27T07:55:12.710 INFO:teuthology.orchestra.run.smithi003.stdout:/usr/bin/ceph: stderr
2024-04-27T07:55:12.105+0000 7f41715cb700 1 -- 172.21.15.3:0/2085424395 wait complete.
2024-04-27T07:55:12.710 INFO:teuthology.orchestra.run.smithi003.stdout:Waiting for the mgr to restart...
2024-04-27T07:55:12.710 INFO:teuthology.orchestra.run.smithi003.stdout:Waiting for mgr epoch 9...
2024-04-27T07:55:12.942 INFO:journalctl@ceph.mon.smithi003.smithi003.stdout:Apr 27 07:55:12 smithi003 ceph-mon[26444]: from='client.? 172.21.15.3:0/2085424395' entity='client.admin' cmd=[{"prefix": "mgr stat"}]: dispatch
2024-04-27T07:55:17.867 INFO:journalctl@ceph.mon.smithi003.smithi003.stdout:Apr 27 07:55:17 smithi003 ceph-mon[26444]: Active manager daemon smithi003.rrqqvj restarted
2024-04-27T07:55:17.867 INFO:journalctl@ceph.mon.smithi003.smithi003.stdout:Apr 27 07:55:17 smithi003 ceph-mon[26444]: Activating manager daemon smithi003.rrqqvj
2024-04-27T07:55:17.867 INFO:journalctl@ceph.mon.smithi003.smithi003.stdout:Apr 27 07:55:17 smithi003 ceph-mon[26444]: osdmap e3: 0 total, 0 up, 0 in
2024-04-27T07:55:17.867 INFO:journalctl@ceph.mon.smithi003.smithi003.stdout:Apr 27 07:55:17 smithi003 ceph-mon[26444]: mgrmap e10: smithi003.rrqqvj(active, starting, since 0.00348208s)
2024-04-27T07:55:17.867 INFO:journalctl@ceph.mon.smithi003.smithi003.stdout:Apr 27 07:55:17 smithi003 ceph-mon[26444]: from='mgr.14160 172.21.15.3:0/201843017' entity='mgr.smithi003.rrqqvj' cmd=[{"prefix": "mon metadata", "id": "smithi003"}]: dispatch
2024-04-27T07:55:17.867 INFO:journalctl@ceph.mon.smithi003.smithi003.stdout:Apr 27 07:55:17 smithi003 ceph-mon[26444]: from='mgr.14160 172.21.15.3:0/201843017' entity='mgr.smithi003.rrqqvj' cmd=[{"prefix": "mgr metadata", "who": "smithi003.rrqqvj", "id": "smithi003.rrqqvj"}]: dispatch
2024-04-27T07:55:17.868 INFO:journalctl@ceph.mon.smithi003.smithi003.stdout:Apr 27 07:55:17 smithi003 ceph-mon[26444]: from='mgr.14160 172.21.15.3:0/201843017' entity='mgr.smithi003.rrqqvj' cmd=[{"prefix": "mds metadata"}]: dispatch
2024-04-27T07:55:17.868 INFO:journalctl@ceph.mon.smithi003.smithi003.stdout:Apr 27 07:55:17 smithi003 ceph-mon[26444]: from='mgr.14160 172.21.15.3:0/201843017' entity='mgr.smithi003.rrqqvj' cmd=[{"prefix": "osd metadata"}]: dispatch
2024-04-27T07:55:17.868 INFO:journalctl@ceph.mon.smithi003.smithi003.stdout:Apr 27 07:55:17 smithi003 ceph-mon[26444]: from='mgr.14160 172.21.15.3:0/201843017' entity='mgr.smithi003.rrqqvj' cmd=[{"prefix": "mon metadata"}]: dispatch
2024-04-27T07:55:17.868 INFO:journalctl@ceph.mon.smithi003.smithi003.stdout:Apr 27 07:55:17 smithi003 ceph-mon[26444]: Manager daemon smithi003.rrqqvj is now available
2024-04-27T07:55:17.868 INFO:journalctl@ceph.mon.smithi003.smithi003.stdout:Apr 27 07:55:17 smithi003 ceph-mon[26444]: from='mgr.14160 172.21.15.3:0/201843017' entity='mgr.smithi003.rrqqvj' cmd=[{"prefix": "config dump", "format": "json"}]: dispatch
2024-04-27T07:55:17.868 INFO:journalctl@ceph.mon.smithi003.smithi003.stdout:Apr 27 07:55:17 smithi003 ceph-mon[26444]: from='mgr.14160 172.21.15.3:0/201843017' entity='mgr.smithi003.rrqqvj' cmd=[{"prefix": "config dump", "format": "json"}]: dispatch
2024-04-27T07:55:17.868 INFO:journalctl@ceph.mon.smithi003.smithi003.stdout:Apr 27 07:55:17 smithi003 ceph-mon[26444]: from='mgr.14160 172.21.15.3:0/201843017' entity='mgr.smithi003.rrqqvj' cmd=[{"prefix":"config rm","who":"mgr","name":"mgr/rbd_support/smithi003.rrqqvj/mirror_snapshot_schedule"}]: dispatch
2024-04-27T07:55:17.868 INFO:journalctl@ceph.mon.smithi003.smithi003.stdout:Apr 27 07:55:17 smithi003 ceph-mon[26444]: from='mgr.14160 172.21.15.3:0/201843017' entity='mgr.smithi003.rrqqvj' cmd=[{"prefix":"config rm","who":"mgr","name":"mgr/rbd_support/smithi003.rrqqvj/trash_purge_schedule"}]: dispatch
2024-04-27T07:55:18.766 INFO:journalctl@ceph.mon.smithi003.smithi003.stdout:Apr 27 07:55:18 smithi003 ceph-mon[26444]: [27/Apr/2024:07:55:17] ENGINE Bus STARTING
2024-04-27T07:55:18.766 INFO:journalctl@ceph.mon.smithi003.smithi003.stdout:Apr 27 07:55:18 smithi003 ceph-mon[26444]: from='mgr.14160 172.21.15.3:0/201843017' entity='mgr.smithi003.rrqqvj'
2024-04-27T07:55:18.766 INFO:journalctl@ceph.mon.smithi003.smithi003.stdout:Apr 27 07:55:18 smithi003 ceph-mon[26444]: mgrmap e11: smithi003.rrqqvj(active, since 1.006s)
2024-04-27T07:55:19.068 INFO:teuthology.orchestra.run.smithi003.stdout:/usr/bin/ceph: stdout {
2024-04-27T07:55:19.068 INFO:teuthology.orchestra.run.smithi003.stdout:/usr/bin/ceph: stdout "mgrmap_epoch": 11,
2024-04-27T07:55:19.068 INFO:teuthology.orchestra.run.smithi003.stdout:/usr/bin/ceph: stdout "initialized": true
2024-04-27T07:55:19.069 INFO:teuthology.orchestra.run.smithi003.stdout:/usr/bin/ceph: stdout }
2024-04-27T07:55:19.069 INFO:teuthology.orchestra.run.smithi003.stdout:/usr/bin/ceph: stderr
2024-04-27T07:55:13.127+0000 7faefbe34700 1 Processor -- start
2024-04-27T07:55:19.069 INFO:teuthology.orchestra.run.smithi003.stdout:/usr/bin/ceph: stderr
2024-04-27T07:55:13.127+0000 7faefbe34700 1 -- start start
2024-04-27T07:55:19.069 INFO:teuthology.orchestra.run.smithi003.stdout:/usr/bin/ceph: stderr
2024-04-27T07:55:13.128+0000 7faefbe34700 1 --2- >> [v2:172.21.15.3:3300/0,v1:172.21.15.3:6789/0] conn(0x7faef4076ab0 0x7faef41079e0 unknown :-1 s=NONE pgs=0 cs=0 l=0 rev1=0 crypto rx=0 tx=0 comp rx=0 tx=0).connect
2024-04-27T07:55:19.069 INFO:teuthology.orchestra.run.smithi003.stdout:/usr/bin/ceph: stderr
2024-04-27T07:55:13.128+0000 7faefbe34700 1 -- --> [v2:172.21.15.3:3300/0,v1:172.21.15.3:6789/0] -- mon_getmap magic: 0 v1 -- 0x7faef4076ec0 con 0x7faef4076ab0
2024-04-27T07:55:19.069 INFO:teuthology.orchestra.run.smithi003.stdout:/usr/bin/ceph: stderr
2024-04-27T07:55:13.128+0000 7faef9bd0700 1 --2- >> [v2:172.21.15.3:3300/0,v1:172.21.15.3:6789/0] conn(0x7faef4076ab0 0x7faef41079e0 unknown :-1 s=BANNER_CONNECTING pgs=0 cs=0 l=0 rev1=0 crypto rx=0 tx=0 comp rx=0 tx=0)._handle_peer_banner_payload supported=3 required=0
2024-04-27T07:55:19.069 INFO:teuthology.orchestra.run.smithi003.stdout:/usr/bin/ceph: stderr
2024-04-27T07:55:13.128+0000 7faef9bd0700 1 --2- >> [v2:172.21.15.3:3300/0,v1:172.21.15.3:6789/0] conn(0x7faef4076ab0 0x7faef41079e0 unknown :-1 s=HELLO_CONNECTING pgs=0 cs=0 l=0 rev1=1 crypto rx=0 tx=0 comp rx=0 tx=0).handle_hello peer v2:172.21.15.3:3300/0 says I am v2:172.21.15.3:60546/0 (socket says 172.21.15.3:60546)
2024-04-27T07:55:19.069 INFO:teuthology.orchestra.run.smithi003.stdout:/usr/bin/ceph: stderr
2024-04-27T07:55:13.128+0000 7faef9bd0700 1 -- 172.21.15.3:0/854560045 learned_addr learned my addr 172.21.15.3:0/854560045 (peer_addr_for_me v2:172.21.15.3:0/0)
2024-04-27T07:55:19.069 INFO:teuthology.orchestra.run.smithi003.stdout:/usr/bin/ceph: stderr
2024-04-27T07:55:13.128+0000 7faef9bd0700 1 -- 172.21.15.3:0/854560045 --> [v2:172.21.15.3:3300/0,v1:172.21.15.3:6789/0] -- mon_subscribe({config=0+,monmap=0+}) v3 -- 0x7faef41033d0 con 0x7faef4076ab0
2024-04-27T07:55:19.069 INFO:teuthology.orchestra.run.smithi003.stdout:/usr/bin/ceph: stderr
2024-04-27T07:55:13.128+0000 7faef9bd0700 1 --2- 172.21.15.3:0/854560045 >> [v2:172.21.15.3:3300/0,v1:172.21.15.3:6789/0] conn(0x7faef4076ab0 0x7faef41079e0 secure :-1 s=READY pgs=69 cs=0 l=1 rev1=1 crypto rx=0x7faef00098e0 tx=0x7faef0009250 comp rx=0 tx=0).ready entity=mon.0 client_cookie=5adda5122f8b92a7 server_cookie=0 in_seq=0 out_seq=0
2024-04-27T07:55:19.069 INFO:teuthology.orchestra.run.smithi003.stdout:/usr/bin/ceph: stderr
2024-04-27T07:55:13.128+0000 7faef8bce700 1 -- 172.21.15.3:0/854560045 <== mon.0 v2:172.21.15.3:3300/0 1 ==== mon_map magic: 0 v1 ==== 229+0+0 (secure 0 0 0) 0x7faef000b860 con 0x7faef4076ab0
2024-04-27T07:55:19.069 INFO:teuthology.orchestra.run.smithi003.stdout:/usr/bin/ceph: stderr
2024-04-27T07:55:13.129+0000 7faef8bce700 1 -- 172.21.15.3:0/854560045 <== mon.0 v2:172.21.15.3:3300/0 2 ==== config(27 keys) v1 ==== 1109+0+0 (secure 0 0 0) 0x7faef000be90 con 0x7faef4076ab0
2024-04-27T07:55:19.070 INFO:teuthology.orchestra.run.smithi003.stdout:/usr/bin/ceph: stderr
2024-04-27T07:55:13.129+0000 7faef8bce700 1 -- 172.21.15.3:0/854560045 <== mon.0 v2:172.21.15.3:3300/0 3 ==== mon_map magic: 0 v1 ==== 229+0+0 (secure 0 0 0) 0x7faef00103c0 con 0x7faef4076ab0
2024-04-27T07:55:19.070 INFO:teuthology.orchestra.run.smithi003.stdout:/usr/bin/ceph: stderr
2024-04-27T07:55:13.129+0000 7faefbe34700 1 -- 172.21.15.3:0/854560045 >> [v2:172.21.15.3:3300/0,v1:172.21.15.3:6789/0] conn(0x7faef4076ab0 msgr2=0x7faef41079e0 secure :-1 s=STATE_CONNECTION_ESTABLISHED l=1).mark_down
2024-04-27T07:55:19.070 INFO:teuthology.orchestra.run.smithi003.stdout:/usr/bin/ceph: stderr
2024-04-27T07:55:13.129+0000 7faefbe34700 1 --2- 172.21.15.3:0/854560045 >> [v2:172.21.15.3:3300/0,v1:172.21.15.3:6789/0] conn(0x7faef4076ab0 0x7faef41079e0 secure :-1 s=READY pgs=69 cs=0 l=1 rev1=1 crypto rx=0x7faef00098e0 tx=0x7faef0009250 comp rx=0 tx=0).stop
2024-04-27T07:55:19.070 INFO:teuthology.orchestra.run.smithi003.stdout:/usr/bin/ceph: stderr
2024-04-27T07:55:13.129+0000 7faefbe34700 1 -- 172.21.15.3:0/854560045 shutdown_connections
2024-04-27T07:55:19.070 INFO:teuthology.orchestra.run.smithi003.stdout:/usr/bin/ceph: stderr
2024-04-27T07:55:13.129+0000 7faefbe34700 1 --2- 172.21.15.3:0/854560045 >> [v2:172.21.15.3:3300/0,v1:172.21.15.3:6789/0] conn(0x7faef4076ab0 0x7faef41079e0 unknown :-1 s=CLOSED pgs=69 cs=0 l=1 rev1=1 crypto rx=0 tx=0 comp rx=0 tx=0).stop
2024-04-27T07:55:19.070 INFO:teuthology.orchestra.run.smithi003.stdout:/usr/bin/ceph: stderr
2024-04-27T07:55:13.129+0000 7faefbe34700 1 -- 172.21.15.3:0/854560045 >> 172.21.15.3:0/854560045 conn(0x7faef40fd010 msgr2=0x7faef40ff420 unknown :-1 s=STATE_NONE l=0).mark_down
2024-04-27T07:55:19.070 INFO:teuthology.orchestra.run.smithi003.stdout:/usr/bin/ceph: stderr
2024-04-27T07:55:13.129+0000 7faefbe34700 1 -- 172.21.15.3:0/854560045 shutdown_connections
2024-04-27T07:55:19.070 INFO:teuthology.orchestra.run.smithi003.stdout:/usr/bin/ceph: stderr
2024-04-27T07:55:13.129+0000 7faefbe34700 1 -- 172.21.15.3:0/854560045 wait complete.
2024-04-27T07:55:19.070 INFO:teuthology.orchestra.run.smithi003.stdout:/usr/bin/ceph: stderr
2024-04-27T07:55:13.130+0000 7faefbe34700 1 Processor -- start
2024-04-27T07:55:19.070 INFO:teuthology.orchestra.run.smithi003.stdout:/usr/bin/ceph: stderr
2024-04-27T07:55:13.130+0000 7faefbe34700 1 -- start start
2024-04-27T07:55:19.070 INFO:teuthology.orchestra.run.smithi003.stdout:/usr/bin/ceph: stderr
2024-04-27T07:55:13.130+0000 7faefbe34700 1 --2- >> [v2:172.21.15.3:3300/0,v1:172.21.15.3:6789/0] conn(0x7faef4076ab0 0x7faef41138c0 unknown :-1 s=NONE pgs=0 cs=0 l=1 rev1=0 crypto rx=0 tx=0 comp rx=0 tx=0).connect
2024-04-27T07:55:19.070 INFO:teuthology.orchestra.run.smithi003.stdout:/usr/bin/ceph: stderr
2024-04-27T07:55:13.130+0000 7faefbe34700 1 -- --> [v2:172.21.15.3:3300/0,v1:172.21.15.3:6789/0] -- mon_getmap magic: 0 v1 -- 0x7faef4113e00 con 0x7faef4076ab0
2024-04-27T07:55:19.071 INFO:teuthology.orchestra.run.smithi003.stdout:/usr/bin/ceph: stderr
2024-04-27T07:55:13.130+0000 7faef9bd0700 1 --2- >> [v2:172.21.15.3:3300/0,v1:172.21.15.3:6789/0] conn(0x7faef4076ab0 0x7faef41138c0 unknown :-1 s=BANNER_CONNECTING pgs=0 cs=0 l=1 rev1=0 crypto rx=0 tx=0 comp rx=0 tx=0)._handle_peer_banner_payload supported=3 required=0
2024-04-27T07:55:19.071 INFO:teuthology.orchestra.run.smithi003.stdout:/usr/bin/ceph: stderr
2024-04-27T07:55:13.130+0000 7faef9bd0700 1 --2- >> [v2:172.21.15.3:3300/0,v1:172.21.15.3:6789/0] conn(0x7faef4076ab0 0x7faef41138c0 unknown :-1 s=HELLO_CONNECTING pgs=0 cs=0 l=1 rev1=1 crypto rx=0 tx=0 comp rx=0 tx=0).handle_hello peer v2:172.21.15.3:3300/0 says I am v2:172.21.15.3:60548/0 (socket says 172.21.15.3:60548)
2024-04-27T07:55:19.071 INFO:teuthology.orchestra.run.smithi003.stdout:/usr/bin/ceph: stderr
2024-04-27T07:55:13.130+0000 7faef9bd0700 1 -- 172.21.15.3:0/1772894970 learned_addr learned my addr 172.21.15.3:0/1772894970 (peer_addr_for_me v2:172.21.15.3:0/0)
2024-04-27T07:55:19.071 INFO:teuthology.orchestra.run.smithi003.stdout:/usr/bin/ceph: stderr
2024-04-27T07:55:13.131+0000 7faef9bd0700 1 -- 172.21.15.3:0/1772894970 --> [v2:172.21.15.3:3300/0,v1:172.21.15.3:6789/0] -- mon_subscribe({config=0+,monmap=0+}) v3 -- 0x7faef00094f0 con 0x7faef4076ab0
2024-04-27T07:55:19.071 INFO:teuthology.orchestra.run.smithi003.stdout:/usr/bin/ceph: stderr
2024-04-27T07:55:13.131+0000 7faef9bd0700 1 --2- 172.21.15.3:0/1772894970 >> [v2:172.21.15.3:3300/0,v1:172.21.15.3:6789/0] conn(0x7faef4076ab0 0x7faef41138c0 secure :-1 s=READY pgs=70 cs=0 l=1 rev1=1 crypto rx=0x7faef00094c0 tx=0x7faef0009250 comp rx=0 tx=0).ready entity=mon.0 client_cookie=0 server_cookie=0 in_seq=0 out_seq=0
2024-04-27T07:55:19.071 INFO:teuthology.orchestra.run.smithi003.stdout:/usr/bin/ceph: stderr
2024-04-27T07:55:13.131+0000 7faeea7fc700 1 -- 172.21.15.3:0/1772894970 <== mon.0 v2:172.21.15.3:3300/0 1 ==== mon_map magic: 0 v1 ==== 229+0+0 (secure 0 0 0) 0x7faef0010890 con 0x7faef4076ab0
2024-04-27T07:55:19.071 INFO:teuthology.orchestra.run.smithi003.stdout:/usr/bin/ceph: stderr
2024-04-27T07:55:13.131+0000 7faeea7fc700 1 -- 172.21.15.3:0/1772894970 <== mon.0 v2:172.21.15.3:3300/0 2 ==== config(27 keys) v1 ==== 1109+0+0 (secure 0 0 0) 0x7faef0010ec0 con 0x7faef4076ab0
2024-04-27T07:55:19.071 INFO:teuthology.orchestra.run.smithi003.stdout:/usr/bin/ceph: stderr
2024-04-27T07:55:13.131+0000 7faefbe34700 1 -- 172.21.15.3:0/1772894970 --> [v2:172.21.15.3:3300/0,v1:172.21.15.3:6789/0] -- mon_subscribe({mgrmap=0+}) v3 -- 0x7faef4114060 con 0x7faef4076ab0
2024-04-27T07:55:19.071 INFO:teuthology.orchestra.run.smithi003.stdout:/usr/bin/ceph: stderr
2024-04-27T07:55:13.131+0000 7faeea7fc700 1 -- 172.21.15.3:0/1772894970 <== mon.0 v2:172.21.15.3:3300/0 3 ==== mon_map magic: 0 v1 ==== 229+0+0 (secure 0 0 0) 0x7faef001aea0 con 0x7faef4076ab0
2024-04-27T07:55:19.071 INFO:teuthology.orchestra.run.smithi003.stdout:/usr/bin/ceph: stderr
2024-04-27T07:55:13.131+0000 7faefbe34700 1 -- 172.21.15.3:0/1772894970 --> [v2:172.21.15.3:3300/0,v1:172.21.15.3:6789/0] -- mon_subscribe({osdmap=0}) v3 -- 0x7faef4114b70 con 0x7faef4076ab0
2024-04-27T07:55:19.071 INFO:teuthology.orchestra.run.smithi003.stdout:/usr/bin/ceph: stderr
2024-04-27T07:55:13.132+0000 7faeea7fc700 1 -- 172.21.15.3:0/1772894970 <== mon.0 v2:172.21.15.3:3300/0 4 ==== mgrmap(e 9) v1 ==== 43389+0+0 (secure 0 0 0) 0x7faef002d3f0 con 0x7faef4076ab0
2024-04-27T07:55:19.071 INFO:teuthology.orchestra.run.smithi003.stdout:/usr/bin/ceph: stderr
2024-04-27T07:55:13.132+0000 7faeea7fc700 1 --2- 172.21.15.3:0/1772894970 >> [v2:172.21.15.3:6800/2794026498,v1:172.21.15.3:6801/2794026498] conn(0x7faee0036830 0x7faee0038ce0 unknown :-1 s=NONE pgs=0 cs=0 l=1 rev1=0 crypto rx=0 tx=0 comp rx=0 tx=0).connect
2024-04-27T07:55:19.072 INFO:teuthology.orchestra.run.smithi003.stdout:/usr/bin/ceph: stderr
2024-04-27T07:55:13.132+0000 7faefbe34700 1 -- 172.21.15.3:0/1772894970 --> [v2:172.21.15.3:6800/2794026498,v1:172.21.15.3:6801/2794026498] -- command(tid 0: {"prefix": "get_command_descriptions"}) v1 -- 0x7faef405f5c0 con 0x7faee0036830
2024-04-27T07:55:19.072 INFO:teuthology.orchestra.run.smithi003.stdout:/usr/bin/ceph: stderr
2024-04-27T07:55:13.132+0000 7faeea7fc700 1 -- 172.21.15.3:0/1772894970 <== mon.0 v2:172.21.15.3:3300/0 5 ==== osd_map(2..2 src has 1..2) v4 ==== 936+0+0 (secure 0 0 0) 0x7faef004a220 con 0x7faef4076ab0
2024-04-27T07:55:19.072 INFO:teuthology.orchestra.run.smithi003.stdout:/usr/bin/ceph: stderr
2024-04-27T07:55:13.132+0000 7faef93cf700 1 -- 172.21.15.3:0/1772894970 >> [v2:172.21.15.3:6800/2794026498,v1:172.21.15.3:6801/2794026498] conn(0x7faee0036830 msgr2=0x7faee0038ce0 unknown :-1 s=STATE_CONNECTING_RE l=1).process reconnect failed to v2:172.21.15.3:6800/2794026498
2024-04-27T07:55:19.072 INFO:teuthology.orchestra.run.smithi003.stdout:/usr/bin/ceph: stderr
2024-04-27T07:55:13.132+0000 7faef93cf700 1 --2- 172.21.15.3:0/1772894970 >> [v2:172.21.15.3:6800/2794026498,v1:172.21.15.3:6801/2794026498] conn(0x7faee0036830 0x7faee0038ce0 unknown :-1 s=START_CONNECT pgs=0 cs=0 l=1 rev1=0 crypto rx=0 tx=0 comp rx=0 tx=0)._fault waiting 0.200000
2024-04-27T07:55:19.072 INFO:teuthology.orchestra.run.smithi003.stdout:/usr/bin/ceph: stderr
2024-04-27T07:55:13.333+0000 7faef93cf700 1 -- 172.21.15.3:0/1772894970 >> [v2:172.21.15.3:6800/2794026498,v1:172.21.15.3:6801/2794026498] conn(0x7faee0036830 msgr2=0x7faee0038ce0 unknown :-1 s=STATE_CONNECTING_RE l=1).process reconnect failed to v2:172.21.15.3:6800/2794026498
2024-04-27T07:55:19.072 INFO:teuthology.orchestra.run.smithi003.stdout:/usr/bin/ceph: stderr
2024-04-27T07:55:13.333+0000 7faef93cf700 1 --2- 172.21.15.3:0/1772894970 >> [v2:172.21.15.3:6800/2794026498,v1:172.21.15.3:6801/2794026498] conn(0x7faee0036830 0x7faee0038ce0 unknown :-1 s=START_CONNECT pgs=0 cs=0 l=1 rev1=0 crypto rx=0 tx=0 comp rx=0 tx=0)._fault waiting 0.400000
2024-04-27T07:55:19.072 INFO:teuthology.orchestra.run.smithi003.stdout:/usr/bin/ceph: stderr
2024-04-27T07:55:13.734+0000 7faef93cf700 1 -- 172.21.15.3:0/1772894970 >> [v2:172.21.15.3:6800/2794026498,v1:172.21.15.3:6801/2794026498] conn(0x7faee0036830 msgr2=0x7faee0038ce0 unknown :-1 s=STATE_CONNECTING_RE l=1).process reconnect failed to v2:172.21.15.3:6800/2794026498
2024-04-27T07:55:19.072 INFO:teuthology.orchestra.run.smithi003.stdout:/usr/bin/ceph: stderr
2024-04-27T07:55:13.734+0000 7faef93cf700 1 --2- 172.21.15.3:0/1772894970 >> [v2:172.21.15.3:6800/2794026498,v1:172.21.15.3:6801/2794026498] conn(0x7faee0036830 0x7faee0038ce0 unknown :-1 s=START_CONNECT pgs=0 cs=0 l=1 rev1=0 crypto rx=0 tx=0 comp rx=0 tx=0)._fault waiting 0.800000
2024-04-27T07:55:19.072 INFO:teuthology.orchestra.run.smithi003.stdout:/usr/bin/ceph: stderr
2024-04-27T07:55:14.535+0000 7faef93cf700 1 -- 172.21.15.3:0/1772894970 >> [v2:172.21.15.3:6800/2794026498,v1:172.21.15.3:6801/2794026498] conn(0x7faee0036830 msgr2=0x7faee0038ce0 unknown :-1 s=STATE_CONNECTING_RE l=1).process reconnect failed to v2:172.21.15.3:6800/2794026498
2024-04-27T07:55:19.072 INFO:teuthology.orchestra.run.smithi003.stdout:/usr/bin/ceph: stderr
2024-04-27T07:55:14.535+0000 7faef93cf700 1 --2- 172.21.15.3:0/1772894970 >> [v2:172.21.15.3:6800/2794026498,v1:172.21.15.3:6801/2794026498] conn(0x7faee0036830 0x7faee0038ce0 unknown :-1 s=START_CONNECT pgs=0 cs=0 l=1 rev1=0 crypto rx=0 tx=0 comp rx=0 tx=0)._fault waiting 1.600000
2024-04-27T07:55:19.072 INFO:teuthology.orchestra.run.smithi003.stdout:/usr/bin/ceph: stderr
2024-04-27T07:55:16.136+0000 7faef93cf700 1 -- 172.21.15.3:0/1772894970 >> [v2:172.21.15.3:6800/2794026498,v1:172.21.15.3:6801/2794026498] conn(0x7faee0036830 msgr2=0x7faee0038ce0 unknown :-1 s=STATE_CONNECTING_RE l=1).process reconnect failed to v2:172.21.15.3:6800/2794026498
2024-04-27T07:55:19.072 INFO:teuthology.orchestra.run.smithi003.stdout:/usr/bin/ceph: stderr
2024-04-27T07:55:16.136+0000 7faef93cf700 1 --2- 172.21.15.3:0/1772894970 >> [v2:172.21.15.3:6800/2794026498,v1:172.21.15.3:6801/2794026498] conn(0x7faee0036830 0x7faee0038ce0 unknown :-1 s=START_CONNECT pgs=0 cs=0 l=1 rev1=0 crypto rx=0 tx=0 comp rx=0 tx=0)._fault waiting 3.200000
2024-04-27T07:55:19.073 INFO:teuthology.orchestra.run.smithi003.stdout:/usr/bin/ceph: stderr
2024-04-27T07:55:17.474+0000 7faeea7fc700 1 -- 172.21.15.3:0/1772894970 <== mon.0 v2:172.21.15.3:3300/0 6 ==== mgrmap(e 10) v1 ==== 43156+0+0 (secure 0 0 0) 0x7faef001a430 con 0x7faef4076ab0
2024-04-27T07:55:19.073 INFO:teuthology.orchestra.run.smithi003.stdout:/usr/bin/ceph: stderr
2024-04-27T07:55:17.474+0000 7faeea7fc700 1 -- 172.21.15.3:0/1772894970 >> [v2:172.21.15.3:6800/2794026498,v1:172.21.15.3:6801/2794026498] conn(0x7faee0036830 msgr2=0x7faee0038ce0 unknown :-1 s=STATE_CONNECTING l=1).mark_down
2024-04-27T07:55:19.073 INFO:teuthology.orchestra.run.smithi003.stdout:/usr/bin/ceph: stderr
2024-04-27T07:55:17.474+0000 7faeea7fc700 1 --2- 172.21.15.3:0/1772894970 >> [v2:172.21.15.3:6800/2794026498,v1:172.21.15.3:6801/2794026498] conn(0x7faee0036830 0x7faee0038ce0 unknown :-1 s=START_CONNECT pgs=0 cs=0 l=1 rev1=0 crypto rx=0 tx=0 comp rx=0 tx=0).stop
2024-04-27T07:55:19.073 INFO:teuthology.orchestra.run.smithi003.stdout:/usr/bin/ceph: stderr
2024-04-27T07:55:18.476+0000 7faeea7fc700 1 -- 172.21.15.3:0/1772894970 <== mon.0 v2:172.21.15.3:3300/0 7 ==== mgrmap(e 11) v1 ==== 43283+0+0 (secure 0 0 0) 0x7faef002ecf0 con 0x7faef4076ab0
2024-04-27T07:55:19.073 INFO:teuthology.orchestra.run.smithi003.stdout:/usr/bin/ceph: stderr
2024-04-27T07:55:18.476+0000 7faeea7fc700 1 --2- 172.21.15.3:0/1772894970 >> [v2:172.21.15.3:6800/2529002248,v1:172.21.15.3:6801/2529002248] conn(0x7faee0039ff0 0x7faee003c3d0 unknown :-1 s=NONE pgs=0 cs=0 l=1 rev1=0 crypto rx=0 tx=0 comp rx=0 tx=0).connect
2024-04-27T07:55:19.073 INFO:teuthology.orchestra.run.smithi003.stdout:/usr/bin/ceph: stderr
2024-04-27T07:55:18.476+0000 7faeea7fc700 1 -- 172.21.15.3:0/1772894970 --> [v2:172.21.15.3:6800/2529002248,v1:172.21.15.3:6801/2529002248] -- command(tid 0: {"prefix": "get_command_descriptions"}) v1 -- 0x7faef405f5c0 con 0x7faee0039ff0
2024-04-27T07:55:19.073 INFO:teuthology.orchestra.run.smithi003.stdout:/usr/bin/ceph: stderr
2024-04-27T07:55:18.476+0000 7faef93cf700 1 --2- 172.21.15.3:0/1772894970 >> [v2:172.21.15.3:6800/2529002248,v1:172.21.15.3:6801/2529002248] conn(0x7faee0039ff0 0x7faee003c3d0 unknown :-1 s=BANNER_CONNECTING pgs=0 cs=0 l=1 rev1=0 crypto rx=0 tx=0 comp rx=0 tx=0)._handle_peer_banner_payload supported=3 required=0
2024-04-27T07:55:19.073 INFO:teuthology.orchestra.run.smithi003.stdout:/usr/bin/ceph: stderr
2024-04-27T07:55:18.477+0000 7faef93cf700 1 --2- 172.21.15.3:0/1772894970 >> [v2:172.21.15.3:6800/2529002248,v1:172.21.15.3:6801/2529002248] conn(0x7faee0039ff0 0x7faee003c3d0 secure :-1 s=READY pgs=3 cs=0 l=1 rev1=1 crypto rx=0x7faee40039d0 tx=0x7faee4009350 comp rx=0 tx=0).ready entity=mgr.14160 client_cookie=0 server_cookie=0 in_seq=0 out_seq=0
2024-04-27T07:55:19.073 INFO:teuthology.orchestra.run.smithi003.stdout:/usr/bin/ceph: stderr
2024-04-27T07:55:18.478+0000 7faeea7fc700 1 -- 172.21.15.3:0/1772894970 <== mgr.14160 v2:172.21.15.3:6800/2529002248 1 ==== command_reply(tid 0: 0 ) v1 ==== 8+0+6549 (secure 0 0 0) 0x7faef405f5c0 con 0x7faee0039ff0
2024-04-27T07:55:19.073 INFO:teuthology.orchestra.run.smithi003.stdout:/usr/bin/ceph: stderr
2024-04-27T07:55:18.484+0000 7faefbe34700 1 -- 172.21.15.3:0/1772894970 --> [v2:172.21.15.3:6800/2529002248,v1:172.21.15.3:6801/2529002248] -- command(tid 1: {"prefix": "mgr_status"}) v1 -- 0x7faef404bed0 con 0x7faee0039ff0
2024-04-27T07:55:19.073 INFO:teuthology.orchestra.run.smithi003.stdout:/usr/bin/ceph: stderr
2024-04-27T07:55:18.484+0000 7faeea7fc700 1 -- 172.21.15.3:0/1772894970 <== mgr.14160 v2:172.21.15.3:6800/2529002248 2 ==== command_reply(tid 1: 0 ) v1 ==== 8+0+52 (secure 0 0 0) 0x7faef404bed0 con 0x7faee0039ff0
2024-04-27T07:55:19.073 INFO:teuthology.orchestra.run.smithi003.stdout:/usr/bin/ceph: stderr
2024-04-27T07:55:18.484+0000 7faefbe34700 1 -- 172.21.15.3:0/1772894970 >> [v2:172.21.15.3:6800/2529002248,v1:172.21.15.3:6801/2529002248] conn(0x7faee0039ff0 msgr2=0x7faee003c3d0 secure :-1 s=STATE_CONNECTION_ESTABLISHED l=1).mark_down
2024-04-27T07:55:19.073 INFO:teuthology.orchestra.run.smithi003.stdout:/usr/bin/ceph: stderr
2024-04-27T07:55:18.484+0000 7faefbe34700 1 --2- 172.21.15.3:0/1772894970 >> [v2:172.21.15.3:6800/2529002248,v1:172.21.15.3:6801/2529002248] conn(0x7faee0039ff0 0x7faee003c3d0 secure :-1 s=READY pgs=3 cs=0 l=1 rev1=1 crypto rx=0x7faee40039d0 tx=0x7faee4009350 comp rx=0 tx=0).stop
2024-04-27T07:55:19.074 INFO:teuthology.orchestra.run.smithi003.stdout:/usr/bin/ceph: stderr
2024-04-27T07:55:18.484+0000 7faefbe34700 1 -- 172.21.15.3:0/1772894970 >> [v2:172.21.15.3:3300/0,v1:172.21.15.3:6789/0] conn(0x7faef4076ab0 msgr2=0x7faef41138c0 secure :-1 s=STATE_CONNECTION_ESTABLISHED l=1).mark_down
2024-04-27T07:55:19.074 INFO:teuthology.orchestra.run.smithi003.stdout:/usr/bin/ceph: stderr
2024-04-27T07:55:18.484+0000 7faefbe34700 1 --2- 172.21.15.3:0/1772894970 >> [v2:172.21.15.3:3300/0,v1:172.21.15.3:6789/0] conn(0x7faef4076ab0 0x7faef41138c0 secure :-1 s=READY pgs=70 cs=0 l=1 rev1=1 crypto rx=0x7faef00094c0 tx=0x7faef0009250 comp rx=0 tx=0).stop
