2024-04-24T22:30:41.830 INFO:teuthology.orchestra.run.smithi111.stdout:/usr/bin/ceph: stderr
2024-04-24T22:30:40.782+0000 7fdf75c00700 1 -- 172.21.15.111:0/4222167580 --> [v2:172.21.15.111:3300/0,v1:172.21.15.111:6789/0] -- mon_subscribe({config=0+,monmap=0+}) -- 0x7fdf7010b1c0 con 0x7fdf7010a010
2024-04-24T22:30:41.830 INFO:teuthology.orchestra.run.smithi111.stdout:/usr/bin/ceph: stderr
2024-04-24T22:30:40.783+0000 7fdf75c00700 1 --2- 172.21.15.111:0/4222167580 >> [v2:172.21.15.111:3300/0,v1:172.21.15.111:6789/0] conn(0x7fdf7010a010 0x7fdf7010a430 secure :-1 s=READY pgs=18 cs=0 l=1 rev1=1 crypto rx=0x7fdf640098a0 tx=0x7fdf64009bb0 comp rx=0 tx=0).ready entity=mon.0 client_cookie=c149bad999f0a620 server_cookie=0 in_seq=0 out_seq=0
2024-04-24T22:30:41.830 INFO:teuthology.orchestra.run.smithi111.stdout:/usr/bin/ceph: stderr
2024-04-24T22:30:40.783+0000 7fdf6fe00700 1 -- 172.21.15.111:0/4222167580 <== mon.0 v2:172.21.15.111:3300/0 1 ==== mon_map magic: 0 ==== 205+0+0 (secure 0 0 0) 0x7fdf64004160 con 0x7fdf7010a010
2024-04-24T22:30:41.830 INFO:teuthology.orchestra.run.smithi111.stdout:/usr/bin/ceph: stderr
2024-04-24T22:30:40.783+0000 7fdf6fe00700 1 -- 172.21.15.111:0/4222167580 <== mon.0 v2:172.21.15.111:3300/0 2 ==== config(27 keys) ==== 1109+0+0 (secure 0 0 0) 0x7fdf64004300 con 0x7fdf7010a010
2024-04-24T22:30:41.830 INFO:teuthology.orchestra.run.smithi111.stdout:/usr/bin/ceph: stderr
2024-04-24T22:30:40.783+0000 7fdf6fe00700 1 -- 172.21.15.111:0/4222167580 <== mon.0 v2:172.21.15.111:3300/0 3 ==== mon_map magic: 0 ==== 205+0+0 (secure 0 0 0) 0x7fdf64011b50 con 0x7fdf7010a010
2024-04-24T22:30:41.830 INFO:teuthology.orchestra.run.smithi111.stdout:/usr/bin/ceph: stderr
2024-04-24T22:30:40.784+0000 7fdf78600700 1 -- 172.21.15.111:0/4222167580 >> [v2:172.21.15.111:3300/0,v1:172.21.15.111:6789/0] conn(0x7fdf7010a010 msgr2=0x7fdf7010a430 secure :-1 s=STATE_CONNECTION_ESTABLISHED l=1).mark_down
2024-04-24T22:30:41.830 INFO:teuthology.orchestra.run.smithi111.stdout:/usr/bin/ceph: stderr
2024-04-24T22:30:40.784+0000 7fdf78600700 1 --2- 172.21.15.111:0/4222167580 >> [v2:172.21.15.111:3300/0,v1:172.21.15.111:6789/0] conn(0x7fdf7010a010 0x7fdf7010a430 secure :-1 s=READY pgs=18 cs=0 l=1 rev1=1 crypto rx=0x7fdf640098a0 tx=0x7fdf64009bb0 comp rx=0 tx=0).stop
2024-04-24T22:30:41.830 INFO:teuthology.orchestra.run.smithi111.stdout:/usr/bin/ceph: stderr
2024-04-24T22:30:40.784+0000 7fdf78600700 1 -- 172.21.15.111:0/4222167580 shutdown_connections
2024-04-24T22:30:41.830 INFO:teuthology.orchestra.run.smithi111.stdout:/usr/bin/ceph: stderr
2024-04-24T22:30:40.784+0000 7fdf78600700 1 --2- 172.21.15.111:0/4222167580 >> [v2:172.21.15.111:3300/0,v1:172.21.15.111:6789/0] conn(0x7fdf7010a010 0x7fdf7010a430 unknown :-1 s=CLOSED pgs=18 cs=0 l=1 rev1=1 crypto rx=0 tx=0 comp rx=0 tx=0).stop
2024-04-24T22:30:41.830 INFO:teuthology.orchestra.run.smithi111.stdout:/usr/bin/ceph: stderr
2024-04-24T22:30:40.784+0000 7fdf78600700 1 -- 172.21.15.111:0/4222167580 >> 172.21.15.111:0/4222167580 conn(0x7fdf7007d3a0 msgr2=0x7fdf7007d810 unknown :-1 s=STATE_NONE l=0).mark_down
2024-04-24T22:30:41.830 INFO:teuthology.orchestra.run.smithi111.stdout:/usr/bin/ceph: stderr
2024-04-24T22:30:40.784+0000 7fdf78600700 1 -- 172.21.15.111:0/4222167580 shutdown_connections
2024-04-24T22:30:41.830 INFO:teuthology.orchestra.run.smithi111.stdout:/usr/bin/ceph: stderr
2024-04-24T22:30:40.784+0000 7fdf78600700 1 -- 172.21.15.111:0/4222167580 wait complete.
2024-04-24T22:30:41.830 INFO:teuthology.orchestra.run.smithi111.stdout:/usr/bin/ceph: stderr
2024-04-24T22:30:40.785+0000 7fdf78600700 1 Processor -- start
2024-04-24T22:30:41.831 INFO:teuthology.orchestra.run.smithi111.stdout:/usr/bin/ceph: stderr
2024-04-24T22:30:40.785+0000 7fdf78600700 1 -- start start
2024-04-24T22:30:41.831 INFO:teuthology.orchestra.run.smithi111.stdout:/usr/bin/ceph: stderr
2024-04-24T22:30:40.785+0000 7fdf78600700 1 --2- >> [v2:172.21.15.111:3300/0,v1:172.21.15.111:6789/0] conn(0x7fdf7010a010 0x7fdf7019e020 unknown :-1 s=NONE pgs=0 cs=0 l=1 rev1=0 crypto rx=0 tx=0 comp rx=0 tx=0).connect
2024-04-24T22:30:41.831 INFO:teuthology.orchestra.run.smithi111.stdout:/usr/bin/ceph: stderr
2024-04-24T22:30:40.785+0000 7fdf78600700 1 -- --> [v2:172.21.15.111:3300/0,v1:172.21.15.111:6789/0] -- mon_getmap magic: 0 -- 0x7fdf7010e570 con 0x7fdf7010a010
2024-04-24T22:30:41.831 INFO:teuthology.orchestra.run.smithi111.stdout:/usr/bin/ceph: stderr
2024-04-24T22:30:40.786+0000 7fdf75c00700 1 --2- >> [v2:172.21.15.111:3300/0,v1:172.21.15.111:6789/0] conn(0x7fdf7010a010 0x7fdf7019e020 unknown :-1 s=BANNER_CONNECTING pgs=0 cs=0 l=1 rev1=0 crypto rx=0 tx=0 comp rx=0 tx=0)._handle_peer_banner_payload supported=3 required=0
2024-04-24T22:30:41.831 INFO:teuthology.orchestra.run.smithi111.stdout:/usr/bin/ceph: stderr
2024-04-24T22:30:40.786+0000 7fdf75c00700 1 --2- >> [v2:172.21.15.111:3300/0,v1:172.21.15.111:6789/0] conn(0x7fdf7010a010 0x7fdf7019e020 unknown :-1 s=HELLO_CONNECTING pgs=0 cs=0 l=1 rev1=1 crypto rx=0 tx=0 comp rx=0 tx=0).handle_hello peer v2:172.21.15.111:3300/0 says I am v2:172.21.15.111:34536/0 (socket says 172.21.15.111:34536)
2024-04-24T22:30:41.831 INFO:teuthology.orchestra.run.smithi111.stdout:/usr/bin/ceph: stderr
2024-04-24T22:30:40.786+0000 7fdf75c00700 1 -- 172.21.15.111:0/1293818430 learned_addr learned my addr 172.21.15.111:0/1293818430 (peer_addr_for_me v2:172.21.15.111:0/0)
2024-04-24T22:30:41.831 INFO:teuthology.orchestra.run.smithi111.stdout:/usr/bin/ceph: stderr
2024-04-24T22:30:40.786+0000 7fdf75c00700 1 -- 172.21.15.111:0/1293818430 --> [v2:172.21.15.111:3300/0,v1:172.21.15.111:6789/0] -- mon_subscribe({config=0+,monmap=0+}) -- 0x7fdf7019e560 con 0x7fdf7010a010
2024-04-24T22:30:41.831 INFO:teuthology.orchestra.run.smithi111.stdout:/usr/bin/ceph: stderr
2024-04-24T22:30:40.786+0000 7fdf75c00700 1 --2- 172.21.15.111:0/1293818430 >> [v2:172.21.15.111:3300/0,v1:172.21.15.111:6789/0] conn(0x7fdf7010a010 0x7fdf7019e020 secure :-1 s=READY pgs=19 cs=0 l=1 rev1=1 crypto rx=0x7fdf64011850 tx=0x7fdf64011c10 comp rx=0 tx=0).ready entity=mon.0 client_cookie=0 server_cookie=0 in_seq=0 out_seq=0
2024-04-24T22:30:41.831 INFO:teuthology.orchestra.run.smithi111.stdout:/usr/bin/ceph: stderr
2024-04-24T22:30:40.786+0000 7fdf6e000700 1 -- 172.21.15.111:0/1293818430 <== mon.0 v2:172.21.15.111:3300/0 1 ==== mon_map magic: 0 ==== 205+0+0 (secure 0 0 0) 0x7fdf64003af0 con 0x7fdf7010a010
2024-04-24T22:30:41.831 INFO:teuthology.orchestra.run.smithi111.stdout:/usr/bin/ceph: stderr
2024-04-24T22:30:40.786+0000 7fdf6e000700 1 -- 172.21.15.111:0/1293818430 <== mon.0 v2:172.21.15.111:3300/0 2 ==== config(27 keys) ==== 1109+0+0 (secure 0 0 0) 0x7fdf64020070 con 0x7fdf7010a010
2024-04-24T22:30:41.831 INFO:teuthology.orchestra.run.smithi111.stdout:/usr/bin/ceph: stderr
2024-04-24T22:30:40.786+0000 7fdf6e000700 1 -- 172.21.15.111:0/1293818430 <== mon.0 v2:172.21.15.111:3300/0 3 ==== mon_map magic: 0 ==== 205+0+0 (secure 0 0 0) 0x7fdf640195a0 con 0x7fdf7010a010
2024-04-24T22:30:41.831 INFO:teuthology.orchestra.run.smithi111.stdout:/usr/bin/ceph: stderr
2024-04-24T22:30:40.787+0000 7fdf78600700 1 -- 172.21.15.111:0/1293818430 --> [v2:172.21.15.111:3300/0,v1:172.21.15.111:6789/0] -- mon_subscribe({mgrmap=0+}) -- 0x7fdf7019e7f0 con 0x7fdf7010a010
2024-04-24T22:30:41.831 INFO:teuthology.orchestra.run.smithi111.stdout:/usr/bin/ceph: stderr
2024-04-24T22:30:40.787+0000 7fdf78600700 1 -- 172.21.15.111:0/1293818430 --> [v2:172.21.15.111:3300/0,v1:172.21.15.111:6789/0] -- mon_subscribe({osdmap=0}) -- 0x7fdf701a14e0 con 0x7fdf7010a010
2024-04-24T22:30:41.831 INFO:teuthology.orchestra.run.smithi111.stdout:/usr/bin/ceph: stderr
2024-04-24T22:30:40.788+0000 7fdf6e000700 1 -- 172.21.15.111:0/1293818430 <== mon.0 v2:172.21.15.111:3300/0 4 ==== mgrmap(e 4) ==== 46276+0+0 (secure 0 0 0) 0x7fdf64019850 con 0x7fdf7010a010
2024-04-24T22:30:41.832 INFO:teuthology.orchestra.run.smithi111.stdout:/usr/bin/ceph: stderr
2024-04-24T22:30:40.788+0000 7fdf78600700 1 -- 172.21.15.111:0/1293818430 --> [v2:172.21.15.111:3300/0,v1:172.21.15.111:6789/0] -- mon_command({"prefix": "get_command_descriptions"} v 0) -- 0x7fdf70063890 con 0x7fdf7010a010
2024-04-24T22:30:41.832 INFO:teuthology.orchestra.run.smithi111.stdout:/usr/bin/ceph: stderr
2024-04-24T22:30:40.789+0000 7fdf6e000700 1 --2- 172.21.15.111:0/1293818430 >> [v2:172.21.15.111:6800/2142544018,v1:172.21.15.111:6801/2142544018] conn(0x7fdf58039050 0x7fdf5803b510 unknown :-1 s=NONE pgs=0 cs=0 l=1 rev1=0 crypto rx=0 tx=0 comp rx=0 tx=0).connect
2024-04-24T22:30:41.832 INFO:teuthology.orchestra.run.smithi111.stdout:/usr/bin/ceph: stderr
2024-04-24T22:30:40.789+0000 7fdf6e000700 1 -- 172.21.15.111:0/1293818430 <== mon.0 v2:172.21.15.111:3300/0 5 ==== osd_map(1..1 src has 1..1) ==== 725+0+0 (secure 0 0 0) 0x7fdf64011e00 con 0x7fdf7010a010
2024-04-24T22:30:41.832 INFO:teuthology.orchestra.run.smithi111.stdout:/usr/bin/ceph: stderr
2024-04-24T22:30:40.789+0000 7fdf75200700 1 --2- 172.21.15.111:0/1293818430 >> [v2:172.21.15.111:6800/2142544018,v1:172.21.15.111:6801/2142544018] conn(0x7fdf58039050 0x7fdf5803b510 unknown :-1 s=BANNER_CONNECTING pgs=0 cs=0 l=1 rev1=0 crypto rx=0 tx=0 comp rx=0 tx=0)._handle_peer_banner_payload supported=3 required=0
2024-04-24T22:30:41.832 INFO:teuthology.orchestra.run.smithi111.stdout:/usr/bin/ceph: stderr
2024-04-24T22:30:40.790+0000 7fdf75200700 1 --2- 172.21.15.111:0/1293818430 >> [v2:172.21.15.111:6800/2142544018,v1:172.21.15.111:6801/2142544018] conn(0x7fdf58039050 0x7fdf5803b510 secure :-1 s=READY pgs=6 cs=0 l=1 rev1=1 crypto rx=0x7fdf5c006fd0 tx=0x7fdf5c006e40 comp rx=0 tx=0).ready entity=mgr.14100 client_cookie=0 server_cookie=0 in_seq=0 out_seq=0
2024-04-24T22:30:41.832 INFO:teuthology.orchestra.run.smithi111.stdout:/usr/bin/ceph: stderr
2024-04-24T22:30:40.795+0000 7fdf6e000700 1 -- 172.21.15.111:0/1293818430 <== mon.0 v2:172.21.15.111:3300/0 6 ==== mon_command_ack([{"prefix": "get_command_descriptions"}]=0 v0) ==== 72+0+186147 (secure 0 0 0) 0x7fdf6400e260 con 0x7fdf7010a010
2024-04-24T22:30:41.832 INFO:teuthology.orchestra.run.smithi111.stdout:/usr/bin/ceph: stderr
2024-04-24T22:30:41.105+0000 7fdf78600700 1 -- 172.21.15.111:0/1293818430 --> [v2:172.21.15.111:3300/0,v1:172.21.15.111:6789/0] -- mon_command({"prefix": "status", "format": "json-pretty"} v 0) -- 0x7fdf701a16b0 con 0x7fdf7010a010
2024-04-24T22:30:41.832 INFO:teuthology.orchestra.run.smithi111.stdout:/usr/bin/ceph: stderr
2024-04-24T22:30:41.106+0000 7fdf6e000700 1 -- 172.21.15.111:0/1293818430 <== mon.0 v2:172.21.15.111:3300/0 7 ==== mon_command_ack([{"prefix": "status", "format": "json-pretty"}]=0 v0) ==== 79+0+1239 (secure 0 0 0) 0x7fdf701a16b0 con 0x7fdf7010a010
2024-04-24T22:30:41.832 INFO:teuthology.orchestra.run.smithi111.stdout:/usr/bin/ceph: stderr
2024-04-24T22:30:41.109+0000 7fdf78600700 1 -- 172.21.15.111:0/1293818430 >> [v2:172.21.15.111:6800/2142544018,v1:172.21.15.111:6801/2142544018] conn(0x7fdf58039050 msgr2=0x7fdf5803b510 secure :-1 s=STATE_CONNECTION_ESTABLISHED l=1).mark_down
2024-04-24T22:30:41.832 INFO:teuthology.orchestra.run.smithi111.stdout:/usr/bin/ceph: stderr
2024-04-24T22:30:41.109+0000 7fdf78600700 1 --2- 172.21.15.111:0/1293818430 >> [v2:172.21.15.111:6800/2142544018,v1:172.21.15.111:6801/2142544018] conn(0x7fdf58039050 0x7fdf5803b510 secure :-1 s=READY pgs=6 cs=0 l=1 rev1=1 crypto rx=0x7fdf5c006fd0 tx=0x7fdf5c006e40 comp rx=0 tx=0).stop
2024-04-24T22:30:41.832 INFO:teuthology.orchestra.run.smithi111.stdout:/usr/bin/ceph: stderr
2024-04-24T22:30:41.109+0000 7fdf78600700 1 -- 172.21.15.111:0/1293818430 >> [v2:172.21.15.111:3300/0,v1:172.21.15.111:6789/0] conn(0x7fdf7010a010 msgr2=0x7fdf7019e020 secure :-1 s=STATE_CONNECTION_ESTABLISHED l=1).mark_down
2024-04-24T22:30:41.832 INFO:teuthology.orchestra.run.smithi111.stdout:/usr/bin/ceph: stderr
2024-04-24T22:30:41.109+0000 7fdf78600700 1 --2- 172.21.15.111:0/1293818430 >> [v2:172.21.15.111:3300/0,v1:172.21.15.111:6789/0] conn(0x7fdf7010a010 0x7fdf7019e020 secure :-1 s=READY pgs=19 cs=0 l=1 rev1=1 crypto rx=0x7fdf64011850 tx=0x7fdf64011c10 comp rx=0 tx=0).stop
2024-04-24T22:30:41.832 INFO:teuthology.orchestra.run.smithi111.stdout:/usr/bin/ceph: stderr
2024-04-24T22:30:41.109+0000 7fdf78600700 1 -- 172.21.15.111:0/1293818430 shutdown_connections
2024-04-24T22:30:41.832 INFO:teuthology.orchestra.run.smithi111.stdout:/usr/bin/ceph: stderr
2024-04-24T22:30:41.109+0000 7fdf78600700 1 --2- 172.21.15.111:0/1293818430 >> [v2:172.21.15.111:6800/2142544018,v1:172.21.15.111:6801/2142544018] conn(0x7fdf58039050 0x7fdf5803b510 unknown :-1 s=CLOSED pgs=6 cs=0 l=1 rev1=1 crypto rx=0 tx=0 comp rx=0 tx=0).stop
2024-04-24T22:30:41.832 INFO:teuthology.orchestra.run.smithi111.stdout:/usr/bin/ceph: stderr
2024-04-24T22:30:41.109+0000 7fdf78600700 1 --2- 172.21.15.111:0/1293818430 >> [v2:172.21.15.111:3300/0,v1:172.21.15.111:6789/0] conn(0x7fdf7010a010 0x7fdf7019e020 unknown :-1 s=CLOSED pgs=19 cs=0 l=1 rev1=1 crypto rx=0 tx=0 comp rx=0 tx=0).stop
2024-04-24T22:30:41.833 INFO:teuthology.orchestra.run.smithi111.stdout:/usr/bin/ceph: stderr
2024-04-24T22:30:41.109+0000 7fdf78600700 1 -- 172.21.15.111:0/1293818430 >> 172.21.15.111:0/1293818430 conn(0x7fdf7007d3a0 msgr2=0x7fdf701075b0 unknown :-1 s=STATE_NONE l=0).mark_down
2024-04-24T22:30:41.833 INFO:teuthology.orchestra.run.smithi111.stdout:/usr/bin/ceph: stderr
2024-04-24T22:30:41.109+0000 7fdf78600700 1 -- 172.21.15.111:0/1293818430 shutdown_connections
2024-04-24T22:30:41.833 INFO:teuthology.orchestra.run.smithi111.stdout:/usr/bin/ceph: stderr
2024-04-24T22:30:41.109+0000 7fdf78600700 1 -- 172.21.15.111:0/1293818430 wait complete.
2024-04-24T22:30:41.833 INFO:teuthology.orchestra.run.smithi111.stdout:mgr is available
2024-04-24T22:30:43.033 INFO:journalctl@ceph.mon.a.smithi111.stdout:Apr 24 22:30:42 smithi111 ceph-mon[27746]: from='client.? 172.21.15.111:0/2388830147' entity='client.admin' cmd=[{"prefix": "config assimilate-conf"}]: dispatch
2024-04-24T22:30:43.374 INFO:teuthology.orchestra.run.smithi111.stdout:/usr/bin/ceph: stdout
2024-04-24T22:30:43.380 INFO:teuthology.orchestra.run.smithi111.stdout:/usr/bin/ceph: stdout [global]
2024-04-24T22:30:43.380 INFO:teuthology.orchestra.run.smithi111.stdout:/usr/bin/ceph: stdout fsid = 0d3ba9b8-028a-11ef-bc93-c7b262605968
2024-04-24T22:30:43.380 INFO:teuthology.orchestra.run.smithi111.stdout:/usr/bin/ceph: stdout mon_osd_allow_pg_remap = true
2024-04-24T22:30:43.380 INFO:teuthology.orchestra.run.smithi111.stdout:/usr/bin/ceph: stdout mon_osd_allow_primary_affinity = true
2024-04-24T22:30:43.381 INFO:teuthology.orchestra.run.smithi111.stdout:/usr/bin/ceph: stdout mon_warn_on_no_sortbitwise = false
2024-04-24T22:30:43.381 INFO:teuthology.orchestra.run.smithi111.stdout:/usr/bin/ceph: stdout osd_crush_chooseleaf_type = 0
2024-04-24T22:30:43.381 INFO:teuthology.orchestra.run.smithi111.stdout:/usr/bin/ceph: stdout
2024-04-24T22:30:43.381 INFO:teuthology.orchestra.run.smithi111.stdout:/usr/bin/ceph: stdout [mgr]
2024-04-24T22:30:43.381 INFO:teuthology.orchestra.run.smithi111.stdout:/usr/bin/ceph: stdout mgr/telemetry/nag = false
2024-04-24T22:30:43.381 INFO:teuthology.orchestra.run.smithi111.stdout:/usr/bin/ceph: stdout
2024-04-24T22:30:43.383 INFO:teuthology.orchestra.run.smithi111.stdout:/usr/bin/ceph: stdout [osd]
2024-04-24T22:30:43.383 INFO:teuthology.orchestra.run.smithi111.stdout:/usr/bin/ceph: stdout mon_osd_backfillfull_ratio = 0.85
2024-04-24T22:30:43.383 INFO:teuthology.orchestra.run.smithi111.stdout:/usr/bin/ceph: stdout mon_osd_full_ratio = 0.9
2024-04-24T22:30:43.383 INFO:teuthology.orchestra.run.smithi111.stdout:/usr/bin/ceph: stdout mon_osd_nearfull_ratio = 0.8
2024-04-24T22:30:43.383 INFO:teuthology.orchestra.run.smithi111.stdout:/usr/bin/ceph: stdout osd_map_max_advance = 10
2024-04-24T22:30:43.383 INFO:teuthology.orchestra.run.smithi111.stdout:/usr/bin/ceph: stdout osd_sloppy_crc = true
2024-04-24T22:30:43.383 INFO:teuthology.orchestra.run.smithi111.stdout:/usr/bin/ceph: stderr
2024-04-24T22:30:42.432+0000 7f13fb200700 1 Processor -- start
2024-04-24T22:30:43.383 INFO:teuthology.orchestra.run.smithi111.stdout:/usr/bin/ceph: stderr
2024-04-24T22:30:42.432+0000 7f13fb200700 1 -- start start
2024-04-24T22:30:43.383 INFO:teuthology.orchestra.run.smithi111.stdout:/usr/bin/ceph: stderr
2024-04-24T22:30:42.433+0000 7f13fb200700 1 --2- >> [v2:172.21.15.111:3300/0,v1:172.21.15.111:6789/0] conn(0x7f13fc109e90 0x7f13fc10a2b0 unknown :-1 s=NONE pgs=0 cs=0 l=0 rev1=0 crypto rx=0 tx=0 comp rx=0 tx=0).connect
2024-04-24T22:30:43.384 INFO:teuthology.orchestra.run.smithi111.stdout:/usr/bin/ceph: stderr
2024-04-24T22:30:42.433+0000 7f13fb200700 1 -- --> [v2:172.21.15.111:3300/0,v1:172.21.15.111:6789/0] -- mon_getmap magic: 0 -- 0x7f13fc10a880 con 0x7f13fc109e90
2024-04-24T22:30:43.384 INFO:teuthology.orchestra.run.smithi111.stdout:/usr/bin/ceph: stderr
2024-04-24T22:30:42.433+0000 7f13f9e00700 1 --2- >> [v2:172.21.15.111:3300/0,v1:172.21.15.111:6789/0] conn(0x7f13fc109e90 0x7f13fc10a2b0 unknown :-1 s=BANNER_CONNECTING pgs=0 cs=0 l=0 rev1=0 crypto rx=0 tx=0 comp rx=0 tx=0)._handle_peer_banner_payload supported=3 required=0
2024-04-24T22:30:43.384 INFO:teuthology.orchestra.run.smithi111.stdout:/usr/bin/ceph: stderr
2024-04-24T22:30:42.433+0000 7f13f9e00700 1 --2- >> [v2:172.21.15.111:3300/0,v1:172.21.15.111:6789/0] conn(0x7f13fc109e90 0x7f13fc10a2b0 unknown :-1 s=HELLO_CONNECTING pgs=0 cs=0 l=0 rev1=1 crypto rx=0 tx=0 comp rx=0 tx=0).handle_hello peer v2:172.21.15.111:3300/0 says I am v2:172.21.15.111:34552/0 (socket says 172.21.15.111:34552)
2024-04-24T22:30:43.384 INFO:teuthology.orchestra.run.smithi111.stdout:/usr/bin/ceph: stderr
2024-04-24T22:30:42.433+0000 7f13f9e00700 1 -- 172.21.15.111:0/2306103997 learned_addr learned my addr 172.21.15.111:0/2306103997 (peer_addr_for_me v2:172.21.15.111:0/0)
2024-04-24T22:30:43.384 INFO:teuthology.orchestra.run.smithi111.stdout:/usr/bin/ceph: stderr
2024-04-24T22:30:42.434+0000 7f13f9e00700 1 -- 172.21.15.111:0/2306103997 --> [v2:172.21.15.111:3300/0,v1:172.21.15.111:6789/0] -- mon_subscribe({config=0+,monmap=0+}) -- 0x7f13fc10aff0 con 0x7f13fc109e90
2024-04-24T22:30:43.398 INFO:teuthology.orchestra.run.smithi111.stdout:/usr/bin/ceph: stderr
2024-04-24T22:30:42.434+0000 7f13f9e00700 1 --2- 172.21.15.111:0/2306103997 >> [v2:172.21.15.111:3300/0,v1:172.21.15.111:6789/0] conn(0x7f13fc109e90 0x7f13fc10a2b0 secure :-1 s=READY pgs=20 cs=0 l=1 rev1=1 crypto rx=0x7f13ec0098a0 tx=0x7f13ec009bb0 comp rx=0 tx=0).ready entity=mon.0 client_cookie=2e08d33f52a74160 server_cookie=0 in_seq=0 out_seq=0
2024-04-24T22:30:43.399 INFO:teuthology.orchestra.run.smithi111.stdout:/usr/bin/ceph: stderr
2024-04-24T22:30:42.434+0000 7f13f8a00700 1 -- 172.21.15.111:0/2306103997 <== mon.0 v2:172.21.15.111:3300/0 1 ==== mon_map magic: 0 ==== 205+0+0 (secure 0 0 0) 0x7f13ec004160 con 0x7f13fc109e90
2024-04-24T22:30:43.399 INFO:teuthology.orchestra.run.smithi111.stdout:/usr/bin/ceph: stderr
2024-04-24T22:30:42.435+0000 7f13f8a00700 1 -- 172.21.15.111:0/2306103997 <== mon.0 v2:172.21.15.111:3300/0 2 ==== config(27 keys) ==== 1109+0+0 (secure 0 0 0) 0x7f13ec004300 con 0x7f13fc109e90
2024-04-24T22:30:43.399 INFO:teuthology.orchestra.run.smithi111.stdout:/usr/bin/ceph: stderr
2024-04-24T22:30:42.435+0000 7f13f8a00700 1 -- 172.21.15.111:0/2306103997 <== mon.0 v2:172.21.15.111:3300/0 3 ==== mon_map magic: 0 ==== 205+0+0 (secure 0 0 0) 0x7f13ec011b50 con 0x7f13fc109e90
2024-04-24T22:30:43.399 INFO:teuthology.orchestra.run.smithi111.stdout:/usr/bin/ceph: stderr
2024-04-24T22:30:42.435+0000 7f13fb200700 1 -- 172.21.15.111:0/2306103997 >> [v2:172.21.15.111:3300/0,v1:172.21.15.111:6789/0] conn(0x7f13fc109e90 msgr2=0x7f13fc10a2b0 secure :-1 s=STATE_CONNECTION_ESTABLISHED l=1).mark_down
2024-04-24T22:30:43.399 INFO:teuthology.orchestra.run.smithi111.stdout:/usr/bin/ceph: stderr
2024-04-24T22:30:42.435+0000 7f13fb200700 1 --2- 172.21.15.111:0/2306103997 >> [v2:172.21.15.111:3300/0,v1:172.21.15.111:6789/0] conn(0x7f13fc109e90 0x7f13fc10a2b0 secure :-1 s=READY pgs=20 cs=0 l=1 rev1=1 crypto rx=0x7f13ec0098a0 tx=0x7f13ec009bb0 comp rx=0 tx=0).stop
2024-04-24T22:30:43.399 INFO:teuthology.orchestra.run.smithi111.stdout:/usr/bin/ceph: stderr
2024-04-24T22:30:42.435+0000 7f13fb200700 1 -- 172.21.15.111:0/2306103997 shutdown_connections
2024-04-24T22:30:43.399 INFO:teuthology.orchestra.run.smithi111.stdout:/usr/bin/ceph: stderr
2024-04-24T22:30:42.435+0000 7f13fb200700 1 --2- 172.21.15.111:0/2306103997 >> [v2:172.21.15.111:3300/0,v1:172.21.15.111:6789/0] conn(0x7f13fc109e90 0x7f13fc10a2b0 unknown :-1 s=CLOSED pgs=20 cs=0 l=1 rev1=1 crypto rx=0 tx=0 comp rx=0 tx=0).stop
2024-04-24T22:30:43.399 INFO:teuthology.orchestra.run.smithi111.stdout:/usr/bin/ceph: stderr
2024-04-24T22:30:42.435+0000 7f13fb200700 1 -- 172.21.15.111:0/2306103997 >> 172.21.15.111:0/2306103997 conn(0x7f13fc07d260 msgr2=0x7f13fc07d690 unknown :-1 s=STATE_NONE l=0).mark_down
2024-04-24T22:30:43.399 INFO:teuthology.orchestra.run.smithi111.stdout:/usr/bin/ceph: stderr
2024-04-24T22:30:42.436+0000 7f13fb200700 1 -- 172.21.15.111:0/2306103997 shutdown_connections
2024-04-24T22:30:43.399 INFO:teuthology.orchestra.run.smithi111.stdout:/usr/bin/ceph: stderr
2024-04-24T22:30:42.436+0000 7f13fb200700 1 -- 172.21.15.111:0/2306103997 wait complete.
2024-04-24T22:30:43.399 INFO:teuthology.orchestra.run.smithi111.stdout:/usr/bin/ceph: stderr
2024-04-24T22:30:42.437+0000 7f13fb200700 1 Processor -- start
2024-04-24T22:30:43.400 INFO:teuthology.orchestra.run.smithi111.stdout:/usr/bin/ceph: stderr
2024-04-24T22:30:42.437+0000 7f13fb200700 1 -- start start
2024-04-24T22:30:43.400 INFO:teuthology.orchestra.run.smithi111.stdout:/usr/bin/ceph: stderr
2024-04-24T22:30:42.437+0000 7f13fb200700 1 --2- >> [v2:172.21.15.111:3300/0,v1:172.21.15.111:6789/0] conn(0x7f13fc109e90 0x7f13fc19de70 unknown :-1 s=NONE pgs=0 cs=0 l=1 rev1=0 crypto rx=0 tx=0 comp rx=0 tx=0).connect
2024-04-24T22:30:43.400 INFO:teuthology.orchestra.run.smithi111.stdout:/usr/bin/ceph: stderr
2024-04-24T22:30:42.437+0000 7f13fb200700 1 -- --> [v2:172.21.15.111:3300/0,v1:172.21.15.111:6789/0] -- mon_getmap magic: 0 -- 0x7f13fc10e3a0 con 0x7f13fc109e90
2024-04-24T22:30:43.400 INFO:teuthology.orchestra.run.smithi111.stdout:/usr/bin/ceph: stderr
2024-04-24T22:30:42.438+0000 7f13f9e00700 1 --2- >> [v2:172.21.15.111:3300/0,v1:172.21.15.111:6789/0] conn(0x7f13fc109e90 0x7f13fc19de70 unknown :-1 s=BANNER_CONNECTING pgs=0 cs=0 l=1 rev1=0 crypto rx=0 tx=0 comp rx=0 tx=0)._handle_peer_banner_payload supported=3 required=0
2024-04-24T22:30:43.400 INFO:teuthology.orchestra.run.smithi111.stdout:/usr/bin/ceph: stderr
2024-04-24T22:30:42.438+0000 7f13f9e00700 1 --2- >> [v2:172.21.15.111:3300/0,v1:172.21.15.111:6789/0] conn(0x7f13fc109e90 0x7f13fc19de70 unknown :-1 s=HELLO_CONNECTING pgs=0 cs=0 l=1 rev1=1 crypto rx=0 tx=0 comp rx=0 tx=0).handle_hello peer v2:172.21.15.111:3300/0 says I am v2:172.21.15.111:34554/0 (socket says 172.21.15.111:34554)
2024-04-24T22:30:43.400 INFO:teuthology.orchestra.run.smithi111.stdout:/usr/bin/ceph: stderr
2024-04-24T22:30:42.438+0000 7f13f9e00700 1 -- 172.21.15.111:0/2388830147 learned_addr learned my addr 172.21.15.111:0/2388830147 (peer_addr_for_me v2:172.21.15.111:0/0)
2024-04-24T22:30:43.400 INFO:teuthology.orchestra.run.smithi111.stdout:/usr/bin/ceph: stderr
2024-04-24T22:30:42.438+0000 7f13f9e00700 1 -- 172.21.15.111:0/2388830147 --> [v2:172.21.15.111:3300/0,v1:172.21.15.111:6789/0] -- mon_subscribe({config=0+,monmap=0+}) -- 0x7f13fc19e3b0 con 0x7f13fc109e90
2024-04-24T22:30:43.400 INFO:teuthology.orchestra.run.smithi111.stdout:/usr/bin/ceph: stderr
2024-04-24T22:30:42.438+0000 7f13f9e00700 1 --2- 172.21.15.111:0/2388830147 >> [v2:172.21.15.111:3300/0,v1:172.21.15.111:6789/0] conn(0x7f13fc109e90 0x7f13fc19de70 secure :-1 s=READY pgs=21 cs=0 l=1 rev1=1 crypto rx=0x7f13ec011850 tx=0x7f13ec011c10 comp rx=0 tx=0).ready entity=mon.0 client_cookie=0 server_cookie=0 in_seq=0 out_seq=0
2024-04-24T22:30:43.400 INFO:teuthology.orchestra.run.smithi111.stdout:/usr/bin/ceph: stderr
2024-04-24T22:30:42.439+0000 7f13f2a00700 1 -- 172.21.15.111:0/2388830147 <== mon.0 v2:172.21.15.111:3300/0 1 ==== mon_map magic: 0 ==== 205+0+0 (secure 0 0 0) 0x7f13ec003af0 con 0x7f13fc109e90
2024-04-24T22:30:43.400 INFO:teuthology.orchestra.run.smithi111.stdout:/usr/bin/ceph: stderr
2024-04-24T22:30:42.439+0000 7f13f2a00700 1 -- 172.21.15.111:0/2388830147 <== mon.0 v2:172.21.15.111:3300/0 2 ==== config(27 keys) ==== 1109+0+0 (secure 0 0 0) 0x7f13ec020070 con 0x7f13fc109e90
2024-04-24T22:30:43.400 INFO:teuthology.orchestra.run.smithi111.stdout:/usr/bin/ceph: stderr
2024-04-24T22:30:42.439+0000 7f13f2a00700 1 -- 172.21.15.111:0/2388830147 <== mon.0 v2:172.21.15.111:3300/0 3 ==== mon_map magic: 0 ==== 205+0+0 (secure 0 0 0) 0x7f13ec0195a0 con 0x7f13fc109e90
2024-04-24T22:30:43.400 INFO:teuthology.orchestra.run.smithi111.stdout:/usr/bin/ceph: stderr
2024-04-24T22:30:42.439+0000 7f13fb200700 1 -- 172.21.15.111:0/2388830147 --> [v2:172.21.15.111:3300/0,v1:172.21.15.111:6789/0] -- mon_subscribe({mgrmap=0+}) -- 0x7f13fc19e640 con 0x7f13fc109e90
2024-04-24T22:30:43.401 INFO:teuthology.orchestra.run.smithi111.stdout:/usr/bin/ceph: stderr
2024-04-24T22:30:42.439+0000 7f13fb200700 1 -- 172.21.15.111:0/2388830147 --> [v2:172.21.15.111:3300/0,v1:172.21.15.111:6789/0] -- mon_subscribe({osdmap=0}) -- 0x7f13fc1a1330 con 0x7f13fc109e90
2024-04-24T22:30:43.401 INFO:teuthology.orchestra.run.smithi111.stdout:/usr/bin/ceph: stderr
2024-04-24T22:30:42.440+0000 7f13f2a00700 1 -- 172.21.15.111:0/2388830147 <== mon.0 v2:172.21.15.111:3300/0 4 ==== mgrmap(e 4) ==== 46276+0+0 (secure 0 0 0) 0x7f13ec019850 con 0x7f13fc109e90
2024-04-24T22:30:43.401 INFO:teuthology.orchestra.run.smithi111.stdout:/usr/bin/ceph: stderr
2024-04-24T22:30:42.440+0000 7f13fb200700 1 -- 172.21.15.111:0/2388830147 --> [v2:172.21.15.111:3300/0,v1:172.21.15.111:6789/0] -- mon_command({"prefix": "get_command_descriptions"} v 0) -- 0x7f13fc063890 con 0x7f13fc109e90
2024-04-24T22:30:43.401 INFO:teuthology.orchestra.run.smithi111.stdout:/usr/bin/ceph: stderr
2024-04-24T22:30:42.441+0000 7f13f2a00700 1 --2- 172.21.15.111:0/2388830147 >> [v2:172.21.15.111:6800/2142544018,v1:172.21.15.111:6801/2142544018] conn(0x7f13e0039050 0x7f13e003b510 unknown :-1 s=NONE pgs=0 cs=0 l=1 rev1=0 crypto rx=0 tx=0 comp rx=0 tx=0).connect
2024-04-24T22:30:43.401 INFO:teuthology.orchestra.run.smithi111.stdout:/usr/bin/ceph: stderr
2024-04-24T22:30:42.441+0000 7f13f2a00700 1 -- 172.21.15.111:0/2388830147 <== mon.0 v2:172.21.15.111:3300/0 5 ==== osd_map(1..1 src has 1..1) ==== 725+0+0 (secure 0 0 0) 0x7f13ec011e00 con 0x7f13fc109e90
2024-04-24T22:30:43.401 INFO:teuthology.orchestra.run.smithi111.stdout:/usr/bin/ceph: stderr
2024-04-24T22:30:42.441+0000 7f13f9400700 1 --2- 172.21.15.111:0/2388830147 >> [v2:172.21.15.111:6800/2142544018,v1:172.21.15.111:6801/2142544018] conn(0x7f13e0039050 0x7f13e003b510 unknown :-1 s=BANNER_CONNECTING pgs=0 cs=0 l=1 rev1=0 crypto rx=0 tx=0 comp rx=0 tx=0)._handle_peer_banner_payload supported=3 required=0
2024-04-24T22:30:43.401 INFO:teuthology.orchestra.run.smithi111.stdout:/usr/bin/ceph: stderr
2024-04-24T22:30:42.442+0000 7f13f9400700 1 --2- 172.21.15.111:0/2388830147 >> [v2:172.21.15.111:6800/2142544018,v1:172.21.15.111:6801/2142544018] conn(0x7f13e0039050 0x7f13e003b510 secure :-1 s=READY pgs=7 cs=0 l=1 rev1=1 crypto rx=0x7f13e8006fd0 tx=0x7f13e8006e40 comp rx=0 tx=0).ready entity=mgr.14100 client_cookie=0 server_cookie=0 in_seq=0 out_seq=0
2024-04-24T22:30:43.401 INFO:teuthology.orchestra.run.smithi111.stdout:/usr/bin/ceph: stderr
2024-04-24T22:30:42.446+0000 7f13f2a00700 1 -- 172.21.15.111:0/2388830147 <== mon.0 v2:172.21.15.111:3300/0 6 ==== mon_command_ack([{"prefix": "get_command_descriptions"}]=0 v0) ==== 72+0+186147 (secure 0 0 0) 0x7f13ec00e260 con 0x7f13fc109e90
2024-04-24T22:30:43.401 INFO:teuthology.orchestra.run.smithi111.stdout:/usr/bin/ceph: stderr
2024-04-24T22:30:42.667+0000 7f13fb200700 1 -- 172.21.15.111:0/2388830147 --> [v2:172.21.15.111:3300/0,v1:172.21.15.111:6789/0] -- mon_command({"prefix": "config assimilate-conf"} v 0) -- 0x7f13fc1a1500 con 0x7f13fc109e90
2024-04-24T22:30:43.401 INFO:teuthology.orchestra.run.smithi111.stdout:/usr/bin/ceph: stderr
2024-04-24T22:30:42.670+0000 7f13f2a00700 1 -- 172.21.15.111:0/2388830147 <== mon.0 v2:172.21.15.111:3300/0 7 ==== mon_command_ack([{"prefix": "config assimilate-conf"}]=0 v3) ==== 70+0+373 (secure 0 0 0) 0x7f13fc1a1500 con 0x7f13fc109e90
2024-04-24T22:30:43.402 INFO:teuthology.orchestra.run.smithi111.stdout:/usr/bin/ceph: stderr
2024-04-24T22:30:42.673+0000 7f13fb200700 1 -- 172.21.15.111:0/2388830147 >> [v2:172.21.15.111:6800/2142544018,v1:172.21.15.111:6801/2142544018] conn(0x7f13e0039050 msgr2=0x7f13e003b510 secure :-1 s=STATE_CONNECTION_ESTABLISHED l=1).mark_down
2024-04-24T22:30:43.402 INFO:teuthology.orchestra.run.smithi111.stdout:/usr/bin/ceph: stderr
2024-04-24T22:30:42.673+0000 7f13fb200700 1 --2- 172.21.15.111:0/2388830147 >> [v2:172.21.15.111:6800/2142544018,v1:172.21.15.111:6801/2142544018] conn(0x7f13e0039050 0x7f13e003b510 secure :-1 s=READY pgs=7 cs=0 l=1 rev1=1 crypto rx=0x7f13e8006fd0 tx=0x7f13e8006e40 comp rx=0 tx=0).stop
2024-04-24T22:30:43.402 INFO:teuthology.orchestra.run.smithi111.stdout:/usr/bin/ceph: stderr
2024-04-24T22:30:42.673+0000 7f13fb200700 1 -- 172.21.15.111:0/2388830147 >> [v2:172.21.15.111:3300/0,v1:172.21.15.111:6789/0] conn(0x7f13fc109e90 msgr2=0x7f13fc19de70 secure :-1 s=STATE_CONNECTION_ESTABLISHED l=1).mark_down
2024-04-24T22:30:43.402 INFO:teuthology.orchestra.run.smithi111.stdout:/usr/bin/ceph: stderr
2024-04-24T22:30:42.673+0000 7f13fb200700 1 --2- 172.21.15.111:0/2388830147 >> [v2:172.21.15.111:3300/0,v1:172.21.15.111:6789/0] conn(0x7f13fc109e90 0x7f13fc19de70 secure :-1 s=READY pgs=21 cs=0 l=1 rev1=1 crypto rx=0x7f13ec011850 tx=0x7f13ec011c10 comp rx=0 tx=0).stop
2024-04-24T22:30:43.402 INFO:teuthology.orchestra.run.smithi111.stdout:/usr/bin/ceph: stderr
2024-04-24T22:30:42.673+0000 7f13fb200700 1 -- 172.21.15.111:0/2388830147 shutdown_connections
2024-04-24T22:30:43.402 INFO:teuthology.orchestra.run.smithi111.stdout:/usr/bin/ceph: stderr
2024-04-24T22:30:42.673+0000 7f13fb200700 1 --2- 172.21.15.111:0/2388830147 >> [v2:172.21.15.111:6800/2142544018,v1:172.21.15.111:6801/2142544018] conn(0x7f13e0039050 0x7f13e003b510 unknown :-1 s=CLOSED pgs=7 cs=0 l=1 rev1=1 crypto rx=0 tx=0 comp rx=0 tx=0).stop
2024-04-24T22:30:43.402 INFO:teuthology.orchestra.run.smithi111.stdout:/usr/bin/ceph: stderr
2024-04-24T22:30:42.673+0000 7f13fb200700 1 --2- 172.21.15.111:0/2388830147 >> [v2:172.21.15.111:3300/0,v1:172.21.15.111:6789/0] conn(0x7f13fc109e90 0x7f13fc19de70 unknown :-1 s=CLOSED pgs=21 cs=0 l=1 rev1=1 crypto rx=0 tx=0 comp rx=0 tx=0).stop
2024-04-24T22:30:43.402 INFO:teuthology.orchestra.run.smithi111.stdout:/usr/bin/ceph: stderr
2024-04-24T22:30:42.673+0000 7f13fb200700 1 -- 172.21.15.111:0/2388830147 >> 172.21.15.111:0/2388830147 conn(0x7f13fc07d260 msgr2=0x7f13fc107540 unknown :-1 s=STATE_NONE l=0).mark_down
2024-04-24T22:30:43.402 INFO:teuthology.orchestra.run.smithi111.stdout:/usr/bin/ceph: stderr
2024-04-24T22:30:42.673+0000 7f13fb200700 1 -- 172.21.15.111:0/2388830147 shutdown_connections
2024-04-24T22:30:43.402 INFO:teuthology.orchestra.run.smithi111.stdout:/usr/bin/ceph: stderr
2024-04-24T22:30:42.673+0000 7f13fb200700 1 -- 172.21.15.111:0/2388830147 wait complete.
2024-04-24T22:30:43.402 INFO:teuthology.orchestra.run.smithi111.stdout:Enabling cephadm module...
2024-04-24T22:30:44.534 INFO:journalctl@ceph.mgr.x.smithi111.stdout:Apr 24 22:30:44 smithi111 ceph-0d3ba9b8-028a-11ef-bc93-c7b262605968-mgr-x[27988]: ignoring --setuser ceph since I am not root
2024-04-24T22:30:44.534 INFO:journalctl@ceph.mgr.x.smithi111.stdout:Apr 24 22:30:44 smithi111 ceph-0d3ba9b8-028a-11ef-bc93-c7b262605968-mgr-x[27988]: ignoring --setgroup ceph since I am not root
2024-04-24T22:30:44.534 INFO:journalctl@ceph.mon.a.smithi111.stdout:Apr 24 22:30:44 smithi111 ceph-mon[27746]: from='client.? 172.21.15.111:0/1019270049' entity='client.admin' cmd=[{"prefix": "mgr module enable", "module": "cephadm"}]: dispatch
2024-04-24T22:30:44.836 INFO:journalctl@ceph.mgr.x.smithi111.stdout:Apr 24 22:30:44 smithi111 ceph-0d3ba9b8-028a-11ef-bc93-c7b262605968-mgr-x[27988]:
2024-04-24T22:30:44.583+0000 7f0db2d42200 -1 mgr[py] Module balancer has missing NOTIFY_TYPES member
2024-04-24T22:30:44.836 INFO:journalctl@ceph.mgr.x.smithi111.stdout:Apr 24 22:30:44 smithi111 ceph-0d3ba9b8-028a-11ef-bc93-c7b262605968-mgr-x[27988]:
2024-04-24T22:30:44.834+0000 7f0db2d42200 -1 mgr[py] Module orchestrator has missing NOTIFY_TYPES member
2024-04-24T22:30:45.015 INFO:teuthology.orchestra.run.smithi111.stdout:/usr/bin/ceph: stderr
2024-04-24T22:30:43.965+0000 7f6970c00700 1 Processor -- start
2024-04-24T22:30:45.015 INFO:teuthology.orchestra.run.smithi111.stdout:/usr/bin/ceph: stderr
2024-04-24T22:30:43.965+0000 7f6970c00700 1 -- start start
2024-04-24T22:30:45.015 INFO:teuthology.orchestra.run.smithi111.stdout:/usr/bin/ceph: stderr
2024-04-24T22:30:43.966+0000 7f6970c00700 1 --2- >> [v2:172.21.15.111:3300/0,v1:172.21.15.111:6789/0] conn(0x7f696c108880 0x7f696c10ac70 unknown :-1 s=NONE pgs=0 cs=0 l=0 rev1=0 crypto rx=0 tx=0 comp rx=0 tx=0).connect
2024-04-24T22:30:45.015 INFO:teuthology.orchestra.run.smithi111.stdout:/usr/bin/ceph: stderr
2024-04-24T22:30:43.966+0000 7f6970c00700 1 -- --> [v2:172.21.15.111:3300/0,v1:172.21.15.111:6789/0] -- mon_getmap magic: 0 -- 0x7f696c07be80 con 0x7f696c108880
2024-04-24T22:30:45.015 INFO:teuthology.orchestra.run.smithi111.stdout:/usr/bin/ceph: stderr
2024-04-24T22:30:43.966+0000 7f6969e00700 1 --2- >> [v2:172.21.15.111:3300/0,v1:172.21.15.111:6789/0] conn(0x7f696c108880 0x7f696c10ac70 unknown :-1 s=BANNER_CONNECTING pgs=0 cs=0 l=0 rev1=0 crypto rx=0 tx=0 comp rx=0 tx=0)._handle_peer_banner_payload supported=3 required=0
2024-04-24T22:30:45.015 INFO:teuthology.orchestra.run.smithi111.stdout:/usr/bin/ceph: stderr
2024-04-24T22:30:43.966+0000 7f6969e00700 1 --2- >> [v2:172.21.15.111:3300/0,v1:172.21.15.111:6789/0] conn(0x7f696c108880 0x7f696c10ac70 unknown :-1 s=HELLO_CONNECTING pgs=0 cs=0 l=0 rev1=1 crypto rx=0 tx=0 comp rx=0 tx=0).handle_hello peer v2:172.21.15.111:3300/0 says I am v2:172.21.15.111:34558/0 (socket says 172.21.15.111:34558)
2024-04-24T22:30:45.015 INFO:teuthology.orchestra.run.smithi111.stdout:/usr/bin/ceph: stderr
2024-04-24T22:30:43.966+0000 7f6969e00700 1 -- 172.21.15.111:0/3964875058 learned_addr learned my addr 172.21.15.111:0/3964875058 (peer_addr_for_me v2:172.21.15.111:0/0)
2024-04-24T22:30:45.015 INFO:teuthology.orchestra.run.smithi111.stdout:/usr/bin/ceph: stderr
2024-04-24T22:30:43.967+0000 7f6969e00700 1 -- 172.21.15.111:0/3964875058 --> [v2:172.21.15.111:3300/0,v1:172.21.15.111:6789/0] -- mon_subscribe({config=0+,monmap=0+}) -- 0x7f696c10b1b0 con 0x7f696c108880
2024-04-24T22:30:45.015 INFO:teuthology.orchestra.run.smithi111.stdout:/usr/bin/ceph: stderr
2024-04-24T22:30:43.967+0000 7f6969e00700 1 --2- 172.21.15.111:0/3964875058 >> [v2:172.21.15.111:3300/0,v1:172.21.15.111:6789/0] conn(0x7f696c108880 0x7f696c10ac70 secure :-1 s=READY pgs=22 cs=0 l=1 rev1=1 crypto rx=0x7f695c0098a0 tx=0x7f695c009bb0 comp rx=0 tx=0).ready entity=mon.0 client_cookie=1a125bdfee528b25 server_cookie=0 in_seq=0 out_seq=0
2024-04-24T22:30:45.015 INFO:teuthology.orchestra.run.smithi111.stdout:/usr/bin/ceph: stderr
2024-04-24T22:30:43.967+0000 7f6968a00700 1 -- 172.21.15.111:0/3964875058 <== mon.0 v2:172.21.15.111:3300/0 1 ==== mon_map magic: 0 ==== 205+0+0 (secure 0 0 0) 0x7f695c004160 con 0x7f696c108880
2024-04-24T22:30:45.015 INFO:teuthology.orchestra.run.smithi111.stdout:/usr/bin/ceph: stderr
2024-04-24T22:30:43.968+0000 7f6968a00700 1 -- 172.21.15.111:0/3964875058 <== mon.0 v2:172.21.15.111:3300/0 2 ==== config(27 keys) ==== 1109+0+0 (secure 0 0 0) 0x7f695c004300 con 0x7f696c108880
2024-04-24T22:30:45.015 INFO:teuthology.orchestra.run.smithi111.stdout:/usr/bin/ceph: stderr
2024-04-24T22:30:43.968+0000 7f6968a00700 1 -- 172.21.15.111:0/3964875058 <== mon.0 v2:172.21.15.111:3300/0 3 ==== mon_map magic: 0 ==== 205+0+0 (secure 0 0 0) 0x7f695c011b50 con 0x7f696c108880
2024-04-24T22:30:45.015 INFO:teuthology.orchestra.run.smithi111.stdout:/usr/bin/ceph: stderr
2024-04-24T22:30:43.968+0000 7f6970c00700 1 -- 172.21.15.111:0/3964875058 >> [v2:172.21.15.111:3300/0,v1:172.21.15.111:6789/0] conn(0x7f696c108880 msgr2=0x7f696c10ac70 secure :-1 s=STATE_CONNECTION_ESTABLISHED l=1).mark_down
2024-04-24T22:30:45.016 INFO:teuthology.orchestra.run.smithi111.stdout:/usr/bin/ceph: stderr
2024-04-24T22:30:43.968+0000 7f6970c00700 1 --2- 172.21.15.111:0/3964875058 >> [v2:172.21.15.111:3300/0,v1:172.21.15.111:6789/0] conn(0x7f696c108880 0x7f696c10ac70 secure :-1 s=READY pgs=22 cs=0 l=1 rev1=1 crypto rx=0x7f695c0098a0 tx=0x7f695c009bb0 comp rx=0 tx=0).stop
2024-04-24T22:30:45.016 INFO:teuthology.orchestra.run.smithi111.stdout:/usr/bin/ceph: stderr
2024-04-24T22:30:43.968+0000 7f6970c00700 1 -- 172.21.15.111:0/3964875058 shutdown_connections
2024-04-24T22:30:45.016 INFO:teuthology.orchestra.run.smithi111.stdout:/usr/bin/ceph: stderr
2024-04-24T22:30:43.968+0000 7f6970c00700 1 --2- 172.21.15.111:0/3964875058 >> [v2:172.21.15.111:3300/0,v1:172.21.15.111:6789/0] conn(0x7f696c108880 0x7f696c10ac70 unknown :-1 s=CLOSED pgs=22 cs=0 l=1 rev1=1 crypto rx=0 tx=0 comp rx=0 tx=0).stop
2024-04-24T22:30:45.016 INFO:teuthology.orchestra.run.smithi111.stdout:/usr/bin/ceph: stderr
2024-04-24T22:30:43.968+0000 7f6970c00700 1 -- 172.21.15.111:0/3964875058 >> 172.21.15.111:0/3964875058 conn(0x7f696c1022d0 msgr2=0x7f696c1046f0 unknown :-1 s=STATE_NONE l=0).mark_down
2024-04-24T22:30:45.016 INFO:teuthology.orchestra.run.smithi111.stdout:/usr/bin/ceph: stderr
2024-04-24T22:30:43.969+0000 7f6970c00700 1 -- 172.21.15.111:0/3964875058 shutdown_connections
2024-04-24T22:30:45.016 INFO:teuthology.orchestra.run.smithi111.stdout:/usr/bin/ceph: stderr
2024-04-24T22:30:43.969+0000 7f6970c00700 1 -- 172.21.15.111:0/3964875058 wait complete.
2024-04-24T22:30:45.016 INFO:teuthology.orchestra.run.smithi111.stdout:/usr/bin/ceph: stderr
2024-04-24T22:30:43.970+0000 7f6970c00700 1 Processor -- start
2024-04-24T22:30:45.016 INFO:teuthology.orchestra.run.smithi111.stdout:/usr/bin/ceph: stderr
2024-04-24T22:30:43.970+0000 7f6970c00700 1 -- start start
2024-04-24T22:30:45.016 INFO:teuthology.orchestra.run.smithi111.stdout:/usr/bin/ceph: stderr
2024-04-24T22:30:43.970+0000 7f6970c00700 1 --2- >> [v2:172.21.15.111:3300/0,v1:172.21.15.111:6789/0] conn(0x7f696c108880 0x7f696c108100 unknown :-1 s=NONE pgs=0 cs=0 l=1 rev1=0 crypto rx=0 tx=0 comp rx=0 tx=0).connect
2024-04-24T22:30:45.016 INFO:teuthology.orchestra.run.smithi111.stdout:/usr/bin/ceph: stderr
2024-04-24T22:30:43.970+0000 7f6970c00700 1 -- --> [v2:172.21.15.111:3300/0,v1:172.21.15.111:6789/0] -- mon_getmap magic: 0 -- 0x7f696c10c1e0 con 0x7f696c108880
2024-04-24T22:30:45.016 INFO:teuthology.orchestra.run.smithi111.stdout:/usr/bin/ceph: stderr
2024-04-24T22:30:43.970+0000 7f6969e00700 1 --2- >> [v2:172.21.15.111:3300/0,v1:172.21.15.111:6789/0] conn(0x7f696c108880 0x7f696c108100 unknown :-1 s=BANNER_CONNECTING pgs=0 cs=0 l=1 rev1=0 crypto rx=0 tx=0 comp rx=0 tx=0)._handle_peer_banner_payload supported=3 required=0
2024-04-24T22:30:45.016 INFO:teuthology.orchestra.run.smithi111.stdout:/usr/bin/ceph: stderr
2024-04-24T22:30:43.970+0000 7f6969e00700 1 --2- >> [v2:172.21.15.111:3300/0,v1:172.21.15.111:6789/0] conn(0x7f696c108880 0x7f696c108100 unknown :-1 s=HELLO_CONNECTING pgs=0 cs=0 l=1 rev1=1 crypto rx=0 tx=0 comp rx=0 tx=0).handle_hello peer v2:172.21.15.111:3300/0 says I am v2:172.21.15.111:34568/0 (socket says 172.21.15.111:34568)
2024-04-24T22:30:45.016 INFO:teuthology.orchestra.run.smithi111.stdout:/usr/bin/ceph: stderr
2024-04-24T22:30:43.970+0000 7f6969e00700 1 -- 172.21.15.111:0/1019270049 learned_addr learned my addr 172.21.15.111:0/1019270049 (peer_addr_for_me v2:172.21.15.111:0/0)
2024-04-24T22:30:45.016 INFO:teuthology.orchestra.run.smithi111.stdout:/usr/bin/ceph: stderr
2024-04-24T22:30:43.971+0000 7f6969e00700 1 -- 172.21.15.111:0/1019270049 --> [v2:172.21.15.111:3300/0,v1:172.21.15.111:6789/0] -- mon_subscribe({config=0+,monmap=0+}) -- 0x7f696c108640 con 0x7f696c108880
2024-04-24T22:30:45.017 INFO:teuthology.orchestra.run.smithi111.stdout:/usr/bin/ceph: stderr
2024-04-24T22:30:43.971+0000 7f6969e00700 1 --2- 172.21.15.111:0/1019270049 >> [v2:172.21.15.111:3300/0,v1:172.21.15.111:6789/0] conn(0x7f696c108880 0x7f696c108100 secure :-1 s=READY pgs=23 cs=0 l=1 rev1=1 crypto rx=0x7f695c011b60 tx=0x7f695c011c40 comp rx=0 tx=0).ready entity=mon.0 client_cookie=0 server_cookie=0 in_seq=0 out_seq=0
2024-04-24T22:30:45.017 INFO:teuthology.orchestra.run.smithi111.stdout:/usr/bin/ceph: stderr
2024-04-24T22:30:43.971+0000 7f6962a00700 1 -- 172.21.15.111:0/1019270049 <== mon.0 v2:172.21.15.111:3300/0 1 ==== mon_map magic: 0 ==== 205+0+0 (secure 0 0 0) 0x7f695c003970 con 0x7f696c108880
2024-04-24T22:30:45.017 INFO:teuthology.orchestra.run.smithi111.stdout:/usr/bin/ceph: stderr
2024-04-24T22:30:43.971+0000 7f6962a00700 1 -- 172.21.15.111:0/1019270049 <== mon.0 v2:172.21.15.111:3300/0 2 ==== config(27 keys) ==== 1109+0+0 (secure 0 0 0) 0x7f695c003b10 con 0x7f696c108880
2024-04-24T22:30:45.017 INFO:teuthology.orchestra.run.smithi111.stdout:/usr/bin/ceph: stderr
2024-04-24T22:30:43.971+0000 7f6962a00700 1 -- 172.21.15.111:0/1019270049 <== mon.0 v2:172.21.15.111:3300/0 3 ==== mon_map magic: 0 ==== 205+0+0 (secure 0 0 0) 0x7f695c024610 con 0x7f696c108880
2024-04-24T22:30:45.017 INFO:teuthology.orchestra.run.smithi111.stdout:/usr/bin/ceph: stderr
2024-04-24T22:30:43.971+0000 7f6970c00700 1 -- 172.21.15.111:0/1019270049 --> [v2:172.21.15.111:3300/0,v1:172.21.15.111:6789/0] -- mon_subscribe({mgrmap=0+}) -- 0x7f696c106830 con 0x7f696c108880
2024-04-24T22:30:45.017 INFO:teuthology.orchestra.run.smithi111.stdout:/usr/bin/ceph: stderr
2024-04-24T22:30:43.972+0000 7f6970c00700 1 -- 172.21.15.111:0/1019270049 --> [v2:172.21.15.111:3300/0,v1:172.21.15.111:6789/0] -- mon_subscribe({osdmap=0}) -- 0x7f696c106d70 con 0x7f696c108880
2024-04-24T22:30:45.017 INFO:teuthology.orchestra.run.smithi111.stdout:/usr/bin/ceph: stderr
2024-04-24T22:30:43.973+0000 7f6962a00700 1 -- 172.21.15.111:0/1019270049 <== mon.0 v2:172.21.15.111:3300/0 4 ==== mgrmap(e 4) ==== 46276+0+0 (secure 0 0 0) 0x7f695c01a9f0 con 0x7f696c108880
2024-04-24T22:30:45.017 INFO:teuthology.orchestra.run.smithi111.stdout:/usr/bin/ceph: stderr
2024-04-24T22:30:43.973+0000 7f6970c00700 1 -- 172.21.15.111:0/1019270049 --> [v2:172.21.15.111:3300/0,v1:172.21.15.111:6789/0] -- mon_command({"prefix": "get_command_descriptions"} v 0) -- 0x7f696c063890 con 0x7f696c108880
2024-04-24T22:30:45.017 INFO:teuthology.orchestra.run.smithi111.stdout:/usr/bin/ceph: stderr
2024-04-24T22:30:43.973+0000 7f6962a00700 1 --2- 172.21.15.111:0/1019270049 >> [v2:172.21.15.111:6800/2142544018,v1:172.21.15.111:6801/2142544018] conn(0x7f6950039050 0x7f695003b510 unknown :-1 s=NONE pgs=0 cs=0 l=1 rev1=0 crypto rx=0 tx=0 comp rx=0 tx=0).connect
2024-04-24T22:30:45.017 INFO:teuthology.orchestra.run.smithi111.stdout:/usr/bin/ceph: stderr
2024-04-24T22:30:43.973+0000 7f6962a00700 1 -- 172.21.15.111:0/1019270049 <== mon.0 v2:172.21.15.111:3300/0 5 ==== osd_map(1..1 src has 1..1) ==== 725+0+0 (secure 0 0 0) 0x7f695c011e00 con 0x7f696c108880
2024-04-24T22:30:45.017 INFO:teuthology.orchestra.run.smithi111.stdout:/usr/bin/ceph: stderr
2024-04-24T22:30:43.973+0000 7f6969400700 1 --2- 172.21.15.111:0/1019270049 >> [v2:172.21.15.111:6800/2142544018,v1:172.21.15.111:6801/2142544018] conn(0x7f6950039050 0x7f695003b510 unknown :-1 s=BANNER_CONNECTING pgs=0 cs=0 l=1 rev1=0 crypto rx=0 tx=0 comp rx=0 tx=0)._handle_peer_banner_payload supported=3 required=0
2024-04-24T22:30:45.017 INFO:teuthology.orchestra.run.smithi111.stdout:/usr/bin/ceph: stderr
2024-04-24T22:30:43.974+0000 7f6969400700 1 --2- 172.21.15.111:0/1019270049 >> [v2:172.21.15.111:6800/2142544018,v1:172.21.15.111:6801/2142544018] conn(0x7f6950039050 0x7f695003b510 secure :-1 s=READY pgs=8 cs=0 l=1 rev1=1 crypto rx=0x7f6958006fd0 tx=0x7f6958006e40 comp rx=0 tx=0).ready entity=mgr.14100 client_cookie=0 server_cookie=0 in_seq=0 out_seq=0
2024-04-24T22:30:45.017 INFO:teuthology.orchestra.run.smithi111.stdout:/usr/bin/ceph: stderr
2024-04-24T22:30:43.978+0000 7f6962a00700 1 -- 172.21.15.111:0/1019270049 <== mon.0 v2:172.21.15.111:3300/0 6 ==== mon_command_ack([{"prefix": "get_command_descriptions"}]=0 v0) ==== 72+0+186147 (secure 0 0 0) 0x7f695c016260 con 0x7f696c108880
2024-04-24T22:30:45.017 INFO:teuthology.orchestra.run.smithi111.stdout:/usr/bin/ceph: stderr
2024-04-24T22:30:44.257+0000 7f6970c00700 1 -- 172.21.15.111:0/1019270049 --> [v2:172.21.15.111:3300/0,v1:172.21.15.111:6789/0] -- mon_command({"prefix": "mgr module enable", "module": "cephadm"} v 0) -- 0x7f696c106ff0 con 0x7f696c108880
2024-04-24T22:30:45.018 INFO:teuthology.orchestra.run.smithi111.stdout:/usr/bin/ceph: stderr
2024-04-24T22:30:44.311+0000 7f6962a00700 1 -- 172.21.15.111:0/1019270049 <== mon.0 v2:172.21.15.111:3300/0 7 ==== mon_command_ack([{"prefix": "mgr module enable", "module": "cephadm"}]=0 v5) ==== 86+0+0 (secure 0 0 0) 0x7f695c019e10 con 0x7f696c108880
2024-04-24T22:30:45.018 INFO:teuthology.orchestra.run.smithi111.stdout:/usr/bin/ceph: stderr
2024-04-24T22:30:44.314+0000 7f6962a00700 1 -- 172.21.15.111:0/1019270049 <== mon.0 v2:172.21.15.111:3300/0 8 ==== mgrmap(e 5) ==== 46287+0+0 (secure 0 0 0) 0x7f695c024c40 con 0x7f696c108880
2024-04-24T22:30:45.018 INFO:teuthology.orchestra.run.smithi111.stdout:/usr/bin/ceph: stderr
2024-04-24T22:30:44.314+0000 7f6970c00700 1 -- 172.21.15.111:0/1019270049 >> [v2:172.21.15.111:6800/2142544018,v1:172.21.15.111:6801/2142544018] conn(0x7f6950039050 msgr2=0x7f695003b510 secure :-1 s=STATE_CONNECTION_ESTABLISHED l=1).mark_down
2024-04-24T22:30:45.018 INFO:teuthology.orchestra.run.smithi111.stdout:/usr/bin/ceph: stderr
2024-04-24T22:30:44.314+0000 7f6970c00700 1 --2- 172.21.15.111:0/1019270049 >> [v2:172.21.15.111:6800/2142544018,v1:172.21.15.111:6801/2142544018] conn(0x7f6950039050 0x7f695003b510 secure :-1 s=READY pgs=8 cs=0 l=1 rev1=1 crypto rx=0x7f6958006fd0 tx=0x7f6958006e40 comp rx=0 tx=0).stop
2024-04-24T22:30:45.018 INFO:teuthology.orchestra.run.smithi111.stdout:/usr/bin/ceph: stderr
2024-04-24T22:30:44.314+0000 7f6970c00700 1 -- 172.21.15.111:0/1019270049 >> [v2:172.21.15.111:3300/0,v1:172.21.15.111:6789/0] conn(0x7f696c108880 msgr2=0x7f696c108100 secure :-1 s=STATE_CONNECTION_ESTABLISHED l=1).mark_down
2024-04-24T22:30:45.018 INFO:teuthology.orchestra.run.smithi111.stdout:/usr/bin/ceph: stderr
2024-04-24T22:30:44.314+0000 7f6970c00700 1 --2- 172.21.15.111:0/1019270049 >> [v2:172.21.15.111:3300/0,v1:172.21.15.111:6789/0] conn(0x7f696c108880 0x7f696c108100 secure :-1 s=READY pgs=23 cs=0 l=1 rev1=1 crypto rx=0x7f695c011b60 tx=0x7f695c011c40 comp rx=0 tx=0).stop
2024-04-24T22:30:45.018 INFO:teuthology.orchestra.run.smithi111.stdout:/usr/bin/ceph: stderr
2024-04-24T22:30:44.314+0000 7f6970c00700 1 -- 172.21.15.111:0/1019270049 shutdown_connections
2024-04-24T22:30:45.018 INFO:teuthology.orchestra.run.smithi111.stdout:/usr/bin/ceph: stderr
2024-04-24T22:30:44.314+0000 7f6970c00700 1 --2- 172.21.15.111:0/1019270049 >> [v2:172.21.15.111:6800/2142544018,v1:172.21.15.111:6801/2142544018] conn(0x7f6950039050 0x7f695003b510 unknown :-1 s=CLOSED pgs=8 cs=0 l=1 rev1=1 crypto rx=0 tx=0 comp rx=0 tx=0).stop
2024-04-24T22:30:45.018 INFO:teuthology.orchestra.run.smithi111.stdout:/usr/bin/ceph: stderr
2024-04-24T22:30:44.314+0000 7f6970c00700 1 --2- 172.21.15.111:0/1019270049 >> [v2:172.21.15.111:3300/0,v1:172.21.15.111:6789/0] conn(0x7f696c108880 0x7f696c108100 unknown :-1 s=CLOSED pgs=23 cs=0 l=1 rev1=1 crypto rx=0 tx=0 comp rx=0 tx=0).stop
2024-04-24T22:30:45.018 INFO:teuthology.orchestra.run.smithi111.stdout:/usr/bin/ceph: stderr
2024-04-24T22:30:44.314+0000 7f6970c00700 1 -- 172.21.15.111:0/1019270049 >> 172.21.15.111:0/1019270049 conn(0x7f696c1022d0 msgr2=0x7f696c102e00 unknown :-1 s=STATE_NONE l=0).mark_down
2024-04-24T22:30:45.018 INFO:teuthology.orchestra.run.smithi111.stdout:/usr/bin/ceph: stderr
2024-04-24T22:30:44.315+0000 7f6970c00700 1 -- 172.21.15.111:0/1019270049 shutdown_connections
2024-04-24T22:30:45.018 INFO:teuthology.orchestra.run.smithi111.stdout:/usr/bin/ceph: stderr
2024-04-24T22:30:44.315+0000 7f6970c00700 1 -- 172.21.15.111:0/1019270049 wait complete.
2024-04-24T22:30:45.154 INFO:journalctl@ceph.mgr.x.smithi111.stdout:Apr 24 22:30:44 smithi111 ceph-0d3ba9b8-028a-11ef-bc93-c7b262605968-mgr-x[27988]:
2024-04-24T22:30:44.966+0000 7f0db2d42200 -1 mgr[py] Module snap_schedule has missing NOTIFY_TYPES member
2024-04-24T22:30:45.406 INFO:journalctl@ceph.mon.a.smithi111.stdout:Apr 24 22:30:45 smithi111 ceph-mon[27746]: from='client.? 172.21.15.111:0/1019270049' entity='client.admin' cmd='[{"prefix": "mgr module enable", "module": "cephadm"}]': finished
2024-04-24T22:30:45.406 INFO:journalctl@ceph.mon.a.smithi111.stdout:Apr 24 22:30:45 smithi111 ceph-mon[27746]: mgrmap e5: x(active, since 5s)
2024-04-24T22:30:45.406 INFO:journalctl@ceph.mgr.x.smithi111.stdout:Apr 24 22:30:45 smithi111 ceph-0d3ba9b8-028a-11ef-bc93-c7b262605968-mgr-x[27988]:
2024-04-24T22:30:45.381+0000 7f0db2d42200 -1 mgr[py] Module progress has missing NOTIFY_TYPES member
2024-04-24T22:30:45.669 INFO:journalctl@ceph.mgr.x.smithi111.stdout:Apr 24 22:30:45 smithi111 ceph-0d3ba9b8-028a-11ef-bc93-c7b262605968-mgr-x[27988]:
2024-04-24T22:30:45.498+0000 7f0db2d42200 -1 mgr[py] Module influx has missing NOTIFY_TYPES member
2024-04-24T22:30:46.578 INFO:journalctl@ceph.mon.a.smithi111.stdout:Apr 24 22:30:46 smithi111 ceph-mon[27746]: from='client.? 172.21.15.111:0/857424414' entity='client.admin' cmd=[{"prefix": "mgr stat"}]: dispatch
2024-04-24T22:30:46.594 INFO:teuthology.orchestra.run.smithi111.stdout:/usr/bin/ceph: stdout {
2024-04-24T22:30:46.594 INFO:teuthology.orchestra.run.smithi111.stdout:/usr/bin/ceph: stdout "epoch": 5,
