2024-04-24T22:31:35.034 INFO:journalctl@ceph.mon.a.smithi111.stdout:Apr 24 22:31:34 smithi111 ceph-mon[27746]: from='client.? 172.21.15.111:0/2303976420' entity='client.admin' cmd=[{"prefix": "config get", "who": "mgr", "key": "mgr/dashboard/ssl_server_port"}]: dispatch
2024-04-24T22:31:35.641 INFO:teuthology.orchestra.run.smithi111.stdout:/usr/bin/ceph: stdout 8443
2024-04-24T22:31:35.641 INFO:teuthology.orchestra.run.smithi111.stdout:/usr/bin/ceph: stderr
2024-04-24T22:31:34.493+0000 7fabd3a00700 1 Processor -- start
2024-04-24T22:31:35.641 INFO:teuthology.orchestra.run.smithi111.stdout:/usr/bin/ceph: stderr
2024-04-24T22:31:34.493+0000 7fabd3a00700 1 -- start start
2024-04-24T22:31:35.641 INFO:teuthology.orchestra.run.smithi111.stdout:/usr/bin/ceph: stderr
2024-04-24T22:31:34.494+0000 7fabd3a00700 1 --2- >> [v2:172.21.15.111:3300/0,v1:172.21.15.111:6789/0] conn(0x7fabcc07e830 0x7fabcc07ec50 unknown :-1 s=NONE pgs=0 cs=0 l=0 rev1=0 crypto rx=0 tx=0 comp rx=0 tx=0).connect
2024-04-24T22:31:35.641 INFO:teuthology.orchestra.run.smithi111.stdout:/usr/bin/ceph: stderr
2024-04-24T22:31:34.494+0000 7fabd3a00700 1 -- --> [v2:172.21.15.111:3300/0,v1:172.21.15.111:6789/0] -- mon_getmap magic: 0 -- 0x7fabcc07f220 con 0x7fabcc07e830
2024-04-24T22:31:35.642 INFO:teuthology.orchestra.run.smithi111.stdout:/usr/bin/ceph: stderr
2024-04-24T22:31:34.494+0000 7fabd1000700 1 --2- >> [v2:172.21.15.111:3300/0,v1:172.21.15.111:6789/0] conn(0x7fabcc07e830 0x7fabcc07ec50 unknown :-1 s=BANNER_CONNECTING pgs=0 cs=0 l=0 rev1=0 crypto rx=0 tx=0 comp rx=0 tx=0)._handle_peer_banner_payload supported=3 required=0
2024-04-24T22:31:35.642 INFO:teuthology.orchestra.run.smithi111.stdout:/usr/bin/ceph: stderr
2024-04-24T22:31:34.494+0000 7fabd1000700 1 --2- >> [v2:172.21.15.111:3300/0,v1:172.21.15.111:6789/0] conn(0x7fabcc07e830 0x7fabcc07ec50 unknown :-1 s=HELLO_CONNECTING pgs=0 cs=0 l=0 rev1=1 crypto rx=0 tx=0 comp rx=0 tx=0).handle_hello peer v2:172.21.15.111:3300/0 says I am v2:172.21.15.111:55158/0 (socket says 172.21.15.111:55158)
2024-04-24T22:31:35.642 INFO:teuthology.orchestra.run.smithi111.stdout:/usr/bin/ceph: stderr
2024-04-24T22:31:34.494+0000 7fabd1000700 1 -- 172.21.15.111:0/1403424875 learned_addr learned my addr 172.21.15.111:0/1403424875 (peer_addr_for_me v2:172.21.15.111:0/0)
2024-04-24T22:31:35.642 INFO:teuthology.orchestra.run.smithi111.stdout:/usr/bin/ceph: stderr
2024-04-24T22:31:34.495+0000 7fabd1000700 1 -- 172.21.15.111:0/1403424875 --> [v2:172.21.15.111:3300/0,v1:172.21.15.111:6789/0] -- mon_subscribe({config=0+,monmap=0+}) -- 0x7fabcc07fa30 con 0x7fabcc07e830
2024-04-24T22:31:35.642 INFO:teuthology.orchestra.run.smithi111.stdout:/usr/bin/ceph: stderr
2024-04-24T22:31:34.495+0000 7fabd1000700 1 --2- 172.21.15.111:0/1403424875 >> [v2:172.21.15.111:3300/0,v1:172.21.15.111:6789/0] conn(0x7fabcc07e830 0x7fabcc07ec50 secure :-1 s=READY pgs=74 cs=0 l=1 rev1=1 crypto rx=0x7fabc00098a0 tx=0x7fabc0009bb0 comp rx=0 tx=0).ready entity=mon.0 client_cookie=7b15e7e2c9fff71e server_cookie=0 in_seq=0 out_seq=0
2024-04-24T22:31:35.642 INFO:teuthology.orchestra.run.smithi111.stdout:/usr/bin/ceph: stderr
2024-04-24T22:31:34.495+0000 7fabcb400700 1 -- 172.21.15.111:0/1403424875 <== mon.0 v2:172.21.15.111:3300/0 1 ==== mon_map magic: 0 ==== 205+0+0 (secure 0 0 0) 0x7fabc0004160 con 0x7fabcc07e830
2024-04-24T22:31:35.642 INFO:teuthology.orchestra.run.smithi111.stdout:/usr/bin/ceph: stderr
2024-04-24T22:31:34.495+0000 7fabcb400700 1 -- 172.21.15.111:0/1403424875 <== mon.0 v2:172.21.15.111:3300/0 2 ==== config(27 keys) ==== 1140+0+0 (secure 0 0 0) 0x7fabc0004300 con 0x7fabcc07e830
2024-04-24T22:31:35.642 INFO:teuthology.orchestra.run.smithi111.stdout:/usr/bin/ceph: stderr
2024-04-24T22:31:34.495+0000 7fabcb400700 1 -- 172.21.15.111:0/1403424875 <== mon.0 v2:172.21.15.111:3300/0 3 ==== mon_map magic: 0 ==== 205+0+0 (secure 0 0 0) 0x7fabc0011b20 con 0x7fabcc07e830
2024-04-24T22:31:35.642 INFO:teuthology.orchestra.run.smithi111.stdout:/usr/bin/ceph: stderr
2024-04-24T22:31:34.496+0000 7fabd3a00700 1 -- 172.21.15.111:0/1403424875 >> [v2:172.21.15.111:3300/0,v1:172.21.15.111:6789/0] conn(0x7fabcc07e830 msgr2=0x7fabcc07ec50 secure :-1 s=STATE_CONNECTION_ESTABLISHED l=1).mark_down
2024-04-24T22:31:35.642 INFO:teuthology.orchestra.run.smithi111.stdout:/usr/bin/ceph: stderr
2024-04-24T22:31:34.496+0000 7fabd3a00700 1 --2- 172.21.15.111:0/1403424875 >> [v2:172.21.15.111:3300/0,v1:172.21.15.111:6789/0] conn(0x7fabcc07e830 0x7fabcc07ec50 secure :-1 s=READY pgs=74 cs=0 l=1 rev1=1 crypto rx=0x7fabc00098a0 tx=0x7fabc0009bb0 comp rx=0 tx=0).stop
2024-04-24T22:31:35.642 INFO:teuthology.orchestra.run.smithi111.stdout:/usr/bin/ceph: stderr
2024-04-24T22:31:34.496+0000 7fabd3a00700 1 -- 172.21.15.111:0/1403424875 shutdown_connections
2024-04-24T22:31:35.642 INFO:teuthology.orchestra.run.smithi111.stdout:/usr/bin/ceph: stderr
2024-04-24T22:31:34.496+0000 7fabd3a00700 1 --2- 172.21.15.111:0/1403424875 >> [v2:172.21.15.111:3300/0,v1:172.21.15.111:6789/0] conn(0x7fabcc07e830 0x7fabcc07ec50 unknown :-1 s=CLOSED pgs=74 cs=0 l=1 rev1=1 crypto rx=0 tx=0 comp rx=0 tx=0).stop
2024-04-24T22:31:35.643 INFO:teuthology.orchestra.run.smithi111.stdout:/usr/bin/ceph: stderr
2024-04-24T22:31:34.496+0000 7fabd3a00700 1 -- 172.21.15.111:0/1403424875 >> 172.21.15.111:0/1403424875 conn(0x7fabcc07d3a0 msgr2=0x7fabcc07d810 unknown :-1 s=STATE_NONE l=0).mark_down
2024-04-24T22:31:35.643 INFO:teuthology.orchestra.run.smithi111.stdout:/usr/bin/ceph: stderr
2024-04-24T22:31:34.496+0000 7fabd3a00700 1 -- 172.21.15.111:0/1403424875 shutdown_connections
2024-04-24T22:31:35.643 INFO:teuthology.orchestra.run.smithi111.stdout:/usr/bin/ceph: stderr
2024-04-24T22:31:34.496+0000 7fabd3a00700 1 -- 172.21.15.111:0/1403424875 wait complete.
2024-04-24T22:31:35.643 INFO:teuthology.orchestra.run.smithi111.stdout:/usr/bin/ceph: stderr
2024-04-24T22:31:34.497+0000 7fabd3a00700 1 Processor -- start
2024-04-24T22:31:35.643 INFO:teuthology.orchestra.run.smithi111.stdout:/usr/bin/ceph: stderr
2024-04-24T22:31:34.498+0000 7fabd3a00700 1 -- start start
2024-04-24T22:31:35.643 INFO:teuthology.orchestra.run.smithi111.stdout:/usr/bin/ceph: stderr
2024-04-24T22:31:34.498+0000 7fabd3a00700 1 --2- >> [v2:172.21.15.111:3300/0,v1:172.21.15.111:6789/0] conn(0x7fabcc07e830 0x7fabcc1a2380 unknown :-1 s=NONE pgs=0 cs=0 l=1 rev1=0 crypto rx=0 tx=0 comp rx=0 tx=0).connect
2024-04-24T22:31:35.643 INFO:teuthology.orchestra.run.smithi111.stdout:/usr/bin/ceph: stderr
2024-04-24T22:31:34.498+0000 7fabd3a00700 1 -- --> [v2:172.21.15.111:3300/0,v1:172.21.15.111:6789/0] -- mon_getmap magic: 0 -- 0x7fabcc080df0 con 0x7fabcc07e830
2024-04-24T22:31:35.643 INFO:teuthology.orchestra.run.smithi111.stdout:/usr/bin/ceph: stderr
2024-04-24T22:31:34.498+0000 7fabd1000700 1 --2- >> [v2:172.21.15.111:3300/0,v1:172.21.15.111:6789/0] conn(0x7fabcc07e830 0x7fabcc1a2380 unknown :-1 s=BANNER_CONNECTING pgs=0 cs=0 l=1 rev1=0 crypto rx=0 tx=0 comp rx=0 tx=0)._handle_peer_banner_payload supported=3 required=0
2024-04-24T22:31:35.643 INFO:teuthology.orchestra.run.smithi111.stdout:/usr/bin/ceph: stderr
2024-04-24T22:31:34.498+0000 7fabd1000700 1 --2- >> [v2:172.21.15.111:3300/0,v1:172.21.15.111:6789/0] conn(0x7fabcc07e830 0x7fabcc1a2380 unknown :-1 s=HELLO_CONNECTING pgs=0 cs=0 l=1 rev1=1 crypto rx=0 tx=0 comp rx=0 tx=0).handle_hello peer v2:172.21.15.111:3300/0 says I am v2:172.21.15.111:55166/0 (socket says 172.21.15.111:55166)
2024-04-24T22:31:35.643 INFO:teuthology.orchestra.run.smithi111.stdout:/usr/bin/ceph: stderr
2024-04-24T22:31:34.498+0000 7fabd1000700 1 -- 172.21.15.111:0/2303976420 learned_addr learned my addr 172.21.15.111:0/2303976420 (peer_addr_for_me v2:172.21.15.111:0/0)
2024-04-24T22:31:35.643 INFO:teuthology.orchestra.run.smithi111.stdout:/usr/bin/ceph: stderr
2024-04-24T22:31:34.499+0000 7fabd1000700 1 -- 172.21.15.111:0/2303976420 --> [v2:172.21.15.111:3300/0,v1:172.21.15.111:6789/0] -- mon_subscribe({config=0+,monmap=0+}) -- 0x7fabcc1a28c0 con 0x7fabcc07e830
2024-04-24T22:31:35.643 INFO:teuthology.orchestra.run.smithi111.stdout:/usr/bin/ceph: stderr
2024-04-24T22:31:34.499+0000 7fabd1000700 1 --2- 172.21.15.111:0/2303976420 >> [v2:172.21.15.111:3300/0,v1:172.21.15.111:6789/0] conn(0x7fabcc07e830 0x7fabcc1a2380 secure :-1 s=READY pgs=75 cs=0 l=1 rev1=1 crypto rx=0x7fabc0011b60 tx=0x7fabc0011c40 comp rx=0 tx=0).ready entity=mon.0 client_cookie=0 server_cookie=0 in_seq=0 out_seq=0
2024-04-24T22:31:35.643 INFO:teuthology.orchestra.run.smithi111.stdout:/usr/bin/ceph: stderr
2024-04-24T22:31:34.499+0000 7fabc9600700 1 -- 172.21.15.111:0/2303976420 <== mon.0 v2:172.21.15.111:3300/0 1 ==== mon_map magic: 0 ==== 205+0+0 (secure 0 0 0) 0x7fabc0003b60 con 0x7fabcc07e830
2024-04-24T22:31:35.643 INFO:teuthology.orchestra.run.smithi111.stdout:/usr/bin/ceph: stderr
2024-04-24T22:31:34.499+0000 7fabc9600700 1 -- 172.21.15.111:0/2303976420 <== mon.0 v2:172.21.15.111:3300/0 2 ==== config(27 keys) ==== 1140+0+0 (secure 0 0 0) 0x7fabc001a910 con 0x7fabcc07e830
2024-04-24T22:31:35.643 INFO:teuthology.orchestra.run.smithi111.stdout:/usr/bin/ceph: stderr
2024-04-24T22:31:34.499+0000 7fabd3a00700 1 -- 172.21.15.111:0/2303976420 --> [v2:172.21.15.111:3300/0,v1:172.21.15.111:6789/0] -- mon_subscribe({mgrmap=0+}) -- 0x7fabcc1a2b50 con 0x7fabcc07e830
2024-04-24T22:31:35.644 INFO:teuthology.orchestra.run.smithi111.stdout:/usr/bin/ceph: stderr
2024-04-24T22:31:34.499+0000 7fabc9600700 1 -- 172.21.15.111:0/2303976420 <== mon.0 v2:172.21.15.111:3300/0 3 ==== mon_map magic: 0 ==== 205+0+0 (secure 0 0 0) 0x7fabc0024930 con 0x7fabcc07e830
2024-04-24T22:31:35.644 INFO:teuthology.orchestra.run.smithi111.stdout:/usr/bin/ceph: stderr
2024-04-24T22:31:34.499+0000 7fabd3a00700 1 -- 172.21.15.111:0/2303976420 --> [v2:172.21.15.111:3300/0,v1:172.21.15.111:6789/0] -- mon_subscribe({osdmap=0}) -- 0x7fabcc1a2fb0 con 0x7fabcc07e830
2024-04-24T22:31:35.644 INFO:teuthology.orchestra.run.smithi111.stdout:/usr/bin/ceph: stderr
2024-04-24T22:31:34.500+0000 7fabc9600700 1 -- 172.21.15.111:0/2303976420 <== mon.0 v2:172.21.15.111:3300/0 4 ==== mgrmap(e 13) ==== 46344+0+0 (secure 0 0 0) 0x7fabc0022020 con 0x7fabcc07e830
2024-04-24T22:31:35.644 INFO:teuthology.orchestra.run.smithi111.stdout:/usr/bin/ceph: stderr
2024-04-24T22:31:34.501+0000 7fabd3a00700 1 -- 172.21.15.111:0/2303976420 --> [v2:172.21.15.111:3300/0,v1:172.21.15.111:6789/0] -- mon_command({"prefix": "get_command_descriptions"} v 0) -- 0x7fabcc063890 con 0x7fabcc07e830
2024-04-24T22:31:35.644 INFO:teuthology.orchestra.run.smithi111.stdout:/usr/bin/ceph: stderr
2024-04-24T22:31:34.501+0000 7fabc9600700 1 --2- 172.21.15.111:0/2303976420 >> [v2:172.21.15.111:6800/1872264645,v1:172.21.15.111:6801/1872264645] conn(0x7fabb4039140 0x7fabb403b600 unknown :-1 s=NONE pgs=0 cs=0 l=1 rev1=0 crypto rx=0 tx=0 comp rx=0 tx=0).connect
2024-04-24T22:31:35.644 INFO:teuthology.orchestra.run.smithi111.stdout:/usr/bin/ceph: stderr
2024-04-24T22:31:34.501+0000 7fabc9600700 1 -- 172.21.15.111:0/2303976420 <== mon.0 v2:172.21.15.111:3300/0 5 ==== osd_map(3..3 src has 1..3) ==== 1155+0+0 (secure 0 0 0) 0x7fabc004d530 con 0x7fabcc07e830
2024-04-24T22:31:35.644 INFO:teuthology.orchestra.run.smithi111.stdout:/usr/bin/ceph: stderr
2024-04-24T22:31:34.501+0000 7fabcbe00700 1 --2- 172.21.15.111:0/2303976420 >> [v2:172.21.15.111:6800/1872264645,v1:172.21.15.111:6801/1872264645] conn(0x7fabb4039140 0x7fabb403b600 unknown :-1 s=BANNER_CONNECTING pgs=0 cs=0 l=1 rev1=0 crypto rx=0 tx=0 comp rx=0 tx=0)._handle_peer_banner_payload supported=3 required=0
2024-04-24T22:31:35.644 INFO:teuthology.orchestra.run.smithi111.stdout:/usr/bin/ceph: stderr
2024-04-24T22:31:34.502+0000 7fabcbe00700 1 --2- 172.21.15.111:0/2303976420 >> [v2:172.21.15.111:6800/1872264645,v1:172.21.15.111:6801/1872264645] conn(0x7fabb4039140 0x7fabb403b600 secure :-1 s=READY pgs=9 cs=0 l=1 rev1=1 crypto rx=0x7fabbc006fd0 tx=0x7fabbc006e40 comp rx=0 tx=0).ready entity=mgr.14152 client_cookie=0 server_cookie=0 in_seq=0 out_seq=0
2024-04-24T22:31:35.644 INFO:teuthology.orchestra.run.smithi111.stdout:/usr/bin/ceph: stderr
2024-04-24T22:31:34.506+0000 7fabc9600700 1 -- 172.21.15.111:0/2303976420 <== mon.0 v2:172.21.15.111:3300/0 6 ==== mon_command_ack([{"prefix": "get_command_descriptions"}]=0 v0) ==== 72+0+186147 (secure 0 0 0) 0x7fabc000b3e0 con 0x7fabcc07e830
2024-04-24T22:31:35.644 INFO:teuthology.orchestra.run.smithi111.stdout:/usr/bin/ceph: stderr
2024-04-24T22:31:34.731+0000 7fabd3a00700 1 -- 172.21.15.111:0/2303976420 --> [v2:172.21.15.111:3300/0,v1:172.21.15.111:6789/0] -- mon_command({"prefix": "config get", "who": "mgr", "key": "mgr/dashboard/ssl_server_port"} v 0) -- 0x7fabcc062e40 con 0x7fabcc07e830
2024-04-24T22:31:35.644 INFO:teuthology.orchestra.run.smithi111.stdout:/usr/bin/ceph: stderr
2024-04-24T22:31:34.732+0000 7fabc9600700 1 -- 172.21.15.111:0/2303976420 <== mon.0 v2:172.21.15.111:3300/0 7 ==== mon_command_ack([{"prefix": "config get", "who": "mgr", "key": "mgr/dashboard/ssl_server_port"}]=0 v8) ==== 112+0+5 (secure 0 0 0) 0x7fabc0016260 con 0x7fabcc07e830
2024-04-24T22:31:35.644 INFO:teuthology.orchestra.run.smithi111.stdout:/usr/bin/ceph: stderr
2024-04-24T22:31:34.735+0000 7fabd3a00700 1 -- 172.21.15.111:0/2303976420 >> [v2:172.21.15.111:6800/1872264645,v1:172.21.15.111:6801/1872264645] conn(0x7fabb4039140 msgr2=0x7fabb403b600 secure :-1 s=STATE_CONNECTION_ESTABLISHED l=1).mark_down
2024-04-24T22:31:35.644 INFO:teuthology.orchestra.run.smithi111.stdout:/usr/bin/ceph: stderr
2024-04-24T22:31:34.735+0000 7fabd3a00700 1 --2- 172.21.15.111:0/2303976420 >> [v2:172.21.15.111:6800/1872264645,v1:172.21.15.111:6801/1872264645] conn(0x7fabb4039140 0x7fabb403b600 secure :-1 s=READY pgs=9 cs=0 l=1 rev1=1 crypto rx=0x7fabbc006fd0 tx=0x7fabbc006e40 comp rx=0 tx=0).stop
2024-04-24T22:31:35.644 INFO:teuthology.orchestra.run.smithi111.stdout:/usr/bin/ceph: stderr
2024-04-24T22:31:34.735+0000 7fabd3a00700 1 -- 172.21.15.111:0/2303976420 >> [v2:172.21.15.111:3300/0,v1:172.21.15.111:6789/0] conn(0x7fabcc07e830 msgr2=0x7fabcc1a2380 secure :-1 s=STATE_CONNECTION_ESTABLISHED l=1).mark_down
2024-04-24T22:31:35.644 INFO:teuthology.orchestra.run.smithi111.stdout:/usr/bin/ceph: stderr
2024-04-24T22:31:34.735+0000 7fabd3a00700 1 --2- 172.21.15.111:0/2303976420 >> [v2:172.21.15.111:3300/0,v1:172.21.15.111:6789/0] conn(0x7fabcc07e830 0x7fabcc1a2380 secure :-1 s=READY pgs=75 cs=0 l=1 rev1=1 crypto rx=0x7fabc0011b60 tx=0x7fabc0011c40 comp rx=0 tx=0).stop
2024-04-24T22:31:35.645 INFO:teuthology.orchestra.run.smithi111.stdout:/usr/bin/ceph: stderr
2024-04-24T22:31:34.735+0000 7fabd3a00700 1 -- 172.21.15.111:0/2303976420 shutdown_connections
2024-04-24T22:31:35.645 INFO:teuthology.orchestra.run.smithi111.stdout:/usr/bin/ceph: stderr
2024-04-24T22:31:34.735+0000 7fabd3a00700 1 --2- 172.21.15.111:0/2303976420 >> [v2:172.21.15.111:6800/1872264645,v1:172.21.15.111:6801/1872264645] conn(0x7fabb4039140 0x7fabb403b600 unknown :-1 s=CLOSED pgs=9 cs=0 l=1 rev1=1 crypto rx=0 tx=0 comp rx=0 tx=0).stop
2024-04-24T22:31:35.645 INFO:teuthology.orchestra.run.smithi111.stdout:/usr/bin/ceph: stderr
2024-04-24T22:31:34.735+0000 7fabd3a00700 1 --2- 172.21.15.111:0/2303976420 >> [v2:172.21.15.111:3300/0,v1:172.21.15.111:6789/0] conn(0x7fabcc07e830 0x7fabcc1a2380 unknown :-1 s=CLOSED pgs=75 cs=0 l=1 rev1=1 crypto rx=0 tx=0 comp rx=0 tx=0).stop
2024-04-24T22:31:35.645 INFO:teuthology.orchestra.run.smithi111.stdout:/usr/bin/ceph: stderr
2024-04-24T22:31:34.735+0000 7fabd3a00700 1 -- 172.21.15.111:0/2303976420 >> 172.21.15.111:0/2303976420 conn(0x7fabcc07d3a0 msgr2=0x7fabcc198ff0 unknown :-1 s=STATE_NONE l=0).mark_down
2024-04-24T22:31:35.645 INFO:teuthology.orchestra.run.smithi111.stdout:/usr/bin/ceph: stderr
2024-04-24T22:31:34.735+0000 7fabd3a00700 1 -- 172.21.15.111:0/2303976420 shutdown_connections
2024-04-24T22:31:35.645 INFO:teuthology.orchestra.run.smithi111.stdout:/usr/bin/ceph: stderr
2024-04-24T22:31:34.735+0000 7fabd3a00700 1 -- 172.21.15.111:0/2303976420 wait complete.
2024-04-24T22:31:35.666 INFO:teuthology.orchestra.run.smithi111.stdout:Non-zero exit code 1 from systemctl is-enabled firewalld.service
2024-04-24T22:31:35.666 INFO:teuthology.orchestra.run.smithi111.stdout:systemctl: stdout disabled
2024-04-24T22:31:35.689 INFO:teuthology.orchestra.run.smithi111.stdout:Non-zero exit code 3 from systemctl is-active firewalld.service
2024-04-24T22:31:35.689 INFO:teuthology.orchestra.run.smithi111.stdout:systemctl: stdout inactive
2024-04-24T22:31:35.689 INFO:teuthology.orchestra.run.smithi111.stdout:firewalld.service is not enabled
2024-04-24T22:31:35.689 INFO:teuthology.orchestra.run.smithi111.stdout:Not possible to open ports <[8443]>. firewalld.service is not available
2024-04-24T22:31:35.696 INFO:teuthology.orchestra.run.smithi111.stdout:Ceph Dashboard is now available at:
2024-04-24T22:31:35.696 INFO:teuthology.orchestra.run.smithi111.stdout:
2024-04-24T22:31:35.697 INFO:teuthology.orchestra.run.smithi111.stdout: URL: https://smithi111.front.sepia.ceph.com:8443/
2024-04-24T22:31:35.697 INFO:teuthology.orchestra.run.smithi111.stdout: User: admin
2024-04-24T22:31:35.697 INFO:teuthology.orchestra.run.smithi111.stdout: Password: owvb1vcz4g
2024-04-24T22:31:35.697 INFO:teuthology.orchestra.run.smithi111.stdout:
2024-04-24T22:31:35.698 INFO:teuthology.orchestra.run.smithi111.stdout:Saving cluster configuration to /var/lib/ceph/0d3ba9b8-028a-11ef-bc93-c7b262605968/config directory
2024-04-24T22:31:35.700 INFO:teuthology.orchestra.run.smithi111.stdout:Enabling autotune for osd_memory_target
2024-04-24T22:31:37.239 INFO:teuthology.orchestra.run.smithi111.stdout:/usr/bin/ceph: stderr
2024-04-24T22:31:36.295+0000 7fc4a1e00700 1 Processor -- start
2024-04-24T22:31:37.239 INFO:teuthology.orchestra.run.smithi111.stdout:/usr/bin/ceph: stderr
2024-04-24T22:31:36.295+0000 7fc4a1e00700 1 -- start start
2024-04-24T22:31:37.239 INFO:teuthology.orchestra.run.smithi111.stdout:/usr/bin/ceph: stderr
2024-04-24T22:31:36.295+0000 7fc4a1e00700 1 --2- >> [v2:172.21.15.111:3300/0,v1:172.21.15.111:6789/0] conn(0x7fc49c10a010 0x7fc49c10a430 unknown :-1 s=NONE pgs=0 cs=0 l=0 rev1=0 crypto rx=0 tx=0 comp rx=0 tx=0).connect
2024-04-24T22:31:37.239 INFO:teuthology.orchestra.run.smithi111.stdout:/usr/bin/ceph: stderr
2024-04-24T22:31:36.295+0000 7fc4a1e00700 1 -- --> [v2:172.21.15.111:3300/0,v1:172.21.15.111:6789/0] -- mon_getmap magic: 0 -- 0x7fc49c10aa00 con 0x7fc49c10a010
2024-04-24T22:31:37.239 INFO:teuthology.orchestra.run.smithi111.stdout:/usr/bin/ceph: stderr
2024-04-24T22:31:36.296+0000 7fc49aa00700 1 --2- >> [v2:172.21.15.111:3300/0,v1:172.21.15.111:6789/0] conn(0x7fc49c10a010 0x7fc49c10a430 unknown :-1 s=BANNER_CONNECTING pgs=0 cs=0 l=0 rev1=0 crypto rx=0 tx=0 comp rx=0 tx=0)._handle_peer_banner_payload supported=3 required=0
2024-04-24T22:31:37.239 INFO:teuthology.orchestra.run.smithi111.stdout:/usr/bin/ceph: stderr
2024-04-24T22:31:36.296+0000 7fc49aa00700 1 --2- >> [v2:172.21.15.111:3300/0,v1:172.21.15.111:6789/0] conn(0x7fc49c10a010 0x7fc49c10a430 unknown :-1 s=HELLO_CONNECTING pgs=0 cs=0 l=0 rev1=1 crypto rx=0 tx=0 comp rx=0 tx=0).handle_hello peer v2:172.21.15.111:3300/0 says I am v2:172.21.15.111:56634/0 (socket says 172.21.15.111:56634)
2024-04-24T22:31:37.239 INFO:teuthology.orchestra.run.smithi111.stdout:/usr/bin/ceph: stderr
2024-04-24T22:31:36.296+0000 7fc49aa00700 1 -- 172.21.15.111:0/242725920 learned_addr learned my addr 172.21.15.111:0/242725920 (peer_addr_for_me v2:172.21.15.111:0/0)
2024-04-24T22:31:37.239 INFO:teuthology.orchestra.run.smithi111.stdout:/usr/bin/ceph: stderr
2024-04-24T22:31:36.296+0000 7fc49aa00700 1 -- 172.21.15.111:0/242725920 --> [v2:172.21.15.111:3300/0,v1:172.21.15.111:6789/0] -- mon_subscribe({config=0+,monmap=0+}) -- 0x7fc49c10b1c0 con 0x7fc49c10a010
2024-04-24T22:31:37.239 INFO:teuthology.orchestra.run.smithi111.stdout:/usr/bin/ceph: stderr
2024-04-24T22:31:36.297+0000 7fc49aa00700 1 --2- 172.21.15.111:0/242725920 >> [v2:172.21.15.111:3300/0,v1:172.21.15.111:6789/0] conn(0x7fc49c10a010 0x7fc49c10a430 secure :-1 s=READY pgs=76 cs=0 l=1 rev1=1 crypto rx=0x7fc48c0098a0 tx=0x7fc48c009bb0 comp rx=0 tx=0).ready entity=mon.0 client_cookie=eaeb655fdcef30db server_cookie=0 in_seq=0 out_seq=0
2024-04-24T22:31:37.239 INFO:teuthology.orchestra.run.smithi111.stdout:/usr/bin/ceph: stderr
2024-04-24T22:31:36.297+0000 7fc499600700 1 -- 172.21.15.111:0/242725920 <== mon.0 v2:172.21.15.111:3300/0 1 ==== mon_map magic: 0 ==== 205+0+0 (secure 0 0 0) 0x7fc48c004160 con 0x7fc49c10a010
2024-04-24T22:31:37.239 INFO:teuthology.orchestra.run.smithi111.stdout:/usr/bin/ceph: stderr
2024-04-24T22:31:36.297+0000 7fc499600700 1 -- 172.21.15.111:0/242725920 <== mon.0 v2:172.21.15.111:3300/0 2 ==== config(27 keys) ==== 1140+0+0 (secure 0 0 0) 0x7fc48c004300 con 0x7fc49c10a010
2024-04-24T22:31:37.239 INFO:teuthology.orchestra.run.smithi111.stdout:/usr/bin/ceph: stderr
2024-04-24T22:31:36.297+0000 7fc499600700 1 -- 172.21.15.111:0/242725920 <== mon.0 v2:172.21.15.111:3300/0 3 ==== mon_map magic: 0 ==== 205+0+0 (secure 0 0 0) 0x7fc48c011b20 con 0x7fc49c10a010
2024-04-24T22:31:37.240 INFO:teuthology.orchestra.run.smithi111.stdout:/usr/bin/ceph: stderr
2024-04-24T22:31:36.298+0000 7fc4a1e00700 1 -- 172.21.15.111:0/242725920 >> [v2:172.21.15.111:3300/0,v1:172.21.15.111:6789/0] conn(0x7fc49c10a010 msgr2=0x7fc49c10a430 secure :-1 s=STATE_CONNECTION_ESTABLISHED l=1).mark_down
2024-04-24T22:31:37.240 INFO:teuthology.orchestra.run.smithi111.stdout:/usr/bin/ceph: stderr
2024-04-24T22:31:36.298+0000 7fc4a1e00700 1 --2- 172.21.15.111:0/242725920 >> [v2:172.21.15.111:3300/0,v1:172.21.15.111:6789/0] conn(0x7fc49c10a010 0x7fc49c10a430 secure :-1 s=READY pgs=76 cs=0 l=1 rev1=1 crypto rx=0x7fc48c0098a0 tx=0x7fc48c009bb0 comp rx=0 tx=0).stop
2024-04-24T22:31:37.240 INFO:teuthology.orchestra.run.smithi111.stdout:/usr/bin/ceph: stderr
2024-04-24T22:31:36.298+0000 7fc4a1e00700 1 -- 172.21.15.111:0/242725920 shutdown_connections
2024-04-24T22:31:37.240 INFO:teuthology.orchestra.run.smithi111.stdout:/usr/bin/ceph: stderr
2024-04-24T22:31:36.298+0000 7fc4a1e00700 1 --2- 172.21.15.111:0/242725920 >> [v2:172.21.15.111:3300/0,v1:172.21.15.111:6789/0] conn(0x7fc49c10a010 0x7fc49c10a430 unknown :-1 s=CLOSED pgs=76 cs=0 l=1 rev1=1 crypto rx=0 tx=0 comp rx=0 tx=0).stop
2024-04-24T22:31:37.240 INFO:teuthology.orchestra.run.smithi111.stdout:/usr/bin/ceph: stderr
2024-04-24T22:31:36.298+0000 7fc4a1e00700 1 -- 172.21.15.111:0/242725920 >> 172.21.15.111:0/242725920 conn(0x7fc49c07d3a0 msgr2=0x7fc49c07d810 unknown :-1 s=STATE_NONE l=0).mark_down
2024-04-24T22:31:37.240 INFO:teuthology.orchestra.run.smithi111.stdout:/usr/bin/ceph: stderr
2024-04-24T22:31:36.298+0000 7fc4a1e00700 1 -- 172.21.15.111:0/242725920 shutdown_connections
2024-04-24T22:31:37.240 INFO:teuthology.orchestra.run.smithi111.stdout:/usr/bin/ceph: stderr
2024-04-24T22:31:36.298+0000 7fc4a1e00700 1 -- 172.21.15.111:0/242725920 wait complete.
2024-04-24T22:31:37.240 INFO:teuthology.orchestra.run.smithi111.stdout:/usr/bin/ceph: stderr
2024-04-24T22:31:36.299+0000 7fc4a1e00700 1 Processor -- start
2024-04-24T22:31:37.240 INFO:teuthology.orchestra.run.smithi111.stdout:/usr/bin/ceph: stderr
2024-04-24T22:31:36.299+0000 7fc4a1e00700 1 -- start start
2024-04-24T22:31:37.240 INFO:teuthology.orchestra.run.smithi111.stdout:/usr/bin/ceph: stderr
2024-04-24T22:31:36.300+0000 7fc4a1e00700 1 --2- >> [v2:172.21.15.111:3300/0,v1:172.21.15.111:6789/0] conn(0x7fc49c10a010 0x7fc49c19dfb0 unknown :-1 s=NONE pgs=0 cs=0 l=1 rev1=0 crypto rx=0 tx=0 comp rx=0 tx=0).connect
2024-04-24T22:31:37.240 INFO:teuthology.orchestra.run.smithi111.stdout:/usr/bin/ceph: stderr
2024-04-24T22:31:36.300+0000 7fc4a1e00700 1 -- --> [v2:172.21.15.111:3300/0,v1:172.21.15.111:6789/0] -- mon_getmap magic: 0 -- 0x7fc49c10e570 con 0x7fc49c10a010
2024-04-24T22:31:37.240 INFO:teuthology.orchestra.run.smithi111.stdout:/usr/bin/ceph: stderr
2024-04-24T22:31:36.300+0000 7fc49aa00700 1 --2- >> [v2:172.21.15.111:3300/0,v1:172.21.15.111:6789/0] conn(0x7fc49c10a010 0x7fc49c19dfb0 unknown :-1 s=BANNER_CONNECTING pgs=0 cs=0 l=1 rev1=0 crypto rx=0 tx=0 comp rx=0 tx=0)._handle_peer_banner_payload supported=3 required=0
2024-04-24T22:31:37.240 INFO:teuthology.orchestra.run.smithi111.stdout:/usr/bin/ceph: stderr
2024-04-24T22:31:36.300+0000 7fc49aa00700 1 --2- >> [v2:172.21.15.111:3300/0,v1:172.21.15.111:6789/0] conn(0x7fc49c10a010 0x7fc49c19dfb0 unknown :-1 s=HELLO_CONNECTING pgs=0 cs=0 l=1 rev1=1 crypto rx=0 tx=0 comp rx=0 tx=0).handle_hello peer v2:172.21.15.111:3300/0 says I am v2:172.21.15.111:56640/0 (socket says 172.21.15.111:56640)
2024-04-24T22:31:37.240 INFO:teuthology.orchestra.run.smithi111.stdout:/usr/bin/ceph: stderr
2024-04-24T22:31:36.300+0000 7fc49aa00700 1 -- 172.21.15.111:0/2499277281 learned_addr learned my addr 172.21.15.111:0/2499277281 (peer_addr_for_me v2:172.21.15.111:0/0)
2024-04-24T22:31:37.240 INFO:teuthology.orchestra.run.smithi111.stdout:/usr/bin/ceph: stderr
2024-04-24T22:31:36.300+0000 7fc49aa00700 1 -- 172.21.15.111:0/2499277281 --> [v2:172.21.15.111:3300/0,v1:172.21.15.111:6789/0] -- mon_subscribe({config=0+,monmap=0+}) -- 0x7fc49c19e4f0 con 0x7fc49c10a010
2024-04-24T22:31:37.241 INFO:teuthology.orchestra.run.smithi111.stdout:/usr/bin/ceph: stderr
2024-04-24T22:31:36.301+0000 7fc49aa00700 1 --2- 172.21.15.111:0/2499277281 >> [v2:172.21.15.111:3300/0,v1:172.21.15.111:6789/0] conn(0x7fc49c10a010 0x7fc49c19dfb0 secure :-1 s=READY pgs=77 cs=0 l=1 rev1=1 crypto rx=0x7fc48c000c00 tx=0x7fc48c011c10 comp rx=0 tx=0).ready entity=mon.0 client_cookie=0 server_cookie=0 in_seq=0 out_seq=0
2024-04-24T22:31:37.241 INFO:teuthology.orchestra.run.smithi111.stdout:/usr/bin/ceph: stderr
2024-04-24T22:31:36.301+0000 7fc4a0a00700 1 -- 172.21.15.111:0/2499277281 <== mon.0 v2:172.21.15.111:3300/0 1 ==== mon_map magic: 0 ==== 205+0+0 (secure 0 0 0) 0x7fc48c003b60 con 0x7fc49c10a010
2024-04-24T22:31:37.241 INFO:teuthology.orchestra.run.smithi111.stdout:/usr/bin/ceph: stderr
2024-04-24T22:31:36.301+0000 7fc4a0a00700 1 -- 172.21.15.111:0/2499277281 <== mon.0 v2:172.21.15.111:3300/0 2 ==== config(27 keys) ==== 1140+0+0 (secure 0 0 0) 0x7fc48c01a910 con 0x7fc49c10a010
2024-04-24T22:31:37.241 INFO:teuthology.orchestra.run.smithi111.stdout:/usr/bin/ceph: stderr
2024-04-24T22:31:36.301+0000 7fc4a1e00700 1 -- 172.21.15.111:0/2499277281 --> [v2:172.21.15.111:3300/0,v1:172.21.15.111:6789/0] -- mon_subscribe({mgrmap=0+}) -- 0x7fc49c19e780 con 0x7fc49c10a010
2024-04-24T22:31:37.241 INFO:teuthology.orchestra.run.smithi111.stdout:/usr/bin/ceph: stderr
2024-04-24T22:31:36.301+0000 7fc4a0a00700 1 -- 172.21.15.111:0/2499277281 <== mon.0 v2:172.21.15.111:3300/0 3 ==== mon_map magic: 0 ==== 205+0+0 (secure 0 0 0) 0x7fc48c024930 con 0x7fc49c10a010
2024-04-24T22:31:37.241 INFO:teuthology.orchestra.run.smithi111.stdout:/usr/bin/ceph: stderr
2024-04-24T22:31:36.301+0000 7fc4a1e00700 1 -- 172.21.15.111:0/2499277281 --> [v2:172.21.15.111:3300/0,v1:172.21.15.111:6789/0] -- mon_subscribe({osdmap=0}) -- 0x7fc49c19ebe0 con 0x7fc49c10a010
2024-04-24T22:31:37.241 INFO:teuthology.orchestra.run.smithi111.stdout:/usr/bin/ceph: stderr
2024-04-24T22:31:36.302+0000 7fc4a0a00700 1 -- 172.21.15.111:0/2499277281 <== mon.0 v2:172.21.15.111:3300/0 4 ==== mgrmap(e 13) ==== 46344+0+0 (secure 0 0 0) 0x7fc48c022020 con 0x7fc49c10a010
2024-04-24T22:31:37.241 INFO:teuthology.orchestra.run.smithi111.stdout:/usr/bin/ceph: stderr
2024-04-24T22:31:36.302+0000 7fc4a1e00700 1 -- 172.21.15.111:0/2499277281 --> [v2:172.21.15.111:3300/0,v1:172.21.15.111:6789/0] -- mon_command({"prefix": "get_command_descriptions"} v 0) -- 0x7fc49c063890 con 0x7fc49c10a010
2024-04-24T22:31:37.241 INFO:teuthology.orchestra.run.smithi111.stdout:/usr/bin/ceph: stderr
2024-04-24T22:31:36.303+0000 7fc4a0a00700 1 --2- 172.21.15.111:0/2499277281 >> [v2:172.21.15.111:6800/1872264645,v1:172.21.15.111:6801/1872264645] conn(0x7fc480039140 0x7fc48003b600 unknown :-1 s=NONE pgs=0 cs=0 l=1 rev1=0 crypto rx=0 tx=0 comp rx=0 tx=0).connect
2024-04-24T22:31:37.241 INFO:teuthology.orchestra.run.smithi111.stdout:/usr/bin/ceph: stderr
2024-04-24T22:31:36.303+0000 7fc4a0a00700 1 -- 172.21.15.111:0/2499277281 <== mon.0 v2:172.21.15.111:3300/0 5 ==== osd_map(3..3 src has 1..3) ==== 1155+0+0 (secure 0 0 0) 0x7fc48c04d490 con 0x7fc49c10a010
2024-04-24T22:31:37.241 INFO:teuthology.orchestra.run.smithi111.stdout:/usr/bin/ceph: stderr
2024-04-24T22:31:36.303+0000 7fc49a000700 1 --2- 172.21.15.111:0/2499277281 >> [v2:172.21.15.111:6800/1872264645,v1:172.21.15.111:6801/1872264645] conn(0x7fc480039140 0x7fc48003b600 unknown :-1 s=BANNER_CONNECTING pgs=0 cs=0 l=1 rev1=0 crypto rx=0 tx=0 comp rx=0 tx=0)._handle_peer_banner_payload supported=3 required=0
2024-04-24T22:31:37.241 INFO:teuthology.orchestra.run.smithi111.stdout:/usr/bin/ceph: stderr
2024-04-24T22:31:36.304+0000 7fc49a000700 1 --2- 172.21.15.111:0/2499277281 >> [v2:172.21.15.111:6800/1872264645,v1:172.21.15.111:6801/1872264645] conn(0x7fc480039140 0x7fc48003b600 secure :-1 s=READY pgs=10 cs=0 l=1 rev1=1 crypto rx=0x7fc488006fd0 tx=0x7fc488006e40 comp rx=0 tx=0).ready entity=mgr.14152 client_cookie=0 server_cookie=0 in_seq=0 out_seq=0
2024-04-24T22:31:37.241 INFO:teuthology.orchestra.run.smithi111.stdout:/usr/bin/ceph: stderr
2024-04-24T22:31:36.308+0000 7fc4a0a00700 1 -- 172.21.15.111:0/2499277281 <== mon.0 v2:172.21.15.111:3300/0 6 ==== mon_command_ack([{"prefix": "get_command_descriptions"}]=0 v0) ==== 72+0+186147 (secure 0 0 0) 0x7fc48c0212c0 con 0x7fc49c10a010
2024-04-24T22:31:37.241 INFO:teuthology.orchestra.run.smithi111.stdout:/usr/bin/ceph: stderr
2024-04-24T22:31:36.530+0000 7fc4a1e00700 1 -- 172.21.15.111:0/2499277281 --> [v2:172.21.15.111:3300/0,v1:172.21.15.111:6789/0] -- mon_command([{prefix=config set, name=osd_memory_target_autotune}] v 0) -- 0x7fc49c1a15b0 con 0x7fc49c10a010
2024-04-24T22:31:37.242 INFO:teuthology.orchestra.run.smithi111.stdout:/usr/bin/ceph: stderr
2024-04-24T22:31:36.531+0000 7fc4a0a00700 1 -- 172.21.15.111:0/2499277281 <== mon.0 v2:172.21.15.111:3300/0 7 ==== mon_command_ack([{prefix=config set, name=osd_memory_target_autotune}]=0 v8)=0 v8) ==== 127+0+0 (secure 0 0 0) 0x7fc48c01ab70 con 0x7fc49c10a010
2024-04-24T22:31:37.242 INFO:teuthology.orchestra.run.smithi111.stdout:/usr/bin/ceph: stderr
2024-04-24T22:31:36.534+0000 7fc4a1e00700 1 -- 172.21.15.111:0/2499277281 >> [v2:172.21.15.111:6800/1872264645,v1:172.21.15.111:6801/1872264645] conn(0x7fc480039140 msgr2=0x7fc48003b600 secure :-1 s=STATE_CONNECTION_ESTABLISHED l=1).mark_down
2024-04-24T22:31:37.242 INFO:teuthology.orchestra.run.smithi111.stdout:/usr/bin/ceph: stderr
2024-04-24T22:31:36.534+0000 7fc4a1e00700 1 --2- 172.21.15.111:0/2499277281 >> [v2:172.21.15.111:6800/1872264645,v1:172.21.15.111:6801/1872264645] conn(0x7fc480039140 0x7fc48003b600 secure :-1 s=READY pgs=10 cs=0 l=1 rev1=1 crypto rx=0x7fc488006fd0 tx=0x7fc488006e40 comp rx=0 tx=0).stop
2024-04-24T22:31:37.242 INFO:teuthology.orchestra.run.smithi111.stdout:/usr/bin/ceph: stderr
2024-04-24T22:31:36.534+0000 7fc4a1e00700 1 -- 172.21.15.111:0/2499277281 >> [v2:172.21.15.111:3300/0,v1:172.21.15.111:6789/0] conn(0x7fc49c10a010 msgr2=0x7fc49c19dfb0 secure :-1 s=STATE_CONNECTION_ESTABLISHED l=1).mark_down
2024-04-24T22:31:37.242 INFO:teuthology.orchestra.run.smithi111.stdout:/usr/bin/ceph: stderr
2024-04-24T22:31:36.534+0000 7fc4a1e00700 1 --2- 172.21.15.111:0/2499277281 >> [v2:172.21.15.111:3300/0,v1:172.21.15.111:6789/0] conn(0x7fc49c10a010 0x7fc49c19dfb0 secure :-1 s=READY pgs=77 cs=0 l=1 rev1=1 crypto rx=0x7fc48c000c00 tx=0x7fc48c011c10 comp rx=0 tx=0).stop
2024-04-24T22:31:37.242 INFO:teuthology.orchestra.run.smithi111.stdout:/usr/bin/ceph: stderr
2024-04-24T22:31:36.534+0000 7fc4a1e00700 1 -- 172.21.15.111:0/2499277281 shutdown_connections
2024-04-24T22:31:37.242 INFO:teuthology.orchestra.run.smithi111.stdout:/usr/bin/ceph: stderr
2024-04-24T22:31:36.534+0000 7fc4a1e00700 1 --2- 172.21.15.111:0/2499277281 >> [v2:172.21.15.111:6800/1872264645,v1:172.21.15.111:6801/1872264645] conn(0x7fc480039140 0x7fc48003b600 unknown :-1 s=CLOSED pgs=10 cs=0 l=1 rev1=1 crypto rx=0 tx=0 comp rx=0 tx=0).stop
2024-04-24T22:31:37.242 INFO:teuthology.orchestra.run.smithi111.stdout:/usr/bin/ceph: stderr
2024-04-24T22:31:36.534+0000 7fc4a1e00700 1 --2- 172.21.15.111:0/2499277281 >> [v2:172.21.15.111:3300/0,v1:172.21.15.111:6789/0] conn(0x7fc49c10a010 0x7fc49c19dfb0 unknown :-1 s=CLOSED pgs=77 cs=0 l=1 rev1=1 crypto rx=0 tx=0 comp rx=0 tx=0).stop
2024-04-24T22:31:37.242 INFO:teuthology.orchestra.run.smithi111.stdout:/usr/bin/ceph: stderr
2024-04-24T22:31:36.534+0000 7fc4a1e00700 1 -- 172.21.15.111:0/2499277281 >> 172.21.15.111:0/2499277281 conn(0x7fc49c07d3a0 msgr2=0x7fc49c107540 unknown :-1 s=STATE_NONE l=0).mark_down
2024-04-24T22:31:37.242 INFO:teuthology.orchestra.run.smithi111.stdout:/usr/bin/ceph: stderr
2024-04-24T22:31:36.535+0000 7fc4a1e00700 1 -- 172.21.15.111:0/2499277281 shutdown_connections
2024-04-24T22:31:37.242 INFO:teuthology.orchestra.run.smithi111.stdout:/usr/bin/ceph: stderr
2024-04-24T22:31:36.535+0000 7fc4a1e00700 1 -- 172.21.15.111:0/2499277281 wait complete.
2024-04-24T22:31:38.953 INFO:teuthology.orchestra.run.smithi111.stdout:/usr/bin/ceph: stderr
2024-04-24T22:31:37.872+0000 7f0855000700 1 Processor -- start
2024-04-24T22:31:38.953 INFO:teuthology.orchestra.run.smithi111.stdout:/usr/bin/ceph: stderr
2024-04-24T22:31:37.872+0000 7f0855000700 1 -- start start
2024-04-24T22:31:38.953 INFO:teuthology.orchestra.run.smithi111.stdout:/usr/bin/ceph: stderr
2024-04-24T22:31:37.872+0000 7f0855000700 1 --2- >> [v2:172.21.15.111:3300/0,v1:172.21.15.111:6789/0] conn(0x7f085010eca0 0x7f0850111090 unknown :-1 s=NONE pgs=0 cs=0 l=0 rev1=0 crypto rx=0 tx=0 comp rx=0 tx=0).connect
2024-04-24T22:31:38.953 INFO:teuthology.orchestra.run.smithi111.stdout:/usr/bin/ceph: stderr
2024-04-24T22:31:37.872+0000 7f0855000700 1 -- --> [v2:172.21.15.111:3300/0,v1:172.21.15.111:6789/0] -- mon_getmap magic: 0 -- 0x7f08501115d0 con 0x7f085010eca0
2024-04-24T22:31:38.953 INFO:teuthology.orchestra.run.smithi111.stdout:/usr/bin/ceph: stderr
2024-04-24T22:31:37.873+0000 7f084de00700 1 --2- >> [v2:172.21.15.111:3300/0,v1:172.21.15.111:6789/0] conn(0x7f085010eca0 0x7f0850111090 unknown :-1 s=BANNER_CONNECTING pgs=0 cs=0 l=0 rev1=0 crypto rx=0 tx=0 comp rx=0 tx=0)._handle_peer_banner_payload supported=3 required=0
2024-04-24T22:31:38.953 INFO:teuthology.orchestra.run.smithi111.stdout:/usr/bin/ceph: stderr
2024-04-24T22:31:37.873+0000 7f084de00700 1 --2- >> [v2:172.21.15.111:3300/0,v1:172.21.15.111:6789/0] conn(0x7f085010eca0 0x7f0850111090 unknown :-1 s=HELLO_CONNECTING pgs=0 cs=0 l=0 rev1=1 crypto rx=0 tx=0 comp rx=0 tx=0).handle_hello peer v2:172.21.15.111:3300/0 says I am v2:172.21.15.111:56642/0 (socket says 172.21.15.111:56642)
2024-04-24T22:31:38.954 INFO:teuthology.orchestra.run.smithi111.stdout:/usr/bin/ceph: stderr
2024-04-24T22:31:37.873+0000 7f084de00700 1 -- 172.21.15.111:0/553484816 learned_addr learned my addr 172.21.15.111:0/553484816 (peer_addr_for_me v2:172.21.15.111:0/0)
2024-04-24T22:31:38.959 INFO:teuthology.orchestra.run.smithi111.stdout:/usr/bin/ceph: stderr
2024-04-24T22:31:37.874+0000 7f084de00700 1 -- 172.21.15.111:0/553484816 --> [v2:172.21.15.111:3300/0,v1:172.21.15.111:6789/0] -- mon_subscribe({config=0+,monmap=0+}) -- 0x7f0850111750 con 0x7f085010eca0
2024-04-24T22:31:38.959 INFO:teuthology.orchestra.run.smithi111.stdout:/usr/bin/ceph: stderr
2024-04-24T22:31:37.874+0000 7f084de00700 1 --2- 172.21.15.111:0/553484816 >> [v2:172.21.15.111:3300/0,v1:172.21.15.111:6789/0] conn(0x7f085010eca0 0x7f0850111090 secure :-1 s=READY pgs=78 cs=0 l=1 rev1=1 crypto rx=0x7f08400098a0 tx=0x7f0840009bb0 comp rx=0 tx=0).ready entity=mon.0 client_cookie=271a24d8ae6a1b7d server_cookie=0 in_seq=0 out_seq=0
2024-04-24T22:31:38.959 INFO:teuthology.orchestra.run.smithi111.stdout:/usr/bin/ceph: stderr
2024-04-24T22:31:37.875+0000 7f084ca00700 1 -- 172.21.15.111:0/553484816 <== mon.0 v2:172.21.15.111:3300/0 1 ==== mon_map magic: 0 ==== 205+0+0 (secure 0 0 0) 0x7f0840004160 con 0x7f085010eca0
2024-04-24T22:31:38.959 INFO:teuthology.orchestra.run.smithi111.stdout:/usr/bin/ceph: stderr
2024-04-24T22:31:37.875+0000 7f084ca00700 1 -- 172.21.15.111:0/553484816 <== mon.0 v2:172.21.15.111:3300/0 2 ==== config(27 keys) ==== 1140+0+0 (secure 0 0 0) 0x7f0840004300 con 0x7f085010eca0
2024-04-24T22:31:38.959 INFO:teuthology.orchestra.run.smithi111.stdout:/usr/bin/ceph: stderr
2024-04-24T22:31:37.875+0000 7f084ca00700 1 -- 172.21.15.111:0/553484816 <== mon.0 v2:172.21.15.111:3300/0 3 ==== mon_map magic: 0 ==== 205+0+0 (secure 0 0 0) 0x7f0840011b20 con 0x7f085010eca0
2024-04-24T22:31:38.959 INFO:teuthology.orchestra.run.smithi111.stdout:/usr/bin/ceph: stderr
2024-04-24T22:31:37.875+0000 7f0855000700 1 -- 172.21.15.111:0/553484816 >> [v2:172.21.15.111:3300/0,v1:172.21.15.111:6789/0] conn(0x7f085010eca0 msgr2=0x7f0850111090 secure :-1 s=STATE_CONNECTION_ESTABLISHED l=1).mark_down
2024-04-24T22:31:38.959 INFO:teuthology.orchestra.run.smithi111.stdout:/usr/bin/ceph: stderr
2024-04-24T22:31:37.875+0000 7f0855000700 1 --2- 172.21.15.111:0/553484816 >> [v2:172.21.15.111:3300/0,v1:172.21.15.111:6789/0] conn(0x7f085010eca0 0x7f0850111090 secure :-1 s=READY pgs=78 cs=0 l=1 rev1=1 crypto rx=0x7f08400098a0 tx=0x7f0840009bb0 comp rx=0 tx=0).stop
2024-04-24T22:31:38.959 INFO:teuthology.orchestra.run.smithi111.stdout:/usr/bin/ceph: stderr
2024-04-24T22:31:37.875+0000 7f0855000700 1 -- 172.21.15.111:0/553484816 shutdown_connections
2024-04-24T22:31:38.959 INFO:teuthology.orchestra.run.smithi111.stdout:/usr/bin/ceph: stderr
2024-04-24T22:31:37.875+0000 7f0855000700 1 --2- 172.21.15.111:0/553484816 >> [v2:172.21.15.111:3300/0,v1:172.21.15.111:6789/0] conn(0x7f085010eca0 0x7f0850111090 unknown :-1 s=CLOSED pgs=78 cs=0 l=1 rev1=1 crypto rx=0 tx=0 comp rx=0 tx=0).stop
2024-04-24T22:31:38.959 INFO:teuthology.orchestra.run.smithi111.stdout:/usr/bin/ceph: stderr
2024-04-24T22:31:37.875+0000 7f0855000700 1 -- 172.21.15.111:0/553484816 >> 172.21.15.111:0/553484816 conn(0x7f085007d3a0 msgr2=0x7f085007f820 unknown :-1 s=STATE_NONE l=0).mark_down
2024-04-24T22:31:38.959 INFO:teuthology.orchestra.run.smithi111.stdout:/usr/bin/ceph: stderr
2024-04-24T22:31:37.876+0000 7f0855000700 1 -- 172.21.15.111:0/553484816 shutdown_connections
2024-04-24T22:31:38.959 INFO:teuthology.orchestra.run.smithi111.stdout:/usr/bin/ceph: stderr
2024-04-24T22:31:37.876+0000 7f0855000700 1 -- 172.21.15.111:0/553484816 wait complete.
2024-04-24T22:31:38.960 INFO:teuthology.orchestra.run.smithi111.stdout:/usr/bin/ceph: stderr
2024-04-24T22:31:37.877+0000 7f0855000700 1 Processor -- start
2024-04-24T22:31:38.960 INFO:teuthology.orchestra.run.smithi111.stdout:/usr/bin/ceph: stderr
2024-04-24T22:31:37.877+0000 7f0855000700 1 -- start start
2024-04-24T22:31:38.960 INFO:teuthology.orchestra.run.smithi111.stdout:/usr/bin/ceph: stderr
2024-04-24T22:31:37.877+0000 7f0855000700 1 --2- >> [v2:172.21.15.111:3300/0,v1:172.21.15.111:6789/0] conn(0x7f085010eca0 0x7f08501a2370 unknown :-1 s=NONE pgs=0 cs=0 l=1 rev1=0 crypto rx=0 tx=0 comp rx=0 tx=0).connect
2024-04-24T22:31:38.960 INFO:teuthology.orchestra.run.smithi111.stdout:/usr/bin/ceph: stderr
2024-04-24T22:31:37.877+0000 7f0855000700 1 -- --> [v2:172.21.15.111:3300/0,v1:172.21.15.111:6789/0] -- mon_getmap magic: 0 -- 0x7f0850112810 con 0x7f085010eca0
2024-04-24T22:31:38.960 INFO:teuthology.orchestra.run.smithi111.stdout:/usr/bin/ceph: stderr
2024-04-24T22:31:37.877+0000 7f084de00700 1 --2- >> [v2:172.21.15.111:3300/0,v1:172.21.15.111:6789/0] conn(0x7f085010eca0 0x7f08501a2370 unknown :-1 s=BANNER_CONNECTING pgs=0 cs=0 l=1 rev1=0 crypto rx=0 tx=0 comp rx=0 tx=0)._handle_peer_banner_payload supported=3 required=0
2024-04-24T22:31:38.960 INFO:teuthology.orchestra.run.smithi111.stdout:/usr/bin/ceph: stderr
2024-04-24T22:31:37.878+0000 7f084de00700 1 --2- >> [v2:172.21.15.111:3300/0,v1:172.21.15.111:6789/0] conn(0x7f085010eca0 0x7f08501a2370 unknown :-1 s=HELLO_CONNECTING pgs=0 cs=0 l=1 rev1=1 crypto rx=0 tx=0 comp rx=0 tx=0).handle_hello peer v2:172.21.15.111:3300/0 says I am v2:172.21.15.111:56658/0 (socket says 172.21.15.111:56658)
2024-04-24T22:31:38.960 INFO:teuthology.orchestra.run.smithi111.stdout:/usr/bin/ceph: stderr
2024-04-24T22:31:37.878+0000 7f084de00700 1 -- 172.21.15.111:0/4226534221 learned_addr learned my addr 172.21.15.111:0/4226534221 (peer_addr_for_me v2:172.21.15.111:0/0)
2024-04-24T22:31:38.960 INFO:teuthology.orchestra.run.smithi111.stdout:/usr/bin/ceph: stderr
2024-04-24T22:31:37.878+0000 7f084de00700 1 -- 172.21.15.111:0/4226534221 --> [v2:172.21.15.111:3300/0,v1:172.21.15.111:6789/0] -- mon_subscribe({config=0+,monmap=0+}) -- 0x7f08501a28b0 con 0x7f085010eca0
2024-04-24T22:31:38.960 INFO:teuthology.orchestra.run.smithi111.stdout:/usr/bin/ceph: stderr
2024-04-24T22:31:37.878+0000 7f084de00700 1 --2- 172.21.15.111:0/4226534221 >> [v2:172.21.15.111:3300/0,v1:172.21.15.111:6789/0] conn(0x7f085010eca0 0x7f08501a2370 secure :-1 s=READY pgs=79 cs=0 l=1 rev1=1 crypto rx=0x7f0840011b60 tx=0x7f0840011c40 comp rx=0 tx=0).ready entity=mon.0 client_cookie=0 server_cookie=0 in_seq=0 out_seq=0
2024-04-24T22:31:38.960 INFO:teuthology.orchestra.run.smithi111.stdout:/usr/bin/ceph: stderr
2024-04-24T22:31:37.878+0000 7f0846a00700 1 -- 172.21.15.111:0/4226534221 <== mon.0 v2:172.21.15.111:3300/0 1 ==== mon_map magic: 0 ==== 205+0+0 (secure 0 0 0) 0x7f0840003b60 con 0x7f085010eca0
2024-04-24T22:31:38.960 INFO:teuthology.orchestra.run.smithi111.stdout:/usr/bin/ceph: stderr
2024-04-24T22:31:37.878+0000 7f0846a00700 1 -- 172.21.15.111:0/4226534221 <== mon.0 v2:172.21.15.111:3300/0 2 ==== config(27 keys) ==== 1140+0+0 (secure 0 0 0) 0x7f084001a910 con 0x7f085010eca0
2024-04-24T22:31:38.960 INFO:teuthology.orchestra.run.smithi111.stdout:/usr/bin/ceph: stderr
2024-04-24T22:31:37.878+0000 7f0855000700 1 -- 172.21.15.111:0/4226534221 --> [v2:172.21.15.111:3300/0,v1:172.21.15.111:6789/0] -- mon_subscribe({mgrmap=0+}) -- 0x7f08501a2b40 con 0x7f085010eca0
2024-04-24T22:31:38.960 INFO:teuthology.orchestra.run.smithi111.stdout:/usr/bin/ceph: stderr
2024-04-24T22:31:37.879+0000 7f0846a00700 1 -- 172.21.15.111:0/4226534221 <== mon.0 v2:172.21.15.111:3300/0 3 ==== mon_map magic: 0 ==== 205+0+0 (secure 0 0 0) 0x7f0840024930 con 0x7f085010eca0
2024-04-24T22:31:38.960 INFO:teuthology.orchestra.run.smithi111.stdout:/usr/bin/ceph: stderr
2024-04-24T22:31:37.879+0000 7f0855000700 1 -- 172.21.15.111:0/4226534221 --> [v2:172.21.15.111:3300/0,v1:172.21.15.111:6789/0] -- mon_subscribe({osdmap=0}) -- 0x7f08501a2fa0 con 0x7f085010eca0
2024-04-24T22:31:38.961 INFO:teuthology.orchestra.run.smithi111.stdout:/usr/bin/ceph: stderr
2024-04-24T22:31:37.880+0000 7f0846a00700 1 -- 172.21.15.111:0/4226534221 <== mon.0 v2:172.21.15.111:3300/0 4 ==== mgrmap(e 13) ==== 46344+0+0 (secure 0 0 0) 0x7f0840022020 con 0x7f085010eca0
2024-04-24T22:31:38.961 INFO:teuthology.orchestra.run.smithi111.stdout:/usr/bin/ceph: stderr
2024-04-24T22:31:37.880+0000 7f0855000700 1 -- 172.21.15.111:0/4226534221 --> [v2:172.21.15.111:3300/0,v1:172.21.15.111:6789/0] -- mon_command({"prefix": "get_command_descriptions"} v 0) -- 0x7f0850063890 con 0x7f085010eca0
2024-04-24T22:31:38.961 INFO:teuthology.orchestra.run.smithi111.stdout:/usr/bin/ceph: stderr
2024-04-24T22:31:37.880+0000 7f0846a00700 1 --2- 172.21.15.111:0/4226534221 >> [v2:172.21.15.111:6800/1872264645,v1:172.21.15.111:6801/1872264645] conn(0x7f0834039140 0x7f083403b600 unknown :-1 s=NONE pgs=0 cs=0 l=1 rev1=0 crypto rx=0 tx=0 comp rx=0 tx=0).connect
2024-04-24T22:31:38.961 INFO:teuthology.orchestra.run.smithi111.stdout:/usr/bin/ceph: stderr
2024-04-24T22:31:37.880+0000 7f0846a00700 1 -- 172.21.15.111:0/4226534221 <== mon.0 v2:172.21.15.111:3300/0 5 ==== osd_map(3..3 src has 1..3) ==== 1155+0+0 (secure 0 0 0) 0x7f084004d470 con 0x7f085010eca0
2024-04-24T22:31:38.961 INFO:teuthology.orchestra.run.smithi111.stdout:/usr/bin/ceph: stderr
2024-04-24T22:31:37.881+0000 7f084d400700 1 --2- 172.21.15.111:0/4226534221 >> [v2:172.21.15.111:6800/1872264645,v1:172.21.15.111:6801/1872264645] conn(0x7f0834039140 0x7f083403b600 unknown :-1 s=BANNER_CONNECTING pgs=0 cs=0 l=1 rev1=0 crypto rx=0 tx=0 comp rx=0 tx=0)._handle_peer_banner_payload supported=3 required=0
2024-04-24T22:31:38.961 INFO:teuthology.orchestra.run.smithi111.stdout:/usr/bin/ceph: stderr
2024-04-24T22:31:37.881+0000 7f084d400700 1 --2- 172.21.15.111:0/4226534221 >> [v2:172.21.15.111:6800/1872264645,v1:172.21.15.111:6801/1872264645] conn(0x7f0834039140 0x7f083403b600 secure :-1 s=READY pgs=11 cs=0 l=1 rev1=1 crypto rx=0x7f083c006fd0 tx=0x7f083c006e40 comp rx=0 tx=0).ready entity=mgr.14152 client_cookie=0 server_cookie=0 in_seq=0 out_seq=0
2024-04-24T22:31:38.961 INFO:teuthology.orchestra.run.smithi111.stdout:/usr/bin/ceph: stderr
2024-04-24T22:31:37.886+0000 7f0846a00700 1 -- 172.21.15.111:0/4226534221 <== mon.0 v2:172.21.15.111:3300/0 6 ==== mon_command_ack([{"prefix": "get_command_descriptions"}]=0 v0) ==== 72+0+186147 (secure 0 0 0) 0x7f084000b3e0 con 0x7f085010eca0
2024-04-24T22:31:38.961 INFO:teuthology.orchestra.run.smithi111.stdout:/usr/bin/ceph: stderr
2024-04-24T22:31:38.225+0000 7f0855000700 1 -- 172.21.15.111:0/4226534221 --> [v2:172.21.15.111:3300/0,v1:172.21.15.111:6789/0] -- mon_command([{prefix=config-key set, key=mgr/dashboard/cluster/status}] v 0) -- 0x7f08501a5970 con 0x7f085010eca0
2024-04-24T22:31:38.961 INFO:teuthology.orchestra.run.smithi111.stdout:/usr/bin/ceph: stderr
2024-04-24T22:31:38.232+0000 7f0846a00700 1 -- 172.21.15.111:0/4226534221 <== mon.0 v2:172.21.15.111:3300/0 7 ==== mon_command_ack([{prefix=config-key set, key=mgr/dashboard/cluster/status}]=0 set mgr/dashboard/cluster/status v28)=0 set mgr/dashboard/cluster/status v28) ==== 153+0+0 (secure 0 0 0) 0x7f0840016260 con 0x7f085010eca0
2024-04-24T22:31:38.961 INFO:teuthology.orchestra.run.smithi111.stdout:/usr/bin/ceph: stderr
2024-04-24T22:31:38.234+0000 7f0855000700 1 -- 172.21.15.111:0/4226534221 >> [v2:172.21.15.111:6800/1872264645,v1:172.21.15.111:6801/1872264645] conn(0x7f0834039140 msgr2=0x7f083403b600 secure :-1 s=STATE_CONNECTION_ESTABLISHED l=1).mark_down
2024-04-24T22:31:38.961 INFO:teuthology.orchestra.run.smithi111.stdout:/usr/bin/ceph: stderr
2024-04-24T22:31:38.234+0000 7f0855000700 1 --2- 172.21.15.111:0/4226534221 >> [v2:172.21.15.111:6800/1872264645,v1:172.21.15.111:6801/1872264645] conn(0x7f0834039140 0x7f083403b600 secure :-1 s=READY pgs=11 cs=0 l=1 rev1=1 crypto rx=0x7f083c006fd0 tx=0x7f083c006e40 comp rx=0 tx=0).stop
2024-04-24T22:31:38.961 INFO:teuthology.orchestra.run.smithi111.stdout:/usr/bin/ceph: stderr
2024-04-24T22:31:38.234+0000 7f0855000700 1 -- 172.21.15.111:0/4226534221 >> [v2:172.21.15.111:3300/0,v1:172.21.15.111:6789/0] conn(0x7f085010eca0 msgr2=0x7f08501a2370 secure :-1 s=STATE_CONNECTION_ESTABLISHED l=1).mark_down
2024-04-24T22:31:38.961 INFO:teuthology.orchestra.run.smithi111.stdout:/usr/bin/ceph: stderr
2024-04-24T22:31:38.234+0000 7f0855000700 1 --2- 172.21.15.111:0/4226534221 >> [v2:172.21.15.111:3300/0,v1:172.21.15.111:6789/0] conn(0x7f085010eca0 0x7f08501a2370 secure :-1 s=READY pgs=79 cs=0 l=1 rev1=1 crypto rx=0x7f0840011b60 tx=0x7f0840011c40 comp rx=0 tx=0).stop
2024-04-24T22:31:38.961 INFO:teuthology.orchestra.run.smithi111.stdout:/usr/bin/ceph: stderr
2024-04-24T22:31:38.234+0000 7f0855000700 1 -- 172.21.15.111:0/4226534221 shutdown_connections
2024-04-24T22:31:38.962 INFO:teuthology.orchestra.run.smithi111.stdout:/usr/bin/ceph: stderr
2024-04-24T22:31:38.234+0000 7f0855000700 1 --2- 172.21.15.111:0/4226534221 >> [v2:172.21.15.111:6800/1872264645,v1:172.21.15.111:6801/1872264645] conn(0x7f0834039140 0x7f083403b600 unknown :-1 s=CLOSED pgs=11 cs=0 l=1 rev1=1 crypto rx=0 tx=0 comp rx=0 tx=0).stop
2024-04-24T22:31:38.962 INFO:teuthology.orchestra.run.smithi111.stdout:/usr/bin/ceph: stderr
2024-04-24T22:31:38.235+0000 7f0855000700 1 --2- 172.21.15.111:0/4226534221 >> [v2:172.21.15.111:3300/0,v1:172.21.15.111:6789/0] conn(0x7f085010eca0 0x7f08501a2370 unknown :-1 s=CLOSED pgs=79 cs=0 l=1 rev1=1 crypto rx=0 tx=0 comp rx=0 tx=0).stop
2024-04-24T22:31:38.962 INFO:teuthology.orchestra.run.smithi111.stdout:/usr/bin/ceph: stderr
2024-04-24T22:31:38.235+0000 7f0855000700 1 -- 172.21.15.111:0/4226534221 >> 172.21.15.111:0/4226534221 conn(0x7f085007d3a0 msgr2=0x7f085007df40 unknown :-1 s=STATE_NONE l=0).mark_down
2024-04-24T22:31:38.962 INFO:teuthology.orchestra.run.smithi111.stdout:/usr/bin/ceph: stderr
2024-04-24T22:31:38.235+0000 7f0855000700 1 -- 172.21.15.111:0/4226534221 shutdown_connections
2024-04-24T22:31:38.962 INFO:teuthology.orchestra.run.smithi111.stdout:/usr/bin/ceph: stderr
2024-04-24T22:31:38.235+0000 7f0855000700 1 -- 172.21.15.111:0/4226534221 wait complete.
2024-04-24T22:31:38.962 INFO:teuthology.orchestra.run.smithi111.stdout:/usr/bin/ceph: stderr set mgr/dashboard/cluster/status
2024-04-24T22:31:38.962 INFO:teuthology.orchestra.run.smithi111.stdout:You can access the Ceph CLI as following in case of multi-cluster or non-default config:
2024-04-24T22:31:38.962 INFO:teuthology.orchestra.run.smithi111.stdout:
2024-04-24T22:31:38.962 INFO:teuthology.orchestra.run.smithi111.stdout: sudo /home/ubuntu/cephtest/cephadm shell --fsid 0d3ba9b8-028a-11ef-bc93-c7b262605968 -c /etc/ceph/ceph.conf -k /etc/ceph/ceph.client.admin.keyring
2024-04-24T22:31:38.962 INFO:teuthology.orchestra.run.smithi111.stdout:
2024-04-24T22:31:38.962 INFO:teuthology.orchestra.run.smithi111.stdout:Or, if you are only running a single cluster on this host:
2024-04-24T22:31:38.962 INFO:teuthology.orchestra.run.smithi111.stdout:
2024-04-24T22:31:38.962 INFO:teuthology.orchestra.run.smithi111.stdout: sudo /home/ubuntu/cephtest/cephadm shell
2024-04-24T22:31:38.962 INFO:teuthology.orchestra.run.smithi111.stdout:
2024-04-24T22:31:38.963 INFO:teuthology.orchestra.run.smithi111.stdout:Please consider enabling telemetry to help improve Ceph:
2024-04-24T22:31:38.963 INFO:teuthology.orchestra.run.smithi111.stdout:
