2024-04-24T22:31:18.630 INFO:journalctl@ceph.mon.a.smithi111.stdout:Apr 24 22:31:18 smithi111 ceph-mon[27746]: from='client.? 172.21.15.111:0/3294697445' entity='client.admin' cmd=[{"prefix": "mgr module enable", "module": "dashboard"}]: dispatch
2024-04-24T22:31:18.889 INFO:journalctl@ceph.mgr.x.smithi111.stdout:Apr 24 22:31:18 smithi111 ceph-0d3ba9b8-028a-11ef-bc93-c7b262605968-mgr-x[27988]: ignoring --setuser ceph since I am not root
2024-04-24T22:31:18.889 INFO:journalctl@ceph.mgr.x.smithi111.stdout:Apr 24 22:31:18 smithi111 ceph-0d3ba9b8-028a-11ef-bc93-c7b262605968-mgr-x[27988]: ignoring --setgroup ceph since I am not root
2024-04-24T22:31:18.889 INFO:journalctl@ceph.mgr.x.smithi111.stdout:Apr 24 22:31:18 smithi111 ceph-0d3ba9b8-028a-11ef-bc93-c7b262605968-mgr-x[27988]:
2024-04-24T22:31:18.876+0000 7f34fa9f5200 -1 mgr[py] Module balancer has missing NOTIFY_TYPES member
2024-04-24T22:31:19.249 INFO:journalctl@ceph.mgr.x.smithi111.stdout:Apr 24 22:31:19 smithi111 ceph-0d3ba9b8-028a-11ef-bc93-c7b262605968-mgr-x[27988]:
2024-04-24T22:31:19.117+0000 7f34fa9f5200 -1 mgr[py] Module orchestrator has missing NOTIFY_TYPES member
2024-04-24T22:31:19.250 INFO:journalctl@ceph.mgr.x.smithi111.stdout:Apr 24 22:31:19 smithi111 ceph-0d3ba9b8-028a-11ef-bc93-c7b262605968-mgr-x[27988]:
2024-04-24T22:31:19.247+0000 7f34fa9f5200 -1 mgr[py] Module snap_schedule has missing NOTIFY_TYPES member
2024-04-24T22:31:19.770 INFO:journalctl@ceph.mgr.x.smithi111.stdout:Apr 24 22:31:19 smithi111 ceph-0d3ba9b8-028a-11ef-bc93-c7b262605968-mgr-x[27988]:
2024-04-24T22:31:19.656+0000 7f34fa9f5200 -1 mgr[py] Module progress has missing NOTIFY_TYPES member
2024-04-24T22:31:19.771 INFO:journalctl@ceph.mon.a.smithi111.stdout:Apr 24 22:31:19 smithi111 ceph-mon[27746]: from='client.? 172.21.15.111:0/3294697445' entity='client.admin' cmd='[{"prefix": "mgr module enable", "module": "dashboard"}]': finished
2024-04-24T22:31:19.771 INFO:journalctl@ceph.mon.a.smithi111.stdout:Apr 24 22:31:19 smithi111 ceph-mon[27746]: mgrmap e9: x(active, since 25s)
2024-04-24T22:31:20.033 INFO:journalctl@ceph.mgr.x.smithi111.stdout:Apr 24 22:31:19 smithi111 ceph-0d3ba9b8-028a-11ef-bc93-c7b262605968-mgr-x[27988]:
2024-04-24T22:31:19.768+0000 7f34fa9f5200 -1 mgr[py] Module influx has missing NOTIFY_TYPES member
2024-04-24T22:31:20.157 INFO:teuthology.orchestra.run.smithi111.stdout:/usr/bin/ceph: stderr
2024-04-24T22:31:17.630+0000 7fc1f9000700 1 Processor -- start
2024-04-24T22:31:20.157 INFO:teuthology.orchestra.run.smithi111.stdout:/usr/bin/ceph: stderr
2024-04-24T22:31:17.631+0000 7fc1f9000700 1 -- start start
2024-04-24T22:31:20.157 INFO:teuthology.orchestra.run.smithi111.stdout:/usr/bin/ceph: stderr
2024-04-24T22:31:17.631+0000 7fc1f9000700 1 --2- >> [v2:172.21.15.111:3300/0,v1:172.21.15.111:6789/0] conn(0x7fc1f407de20 0x7fc1f407c2d0 unknown :-1 s=NONE pgs=0 cs=0 l=0 rev1=0 crypto rx=0 tx=0 comp rx=0 tx=0).connect
2024-04-24T22:31:20.157 INFO:teuthology.orchestra.run.smithi111.stdout:/usr/bin/ceph: stderr
2024-04-24T22:31:17.631+0000 7fc1f9000700 1 -- --> [v2:172.21.15.111:3300/0,v1:172.21.15.111:6789/0] -- mon_getmap magic: 0 -- 0x7fc1f407c8a0 con 0x7fc1f407de20
2024-04-24T22:31:20.157 INFO:teuthology.orchestra.run.smithi111.stdout:/usr/bin/ceph: stderr
2024-04-24T22:31:17.631+0000 7fc1f1e00700 1 --2- >> [v2:172.21.15.111:3300/0,v1:172.21.15.111:6789/0] conn(0x7fc1f407de20 0x7fc1f407c2d0 unknown :-1 s=BANNER_CONNECTING pgs=0 cs=0 l=0 rev1=0 crypto rx=0 tx=0 comp rx=0 tx=0)._handle_peer_banner_payload supported=3 required=0
2024-04-24T22:31:20.157 INFO:teuthology.orchestra.run.smithi111.stdout:/usr/bin/ceph: stderr
2024-04-24T22:31:17.631+0000 7fc1f1e00700 1 --2- >> [v2:172.21.15.111:3300/0,v1:172.21.15.111:6789/0] conn(0x7fc1f407de20 0x7fc1f407c2d0 unknown :-1 s=HELLO_CONNECTING pgs=0 cs=0 l=0 rev1=1 crypto rx=0 tx=0 comp rx=0 tx=0).handle_hello peer v2:172.21.15.111:3300/0 says I am v2:172.21.15.111:60664/0 (socket says 172.21.15.111:60664)
2024-04-24T22:31:20.157 INFO:teuthology.orchestra.run.smithi111.stdout:/usr/bin/ceph: stderr
2024-04-24T22:31:17.632+0000 7fc1f1e00700 1 -- 172.21.15.111:0/3693573818 learned_addr learned my addr 172.21.15.111:0/3693573818 (peer_addr_for_me v2:172.21.15.111:0/0)
2024-04-24T22:31:20.157 INFO:teuthology.orchestra.run.smithi111.stdout:/usr/bin/ceph: stderr
2024-04-24T22:31:17.632+0000 7fc1f1e00700 1 -- 172.21.15.111:0/3693573818 --> [v2:172.21.15.111:3300/0,v1:172.21.15.111:6789/0] -- mon_subscribe({config=0+,monmap=0+}) -- 0x7fc1f407ca20 con 0x7fc1f407de20
2024-04-24T22:31:20.158 INFO:teuthology.orchestra.run.smithi111.stdout:/usr/bin/ceph: stderr
2024-04-24T22:31:17.632+0000 7fc1f1e00700 1 --2- 172.21.15.111:0/3693573818 >> [v2:172.21.15.111:3300/0,v1:172.21.15.111:6789/0] conn(0x7fc1f407de20 0x7fc1f407c2d0 secure :-1 s=READY pgs=55 cs=0 l=1 rev1=1 crypto rx=0x7fc1e40098a0 tx=0x7fc1e4009bb0 comp rx=0 tx=0).ready entity=mon.0 client_cookie=7ddc97dac37abfa7 server_cookie=0 in_seq=0 out_seq=0
2024-04-24T22:31:20.158 INFO:teuthology.orchestra.run.smithi111.stdout:/usr/bin/ceph: stderr
2024-04-24T22:31:17.633+0000 7fc1f0a00700 1 -- 172.21.15.111:0/3693573818 <== mon.0 v2:172.21.15.111:3300/0 1 ==== mon_map magic: 0 ==== 205+0+0 (secure 0 0 0) 0x7fc1e4004160 con 0x7fc1f407de20
2024-04-24T22:31:20.158 INFO:teuthology.orchestra.run.smithi111.stdout:/usr/bin/ceph: stderr
2024-04-24T22:31:17.633+0000 7fc1f0a00700 1 -- 172.21.15.111:0/3693573818 <== mon.0 v2:172.21.15.111:3300/0 2 ==== config(27 keys) ==== 1140+0+0 (secure 0 0 0) 0x7fc1e4004300 con 0x7fc1f407de20
2024-04-24T22:31:20.158 INFO:teuthology.orchestra.run.smithi111.stdout:/usr/bin/ceph: stderr
2024-04-24T22:31:17.633+0000 7fc1f0a00700 1 -- 172.21.15.111:0/3693573818 <== mon.0 v2:172.21.15.111:3300/0 3 ==== mon_map magic: 0 ==== 205+0+0 (secure 0 0 0) 0x7fc1e4011b20 con 0x7fc1f407de20
2024-04-24T22:31:20.158 INFO:teuthology.orchestra.run.smithi111.stdout:/usr/bin/ceph: stderr
2024-04-24T22:31:17.633+0000 7fc1f9000700 1 -- 172.21.15.111:0/3693573818 >> [v2:172.21.15.111:3300/0,v1:172.21.15.111:6789/0] conn(0x7fc1f407de20 msgr2=0x7fc1f407c2d0 secure :-1 s=STATE_CONNECTION_ESTABLISHED l=1).mark_down
2024-04-24T22:31:20.158 INFO:teuthology.orchestra.run.smithi111.stdout:/usr/bin/ceph: stderr
2024-04-24T22:31:17.633+0000 7fc1f9000700 1 --2- 172.21.15.111:0/3693573818 >> [v2:172.21.15.111:3300/0,v1:172.21.15.111:6789/0] conn(0x7fc1f407de20 0x7fc1f407c2d0 secure :-1 s=READY pgs=55 cs=0 l=1 rev1=1 crypto rx=0x7fc1e40098a0 tx=0x7fc1e4009bb0 comp rx=0 tx=0).stop
2024-04-24T22:31:20.158 INFO:teuthology.orchestra.run.smithi111.stdout:/usr/bin/ceph: stderr
2024-04-24T22:31:17.634+0000 7fc1f9000700 1 -- 172.21.15.111:0/3693573818 shutdown_connections
2024-04-24T22:31:20.158 INFO:teuthology.orchestra.run.smithi111.stdout:/usr/bin/ceph: stderr
2024-04-24T22:31:17.634+0000 7fc1f9000700 1 --2- 172.21.15.111:0/3693573818 >> [v2:172.21.15.111:3300/0,v1:172.21.15.111:6789/0] conn(0x7fc1f407de20 0x7fc1f407c2d0 unknown :-1 s=CLOSED pgs=55 cs=0 l=1 rev1=1 crypto rx=0 tx=0 comp rx=0 tx=0).stop
2024-04-24T22:31:20.158 INFO:teuthology.orchestra.run.smithi111.stdout:/usr/bin/ceph: stderr
2024-04-24T22:31:17.634+0000 7fc1f9000700 1 -- 172.21.15.111:0/3693573818 >> 172.21.15.111:0/3693573818 conn(0x7fc1f41033f0 msgr2=0x7fc1f4105810 unknown :-1 s=STATE_NONE l=0).mark_down
2024-04-24T22:31:20.158 INFO:teuthology.orchestra.run.smithi111.stdout:/usr/bin/ceph: stderr
2024-04-24T22:31:17.634+0000 7fc1f9000700 1 -- 172.21.15.111:0/3693573818 shutdown_connections
2024-04-24T22:31:20.158 INFO:teuthology.orchestra.run.smithi111.stdout:/usr/bin/ceph: stderr
2024-04-24T22:31:17.634+0000 7fc1f9000700 1 -- 172.21.15.111:0/3693573818 wait complete.
2024-04-24T22:31:20.159 INFO:teuthology.orchestra.run.smithi111.stdout:/usr/bin/ceph: stderr
2024-04-24T22:31:17.635+0000 7fc1f9000700 1 Processor -- start
2024-04-24T22:31:20.159 INFO:teuthology.orchestra.run.smithi111.stdout:/usr/bin/ceph: stderr
2024-04-24T22:31:17.635+0000 7fc1f9000700 1 -- start start
2024-04-24T22:31:20.159 INFO:teuthology.orchestra.run.smithi111.stdout:/usr/bin/ceph: stderr
2024-04-24T22:31:17.636+0000 7fc1f9000700 1 --2- >> [v2:172.21.15.111:3300/0,v1:172.21.15.111:6789/0] conn(0x7fc1f407de20 0x7fc1f419dfa0 unknown :-1 s=NONE pgs=0 cs=0 l=1 rev1=0 crypto rx=0 tx=0 comp rx=0 tx=0).connect
2024-04-24T22:31:20.159 INFO:teuthology.orchestra.run.smithi111.stdout:/usr/bin/ceph: stderr
2024-04-24T22:31:17.636+0000 7fc1f9000700 1 -- --> [v2:172.21.15.111:3300/0,v1:172.21.15.111:6789/0] -- mon_getmap magic: 0 -- 0x7fc1f410e430 con 0x7fc1f407de20
2024-04-24T22:31:20.159 INFO:teuthology.orchestra.run.smithi111.stdout:/usr/bin/ceph: stderr
2024-04-24T22:31:17.636+0000 7fc1f1e00700 1 --2- >> [v2:172.21.15.111:3300/0,v1:172.21.15.111:6789/0] conn(0x7fc1f407de20 0x7fc1f419dfa0 unknown :-1 s=BANNER_CONNECTING pgs=0 cs=0 l=1 rev1=0 crypto rx=0 tx=0 comp rx=0 tx=0)._handle_peer_banner_payload supported=3 required=0
2024-04-24T22:31:20.159 INFO:teuthology.orchestra.run.smithi111.stdout:/usr/bin/ceph: stderr
2024-04-24T22:31:17.636+0000 7fc1f1e00700 1 --2- >> [v2:172.21.15.111:3300/0,v1:172.21.15.111:6789/0] conn(0x7fc1f407de20 0x7fc1f419dfa0 unknown :-1 s=HELLO_CONNECTING pgs=0 cs=0 l=1 rev1=1 crypto rx=0 tx=0 comp rx=0 tx=0).handle_hello peer v2:172.21.15.111:3300/0 says I am v2:172.21.15.111:60666/0 (socket says 172.21.15.111:60666)
2024-04-24T22:31:20.159 INFO:teuthology.orchestra.run.smithi111.stdout:/usr/bin/ceph: stderr
2024-04-24T22:31:17.636+0000 7fc1f1e00700 1 -- 172.21.15.111:0/3294697445 learned_addr learned my addr 172.21.15.111:0/3294697445 (peer_addr_for_me v2:172.21.15.111:0/0)
2024-04-24T22:31:20.159 INFO:teuthology.orchestra.run.smithi111.stdout:/usr/bin/ceph: stderr
2024-04-24T22:31:17.636+0000 7fc1f1e00700 1 -- 172.21.15.111:0/3294697445 --> [v2:172.21.15.111:3300/0,v1:172.21.15.111:6789/0] -- mon_subscribe({config=0+,monmap=0+}) -- 0x7fc1f419e4e0 con 0x7fc1f407de20
2024-04-24T22:31:20.159 INFO:teuthology.orchestra.run.smithi111.stdout:/usr/bin/ceph: stderr
2024-04-24T22:31:17.637+0000 7fc1f1e00700 1 --2- 172.21.15.111:0/3294697445 >> [v2:172.21.15.111:3300/0,v1:172.21.15.111:6789/0] conn(0x7fc1f407de20 0x7fc1f419dfa0 secure :-1 s=READY pgs=56 cs=0 l=1 rev1=1 crypto rx=0x7fc1e40116a0 tx=0x7fc1e4011ba0 comp rx=0 tx=0).ready entity=mon.0 client_cookie=0 server_cookie=0 in_seq=0 out_seq=0
2024-04-24T22:31:20.159 INFO:teuthology.orchestra.run.smithi111.stdout:/usr/bin/ceph: stderr
2024-04-24T22:31:17.637+0000 7fc1eaa00700 1 -- 172.21.15.111:0/3294697445 <== mon.0 v2:172.21.15.111:3300/0 1 ==== mon_map magic: 0 ==== 205+0+0 (secure 0 0 0) 0x7fc1e4003a40 con 0x7fc1f407de20
2024-04-24T22:31:20.159 INFO:teuthology.orchestra.run.smithi111.stdout:/usr/bin/ceph: stderr
2024-04-24T22:31:17.637+0000 7fc1eaa00700 1 -- 172.21.15.111:0/3294697445 <== mon.0 v2:172.21.15.111:3300/0 2 ==== config(27 keys) ==== 1140+0+0 (secure 0 0 0) 0x7fc1e4003be0 con 0x7fc1f407de20
2024-04-24T22:31:20.160 INFO:teuthology.orchestra.run.smithi111.stdout:/usr/bin/ceph: stderr
2024-04-24T22:31:17.637+0000 7fc1eaa00700 1 -- 172.21.15.111:0/3294697445 <== mon.0 v2:172.21.15.111:3300/0 3 ==== mon_map magic: 0 ==== 205+0+0 (secure 0 0 0) 0x7fc1e401a750 con 0x7fc1f407de20
2024-04-24T22:31:20.160 INFO:teuthology.orchestra.run.smithi111.stdout:/usr/bin/ceph: stderr
2024-04-24T22:31:17.637+0000 7fc1f9000700 1 -- 172.21.15.111:0/3294697445 --> [v2:172.21.15.111:3300/0,v1:172.21.15.111:6789/0] -- mon_subscribe({mgrmap=0+}) -- 0x7fc1f419e770 con 0x7fc1f407de20
2024-04-24T22:31:20.160 INFO:teuthology.orchestra.run.smithi111.stdout:/usr/bin/ceph: stderr
2024-04-24T22:31:17.637+0000 7fc1f9000700 1 -- 172.21.15.111:0/3294697445 --> [v2:172.21.15.111:3300/0,v1:172.21.15.111:6789/0] -- mon_subscribe({osdmap=0}) -- 0x7fc1f419ebd0 con 0x7fc1f407de20
2024-04-24T22:31:20.160 INFO:teuthology.orchestra.run.smithi111.stdout:/usr/bin/ceph: stderr
2024-04-24T22:31:17.638+0000 7fc1eaa00700 1 -- 172.21.15.111:0/3294697445 <== mon.0 v2:172.21.15.111:3300/0 4 ==== mgrmap(e 8) ==== 46287+0+0 (secure 0 0 0) 0x7fc1e401aa00 con 0x7fc1f407de20
2024-04-24T22:31:20.160 INFO:teuthology.orchestra.run.smithi111.stdout:/usr/bin/ceph: stderr
2024-04-24T22:31:17.639+0000 7fc1eaa00700 1 --2- 172.21.15.111:0/3294697445 >> [v2:172.21.15.111:6800/3447332391,v1:172.21.15.111:6801/3447332391] conn(0x7fc1d8039050 0x7fc1d803b510 unknown :-1 s=NONE pgs=0 cs=0 l=1 rev1=0 crypto rx=0 tx=0 comp rx=0 tx=0).connect
2024-04-24T22:31:20.160 INFO:teuthology.orchestra.run.smithi111.stdout:/usr/bin/ceph: stderr
2024-04-24T22:31:17.639+0000 7fc1eaa00700 1 -- 172.21.15.111:0/3294697445 <== mon.0 v2:172.21.15.111:3300/0 5 ==== osd_map(2..2 src has 1..2) ==== 940+0+0 (secure 0 0 0) 0x7fc1e404d6c0 con 0x7fc1f407de20
2024-04-24T22:31:20.160 INFO:teuthology.orchestra.run.smithi111.stdout:/usr/bin/ceph: stderr
2024-04-24T22:31:17.639+0000 7fc1f9000700 1 -- 172.21.15.111:0/3294697445 --> [v2:172.21.15.111:3300/0,v1:172.21.15.111:6789/0] -- mon_command({"prefix": "get_command_descriptions"} v 0) -- 0x7fc1f4063890 con 0x7fc1f407de20
2024-04-24T22:31:20.160 INFO:teuthology.orchestra.run.smithi111.stdout:/usr/bin/ceph: stderr
2024-04-24T22:31:17.639+0000 7fc1f1400700 1 --2- 172.21.15.111:0/3294697445 >> [v2:172.21.15.111:6800/3447332391,v1:172.21.15.111:6801/3447332391] conn(0x7fc1d8039050 0x7fc1d803b510 unknown :-1 s=BANNER_CONNECTING pgs=0 cs=0 l=1 rev1=0 crypto rx=0 tx=0 comp rx=0 tx=0)._handle_peer_banner_payload supported=3 required=0
2024-04-24T22:31:20.160 INFO:teuthology.orchestra.run.smithi111.stdout:/usr/bin/ceph: stderr
2024-04-24T22:31:17.640+0000 7fc1f1400700 1 --2- 172.21.15.111:0/3294697445 >> [v2:172.21.15.111:6800/3447332391,v1:172.21.15.111:6801/3447332391] conn(0x7fc1d8039050 0x7fc1d803b510 secure :-1 s=READY pgs=16 cs=0 l=1 rev1=1 crypto rx=0x7fc1e0006fd0 tx=0x7fc1e0006e40 comp rx=0 tx=0).ready entity=mgr.14120 client_cookie=0 server_cookie=0 in_seq=0 out_seq=0
2024-04-24T22:31:20.160 INFO:teuthology.orchestra.run.smithi111.stdout:/usr/bin/ceph: stderr
2024-04-24T22:31:17.645+0000 7fc1eaa00700 1 -- 172.21.15.111:0/3294697445 <== mon.0 v2:172.21.15.111:3300/0 6 ==== mon_command_ack([{"prefix": "get_command_descriptions"}]=0 v0) ==== 72+0+186147 (secure 0 0 0) 0x7fc1e4011e20 con 0x7fc1f407de20
2024-04-24T22:31:20.160 INFO:teuthology.orchestra.run.smithi111.stdout:/usr/bin/ceph: stderr
2024-04-24T22:31:17.940+0000 7fc1f9000700 1 -- 172.21.15.111:0/3294697445 --> [v2:172.21.15.111:3300/0,v1:172.21.15.111:6789/0] -- mon_command({"prefix": "mgr module enable", "module": "dashboard"} v 0) -- 0x7fc1f41a1950 con 0x7fc1f407de20
2024-04-24T22:31:20.160 INFO:teuthology.orchestra.run.smithi111.stdout:/usr/bin/ceph: stderr
2024-04-24T22:31:18.562+0000 7fc1eaa00700 1 -- 172.21.15.111:0/3294697445 <== mon.0 v2:172.21.15.111:3300/0 7 ==== mon_command_ack([{"prefix": "mgr module enable", "module": "dashboard"}]=0 v9) ==== 88+0+0 (secure 0 0 0) 0x7fc1e404d010 con 0x7fc1f407de20
2024-04-24T22:31:20.161 INFO:teuthology.orchestra.run.smithi111.stdout:/usr/bin/ceph: stderr
2024-04-24T22:31:18.565+0000 7fc1eaa00700 1 -- 172.21.15.111:0/3294697445 <== mon.0 v2:172.21.15.111:3300/0 8 ==== mgrmap(e 9) ==== 46300+0+0 (secure 0 0 0) 0x7fc1e402d3f0 con 0x7fc1f407de20
2024-04-24T22:31:20.161 INFO:teuthology.orchestra.run.smithi111.stdout:/usr/bin/ceph: stderr
2024-04-24T22:31:18.567+0000 7fc1f9000700 1 -- 172.21.15.111:0/3294697445 >> [v2:172.21.15.111:6800/3447332391,v1:172.21.15.111:6801/3447332391] conn(0x7fc1d8039050 msgr2=0x7fc1d803b510 secure :-1 s=STATE_CONNECTION_ESTABLISHED l=1).mark_down
2024-04-24T22:31:20.161 INFO:teuthology.orchestra.run.smithi111.stdout:/usr/bin/ceph: stderr
2024-04-24T22:31:18.567+0000 7fc1f9000700 1 --2- 172.21.15.111:0/3294697445 >> [v2:172.21.15.111:6800/3447332391,v1:172.21.15.111:6801/3447332391] conn(0x7fc1d8039050 0x7fc1d803b510 secure :-1 s=READY pgs=16 cs=0 l=1 rev1=1 crypto rx=0x7fc1e0006fd0 tx=0x7fc1e0006e40 comp rx=0 tx=0).stop
2024-04-24T22:31:20.161 INFO:teuthology.orchestra.run.smithi111.stdout:/usr/bin/ceph: stderr
2024-04-24T22:31:18.567+0000 7fc1f9000700 1 -- 172.21.15.111:0/3294697445 >> [v2:172.21.15.111:3300/0,v1:172.21.15.111:6789/0] conn(0x7fc1f407de20 msgr2=0x7fc1f419dfa0 secure :-1 s=STATE_CONNECTION_ESTABLISHED l=1).mark_down
2024-04-24T22:31:20.161 INFO:teuthology.orchestra.run.smithi111.stdout:/usr/bin/ceph: stderr
2024-04-24T22:31:18.567+0000 7fc1f9000700 1 --2- 172.21.15.111:0/3294697445 >> [v2:172.21.15.111:3300/0,v1:172.21.15.111:6789/0] conn(0x7fc1f407de20 0x7fc1f419dfa0 secure :-1 s=READY pgs=56 cs=0 l=1 rev1=1 crypto rx=0x7fc1e40116a0 tx=0x7fc1e4011ba0 comp rx=0 tx=0).stop
2024-04-24T22:31:20.161 INFO:teuthology.orchestra.run.smithi111.stdout:/usr/bin/ceph: stderr
2024-04-24T22:31:18.568+0000 7fc1f9000700 1 -- 172.21.15.111:0/3294697445 shutdown_connections
2024-04-24T22:31:20.161 INFO:teuthology.orchestra.run.smithi111.stdout:/usr/bin/ceph: stderr
2024-04-24T22:31:18.568+0000 7fc1f9000700 1 --2- 172.21.15.111:0/3294697445 >> [v2:172.21.15.111:6800/3447332391,v1:172.21.15.111:6801/3447332391] conn(0x7fc1d8039050 0x7fc1d803b510 unknown :-1 s=CLOSED pgs=16 cs=0 l=1 rev1=1 crypto rx=0 tx=0 comp rx=0 tx=0).stop
2024-04-24T22:31:20.161 INFO:teuthology.orchestra.run.smithi111.stdout:/usr/bin/ceph: stderr
2024-04-24T22:31:18.568+0000 7fc1f9000700 1 --2- 172.21.15.111:0/3294697445 >> [v2:172.21.15.111:3300/0,v1:172.21.15.111:6789/0] conn(0x7fc1f407de20 0x7fc1f419dfa0 unknown :-1 s=CLOSED pgs=56 cs=0 l=1 rev1=1 crypto rx=0 tx=0 comp rx=0 tx=0).stop
2024-04-24T22:31:20.161 INFO:teuthology.orchestra.run.smithi111.stdout:/usr/bin/ceph: stderr
2024-04-24T22:31:18.568+0000 7fc1f9000700 1 -- 172.21.15.111:0/3294697445 >> 172.21.15.111:0/3294697445 conn(0x7fc1f41033f0 msgr2=0x7fc1f4103f00 unknown :-1 s=STATE_NONE l=0).mark_down
2024-04-24T22:31:20.161 INFO:teuthology.orchestra.run.smithi111.stdout:/usr/bin/ceph: stderr
2024-04-24T22:31:18.568+0000 7fc1f9000700 1 -- 172.21.15.111:0/3294697445 shutdown_connections
2024-04-24T22:31:20.161 INFO:teuthology.orchestra.run.smithi111.stdout:/usr/bin/ceph: stderr
2024-04-24T22:31:18.568+0000 7fc1f9000700 1 -- 172.21.15.111:0/3294697445 wait complete.
2024-04-24T22:31:21.284 INFO:journalctl@ceph.mon.a.smithi111.stdout:Apr 24 22:31:21 smithi111 ceph-mon[27746]: from='client.? 172.21.15.111:0/201023613' entity='client.admin' cmd=[{"prefix": "mgr stat"}]: dispatch
2024-04-24T22:31:21.724 INFO:journalctl@ceph.mgr.x.smithi111.stdout:Apr 24 22:31:21 smithi111 ceph-0d3ba9b8-028a-11ef-bc93-c7b262605968-mgr-x[27988]:
2024-04-24T22:31:21.337+0000 7f34fa9f5200 -1 mgr[py] Module telegraf has missing NOTIFY_TYPES member
2024-04-24T22:31:21.724 INFO:journalctl@ceph.mgr.x.smithi111.stdout:Apr 24 22:31:21 smithi111 ceph-0d3ba9b8-028a-11ef-bc93-c7b262605968-mgr-x[27988]:
2024-04-24T22:31:21.563+0000 7f34fa9f5200 -1 mgr[py] Module osd_support has missing NOTIFY_TYPES member
2024-04-24T22:31:21.743 INFO:teuthology.orchestra.run.smithi111.stdout:/usr/bin/ceph: stdout {
2024-04-24T22:31:21.743 INFO:teuthology.orchestra.run.smithi111.stdout:/usr/bin/ceph: stdout "epoch": 9,
2024-04-24T22:31:21.743 INFO:teuthology.orchestra.run.smithi111.stdout:/usr/bin/ceph: stdout "available": true,
2024-04-24T22:31:21.743 INFO:teuthology.orchestra.run.smithi111.stdout:/usr/bin/ceph: stdout "active_name": "x",
2024-04-24T22:31:21.743 INFO:teuthology.orchestra.run.smithi111.stdout:/usr/bin/ceph: stdout "num_standby": 0
2024-04-24T22:31:21.743 INFO:teuthology.orchestra.run.smithi111.stdout:/usr/bin/ceph: stdout }
2024-04-24T22:31:21.744 INFO:teuthology.orchestra.run.smithi111.stdout:/usr/bin/ceph: stderr
2024-04-24T22:31:20.730+0000 7f2735e00700 1 Processor -- start
2024-04-24T22:31:21.744 INFO:teuthology.orchestra.run.smithi111.stdout:/usr/bin/ceph: stderr
2024-04-24T22:31:20.730+0000 7f2735e00700 1 -- start start
2024-04-24T22:31:21.744 INFO:teuthology.orchestra.run.smithi111.stdout:/usr/bin/ceph: stderr
2024-04-24T22:31:20.731+0000 7f2735e00700 1 --2- >> [v2:172.21.15.111:3300/0,v1:172.21.15.111:6789/0] conn(0x7f2730108960 0x7f273010ad50 unknown :-1 s=NONE pgs=0 cs=0 l=0 rev1=0 crypto rx=0 tx=0 comp rx=0 tx=0).connect
2024-04-24T22:31:21.744 INFO:teuthology.orchestra.run.smithi111.stdout:/usr/bin/ceph: stderr
2024-04-24T22:31:20.731+0000 7f2735e00700 1 -- --> [v2:172.21.15.111:3300/0,v1:172.21.15.111:6789/0] -- mon_getmap magic: 0 -- 0x7f273007bda0 con 0x7f2730108960
2024-04-24T22:31:21.744 INFO:teuthology.orchestra.run.smithi111.stdout:/usr/bin/ceph: stderr
2024-04-24T22:31:20.731+0000 7f272ea00700 1 --2- >> [v2:172.21.15.111:3300/0,v1:172.21.15.111:6789/0] conn(0x7f2730108960 0x7f273010ad50 unknown :-1 s=BANNER_CONNECTING pgs=0 cs=0 l=0 rev1=0 crypto rx=0 tx=0 comp rx=0 tx=0)._handle_peer_banner_payload supported=3 required=0
2024-04-24T22:31:21.744 INFO:teuthology.orchestra.run.smithi111.stdout:/usr/bin/ceph: stderr
2024-04-24T22:31:20.731+0000 7f272ea00700 1 --2- >> [v2:172.21.15.111:3300/0,v1:172.21.15.111:6789/0] conn(0x7f2730108960 0x7f273010ad50 unknown :-1 s=HELLO_CONNECTING pgs=0 cs=0 l=0 rev1=1 crypto rx=0 tx=0 comp rx=0 tx=0).handle_hello peer v2:172.21.15.111:3300/0 says I am v2:172.21.15.111:60696/0 (socket says 172.21.15.111:60696)
2024-04-24T22:31:21.744 INFO:teuthology.orchestra.run.smithi111.stdout:/usr/bin/ceph: stderr
2024-04-24T22:31:20.731+0000 7f272ea00700 1 -- 172.21.15.111:0/3814691178 learned_addr learned my addr 172.21.15.111:0/3814691178 (peer_addr_for_me v2:172.21.15.111:0/0)
2024-04-24T22:31:21.744 INFO:teuthology.orchestra.run.smithi111.stdout:/usr/bin/ceph: stderr
2024-04-24T22:31:20.732+0000 7f272ea00700 1 -- 172.21.15.111:0/3814691178 --> [v2:172.21.15.111:3300/0,v1:172.21.15.111:6789/0] -- mon_subscribe({config=0+,monmap=0+}) -- 0x7f273010b290 con 0x7f2730108960
2024-04-24T22:31:21.744 INFO:teuthology.orchestra.run.smithi111.stdout:/usr/bin/ceph: stderr
2024-04-24T22:31:20.732+0000 7f272ea00700 1 --2- 172.21.15.111:0/3814691178 >> [v2:172.21.15.111:3300/0,v1:172.21.15.111:6789/0] conn(0x7f2730108960 0x7f273010ad50 secure :-1 s=READY pgs=59 cs=0 l=1 rev1=1 crypto rx=0x7f27200098a0 tx=0x7f2720009bb0 comp rx=0 tx=0).ready entity=mon.0 client_cookie=1ed3636714f913b1 server_cookie=0 in_seq=0 out_seq=0
2024-04-24T22:31:21.744 INFO:teuthology.orchestra.run.smithi111.stdout:/usr/bin/ceph: stderr
2024-04-24T22:31:20.732+0000 7f272d600700 1 -- 172.21.15.111:0/3814691178 <== mon.0 v2:172.21.15.111:3300/0 1 ==== mon_map magic: 0 ==== 205+0+0 (secure 0 0 0) 0x7f2720004160 con 0x7f2730108960
2024-04-24T22:31:21.744 INFO:teuthology.orchestra.run.smithi111.stdout:/usr/bin/ceph: stderr
2024-04-24T22:31:20.732+0000 7f272d600700 1 -- 172.21.15.111:0/3814691178 <== mon.0 v2:172.21.15.111:3300/0 2 ==== config(27 keys) ==== 1140+0+0 (secure 0 0 0) 0x7f2720004300 con 0x7f2730108960
2024-04-24T22:31:21.744 INFO:teuthology.orchestra.run.smithi111.stdout:/usr/bin/ceph: stderr
2024-04-24T22:31:20.732+0000 7f272d600700 1 -- 172.21.15.111:0/3814691178 <== mon.0 v2:172.21.15.111:3300/0 3 ==== mon_map magic: 0 ==== 205+0+0 (secure 0 0 0) 0x7f2720011b20 con 0x7f2730108960
2024-04-24T22:31:21.744 INFO:teuthology.orchestra.run.smithi111.stdout:/usr/bin/ceph: stderr
2024-04-24T22:31:20.733+0000 7f2735e00700 1 -- 172.21.15.111:0/3814691178 >> [v2:172.21.15.111:3300/0,v1:172.21.15.111:6789/0] conn(0x7f2730108960 msgr2=0x7f273010ad50 secure :-1 s=STATE_CONNECTION_ESTABLISHED l=1).mark_down
2024-04-24T22:31:21.744 INFO:teuthology.orchestra.run.smithi111.stdout:/usr/bin/ceph: stderr
2024-04-24T22:31:20.733+0000 7f2735e00700 1 --2- 172.21.15.111:0/3814691178 >> [v2:172.21.15.111:3300/0,v1:172.21.15.111:6789/0] conn(0x7f2730108960 0x7f273010ad50 secure :-1 s=READY pgs=59 cs=0 l=1 rev1=1 crypto rx=0x7f27200098a0 tx=0x7f2720009bb0 comp rx=0 tx=0).stop
2024-04-24T22:31:21.745 INFO:teuthology.orchestra.run.smithi111.stdout:/usr/bin/ceph: stderr
2024-04-24T22:31:20.733+0000 7f2735e00700 1 -- 172.21.15.111:0/3814691178 shutdown_connections
2024-04-24T22:31:21.745 INFO:teuthology.orchestra.run.smithi111.stdout:/usr/bin/ceph: stderr
2024-04-24T22:31:20.733+0000 7f2735e00700 1 --2- 172.21.15.111:0/3814691178 >> [v2:172.21.15.111:3300/0,v1:172.21.15.111:6789/0] conn(0x7f2730108960 0x7f273010ad50 unknown :-1 s=CLOSED pgs=59 cs=0 l=1 rev1=1 crypto rx=0 tx=0 comp rx=0 tx=0).stop
2024-04-24T22:31:21.745 INFO:teuthology.orchestra.run.smithi111.stdout:/usr/bin/ceph: stderr
2024-04-24T22:31:20.733+0000 7f2735e00700 1 -- 172.21.15.111:0/3814691178 >> 172.21.15.111:0/3814691178 conn(0x7f27301022d0 msgr2=0x7f27301046f0 unknown :-1 s=STATE_NONE l=0).mark_down
2024-04-24T22:31:21.745 INFO:teuthology.orchestra.run.smithi111.stdout:/usr/bin/ceph: stderr
2024-04-24T22:31:20.733+0000 7f2735e00700 1 -- 172.21.15.111:0/3814691178 shutdown_connections
2024-04-24T22:31:21.745 INFO:teuthology.orchestra.run.smithi111.stdout:/usr/bin/ceph: stderr
2024-04-24T22:31:20.733+0000 7f2735e00700 1 -- 172.21.15.111:0/3814691178 wait complete.
2024-04-24T22:31:21.745 INFO:teuthology.orchestra.run.smithi111.stdout:/usr/bin/ceph: stderr
2024-04-24T22:31:20.734+0000 7f2735e00700 1 Processor -- start
2024-04-24T22:31:21.745 INFO:teuthology.orchestra.run.smithi111.stdout:/usr/bin/ceph: stderr
2024-04-24T22:31:20.734+0000 7f2735e00700 1 -- start start
2024-04-24T22:31:21.745 INFO:teuthology.orchestra.run.smithi111.stdout:/usr/bin/ceph: stderr
2024-04-24T22:31:20.735+0000 7f2735e00700 1 --2- >> [v2:172.21.15.111:3300/0,v1:172.21.15.111:6789/0] conn(0x7f2730108960 0x7f273019bdb0 unknown :-1 s=NONE pgs=0 cs=0 l=1 rev1=0 crypto rx=0 tx=0 comp rx=0 tx=0).connect
2024-04-24T22:31:21.745 INFO:teuthology.orchestra.run.smithi111.stdout:/usr/bin/ceph: stderr
2024-04-24T22:31:20.735+0000 7f2735e00700 1 -- --> [v2:172.21.15.111:3300/0,v1:172.21.15.111:6789/0] -- mon_getmap magic: 0 -- 0x7f273010c230 con 0x7f2730108960
2024-04-24T22:31:21.745 INFO:teuthology.orchestra.run.smithi111.stdout:/usr/bin/ceph: stderr
2024-04-24T22:31:20.735+0000 7f272ea00700 1 --2- >> [v2:172.21.15.111:3300/0,v1:172.21.15.111:6789/0] conn(0x7f2730108960 0x7f273019bdb0 unknown :-1 s=BANNER_CONNECTING pgs=0 cs=0 l=1 rev1=0 crypto rx=0 tx=0 comp rx=0 tx=0)._handle_peer_banner_payload supported=3 required=0
2024-04-24T22:31:21.745 INFO:teuthology.orchestra.run.smithi111.stdout:/usr/bin/ceph: stderr
2024-04-24T22:31:20.735+0000 7f272ea00700 1 --2- >> [v2:172.21.15.111:3300/0,v1:172.21.15.111:6789/0] conn(0x7f2730108960 0x7f273019bdb0 unknown :-1 s=HELLO_CONNECTING pgs=0 cs=0 l=1 rev1=1 crypto rx=0 tx=0 comp rx=0 tx=0).handle_hello peer v2:172.21.15.111:3300/0 says I am v2:172.21.15.111:60702/0 (socket says 172.21.15.111:60702)
2024-04-24T22:31:21.745 INFO:teuthology.orchestra.run.smithi111.stdout:/usr/bin/ceph: stderr
2024-04-24T22:31:20.735+0000 7f272ea00700 1 -- 172.21.15.111:0/201023613 learned_addr learned my addr 172.21.15.111:0/201023613 (peer_addr_for_me v2:172.21.15.111:0/0)
2024-04-24T22:31:21.745 INFO:teuthology.orchestra.run.smithi111.stdout:/usr/bin/ceph: stderr
2024-04-24T22:31:20.735+0000 7f272ea00700 1 -- 172.21.15.111:0/201023613 --> [v2:172.21.15.111:3300/0,v1:172.21.15.111:6789/0] -- mon_subscribe({config=0+,monmap=0+}) -- 0x7f273019c2f0 con 0x7f2730108960
2024-04-24T22:31:21.745 INFO:teuthology.orchestra.run.smithi111.stdout:/usr/bin/ceph: stderr
2024-04-24T22:31:20.736+0000 7f272ea00700 1 --2- 172.21.15.111:0/201023613 >> [v2:172.21.15.111:3300/0,v1:172.21.15.111:6789/0] conn(0x7f2730108960 0x7f273019bdb0 secure :-1 s=READY pgs=60 cs=0 l=1 rev1=1 crypto rx=0x7f2720011b60 tx=0x7f2720011c40 comp rx=0 tx=0).ready entity=mon.0 client_cookie=0 server_cookie=0 in_seq=0 out_seq=0
2024-04-24T22:31:21.746 INFO:teuthology.orchestra.run.smithi111.stdout:/usr/bin/ceph: stderr
2024-04-24T22:31:20.736+0000 7f2734a00700 1 -- 172.21.15.111:0/201023613 <== mon.0 v2:172.21.15.111:3300/0 1 ==== mon_map magic: 0 ==== 205+0+0 (secure 0 0 0) 0x7f2720003b60 con 0x7f2730108960
2024-04-24T22:31:21.746 INFO:teuthology.orchestra.run.smithi111.stdout:/usr/bin/ceph: stderr
2024-04-24T22:31:20.736+0000 7f2734a00700 1 -- 172.21.15.111:0/201023613 <== mon.0 v2:172.21.15.111:3300/0 2 ==== config(27 keys) ==== 1140+0+0 (secure 0 0 0) 0x7f272001a910 con 0x7f2730108960
2024-04-24T22:31:21.746 INFO:teuthology.orchestra.run.smithi111.stdout:/usr/bin/ceph: stderr
2024-04-24T22:31:20.736+0000 7f2735e00700 1 -- 172.21.15.111:0/201023613 --> [v2:172.21.15.111:3300/0,v1:172.21.15.111:6789/0] -- mon_subscribe({mgrmap=0+}) -- 0x7f273019c580 con 0x7f2730108960
2024-04-24T22:31:21.746 INFO:teuthology.orchestra.run.smithi111.stdout:/usr/bin/ceph: stderr
2024-04-24T22:31:20.736+0000 7f2734a00700 1 -- 172.21.15.111:0/201023613 <== mon.0 v2:172.21.15.111:3300/0 3 ==== mon_map magic: 0 ==== 205+0+0 (secure 0 0 0) 0x7f2720024930 con 0x7f2730108960
2024-04-24T22:31:21.746 INFO:teuthology.orchestra.run.smithi111.stdout:/usr/bin/ceph: stderr
2024-04-24T22:31:20.736+0000 7f2735e00700 1 -- 172.21.15.111:0/201023613 --> [v2:172.21.15.111:3300/0,v1:172.21.15.111:6789/0] -- mon_subscribe({osdmap=0}) -- 0x7f273019c9e0 con 0x7f2730108960
2024-04-24T22:31:21.746 INFO:teuthology.orchestra.run.smithi111.stdout:/usr/bin/ceph: stderr
2024-04-24T22:31:20.737+0000 7f2734a00700 1 -- 172.21.15.111:0/201023613 <== mon.0 v2:172.21.15.111:3300/0 4 ==== mgrmap(e 9) ==== 46300+0+0 (secure 0 0 0) 0x7f2720022020 con 0x7f2730108960
2024-04-24T22:31:21.746 INFO:teuthology.orchestra.run.smithi111.stdout:/usr/bin/ceph: stderr
2024-04-24T22:31:20.737+0000 7f2735e00700 1 -- 172.21.15.111:0/201023613 --> [v2:172.21.15.111:3300/0,v1:172.21.15.111:6789/0] -- mon_command({"prefix": "get_command_descriptions"} v 0) -- 0x7f2730063890 con 0x7f2730108960
2024-04-24T22:31:21.746 INFO:teuthology.orchestra.run.smithi111.stdout:/usr/bin/ceph: stderr
2024-04-24T22:31:20.738+0000 7f2734a00700 1 --2- 172.21.15.111:0/201023613 >> [v2:172.21.15.111:6800/3447332391,v1:172.21.15.111:6801/3447332391] conn(0x7f2714039100 0x7f271403b5c0 unknown :-1 s=NONE pgs=0 cs=0 l=1 rev1=0 crypto rx=0 tx=0 comp rx=0 tx=0).connect
2024-04-24T22:31:21.746 INFO:teuthology.orchestra.run.smithi111.stdout:/usr/bin/ceph: stderr
2024-04-24T22:31:20.738+0000 7f2734a00700 1 -- 172.21.15.111:0/201023613 <== mon.0 v2:172.21.15.111:3300/0 5 ==== osd_map(2..2 src has 1..2) ==== 940+0+0 (secure 0 0 0) 0x7f272004d350 con 0x7f2730108960
2024-04-24T22:31:21.746 INFO:teuthology.orchestra.run.smithi111.stdout:/usr/bin/ceph: stderr
2024-04-24T22:31:20.738+0000 7f272e000700 1 -- 172.21.15.111:0/201023613 >> [v2:172.21.15.111:6800/3447332391,v1:172.21.15.111:6801/3447332391] conn(0x7f2714039100 msgr2=0x7f271403b5c0 unknown :-1 s=STATE_CONNECTING_RE l=1).process reconnect failed to v2:172.21.15.111:6800/3447332391
2024-04-24T22:31:21.746 INFO:teuthology.orchestra.run.smithi111.stdout:/usr/bin/ceph: stderr
2024-04-24T22:31:20.738+0000 7f272e000700 1 --2- 172.21.15.111:0/201023613 >> [v2:172.21.15.111:6800/3447332391,v1:172.21.15.111:6801/3447332391] conn(0x7f2714039100 0x7f271403b5c0 unknown :-1 s=START_CONNECT pgs=0 cs=0 l=1 rev1=0 crypto rx=0 tx=0 comp rx=0 tx=0)._fault waiting 0.200000
2024-04-24T22:31:21.746 INFO:teuthology.orchestra.run.smithi111.stdout:/usr/bin/ceph: stderr
2024-04-24T22:31:20.747+0000 7f2734a00700 1 -- 172.21.15.111:0/201023613 <== mon.0 v2:172.21.15.111:3300/0 6 ==== mon_command_ack([{"prefix": "get_command_descriptions"}]=0 v0) ==== 72+0+186147 (secure 0 0 0) 0x7f272000fdd0 con 0x7f2730108960
2024-04-24T22:31:21.746 INFO:teuthology.orchestra.run.smithi111.stdout:/usr/bin/ceph: stderr
2024-04-24T22:31:20.939+0000 7f272e000700 1 -- 172.21.15.111:0/201023613 >> [v2:172.21.15.111:6800/3447332391,v1:172.21.15.111:6801/3447332391] conn(0x7f2714039100 msgr2=0x7f271403b5c0 unknown :-1 s=STATE_CONNECTING_RE l=1).process reconnect failed to v2:172.21.15.111:6800/3447332391
2024-04-24T22:31:21.747 INFO:teuthology.orchestra.run.smithi111.stdout:/usr/bin/ceph: stderr
2024-04-24T22:31:20.939+0000 7f272e000700 1 --2- 172.21.15.111:0/201023613 >> [v2:172.21.15.111:6800/3447332391,v1:172.21.15.111:6801/3447332391] conn(0x7f2714039100 0x7f271403b5c0 unknown :-1 s=START_CONNECT pgs=0 cs=0 l=1 rev1=0 crypto rx=0 tx=0 comp rx=0 tx=0)._fault waiting 0.400000
2024-04-24T22:31:21.747 INFO:teuthology.orchestra.run.smithi111.stdout:/usr/bin/ceph: stderr
2024-04-24T22:31:21.028+0000 7f2735e00700 1 -- 172.21.15.111:0/201023613 --> [v2:172.21.15.111:3300/0,v1:172.21.15.111:6789/0] -- mon_command({"prefix": "mgr stat"} v 0) -- 0x7f273019f390 con 0x7f2730108960
2024-04-24T22:31:21.747 INFO:teuthology.orchestra.run.smithi111.stdout:/usr/bin/ceph: stderr
2024-04-24T22:31:21.029+0000 7f2734a00700 1 -- 172.21.15.111:0/201023613 <== mon.0 v2:172.21.15.111:3300/0 7 ==== mon_command_ack([{"prefix": "mgr stat"}]=0 v9) ==== 56+0+88 (secure 0 0 0) 0x7f272004cca0 con 0x7f2730108960
2024-04-24T22:31:21.747 INFO:teuthology.orchestra.run.smithi111.stdout:/usr/bin/ceph: stderr
2024-04-24T22:31:21.033+0000 7f2735e00700 1 -- 172.21.15.111:0/201023613 >> [v2:172.21.15.111:6800/3447332391,v1:172.21.15.111:6801/3447332391] conn(0x7f2714039100 msgr2=0x7f271403b5c0 unknown :-1 s=STATE_CONNECTING l=1).mark_down
2024-04-24T22:31:21.747 INFO:teuthology.orchestra.run.smithi111.stdout:/usr/bin/ceph: stderr
2024-04-24T22:31:21.033+0000 7f2735e00700 1 --2- 172.21.15.111:0/201023613 >> [v2:172.21.15.111:6800/3447332391,v1:172.21.15.111:6801/3447332391] conn(0x7f2714039100 0x7f271403b5c0 unknown :-1 s=START_CONNECT pgs=0 cs=0 l=1 rev1=0 crypto rx=0 tx=0 comp rx=0 tx=0).stop
2024-04-24T22:31:21.747 INFO:teuthology.orchestra.run.smithi111.stdout:/usr/bin/ceph: stderr
2024-04-24T22:31:21.033+0000 7f2735e00700 1 -- 172.21.15.111:0/201023613 >> [v2:172.21.15.111:3300/0,v1:172.21.15.111:6789/0] conn(0x7f2730108960 msgr2=0x7f273019bdb0 secure :-1 s=STATE_CONNECTION_ESTABLISHED l=1).mark_down
2024-04-24T22:31:21.747 INFO:teuthology.orchestra.run.smithi111.stdout:/usr/bin/ceph: stderr
2024-04-24T22:31:21.033+0000 7f2735e00700 1 --2- 172.21.15.111:0/201023613 >> [v2:172.21.15.111:3300/0,v1:172.21.15.111:6789/0] conn(0x7f2730108960 0x7f273019bdb0 secure :-1 s=READY pgs=60 cs=0 l=1 rev1=1 crypto rx=0x7f2720011b60 tx=0x7f2720011c40 comp rx=0 tx=0).stop
2024-04-24T22:31:21.747 INFO:teuthology.orchestra.run.smithi111.stdout:/usr/bin/ceph: stderr
2024-04-24T22:31:21.033+0000 7f2735e00700 1 -- 172.21.15.111:0/201023613 shutdown_connections
2024-04-24T22:31:21.747 INFO:teuthology.orchestra.run.smithi111.stdout:/usr/bin/ceph: stderr
2024-04-24T22:31:21.033+0000 7f2735e00700 1 --2- 172.21.15.111:0/201023613 >> [v2:172.21.15.111:6800/3447332391,v1:172.21.15.111:6801/3447332391] conn(0x7f2714039100 0x7f271403b5c0 unknown :-1 s=CLOSED pgs=0 cs=0 l=1 rev1=0 crypto rx=0 tx=0 comp rx=0 tx=0).stop
2024-04-24T22:31:21.747 INFO:teuthology.orchestra.run.smithi111.stdout:/usr/bin/ceph: stderr
2024-04-24T22:31:21.033+0000 7f2735e00700 1 --2- 172.21.15.111:0/201023613 >> [v2:172.21.15.111:3300/0,v1:172.21.15.111:6789/0] conn(0x7f2730108960 0x7f273019bdb0 unknown :-1 s=CLOSED pgs=60 cs=0 l=1 rev1=1 crypto rx=0 tx=0 comp rx=0 tx=0).stop
2024-04-24T22:31:21.747 INFO:teuthology.orchestra.run.smithi111.stdout:/usr/bin/ceph: stderr
2024-04-24T22:31:21.033+0000 7f2735e00700 1 -- 172.21.15.111:0/201023613 >> 172.21.15.111:0/201023613 conn(0x7f27301022d0 msgr2=0x7f2730102da0 unknown :-1 s=STATE_NONE l=0).mark_down
2024-04-24T22:31:21.747 INFO:teuthology.orchestra.run.smithi111.stdout:/usr/bin/ceph: stderr
2024-04-24T22:31:21.033+0000 7f2735e00700 1 -- 172.21.15.111:0/201023613 shutdown_connections
2024-04-24T22:31:21.747 INFO:teuthology.orchestra.run.smithi111.stdout:/usr/bin/ceph: stderr
2024-04-24T22:31:21.033+0000 7f2735e00700 1 -- 172.21.15.111:0/201023613 wait complete.
2024-04-24T22:31:21.747 INFO:teuthology.orchestra.run.smithi111.stdout:Waiting for the mgr to restart...
2024-04-24T22:31:21.747 INFO:teuthology.orchestra.run.smithi111.stdout:Waiting for mgr epoch 9...
2024-04-24T22:31:22.033 INFO:journalctl@ceph.mgr.x.smithi111.stdout:Apr 24 22:31:21 smithi111 ceph-0d3ba9b8-028a-11ef-bc93-c7b262605968-mgr-x[27988]:
2024-04-24T22:31:21.780+0000 7f34fa9f5200 -1 mgr[py] Module iostat has missing NOTIFY_TYPES member
2024-04-24T22:31:22.296 INFO:journalctl@ceph.mgr.x.smithi111.stdout:Apr 24 22:31:22 smithi111 ceph-0d3ba9b8-028a-11ef-bc93-c7b262605968-mgr-x[27988]:
2024-04-24T22:31:22.167+0000 7f34fa9f5200 -1 mgr[py] Module alerts has missing NOTIFY_TYPES member
2024-04-24T22:31:22.296 INFO:journalctl@ceph.mgr.x.smithi111.stdout:Apr 24 22:31:22 smithi111 ceph-0d3ba9b8-028a-11ef-bc93-c7b262605968-mgr-x[27988]:
2024-04-24T22:31:22.294+0000 7f34fa9f5200 -1 mgr[py] Module selftest has missing NOTIFY_TYPES member
2024-04-24T22:31:22.937 INFO:journalctl@ceph.mgr.x.smithi111.stdout:Apr 24 22:31:22 smithi111 ceph-0d3ba9b8-028a-11ef-bc93-c7b262605968-mgr-x[27988]:
2024-04-24T22:31:22.550+0000 7f34fa9f5200 -1 mgr[py] Module pg_autoscaler has missing NOTIFY_TYPES member
2024-04-24T22:31:22.937 INFO:journalctl@ceph.mgr.x.smithi111.stdout:Apr 24 22:31:22 smithi111 ceph-0d3ba9b8-028a-11ef-bc93-c7b262605968-mgr-x[27988]:
2024-04-24T22:31:22.799+0000 7f34fa9f5200 -1 mgr[py] Module test_orchestrator has missing NOTIFY_TYPES member
2024-04-24T22:31:24.039 INFO:journalctl@ceph.mgr.x.smithi111.stdout:Apr 24 22:31:23 smithi111 ceph-0d3ba9b8-028a-11ef-bc93-c7b262605968-mgr-x[27988]:
2024-04-24T22:31:23.567+0000 7f34fa9f5200 -1 mgr[py] Module rook has missing NOTIFY_TYPES member
2024-04-24T22:31:24.505 INFO:journalctl@ceph.mgr.x.smithi111.stdout:Apr 24 22:31:24 smithi111 ceph-0d3ba9b8-028a-11ef-bc93-c7b262605968-mgr-x[27988]:
2024-04-24T22:31:24.116+0000 7f34fa9f5200 -1 mgr[py] Module volumes has missing NOTIFY_TYPES member
2024-04-24T22:31:24.505 INFO:journalctl@ceph.mgr.x.smithi111.stdout:Apr 24 22:31:24 smithi111 ceph-0d3ba9b8-028a-11ef-bc93-c7b262605968-mgr-x[27988]:
2024-04-24T22:31:24.241+0000 7f34fa9f5200 -1 mgr[py] Module crash has missing NOTIFY_TYPES member
2024-04-24T22:31:25.533 INFO:journalctl@ceph.mgr.x.smithi111.stdout:Apr 24 22:31:24 smithi111 ceph-0d3ba9b8-028a-11ef-bc93-c7b262605968-mgr-x[27988]:
2024-04-24T22:31:24.502+0000 7f34fa9f5200 -1 mgr[py] Module rgw has missing NOTIFY_TYPES member
2024-04-24T22:31:25.533 INFO:journalctl@ceph.mgr.x.smithi111.stdout:Apr 24 22:31:25 smithi111 ceph-0d3ba9b8-028a-11ef-bc93-c7b262605968-mgr-x[27988]:
2024-04-24T22:31:25.137+0000 7f34fa9f5200 -1 mgr[py] Module prometheus has missing NOTIFY_TYPES member
2024-04-24T22:31:25.534 INFO:journalctl@ceph.mgr.x.smithi111.stdout:Apr 24 22:31:25 smithi111 ceph-0d3ba9b8-028a-11ef-bc93-c7b262605968-mgr-x[27988]:
2024-04-24T22:31:25.258+0000 7f34fa9f5200 -1 mgr[py] Module devicehealth has missing NOTIFY_TYPES member
2024-04-24T22:31:25.875 INFO:journalctl@ceph.mgr.x.smithi111.stdout:Apr 24 22:31:25 smithi111 ceph-0d3ba9b8-028a-11ef-bc93-c7b262605968-mgr-x[27988]:
2024-04-24T22:31:25.573+0000 7f34fa9f5200 -1 mgr[py] Module telemetry has missing NOTIFY_TYPES member
2024-04-24T22:31:25.875 INFO:journalctl@ceph.mgr.x.smithi111.stdout:Apr 24 22:31:25 smithi111 ceph-0d3ba9b8-028a-11ef-bc93-c7b262605968-mgr-x[27988]:
2024-04-24T22:31:25.749+0000 7f34fa9f5200 -1 mgr[py] Module diskprediction_local has missing NOTIFY_TYPES member
2024-04-24T22:31:26.149 INFO:journalctl@ceph.mgr.x.smithi111.stdout:Apr 24 22:31:25 smithi111 ceph-0d3ba9b8-028a-11ef-bc93-c7b262605968-mgr-x[27988]:
2024-04-24T22:31:25.873+0000 7f34fa9f5200 -1 mgr[py] Module osd_perf_query has missing NOTIFY_TYPES member
2024-04-24T22:31:26.150 INFO:journalctl@ceph.mgr.x.smithi111.stdout:Apr 24 22:31:26 smithi111 ceph-0d3ba9b8-028a-11ef-bc93-c7b262605968-mgr-x[27988]:
2024-04-24T22:31:26.025+0000 7f34fa9f5200 -1 mgr[py] Module rbd_support has missing NOTIFY_TYPES member
2024-04-24T22:31:26.533 INFO:journalctl@ceph.mgr.x.smithi111.stdout:Apr 24 22:31:26 smithi111 ceph-0d3ba9b8-028a-11ef-bc93-c7b262605968-mgr-x[27988]:
2024-04-24T22:31:26.147+0000 7f34fa9f5200 -1 mgr[py] Module zabbix has missing NOTIFY_TYPES member
2024-04-24T22:31:27.424 INFO:journalctl@ceph.mgr.x.smithi111.stdout:Apr 24 22:31:27 smithi111 ceph-0d3ba9b8-028a-11ef-bc93-c7b262605968-mgr-x[27988]:
2024-04-24T22:31:27.133+0000 7f34fa9f5200 -1 mgr[py] Module status has missing NOTIFY_TYPES member
2024-04-24T22:31:27.783 INFO:journalctl@ceph.mgr.x.smithi111.stdout:Apr 24 22:31:27 smithi111 ceph-0d3ba9b8-028a-11ef-bc93-c7b262605968-mgr-x[27988]:
2024-04-24T22:31:27.421+0000 7f34fa9f5200 -1 mgr[py] Module nfs has missing NOTIFY_TYPES member
2024-04-24T22:31:27.783 INFO:journalctl@ceph.mon.a.smithi111.stdout:Apr 24 22:31:27 smithi111 ceph-mon[27746]: Active manager daemon x restarted
2024-04-24T22:31:27.783 INFO:journalctl@ceph.mon.a.smithi111.stdout:Apr 24 22:31:27 smithi111 ceph-mon[27746]: Activating manager daemon x
2024-04-24T22:31:27.783 INFO:journalctl@ceph.mon.a.smithi111.stdout:Apr 24 22:31:27 smithi111 ceph-mon[27746]: osdmap e3: 0 total, 0 up, 0 in
2024-04-24T22:31:27.784 INFO:journalctl@ceph.mon.a.smithi111.stdout:Apr 24 22:31:27 smithi111 ceph-mon[27746]: mgrmap e10: x(active, starting, since 0.00615219s)
2024-04-24T22:31:27.784 INFO:journalctl@ceph.mon.a.smithi111.stdout:Apr 24 22:31:27 smithi111 ceph-mon[27746]: from='mgr.14152 172.21.15.111:0/1984050521' entity='mgr.x' cmd=[{"prefix": "mon metadata", "id": "a"}]: dispatch
2024-04-24T22:31:27.784 INFO:journalctl@ceph.mon.a.smithi111.stdout:Apr 24 22:31:27 smithi111 ceph-mon[27746]: from='mgr.14152 172.21.15.111:0/1984050521' entity='mgr.x' cmd=[{"prefix": "mgr metadata", "who": "x", "id": "x"}]: dispatch
2024-04-24T22:31:27.784 INFO:journalctl@ceph.mon.a.smithi111.stdout:Apr 24 22:31:27 smithi111 ceph-mon[27746]: from='mgr.14152 172.21.15.111:0/1984050521' entity='mgr.x' cmd=[{"prefix": "mds metadata"}]: dispatch
2024-04-24T22:31:27.784 INFO:journalctl@ceph.mon.a.smithi111.stdout:Apr 24 22:31:27 smithi111 ceph-mon[27746]: from='mgr.14152 172.21.15.111:0/1984050521' entity='mgr.x' cmd=[{"prefix": "osd metadata"}]: dispatch
2024-04-24T22:31:27.784 INFO:journalctl@ceph.mon.a.smithi111.stdout:Apr 24 22:31:27 smithi111 ceph-mon[27746]: from='mgr.14152 172.21.15.111:0/1984050521' entity='mgr.x' cmd=[{"prefix": "mon metadata"}]: dispatch
2024-04-24T22:31:27.784 INFO:journalctl@ceph.mon.a.smithi111.stdout:Apr 24 22:31:27 smithi111 ceph-mon[27746]: Manager daemon x is now available
2024-04-24T22:31:28.724 INFO:journalctl@ceph.mon.a.smithi111.stdout:Apr 24 22:31:28 smithi111 ceph-mon[27746]: from='mgr.14152 172.21.15.111:0/1984050521' entity='mgr.x' cmd=[{"prefix": "config dump", "format": "json"}]: dispatch
2024-04-24T22:31:28.724 INFO:journalctl@ceph.mon.a.smithi111.stdout:Apr 24 22:31:28 smithi111 ceph-mon[27746]: from='mgr.14152 172.21.15.111:0/1984050521' entity='mgr.x' cmd=[{"prefix":"config rm","who":"mgr","name":"mgr/rbd_support/x/mirror_snapshot_schedule"}]: dispatch
2024-04-24T22:31:28.724 INFO:journalctl@ceph.mon.a.smithi111.stdout:Apr 24 22:31:28 smithi111 ceph-mon[27746]: from='mgr.14152 172.21.15.111:0/1984050521' entity='mgr.x' cmd=[{"prefix":"config rm","who":"mgr","name":"mgr/rbd_support/x/trash_purge_schedule"}]: dispatch
2024-04-24T22:31:28.724 INFO:journalctl@ceph.mon.a.smithi111.stdout:Apr 24 22:31:28 smithi111 ceph-mon[27746]: mgrmap e11: x(active, since 1.00991s)
2024-04-24T22:31:29.742 INFO:journalctl@ceph.mon.a.smithi111.stdout:Apr 24 22:31:29 smithi111 ceph-mon[27746]: [24/Apr/2024:22:31:27] ENGINE Bus STARTING
2024-04-24T22:31:29.742 INFO:journalctl@ceph.mon.a.smithi111.stdout:Apr 24 22:31:29 smithi111 ceph-mon[27746]: [24/Apr/2024:22:31:27] ENGINE Serving on https://172.21.15.111:7150
2024-04-24T22:31:29.742 INFO:journalctl@ceph.mon.a.smithi111.stdout:Apr 24 22:31:29 smithi111 ceph-mon[27746]: [24/Apr/2024:22:31:28] ENGINE Serving on http://172.21.15.111:8765
2024-04-24T22:31:29.743 INFO:journalctl@ceph.mon.a.smithi111.stdout:Apr 24 22:31:29 smithi111 ceph-mon[27746]: [24/Apr/2024:22:31:28] ENGINE Bus STARTED
2024-04-24T22:31:29.743 INFO:journalctl@ceph.mon.a.smithi111.stdout:Apr 24 22:31:29 smithi111 ceph-mon[27746]: from='client.14156 -' entity='client.admin' cmd=[{"prefix": "get_command_descriptions"}]: dispatch
2024-04-24T22:31:29.743 INFO:journalctl@ceph.mon.a.smithi111.stdout:Apr 24 22:31:29 smithi111 ceph-mon[27746]: from='client.14156 -' entity='client.admin' cmd=[{"prefix": "mgr_status"}]: dispatch
2024-04-24T22:31:29.756 INFO:teuthology.orchestra.run.smithi111.stdout:/usr/bin/ceph: stdout {
2024-04-24T22:31:29.756 INFO:teuthology.orchestra.run.smithi111.stdout:/usr/bin/ceph: stdout "mgrmap_epoch": 11,
2024-04-24T22:31:29.756 INFO:teuthology.orchestra.run.smithi111.stdout:/usr/bin/ceph: stdout "initialized": true
2024-04-24T22:31:29.756 INFO:teuthology.orchestra.run.smithi111.stdout:/usr/bin/ceph: stdout }
2024-04-24T22:31:29.756 INFO:teuthology.orchestra.run.smithi111.stdout:/usr/bin/ceph: stderr
2024-04-24T22:31:22.325+0000 7f1b3cc00700 1 Processor -- start
2024-04-24T22:31:29.756 INFO:teuthology.orchestra.run.smithi111.stdout:/usr/bin/ceph: stderr
2024-04-24T22:31:22.325+0000 7f1b3cc00700 1 -- start start
2024-04-24T22:31:29.756 INFO:teuthology.orchestra.run.smithi111.stdout:/usr/bin/ceph: stderr
2024-04-24T22:31:22.325+0000 7f1b3cc00700 1 --2- >> [v2:172.21.15.111:3300/0,v1:172.21.15.111:6789/0] conn(0x7f1b381086c0 0x7f1b3810aab0 unknown :-1 s=NONE pgs=0 cs=0 l=0 rev1=0 crypto rx=0 tx=0 comp rx=0 tx=0).connect
2024-04-24T22:31:29.756 INFO:teuthology.orchestra.run.smithi111.stdout:/usr/bin/ceph: stderr
2024-04-24T22:31:22.325+0000 7f1b3cc00700 1 -- --> [v2:172.21.15.111:3300/0,v1:172.21.15.111:6789/0] -- mon_getmap magic: 0 -- 0x7f1b3807be80 con 0x7f1b381086c0
2024-04-24T22:31:29.756 INFO:teuthology.orchestra.run.smithi111.stdout:/usr/bin/ceph: stderr
2024-04-24T22:31:22.326+0000 7f1b37400700 1 --2- >> [v2:172.21.15.111:3300/0,v1:172.21.15.111:6789/0] conn(0x7f1b381086c0 0x7f1b3810aab0 unknown :-1 s=BANNER_CONNECTING pgs=0 cs=0 l=0 rev1=0 crypto rx=0 tx=0 comp rx=0 tx=0)._handle_peer_banner_payload supported=3 required=0
2024-04-24T22:31:29.756 INFO:teuthology.orchestra.run.smithi111.stdout:/usr/bin/ceph: stderr
2024-04-24T22:31:22.326+0000 7f1b37400700 1 --2- >> [v2:172.21.15.111:3300/0,v1:172.21.15.111:6789/0] conn(0x7f1b381086c0 0x7f1b3810aab0 unknown :-1 s=HELLO_CONNECTING pgs=0 cs=0 l=0 rev1=1 crypto rx=0 tx=0 comp rx=0 tx=0).handle_hello peer v2:172.21.15.111:3300/0 says I am v2:172.21.15.111:60714/0 (socket says 172.21.15.111:60714)
2024-04-24T22:31:29.756 INFO:teuthology.orchestra.run.smithi111.stdout:/usr/bin/ceph: stderr
2024-04-24T22:31:22.326+0000 7f1b37400700 1 -- 172.21.15.111:0/3494793059 learned_addr learned my addr 172.21.15.111:0/3494793059 (peer_addr_for_me v2:172.21.15.111:0/0)
2024-04-24T22:31:29.756 INFO:teuthology.orchestra.run.smithi111.stdout:/usr/bin/ceph: stderr
2024-04-24T22:31:22.326+0000 7f1b37400700 1 -- 172.21.15.111:0/3494793059 --> [v2:172.21.15.111:3300/0,v1:172.21.15.111:6789/0] -- mon_subscribe({config=0+,monmap=0+}) -- 0x7f1b3810aff0 con 0x7f1b381086c0
2024-04-24T22:31:29.757 INFO:teuthology.orchestra.run.smithi111.stdout:/usr/bin/ceph: stderr
2024-04-24T22:31:22.327+0000 7f1b37400700 1 --2- 172.21.15.111:0/3494793059 >> [v2:172.21.15.111:3300/0,v1:172.21.15.111:6789/0] conn(0x7f1b381086c0 0x7f1b3810aab0 secure :-1 s=READY pgs=61 cs=0 l=1 rev1=1 crypto rx=0x7f1b280098a0 tx=0x7f1b28009bb0 comp rx=0 tx=0).ready entity=mon.0 client_cookie=155ef842c67e63f1 server_cookie=0 in_seq=0 out_seq=0
2024-04-24T22:31:29.757 INFO:teuthology.orchestra.run.smithi111.stdout:/usr/bin/ceph: stderr
2024-04-24T22:31:22.327+0000 7f1b36000700 1 -- 172.21.15.111:0/3494793059 <== mon.0 v2:172.21.15.111:3300/0 1 ==== mon_map magic: 0 ==== 205+0+0 (secure 0 0 0) 0x7f1b28004160 con 0x7f1b381086c0
2024-04-24T22:31:29.757 INFO:teuthology.orchestra.run.smithi111.stdout:/usr/bin/ceph: stderr
2024-04-24T22:31:22.327+0000 7f1b36000700 1 -- 172.21.15.111:0/3494793059 <== mon.0 v2:172.21.15.111:3300/0 2 ==== config(27 keys) ==== 1140+0+0 (secure 0 0 0) 0x7f1b28004300 con 0x7f1b381086c0
2024-04-24T22:31:29.757 INFO:teuthology.orchestra.run.smithi111.stdout:/usr/bin/ceph: stderr
2024-04-24T22:31:22.327+0000 7f1b36000700 1 -- 172.21.15.111:0/3494793059 <== mon.0 v2:172.21.15.111:3300/0 3 ==== mon_map magic: 0 ==== 205+0+0 (secure 0 0 0) 0x7f1b28011b20 con 0x7f1b381086c0
2024-04-24T22:31:29.757 INFO:teuthology.orchestra.run.smithi111.stdout:/usr/bin/ceph: stderr
2024-04-24T22:31:22.328+0000 7f1b3cc00700 1 -- 172.21.15.111:0/3494793059 >> [v2:172.21.15.111:3300/0,v1:172.21.15.111:6789/0] conn(0x7f1b381086c0 msgr2=0x7f1b3810aab0 secure :-1 s=STATE_CONNECTION_ESTABLISHED l=1).mark_down
2024-04-24T22:31:29.757 INFO:teuthology.orchestra.run.smithi111.stdout:/usr/bin/ceph: stderr
2024-04-24T22:31:22.328+0000 7f1b3cc00700 1 --2- 172.21.15.111:0/3494793059 >> [v2:172.21.15.111:3300/0,v1:172.21.15.111:6789/0] conn(0x7f1b381086c0 0x7f1b3810aab0 secure :-1 s=READY pgs=61 cs=0 l=1 rev1=1 crypto rx=0x7f1b280098a0 tx=0x7f1b28009bb0 comp rx=0 tx=0).stop
2024-04-24T22:31:29.757 INFO:teuthology.orchestra.run.smithi111.stdout:/usr/bin/ceph: stderr
2024-04-24T22:31:22.328+0000 7f1b3cc00700 1 -- 172.21.15.111:0/3494793059 shutdown_connections
2024-04-24T22:31:29.757 INFO:teuthology.orchestra.run.smithi111.stdout:/usr/bin/ceph: stderr
2024-04-24T22:31:22.328+0000 7f1b3cc00700 1 --2- 172.21.15.111:0/3494793059 >> [v2:172.21.15.111:3300/0,v1:172.21.15.111:6789/0] conn(0x7f1b381086c0 0x7f1b3810aab0 unknown :-1 s=CLOSED pgs=61 cs=0 l=1 rev1=1 crypto rx=0 tx=0 comp rx=0 tx=0).stop
2024-04-24T22:31:29.757 INFO:teuthology.orchestra.run.smithi111.stdout:/usr/bin/ceph: stderr
2024-04-24T22:31:22.328+0000 7f1b3cc00700 1 -- 172.21.15.111:0/3494793059 >> 172.21.15.111:0/3494793059 conn(0x7f1b381020d0 msgr2=0x7f1b38104530 unknown :-1 s=STATE_NONE l=0).mark_down
2024-04-24T22:31:29.757 INFO:teuthology.orchestra.run.smithi111.stdout:/usr/bin/ceph: stderr
2024-04-24T22:31:22.328+0000 7f1b3cc00700 1 -- 172.21.15.111:0/3494793059 shutdown_connections
2024-04-24T22:31:29.757 INFO:teuthology.orchestra.run.smithi111.stdout:/usr/bin/ceph: stderr
2024-04-24T22:31:22.328+0000 7f1b3cc00700 1 -- 172.21.15.111:0/3494793059 wait complete.
