2024-04-24T22:32:07.132 INFO:teuthology.orchestra.run.smithi033.stdout:/usr/bin/ceph: stderr
2024-04-24T22:32:06.308+0000 7fb8468a3700 1 -- 172.21.15.33:0/943552309 >> [v2:172.21.15.33:3300/0,v1:172.21.15.33:6789/0] conn(0x7fb840108a70 msgr2=0x7fb84010ae60 secure :-1 s=STATE_CONNECTION_ESTABLISHED l=1).mark_down
2024-04-24T22:32:07.132 INFO:teuthology.orchestra.run.smithi033.stdout:/usr/bin/ceph: stderr
2024-04-24T22:32:06.308+0000 7fb8468a3700 1 --2- 172.21.15.33:0/943552309 >> [v2:172.21.15.33:3300/0,v1:172.21.15.33:6789/0] conn(0x7fb840108a70 0x7fb84010ae60 secure :-1 s=READY pgs=74 cs=0 l=1 rev1=1 crypto rx=0x7fb8300098a0 tx=0x7fb830009bb0 comp rx=0 tx=0).stop
2024-04-24T22:32:07.132 INFO:teuthology.orchestra.run.smithi033.stdout:/usr/bin/ceph: stderr
2024-04-24T22:32:06.308+0000 7fb8468a3700 1 -- 172.21.15.33:0/943552309 shutdown_connections
2024-04-24T22:32:07.132 INFO:teuthology.orchestra.run.smithi033.stdout:/usr/bin/ceph: stderr
2024-04-24T22:32:06.308+0000 7fb8468a3700 1 --2- 172.21.15.33:0/943552309 >> [v2:172.21.15.33:3300/0,v1:172.21.15.33:6789/0] conn(0x7fb840108a70 0x7fb84010ae60 unknown :-1 s=CLOSED pgs=74 cs=0 l=1 rev1=1 crypto rx=0 tx=0 comp rx=0 tx=0).stop
2024-04-24T22:32:07.133 INFO:teuthology.orchestra.run.smithi033.stdout:/usr/bin/ceph: stderr
2024-04-24T22:32:06.308+0000 7fb8468a3700 1 -- 172.21.15.33:0/943552309 >> 172.21.15.33:0/943552309 conn(0x7fb8401023e0 msgr2=0x7fb840104800 unknown :-1 s=STATE_NONE l=0).mark_down
2024-04-24T22:32:07.133 INFO:teuthology.orchestra.run.smithi033.stdout:/usr/bin/ceph: stderr
2024-04-24T22:32:06.309+0000 7fb8468a3700 1 -- 172.21.15.33:0/943552309 shutdown_connections
2024-04-24T22:32:07.133 INFO:teuthology.orchestra.run.smithi033.stdout:/usr/bin/ceph: stderr
2024-04-24T22:32:06.309+0000 7fb8468a3700 1 -- 172.21.15.33:0/943552309 wait complete.
2024-04-24T22:32:07.133 INFO:teuthology.orchestra.run.smithi033.stdout:/usr/bin/ceph: stderr
2024-04-24T22:32:06.309+0000 7fb8468a3700 1 Processor -- start
2024-04-24T22:32:07.133 INFO:teuthology.orchestra.run.smithi033.stdout:/usr/bin/ceph: stderr
2024-04-24T22:32:06.309+0000 7fb8468a3700 1 -- start start
2024-04-24T22:32:07.133 INFO:teuthology.orchestra.run.smithi033.stdout:/usr/bin/ceph: stderr
2024-04-24T22:32:06.310+0000 7fb8468a3700 1 --2- >> [v2:172.21.15.33:3300/0,v1:172.21.15.33:6789/0] conn(0x7fb840108a70 0x7fb8401082f0 unknown :-1 s=NONE pgs=0 cs=0 l=1 rev1=0 crypto rx=0 tx=0 comp rx=0 tx=0).connect
2024-04-24T22:32:07.133 INFO:teuthology.orchestra.run.smithi033.stdout:/usr/bin/ceph: stderr
2024-04-24T22:32:06.310+0000 7fb8468a3700 1 -- --> [v2:172.21.15.33:3300/0,v1:172.21.15.33:6789/0] -- mon_getmap magic: 0 -- 0x7fb84010c400 con 0x7fb840108a70
2024-04-24T22:32:07.133 INFO:teuthology.orchestra.run.smithi033.stdout:/usr/bin/ceph: stderr
2024-04-24T22:32:06.310+0000 7fb83ffff700 1 --2- >> [v2:172.21.15.33:3300/0,v1:172.21.15.33:6789/0] conn(0x7fb840108a70 0x7fb8401082f0 unknown :-1 s=BANNER_CONNECTING pgs=0 cs=0 l=1 rev1=0 crypto rx=0 tx=0 comp rx=0 tx=0)._handle_peer_banner_payload supported=3 required=0
2024-04-24T22:32:07.133 INFO:teuthology.orchestra.run.smithi033.stdout:/usr/bin/ceph: stderr
2024-04-24T22:32:06.310+0000 7fb83ffff700 1 --2- >> [v2:172.21.15.33:3300/0,v1:172.21.15.33:6789/0] conn(0x7fb840108a70 0x7fb8401082f0 unknown :-1 s=HELLO_CONNECTING pgs=0 cs=0 l=1 rev1=1 crypto rx=0 tx=0 comp rx=0 tx=0).handle_hello peer v2:172.21.15.33:3300/0 says I am v2:172.21.15.33:36028/0 (socket says 172.21.15.33:36028)
2024-04-24T22:32:07.133 INFO:teuthology.orchestra.run.smithi033.stdout:/usr/bin/ceph: stderr
2024-04-24T22:32:06.310+0000 7fb83ffff700 1 -- 172.21.15.33:0/2396017766 learned_addr learned my addr 172.21.15.33:0/2396017766 (peer_addr_for_me v2:172.21.15.33:0/0)
2024-04-24T22:32:07.133 INFO:teuthology.orchestra.run.smithi033.stdout:/usr/bin/ceph: stderr
2024-04-24T22:32:06.310+0000 7fb83ffff700 1 -- 172.21.15.33:0/2396017766 --> [v2:172.21.15.33:3300/0,v1:172.21.15.33:6789/0] -- mon_subscribe({config=0+,monmap=0+}) -- 0x7fb840108830 con 0x7fb840108a70
2024-04-24T22:32:07.134 INFO:teuthology.orchestra.run.smithi033.stdout:/usr/bin/ceph: stderr
2024-04-24T22:32:06.310+0000 7fb83ffff700 1 --2- 172.21.15.33:0/2396017766 >> [v2:172.21.15.33:3300/0,v1:172.21.15.33:6789/0] conn(0x7fb840108a70 0x7fb8401082f0 secure :-1 s=READY pgs=75 cs=0 l=1 rev1=1 crypto rx=0x7fb830011930 tx=0x7fb830011a10 comp rx=0 tx=0).ready entity=mon.0 client_cookie=0 server_cookie=0 in_seq=0 out_seq=0
2024-04-24T22:32:07.134 INFO:teuthology.orchestra.run.smithi033.stdout:/usr/bin/ceph: stderr
2024-04-24T22:32:06.310+0000 7fb83d7fa700 1 -- 172.21.15.33:0/2396017766 <== mon.0 v2:172.21.15.33:3300/0 1 ==== mon_map magic: 0 ==== 205+0+0 (secure 0 0 0) 0x7fb8300039e0 con 0x7fb840108a70
2024-04-24T22:32:07.134 INFO:teuthology.orchestra.run.smithi033.stdout:/usr/bin/ceph: stderr
2024-04-24T22:32:06.311+0000 7fb8468a3700 1 -- 172.21.15.33:0/2396017766 --> [v2:172.21.15.33:3300/0,v1:172.21.15.33:6789/0] -- mon_subscribe({mgrmap=0+}) -- 0x7fb840106a20 con 0x7fb840108a70
2024-04-24T22:32:07.134 INFO:teuthology.orchestra.run.smithi033.stdout:/usr/bin/ceph: stderr
2024-04-24T22:32:06.311+0000 7fb83d7fa700 1 -- 172.21.15.33:0/2396017766 <== mon.0 v2:172.21.15.33:3300/0 2 ==== config(29 keys) ==== 1209+0+0 (secure 0 0 0) 0x7fb830003b80 con 0x7fb840108a70
2024-04-24T22:32:07.134 INFO:teuthology.orchestra.run.smithi033.stdout:/usr/bin/ceph: stderr
2024-04-24T22:32:06.311+0000 7fb83d7fa700 1 -- 172.21.15.33:0/2396017766 <== mon.0 v2:172.21.15.33:3300/0 3 ==== mon_map magic: 0 ==== 205+0+0 (secure 0 0 0) 0x7fb830024560 con 0x7fb840108a70
2024-04-24T22:32:07.134 INFO:teuthology.orchestra.run.smithi033.stdout:/usr/bin/ceph: stderr
2024-04-24T22:32:06.311+0000 7fb8468a3700 1 -- 172.21.15.33:0/2396017766 --> [v2:172.21.15.33:3300/0,v1:172.21.15.33:6789/0] -- mon_subscribe({osdmap=0}) -- 0x7fb840106f60 con 0x7fb840108a70
2024-04-24T22:32:07.134 INFO:teuthology.orchestra.run.smithi033.stdout:/usr/bin/ceph: stderr
2024-04-24T22:32:06.312+0000 7fb83d7fa700 1 -- 172.21.15.33:0/2396017766 <== mon.0 v2:172.21.15.33:3300/0 4 ==== mgrmap(e 13) ==== 46343+0+0 (secure 0 0 0) 0x7fb830022020 con 0x7fb840108a70
2024-04-24T22:32:07.134 INFO:teuthology.orchestra.run.smithi033.stdout:/usr/bin/ceph: stderr
2024-04-24T22:32:06.312+0000 7fb8468a3700 1 -- 172.21.15.33:0/2396017766 --> [v2:172.21.15.33:3300/0,v1:172.21.15.33:6789/0] -- mon_command({"prefix": "get_command_descriptions"} v 0) -- 0x7fb840063890 con 0x7fb840108a70
2024-04-24T22:32:07.134 INFO:teuthology.orchestra.run.smithi033.stdout:/usr/bin/ceph: stderr
2024-04-24T22:32:06.312+0000 7fb83d7fa700 1 --2- 172.21.15.33:0/2396017766 >> [v2:172.21.15.33:6800/2590842983,v1:172.21.15.33:6801/2590842983] conn(0x7fb828039140 0x7fb82803b600 unknown :-1 s=NONE pgs=0 cs=0 l=1 rev1=0 crypto rx=0 tx=0 comp rx=0 tx=0).connect
2024-04-24T22:32:07.134 INFO:teuthology.orchestra.run.smithi033.stdout:/usr/bin/ceph: stderr
2024-04-24T22:32:06.312+0000 7fb83d7fa700 1 -- 172.21.15.33:0/2396017766 <== mon.0 v2:172.21.15.33:3300/0 5 ==== osd_map(3..3 src has 1..3) ==== 1155+0+0 (secure 0 0 0) 0x7fb83004d1d0 con 0x7fb840108a70
2024-04-24T22:32:07.134 INFO:teuthology.orchestra.run.smithi033.stdout:/usr/bin/ceph: stderr
2024-04-24T22:32:06.312+0000 7fb83f7fe700 1 --2- 172.21.15.33:0/2396017766 >> [v2:172.21.15.33:6800/2590842983,v1:172.21.15.33:6801/2590842983] conn(0x7fb828039140 0x7fb82803b600 unknown :-1 s=BANNER_CONNECTING pgs=0 cs=0 l=1 rev1=0 crypto rx=0 tx=0 comp rx=0 tx=0)._handle_peer_banner_payload supported=3 required=0
2024-04-24T22:32:07.135 INFO:teuthology.orchestra.run.smithi033.stdout:/usr/bin/ceph: stderr
2024-04-24T22:32:06.313+0000 7fb83f7fe700 1 --2- 172.21.15.33:0/2396017766 >> [v2:172.21.15.33:6800/2590842983,v1:172.21.15.33:6801/2590842983] conn(0x7fb828039140 0x7fb82803b600 secure :-1 s=READY pgs=10 cs=0 l=1 rev1=1 crypto rx=0x7fb834006fd0 tx=0x7fb834006e40 comp rx=0 tx=0).ready entity=mgr.14150 client_cookie=0 server_cookie=0 in_seq=0 out_seq=0
2024-04-24T22:32:07.135 INFO:teuthology.orchestra.run.smithi033.stdout:/usr/bin/ceph: stderr
2024-04-24T22:32:06.321+0000 7fb83d7fa700 1 -- 172.21.15.33:0/2396017766 <== mon.0 v2:172.21.15.33:3300/0 6 ==== mon_command_ack([{"prefix": "get_command_descriptions"}]=0 v0) ==== 72+0+186147 (secure 0 0 0) 0x7fb830022310 con 0x7fb840108a70
2024-04-24T22:32:07.135 INFO:teuthology.orchestra.run.smithi033.stdout:/usr/bin/ceph: stderr
2024-04-24T22:32:06.543+0000 7fb8468a3700 1 -- 172.21.15.33:0/2396017766 --> [v2:172.21.15.33:3300/0,v1:172.21.15.33:6789/0] -- mon_command([{prefix=config set, name=osd_memory_target_autotune}] v 0) -- 0x7fb8401071e0 con 0x7fb840108a70
2024-04-24T22:32:07.135 INFO:teuthology.orchestra.run.smithi033.stdout:/usr/bin/ceph: stderr
2024-04-24T22:32:06.543+0000 7fb83d7fa700 1 -- 172.21.15.33:0/2396017766 <== mon.0 v2:172.21.15.33:3300/0 7 ==== mon_command_ack([{prefix=config set, name=osd_memory_target_autotune}]=0 v8)=0 v8) ==== 127+0+0 (secure 0 0 0) 0x7fb83002a2a0 con 0x7fb840108a70
2024-04-24T22:32:07.135 INFO:teuthology.orchestra.run.smithi033.stdout:/usr/bin/ceph: stderr
2024-04-24T22:32:06.545+0000 7fb8468a3700 1 -- 172.21.15.33:0/2396017766 >> [v2:172.21.15.33:6800/2590842983,v1:172.21.15.33:6801/2590842983] conn(0x7fb828039140 msgr2=0x7fb82803b600 secure :-1 s=STATE_CONNECTION_ESTABLISHED l=1).mark_down
2024-04-24T22:32:07.135 INFO:teuthology.orchestra.run.smithi033.stdout:/usr/bin/ceph: stderr
2024-04-24T22:32:06.545+0000 7fb8468a3700 1 --2- 172.21.15.33:0/2396017766 >> [v2:172.21.15.33:6800/2590842983,v1:172.21.15.33:6801/2590842983] conn(0x7fb828039140 0x7fb82803b600 secure :-1 s=READY pgs=10 cs=0 l=1 rev1=1 crypto rx=0x7fb834006fd0 tx=0x7fb834006e40 comp rx=0 tx=0).stop
2024-04-24T22:32:07.135 INFO:teuthology.orchestra.run.smithi033.stdout:/usr/bin/ceph: stderr
2024-04-24T22:32:06.545+0000 7fb8468a3700 1 -- 172.21.15.33:0/2396017766 >> [v2:172.21.15.33:3300/0,v1:172.21.15.33:6789/0] conn(0x7fb840108a70 msgr2=0x7fb8401082f0 secure :-1 s=STATE_CONNECTION_ESTABLISHED l=1).mark_down
2024-04-24T22:32:07.135 INFO:teuthology.orchestra.run.smithi033.stdout:/usr/bin/ceph: stderr
2024-04-24T22:32:06.545+0000 7fb8468a3700 1 --2- 172.21.15.33:0/2396017766 >> [v2:172.21.15.33:3300/0,v1:172.21.15.33:6789/0] conn(0x7fb840108a70 0x7fb8401082f0 secure :-1 s=READY pgs=75 cs=0 l=1 rev1=1 crypto rx=0x7fb830011930 tx=0x7fb830011a10 comp rx=0 tx=0).stop
2024-04-24T22:32:07.135 INFO:teuthology.orchestra.run.smithi033.stdout:/usr/bin/ceph: stderr
2024-04-24T22:32:06.546+0000 7fb8468a3700 1 -- 172.21.15.33:0/2396017766 shutdown_connections
2024-04-24T22:32:07.135 INFO:teuthology.orchestra.run.smithi033.stdout:/usr/bin/ceph: stderr
2024-04-24T22:32:06.546+0000 7fb8468a3700 1 --2- 172.21.15.33:0/2396017766 >> [v2:172.21.15.33:6800/2590842983,v1:172.21.15.33:6801/2590842983] conn(0x7fb828039140 0x7fb82803b600 unknown :-1 s=CLOSED pgs=10 cs=0 l=1 rev1=1 crypto rx=0 tx=0 comp rx=0 tx=0).stop
2024-04-24T22:32:07.135 INFO:teuthology.orchestra.run.smithi033.stdout:/usr/bin/ceph: stderr
2024-04-24T22:32:06.546+0000 7fb8468a3700 1 --2- 172.21.15.33:0/2396017766 >> [v2:172.21.15.33:3300/0,v1:172.21.15.33:6789/0] conn(0x7fb840108a70 0x7fb8401082f0 unknown :-1 s=CLOSED pgs=75 cs=0 l=1 rev1=1 crypto rx=0 tx=0 comp rx=0 tx=0).stop
2024-04-24T22:32:07.135 INFO:teuthology.orchestra.run.smithi033.stdout:/usr/bin/ceph: stderr
2024-04-24T22:32:06.546+0000 7fb8468a3700 1 -- 172.21.15.33:0/2396017766 >> 172.21.15.33:0/2396017766 conn(0x7fb8401023e0 msgr2=0x7fb840102ed0 unknown :-1 s=STATE_NONE l=0).mark_down
2024-04-24T22:32:07.136 INFO:teuthology.orchestra.run.smithi033.stdout:/usr/bin/ceph: stderr
2024-04-24T22:32:06.546+0000 7fb8468a3700 1 -- 172.21.15.33:0/2396017766 shutdown_connections
2024-04-24T22:32:07.136 INFO:teuthology.orchestra.run.smithi033.stdout:/usr/bin/ceph: stderr
2024-04-24T22:32:06.546+0000 7fb8468a3700 1 -- 172.21.15.33:0/2396017766 wait complete.
2024-04-24T22:32:08.317 INFO:teuthology.orchestra.run.smithi033.stdout:/usr/bin/ceph: stderr
2024-04-24T22:32:07.548+0000 7ff76b5c0700 1 Processor -- start
2024-04-24T22:32:08.317 INFO:teuthology.orchestra.run.smithi033.stdout:/usr/bin/ceph: stderr
2024-04-24T22:32:07.548+0000 7ff76b5c0700 1 -- start start
2024-04-24T22:32:08.317 INFO:teuthology.orchestra.run.smithi033.stdout:/usr/bin/ceph: stderr
2024-04-24T22:32:07.548+0000 7ff76b5c0700 1 --2- >> [v2:172.21.15.33:3300/0,v1:172.21.15.33:6789/0] conn(0x7ff764107f40 0x7ff764108360 unknown :-1 s=NONE pgs=0 cs=0 l=0 rev1=0 crypto rx=0 tx=0 comp rx=0 tx=0).connect
2024-04-24T22:32:08.317 INFO:teuthology.orchestra.run.smithi033.stdout:/usr/bin/ceph: stderr
2024-04-24T22:32:07.548+0000 7ff76b5c0700 1 -- --> [v2:172.21.15.33:3300/0,v1:172.21.15.33:6789/0] -- mon_getmap magic: 0 -- 0x7ff7641088a0 con 0x7ff764107f40
2024-04-24T22:32:08.317 INFO:teuthology.orchestra.run.smithi033.stdout:/usr/bin/ceph: stderr
2024-04-24T22:32:07.548+0000 7ff76935c700 1 --2- >> [v2:172.21.15.33:3300/0,v1:172.21.15.33:6789/0] conn(0x7ff764107f40 0x7ff764108360 unknown :-1 s=BANNER_CONNECTING pgs=0 cs=0 l=0 rev1=0 crypto rx=0 tx=0 comp rx=0 tx=0)._handle_peer_banner_payload supported=3 required=0
2024-04-24T22:32:08.319 INFO:teuthology.orchestra.run.smithi033.stdout:/usr/bin/ceph: stderr
2024-04-24T22:32:07.548+0000 7ff76935c700 1 --2- >> [v2:172.21.15.33:3300/0,v1:172.21.15.33:6789/0] conn(0x7ff764107f40 0x7ff764108360 unknown :-1 s=HELLO_CONNECTING pgs=0 cs=0 l=0 rev1=1 crypto rx=0 tx=0 comp rx=0 tx=0).handle_hello peer v2:172.21.15.33:3300/0 says I am v2:172.21.15.33:36034/0 (socket says 172.21.15.33:36034)
2024-04-24T22:32:08.319 INFO:teuthology.orchestra.run.smithi033.stdout:/usr/bin/ceph: stderr
2024-04-24T22:32:07.548+0000 7ff76935c700 1 -- 172.21.15.33:0/1141352306 learned_addr learned my addr 172.21.15.33:0/1141352306 (peer_addr_for_me v2:172.21.15.33:0/0)
2024-04-24T22:32:08.319 INFO:teuthology.orchestra.run.smithi033.stdout:/usr/bin/ceph: stderr
2024-04-24T22:32:07.549+0000 7ff76935c700 1 -- 172.21.15.33:0/1141352306 --> [v2:172.21.15.33:3300/0,v1:172.21.15.33:6789/0] -- mon_subscribe({config=0+,monmap=0+}) -- 0x7ff764109090 con 0x7ff764107f40
2024-04-24T22:32:08.319 INFO:teuthology.orchestra.run.smithi033.stdout:/usr/bin/ceph: stderr
2024-04-24T22:32:07.549+0000 7ff76935c700 1 --2- 172.21.15.33:0/1141352306 >> [v2:172.21.15.33:3300/0,v1:172.21.15.33:6789/0] conn(0x7ff764107f40 0x7ff764108360 secure :-1 s=READY pgs=76 cs=0 l=1 rev1=1 crypto rx=0x7ff7600098a0 tx=0x7ff760009bb0 comp rx=0 tx=0).ready entity=mon.0 client_cookie=b2d8bd4e9b88a8d5 server_cookie=0 in_seq=0 out_seq=0
2024-04-24T22:32:08.319 INFO:teuthology.orchestra.run.smithi033.stdout:/usr/bin/ceph: stderr
2024-04-24T22:32:07.549+0000 7ff75bfff700 1 -- 172.21.15.33:0/1141352306 <== mon.0 v2:172.21.15.33:3300/0 1 ==== mon_map magic: 0 ==== 205+0+0 (secure 0 0 0) 0x7ff760004160 con 0x7ff764107f40
2024-04-24T22:32:08.319 INFO:teuthology.orchestra.run.smithi033.stdout:/usr/bin/ceph: stderr
2024-04-24T22:32:07.549+0000 7ff75bfff700 1 -- 172.21.15.33:0/1141352306 <== mon.0 v2:172.21.15.33:3300/0 2 ==== config(29 keys) ==== 1209+0+0 (secure 0 0 0) 0x7ff760004300 con 0x7ff764107f40
2024-04-24T22:32:08.319 INFO:teuthology.orchestra.run.smithi033.stdout:/usr/bin/ceph: stderr
2024-04-24T22:32:07.549+0000 7ff75bfff700 1 -- 172.21.15.33:0/1141352306 <== mon.0 v2:172.21.15.33:3300/0 3 ==== mon_map magic: 0 ==== 205+0+0 (secure 0 0 0) 0x7ff760011c70 con 0x7ff764107f40
2024-04-24T22:32:08.319 INFO:teuthology.orchestra.run.smithi033.stdout:/usr/bin/ceph: stderr
2024-04-24T22:32:07.550+0000 7ff76b5c0700 1 -- 172.21.15.33:0/1141352306 >> [v2:172.21.15.33:3300/0,v1:172.21.15.33:6789/0] conn(0x7ff764107f40 msgr2=0x7ff764108360 secure :-1 s=STATE_CONNECTION_ESTABLISHED l=1).mark_down
2024-04-24T22:32:08.319 INFO:teuthology.orchestra.run.smithi033.stdout:/usr/bin/ceph: stderr
2024-04-24T22:32:07.550+0000 7ff76b5c0700 1 --2- 172.21.15.33:0/1141352306 >> [v2:172.21.15.33:3300/0,v1:172.21.15.33:6789/0] conn(0x7ff764107f40 0x7ff764108360 secure :-1 s=READY pgs=76 cs=0 l=1 rev1=1 crypto rx=0x7ff7600098a0 tx=0x7ff760009bb0 comp rx=0 tx=0).stop
2024-04-24T22:32:08.319 INFO:teuthology.orchestra.run.smithi033.stdout:/usr/bin/ceph: stderr
2024-04-24T22:32:07.550+0000 7ff76b5c0700 1 -- 172.21.15.33:0/1141352306 shutdown_connections
2024-04-24T22:32:08.320 INFO:teuthology.orchestra.run.smithi033.stdout:/usr/bin/ceph: stderr
2024-04-24T22:32:07.550+0000 7ff76b5c0700 1 --2- 172.21.15.33:0/1141352306 >> [v2:172.21.15.33:3300/0,v1:172.21.15.33:6789/0] conn(0x7ff764107f40 0x7ff764108360 unknown :-1 s=CLOSED pgs=76 cs=0 l=1 rev1=1 crypto rx=0 tx=0 comp rx=0 tx=0).stop
2024-04-24T22:32:08.327 INFO:teuthology.orchestra.run.smithi033.stdout:/usr/bin/ceph: stderr
2024-04-24T22:32:07.550+0000 7ff76b5c0700 1 -- 172.21.15.33:0/1141352306 >> 172.21.15.33:0/1141352306 conn(0x7ff764103570 msgr2=0x7ff764105990 unknown :-1 s=STATE_NONE l=0).mark_down
2024-04-24T22:32:08.327 INFO:teuthology.orchestra.run.smithi033.stdout:/usr/bin/ceph: stderr
2024-04-24T22:32:07.550+0000 7ff76b5c0700 1 -- 172.21.15.33:0/1141352306 shutdown_connections
2024-04-24T22:32:08.327 INFO:teuthology.orchestra.run.smithi033.stdout:/usr/bin/ceph: stderr
2024-04-24T22:32:07.550+0000 7ff76b5c0700 1 -- 172.21.15.33:0/1141352306 wait complete.
2024-04-24T22:32:08.328 INFO:teuthology.orchestra.run.smithi033.stdout:/usr/bin/ceph: stderr
2024-04-24T22:32:07.550+0000 7ff76b5c0700 1 Processor -- start
2024-04-24T22:32:08.328 INFO:teuthology.orchestra.run.smithi033.stdout:/usr/bin/ceph: stderr
2024-04-24T22:32:07.551+0000 7ff76b5c0700 1 -- start start
2024-04-24T22:32:08.328 INFO:teuthology.orchestra.run.smithi033.stdout:/usr/bin/ceph: stderr
2024-04-24T22:32:07.551+0000 7ff76b5c0700 1 --2- >> [v2:172.21.15.33:3300/0,v1:172.21.15.33:6789/0] conn(0x7ff764107f40 0x7ff76419bf60 unknown :-1 s=NONE pgs=0 cs=0 l=1 rev1=0 crypto rx=0 tx=0 comp rx=0 tx=0).connect
2024-04-24T22:32:08.328 INFO:teuthology.orchestra.run.smithi033.stdout:/usr/bin/ceph: stderr
2024-04-24T22:32:07.551+0000 7ff76b5c0700 1 -- --> [v2:172.21.15.33:3300/0,v1:172.21.15.33:6789/0] -- mon_getmap magic: 0 -- 0x7ff76410c350 con 0x7ff764107f40
2024-04-24T22:32:08.328 INFO:teuthology.orchestra.run.smithi033.stdout:/usr/bin/ceph: stderr
2024-04-24T22:32:07.551+0000 7ff76935c700 1 --2- >> [v2:172.21.15.33:3300/0,v1:172.21.15.33:6789/0] conn(0x7ff764107f40 0x7ff76419bf60 unknown :-1 s=BANNER_CONNECTING pgs=0 cs=0 l=1 rev1=0 crypto rx=0 tx=0 comp rx=0 tx=0)._handle_peer_banner_payload supported=3 required=0
2024-04-24T22:32:08.328 INFO:teuthology.orchestra.run.smithi033.stdout:/usr/bin/ceph: stderr
2024-04-24T22:32:07.551+0000 7ff76935c700 1 --2- >> [v2:172.21.15.33:3300/0,v1:172.21.15.33:6789/0] conn(0x7ff764107f40 0x7ff76419bf60 unknown :-1 s=HELLO_CONNECTING pgs=0 cs=0 l=1 rev1=1 crypto rx=0 tx=0 comp rx=0 tx=0).handle_hello peer v2:172.21.15.33:3300/0 says I am v2:172.21.15.33:36038/0 (socket says 172.21.15.33:36038)
2024-04-24T22:32:08.328 INFO:teuthology.orchestra.run.smithi033.stdout:/usr/bin/ceph: stderr
2024-04-24T22:32:07.551+0000 7ff76935c700 1 -- 172.21.15.33:0/3010693730 learned_addr learned my addr 172.21.15.33:0/3010693730 (peer_addr_for_me v2:172.21.15.33:0/0)
2024-04-24T22:32:08.328 INFO:teuthology.orchestra.run.smithi033.stdout:/usr/bin/ceph: stderr
2024-04-24T22:32:07.551+0000 7ff76935c700 1 -- 172.21.15.33:0/3010693730 --> [v2:172.21.15.33:3300/0,v1:172.21.15.33:6789/0] -- mon_subscribe({config=0+,monmap=0+}) -- 0x7ff76419c4a0 con 0x7ff764107f40
2024-04-24T22:32:08.328 INFO:teuthology.orchestra.run.smithi033.stdout:/usr/bin/ceph: stderr
2024-04-24T22:32:07.551+0000 7ff76935c700 1 --2- 172.21.15.33:0/3010693730 >> [v2:172.21.15.33:3300/0,v1:172.21.15.33:6789/0] conn(0x7ff764107f40 0x7ff76419bf60 secure :-1 s=READY pgs=77 cs=0 l=1 rev1=1 crypto rx=0x7ff760011930 tx=0x7ff760011cf0 comp rx=0 tx=0).ready entity=mon.0 client_cookie=0 server_cookie=0 in_seq=0 out_seq=0
2024-04-24T22:32:08.329 INFO:teuthology.orchestra.run.smithi033.stdout:/usr/bin/ceph: stderr
2024-04-24T22:32:07.551+0000 7ff75a7fc700 1 -- 172.21.15.33:0/3010693730 <== mon.0 v2:172.21.15.33:3300/0 1 ==== mon_map magic: 0 ==== 205+0+0 (secure 0 0 0) 0x7ff7600039e0 con 0x7ff764107f40
2024-04-24T22:32:08.329 INFO:teuthology.orchestra.run.smithi033.stdout:/usr/bin/ceph: stderr
2024-04-24T22:32:07.551+0000 7ff76b5c0700 1 -- 172.21.15.33:0/3010693730 --> [v2:172.21.15.33:3300/0,v1:172.21.15.33:6789/0] -- mon_subscribe({mgrmap=0+}) -- 0x7ff76419c730 con 0x7ff764107f40
2024-04-24T22:32:08.329 INFO:teuthology.orchestra.run.smithi033.stdout:/usr/bin/ceph: stderr
2024-04-24T22:32:07.551+0000 7ff75a7fc700 1 -- 172.21.15.33:0/3010693730 <== mon.0 v2:172.21.15.33:3300/0 2 ==== config(29 keys) ==== 1209+0+0 (secure 0 0 0) 0x7ff760003b80 con 0x7ff764107f40
2024-04-24T22:32:08.329 INFO:teuthology.orchestra.run.smithi033.stdout:/usr/bin/ceph: stderr
2024-04-24T22:32:07.551+0000 7ff75a7fc700 1 -- 172.21.15.33:0/3010693730 <== mon.0 v2:172.21.15.33:3300/0 3 ==== mon_map magic: 0 ==== 205+0+0 (secure 0 0 0) 0x7ff760024730 con 0x7ff764107f40
2024-04-24T22:32:08.329 INFO:teuthology.orchestra.run.smithi033.stdout:/usr/bin/ceph: stderr
2024-04-24T22:32:07.552+0000 7ff76b5c0700 1 -- 172.21.15.33:0/3010693730 --> [v2:172.21.15.33:3300/0,v1:172.21.15.33:6789/0] -- mon_subscribe({osdmap=0}) -- 0x7ff76419f420 con 0x7ff764107f40
2024-04-24T22:32:08.329 INFO:teuthology.orchestra.run.smithi033.stdout:/usr/bin/ceph: stderr
2024-04-24T22:32:07.552+0000 7ff75a7fc700 1 -- 172.21.15.33:0/3010693730 <== mon.0 v2:172.21.15.33:3300/0 4 ==== mgrmap(e 13) ==== 46343+0+0 (secure 0 0 0) 0x7ff760022020 con 0x7ff764107f40
2024-04-24T22:32:08.329 INFO:teuthology.orchestra.run.smithi033.stdout:/usr/bin/ceph: stderr
2024-04-24T22:32:07.552+0000 7ff76b5c0700 1 -- 172.21.15.33:0/3010693730 --> [v2:172.21.15.33:3300/0,v1:172.21.15.33:6789/0] -- mon_command({"prefix": "get_command_descriptions"} v 0) -- 0x7ff764063890 con 0x7ff764107f40
2024-04-24T22:32:08.329 INFO:teuthology.orchestra.run.smithi033.stdout:/usr/bin/ceph: stderr
2024-04-24T22:32:07.553+0000 7ff75a7fc700 1 --2- 172.21.15.33:0/3010693730 >> [v2:172.21.15.33:6800/2590842983,v1:172.21.15.33:6801/2590842983] conn(0x7ff7500390f0 0x7ff75003b5b0 unknown :-1 s=NONE pgs=0 cs=0 l=1 rev1=0 crypto rx=0 tx=0 comp rx=0 tx=0).connect
2024-04-24T22:32:08.329 INFO:teuthology.orchestra.run.smithi033.stdout:/usr/bin/ceph: stderr
2024-04-24T22:32:07.553+0000 7ff75a7fc700 1 -- 172.21.15.33:0/3010693730 <== mon.0 v2:172.21.15.33:3300/0 5 ==== osd_map(3..3 src has 1..3) ==== 1155+0+0 (secure 0 0 0) 0x7ff76004d240 con 0x7ff764107f40
2024-04-24T22:32:08.329 INFO:teuthology.orchestra.run.smithi033.stdout:/usr/bin/ceph: stderr
2024-04-24T22:32:07.553+0000 7ff768b5b700 1 --2- 172.21.15.33:0/3010693730 >> [v2:172.21.15.33:6800/2590842983,v1:172.21.15.33:6801/2590842983] conn(0x7ff7500390f0 0x7ff75003b5b0 unknown :-1 s=BANNER_CONNECTING pgs=0 cs=0 l=1 rev1=0 crypto rx=0 tx=0 comp rx=0 tx=0)._handle_peer_banner_payload supported=3 required=0
2024-04-24T22:32:08.329 INFO:teuthology.orchestra.run.smithi033.stdout:/usr/bin/ceph: stderr
2024-04-24T22:32:07.553+0000 7ff768b5b700 1 --2- 172.21.15.33:0/3010693730 >> [v2:172.21.15.33:6800/2590842983,v1:172.21.15.33:6801/2590842983] conn(0x7ff7500390f0 0x7ff75003b5b0 secure :-1 s=READY pgs=11 cs=0 l=1 rev1=1 crypto rx=0x7ff754006fd0 tx=0x7ff754006e40 comp rx=0 tx=0).ready entity=mgr.14150 client_cookie=0 server_cookie=0 in_seq=0 out_seq=0
2024-04-24T22:32:08.329 INFO:teuthology.orchestra.run.smithi033.stdout:/usr/bin/ceph: stderr
2024-04-24T22:32:07.558+0000 7ff75a7fc700 1 -- 172.21.15.33:0/3010693730 <== mon.0 v2:172.21.15.33:3300/0 6 ==== mon_command_ack([{"prefix": "get_command_descriptions"}]=0 v0) ==== 72+0+186147 (secure 0 0 0) 0x7ff76002ce10 con 0x7ff764107f40
2024-04-24T22:32:08.329 INFO:teuthology.orchestra.run.smithi033.stdout:/usr/bin/ceph: stderr
2024-04-24T22:32:07.880+0000 7ff76b5c0700 1 -- 172.21.15.33:0/3010693730 --> [v2:172.21.15.33:3300/0,v1:172.21.15.33:6789/0] -- mon_command([{prefix=config-key set, key=mgr/dashboard/cluster/status}] v 0) -- 0x7ff76419f5f0 con 0x7ff764107f40
2024-04-24T22:32:08.329 INFO:teuthology.orchestra.run.smithi033.stdout:/usr/bin/ceph: stderr
2024-04-24T22:32:07.883+0000 7ff75a7fc700 1 -- 172.21.15.33:0/3010693730 <== mon.0 v2:172.21.15.33:3300/0 7 ==== mon_command_ack([{prefix=config-key set, key=mgr/dashboard/cluster/status}]=0 set mgr/dashboard/cluster/status v26)=0 set mgr/dashboard/cluster/status v26) ==== 153+0+0 (secure 0 0 0) 0x7ff76002a2a0 con 0x7ff764107f40
2024-04-24T22:32:08.330 INFO:teuthology.orchestra.run.smithi033.stdout:/usr/bin/ceph: stderr
2024-04-24T22:32:07.885+0000 7ff76b5c0700 1 -- 172.21.15.33:0/3010693730 >> [v2:172.21.15.33:6800/2590842983,v1:172.21.15.33:6801/2590842983] conn(0x7ff7500390f0 msgr2=0x7ff75003b5b0 secure :-1 s=STATE_CONNECTION_ESTABLISHED l=1).mark_down
2024-04-24T22:32:08.330 INFO:teuthology.orchestra.run.smithi033.stdout:/usr/bin/ceph: stderr
2024-04-24T22:32:07.885+0000 7ff76b5c0700 1 --2- 172.21.15.33:0/3010693730 >> [v2:172.21.15.33:6800/2590842983,v1:172.21.15.33:6801/2590842983] conn(0x7ff7500390f0 0x7ff75003b5b0 secure :-1 s=READY pgs=11 cs=0 l=1 rev1=1 crypto rx=0x7ff754006fd0 tx=0x7ff754006e40 comp rx=0 tx=0).stop
2024-04-24T22:32:08.330 INFO:teuthology.orchestra.run.smithi033.stdout:/usr/bin/ceph: stderr
2024-04-24T22:32:07.885+0000 7ff76b5c0700 1 -- 172.21.15.33:0/3010693730 >> [v2:172.21.15.33:3300/0,v1:172.21.15.33:6789/0] conn(0x7ff764107f40 msgr2=0x7ff76419bf60 secure :-1 s=STATE_CONNECTION_ESTABLISHED l=1).mark_down
2024-04-24T22:32:08.330 INFO:teuthology.orchestra.run.smithi033.stdout:/usr/bin/ceph: stderr
2024-04-24T22:32:07.885+0000 7ff76b5c0700 1 --2- 172.21.15.33:0/3010693730 >> [v2:172.21.15.33:3300/0,v1:172.21.15.33:6789/0] conn(0x7ff764107f40 0x7ff76419bf60 secure :-1 s=READY pgs=77 cs=0 l=1 rev1=1 crypto rx=0x7ff760011930 tx=0x7ff760011cf0 comp rx=0 tx=0).stop
2024-04-24T22:32:08.330 INFO:teuthology.orchestra.run.smithi033.stdout:/usr/bin/ceph: stderr
2024-04-24T22:32:07.885+0000 7ff76b5c0700 1 -- 172.21.15.33:0/3010693730 shutdown_connections
2024-04-24T22:32:08.330 INFO:teuthology.orchestra.run.smithi033.stdout:/usr/bin/ceph: stderr
2024-04-24T22:32:07.885+0000 7ff76b5c0700 1 --2- 172.21.15.33:0/3010693730 >> [v2:172.21.15.33:6800/2590842983,v1:172.21.15.33:6801/2590842983] conn(0x7ff7500390f0 0x7ff75003b5b0 unknown :-1 s=CLOSED pgs=11 cs=0 l=1 rev1=1 crypto rx=0 tx=0 comp rx=0 tx=0).stop
2024-04-24T22:32:08.330 INFO:teuthology.orchestra.run.smithi033.stdout:/usr/bin/ceph: stderr
2024-04-24T22:32:07.885+0000 7ff76b5c0700 1 --2- 172.21.15.33:0/3010693730 >> [v2:172.21.15.33:3300/0,v1:172.21.15.33:6789/0] conn(0x7ff764107f40 0x7ff76419bf60 unknown :-1 s=CLOSED pgs=77 cs=0 l=1 rev1=1 crypto rx=0 tx=0 comp rx=0 tx=0).stop
2024-04-24T22:32:08.330 INFO:teuthology.orchestra.run.smithi033.stdout:/usr/bin/ceph: stderr
2024-04-24T22:32:07.885+0000 7ff76b5c0700 1 -- 172.21.15.33:0/3010693730 >> 172.21.15.33:0/3010693730 conn(0x7ff764103570 msgr2=0x7ff764104040 unknown :-1 s=STATE_NONE l=0).mark_down
2024-04-24T22:32:08.330 INFO:teuthology.orchestra.run.smithi033.stdout:/usr/bin/ceph: stderr
2024-04-24T22:32:07.885+0000 7ff76b5c0700 1 -- 172.21.15.33:0/3010693730 shutdown_connections
2024-04-24T22:32:08.330 INFO:teuthology.orchestra.run.smithi033.stdout:/usr/bin/ceph: stderr
2024-04-24T22:32:07.885+0000 7ff76b5c0700 1 -- 172.21.15.33:0/3010693730 wait complete.
2024-04-24T22:32:08.330 INFO:teuthology.orchestra.run.smithi033.stdout:/usr/bin/ceph: stderr set mgr/dashboard/cluster/status
2024-04-24T22:32:08.330 INFO:teuthology.orchestra.run.smithi033.stdout:You can access the Ceph CLI as following in case of multi-cluster or non-default config:
2024-04-24T22:32:08.330 INFO:teuthology.orchestra.run.smithi033.stdout:
2024-04-24T22:32:08.331 INFO:teuthology.orchestra.run.smithi033.stdout: sudo /home/ubuntu/cephtest/cephadm shell --fsid 3215b242-028a-11ef-bc93-c7b262605968 -c /etc/ceph/ceph.conf -k /etc/ceph/ceph.client.admin.keyring
2024-04-24T22:32:08.331 INFO:teuthology.orchestra.run.smithi033.stdout:
2024-04-24T22:32:08.331 INFO:teuthology.orchestra.run.smithi033.stdout:Or, if you are only running a single cluster on this host:
2024-04-24T22:32:08.331 INFO:teuthology.orchestra.run.smithi033.stdout:
2024-04-24T22:32:08.331 INFO:teuthology.orchestra.run.smithi033.stdout: sudo /home/ubuntu/cephtest/cephadm shell
2024-04-24T22:32:08.331 INFO:teuthology.orchestra.run.smithi033.stdout:
2024-04-24T22:32:08.331 INFO:teuthology.orchestra.run.smithi033.stdout:Please consider enabling telemetry to help improve Ceph:
2024-04-24T22:32:08.331 INFO:teuthology.orchestra.run.smithi033.stdout:
2024-04-24T22:32:08.331 INFO:teuthology.orchestra.run.smithi033.stdout: ceph telemetry on
2024-04-24T22:32:08.331 INFO:teuthology.orchestra.run.smithi033.stdout:
2024-04-24T22:32:08.331 INFO:teuthology.orchestra.run.smithi033.stdout:For more information see:
2024-04-24T22:32:08.331 INFO:teuthology.orchestra.run.smithi033.stdout:
2024-04-24T22:32:08.331 INFO:teuthology.orchestra.run.smithi033.stdout: https://docs.ceph.com/en/latest/mgr/telemetry/
2024-04-24T22:32:08.331 INFO:teuthology.orchestra.run.smithi033.stdout:
2024-04-24T22:32:08.332 INFO:teuthology.orchestra.run.smithi033.stdout:Bootstrap complete.
2024-04-24T22:32:08.361 INFO:tasks.cephadm:Fetching config...
2024-04-24T22:32:08.361 DEBUG:teuthology.orchestra.run.smithi033:> set -ex
2024-04-24T22:32:08.361 DEBUG:teuthology.orchestra.run.smithi033:> dd if=/etc/ceph/ceph.conf of=/dev/stdout
2024-04-24T22:32:08.379 INFO:tasks.cephadm:Fetching client.admin keyring...
2024-04-24T22:32:08.380 DEBUG:teuthology.orchestra.run.smithi033:> set -ex
2024-04-24T22:32:08.380 DEBUG:teuthology.orchestra.run.smithi033:> dd if=/etc/ceph/ceph.client.admin.keyring of=/dev/stdout
2024-04-24T22:32:08.437 INFO:tasks.cephadm:Fetching mon keyring...
2024-04-24T22:32:08.437 DEBUG:teuthology.orchestra.run.smithi033:> set -ex
2024-04-24T22:32:08.437 DEBUG:teuthology.orchestra.run.smithi033:> sudo dd if=/var/lib/ceph/3215b242-028a-11ef-bc93-c7b262605968/mon.a/keyring of=/dev/stdout
2024-04-24T22:32:08.511 INFO:tasks.cephadm:Fetching pub ssh key...
2024-04-24T22:32:08.511 DEBUG:teuthology.orchestra.run.smithi033:> set -ex
2024-04-24T22:32:08.511 DEBUG:teuthology.orchestra.run.smithi033:> dd if=/home/ubuntu/cephtest/ceph.pub of=/dev/stdout
2024-04-24T22:32:08.568 INFO:tasks.cephadm:Installing pub ssh key for root users...
2024-04-24T22:32:08.568 DEBUG:teuthology.orchestra.run.smithi033:> sudo install -d -m 0700 /root/.ssh && echo 'ssh-rsa AAAAB3NzaC1yc2EAAAADAQABAAABgQDeLGrm8QSeH90Qp/oUqz8fmOGnTH//kcilnQjTo+jQFutOGm0ecn8ho6RJQHwvIPePYGlMAh3oK00O1EyFOMcyuQYUYNlivvT5jRdnjXoOeu1CFHmN4gpXsHRVPnNzBuCTjMxs8NmTmC1MvXp4iUlfTLYuDyR2lDC0qFbVlzxoaxzc8Xd/1ZXuFT/wwpPDIXHB6c8qhC+bALegY8MJrJ5O525uhRG1VaUhLtIhXBlwpWdKcAqm7aCL/op74j0WqAKc5289FStqdSkf9S4xSZrtrwsLNbQ80N2RUmZ8bIPp0nJFchjeVYZWmYvZ8Yz5GKo83ZinBnG/PKUSFOpUvcDAUzNdyJkh2/May1bMtXrWxg/RanKm8BImyMkRdrFmpyzbrbWah8h1oUx/Z8JytvNa0sg6EheF5pYqGmLhjR8qMkkqlckiCHQnu2zGqfGiYmxEU3x4F8g45adAX4TnrAJgNqfc/bszHmFtppJsTxv/2WfyjUkkOSJILeY44Klfjd8= ceph-3215b242-028a-11ef-bc93-c7b262605968' | sudo tee -a /root/.ssh/authorized_keys && sudo chmod 0600 /root/.ssh/authorized_keys
2024-04-24T22:32:08.652 INFO:teuthology.orchestra.run.smithi033.stdout:ssh-rsa AAAAB3NzaC1yc2EAAAADAQABAAABgQDeLGrm8QSeH90Qp/oUqz8fmOGnTH//kcilnQjTo+jQFutOGm0ecn8ho6RJQHwvIPePYGlMAh3oK00O1EyFOMcyuQYUYNlivvT5jRdnjXoOeu1CFHmN4gpXsHRVPnNzBuCTjMxs8NmTmC1MvXp4iUlfTLYuDyR2lDC0qFbVlzxoaxzc8Xd/1ZXuFT/wwpPDIXHB6c8qhC+bALegY8MJrJ5O525uhRG1VaUhLtIhXBlwpWdKcAqm7aCL/op74j0WqAKc5289FStqdSkf9S4xSZrtrwsLNbQ80N2RUmZ8bIPp0nJFchjeVYZWmYvZ8Yz5GKo83ZinBnG/PKUSFOpUvcDAUzNdyJkh2/May1bMtXrWxg/RanKm8BImyMkRdrFmpyzbrbWah8h1oUx/Z8JytvNa0sg6EheF5pYqGmLhjR8qMkkqlckiCHQnu2zGqfGiYmxEU3x4F8g45adAX4TnrAJgNqfc/bszHmFtppJsTxv/2WfyjUkkOSJILeY44Klfjd8= ceph-3215b242-028a-11ef-bc93-c7b262605968
2024-04-24T22:32:08.663 DEBUG:teuthology.orchestra.run.smithi038:> sudo install -d -m 0700 /root/.ssh && echo 'ssh-rsa AAAAB3NzaC1yc2EAAAADAQABAAABgQDeLGrm8QSeH90Qp/oUqz8fmOGnTH//kcilnQjTo+jQFutOGm0ecn8ho6RJQHwvIPePYGlMAh3oK00O1EyFOMcyuQYUYNlivvT5jRdnjXoOeu1CFHmN4gpXsHRVPnNzBuCTjMxs8NmTmC1MvXp4iUlfTLYuDyR2lDC0qFbVlzxoaxzc8Xd/1ZXuFT/wwpPDIXHB6c8qhC+bALegY8MJrJ5O525uhRG1VaUhLtIhXBlwpWdKcAqm7aCL/op74j0WqAKc5289FStqdSkf9S4xSZrtrwsLNbQ80N2RUmZ8bIPp0nJFchjeVYZWmYvZ8Yz5GKo83ZinBnG/PKUSFOpUvcDAUzNdyJkh2/May1bMtXrWxg/RanKm8BImyMkRdrFmpyzbrbWah8h1oUx/Z8JytvNa0sg6EheF5pYqGmLhjR8qMkkqlckiCHQnu2zGqfGiYmxEU3x4F8g45adAX4TnrAJgNqfc/bszHmFtppJsTxv/2WfyjUkkOSJILeY44Klfjd8= ceph-3215b242-028a-11ef-bc93-c7b262605968' | sudo tee -a /root/.ssh/authorized_keys && sudo chmod 0600 /root/.ssh/authorized_keys
2024-04-24T22:32:08.704 INFO:teuthology.orchestra.run.smithi038.stdout:ssh-rsa AAAAB3NzaC1yc2EAAAADAQABAAABgQDeLGrm8QSeH90Qp/oUqz8fmOGnTH//kcilnQjTo+jQFutOGm0ecn8ho6RJQHwvIPePYGlMAh3oK00O1EyFOMcyuQYUYNlivvT5jRdnjXoOeu1CFHmN4gpXsHRVPnNzBuCTjMxs8NmTmC1MvXp4iUlfTLYuDyR2lDC0qFbVlzxoaxzc8Xd/1ZXuFT/wwpPDIXHB6c8qhC+bALegY8MJrJ5O525uhRG1VaUhLtIhXBlwpWdKcAqm7aCL/op74j0WqAKc5289FStqdSkf9S4xSZrtrwsLNbQ80N2RUmZ8bIPp0nJFchjeVYZWmYvZ8Yz5GKo83ZinBnG/PKUSFOpUvcDAUzNdyJkh2/May1bMtXrWxg/RanKm8BImyMkRdrFmpyzbrbWah8h1oUx/Z8JytvNa0sg6EheF5pYqGmLhjR8qMkkqlckiCHQnu2zGqfGiYmxEU3x4F8g45adAX4TnrAJgNqfc/bszHmFtppJsTxv/2WfyjUkkOSJILeY44Klfjd8= ceph-3215b242-028a-11ef-bc93-c7b262605968
2024-04-24T22:32:08.717 DEBUG:teuthology.orchestra.run.smithi086:> sudo install -d -m 0700 /root/.ssh && echo 'ssh-rsa AAAAB3NzaC1yc2EAAAADAQABAAABgQDeLGrm8QSeH90Qp/oUqz8fmOGnTH//kcilnQjTo+jQFutOGm0ecn8ho6RJQHwvIPePYGlMAh3oK00O1EyFOMcyuQYUYNlivvT5jRdnjXoOeu1CFHmN4gpXsHRVPnNzBuCTjMxs8NmTmC1MvXp4iUlfTLYuDyR2lDC0qFbVlzxoaxzc8Xd/1ZXuFT/wwpPDIXHB6c8qhC+bALegY8MJrJ5O525uhRG1VaUhLtIhXBlwpWdKcAqm7aCL/op74j0WqAKc5289FStqdSkf9S4xSZrtrwsLNbQ80N2RUmZ8bIPp0nJFchjeVYZWmYvZ8Yz5GKo83ZinBnG/PKUSFOpUvcDAUzNdyJkh2/May1bMtXrWxg/RanKm8BImyMkRdrFmpyzbrbWah8h1oUx/Z8JytvNa0sg6EheF5pYqGmLhjR8qMkkqlckiCHQnu2zGqfGiYmxEU3x4F8g45adAX4TnrAJgNqfc/bszHmFtppJsTxv/2WfyjUkkOSJILeY44Klfjd8= ceph-3215b242-028a-11ef-bc93-c7b262605968' | sudo tee -a /root/.ssh/authorized_keys && sudo chmod 0600 /root/.ssh/authorized_keys
2024-04-24T22:32:08.755 INFO:teuthology.orchestra.run.smithi086.stdout:ssh-rsa AAAAB3NzaC1yc2EAAAADAQABAAABgQDeLGrm8QSeH90Qp/oUqz8fmOGnTH//kcilnQjTo+jQFutOGm0ecn8ho6RJQHwvIPePYGlMAh3oK00O1EyFOMcyuQYUYNlivvT5jRdnjXoOeu1CFHmN4gpXsHRVPnNzBuCTjMxs8NmTmC1MvXp4iUlfTLYuDyR2lDC0qFbVlzxoaxzc8Xd/1ZXuFT/wwpPDIXHB6c8qhC+bALegY8MJrJ5O525uhRG1VaUhLtIhXBlwpWdKcAqm7aCL/op74j0WqAKc5289FStqdSkf9S4xSZrtrwsLNbQ80N2RUmZ8bIPp0nJFchjeVYZWmYvZ8Yz5GKo83ZinBnG/PKUSFOpUvcDAUzNdyJkh2/May1bMtXrWxg/RanKm8BImyMkRdrFmpyzbrbWah8h1oUx/Z8JytvNa0sg6EheF5pYqGmLhjR8qMkkqlckiCHQnu2zGqfGiYmxEU3x4F8g45adAX4TnrAJgNqfc/bszHmFtppJsTxv/2WfyjUkkOSJILeY44Klfjd8= ceph-3215b242-028a-11ef-bc93-c7b262605968
2024-04-24T22:32:08.768 DEBUG:teuthology.orchestra.run.smithi033:> sudo /home/ubuntu/cephtest/cephadm --image quay-quay-quay.apps.os.sepia.ceph.com/ceph-ci/ceph:d2c45d977142e024a59b68a8f1dce8f0b9840551 shell -c /etc/ceph/ceph.conf -k /etc/ceph/ceph.client.admin.keyring --fsid 3215b242-028a-11ef-bc93-c7b262605968 -- ceph config set mgr mgr/cephadm/allow_ptrace true
2024-04-24T22:32:09.021 INFO:teuthology.orchestra.run.smithi033.stderr:Inferring config /var/lib/ceph/3215b242-028a-11ef-bc93-c7b262605968/mon.a/config
2024-04-24T22:32:09.144 INFO:journalctl@ceph.mon.a.smithi033.stdout:Apr 24 22:32:08 smithi033 ceph-mon[29320]: from='client.? 172.21.15.33:0/3010693730' entity='client.admin'
2024-04-24T22:32:11.015 INFO:teuthology.orchestra.run.smithi033.stderr:2024-04-24T22:32:11.013+0000 7fea85d5f700 1 -- 172.21.15.33:0/508069746 >> [v2:172.21.15.33:3300/0,v1:172.21.15.33:6789/0] conn(0x7fea80100b90 msgr2=0x7fea80100fb0 secure :-1 s=STATE_CONNECTION_ESTABLISHED l=1).mark_down
2024-04-24T22:32:11.015 INFO:teuthology.orchestra.run.smithi033.stderr:2024-04-24T22:32:11.013+0000 7fea85d5f700 1 --2- 172.21.15.33:0/508069746 >> [v2:172.21.15.33:3300/0,v1:172.21.15.33:6789/0] conn(0x7fea80100b90 0x7fea80100fb0 secure :-1 s=READY pgs=78 cs=0 l=1 rev1=1 crypto rx=0x7fea70009910 tx=0x7fea70009c20 comp rx=0 tx=0).stop
2024-04-24T22:32:11.015 INFO:teuthology.orchestra.run.smithi033.stderr:2024-04-24T22:32:11.013+0000 7fea85d5f700 1 -- 172.21.15.33:0/508069746 shutdown_connections
2024-04-24T22:32:11.016 INFO:teuthology.orchestra.run.smithi033.stderr:2024-04-24T22:32:11.013+0000 7fea85d5f700 1 --2- 172.21.15.33:0/508069746 >> [v2:172.21.15.33:3300/0,v1:172.21.15.33:6789/0] conn(0x7fea80100b90 0x7fea80100fb0 unknown :-1 s=CLOSED pgs=78 cs=0 l=1 rev1=1 crypto rx=0 tx=0 comp rx=0 tx=0).stop
2024-04-24T22:32:11.016 INFO:teuthology.orchestra.run.smithi033.stderr:2024-04-24T22:32:11.013+0000 7fea85d5f700 1 -- 172.21.15.33:0/508069746 >> 172.21.15.33:0/508069746 conn(0x7fea800fc130 msgr2=0x7fea800fe570 unknown :-1 s=STATE_NONE l=0).mark_down
2024-04-24T22:32:11.016 INFO:teuthology.orchestra.run.smithi033.stderr:2024-04-24T22:32:11.013+0000 7fea85d5f700 1 -- 172.21.15.33:0/508069746 shutdown_connections
2024-04-24T22:32:11.016 INFO:teuthology.orchestra.run.smithi033.stderr:2024-04-24T22:32:11.013+0000 7fea85d5f700 1 -- 172.21.15.33:0/508069746 wait complete.
2024-04-24T22:32:11.016 INFO:teuthology.orchestra.run.smithi033.stderr:2024-04-24T22:32:11.013+0000 7fea85d5f700 1 Processor -- start
2024-04-24T22:32:11.017 INFO:teuthology.orchestra.run.smithi033.stderr:2024-04-24T22:32:11.014+0000 7fea85d5f700 1 -- start start
2024-04-24T22:32:11.017 INFO:teuthology.orchestra.run.smithi033.stderr:2024-04-24T22:32:11.014+0000 7fea85d5f700 1 --2- >> [v2:172.21.15.33:3300/0,v1:172.21.15.33:6789/0] conn(0x7fea80100b90 0x7fea80197530 unknown :-1 s=NONE pgs=0 cs=0 l=1 rev1=0 crypto rx=0 tx=0 comp rx=0 tx=0).connect
2024-04-24T22:32:11.017 INFO:teuthology.orchestra.run.smithi033.stderr:2024-04-24T22:32:11.014+0000 7fea85d5f700 1 -- --> [v2:172.21.15.33:3300/0,v1:172.21.15.33:6789/0] -- mon_getmap magic: 0 -- 0x7fea80106eb0 con 0x7fea80100b90
2024-04-24T22:32:11.017 INFO:teuthology.orchestra.run.smithi033.stderr:2024-04-24T22:32:11.014+0000 7fea7f7fe700 1 --2- >> [v2:172.21.15.33:3300/0,v1:172.21.15.33:6789/0] conn(0x7fea80100b90 0x7fea80197530 unknown :-1 s=BANNER_CONNECTING pgs=0 cs=0 l=1 rev1=0 crypto rx=0 tx=0 comp rx=0 tx=0)._handle_peer_banner_payload supported=3 required=0
2024-04-24T22:32:11.017 INFO:teuthology.orchestra.run.smithi033.stderr:2024-04-24T22:32:11.014+0000 7fea7f7fe700 1 --2- >> [v2:172.21.15.33:3300/0,v1:172.21.15.33:6789/0] conn(0x7fea80100b90 0x7fea80197530 unknown :-1 s=HELLO_CONNECTING pgs=0 cs=0 l=1 rev1=1 crypto rx=0 tx=0 comp rx=0 tx=0).handle_hello peer v2:172.21.15.33:3300/0 says I am v2:172.21.15.33:47578/0 (socket says 172.21.15.33:47578)
2024-04-24T22:32:11.018 INFO:teuthology.orchestra.run.smithi033.stderr:2024-04-24T22:32:11.014+0000 7fea7f7fe700 1 -- 172.21.15.33:0/3333188450 learned_addr learned my addr 172.21.15.33:0/3333188450 (peer_addr_for_me v2:172.21.15.33:0/0)
2024-04-24T22:32:11.018 INFO:teuthology.orchestra.run.smithi033.stderr:2024-04-24T22:32:11.014+0000 7fea7f7fe700 1 -- 172.21.15.33:0/3333188450 --> [v2:172.21.15.33:3300/0,v1:172.21.15.33:6789/0] -- mon_subscribe({config=0+,monmap=0+}) -- 0x7fea80197a70 con 0x7fea80100b90
2024-04-24T22:32:11.018 INFO:teuthology.orchestra.run.smithi033.stderr:2024-04-24T22:32:11.014+0000 7fea7f7fe700 1 --2- 172.21.15.33:0/3333188450 >> [v2:172.21.15.33:3300/0,v1:172.21.15.33:6789/0] conn(0x7fea80100b90 0x7fea80197530 secure :-1 s=READY pgs=79 cs=0 l=1 rev1=1 crypto rx=0x7fea70005b40 tx=0x7fea70005030 comp rx=0 tx=0).ready entity=mon.0 client_cookie=0 server_cookie=0 in_seq=0 out_seq=0
2024-04-24T22:32:11.018 INFO:teuthology.orchestra.run.smithi033.stderr:2024-04-24T22:32:11.014+0000 7fea7cff9700 1 -- 172.21.15.33:0/3333188450 <== mon.0 v2:172.21.15.33:3300/0 1 ==== mon_map magic: 0 ==== 205+0+0 (secure 0 0 0) 0x7fea70026070 con 0x7fea80100b90
2024-04-24T22:32:11.018 INFO:teuthology.orchestra.run.smithi033.stderr:2024-04-24T22:32:11.014+0000 7fea7cff9700 1 -- 172.21.15.33:0/3333188450 <== mon.0 v2:172.21.15.33:3300/0 2 ==== config(29 keys) ==== 1209+0+0 (secure 0 0 0) 0x7fea700044a0 con 0x7fea80100b90
2024-04-24T22:32:11.018 INFO:teuthology.orchestra.run.smithi033.stderr:2024-04-24T22:32:11.014+0000 7fea85d5f700 1 -- 172.21.15.33:0/3333188450 --> [v2:172.21.15.33:3300/0,v1:172.21.15.33:6789/0] -- mon_subscribe({mgrmap=0+}) -- 0x7fea80197d00 con 0x7fea80100b90
2024-04-24T22:32:11.018 INFO:teuthology.orchestra.run.smithi033.stderr:2024-04-24T22:32:11.014+0000 7fea7cff9700 1 -- 172.21.15.33:0/3333188450 <== mon.0 v2:172.21.15.33:3300/0 3 ==== mon_map magic: 0 ==== 205+0+0 (secure 0 0 0) 0x7fea70003c60 con 0x7fea80100b90
2024-04-24T22:32:11.018 INFO:teuthology.orchestra.run.smithi033.stderr:2024-04-24T22:32:11.015+0000 7fea85d5f700 1 -- 172.21.15.33:0/3333188450 --> [v2:172.21.15.33:3300/0,v1:172.21.15.33:6789/0] -- mon_subscribe({osdmap=0}) -- 0x7fea8019a9f0 con 0x7fea80100b90
2024-04-24T22:32:11.019 INFO:teuthology.orchestra.run.smithi033.stderr:2024-04-24T22:32:11.015+0000 7fea7cff9700 1 -- 172.21.15.33:0/3333188450 <== mon.0 v2:172.21.15.33:3300/0 4 ==== mgrmap(e 13) ==== 46343+0+0 (secure 0 0 0) 0x7fea70029070 con 0x7fea80100b90
2024-04-24T22:32:11.019 INFO:teuthology.orchestra.run.smithi033.stderr:2024-04-24T22:32:11.015+0000 7fea85d5f700 1 -- 172.21.15.33:0/3333188450 --> [v2:172.21.15.33:3300/0,v1:172.21.15.33:6789/0] -- mon_command({"prefix": "get_command_descriptions"} v 0) -- 0x7fea80107630 con 0x7fea80100b90
2024-04-24T22:32:11.019 INFO:teuthology.orchestra.run.smithi033.stderr:2024-04-24T22:32:11.016+0000 7fea7cff9700 1 --2- 172.21.15.33:0/3333188450 >> [v2:172.21.15.33:6800/2590842983,v1:172.21.15.33:6801/2590842983] conn(0x7fea6c0390f0 0x7fea6c03b5b0 unknown :-1 s=NONE pgs=0 cs=0 l=1 rev1=0 crypto rx=0 tx=0 comp rx=0 tx=0).connect
2024-04-24T22:32:11.019 INFO:teuthology.orchestra.run.smithi033.stderr:2024-04-24T22:32:11.016+0000 7fea7cff9700 1 -- 172.21.15.33:0/3333188450 <== mon.0 v2:172.21.15.33:3300/0 5 ==== osd_map(3..3 src has 1..3) ==== 1155+0+0 (secure 0 0 0) 0x7fea7001e070 con 0x7fea80100b90
2024-04-24T22:32:11.019 INFO:teuthology.orchestra.run.smithi033.stderr:2024-04-24T22:32:11.016+0000 7fea7effd700 1 --2- 172.21.15.33:0/3333188450 >> [v2:172.21.15.33:6800/2590842983,v1:172.21.15.33:6801/2590842983] conn(0x7fea6c0390f0 0x7fea6c03b5b0 unknown :-1 s=BANNER_CONNECTING pgs=0 cs=0 l=1 rev1=0 crypto rx=0 tx=0 comp rx=0 tx=0)._handle_peer_banner_payload supported=3 required=0
2024-04-24T22:32:11.019 INFO:teuthology.orchestra.run.smithi033.stderr:2024-04-24T22:32:11.016+0000 7fea7effd700 1 --2- 172.21.15.33:0/3333188450 >> [v2:172.21.15.33:6800/2590842983,v1:172.21.15.33:6801/2590842983] conn(0x7fea6c0390f0 0x7fea6c03b5b0 secure :-1 s=READY pgs=12 cs=0 l=1 rev1=1 crypto rx=0x7fea68006fd0 tx=0x7fea68006e40 comp rx=0 tx=0).ready entity=mgr.14150 client_cookie=0 server_cookie=0 in_seq=0 out_seq=0
2024-04-24T22:32:11.023 INFO:teuthology.orchestra.run.smithi033.stderr:2024-04-24T22:32:11.021+0000 7fea7cff9700 1 -- 172.21.15.33:0/3333188450 <== mon.0 v2:172.21.15.33:3300/0 6 ==== mon_command_ack([{"prefix": "get_command_descriptions"}]=0 v0) ==== 72+0+186147 (secure 0 0 0) 0x7fea70013070 con 0x7fea80100b90
2024-04-24T22:32:11.228 INFO:teuthology.orchestra.run.smithi033.stderr:2024-04-24T22:32:11.226+0000 7fea85d5f700 1 -- 172.21.15.33:0/3333188450 --> [v2:172.21.15.33:3300/0,v1:172.21.15.33:6789/0] -- mon_command([{prefix=config set, name=mgr/cephadm/allow_ptrace}] v 0) -- 0x7fea8019adf0 con 0x7fea80100b90
2024-04-24T22:32:11.230 INFO:teuthology.orchestra.run.smithi033.stderr:2024-04-24T22:32:11.228+0000 7fea7cff9700 1 -- 172.21.15.33:0/3333188450 <== mon.0 v2:172.21.15.33:3300/0 7 ==== mon_command_ack([{prefix=config set, name=mgr/cephadm/allow_ptrace}]=0 v9)=0 v9) ==== 125+0+0 (secure 0 0 0) 0x7fea70030020 con 0x7fea80100b90
2024-04-24T22:32:11.232 INFO:teuthology.orchestra.run.smithi033.stderr:2024-04-24T22:32:11.230+0000 7fea85d5f700 1 -- 172.21.15.33:0/3333188450 >> [v2:172.21.15.33:6800/2590842983,v1:172.21.15.33:6801/2590842983] conn(0x7fea6c0390f0 msgr2=0x7fea6c03b5b0 secure :-1 s=STATE_CONNECTION_ESTABLISHED l=1).mark_down
2024-04-24T22:32:11.232 INFO:teuthology.orchestra.run.smithi033.stderr:2024-04-24T22:32:11.230+0000 7fea85d5f700 1 --2- 172.21.15.33:0/3333188450 >> [v2:172.21.15.33:6800/2590842983,v1:172.21.15.33:6801/2590842983] conn(0x7fea6c0390f0 0x7fea6c03b5b0 secure :-1 s=READY pgs=12 cs=0 l=1 rev1=1 crypto rx=0x7fea68006fd0 tx=0x7fea68006e40 comp rx=0 tx=0).stop
2024-04-24T22:32:11.232 INFO:teuthology.orchestra.run.smithi033.stderr:2024-04-24T22:32:11.230+0000 7fea85d5f700 1 -- 172.21.15.33:0/3333188450 >> [v2:172.21.15.33:3300/0,v1:172.21.15.33:6789/0] conn(0x7fea80100b90 msgr2=0x7fea80197530 secure :-1 s=STATE_CONNECTION_ESTABLISHED l=1).mark_down
2024-04-24T22:32:11.232 INFO:teuthology.orchestra.run.smithi033.stderr:2024-04-24T22:32:11.230+0000 7fea85d5f700 1 --2- 172.21.15.33:0/3333188450 >> [v2:172.21.15.33:3300/0,v1:172.21.15.33:6789/0] conn(0x7fea80100b90 0x7fea80197530 secure :-1 s=READY pgs=79 cs=0 l=1 rev1=1 crypto rx=0x7fea70005b40 tx=0x7fea70005030 comp rx=0 tx=0).stop
2024-04-24T22:32:11.233 INFO:teuthology.orchestra.run.smithi033.stderr:2024-04-24T22:32:11.230+0000 7fea85d5f700 1 -- 172.21.15.33:0/3333188450 shutdown_connections
2024-04-24T22:32:11.233 INFO:teuthology.orchestra.run.smithi033.stderr:2024-04-24T22:32:11.230+0000 7fea85d5f700 1 --2- 172.21.15.33:0/3333188450 >> [v2:172.21.15.33:6800/2590842983,v1:172.21.15.33:6801/2590842983] conn(0x7fea6c0390f0 0x7fea6c03b5b0 unknown :-1 s=CLOSED pgs=12 cs=0 l=1 rev1=1 crypto rx=0 tx=0 comp rx=0 tx=0).stop
2024-04-24T22:32:11.233 INFO:teuthology.orchestra.run.smithi033.stderr:2024-04-24T22:32:11.230+0000 7fea85d5f700 1 --2- 172.21.15.33:0/3333188450 >> [v2:172.21.15.33:3300/0,v1:172.21.15.33:6789/0] conn(0x7fea80100b90 0x7fea80197530 unknown :-1 s=CLOSED pgs=79 cs=0 l=1 rev1=1 crypto rx=0 tx=0 comp rx=0 tx=0).stop
2024-04-24T22:32:11.233 INFO:teuthology.orchestra.run.smithi033.stderr:2024-04-24T22:32:11.230+0000 7fea85d5f700 1 -- 172.21.15.33:0/3333188450 >> 172.21.15.33:0/3333188450 conn(0x7fea800fc130 msgr2=0x7fea800fce20 unknown :-1 s=STATE_NONE l=0).mark_down
2024-04-24T22:32:11.233 INFO:teuthology.orchestra.run.smithi033.stderr:2024-04-24T22:32:11.230+0000 7fea85d5f700 1 -- 172.21.15.33:0/3333188450 shutdown_connections
2024-04-24T22:32:11.233 INFO:teuthology.orchestra.run.smithi033.stderr:2024-04-24T22:32:11.230+0000 7fea85d5f700 1 -- 172.21.15.33:0/3333188450 wait complete.
2024-04-24T22:32:11.516 INFO:journalctl@ceph.mon.a.smithi033.stdout:Apr 24 22:32:11 smithi033 ceph-mon[29320]: from='mgr.14150 172.21.15.33:0/1381050851' entity='mgr.x'
2024-04-24T22:32:11.516 INFO:journalctl@ceph.mon.a.smithi033.stdout:Apr 24 22:32:11 smithi033 ceph-mon[29320]: from='mgr.14150 172.21.15.33:0/1381050851' entity='mgr.x'
2024-04-24T22:32:11.516 INFO:journalctl@ceph.mon.a.smithi033.stdout:Apr 24 22:32:11 smithi033 ceph-mon[29320]: from='mgr.14150 172.21.15.33:0/1381050851' entity='mgr.x' cmd=[{"prefix": "config rm", "who": "osd/host:smithi033", "name": "osd_memory_target"}]: dispatch
2024-04-24T22:32:11.517 INFO:journalctl@ceph.mon.a.smithi033.stdout:Apr 24 22:32:11 smithi033 ceph-mon[29320]: from='mgr.14150 172.21.15.33:0/1381050851' entity='mgr.x'
2024-04-24T22:32:11.517 INFO:journalctl@ceph.mon.a.smithi033.stdout:Apr 24 22:32:11 smithi033 ceph-mon[29320]: from='mgr.14150 172.21.15.33:0/1381050851' entity='mgr.x' cmd=[{"prefix": "config dump", "format": "json"}]: dispatch
2024-04-24T22:32:11.517 INFO:journalctl@ceph.mon.a.smithi033.stdout:Apr 24 22:32:11 smithi033 ceph-mon[29320]: from='mgr.14150 172.21.15.33:0/1381050851' entity='mgr.x'
2024-04-24T22:32:11.876 INFO:tasks.cephadm:Distributing conf and client.admin keyring to all hosts + 0755
2024-04-24T22:32:11.876 DEBUG:teuthology.orchestra.run.smithi033:> sudo /home/ubuntu/cephtest/cephadm --image quay-quay-quay.apps.os.sepia.ceph.com/ceph-ci/ceph:d2c45d977142e024a59b68a8f1dce8f0b9840551 shell -c /etc/ceph/ceph.conf -k /etc/ceph/ceph.client.admin.keyring --fsid 3215b242-028a-11ef-bc93-c7b262605968 -- ceph orch client-keyring set client.admin '*' --mode 0755
2024-04-24T22:32:12.123 INFO:teuthology.orchestra.run.smithi033.stderr:Inferring config /var/lib/ceph/3215b242-028a-11ef-bc93-c7b262605968/mon.a/config
2024-04-24T22:32:12.516 INFO:journalctl@ceph.mon.a.smithi033.stdout:Apr 24 22:32:12 smithi033 ceph-mon[29320]: from='client.? 172.21.15.33:0/3333188450' entity='client.admin'
2024-04-24T22:32:12.516 INFO:journalctl@ceph.mon.a.smithi033.stdout:Apr 24 22:32:12 smithi033 ceph-mon[29320]: from='mgr.14150 172.21.15.33:0/1381050851' entity='mgr.x' cmd=[{"prefix": "config dump", "format": "json"}]: dispatch
2024-04-24T22:32:12.516 INFO:journalctl@ceph.mon.a.smithi033.stdout:Apr 24 22:32:12 smithi033 ceph-mon[29320]: from='mgr.14150 172.21.15.33:0/1381050851' entity='mgr.x'
2024-04-24T22:32:13.623 INFO:teuthology.orchestra.run.smithi033.stderr:2024-04-24T22:32:13.621+0000 7fd76d112700 1 -- 172.21.15.33:0/3087219026 >> [v2:172.21.15.33:3300/0,v1:172.21.15.33:6789/0] conn(0x7fd768102160 msgr2=0x7fd768102580 secure :-1 s=STATE_CONNECTION_ESTABLISHED l=1).mark_down
2024-04-24T22:32:13.623 INFO:teuthology.orchestra.run.smithi033.stderr:2024-04-24T22:32:13.621+0000 7fd76d112700 1 --2- 172.21.15.33:0/3087219026 >> [v2:172.21.15.33:3300/0,v1:172.21.15.33:6789/0] conn(0x7fd768102160 0x7fd768102580 secure :-1 s=READY pgs=80 cs=0 l=1 rev1=1 crypto rx=0x7fd758009910 tx=0x7fd758009c20 comp rx=0 tx=0).stop
2024-04-24T22:32:13.624 INFO:teuthology.orchestra.run.smithi033.stderr:2024-04-24T22:32:13.621+0000 7fd76d112700 1 -- 172.21.15.33:0/3087219026 shutdown_connections
