2024-04-24T22:31:37.922 INFO:teuthology.orchestra.run.smithi033.stdout:/usr/bin/ceph: stderr
2024-04-24T22:31:37.128+0000 7f9810b16700 1 -- 172.21.15.33:0/1373299851 <== mon.0 v2:172.21.15.33:3300/0 3 ==== mon_map magic: 0 ==== 205+0+0 (secure 0 0 0) 0x7f9804011cc0 con 0x7f980c07dd20
2024-04-24T22:31:37.922 INFO:teuthology.orchestra.run.smithi033.stdout:/usr/bin/ceph: stderr
2024-04-24T22:31:37.129+0000 7f9813d7c700 1 -- 172.21.15.33:0/1373299851 >> [v2:172.21.15.33:3300/0,v1:172.21.15.33:6789/0] conn(0x7f980c07dd20 msgr2=0x7f980c07c220 secure :-1 s=STATE_CONNECTION_ESTABLISHED l=1).mark_down
2024-04-24T22:31:37.923 INFO:teuthology.orchestra.run.smithi033.stdout:/usr/bin/ceph: stderr
2024-04-24T22:31:37.129+0000 7f9813d7c700 1 --2- 172.21.15.33:0/1373299851 >> [v2:172.21.15.33:3300/0,v1:172.21.15.33:6789/0] conn(0x7f980c07dd20 0x7f980c07c220 secure :-1 s=READY pgs=37 cs=0 l=1 rev1=1 crypto rx=0x7f98040098a0 tx=0x7f9804009bb0 comp rx=0 tx=0).stop
2024-04-24T22:31:37.923 INFO:teuthology.orchestra.run.smithi033.stdout:/usr/bin/ceph: stderr
2024-04-24T22:31:37.129+0000 7f9813d7c700 1 -- 172.21.15.33:0/1373299851 shutdown_connections
2024-04-24T22:31:37.923 INFO:teuthology.orchestra.run.smithi033.stdout:/usr/bin/ceph: stderr
2024-04-24T22:31:37.129+0000 7f9813d7c700 1 --2- 172.21.15.33:0/1373299851 >> [v2:172.21.15.33:3300/0,v1:172.21.15.33:6789/0] conn(0x7f980c07dd20 0x7f980c07c220 unknown :-1 s=CLOSED pgs=37 cs=0 l=1 rev1=1 crypto rx=0 tx=0 comp rx=0 tx=0).stop
2024-04-24T22:31:37.923 INFO:teuthology.orchestra.run.smithi033.stdout:/usr/bin/ceph: stderr
2024-04-24T22:31:37.129+0000 7f9813d7c700 1 -- 172.21.15.33:0/1373299851 >> 172.21.15.33:0/1373299851 conn(0x7f980c103570 msgr2=0x7f980c105990 unknown :-1 s=STATE_NONE l=0).mark_down
2024-04-24T22:31:37.923 INFO:teuthology.orchestra.run.smithi033.stdout:/usr/bin/ceph: stderr
2024-04-24T22:31:37.129+0000 7f9813d7c700 1 -- 172.21.15.33:0/1373299851 shutdown_connections
2024-04-24T22:31:37.923 INFO:teuthology.orchestra.run.smithi033.stdout:/usr/bin/ceph: stderr
2024-04-24T22:31:37.129+0000 7f9813d7c700 1 -- 172.21.15.33:0/1373299851 wait complete.
2024-04-24T22:31:37.923 INFO:teuthology.orchestra.run.smithi033.stdout:/usr/bin/ceph: stderr
2024-04-24T22:31:37.130+0000 7f9813d7c700 1 Processor -- start
2024-04-24T22:31:37.923 INFO:teuthology.orchestra.run.smithi033.stdout:/usr/bin/ceph: stderr
2024-04-24T22:31:37.130+0000 7f9813d7c700 1 -- start start
2024-04-24T22:31:37.923 INFO:teuthology.orchestra.run.smithi033.stdout:/usr/bin/ceph: stderr
2024-04-24T22:31:37.130+0000 7f9813d7c700 1 --2- >> [v2:172.21.15.33:3300/0,v1:172.21.15.33:6789/0] conn(0x7f980c07dd20 0x7f980c19e110 unknown :-1 s=NONE pgs=0 cs=0 l=1 rev1=0 crypto rx=0 tx=0 comp rx=0 tx=0).connect
2024-04-24T22:31:37.923 INFO:teuthology.orchestra.run.smithi033.stdout:/usr/bin/ceph: stderr
2024-04-24T22:31:37.130+0000 7f9813d7c700 1 -- --> [v2:172.21.15.33:3300/0,v1:172.21.15.33:6789/0] -- mon_getmap magic: 0 -- 0x7f980c10e5c0 con 0x7f980c07dd20
2024-04-24T22:31:37.923 INFO:teuthology.orchestra.run.smithi033.stdout:/usr/bin/ceph: stderr
2024-04-24T22:31:37.130+0000 7f9811b18700 1 --2- >> [v2:172.21.15.33:3300/0,v1:172.21.15.33:6789/0] conn(0x7f980c07dd20 0x7f980c19e110 unknown :-1 s=BANNER_CONNECTING pgs=0 cs=0 l=1 rev1=0 crypto rx=0 tx=0 comp rx=0 tx=0)._handle_peer_banner_payload supported=3 required=0
2024-04-24T22:31:37.923 INFO:teuthology.orchestra.run.smithi033.stdout:/usr/bin/ceph: stderr
2024-04-24T22:31:37.130+0000 7f9811b18700 1 --2- >> [v2:172.21.15.33:3300/0,v1:172.21.15.33:6789/0] conn(0x7f980c07dd20 0x7f980c19e110 unknown :-1 s=HELLO_CONNECTING pgs=0 cs=0 l=1 rev1=1 crypto rx=0 tx=0 comp rx=0 tx=0).handle_hello peer v2:172.21.15.33:3300/0 says I am v2:172.21.15.33:60406/0 (socket says 172.21.15.33:60406)
2024-04-24T22:31:37.923 INFO:teuthology.orchestra.run.smithi033.stdout:/usr/bin/ceph: stderr
2024-04-24T22:31:37.130+0000 7f9811b18700 1 -- 172.21.15.33:0/197520038 learned_addr learned my addr 172.21.15.33:0/197520038 (peer_addr_for_me v2:172.21.15.33:0/0)
2024-04-24T22:31:37.923 INFO:teuthology.orchestra.run.smithi033.stdout:/usr/bin/ceph: stderr
2024-04-24T22:31:37.130+0000 7f9811b18700 1 -- 172.21.15.33:0/197520038 --> [v2:172.21.15.33:3300/0,v1:172.21.15.33:6789/0] -- mon_subscribe({config=0+,monmap=0+}) -- 0x7f980c19e650 con 0x7f980c07dd20
2024-04-24T22:31:37.924 INFO:teuthology.orchestra.run.smithi033.stdout:/usr/bin/ceph: stderr
2024-04-24T22:31:37.130+0000 7f9811b18700 1 --2- 172.21.15.33:0/197520038 >> [v2:172.21.15.33:3300/0,v1:172.21.15.33:6789/0] conn(0x7f980c07dd20 0x7f980c19e110 secure :-1 s=READY pgs=38 cs=0 l=1 rev1=1 crypto rx=0x7f98040038d0 tx=0x7f98040039b0 comp rx=0 tx=0).ready entity=mon.0 client_cookie=0 server_cookie=0 in_seq=0 out_seq=0
2024-04-24T22:31:37.924 INFO:teuthology.orchestra.run.smithi033.stdout:/usr/bin/ceph: stderr
2024-04-24T22:31:37.131+0000 7f980affd700 1 -- 172.21.15.33:0/197520038 <== mon.0 v2:172.21.15.33:3300/0 1 ==== mon_map magic: 0 ==== 205+0+0 (secure 0 0 0) 0x7f9804003e10 con 0x7f980c07dd20
2024-04-24T22:31:37.924 INFO:teuthology.orchestra.run.smithi033.stdout:/usr/bin/ceph: stderr
2024-04-24T22:31:37.131+0000 7f980affd700 1 -- 172.21.15.33:0/197520038 <== mon.0 v2:172.21.15.33:3300/0 2 ==== config(29 keys) ==== 1178+0+0 (secure 0 0 0) 0x7f9804003fb0 con 0x7f980c07dd20
2024-04-24T22:31:37.924 INFO:teuthology.orchestra.run.smithi033.stdout:/usr/bin/ceph: stderr
2024-04-24T22:31:37.131+0000 7f9813d7c700 1 -- 172.21.15.33:0/197520038 --> [v2:172.21.15.33:3300/0,v1:172.21.15.33:6789/0] -- mon_subscribe({mgrmap=0+}) -- 0x7f980c19e8e0 con 0x7f980c07dd20
2024-04-24T22:31:37.924 INFO:teuthology.orchestra.run.smithi033.stdout:/usr/bin/ceph: stderr
2024-04-24T22:31:37.131+0000 7f980affd700 1 -- 172.21.15.33:0/197520038 <== mon.0 v2:172.21.15.33:3300/0 3 ==== mon_map magic: 0 ==== 205+0+0 (secure 0 0 0) 0x7f9804024840 con 0x7f980c07dd20
2024-04-24T22:31:37.924 INFO:teuthology.orchestra.run.smithi033.stdout:/usr/bin/ceph: stderr
2024-04-24T22:31:37.131+0000 7f9813d7c700 1 -- 172.21.15.33:0/197520038 --> [v2:172.21.15.33:3300/0,v1:172.21.15.33:6789/0] -- mon_subscribe({osdmap=0}) -- 0x7f980c1a15d0 con 0x7f980c07dd20
2024-04-24T22:31:37.924 INFO:teuthology.orchestra.run.smithi033.stdout:/usr/bin/ceph: stderr
2024-04-24T22:31:37.131+0000 7f980affd700 1 -- 172.21.15.33:0/197520038 <== mon.0 v2:172.21.15.33:3300/0 4 ==== mgrmap(e 8) ==== 46287+0+0 (secure 0 0 0) 0x7f9804022020 con 0x7f980c07dd20
2024-04-24T22:31:37.924 INFO:teuthology.orchestra.run.smithi033.stdout:/usr/bin/ceph: stderr
2024-04-24T22:31:37.132+0000 7f980affd700 1 --2- 172.21.15.33:0/197520038 >> [v2:172.21.15.33:6800/4224461418,v1:172.21.15.33:6801/4224461418] conn(0x7f97f4039050 0x7f97f403b510 unknown :-1 s=NONE pgs=0 cs=0 l=1 rev1=0 crypto rx=0 tx=0 comp rx=0 tx=0).connect
2024-04-24T22:31:37.924 INFO:teuthology.orchestra.run.smithi033.stdout:/usr/bin/ceph: stderr
2024-04-24T22:31:37.132+0000 7f980affd700 1 -- 172.21.15.33:0/197520038 <== mon.0 v2:172.21.15.33:3300/0 5 ==== osd_map(2..2 src has 1..2) ==== 940+0+0 (secure 0 0 0) 0x7f980404d110 con 0x7f980c07dd20
2024-04-24T22:31:37.924 INFO:teuthology.orchestra.run.smithi033.stdout:/usr/bin/ceph: stderr
2024-04-24T22:31:37.132+0000 7f9811317700 1 --2- 172.21.15.33:0/197520038 >> [v2:172.21.15.33:6800/4224461418,v1:172.21.15.33:6801/4224461418] conn(0x7f97f4039050 0x7f97f403b510 unknown :-1 s=BANNER_CONNECTING pgs=0 cs=0 l=1 rev1=0 crypto rx=0 tx=0 comp rx=0 tx=0)._handle_peer_banner_payload supported=3 required=0
2024-04-24T22:31:37.924 INFO:teuthology.orchestra.run.smithi033.stdout:/usr/bin/ceph: stderr
2024-04-24T22:31:37.132+0000 7f9813d7c700 1 -- 172.21.15.33:0/197520038 --> [v2:172.21.15.33:3300/0,v1:172.21.15.33:6789/0] -- mon_command({"prefix": "get_command_descriptions"} v 0) -- 0x7f980c063890 con 0x7f980c07dd20
2024-04-24T22:31:37.924 INFO:teuthology.orchestra.run.smithi033.stdout:/usr/bin/ceph: stderr
2024-04-24T22:31:37.132+0000 7f9811317700 1 --2- 172.21.15.33:0/197520038 >> [v2:172.21.15.33:6800/4224461418,v1:172.21.15.33:6801/4224461418] conn(0x7f97f4039050 0x7f97f403b510 secure :-1 s=READY pgs=8 cs=0 l=1 rev1=1 crypto rx=0x7f9800006fd0 tx=0x7f9800006e40 comp rx=0 tx=0).ready entity=mgr.14118 client_cookie=0 server_cookie=0 in_seq=0 out_seq=0
2024-04-24T22:31:37.924 INFO:teuthology.orchestra.run.smithi033.stdout:/usr/bin/ceph: stderr
2024-04-24T22:31:37.137+0000 7f980affd700 1 -- 172.21.15.33:0/197520038 <== mon.0 v2:172.21.15.33:3300/0 6 ==== mon_command_ack([{"prefix": "get_command_descriptions"}]=0 v0) ==== 72+0+186147 (secure 0 0 0) 0x7f9804019c70 con 0x7f980c07dd20
2024-04-24T22:31:37.925 INFO:teuthology.orchestra.run.smithi033.stdout:/usr/bin/ceph: stderr
2024-04-24T22:31:37.345+0000 7f9813d7c700 1 -- 172.21.15.33:0/197520038 --> [v2:172.21.15.33:6800/4224461418,v1:172.21.15.33:6801/4224461418] -- mgr_command(tid 0: {"prefix": "cephadm set-user", "user": "root", "target": ["mon-mgr", ""]}) -- 0x7f980c1047e0 con 0x7f97f4039050
2024-04-24T22:31:37.925 INFO:teuthology.orchestra.run.smithi033.stdout:/usr/bin/ceph: stderr
2024-04-24T22:31:37.345+0000 7f980affd700 1 -- 172.21.15.33:0/197520038 <== mgr.14118 v2:172.21.15.33:6800/4224461418 1 ==== mgr_command_reply(tid 0: 0 ) ==== 8+0+16 (secure 0 0 0) 0x7f980c1047e0 con 0x7f97f4039050
2024-04-24T22:31:37.925 INFO:teuthology.orchestra.run.smithi033.stdout:/usr/bin/ceph: stderr
2024-04-24T22:31:37.347+0000 7f9813d7c700 1 -- 172.21.15.33:0/197520038 >> [v2:172.21.15.33:6800/4224461418,v1:172.21.15.33:6801/4224461418] conn(0x7f97f4039050 msgr2=0x7f97f403b510 secure :-1 s=STATE_CONNECTION_ESTABLISHED l=1).mark_down
2024-04-24T22:31:37.925 INFO:teuthology.orchestra.run.smithi033.stdout:/usr/bin/ceph: stderr
2024-04-24T22:31:37.347+0000 7f9813d7c700 1 --2- 172.21.15.33:0/197520038 >> [v2:172.21.15.33:6800/4224461418,v1:172.21.15.33:6801/4224461418] conn(0x7f97f4039050 0x7f97f403b510 secure :-1 s=READY pgs=8 cs=0 l=1 rev1=1 crypto rx=0x7f9800006fd0 tx=0x7f9800006e40 comp rx=0 tx=0).stop
2024-04-24T22:31:37.925 INFO:teuthology.orchestra.run.smithi033.stdout:/usr/bin/ceph: stderr
2024-04-24T22:31:37.347+0000 7f9813d7c700 1 -- 172.21.15.33:0/197520038 >> [v2:172.21.15.33:3300/0,v1:172.21.15.33:6789/0] conn(0x7f980c07dd20 msgr2=0x7f980c19e110 secure :-1 s=STATE_CONNECTION_ESTABLISHED l=1).mark_down
2024-04-24T22:31:37.925 INFO:teuthology.orchestra.run.smithi033.stdout:/usr/bin/ceph: stderr
2024-04-24T22:31:37.347+0000 7f9813d7c700 1 --2- 172.21.15.33:0/197520038 >> [v2:172.21.15.33:3300/0,v1:172.21.15.33:6789/0] conn(0x7f980c07dd20 0x7f980c19e110 secure :-1 s=READY pgs=38 cs=0 l=1 rev1=1 crypto rx=0x7f98040038d0 tx=0x7f98040039b0 comp rx=0 tx=0).stop
2024-04-24T22:31:37.925 INFO:teuthology.orchestra.run.smithi033.stdout:/usr/bin/ceph: stderr
2024-04-24T22:31:37.347+0000 7f9813d7c700 1 -- 172.21.15.33:0/197520038 shutdown_connections
2024-04-24T22:31:37.925 INFO:teuthology.orchestra.run.smithi033.stdout:/usr/bin/ceph: stderr
2024-04-24T22:31:37.347+0000 7f9813d7c700 1 --2- 172.21.15.33:0/197520038 >> [v2:172.21.15.33:6800/4224461418,v1:172.21.15.33:6801/4224461418] conn(0x7f97f4039050 0x7f97f403b510 unknown :-1 s=CLOSED pgs=8 cs=0 l=1 rev1=1 crypto rx=0 tx=0 comp rx=0 tx=0).stop
2024-04-24T22:31:37.925 INFO:teuthology.orchestra.run.smithi033.stdout:/usr/bin/ceph: stderr
2024-04-24T22:31:37.347+0000 7f9813d7c700 1 --2- 172.21.15.33:0/197520038 >> [v2:172.21.15.33:3300/0,v1:172.21.15.33:6789/0] conn(0x7f980c07dd20 0x7f980c19e110 unknown :-1 s=CLOSED pgs=38 cs=0 l=1 rev1=1 crypto rx=0 tx=0 comp rx=0 tx=0).stop
2024-04-24T22:31:37.925 INFO:teuthology.orchestra.run.smithi033.stdout:/usr/bin/ceph: stderr
2024-04-24T22:31:37.347+0000 7f9813d7c700 1 -- 172.21.15.33:0/197520038 >> 172.21.15.33:0/197520038 conn(0x7f980c103570 msgr2=0x7f980c1040d0 unknown :-1 s=STATE_NONE l=0).mark_down
2024-04-24T22:31:37.925 INFO:teuthology.orchestra.run.smithi033.stdout:/usr/bin/ceph: stderr
2024-04-24T22:31:37.348+0000 7f9813d7c700 1 -- 172.21.15.33:0/197520038 shutdown_connections
2024-04-24T22:31:37.925 INFO:teuthology.orchestra.run.smithi033.stdout:/usr/bin/ceph: stderr
2024-04-24T22:31:37.348+0000 7f9813d7c700 1 -- 172.21.15.33:0/197520038 wait complete.
2024-04-24T22:31:37.925 INFO:teuthology.orchestra.run.smithi033.stdout:Generating ssh key...
2024-04-24T22:31:38.223 INFO:journalctl@ceph.mon.a.smithi033.stdout:Apr 24 22:31:38 smithi033 ceph-mon[29320]: from='client.14132 -' entity='client.admin' cmd=[{"prefix": "cephadm set-user", "user": "root", "target": ["mon-mgr", ""]}]: dispatch
2024-04-24T22:31:39.002 INFO:journalctl@ceph.mgr.x.smithi033.stdout:Apr 24 22:31:38 smithi033 ceph-3215b242-028a-11ef-bc93-c7b262605968-mgr-x[29548]: Generating public/private rsa key pair.
2024-04-24T22:31:39.002 INFO:journalctl@ceph.mgr.x.smithi033.stdout:Apr 24 22:31:38 smithi033 ceph-3215b242-028a-11ef-bc93-c7b262605968-mgr-x[29548]: Your identification has been saved in /tmp/tmpa3jih1vy/key.
2024-04-24T22:31:39.002 INFO:journalctl@ceph.mgr.x.smithi033.stdout:Apr 24 22:31:38 smithi033 ceph-3215b242-028a-11ef-bc93-c7b262605968-mgr-x[29548]: Your public key has been saved in /tmp/tmpa3jih1vy/key.pub.
2024-04-24T22:31:39.002 INFO:journalctl@ceph.mgr.x.smithi033.stdout:Apr 24 22:31:38 smithi033 ceph-3215b242-028a-11ef-bc93-c7b262605968-mgr-x[29548]: The key fingerprint is:
2024-04-24T22:31:39.002 INFO:journalctl@ceph.mgr.x.smithi033.stdout:Apr 24 22:31:38 smithi033 ceph-3215b242-028a-11ef-bc93-c7b262605968-mgr-x[29548]: SHA256:mEHMl4Unx9loJ2GqAamezUr6A9WJ3bF9AhZMXj0EtH0 ceph-3215b242-028a-11ef-bc93-c7b262605968
2024-04-24T22:31:39.002 INFO:journalctl@ceph.mgr.x.smithi033.stdout:Apr 24 22:31:38 smithi033 ceph-3215b242-028a-11ef-bc93-c7b262605968-mgr-x[29548]: The key's randomart image is:
2024-04-24T22:31:39.003 INFO:journalctl@ceph.mgr.x.smithi033.stdout:Apr 24 22:31:38 smithi033 ceph-3215b242-028a-11ef-bc93-c7b262605968-mgr-x[29548]: +---[RSA 3072]----+
2024-04-24T22:31:39.003 INFO:journalctl@ceph.mgr.x.smithi033.stdout:Apr 24 22:31:38 smithi033 ceph-3215b242-028a-11ef-bc93-c7b262605968-mgr-x[29548]: | .*+o+O== |
2024-04-24T22:31:39.003 INFO:journalctl@ceph.mgr.x.smithi033.stdout:Apr 24 22:31:38 smithi033 ceph-3215b242-028a-11ef-bc93-c7b262605968-mgr-x[29548]: | .+B.==@ o |
2024-04-24T22:31:39.003 INFO:journalctl@ceph.mgr.x.smithi033.stdout:Apr 24 22:31:38 smithi033 ceph-3215b242-028a-11ef-bc93-c7b262605968-mgr-x[29548]: | = ++*o=.+E |
2024-04-24T22:31:39.003 INFO:journalctl@ceph.mgr.x.smithi033.stdout:Apr 24 22:31:38 smithi033 ceph-3215b242-028a-11ef-bc93-c7b262605968-mgr-x[29548]: | + + o*o .. |
2024-04-24T22:31:39.003 INFO:journalctl@ceph.mgr.x.smithi033.stdout:Apr 24 22:31:38 smithi033 ceph-3215b242-028a-11ef-bc93-c7b262605968-mgr-x[29548]: | o + + So |
2024-04-24T22:31:39.003 INFO:journalctl@ceph.mgr.x.smithi033.stdout:Apr 24 22:31:38 smithi033 ceph-3215b242-028a-11ef-bc93-c7b262605968-mgr-x[29548]: |. + o |
2024-04-24T22:31:39.003 INFO:journalctl@ceph.mgr.x.smithi033.stdout:Apr 24 22:31:38 smithi033 ceph-3215b242-028a-11ef-bc93-c7b262605968-mgr-x[29548]: | + . |
2024-04-24T22:31:39.003 INFO:journalctl@ceph.mgr.x.smithi033.stdout:Apr 24 22:31:38 smithi033 ceph-3215b242-028a-11ef-bc93-c7b262605968-mgr-x[29548]: |. o |
2024-04-24T22:31:39.003 INFO:journalctl@ceph.mgr.x.smithi033.stdout:Apr 24 22:31:38 smithi033 ceph-3215b242-028a-11ef-bc93-c7b262605968-mgr-x[29548]: | ... |
2024-04-24T22:31:39.003 INFO:journalctl@ceph.mgr.x.smithi033.stdout:Apr 24 22:31:38 smithi033 ceph-3215b242-028a-11ef-bc93-c7b262605968-mgr-x[29548]: +----[SHA256]-----+
2024-04-24T22:31:39.243 INFO:teuthology.orchestra.run.smithi033.stdout:/usr/bin/ceph: stderr
2024-04-24T22:31:38.324+0000 7f9451a6e700 1 Processor -- start
2024-04-24T22:31:39.243 INFO:teuthology.orchestra.run.smithi033.stdout:/usr/bin/ceph: stderr
2024-04-24T22:31:38.324+0000 7f9451a6e700 1 -- start start
2024-04-24T22:31:39.243 INFO:teuthology.orchestra.run.smithi033.stdout:/usr/bin/ceph: stderr
2024-04-24T22:31:38.324+0000 7f9451a6e700 1 --2- >> [v2:172.21.15.33:3300/0,v1:172.21.15.33:6789/0] conn(0x7f944c105c90 0x7f944c1060b0 unknown :-1 s=NONE pgs=0 cs=0 l=0 rev1=0 crypto rx=0 tx=0 comp rx=0 tx=0).connect
2024-04-24T22:31:39.243 INFO:teuthology.orchestra.run.smithi033.stdout:/usr/bin/ceph: stderr
2024-04-24T22:31:38.324+0000 7f9451a6e700 1 -- --> [v2:172.21.15.33:3300/0,v1:172.21.15.33:6789/0] -- mon_getmap magic: 0 -- 0x7f944c1065f0 con 0x7f944c105c90
2024-04-24T22:31:39.243 INFO:teuthology.orchestra.run.smithi033.stdout:/usr/bin/ceph: stderr
2024-04-24T22:31:38.324+0000 7f944b7fe700 1 --2- >> [v2:172.21.15.33:3300/0,v1:172.21.15.33:6789/0] conn(0x7f944c105c90 0x7f944c1060b0 unknown :-1 s=BANNER_CONNECTING pgs=0 cs=0 l=0 rev1=0 crypto rx=0 tx=0 comp rx=0 tx=0)._handle_peer_banner_payload supported=3 required=0
2024-04-24T22:31:39.243 INFO:teuthology.orchestra.run.smithi033.stdout:/usr/bin/ceph: stderr
2024-04-24T22:31:38.324+0000 7f944b7fe700 1 --2- >> [v2:172.21.15.33:3300/0,v1:172.21.15.33:6789/0] conn(0x7f944c105c90 0x7f944c1060b0 unknown :-1 s=HELLO_CONNECTING pgs=0 cs=0 l=0 rev1=1 crypto rx=0 tx=0 comp rx=0 tx=0).handle_hello peer v2:172.21.15.33:3300/0 says I am v2:172.21.15.33:39010/0 (socket says 172.21.15.33:39010)
2024-04-24T22:31:39.243 INFO:teuthology.orchestra.run.smithi033.stdout:/usr/bin/ceph: stderr
2024-04-24T22:31:38.324+0000 7f944b7fe700 1 -- 172.21.15.33:0/3964809029 learned_addr learned my addr 172.21.15.33:0/3964809029 (peer_addr_for_me v2:172.21.15.33:0/0)
2024-04-24T22:31:39.244 INFO:teuthology.orchestra.run.smithi033.stdout:/usr/bin/ceph: stderr
2024-04-24T22:31:38.324+0000 7f944b7fe700 1 -- 172.21.15.33:0/3964809029 --> [v2:172.21.15.33:3300/0,v1:172.21.15.33:6789/0] -- mon_subscribe({config=0+,monmap=0+}) -- 0x7f944c106770 con 0x7f944c105c90
2024-04-24T22:31:39.244 INFO:teuthology.orchestra.run.smithi033.stdout:/usr/bin/ceph: stderr
2024-04-24T22:31:38.325+0000 7f944b7fe700 1 --2- 172.21.15.33:0/3964809029 >> [v2:172.21.15.33:3300/0,v1:172.21.15.33:6789/0] conn(0x7f944c105c90 0x7f944c1060b0 secure :-1 s=READY pgs=39 cs=0 l=1 rev1=1 crypto rx=0x7f943c0098a0 tx=0x7f943c009bb0 comp rx=0 tx=0).ready entity=mon.0 client_cookie=2c9f3d6ae2763300 server_cookie=0 in_seq=0 out_seq=0
2024-04-24T22:31:39.244 INFO:teuthology.orchestra.run.smithi033.stdout:/usr/bin/ceph: stderr
2024-04-24T22:31:38.325+0000 7f944a7fc700 1 -- 172.21.15.33:0/3964809029 <== mon.0 v2:172.21.15.33:3300/0 1 ==== mon_map magic: 0 ==== 205+0+0 (secure 0 0 0) 0x7f943c004160 con 0x7f944c105c90
2024-04-24T22:31:39.244 INFO:teuthology.orchestra.run.smithi033.stdout:/usr/bin/ceph: stderr
2024-04-24T22:31:38.325+0000 7f944a7fc700 1 -- 172.21.15.33:0/3964809029 <== mon.0 v2:172.21.15.33:3300/0 2 ==== config(29 keys) ==== 1178+0+0 (secure 0 0 0) 0x7f943c004300 con 0x7f944c105c90
2024-04-24T22:31:39.244 INFO:teuthology.orchestra.run.smithi033.stdout:/usr/bin/ceph: stderr
2024-04-24T22:31:38.325+0000 7f944a7fc700 1 -- 172.21.15.33:0/3964809029 <== mon.0 v2:172.21.15.33:3300/0 3 ==== mon_map magic: 0 ==== 205+0+0 (secure 0 0 0) 0x7f943c011cc0 con 0x7f944c105c90
2024-04-24T22:31:39.244 INFO:teuthology.orchestra.run.smithi033.stdout:/usr/bin/ceph: stderr
2024-04-24T22:31:38.325+0000 7f9451a6e700 1 -- 172.21.15.33:0/3964809029 >> [v2:172.21.15.33:3300/0,v1:172.21.15.33:6789/0] conn(0x7f944c105c90 msgr2=0x7f944c1060b0 secure :-1 s=STATE_CONNECTION_ESTABLISHED l=1).mark_down
2024-04-24T22:31:39.244 INFO:teuthology.orchestra.run.smithi033.stdout:/usr/bin/ceph: stderr
2024-04-24T22:31:38.325+0000 7f9451a6e700 1 --2- 172.21.15.33:0/3964809029 >> [v2:172.21.15.33:3300/0,v1:172.21.15.33:6789/0] conn(0x7f944c105c90 0x7f944c1060b0 secure :-1 s=READY pgs=39 cs=0 l=1 rev1=1 crypto rx=0x7f943c0098a0 tx=0x7f943c009bb0 comp rx=0 tx=0).stop
2024-04-24T22:31:39.244 INFO:teuthology.orchestra.run.smithi033.stdout:/usr/bin/ceph: stderr
2024-04-24T22:31:38.325+0000 7f9451a6e700 1 -- 172.21.15.33:0/3964809029 shutdown_connections
2024-04-24T22:31:39.244 INFO:teuthology.orchestra.run.smithi033.stdout:/usr/bin/ceph: stderr
2024-04-24T22:31:38.325+0000 7f9451a6e700 1 --2- 172.21.15.33:0/3964809029 >> [v2:172.21.15.33:3300/0,v1:172.21.15.33:6789/0] conn(0x7f944c105c90 0x7f944c1060b0 unknown :-1 s=CLOSED pgs=39 cs=0 l=1 rev1=1 crypto rx=0 tx=0 comp rx=0 tx=0).stop
2024-04-24T22:31:39.244 INFO:teuthology.orchestra.run.smithi033.stdout:/usr/bin/ceph: stderr
2024-04-24T22:31:38.325+0000 7f9451a6e700 1 -- 172.21.15.33:0/3964809029 >> 172.21.15.33:0/3964809029 conn(0x7f944c101790 msgr2=0x7f944c103bb0 unknown :-1 s=STATE_NONE l=0).mark_down
2024-04-24T22:31:39.244 INFO:teuthology.orchestra.run.smithi033.stdout:/usr/bin/ceph: stderr
2024-04-24T22:31:38.325+0000 7f9451a6e700 1 -- 172.21.15.33:0/3964809029 shutdown_connections
2024-04-24T22:31:39.244 INFO:teuthology.orchestra.run.smithi033.stdout:/usr/bin/ceph: stderr
2024-04-24T22:31:38.325+0000 7f9451a6e700 1 -- 172.21.15.33:0/3964809029 wait complete.
2024-04-24T22:31:39.244 INFO:teuthology.orchestra.run.smithi033.stdout:/usr/bin/ceph: stderr
2024-04-24T22:31:38.326+0000 7f9451a6e700 1 Processor -- start
2024-04-24T22:31:39.244 INFO:teuthology.orchestra.run.smithi033.stdout:/usr/bin/ceph: stderr
2024-04-24T22:31:38.326+0000 7f9451a6e700 1 -- start start
2024-04-24T22:31:39.245 INFO:teuthology.orchestra.run.smithi033.stdout:/usr/bin/ceph: stderr
2024-04-24T22:31:38.326+0000 7f9451a6e700 1 --2- >> [v2:172.21.15.33:3300/0,v1:172.21.15.33:6789/0] conn(0x7f944c105c90 0x7f944c19bfb0 unknown :-1 s=NONE pgs=0 cs=0 l=1 rev1=0 crypto rx=0 tx=0 comp rx=0 tx=0).connect
2024-04-24T22:31:39.245 INFO:teuthology.orchestra.run.smithi033.stdout:/usr/bin/ceph: stderr
2024-04-24T22:31:38.326+0000 7f9451a6e700 1 -- --> [v2:172.21.15.33:3300/0,v1:172.21.15.33:6789/0] -- mon_getmap magic: 0 -- 0x7f944c10c3e0 con 0x7f944c105c90
2024-04-24T22:31:39.245 INFO:teuthology.orchestra.run.smithi033.stdout:/usr/bin/ceph: stderr
2024-04-24T22:31:38.327+0000 7f944b7fe700 1 --2- >> [v2:172.21.15.33:3300/0,v1:172.21.15.33:6789/0] conn(0x7f944c105c90 0x7f944c19bfb0 unknown :-1 s=BANNER_CONNECTING pgs=0 cs=0 l=1 rev1=0 crypto rx=0 tx=0 comp rx=0 tx=0)._handle_peer_banner_payload supported=3 required=0
2024-04-24T22:31:39.245 INFO:teuthology.orchestra.run.smithi033.stdout:/usr/bin/ceph: stderr
2024-04-24T22:31:38.327+0000 7f944b7fe700 1 --2- >> [v2:172.21.15.33:3300/0,v1:172.21.15.33:6789/0] conn(0x7f944c105c90 0x7f944c19bfb0 unknown :-1 s=HELLO_CONNECTING pgs=0 cs=0 l=1 rev1=1 crypto rx=0 tx=0 comp rx=0 tx=0).handle_hello peer v2:172.21.15.33:3300/0 says I am v2:172.21.15.33:39024/0 (socket says 172.21.15.33:39024)
2024-04-24T22:31:39.245 INFO:teuthology.orchestra.run.smithi033.stdout:/usr/bin/ceph: stderr
2024-04-24T22:31:38.327+0000 7f944b7fe700 1 -- 172.21.15.33:0/1095398314 learned_addr learned my addr 172.21.15.33:0/1095398314 (peer_addr_for_me v2:172.21.15.33:0/0)
2024-04-24T22:31:39.245 INFO:teuthology.orchestra.run.smithi033.stdout:/usr/bin/ceph: stderr
2024-04-24T22:31:38.327+0000 7f944b7fe700 1 -- 172.21.15.33:0/1095398314 --> [v2:172.21.15.33:3300/0,v1:172.21.15.33:6789/0] -- mon_subscribe({config=0+,monmap=0+}) -- 0x7f944c19c4f0 con 0x7f944c105c90
2024-04-24T22:31:39.245 INFO:teuthology.orchestra.run.smithi033.stdout:/usr/bin/ceph: stderr
2024-04-24T22:31:38.327+0000 7f944b7fe700 1 --2- 172.21.15.33:0/1095398314 >> [v2:172.21.15.33:3300/0,v1:172.21.15.33:6789/0] conn(0x7f944c105c90 0x7f944c19bfb0 secure :-1 s=READY pgs=40 cs=0 l=1 rev1=1 crypto rx=0x7f943c009fb0 tx=0x7f943c003980 comp rx=0 tx=0).ready entity=mon.0 client_cookie=0 server_cookie=0 in_seq=0 out_seq=0
2024-04-24T22:31:39.245 INFO:teuthology.orchestra.run.smithi033.stdout:/usr/bin/ceph: stderr
2024-04-24T22:31:38.327+0000 7f9448ff9700 1 -- 172.21.15.33:0/1095398314 <== mon.0 v2:172.21.15.33:3300/0 1 ==== mon_map magic: 0 ==== 205+0+0 (secure 0 0 0) 0x7f943c011dd0 con 0x7f944c105c90
2024-04-24T22:31:39.245 INFO:teuthology.orchestra.run.smithi033.stdout:/usr/bin/ceph: stderr
2024-04-24T22:31:38.327+0000 7f9448ff9700 1 -- 172.21.15.33:0/1095398314 <== mon.0 v2:172.21.15.33:3300/0 2 ==== config(29 keys) ==== 1178+0+0 (secure 0 0 0) 0x7f943c01a430 con 0x7f944c105c90
2024-04-24T22:31:39.245 INFO:teuthology.orchestra.run.smithi033.stdout:/usr/bin/ceph: stderr
2024-04-24T22:31:38.327+0000 7f9451a6e700 1 -- 172.21.15.33:0/1095398314 --> [v2:172.21.15.33:3300/0,v1:172.21.15.33:6789/0] -- mon_subscribe({mgrmap=0+}) -- 0x7f944c19c780 con 0x7f944c105c90
2024-04-24T22:31:39.245 INFO:teuthology.orchestra.run.smithi033.stdout:/usr/bin/ceph: stderr
2024-04-24T22:31:38.327+0000 7f9448ff9700 1 -- 172.21.15.33:0/1095398314 <== mon.0 v2:172.21.15.33:3300/0 3 ==== mon_map magic: 0 ==== 205+0+0 (secure 0 0 0) 0x7f943c019630 con 0x7f944c105c90
2024-04-24T22:31:39.245 INFO:teuthology.orchestra.run.smithi033.stdout:/usr/bin/ceph: stderr
2024-04-24T22:31:38.327+0000 7f9451a6e700 1 -- 172.21.15.33:0/1095398314 --> [v2:172.21.15.33:3300/0,v1:172.21.15.33:6789/0] -- mon_subscribe({osdmap=0}) -- 0x7f944c19f470 con 0x7f944c105c90
2024-04-24T22:31:39.245 INFO:teuthology.orchestra.run.smithi033.stdout:/usr/bin/ceph: stderr
2024-04-24T22:31:38.328+0000 7f9448ff9700 1 -- 172.21.15.33:0/1095398314 <== mon.0 v2:172.21.15.33:3300/0 4 ==== mgrmap(e 8) ==== 46287+0+0 (secure 0 0 0) 0x7f943c019930 con 0x7f944c105c90
2024-04-24T22:31:39.245 INFO:teuthology.orchestra.run.smithi033.stdout:/usr/bin/ceph: stderr
2024-04-24T22:31:38.328+0000 7f9451a6e700 1 -- 172.21.15.33:0/1095398314 --> [v2:172.21.15.33:3300/0,v1:172.21.15.33:6789/0] -- mon_command({"prefix": "get_command_descriptions"} v 0) -- 0x7f944c063890 con 0x7f944c105c90
2024-04-24T22:31:39.246 INFO:teuthology.orchestra.run.smithi033.stdout:/usr/bin/ceph: stderr
2024-04-24T22:31:38.328+0000 7f9448ff9700 1 --2- 172.21.15.33:0/1095398314 >> [v2:172.21.15.33:6800/4224461418,v1:172.21.15.33:6801/4224461418] conn(0x7f9434039000 0x7f943403b4c0 unknown :-1 s=NONE pgs=0 cs=0 l=1 rev1=0 crypto rx=0 tx=0 comp rx=0 tx=0).connect
2024-04-24T22:31:39.246 INFO:teuthology.orchestra.run.smithi033.stdout:/usr/bin/ceph: stderr
2024-04-24T22:31:38.328+0000 7f9448ff9700 1 -- 172.21.15.33:0/1095398314 <== mon.0 v2:172.21.15.33:3300/0 5 ==== osd_map(2..2 src has 1..2) ==== 940+0+0 (secure 0 0 0) 0x7f943c04d4e0 con 0x7f944c105c90
2024-04-24T22:31:39.246 INFO:teuthology.orchestra.run.smithi033.stdout:/usr/bin/ceph: stderr
2024-04-24T22:31:38.328+0000 7f944affd700 1 --2- 172.21.15.33:0/1095398314 >> [v2:172.21.15.33:6800/4224461418,v1:172.21.15.33:6801/4224461418] conn(0x7f9434039000 0x7f943403b4c0 unknown :-1 s=BANNER_CONNECTING pgs=0 cs=0 l=1 rev1=0 crypto rx=0 tx=0 comp rx=0 tx=0)._handle_peer_banner_payload supported=3 required=0
2024-04-24T22:31:39.246 INFO:teuthology.orchestra.run.smithi033.stdout:/usr/bin/ceph: stderr
2024-04-24T22:31:38.329+0000 7f944affd700 1 --2- 172.21.15.33:0/1095398314 >> [v2:172.21.15.33:6800/4224461418,v1:172.21.15.33:6801/4224461418] conn(0x7f9434039000 0x7f943403b4c0 secure :-1 s=READY pgs=9 cs=0 l=1 rev1=1 crypto rx=0x7f9440006fd0 tx=0x7f9440006e40 comp rx=0 tx=0).ready entity=mgr.14118 client_cookie=0 server_cookie=0 in_seq=0 out_seq=0
2024-04-24T22:31:39.246 INFO:teuthology.orchestra.run.smithi033.stdout:/usr/bin/ceph: stderr
2024-04-24T22:31:38.333+0000 7f9448ff9700 1 -- 172.21.15.33:0/1095398314 <== mon.0 v2:172.21.15.33:3300/0 6 ==== mon_command_ack([{"prefix": "get_command_descriptions"}]=0 v0) ==== 72+0+186147 (secure 0 0 0) 0x7f943c019d20 con 0x7f944c105c90
2024-04-24T22:31:39.246 INFO:teuthology.orchestra.run.smithi033.stdout:/usr/bin/ceph: stderr
2024-04-24T22:31:38.541+0000 7f9451a6e700 1 -- 172.21.15.33:0/1095398314 --> [v2:172.21.15.33:6800/4224461418,v1:172.21.15.33:6801/4224461418] -- mgr_command(tid 0: {"prefix": "cephadm generate-key", "target": ["mon-mgr", ""]}) -- 0x7f944c102970 con 0x7f9434039000
2024-04-24T22:31:39.246 INFO:teuthology.orchestra.run.smithi033.stdout:/usr/bin/ceph: stderr
2024-04-24T22:31:38.678+0000 7f9448ff9700 1 -- 172.21.15.33:0/1095398314 <== mgr.14118 v2:172.21.15.33:6800/4224461418 1 ==== mgr_command_reply(tid 0: 0 ) ==== 8+0+0 (secure 0 0 0) 0x7f944c102970 con 0x7f9434039000
2024-04-24T22:31:39.246 INFO:teuthology.orchestra.run.smithi033.stdout:/usr/bin/ceph: stderr
2024-04-24T22:31:38.680+0000 7f9451a6e700 1 -- 172.21.15.33:0/1095398314 >> [v2:172.21.15.33:6800/4224461418,v1:172.21.15.33:6801/4224461418] conn(0x7f9434039000 msgr2=0x7f943403b4c0 secure :-1 s=STATE_CONNECTION_ESTABLISHED l=1).mark_down
2024-04-24T22:31:39.246 INFO:teuthology.orchestra.run.smithi033.stdout:/usr/bin/ceph: stderr
2024-04-24T22:31:38.680+0000 7f9451a6e700 1 --2- 172.21.15.33:0/1095398314 >> [v2:172.21.15.33:6800/4224461418,v1:172.21.15.33:6801/4224461418] conn(0x7f9434039000 0x7f943403b4c0 secure :-1 s=READY pgs=9 cs=0 l=1 rev1=1 crypto rx=0x7f9440006fd0 tx=0x7f9440006e40 comp rx=0 tx=0).stop
2024-04-24T22:31:39.246 INFO:teuthology.orchestra.run.smithi033.stdout:/usr/bin/ceph: stderr
2024-04-24T22:31:38.680+0000 7f9451a6e700 1 -- 172.21.15.33:0/1095398314 >> [v2:172.21.15.33:3300/0,v1:172.21.15.33:6789/0] conn(0x7f944c105c90 msgr2=0x7f944c19bfb0 secure :-1 s=STATE_CONNECTION_ESTABLISHED l=1).mark_down
2024-04-24T22:31:39.246 INFO:teuthology.orchestra.run.smithi033.stdout:/usr/bin/ceph: stderr
2024-04-24T22:31:38.680+0000 7f9451a6e700 1 --2- 172.21.15.33:0/1095398314 >> [v2:172.21.15.33:3300/0,v1:172.21.15.33:6789/0] conn(0x7f944c105c90 0x7f944c19bfb0 secure :-1 s=READY pgs=40 cs=0 l=1 rev1=1 crypto rx=0x7f943c009fb0 tx=0x7f943c003980 comp rx=0 tx=0).stop
2024-04-24T22:31:39.246 INFO:teuthology.orchestra.run.smithi033.stdout:/usr/bin/ceph: stderr
2024-04-24T22:31:38.680+0000 7f9451a6e700 1 -- 172.21.15.33:0/1095398314 shutdown_connections
2024-04-24T22:31:39.246 INFO:teuthology.orchestra.run.smithi033.stdout:/usr/bin/ceph: stderr
2024-04-24T22:31:38.680+0000 7f9451a6e700 1 --2- 172.21.15.33:0/1095398314 >> [v2:172.21.15.33:6800/4224461418,v1:172.21.15.33:6801/4224461418] conn(0x7f9434039000 0x7f943403b4c0 unknown :-1 s=CLOSED pgs=9 cs=0 l=1 rev1=1 crypto rx=0 tx=0 comp rx=0 tx=0).stop
2024-04-24T22:31:39.247 INFO:teuthology.orchestra.run.smithi033.stdout:/usr/bin/ceph: stderr
2024-04-24T22:31:38.680+0000 7f9451a6e700 1 --2- 172.21.15.33:0/1095398314 >> [v2:172.21.15.33:3300/0,v1:172.21.15.33:6789/0] conn(0x7f944c105c90 0x7f944c19bfb0 unknown :-1 s=CLOSED pgs=40 cs=0 l=1 rev1=1 crypto rx=0 tx=0 comp rx=0 tx=0).stop
2024-04-24T22:31:39.247 INFO:teuthology.orchestra.run.smithi033.stdout:/usr/bin/ceph: stderr
2024-04-24T22:31:38.680+0000 7f9451a6e700 1 -- 172.21.15.33:0/1095398314 >> 172.21.15.33:0/1095398314 conn(0x7f944c101790 msgr2=0x7f944c102260 unknown :-1 s=STATE_NONE l=0).mark_down
2024-04-24T22:31:39.247 INFO:teuthology.orchestra.run.smithi033.stdout:/usr/bin/ceph: stderr
2024-04-24T22:31:38.680+0000 7f9451a6e700 1 -- 172.21.15.33:0/1095398314 shutdown_connections
2024-04-24T22:31:39.247 INFO:teuthology.orchestra.run.smithi033.stdout:/usr/bin/ceph: stderr
2024-04-24T22:31:38.680+0000 7f9451a6e700 1 -- 172.21.15.33:0/1095398314 wait complete.
2024-04-24T22:31:39.865 INFO:journalctl@ceph.mon.a.smithi033.stdout:Apr 24 22:31:39 smithi033 ceph-mon[29320]: from='client.14134 -' entity='client.admin' cmd=[{"prefix": "cephadm generate-key", "target": ["mon-mgr", ""]}]: dispatch
2024-04-24T22:31:39.865 INFO:journalctl@ceph.mon.a.smithi033.stdout:Apr 24 22:31:39 smithi033 ceph-mon[29320]: Generating ssh key...
2024-04-24T22:31:39.865 INFO:journalctl@ceph.mon.a.smithi033.stdout:Apr 24 22:31:39 smithi033 ceph-mon[29320]: from='mgr.14118 172.21.15.33:0/1354320616' entity='mgr.x'
2024-04-24T22:31:39.865 INFO:journalctl@ceph.mon.a.smithi033.stdout:Apr 24 22:31:39 smithi033 ceph-mon[29320]: from='mgr.14118 172.21.15.33:0/1354320616' entity='mgr.x'
2024-04-24T22:31:40.441 INFO:teuthology.orchestra.run.smithi033.stdout:/usr/bin/ceph: stdout ssh-rsa AAAAB3NzaC1yc2EAAAADAQABAAABgQDeLGrm8QSeH90Qp/oUqz8fmOGnTH//kcilnQjTo+jQFutOGm0ecn8ho6RJQHwvIPePYGlMAh3oK00O1EyFOMcyuQYUYNlivvT5jRdnjXoOeu1CFHmN4gpXsHRVPnNzBuCTjMxs8NmTmC1MvXp4iUlfTLYuDyR2lDC0qFbVlzxoaxzc8Xd/1ZXuFT/wwpPDIXHB6c8qhC+bALegY8MJrJ5O525uhRG1VaUhLtIhXBlwpWdKcAqm7aCL/op74j0WqAKc5289FStqdSkf9S4xSZrtrwsLNbQ80N2RUmZ8bIPp0nJFchjeVYZWmYvZ8Yz5GKo83ZinBnG/PKUSFOpUvcDAUzNdyJkh2/May1bMtXrWxg/RanKm8BImyMkRdrFmpyzbrbWah8h1oUx/Z8JytvNa0sg6EheF5pYqGmLhjR8qMkkqlckiCHQnu2zGqfGiYmxEU3x4F8g45adAX4TnrAJgNqfc/bszHmFtppJsTxv/2WfyjUkkOSJILeY44Klfjd8= ceph-3215b242-028a-11ef-bc93-c7b262605968
2024-04-24T22:31:40.441 INFO:teuthology.orchestra.run.smithi033.stdout:/usr/bin/ceph: stderr
2024-04-24T22:31:39.631+0000 7f1a28ecc700 1 Processor -- start
2024-04-24T22:31:40.442 INFO:teuthology.orchestra.run.smithi033.stdout:/usr/bin/ceph: stderr
2024-04-24T22:31:39.631+0000 7f1a28ecc700 1 -- start start
2024-04-24T22:31:40.442 INFO:teuthology.orchestra.run.smithi033.stdout:/usr/bin/ceph: stderr
2024-04-24T22:31:39.632+0000 7f1a28ecc700 1 --2- >> [v2:172.21.15.33:3300/0,v1:172.21.15.33:6789/0] conn(0x7f1a24106e10 0x7f1a24107230 unknown :-1 s=NONE pgs=0 cs=0 l=0 rev1=0 crypto rx=0 tx=0 comp rx=0 tx=0).connect
2024-04-24T22:31:40.442 INFO:teuthology.orchestra.run.smithi033.stdout:/usr/bin/ceph: stderr
2024-04-24T22:31:39.632+0000 7f1a28ecc700 1 -- --> [v2:172.21.15.33:3300/0,v1:172.21.15.33:6789/0] -- mon_getmap magic: 0 -- 0x7f1a24107770 con 0x7f1a24106e10
2024-04-24T22:31:40.442 INFO:teuthology.orchestra.run.smithi033.stdout:/usr/bin/ceph: stderr
2024-04-24T22:31:39.632+0000 7f1a2259c700 1 --2- >> [v2:172.21.15.33:3300/0,v1:172.21.15.33:6789/0] conn(0x7f1a24106e10 0x7f1a24107230 unknown :-1 s=BANNER_CONNECTING pgs=0 cs=0 l=0 rev1=0 crypto rx=0 tx=0 comp rx=0 tx=0)._handle_peer_banner_payload supported=3 required=0
2024-04-24T22:31:40.442 INFO:teuthology.orchestra.run.smithi033.stdout:/usr/bin/ceph: stderr
2024-04-24T22:31:39.632+0000 7f1a2259c700 1 --2- >> [v2:172.21.15.33:3300/0,v1:172.21.15.33:6789/0] conn(0x7f1a24106e10 0x7f1a24107230 unknown :-1 s=HELLO_CONNECTING pgs=0 cs=0 l=0 rev1=1 crypto rx=0 tx=0 comp rx=0 tx=0).handle_hello peer v2:172.21.15.33:3300/0 says I am v2:172.21.15.33:39038/0 (socket says 172.21.15.33:39038)
2024-04-24T22:31:40.442 INFO:teuthology.orchestra.run.smithi033.stdout:/usr/bin/ceph: stderr
2024-04-24T22:31:39.632+0000 7f1a2259c700 1 -- 172.21.15.33:0/2179127068 learned_addr learned my addr 172.21.15.33:0/2179127068 (peer_addr_for_me v2:172.21.15.33:0/0)
2024-04-24T22:31:40.442 INFO:teuthology.orchestra.run.smithi033.stdout:/usr/bin/ceph: stderr
2024-04-24T22:31:39.632+0000 7f1a2259c700 1 -- 172.21.15.33:0/2179127068 --> [v2:172.21.15.33:3300/0,v1:172.21.15.33:6789/0] -- mon_subscribe({config=0+,monmap=0+}) -- 0x7f1a24107f70 con 0x7f1a24106e10
2024-04-24T22:31:40.442 INFO:teuthology.orchestra.run.smithi033.stdout:/usr/bin/ceph: stderr
2024-04-24T22:31:39.633+0000 7f1a2259c700 1 --2- 172.21.15.33:0/2179127068 >> [v2:172.21.15.33:3300/0,v1:172.21.15.33:6789/0] conn(0x7f1a24106e10 0x7f1a24107230 secure :-1 s=READY pgs=41 cs=0 l=1 rev1=1 crypto rx=0x7f1a180098a0 tx=0x7f1a18009bb0 comp rx=0 tx=0).ready entity=mon.0 client_cookie=a0cbc27c3f6e5df8 server_cookie=0 in_seq=0 out_seq=0
2024-04-24T22:31:40.442 INFO:teuthology.orchestra.run.smithi033.stdout:/usr/bin/ceph: stderr
2024-04-24T22:31:39.633+0000 7f1a2159a700 1 -- 172.21.15.33:0/2179127068 <== mon.0 v2:172.21.15.33:3300/0 1 ==== mon_map magic: 0 ==== 205+0+0 (secure 0 0 0) 0x7f1a18004160 con 0x7f1a24106e10
2024-04-24T22:31:40.442 INFO:teuthology.orchestra.run.smithi033.stdout:/usr/bin/ceph: stderr
2024-04-24T22:31:39.633+0000 7f1a2159a700 1 -- 172.21.15.33:0/2179127068 <== mon.0 v2:172.21.15.33:3300/0 2 ==== config(29 keys) ==== 1178+0+0 (secure 0 0 0) 0x7f1a18004300 con 0x7f1a24106e10
2024-04-24T22:31:40.442 INFO:teuthology.orchestra.run.smithi033.stdout:/usr/bin/ceph: stderr
2024-04-24T22:31:39.633+0000 7f1a2159a700 1 -- 172.21.15.33:0/2179127068 <== mon.0 v2:172.21.15.33:3300/0 3 ==== mon_map magic: 0 ==== 205+0+0 (secure 0 0 0) 0x7f1a18011cc0 con 0x7f1a24106e10
2024-04-24T22:31:40.442 INFO:teuthology.orchestra.run.smithi033.stdout:/usr/bin/ceph: stderr
2024-04-24T22:31:39.633+0000 7f1a28ecc700 1 -- 172.21.15.33:0/2179127068 >> [v2:172.21.15.33:3300/0,v1:172.21.15.33:6789/0] conn(0x7f1a24106e10 msgr2=0x7f1a24107230 secure :-1 s=STATE_CONNECTION_ESTABLISHED l=1).mark_down
2024-04-24T22:31:40.442 INFO:teuthology.orchestra.run.smithi033.stdout:/usr/bin/ceph: stderr
2024-04-24T22:31:39.633+0000 7f1a28ecc700 1 --2- 172.21.15.33:0/2179127068 >> [v2:172.21.15.33:3300/0,v1:172.21.15.33:6789/0] conn(0x7f1a24106e10 0x7f1a24107230 secure :-1 s=READY pgs=41 cs=0 l=1 rev1=1 crypto rx=0x7f1a180098a0 tx=0x7f1a18009bb0 comp rx=0 tx=0).stop
2024-04-24T22:31:40.443 INFO:teuthology.orchestra.run.smithi033.stdout:/usr/bin/ceph: stderr
2024-04-24T22:31:39.633+0000 7f1a28ecc700 1 -- 172.21.15.33:0/2179127068 shutdown_connections
2024-04-24T22:31:40.443 INFO:teuthology.orchestra.run.smithi033.stdout:/usr/bin/ceph: stderr
2024-04-24T22:31:39.633+0000 7f1a28ecc700 1 --2- 172.21.15.33:0/2179127068 >> [v2:172.21.15.33:3300/0,v1:172.21.15.33:6789/0] conn(0x7f1a24106e10 0x7f1a24107230 unknown :-1 s=CLOSED pgs=41 cs=0 l=1 rev1=1 crypto rx=0 tx=0 comp rx=0 tx=0).stop
2024-04-24T22:31:40.443 INFO:teuthology.orchestra.run.smithi033.stdout:/usr/bin/ceph: stderr
2024-04-24T22:31:39.633+0000 7f1a28ecc700 1 -- 172.21.15.33:0/2179127068 >> 172.21.15.33:0/2179127068 conn(0x7f1a241023f0 msgr2=0x7f1a24104810 unknown :-1 s=STATE_NONE l=0).mark_down
2024-04-24T22:31:40.443 INFO:teuthology.orchestra.run.smithi033.stdout:/usr/bin/ceph: stderr
2024-04-24T22:31:39.634+0000 7f1a28ecc700 1 -- 172.21.15.33:0/2179127068 shutdown_connections
2024-04-24T22:31:40.443 INFO:teuthology.orchestra.run.smithi033.stdout:/usr/bin/ceph: stderr
2024-04-24T22:31:39.634+0000 7f1a28ecc700 1 -- 172.21.15.33:0/2179127068 wait complete.
2024-04-24T22:31:40.443 INFO:teuthology.orchestra.run.smithi033.stdout:/usr/bin/ceph: stderr
2024-04-24T22:31:39.634+0000 7f1a28ecc700 1 Processor -- start
2024-04-24T22:31:40.443 INFO:teuthology.orchestra.run.smithi033.stdout:/usr/bin/ceph: stderr
2024-04-24T22:31:39.634+0000 7f1a28ecc700 1 -- start start
2024-04-24T22:31:40.443 INFO:teuthology.orchestra.run.smithi033.stdout:/usr/bin/ceph: stderr
2024-04-24T22:31:39.635+0000 7f1a28ecc700 1 --2- >> [v2:172.21.15.33:3300/0,v1:172.21.15.33:6789/0] conn(0x7f1a24106e10 0x7f1a24192000 unknown :-1 s=NONE pgs=0 cs=0 l=1 rev1=0 crypto rx=0 tx=0 comp rx=0 tx=0).connect
2024-04-24T22:31:40.443 INFO:teuthology.orchestra.run.smithi033.stdout:/usr/bin/ceph: stderr
2024-04-24T22:31:39.635+0000 7f1a28ecc700 1 -- --> [v2:172.21.15.33:3300/0,v1:172.21.15.33:6789/0] -- mon_getmap magic: 0 -- 0x7f1a2410b3b0 con 0x7f1a24106e10
2024-04-24T22:31:40.443 INFO:teuthology.orchestra.run.smithi033.stdout:/usr/bin/ceph: stderr
2024-04-24T22:31:39.635+0000 7f1a2259c700 1 --2- >> [v2:172.21.15.33:3300/0,v1:172.21.15.33:6789/0] conn(0x7f1a24106e10 0x7f1a24192000 unknown :-1 s=BANNER_CONNECTING pgs=0 cs=0 l=1 rev1=0 crypto rx=0 tx=0 comp rx=0 tx=0)._handle_peer_banner_payload supported=3 required=0
2024-04-24T22:31:40.443 INFO:teuthology.orchestra.run.smithi033.stdout:/usr/bin/ceph: stderr
2024-04-24T22:31:39.635+0000 7f1a2259c700 1 --2- >> [v2:172.21.15.33:3300/0,v1:172.21.15.33:6789/0] conn(0x7f1a24106e10 0x7f1a24192000 unknown :-1 s=HELLO_CONNECTING pgs=0 cs=0 l=1 rev1=1 crypto rx=0 tx=0 comp rx=0 tx=0).handle_hello peer v2:172.21.15.33:3300/0 says I am v2:172.21.15.33:39042/0 (socket says 172.21.15.33:39042)
2024-04-24T22:31:40.443 INFO:teuthology.orchestra.run.smithi033.stdout:/usr/bin/ceph: stderr
2024-04-24T22:31:39.635+0000 7f1a2259c700 1 -- 172.21.15.33:0/2140894439 learned_addr learned my addr 172.21.15.33:0/2140894439 (peer_addr_for_me v2:172.21.15.33:0/0)
2024-04-24T22:31:40.443 INFO:teuthology.orchestra.run.smithi033.stdout:/usr/bin/ceph: stderr
2024-04-24T22:31:39.635+0000 7f1a2259c700 1 -- 172.21.15.33:0/2140894439 --> [v2:172.21.15.33:3300/0,v1:172.21.15.33:6789/0] -- mon_subscribe({config=0+,monmap=0+}) -- 0x7f1a24192540 con 0x7f1a24106e10
2024-04-24T22:31:40.443 INFO:teuthology.orchestra.run.smithi033.stdout:/usr/bin/ceph: stderr
2024-04-24T22:31:39.635+0000 7f1a2259c700 1 --2- 172.21.15.33:0/2140894439 >> [v2:172.21.15.33:3300/0,v1:172.21.15.33:6789/0] conn(0x7f1a24106e10 0x7f1a24192000 secure :-1 s=READY pgs=42 cs=0 l=1 rev1=1 crypto rx=0x7f1a18009fb0 tx=0x7f1a18003980 comp rx=0 tx=0).ready entity=mon.0 client_cookie=0 server_cookie=0 in_seq=0 out_seq=0
2024-04-24T22:31:40.444 INFO:teuthology.orchestra.run.smithi033.stdout:/usr/bin/ceph: stderr
2024-04-24T22:31:39.635+0000 7f1a137fe700 1 -- 172.21.15.33:0/2140894439 <== mon.0 v2:172.21.15.33:3300/0 1 ==== mon_map magic: 0 ==== 205+0+0 (secure 0 0 0) 0x7f1a18011dd0 con 0x7f1a24106e10
2024-04-24T22:31:40.444 INFO:teuthology.orchestra.run.smithi033.stdout:/usr/bin/ceph: stderr
2024-04-24T22:31:39.635+0000 7f1a28ecc700 1 -- 172.21.15.33:0/2140894439 --> [v2:172.21.15.33:3300/0,v1:172.21.15.33:6789/0] -- mon_subscribe({mgrmap=0+}) -- 0x7f1a24190730 con 0x7f1a24106e10
2024-04-24T22:31:40.444 INFO:teuthology.orchestra.run.smithi033.stdout:/usr/bin/ceph: stderr
2024-04-24T22:31:39.635+0000 7f1a137fe700 1 -- 172.21.15.33:0/2140894439 <== mon.0 v2:172.21.15.33:3300/0 2 ==== config(29 keys) ==== 1178+0+0 (secure 0 0 0) 0x7f1a1801a430 con 0x7f1a24106e10
2024-04-24T22:31:40.444 INFO:teuthology.orchestra.run.smithi033.stdout:/usr/bin/ceph: stderr
2024-04-24T22:31:39.635+0000 7f1a137fe700 1 -- 172.21.15.33:0/2140894439 <== mon.0 v2:172.21.15.33:3300/0 3 ==== mon_map magic: 0 ==== 205+0+0 (secure 0 0 0) 0x7f1a18019630 con 0x7f1a24106e10
2024-04-24T22:31:40.444 INFO:teuthology.orchestra.run.smithi033.stdout:/usr/bin/ceph: stderr
2024-04-24T22:31:39.635+0000 7f1a28ecc700 1 -- 172.21.15.33:0/2140894439 --> [v2:172.21.15.33:3300/0,v1:172.21.15.33:6789/0] -- mon_subscribe({osdmap=0}) -- 0x7f1a24190c70 con 0x7f1a24106e10
2024-04-24T22:31:40.444 INFO:teuthology.orchestra.run.smithi033.stdout:/usr/bin/ceph: stderr
2024-04-24T22:31:39.636+0000 7f1a137fe700 1 -- 172.21.15.33:0/2140894439 <== mon.0 v2:172.21.15.33:3300/0 4 ==== mgrmap(e 8) ==== 46287+0+0 (secure 0 0 0) 0x7f1a180198e0 con 0x7f1a24106e10
2024-04-24T22:31:40.444 INFO:teuthology.orchestra.run.smithi033.stdout:/usr/bin/ceph: stderr
2024-04-24T22:31:39.636+0000 7f1a28ecc700 1 -- 172.21.15.33:0/2140894439 --> [v2:172.21.15.33:3300/0,v1:172.21.15.33:6789/0] -- mon_command({"prefix": "get_command_descriptions"} v 0) -- 0x7f1a24063890 con 0x7f1a24106e10
2024-04-24T22:31:40.444 INFO:teuthology.orchestra.run.smithi033.stdout:/usr/bin/ceph: stderr
2024-04-24T22:31:39.636+0000 7f1a137fe700 1 --2- 172.21.15.33:0/2140894439 >> [v2:172.21.15.33:6800/4224461418,v1:172.21.15.33:6801/4224461418] conn(0x7f1a0c039050 0x7f1a0c03b510 unknown :-1 s=NONE pgs=0 cs=0 l=1 rev1=0 crypto rx=0 tx=0 comp rx=0 tx=0).connect
2024-04-24T22:31:40.444 INFO:teuthology.orchestra.run.smithi033.stdout:/usr/bin/ceph: stderr
2024-04-24T22:31:39.636+0000 7f1a137fe700 1 -- 172.21.15.33:0/2140894439 <== mon.0 v2:172.21.15.33:3300/0 5 ==== osd_map(2..2 src has 1..2) ==== 940+0+0 (secure 0 0 0) 0x7f1a1804d3b0 con 0x7f1a24106e10
2024-04-24T22:31:40.444 INFO:teuthology.orchestra.run.smithi033.stdout:/usr/bin/ceph: stderr
2024-04-24T22:31:39.637+0000 7f1a21d9b700 1 --2- 172.21.15.33:0/2140894439 >> [v2:172.21.15.33:6800/4224461418,v1:172.21.15.33:6801/4224461418] conn(0x7f1a0c039050 0x7f1a0c03b510 unknown :-1 s=BANNER_CONNECTING pgs=0 cs=0 l=1 rev1=0 crypto rx=0 tx=0 comp rx=0 tx=0)._handle_peer_banner_payload supported=3 required=0
2024-04-24T22:31:40.444 INFO:teuthology.orchestra.run.smithi033.stdout:/usr/bin/ceph: stderr
2024-04-24T22:31:39.637+0000 7f1a21d9b700 1 --2- 172.21.15.33:0/2140894439 >> [v2:172.21.15.33:6800/4224461418,v1:172.21.15.33:6801/4224461418] conn(0x7f1a0c039050 0x7f1a0c03b510 secure :-1 s=READY pgs=10 cs=0 l=1 rev1=1 crypto rx=0x7f1a14006fd0 tx=0x7f1a14006e40 comp rx=0 tx=0).ready entity=mgr.14118 client_cookie=0 server_cookie=0 in_seq=0 out_seq=0
2024-04-24T22:31:40.444 INFO:teuthology.orchestra.run.smithi033.stdout:/usr/bin/ceph: stderr
2024-04-24T22:31:39.642+0000 7f1a137fe700 1 -- 172.21.15.33:0/2140894439 <== mon.0 v2:172.21.15.33:3300/0 6 ==== mon_command_ack([{"prefix": "get_command_descriptions"}]=0 v0) ==== 72+0+186147 (secure 0 0 0) 0x7f1a18019cd0 con 0x7f1a24106e10
2024-04-24T22:31:40.445 INFO:teuthology.orchestra.run.smithi033.stdout:/usr/bin/ceph: stderr
2024-04-24T22:31:39.850+0000 7f1a28ecc700 1 -- 172.21.15.33:0/2140894439 --> [v2:172.21.15.33:6800/4224461418,v1:172.21.15.33:6801/4224461418] -- mgr_command(tid 0: {"prefix": "cephadm get-pub-key", "target": ["mon-mgr", ""]}) -- 0x7f1a24195df0 con 0x7f1a0c039050
2024-04-24T22:31:40.445 INFO:teuthology.orchestra.run.smithi033.stdout:/usr/bin/ceph: stderr
2024-04-24T22:31:39.851+0000 7f1a137fe700 1 -- 172.21.15.33:0/2140894439 <== mgr.14118 v2:172.21.15.33:6800/4224461418 1 ==== mgr_command_reply(tid 0: 0 ) ==== 8+0+595 (secure 0 0 0) 0x7f1a24195df0 con 0x7f1a0c039050
2024-04-24T22:31:40.445 INFO:teuthology.orchestra.run.smithi033.stdout:/usr/bin/ceph: stderr
2024-04-24T22:31:39.852+0000 7f1a28ecc700 1 -- 172.21.15.33:0/2140894439 >> [v2:172.21.15.33:6800/4224461418,v1:172.21.15.33:6801/4224461418] conn(0x7f1a0c039050 msgr2=0x7f1a0c03b510 secure :-1 s=STATE_CONNECTION_ESTABLISHED l=1).mark_down
2024-04-24T22:31:40.445 INFO:teuthology.orchestra.run.smithi033.stdout:/usr/bin/ceph: stderr
2024-04-24T22:31:39.852+0000 7f1a28ecc700 1 --2- 172.21.15.33:0/2140894439 >> [v2:172.21.15.33:6800/4224461418,v1:172.21.15.33:6801/4224461418] conn(0x7f1a0c039050 0x7f1a0c03b510 secure :-1 s=READY pgs=10 cs=0 l=1 rev1=1 crypto rx=0x7f1a14006fd0 tx=0x7f1a14006e40 comp rx=0 tx=0).stop
2024-04-24T22:31:40.445 INFO:teuthology.orchestra.run.smithi033.stdout:/usr/bin/ceph: stderr
2024-04-24T22:31:39.852+0000 7f1a28ecc700 1 -- 172.21.15.33:0/2140894439 >> [v2:172.21.15.33:3300/0,v1:172.21.15.33:6789/0] conn(0x7f1a24106e10 msgr2=0x7f1a24192000 secure :-1 s=STATE_CONNECTION_ESTABLISHED l=1).mark_down
2024-04-24T22:31:40.445 INFO:teuthology.orchestra.run.smithi033.stdout:/usr/bin/ceph: stderr
2024-04-24T22:31:39.852+0000 7f1a28ecc700 1 --2- 172.21.15.33:0/2140894439 >> [v2:172.21.15.33:3300/0,v1:172.21.15.33:6789/0] conn(0x7f1a24106e10 0x7f1a24192000 secure :-1 s=READY pgs=42 cs=0 l=1 rev1=1 crypto rx=0x7f1a18009fb0 tx=0x7f1a18003980 comp rx=0 tx=0).stop
2024-04-24T22:31:40.445 INFO:teuthology.orchestra.run.smithi033.stdout:/usr/bin/ceph: stderr
2024-04-24T22:31:39.853+0000 7f1a28ecc700 1 -- 172.21.15.33:0/2140894439 shutdown_connections
2024-04-24T22:31:40.445 INFO:teuthology.orchestra.run.smithi033.stdout:/usr/bin/ceph: stderr
2024-04-24T22:31:39.853+0000 7f1a28ecc700 1 --2- 172.21.15.33:0/2140894439 >> [v2:172.21.15.33:6800/4224461418,v1:172.21.15.33:6801/4224461418] conn(0x7f1a0c039050 0x7f1a0c03b510 unknown :-1 s=CLOSED pgs=10 cs=0 l=1 rev1=1 crypto rx=0 tx=0 comp rx=0 tx=0).stop
2024-04-24T22:31:40.445 INFO:teuthology.orchestra.run.smithi033.stdout:/usr/bin/ceph: stderr
2024-04-24T22:31:39.853+0000 7f1a28ecc700 1 --2- 172.21.15.33:0/2140894439 >> [v2:172.21.15.33:3300/0,v1:172.21.15.33:6789/0] conn(0x7f1a24106e10 0x7f1a24192000 unknown :-1 s=CLOSED pgs=42 cs=0 l=1 rev1=1 crypto rx=0 tx=0 comp rx=0 tx=0).stop
2024-04-24T22:31:40.445 INFO:teuthology.orchestra.run.smithi033.stdout:/usr/bin/ceph: stderr
2024-04-24T22:31:39.853+0000 7f1a28ecc700 1 -- 172.21.15.33:0/2140894439 >> 172.21.15.33:0/2140894439 conn(0x7f1a241023f0 msgr2=0x7f1a241032b0 unknown :-1 s=STATE_NONE l=0).mark_down
2024-04-24T22:31:40.445 INFO:teuthology.orchestra.run.smithi033.stdout:/usr/bin/ceph: stderr
2024-04-24T22:31:39.853+0000 7f1a28ecc700 1 -- 172.21.15.33:0/2140894439 shutdown_connections
2024-04-24T22:31:40.445 INFO:teuthology.orchestra.run.smithi033.stdout:/usr/bin/ceph: stderr
2024-04-24T22:31:39.853+0000 7f1a28ecc700 1 -- 172.21.15.33:0/2140894439 wait complete.
2024-04-24T22:31:40.446 INFO:teuthology.orchestra.run.smithi033.stdout:Wrote public SSH key to /home/ubuntu/cephtest/ceph.pub
2024-04-24T22:31:40.446 INFO:teuthology.orchestra.run.smithi033.stdout:Adding key to root@localhost authorized_keys...
2024-04-24T22:31:40.446 INFO:teuthology.orchestra.run.smithi033.stdout:Adding host smithi033...
2024-04-24T22:31:41.019 INFO:journalctl@ceph.mon.a.smithi033.stdout:Apr 24 22:31:40 smithi033 ceph-mon[29320]: from='client.14136 -' entity='client.admin' cmd=[{"prefix": "cephadm get-pub-key", "target": ["mon-mgr", ""]}]: dispatch
2024-04-24T22:31:42.266 INFO:journalctl@ceph.mon.a.smithi033.stdout:Apr 24 22:31:41 smithi033 ceph-mon[29320]: from='client.14138 -' entity='client.admin' cmd=[{"prefix": "orch host add", "hostname": "smithi033", "addr": "172.21.15.33", "target": ["mon-mgr", ""]}]: dispatch
2024-04-24T22:31:42.266 INFO:journalctl@ceph.mon.a.smithi033.stdout:Apr 24 22:31:41 smithi033 ceph-mon[29320]: Deploying cephadm binary to smithi033
2024-04-24T22:31:45.920 INFO:teuthology.orchestra.run.smithi033.stdout:/usr/bin/ceph: stdout Added host 'smithi033' with addr '172.21.15.33'
2024-04-24T22:31:45.920 INFO:teuthology.orchestra.run.smithi033.stdout:/usr/bin/ceph: stderr
2024-04-24T22:31:40.855+0000 7f4c84e43700 1 Processor -- start
2024-04-24T22:31:45.920 INFO:teuthology.orchestra.run.smithi033.stdout:/usr/bin/ceph: stderr
2024-04-24T22:31:40.855+0000 7f4c84e43700 1 -- start start
2024-04-24T22:31:45.920 INFO:teuthology.orchestra.run.smithi033.stdout:/usr/bin/ceph: stderr
2024-04-24T22:31:40.855+0000 7f4c84e43700 1 --2- >> [v2:172.21.15.33:3300/0,v1:172.21.15.33:6789/0] conn(0x7f4c80108020 0x7f4c80108440 unknown :-1 s=NONE pgs=0 cs=0 l=0 rev1=0 crypto rx=0 tx=0 comp rx=0 tx=0).connect
2024-04-24T22:31:45.921 INFO:teuthology.orchestra.run.smithi033.stdout:/usr/bin/ceph: stderr
2024-04-24T22:31:40.855+0000 7f4c84e43700 1 -- --> [v2:172.21.15.33:3300/0,v1:172.21.15.33:6789/0] -- mon_getmap magic: 0 -- 0x7f4c80108980 con 0x7f4c80108020
2024-04-24T22:31:45.921 INFO:teuthology.orchestra.run.smithi033.stdout:/usr/bin/ceph: stderr
