2024-04-24T22:31:40.856+0000 7f4c7e59c700 1 --2- >> [v2:172.21.15.33:3300/0,v1:172.21.15.33:6789/0] conn(0x7f4c80108020 0x7f4c80108440 unknown :-1 s=BANNER_CONNECTING pgs=0 cs=0 l=0 rev1=0 crypto rx=0 tx=0 comp rx=0 tx=0)._handle_peer_banner_payload supported=3 required=0
2024-04-24T22:31:45.921 INFO:teuthology.orchestra.run.smithi033.stdout:/usr/bin/ceph: stderr
2024-04-24T22:31:40.856+0000 7f4c7e59c700 1 --2- >> [v2:172.21.15.33:3300/0,v1:172.21.15.33:6789/0] conn(0x7f4c80108020 0x7f4c80108440 unknown :-1 s=HELLO_CONNECTING pgs=0 cs=0 l=0 rev1=1 crypto rx=0 tx=0 comp rx=0 tx=0).handle_hello peer v2:172.21.15.33:3300/0 says I am v2:172.21.15.33:39050/0 (socket says 172.21.15.33:39050)
2024-04-24T22:31:45.921 INFO:teuthology.orchestra.run.smithi033.stdout:/usr/bin/ceph: stderr
2024-04-24T22:31:40.856+0000 7f4c7e59c700 1 -- 172.21.15.33:0/104050019 learned_addr learned my addr 172.21.15.33:0/104050019 (peer_addr_for_me v2:172.21.15.33:0/0)
2024-04-24T22:31:45.921 INFO:teuthology.orchestra.run.smithi033.stdout:/usr/bin/ceph: stderr
2024-04-24T22:31:40.856+0000 7f4c7e59c700 1 -- 172.21.15.33:0/104050019 --> [v2:172.21.15.33:3300/0,v1:172.21.15.33:6789/0] -- mon_subscribe({config=0+,monmap=0+}) -- 0x7f4c80109090 con 0x7f4c80108020
2024-04-24T22:31:45.921 INFO:teuthology.orchestra.run.smithi033.stdout:/usr/bin/ceph: stderr
2024-04-24T22:31:40.856+0000 7f4c7e59c700 1 --2- 172.21.15.33:0/104050019 >> [v2:172.21.15.33:3300/0,v1:172.21.15.33:6789/0] conn(0x7f4c80108020 0x7f4c80108440 secure :-1 s=READY pgs=43 cs=0 l=1 rev1=1 crypto rx=0x7f4c700098a0 tx=0x7f4c70009bb0 comp rx=0 tx=0).ready entity=mon.0 client_cookie=61f31ccbb804220a server_cookie=0 in_seq=0 out_seq=0
2024-04-24T22:31:45.921 INFO:teuthology.orchestra.run.smithi033.stdout:/usr/bin/ceph: stderr
2024-04-24T22:31:40.856+0000 7f4c7d59a700 1 -- 172.21.15.33:0/104050019 <== mon.0 v2:172.21.15.33:3300/0 1 ==== mon_map magic: 0 ==== 205+0+0 (secure 0 0 0) 0x7f4c70004160 con 0x7f4c80108020
2024-04-24T22:31:45.921 INFO:teuthology.orchestra.run.smithi033.stdout:/usr/bin/ceph: stderr
2024-04-24T22:31:40.856+0000 7f4c7d59a700 1 -- 172.21.15.33:0/104050019 <== mon.0 v2:172.21.15.33:3300/0 2 ==== config(29 keys) ==== 1178+0+0 (secure 0 0 0) 0x7f4c70004300 con 0x7f4c80108020
2024-04-24T22:31:45.921 INFO:teuthology.orchestra.run.smithi033.stdout:/usr/bin/ceph: stderr
2024-04-24T22:31:40.856+0000 7f4c7d59a700 1 -- 172.21.15.33:0/104050019 <== mon.0 v2:172.21.15.33:3300/0 3 ==== mon_map magic: 0 ==== 205+0+0 (secure 0 0 0) 0x7f4c70011cc0 con 0x7f4c80108020
2024-04-24T22:31:45.921 INFO:teuthology.orchestra.run.smithi033.stdout:/usr/bin/ceph: stderr
2024-04-24T22:31:40.857+0000 7f4c84e43700 1 -- 172.21.15.33:0/104050019 >> [v2:172.21.15.33:3300/0,v1:172.21.15.33:6789/0] conn(0x7f4c80108020 msgr2=0x7f4c80108440 secure :-1 s=STATE_CONNECTION_ESTABLISHED l=1).mark_down
2024-04-24T22:31:45.921 INFO:teuthology.orchestra.run.smithi033.stdout:/usr/bin/ceph: stderr
2024-04-24T22:31:40.857+0000 7f4c84e43700 1 --2- 172.21.15.33:0/104050019 >> [v2:172.21.15.33:3300/0,v1:172.21.15.33:6789/0] conn(0x7f4c80108020 0x7f4c80108440 secure :-1 s=READY pgs=43 cs=0 l=1 rev1=1 crypto rx=0x7f4c700098a0 tx=0x7f4c70009bb0 comp rx=0 tx=0).stop
2024-04-24T22:31:45.921 INFO:teuthology.orchestra.run.smithi033.stdout:/usr/bin/ceph: stderr
2024-04-24T22:31:40.857+0000 7f4c84e43700 1 -- 172.21.15.33:0/104050019 shutdown_connections
2024-04-24T22:31:45.921 INFO:teuthology.orchestra.run.smithi033.stdout:/usr/bin/ceph: stderr
2024-04-24T22:31:40.857+0000 7f4c84e43700 1 --2- 172.21.15.33:0/104050019 >> [v2:172.21.15.33:3300/0,v1:172.21.15.33:6789/0] conn(0x7f4c80108020 0x7f4c80108440 unknown :-1 s=CLOSED pgs=43 cs=0 l=1 rev1=1 crypto rx=0 tx=0 comp rx=0 tx=0).stop
2024-04-24T22:31:45.922 INFO:teuthology.orchestra.run.smithi033.stdout:/usr/bin/ceph: stderr
2024-04-24T22:31:40.857+0000 7f4c84e43700 1 -- 172.21.15.33:0/104050019 >> 172.21.15.33:0/104050019 conn(0x7f4c80103620 msgr2=0x7f4c80105a40 unknown :-1 s=STATE_NONE l=0).mark_down
2024-04-24T22:31:45.922 INFO:teuthology.orchestra.run.smithi033.stdout:/usr/bin/ceph: stderr
2024-04-24T22:31:40.857+0000 7f4c84e43700 1 -- 172.21.15.33:0/104050019 shutdown_connections
2024-04-24T22:31:45.922 INFO:teuthology.orchestra.run.smithi033.stdout:/usr/bin/ceph: stderr
2024-04-24T22:31:40.857+0000 7f4c84e43700 1 -- 172.21.15.33:0/104050019 wait complete.
2024-04-24T22:31:45.922 INFO:teuthology.orchestra.run.smithi033.stdout:/usr/bin/ceph: stderr
2024-04-24T22:31:40.858+0000 7f4c84e43700 1 Processor -- start
2024-04-24T22:31:45.922 INFO:teuthology.orchestra.run.smithi033.stdout:/usr/bin/ceph: stderr
2024-04-24T22:31:40.858+0000 7f4c84e43700 1 -- start start
2024-04-24T22:31:45.922 INFO:teuthology.orchestra.run.smithi033.stdout:/usr/bin/ceph: stderr
2024-04-24T22:31:40.858+0000 7f4c84e43700 1 --2- >> [v2:172.21.15.33:3300/0,v1:172.21.15.33:6789/0] conn(0x7f4c80108020 0x7f4c8007dab0 unknown :-1 s=NONE pgs=0 cs=0 l=1 rev1=0 crypto rx=0 tx=0 comp rx=0 tx=0).connect
2024-04-24T22:31:45.922 INFO:teuthology.orchestra.run.smithi033.stdout:/usr/bin/ceph: stderr
2024-04-24T22:31:40.858+0000 7f4c84e43700 1 -- --> [v2:172.21.15.33:3300/0,v1:172.21.15.33:6789/0] -- mon_getmap magic: 0 -- 0x7f4c8010c4d0 con 0x7f4c80108020
2024-04-24T22:31:45.922 INFO:teuthology.orchestra.run.smithi033.stdout:/usr/bin/ceph: stderr
2024-04-24T22:31:40.858+0000 7f4c7e59c700 1 --2- >> [v2:172.21.15.33:3300/0,v1:172.21.15.33:6789/0] conn(0x7f4c80108020 0x7f4c8007dab0 unknown :-1 s=BANNER_CONNECTING pgs=0 cs=0 l=1 rev1=0 crypto rx=0 tx=0 comp rx=0 tx=0)._handle_peer_banner_payload supported=3 required=0
2024-04-24T22:31:45.922 INFO:teuthology.orchestra.run.smithi033.stdout:/usr/bin/ceph: stderr
2024-04-24T22:31:40.858+0000 7f4c7e59c700 1 --2- >> [v2:172.21.15.33:3300/0,v1:172.21.15.33:6789/0] conn(0x7f4c80108020 0x7f4c8007dab0 unknown :-1 s=HELLO_CONNECTING pgs=0 cs=0 l=1 rev1=1 crypto rx=0 tx=0 comp rx=0 tx=0).handle_hello peer v2:172.21.15.33:3300/0 says I am v2:172.21.15.33:39058/0 (socket says 172.21.15.33:39058)
2024-04-24T22:31:45.922 INFO:teuthology.orchestra.run.smithi033.stdout:/usr/bin/ceph: stderr
2024-04-24T22:31:40.858+0000 7f4c7e59c700 1 -- 172.21.15.33:0/3686311153 learned_addr learned my addr 172.21.15.33:0/3686311153 (peer_addr_for_me v2:172.21.15.33:0/0)
2024-04-24T22:31:45.922 INFO:teuthology.orchestra.run.smithi033.stdout:/usr/bin/ceph: stderr
2024-04-24T22:31:40.858+0000 7f4c7e59c700 1 -- 172.21.15.33:0/3686311153 --> [v2:172.21.15.33:3300/0,v1:172.21.15.33:6789/0] -- mon_subscribe({config=0+,monmap=0+}) -- 0x7f4c8007dff0 con 0x7f4c80108020
2024-04-24T22:31:45.922 INFO:teuthology.orchestra.run.smithi033.stdout:/usr/bin/ceph: stderr
2024-04-24T22:31:40.859+0000 7f4c7e59c700 1 --2- 172.21.15.33:0/3686311153 >> [v2:172.21.15.33:3300/0,v1:172.21.15.33:6789/0] conn(0x7f4c80108020 0x7f4c8007dab0 secure :-1 s=READY pgs=44 cs=0 l=1 rev1=1 crypto rx=0x7f4c70009fb0 tx=0x7f4c70003980 comp rx=0 tx=0).ready entity=mon.0 client_cookie=0 server_cookie=0 in_seq=0 out_seq=0
2024-04-24T22:31:45.922 INFO:teuthology.orchestra.run.smithi033.stdout:/usr/bin/ceph: stderr
2024-04-24T22:31:40.859+0000 7f4c6f7fe700 1 -- 172.21.15.33:0/3686311153 <== mon.0 v2:172.21.15.33:3300/0 1 ==== mon_map magic: 0 ==== 205+0+0 (secure 0 0 0) 0x7f4c70011dd0 con 0x7f4c80108020
2024-04-24T22:31:45.922 INFO:teuthology.orchestra.run.smithi033.stdout:/usr/bin/ceph: stderr
2024-04-24T22:31:40.859+0000 7f4c84e43700 1 -- 172.21.15.33:0/3686311153 --> [v2:172.21.15.33:3300/0,v1:172.21.15.33:6789/0] -- mon_subscribe({mgrmap=0+}) -- 0x7f4c8007c1e0 con 0x7f4c80108020
2024-04-24T22:31:45.923 INFO:teuthology.orchestra.run.smithi033.stdout:/usr/bin/ceph: stderr
2024-04-24T22:31:40.859+0000 7f4c6f7fe700 1 -- 172.21.15.33:0/3686311153 <== mon.0 v2:172.21.15.33:3300/0 2 ==== config(29 keys) ==== 1178+0+0 (secure 0 0 0) 0x7f4c7001a430 con 0x7f4c80108020
2024-04-24T22:31:45.923 INFO:teuthology.orchestra.run.smithi033.stdout:/usr/bin/ceph: stderr
2024-04-24T22:31:40.859+0000 7f4c6f7fe700 1 -- 172.21.15.33:0/3686311153 <== mon.0 v2:172.21.15.33:3300/0 3 ==== mon_map magic: 0 ==== 205+0+0 (secure 0 0 0) 0x7f4c70019630 con 0x7f4c80108020
2024-04-24T22:31:45.923 INFO:teuthology.orchestra.run.smithi033.stdout:/usr/bin/ceph: stderr
2024-04-24T22:31:40.859+0000 7f4c84e43700 1 -- 172.21.15.33:0/3686311153 --> [v2:172.21.15.33:3300/0,v1:172.21.15.33:6789/0] -- mon_subscribe({osdmap=0}) -- 0x7f4c8007c720 con 0x7f4c80108020
2024-04-24T22:31:45.923 INFO:teuthology.orchestra.run.smithi033.stdout:/usr/bin/ceph: stderr
2024-04-24T22:31:40.860+0000 7f4c6f7fe700 1 -- 172.21.15.33:0/3686311153 <== mon.0 v2:172.21.15.33:3300/0 4 ==== mgrmap(e 8) ==== 46287+0+0 (secure 0 0 0) 0x7f4c70019930 con 0x7f4c80108020
2024-04-24T22:31:45.923 INFO:teuthology.orchestra.run.smithi033.stdout:/usr/bin/ceph: stderr
2024-04-24T22:31:40.860+0000 7f4c84e43700 1 -- 172.21.15.33:0/3686311153 --> [v2:172.21.15.33:3300/0,v1:172.21.15.33:6789/0] -- mon_command({"prefix": "get_command_descriptions"} v 0) -- 0x7f4c80063890 con 0x7f4c80108020
2024-04-24T22:31:45.923 INFO:teuthology.orchestra.run.smithi033.stdout:/usr/bin/ceph: stderr
2024-04-24T22:31:40.860+0000 7f4c6f7fe700 1 --2- 172.21.15.33:0/3686311153 >> [v2:172.21.15.33:6800/4224461418,v1:172.21.15.33:6801/4224461418] conn(0x7f4c68039000 0x7f4c6803b4c0 unknown :-1 s=NONE pgs=0 cs=0 l=1 rev1=0 crypto rx=0 tx=0 comp rx=0 tx=0).connect
2024-04-24T22:31:45.923 INFO:teuthology.orchestra.run.smithi033.stdout:/usr/bin/ceph: stderr
2024-04-24T22:31:40.860+0000 7f4c6f7fe700 1 -- 172.21.15.33:0/3686311153 <== mon.0 v2:172.21.15.33:3300/0 5 ==== osd_map(2..2 src has 1..2) ==== 940+0+0 (secure 0 0 0) 0x7f4c7004d260 con 0x7f4c80108020
2024-04-24T22:31:45.923 INFO:teuthology.orchestra.run.smithi033.stdout:/usr/bin/ceph: stderr
2024-04-24T22:31:40.860+0000 7f4c7dd9b700 1 --2- 172.21.15.33:0/3686311153 >> [v2:172.21.15.33:6800/4224461418,v1:172.21.15.33:6801/4224461418] conn(0x7f4c68039000 0x7f4c6803b4c0 unknown :-1 s=BANNER_CONNECTING pgs=0 cs=0 l=1 rev1=0 crypto rx=0 tx=0 comp rx=0 tx=0)._handle_peer_banner_payload supported=3 required=0
2024-04-24T22:31:45.923 INFO:teuthology.orchestra.run.smithi033.stdout:/usr/bin/ceph: stderr
2024-04-24T22:31:40.861+0000 7f4c7dd9b700 1 --2- 172.21.15.33:0/3686311153 >> [v2:172.21.15.33:6800/4224461418,v1:172.21.15.33:6801/4224461418] conn(0x7f4c68039000 0x7f4c6803b4c0 secure :-1 s=READY pgs=11 cs=0 l=1 rev1=1 crypto rx=0x7f4c74006fd0 tx=0x7f4c74006e40 comp rx=0 tx=0).ready entity=mgr.14118 client_cookie=0 server_cookie=0 in_seq=0 out_seq=0
2024-04-24T22:31:45.923 INFO:teuthology.orchestra.run.smithi033.stdout:/usr/bin/ceph: stderr
2024-04-24T22:31:40.865+0000 7f4c6f7fe700 1 -- 172.21.15.33:0/3686311153 <== mon.0 v2:172.21.15.33:3300/0 6 ==== mon_command_ack([{"prefix": "get_command_descriptions"}]=0 v0) ==== 72+0+186147 (secure 0 0 0) 0x7f4c700042c0 con 0x7f4c80108020
2024-04-24T22:31:45.923 INFO:teuthology.orchestra.run.smithi033.stdout:/usr/bin/ceph: stderr
2024-04-24T22:31:41.076+0000 7f4c84e43700 1 -- 172.21.15.33:0/3686311153 --> [v2:172.21.15.33:6800/4224461418,v1:172.21.15.33:6801/4224461418] -- mgr_command(tid 0: {"prefix": "orch host add", "hostname": "smithi033", "addr": "172.21.15.33", "target": ["mon-mgr", ""]}) -- 0x7f4c80104840 con 0x7f4c68039000
2024-04-24T22:31:45.923 INFO:teuthology.orchestra.run.smithi033.stdout:/usr/bin/ceph: stderr
2024-04-24T22:31:45.340+0000 7f4c6f7fe700 1 -- 172.21.15.33:0/3686311153 <== mgr.14118 v2:172.21.15.33:6800/4224461418 1 ==== mgr_command_reply(tid 0: 0 ) ==== 8+0+48 (secure 0 0 0) 0x7f4c80104840 con 0x7f4c68039000
2024-04-24T22:31:45.923 INFO:teuthology.orchestra.run.smithi033.stdout:/usr/bin/ceph: stderr
2024-04-24T22:31:45.343+0000 7f4c84e43700 1 -- 172.21.15.33:0/3686311153 >> [v2:172.21.15.33:6800/4224461418,v1:172.21.15.33:6801/4224461418] conn(0x7f4c68039000 msgr2=0x7f4c6803b4c0 secure :-1 s=STATE_CONNECTION_ESTABLISHED l=1).mark_down
2024-04-24T22:31:45.923 INFO:teuthology.orchestra.run.smithi033.stdout:/usr/bin/ceph: stderr
2024-04-24T22:31:45.343+0000 7f4c84e43700 1 --2- 172.21.15.33:0/3686311153 >> [v2:172.21.15.33:6800/4224461418,v1:172.21.15.33:6801/4224461418] conn(0x7f4c68039000 0x7f4c6803b4c0 secure :-1 s=READY pgs=11 cs=0 l=1 rev1=1 crypto rx=0x7f4c74006fd0 tx=0x7f4c74006e40 comp rx=0 tx=0).stop
2024-04-24T22:31:45.924 INFO:teuthology.orchestra.run.smithi033.stdout:/usr/bin/ceph: stderr
2024-04-24T22:31:45.343+0000 7f4c84e43700 1 -- 172.21.15.33:0/3686311153 >> [v2:172.21.15.33:3300/0,v1:172.21.15.33:6789/0] conn(0x7f4c80108020 msgr2=0x7f4c8007dab0 secure :-1 s=STATE_CONNECTION_ESTABLISHED l=1).mark_down
2024-04-24T22:31:45.924 INFO:teuthology.orchestra.run.smithi033.stdout:/usr/bin/ceph: stderr
2024-04-24T22:31:45.343+0000 7f4c84e43700 1 --2- 172.21.15.33:0/3686311153 >> [v2:172.21.15.33:3300/0,v1:172.21.15.33:6789/0] conn(0x7f4c80108020 0x7f4c8007dab0 secure :-1 s=READY pgs=44 cs=0 l=1 rev1=1 crypto rx=0x7f4c70009fb0 tx=0x7f4c70003980 comp rx=0 tx=0).stop
2024-04-24T22:31:45.924 INFO:teuthology.orchestra.run.smithi033.stdout:/usr/bin/ceph: stderr
2024-04-24T22:31:45.343+0000 7f4c84e43700 1 -- 172.21.15.33:0/3686311153 shutdown_connections
2024-04-24T22:31:45.924 INFO:teuthology.orchestra.run.smithi033.stdout:/usr/bin/ceph: stderr
2024-04-24T22:31:45.343+0000 7f4c84e43700 1 --2- 172.21.15.33:0/3686311153 >> [v2:172.21.15.33:6800/4224461418,v1:172.21.15.33:6801/4224461418] conn(0x7f4c68039000 0x7f4c6803b4c0 unknown :-1 s=CLOSED pgs=11 cs=0 l=1 rev1=1 crypto rx=0 tx=0 comp rx=0 tx=0).stop
2024-04-24T22:31:45.924 INFO:teuthology.orchestra.run.smithi033.stdout:/usr/bin/ceph: stderr
2024-04-24T22:31:45.343+0000 7f4c84e43700 1 --2- 172.21.15.33:0/3686311153 >> [v2:172.21.15.33:3300/0,v1:172.21.15.33:6789/0] conn(0x7f4c80108020 0x7f4c8007dab0 unknown :-1 s=CLOSED pgs=44 cs=0 l=1 rev1=1 crypto rx=0 tx=0 comp rx=0 tx=0).stop
2024-04-24T22:31:45.924 INFO:teuthology.orchestra.run.smithi033.stdout:/usr/bin/ceph: stderr
2024-04-24T22:31:45.343+0000 7f4c84e43700 1 -- 172.21.15.33:0/3686311153 >> 172.21.15.33:0/3686311153 conn(0x7f4c80103620 msgr2=0x7f4c80104130 unknown :-1 s=STATE_NONE l=0).mark_down
2024-04-24T22:31:45.924 INFO:teuthology.orchestra.run.smithi033.stdout:/usr/bin/ceph: stderr
2024-04-24T22:31:45.343+0000 7f4c84e43700 1 -- 172.21.15.33:0/3686311153 shutdown_connections
2024-04-24T22:31:45.924 INFO:teuthology.orchestra.run.smithi033.stdout:/usr/bin/ceph: stderr
2024-04-24T22:31:45.343+0000 7f4c84e43700 1 -- 172.21.15.33:0/3686311153 wait complete.
2024-04-24T22:31:45.924 INFO:teuthology.orchestra.run.smithi033.stdout:Deploying unmanaged mon service...
2024-04-24T22:31:46.518 INFO:journalctl@ceph.mon.a.smithi033.stdout:Apr 24 22:31:46 smithi033 ceph-mon[29320]: from='mgr.14118 172.21.15.33:0/1354320616' entity='mgr.x'
2024-04-24T22:31:46.518 INFO:journalctl@ceph.mon.a.smithi033.stdout:Apr 24 22:31:46 smithi033 ceph-mon[29320]: Added host smithi033
2024-04-24T22:31:46.518 INFO:journalctl@ceph.mon.a.smithi033.stdout:Apr 24 22:31:46 smithi033 ceph-mon[29320]: from='mgr.14118 172.21.15.33:0/1354320616' entity='mgr.x' cmd=[{"prefix": "config dump", "format": "json"}]: dispatch
2024-04-24T22:31:47.173 INFO:teuthology.orchestra.run.smithi033.stdout:/usr/bin/ceph: stdout Scheduled mon update...
2024-04-24T22:31:47.173 INFO:teuthology.orchestra.run.smithi033.stdout:/usr/bin/ceph: stderr
2024-04-24T22:31:46.346+0000 7fdcd3f8c700 1 Processor -- start
2024-04-24T22:31:47.173 INFO:teuthology.orchestra.run.smithi033.stdout:/usr/bin/ceph: stderr
2024-04-24T22:31:46.346+0000 7fdcd3f8c700 1 -- start start
2024-04-24T22:31:47.173 INFO:teuthology.orchestra.run.smithi033.stdout:/usr/bin/ceph: stderr
2024-04-24T22:31:46.346+0000 7fdcd3f8c700 1 --2- >> [v2:172.21.15.33:3300/0,v1:172.21.15.33:6789/0] conn(0x7fdccc1094f0 0x7fdccc109910 unknown :-1 s=NONE pgs=0 cs=0 l=0 rev1=0 crypto rx=0 tx=0 comp rx=0 tx=0).connect
2024-04-24T22:31:47.173 INFO:teuthology.orchestra.run.smithi033.stdout:/usr/bin/ceph: stderr
2024-04-24T22:31:46.347+0000 7fdcd3f8c700 1 -- --> [v2:172.21.15.33:3300/0,v1:172.21.15.33:6789/0] -- mon_getmap magic: 0 -- 0x7fdccc109ee0 con 0x7fdccc1094f0
2024-04-24T22:31:47.173 INFO:teuthology.orchestra.run.smithi033.stdout:/usr/bin/ceph: stderr
2024-04-24T22:31:46.347+0000 7fdcd1d28700 1 --2- >> [v2:172.21.15.33:3300/0,v1:172.21.15.33:6789/0] conn(0x7fdccc1094f0 0x7fdccc109910 unknown :-1 s=BANNER_CONNECTING pgs=0 cs=0 l=0 rev1=0 crypto rx=0 tx=0 comp rx=0 tx=0)._handle_peer_banner_payload supported=3 required=0
2024-04-24T22:31:47.173 INFO:teuthology.orchestra.run.smithi033.stdout:/usr/bin/ceph: stderr
2024-04-24T22:31:46.347+0000 7fdcd1d28700 1 --2- >> [v2:172.21.15.33:3300/0,v1:172.21.15.33:6789/0] conn(0x7fdccc1094f0 0x7fdccc109910 unknown :-1 s=HELLO_CONNECTING pgs=0 cs=0 l=0 rev1=1 crypto rx=0 tx=0 comp rx=0 tx=0).handle_hello peer v2:172.21.15.33:3300/0 says I am v2:172.21.15.33:39068/0 (socket says 172.21.15.33:39068)
2024-04-24T22:31:47.173 INFO:teuthology.orchestra.run.smithi033.stdout:/usr/bin/ceph: stderr
2024-04-24T22:31:46.347+0000 7fdcd1d28700 1 -- 172.21.15.33:0/795086051 learned_addr learned my addr 172.21.15.33:0/795086051 (peer_addr_for_me v2:172.21.15.33:0/0)
2024-04-24T22:31:47.174 INFO:teuthology.orchestra.run.smithi033.stdout:/usr/bin/ceph: stderr
2024-04-24T22:31:46.347+0000 7fdcd1d28700 1 -- 172.21.15.33:0/795086051 --> [v2:172.21.15.33:3300/0,v1:172.21.15.33:6789/0] -- mon_subscribe({config=0+,monmap=0+}) -- 0x7fdccc10a060 con 0x7fdccc1094f0
2024-04-24T22:31:47.174 INFO:teuthology.orchestra.run.smithi033.stdout:/usr/bin/ceph: stderr
2024-04-24T22:31:46.347+0000 7fdcd1d28700 1 --2- 172.21.15.33:0/795086051 >> [v2:172.21.15.33:3300/0,v1:172.21.15.33:6789/0] conn(0x7fdccc1094f0 0x7fdccc109910 secure :-1 s=READY pgs=45 cs=0 l=1 rev1=1 crypto rx=0x7fdcbc009e80 tx=0x7fdcbc00b330 comp rx=0 tx=0).ready entity=mon.0 client_cookie=b04920b4e0e2d556 server_cookie=0 in_seq=0 out_seq=0
2024-04-24T22:31:47.174 INFO:teuthology.orchestra.run.smithi033.stdout:/usr/bin/ceph: stderr
2024-04-24T22:31:46.347+0000 7fdcd0d26700 1 -- 172.21.15.33:0/795086051 <== mon.0 v2:172.21.15.33:3300/0 1 ==== mon_map magic: 0 ==== 205+0+0 (secure 0 0 0) 0x7fdcbc017070 con 0x7fdccc1094f0
2024-04-24T22:31:47.174 INFO:teuthology.orchestra.run.smithi033.stdout:/usr/bin/ceph: stderr
2024-04-24T22:31:46.347+0000 7fdcd0d26700 1 -- 172.21.15.33:0/795086051 <== mon.0 v2:172.21.15.33:3300/0 2 ==== config(29 keys) ==== 1178+0+0 (secure 0 0 0) 0x7fdcbc00b8c0 con 0x7fdccc1094f0
2024-04-24T22:31:47.174 INFO:teuthology.orchestra.run.smithi033.stdout:/usr/bin/ceph: stderr
2024-04-24T22:31:46.347+0000 7fdcd0d26700 1 -- 172.21.15.33:0/795086051 <== mon.0 v2:172.21.15.33:3300/0 3 ==== mon_map magic: 0 ==== 205+0+0 (secure 0 0 0) 0x7fdcbc0046f0 con 0x7fdccc1094f0
2024-04-24T22:31:47.174 INFO:teuthology.orchestra.run.smithi033.stdout:/usr/bin/ceph: stderr
2024-04-24T22:31:46.348+0000 7fdcd3f8c700 1 -- 172.21.15.33:0/795086051 >> [v2:172.21.15.33:3300/0,v1:172.21.15.33:6789/0] conn(0x7fdccc1094f0 msgr2=0x7fdccc109910 secure :-1 s=STATE_CONNECTION_ESTABLISHED l=1).mark_down
2024-04-24T22:31:47.174 INFO:teuthology.orchestra.run.smithi033.stdout:/usr/bin/ceph: stderr
2024-04-24T22:31:46.348+0000 7fdcd3f8c700 1 --2- 172.21.15.33:0/795086051 >> [v2:172.21.15.33:3300/0,v1:172.21.15.33:6789/0] conn(0x7fdccc1094f0 0x7fdccc109910 secure :-1 s=READY pgs=45 cs=0 l=1 rev1=1 crypto rx=0x7fdcbc009e80 tx=0x7fdcbc00b330 comp rx=0 tx=0).stop
2024-04-24T22:31:47.174 INFO:teuthology.orchestra.run.smithi033.stdout:/usr/bin/ceph: stderr
2024-04-24T22:31:46.348+0000 7fdcd3f8c700 1 -- 172.21.15.33:0/795086051 shutdown_connections
2024-04-24T22:31:47.174 INFO:teuthology.orchestra.run.smithi033.stdout:/usr/bin/ceph: stderr
2024-04-24T22:31:46.348+0000 7fdcd3f8c700 1 --2- 172.21.15.33:0/795086051 >> [v2:172.21.15.33:3300/0,v1:172.21.15.33:6789/0] conn(0x7fdccc1094f0 0x7fdccc109910 unknown :-1 s=CLOSED pgs=45 cs=0 l=1 rev1=1 crypto rx=0 tx=0 comp rx=0 tx=0).stop
2024-04-24T22:31:47.174 INFO:teuthology.orchestra.run.smithi033.stdout:/usr/bin/ceph: stderr
2024-04-24T22:31:46.348+0000 7fdcd3f8c700 1 -- 172.21.15.33:0/795086051 >> 172.21.15.33:0/795086051 conn(0x7fdccc101b90 msgr2=0x7fdccc103fb0 unknown :-1 s=STATE_NONE l=0).mark_down
2024-04-24T22:31:47.174 INFO:teuthology.orchestra.run.smithi033.stdout:/usr/bin/ceph: stderr
2024-04-24T22:31:46.348+0000 7fdcd3f8c700 1 -- 172.21.15.33:0/795086051 shutdown_connections
2024-04-24T22:31:47.174 INFO:teuthology.orchestra.run.smithi033.stdout:/usr/bin/ceph: stderr
2024-04-24T22:31:46.348+0000 7fdcd3f8c700 1 -- 172.21.15.33:0/795086051 wait complete.
2024-04-24T22:31:47.174 INFO:teuthology.orchestra.run.smithi033.stdout:/usr/bin/ceph: stderr
2024-04-24T22:31:46.349+0000 7fdcd3f8c700 1 Processor -- start
2024-04-24T22:31:47.175 INFO:teuthology.orchestra.run.smithi033.stdout:/usr/bin/ceph: stderr
2024-04-24T22:31:46.349+0000 7fdcd3f8c700 1 -- start start
2024-04-24T22:31:47.181 INFO:teuthology.orchestra.run.smithi033.stdout:/usr/bin/ceph: stderr
2024-04-24T22:31:46.349+0000 7fdcd3f8c700 1 --2- >> [v2:172.21.15.33:3300/0,v1:172.21.15.33:6789/0] conn(0x7fdccc1094f0 0x7fdccc19e100 unknown :-1 s=NONE pgs=0 cs=0 l=1 rev1=0 crypto rx=0 tx=0 comp rx=0 tx=0).connect
2024-04-24T22:31:47.181 INFO:teuthology.orchestra.run.smithi033.stdout:/usr/bin/ceph: stderr
2024-04-24T22:31:46.349+0000 7fdcd3f8c700 1 -- --> [v2:172.21.15.33:3300/0,v1:172.21.15.33:6789/0] -- mon_getmap magic: 0 -- 0x7fdccc10c4c0 con 0x7fdccc1094f0
2024-04-24T22:31:47.181 INFO:teuthology.orchestra.run.smithi033.stdout:/usr/bin/ceph: stderr
2024-04-24T22:31:46.349+0000 7fdcd1d28700 1 --2- >> [v2:172.21.15.33:3300/0,v1:172.21.15.33:6789/0] conn(0x7fdccc1094f0 0x7fdccc19e100 unknown :-1 s=BANNER_CONNECTING pgs=0 cs=0 l=1 rev1=0 crypto rx=0 tx=0 comp rx=0 tx=0)._handle_peer_banner_payload supported=3 required=0
2024-04-24T22:31:47.181 INFO:teuthology.orchestra.run.smithi033.stdout:/usr/bin/ceph: stderr
2024-04-24T22:31:46.349+0000 7fdcd1d28700 1 --2- >> [v2:172.21.15.33:3300/0,v1:172.21.15.33:6789/0] conn(0x7fdccc1094f0 0x7fdccc19e100 unknown :-1 s=HELLO_CONNECTING pgs=0 cs=0 l=1 rev1=1 crypto rx=0 tx=0 comp rx=0 tx=0).handle_hello peer v2:172.21.15.33:3300/0 says I am v2:172.21.15.33:39078/0 (socket says 172.21.15.33:39078)
2024-04-24T22:31:47.181 INFO:teuthology.orchestra.run.smithi033.stdout:/usr/bin/ceph: stderr
2024-04-24T22:31:46.349+0000 7fdcd1d28700 1 -- 172.21.15.33:0/2491418427 learned_addr learned my addr 172.21.15.33:0/2491418427 (peer_addr_for_me v2:172.21.15.33:0/0)
2024-04-24T22:31:47.181 INFO:teuthology.orchestra.run.smithi033.stdout:/usr/bin/ceph: stderr
2024-04-24T22:31:46.349+0000 7fdcd1d28700 1 -- 172.21.15.33:0/2491418427 --> [v2:172.21.15.33:3300/0,v1:172.21.15.33:6789/0] -- mon_subscribe({config=0+,monmap=0+}) -- 0x7fdccc19e640 con 0x7fdccc1094f0
2024-04-24T22:31:47.182 INFO:teuthology.orchestra.run.smithi033.stdout:/usr/bin/ceph: stderr
2024-04-24T22:31:46.350+0000 7fdcd1d28700 1 --2- 172.21.15.33:0/2491418427 >> [v2:172.21.15.33:3300/0,v1:172.21.15.33:6789/0] conn(0x7fdccc1094f0 0x7fdccc19e100 secure :-1 s=READY pgs=46 cs=0 l=1 rev1=1 crypto rx=0x7fdcbc00d010 tx=0x7fdcbc003d00 comp rx=0 tx=0).ready entity=mon.0 client_cookie=0 server_cookie=0 in_seq=0 out_seq=0
2024-04-24T22:31:47.182 INFO:teuthology.orchestra.run.smithi033.stdout:/usr/bin/ceph: stderr
2024-04-24T22:31:46.350+0000 7fdccaffd700 1 -- 172.21.15.33:0/2491418427 <== mon.0 v2:172.21.15.33:3300/0 1 ==== mon_map magic: 0 ==== 205+0+0 (secure 0 0 0) 0x7fdcbc021020 con 0x7fdccc1094f0
2024-04-24T22:31:47.182 INFO:teuthology.orchestra.run.smithi033.stdout:/usr/bin/ceph: stderr
2024-04-24T22:31:46.350+0000 7fdccaffd700 1 -- 172.21.15.33:0/2491418427 <== mon.0 v2:172.21.15.33:3300/0 2 ==== config(29 keys) ==== 1178+0+0 (secure 0 0 0) 0x7fdcbc003f20 con 0x7fdccc1094f0
2024-04-24T22:31:47.182 INFO:teuthology.orchestra.run.smithi033.stdout:/usr/bin/ceph: stderr
2024-04-24T22:31:46.350+0000 7fdcd3f8c700 1 -- 172.21.15.33:0/2491418427 --> [v2:172.21.15.33:3300/0,v1:172.21.15.33:6789/0] -- mon_subscribe({mgrmap=0+}) -- 0x7fdccc19e8d0 con 0x7fdccc1094f0
2024-04-24T22:31:47.182 INFO:teuthology.orchestra.run.smithi033.stdout:/usr/bin/ceph: stderr
2024-04-24T22:31:46.350+0000 7fdccaffd700 1 -- 172.21.15.33:0/2491418427 <== mon.0 v2:172.21.15.33:3300/0 3 ==== mon_map magic: 0 ==== 205+0+0 (secure 0 0 0) 0x7fdcbc017040 con 0x7fdccc1094f0
2024-04-24T22:31:47.182 INFO:teuthology.orchestra.run.smithi033.stdout:/usr/bin/ceph: stderr
2024-04-24T22:31:46.350+0000 7fdcd3f8c700 1 -- 172.21.15.33:0/2491418427 --> [v2:172.21.15.33:3300/0,v1:172.21.15.33:6789/0] -- mon_subscribe({osdmap=0}) -- 0x7fdccc1a15c0 con 0x7fdccc1094f0
2024-04-24T22:31:47.182 INFO:teuthology.orchestra.run.smithi033.stdout:/usr/bin/ceph: stderr
2024-04-24T22:31:46.351+0000 7fdcd3f8c700 1 -- 172.21.15.33:0/2491418427 --> [v2:172.21.15.33:3300/0,v1:172.21.15.33:6789/0] -- mon_command({"prefix": "get_command_descriptions"} v 0) -- 0x7fdccc063890 con 0x7fdccc1094f0
2024-04-24T22:31:47.182 INFO:teuthology.orchestra.run.smithi033.stdout:/usr/bin/ceph: stderr
2024-04-24T22:31:46.351+0000 7fdccaffd700 1 -- 172.21.15.33:0/2491418427 <== mon.0 v2:172.21.15.33:3300/0 4 ==== mgrmap(e 8) ==== 46287+0+0 (secure 0 0 0) 0x7fdcbc024020 con 0x7fdccc1094f0
2024-04-24T22:31:47.182 INFO:teuthology.orchestra.run.smithi033.stdout:/usr/bin/ceph: stderr
2024-04-24T22:31:46.351+0000 7fdccaffd700 1 --2- 172.21.15.33:0/2491418427 >> [v2:172.21.15.33:6800/4224461418,v1:172.21.15.33:6801/4224461418] conn(0x7fdcb4039050 0x7fdcb403b510 unknown :-1 s=NONE pgs=0 cs=0 l=1 rev1=0 crypto rx=0 tx=0 comp rx=0 tx=0).connect
2024-04-24T22:31:47.182 INFO:teuthology.orchestra.run.smithi033.stdout:/usr/bin/ceph: stderr
2024-04-24T22:31:46.351+0000 7fdccaffd700 1 -- 172.21.15.33:0/2491418427 <== mon.0 v2:172.21.15.33:3300/0 5 ==== osd_map(2..2 src has 1..2) ==== 940+0+0 (secure 0 0 0) 0x7fdcbc00f050 con 0x7fdccc1094f0
2024-04-24T22:31:47.182 INFO:teuthology.orchestra.run.smithi033.stdout:/usr/bin/ceph: stderr
2024-04-24T22:31:46.351+0000 7fdcd1527700 1 --2- 172.21.15.33:0/2491418427 >> [v2:172.21.15.33:6800/4224461418,v1:172.21.15.33:6801/4224461418] conn(0x7fdcb4039050 0x7fdcb403b510 unknown :-1 s=BANNER_CONNECTING pgs=0 cs=0 l=1 rev1=0 crypto rx=0 tx=0 comp rx=0 tx=0)._handle_peer_banner_payload supported=3 required=0
2024-04-24T22:31:47.182 INFO:teuthology.orchestra.run.smithi033.stdout:/usr/bin/ceph: stderr
2024-04-24T22:31:46.352+0000 7fdcd1527700 1 --2- 172.21.15.33:0/2491418427 >> [v2:172.21.15.33:6800/4224461418,v1:172.21.15.33:6801/4224461418] conn(0x7fdcb4039050 0x7fdcb403b510 secure :-1 s=READY pgs=12 cs=0 l=1 rev1=1 crypto rx=0x7fdcc0006fd0 tx=0x7fdcc0006e40 comp rx=0 tx=0).ready entity=mgr.14118 client_cookie=0 server_cookie=0 in_seq=0 out_seq=0
2024-04-24T22:31:47.182 INFO:teuthology.orchestra.run.smithi033.stdout:/usr/bin/ceph: stderr
2024-04-24T22:31:46.356+0000 7fdccaffd700 1 -- 172.21.15.33:0/2491418427 <== mon.0 v2:172.21.15.33:3300/0 6 ==== mon_command_ack([{"prefix": "get_command_descriptions"}]=0 v0) ==== 72+0+186147 (secure 0 0 0) 0x7fdcbc02b020 con 0x7fdccc1094f0
2024-04-24T22:31:47.183 INFO:teuthology.orchestra.run.smithi033.stdout:/usr/bin/ceph: stderr
2024-04-24T22:31:46.580+0000 7fdcd3f8c700 1 -- 172.21.15.33:0/2491418427 --> [v2:172.21.15.33:6800/4224461418,v1:172.21.15.33:6801/4224461418] -- mgr_command(tid 0: {"prefix": "orch apply", "service_type": "mon", "unmanaged": true, "target": ["mon-mgr", ""]}) -- 0x7fdccc102cb0 con 0x7fdcb4039050
2024-04-24T22:31:47.183 INFO:teuthology.orchestra.run.smithi033.stdout:/usr/bin/ceph: stderr
2024-04-24T22:31:46.585+0000 7fdccaffd700 1 -- 172.21.15.33:0/2491418427 <== mgr.14118 v2:172.21.15.33:6800/4224461418 1 ==== mgr_command_reply(tid 0: 0 ) ==== 8+0+24 (secure 0 0 0) 0x7fdccc102cb0 con 0x7fdcb4039050
2024-04-24T22:31:47.183 INFO:teuthology.orchestra.run.smithi033.stdout:/usr/bin/ceph: stderr
2024-04-24T22:31:46.587+0000 7fdcd3f8c700 1 -- 172.21.15.33:0/2491418427 >> [v2:172.21.15.33:6800/4224461418,v1:172.21.15.33:6801/4224461418] conn(0x7fdcb4039050 msgr2=0x7fdcb403b510 secure :-1 s=STATE_CONNECTION_ESTABLISHED l=1).mark_down
2024-04-24T22:31:47.183 INFO:teuthology.orchestra.run.smithi033.stdout:/usr/bin/ceph: stderr
2024-04-24T22:31:46.587+0000 7fdcd3f8c700 1 --2- 172.21.15.33:0/2491418427 >> [v2:172.21.15.33:6800/4224461418,v1:172.21.15.33:6801/4224461418] conn(0x7fdcb4039050 0x7fdcb403b510 secure :-1 s=READY pgs=12 cs=0 l=1 rev1=1 crypto rx=0x7fdcc0006fd0 tx=0x7fdcc0006e40 comp rx=0 tx=0).stop
2024-04-24T22:31:47.183 INFO:teuthology.orchestra.run.smithi033.stdout:/usr/bin/ceph: stderr
2024-04-24T22:31:46.587+0000 7fdcd3f8c700 1 -- 172.21.15.33:0/2491418427 >> [v2:172.21.15.33:3300/0,v1:172.21.15.33:6789/0] conn(0x7fdccc1094f0 msgr2=0x7fdccc19e100 secure :-1 s=STATE_CONNECTION_ESTABLISHED l=1).mark_down
2024-04-24T22:31:47.183 INFO:teuthology.orchestra.run.smithi033.stdout:/usr/bin/ceph: stderr
2024-04-24T22:31:46.587+0000 7fdcd3f8c700 1 --2- 172.21.15.33:0/2491418427 >> [v2:172.21.15.33:3300/0,v1:172.21.15.33:6789/0] conn(0x7fdccc1094f0 0x7fdccc19e100 secure :-1 s=READY pgs=46 cs=0 l=1 rev1=1 crypto rx=0x7fdcbc00d010 tx=0x7fdcbc003d00 comp rx=0 tx=0).stop
2024-04-24T22:31:47.183 INFO:teuthology.orchestra.run.smithi033.stdout:/usr/bin/ceph: stderr
2024-04-24T22:31:46.587+0000 7fdcd3f8c700 1 -- 172.21.15.33:0/2491418427 shutdown_connections
2024-04-24T22:31:47.183 INFO:teuthology.orchestra.run.smithi033.stdout:/usr/bin/ceph: stderr
2024-04-24T22:31:46.587+0000 7fdcd3f8c700 1 --2- 172.21.15.33:0/2491418427 >> [v2:172.21.15.33:6800/4224461418,v1:172.21.15.33:6801/4224461418] conn(0x7fdcb4039050 0x7fdcb403b510 unknown :-1 s=CLOSED pgs=12 cs=0 l=1 rev1=1 crypto rx=0 tx=0 comp rx=0 tx=0).stop
2024-04-24T22:31:47.183 INFO:teuthology.orchestra.run.smithi033.stdout:/usr/bin/ceph: stderr
2024-04-24T22:31:46.587+0000 7fdcd3f8c700 1 --2- 172.21.15.33:0/2491418427 >> [v2:172.21.15.33:3300/0,v1:172.21.15.33:6789/0] conn(0x7fdccc1094f0 0x7fdccc19e100 unknown :-1 s=CLOSED pgs=46 cs=0 l=1 rev1=1 crypto rx=0 tx=0 comp rx=0 tx=0).stop
2024-04-24T22:31:47.183 INFO:teuthology.orchestra.run.smithi033.stdout:/usr/bin/ceph: stderr
2024-04-24T22:31:46.587+0000 7fdcd3f8c700 1 -- 172.21.15.33:0/2491418427 >> 172.21.15.33:0/2491418427 conn(0x7fdccc101b90 msgr2=0x7fdccc1025a0 unknown :-1 s=STATE_NONE l=0).mark_down
2024-04-24T22:31:47.183 INFO:teuthology.orchestra.run.smithi033.stdout:/usr/bin/ceph: stderr
2024-04-24T22:31:46.587+0000 7fdcd3f8c700 1 -- 172.21.15.33:0/2491418427 shutdown_connections
2024-04-24T22:31:47.183 INFO:teuthology.orchestra.run.smithi033.stdout:/usr/bin/ceph: stderr
2024-04-24T22:31:46.587+0000 7fdcd3f8c700 1 -- 172.21.15.33:0/2491418427 wait complete.
2024-04-24T22:31:47.183 INFO:teuthology.orchestra.run.smithi033.stdout:Deploying unmanaged mgr service...
2024-04-24T22:31:47.767 INFO:journalctl@ceph.mon.a.smithi033.stdout:Apr 24 22:31:47 smithi033 ceph-mon[29320]: from='client.14140 -' entity='client.admin' cmd=[{"prefix": "orch apply", "service_type": "mon", "unmanaged": true, "target": ["mon-mgr", ""]}]: dispatch
2024-04-24T22:31:47.768 INFO:journalctl@ceph.mon.a.smithi033.stdout:Apr 24 22:31:47 smithi033 ceph-mon[29320]: Saving service mon spec with placement count:5
2024-04-24T22:31:47.768 INFO:journalctl@ceph.mon.a.smithi033.stdout:Apr 24 22:31:47 smithi033 ceph-mon[29320]: from='mgr.14118 172.21.15.33:0/1354320616' entity='mgr.x'
2024-04-24T22:31:48.415 INFO:teuthology.orchestra.run.smithi033.stdout:/usr/bin/ceph: stdout Scheduled mgr update...
2024-04-24T22:31:48.415 INFO:teuthology.orchestra.run.smithi033.stdout:/usr/bin/ceph: stderr
2024-04-24T22:31:47.583+0000 7f9ac786c700 1 Processor -- start
2024-04-24T22:31:48.416 INFO:teuthology.orchestra.run.smithi033.stdout:/usr/bin/ceph: stderr
2024-04-24T22:31:47.583+0000 7f9ac786c700 1 -- start start
2024-04-24T22:31:48.416 INFO:teuthology.orchestra.run.smithi033.stdout:/usr/bin/ceph: stderr
2024-04-24T22:31:47.583+0000 7f9ac786c700 1 --2- >> [v2:172.21.15.33:3300/0,v1:172.21.15.33:6789/0] conn(0x7f9ac01089c0 0x7f9ac010adb0 unknown :-1 s=NONE pgs=0 cs=0 l=0 rev1=0 crypto rx=0 tx=0 comp rx=0 tx=0).connect
2024-04-24T22:31:48.416 INFO:teuthology.orchestra.run.smithi033.stdout:/usr/bin/ceph: stderr
2024-04-24T22:31:47.583+0000 7f9ac786c700 1 -- --> [v2:172.21.15.33:3300/0,v1:172.21.15.33:6789/0] -- mon_getmap magic: 0 -- 0x7f9ac007bdb0 con 0x7f9ac01089c0
2024-04-24T22:31:48.416 INFO:teuthology.orchestra.run.smithi033.stdout:/usr/bin/ceph: stderr
2024-04-24T22:31:47.584+0000 7f9ac5608700 1 --2- >> [v2:172.21.15.33:3300/0,v1:172.21.15.33:6789/0] conn(0x7f9ac01089c0 0x7f9ac010adb0 unknown :-1 s=BANNER_CONNECTING pgs=0 cs=0 l=0 rev1=0 crypto rx=0 tx=0 comp rx=0 tx=0)._handle_peer_banner_payload supported=3 required=0
2024-04-24T22:31:48.416 INFO:teuthology.orchestra.run.smithi033.stdout:/usr/bin/ceph: stderr
2024-04-24T22:31:47.584+0000 7f9ac5608700 1 --2- >> [v2:172.21.15.33:3300/0,v1:172.21.15.33:6789/0] conn(0x7f9ac01089c0 0x7f9ac010adb0 unknown :-1 s=HELLO_CONNECTING pgs=0 cs=0 l=0 rev1=1 crypto rx=0 tx=0 comp rx=0 tx=0).handle_hello peer v2:172.21.15.33:3300/0 says I am v2:172.21.15.33:39082/0 (socket says 172.21.15.33:39082)
2024-04-24T22:31:48.416 INFO:teuthology.orchestra.run.smithi033.stdout:/usr/bin/ceph: stderr
2024-04-24T22:31:47.584+0000 7f9ac5608700 1 -- 172.21.15.33:0/1033245640 learned_addr learned my addr 172.21.15.33:0/1033245640 (peer_addr_for_me v2:172.21.15.33:0/0)
2024-04-24T22:31:48.416 INFO:teuthology.orchestra.run.smithi033.stdout:/usr/bin/ceph: stderr
2024-04-24T22:31:47.584+0000 7f9ac5608700 1 -- 172.21.15.33:0/1033245640 --> [v2:172.21.15.33:3300/0,v1:172.21.15.33:6789/0] -- mon_subscribe({config=0+,monmap=0+}) -- 0x7f9ac010b2f0 con 0x7f9ac01089c0
2024-04-24T22:31:48.417 INFO:teuthology.orchestra.run.smithi033.stdout:/usr/bin/ceph: stderr
2024-04-24T22:31:47.584+0000 7f9ac5608700 1 --2- 172.21.15.33:0/1033245640 >> [v2:172.21.15.33:3300/0,v1:172.21.15.33:6789/0] conn(0x7f9ac01089c0 0x7f9ac010adb0 secure :-1 s=READY pgs=47 cs=0 l=1 rev1=1 crypto rx=0x7f9abc0098a0 tx=0x7f9abc009bb0 comp rx=0 tx=0).ready entity=mon.0 client_cookie=91ed3c64147d0222 server_cookie=0 in_seq=0 out_seq=0
2024-04-24T22:31:48.417 INFO:teuthology.orchestra.run.smithi033.stdout:/usr/bin/ceph: stderr
2024-04-24T22:31:47.586+0000 7f9ab7fff700 1 -- 172.21.15.33:0/1033245640 <== mon.0 v2:172.21.15.33:3300/0 1 ==== mon_map magic: 0 ==== 205+0+0 (secure 0 0 0) 0x7f9abc004160 con 0x7f9ac01089c0
2024-04-24T22:31:48.417 INFO:teuthology.orchestra.run.smithi033.stdout:/usr/bin/ceph: stderr
2024-04-24T22:31:47.586+0000 7f9ab7fff700 1 -- 172.21.15.33:0/1033245640 <== mon.0 v2:172.21.15.33:3300/0 2 ==== config(29 keys) ==== 1178+0+0 (secure 0 0 0) 0x7f9abc004300 con 0x7f9ac01089c0
2024-04-24T22:31:48.417 INFO:teuthology.orchestra.run.smithi033.stdout:/usr/bin/ceph: stderr
2024-04-24T22:31:47.586+0000 7f9ab7fff700 1 -- 172.21.15.33:0/1033245640 <== mon.0 v2:172.21.15.33:3300/0 3 ==== mon_map magic: 0 ==== 205+0+0 (secure 0 0 0) 0x7f9abc011cc0 con 0x7f9ac01089c0
2024-04-24T22:31:48.417 INFO:teuthology.orchestra.run.smithi033.stdout:/usr/bin/ceph: stderr
2024-04-24T22:31:47.586+0000 7f9ac786c700 1 -- 172.21.15.33:0/1033245640 >> [v2:172.21.15.33:3300/0,v1:172.21.15.33:6789/0] conn(0x7f9ac01089c0 msgr2=0x7f9ac010adb0 secure :-1 s=STATE_CONNECTION_ESTABLISHED l=1).mark_down
2024-04-24T22:31:48.417 INFO:teuthology.orchestra.run.smithi033.stdout:/usr/bin/ceph: stderr
2024-04-24T22:31:47.586+0000 7f9ac786c700 1 --2- 172.21.15.33:0/1033245640 >> [v2:172.21.15.33:3300/0,v1:172.21.15.33:6789/0] conn(0x7f9ac01089c0 0x7f9ac010adb0 secure :-1 s=READY pgs=47 cs=0 l=1 rev1=1 crypto rx=0x7f9abc0098a0 tx=0x7f9abc009bb0 comp rx=0 tx=0).stop
2024-04-24T22:31:48.417 INFO:teuthology.orchestra.run.smithi033.stdout:/usr/bin/ceph: stderr
2024-04-24T22:31:47.586+0000 7f9ac786c700 1 -- 172.21.15.33:0/1033245640 shutdown_connections
2024-04-24T22:31:48.417 INFO:teuthology.orchestra.run.smithi033.stdout:/usr/bin/ceph: stderr
2024-04-24T22:31:47.586+0000 7f9ac786c700 1 --2- 172.21.15.33:0/1033245640 >> [v2:172.21.15.33:3300/0,v1:172.21.15.33:6789/0] conn(0x7f9ac01089c0 0x7f9ac010adb0 unknown :-1 s=CLOSED pgs=47 cs=0 l=1 rev1=1 crypto rx=0 tx=0 comp rx=0 tx=0).stop
2024-04-24T22:31:48.417 INFO:teuthology.orchestra.run.smithi033.stdout:/usr/bin/ceph: stderr
2024-04-24T22:31:47.586+0000 7f9ac786c700 1 -- 172.21.15.33:0/1033245640 >> 172.21.15.33:0/1033245640 conn(0x7f9ac01023f0 msgr2=0x7f9ac0104810 unknown :-1 s=STATE_NONE l=0).mark_down
2024-04-24T22:31:48.417 INFO:teuthology.orchestra.run.smithi033.stdout:/usr/bin/ceph: stderr
2024-04-24T22:31:47.587+0000 7f9ac786c700 1 -- 172.21.15.33:0/1033245640 shutdown_connections
2024-04-24T22:31:48.417 INFO:teuthology.orchestra.run.smithi033.stdout:/usr/bin/ceph: stderr
2024-04-24T22:31:47.587+0000 7f9ac786c700 1 -- 172.21.15.33:0/1033245640 wait complete.
2024-04-24T22:31:48.417 INFO:teuthology.orchestra.run.smithi033.stdout:/usr/bin/ceph: stderr
2024-04-24T22:31:47.587+0000 7f9ac786c700 1 Processor -- start
2024-04-24T22:31:48.417 INFO:teuthology.orchestra.run.smithi033.stdout:/usr/bin/ceph: stderr
2024-04-24T22:31:47.587+0000 7f9ac786c700 1 -- start start
2024-04-24T22:31:48.417 INFO:teuthology.orchestra.run.smithi033.stdout:/usr/bin/ceph: stderr
2024-04-24T22:31:47.587+0000 7f9ac786c700 1 --2- >> [v2:172.21.15.33:3300/0,v1:172.21.15.33:6789/0] conn(0x7f9ac01089c0 0x7f9ac0108240 unknown :-1 s=NONE pgs=0 cs=0 l=1 rev1=0 crypto rx=0 tx=0 comp rx=0 tx=0).connect
2024-04-24T22:31:48.418 INFO:teuthology.orchestra.run.smithi033.stdout:/usr/bin/ceph: stderr
2024-04-24T22:31:47.587+0000 7f9ac786c700 1 -- --> [v2:172.21.15.33:3300/0,v1:172.21.15.33:6789/0] -- mon_getmap magic: 0 -- 0x7f9ac010c3d0 con 0x7f9ac01089c0
2024-04-24T22:31:48.418 INFO:teuthology.orchestra.run.smithi033.stdout:/usr/bin/ceph: stderr
2024-04-24T22:31:47.587+0000 7f9ac5608700 1 --2- >> [v2:172.21.15.33:3300/0,v1:172.21.15.33:6789/0] conn(0x7f9ac01089c0 0x7f9ac0108240 unknown :-1 s=BANNER_CONNECTING pgs=0 cs=0 l=1 rev1=0 crypto rx=0 tx=0 comp rx=0 tx=0)._handle_peer_banner_payload supported=3 required=0
2024-04-24T22:31:48.418 INFO:teuthology.orchestra.run.smithi033.stdout:/usr/bin/ceph: stderr
2024-04-24T22:31:47.587+0000 7f9ac5608700 1 --2- >> [v2:172.21.15.33:3300/0,v1:172.21.15.33:6789/0] conn(0x7f9ac01089c0 0x7f9ac0108240 unknown :-1 s=HELLO_CONNECTING pgs=0 cs=0 l=1 rev1=1 crypto rx=0 tx=0 comp rx=0 tx=0).handle_hello peer v2:172.21.15.33:3300/0 says I am v2:172.21.15.33:39092/0 (socket says 172.21.15.33:39092)
2024-04-24T22:31:48.418 INFO:teuthology.orchestra.run.smithi033.stdout:/usr/bin/ceph: stderr
2024-04-24T22:31:47.587+0000 7f9ac5608700 1 -- 172.21.15.33:0/874358218 learned_addr learned my addr 172.21.15.33:0/874358218 (peer_addr_for_me v2:172.21.15.33:0/0)
2024-04-24T22:31:48.418 INFO:teuthology.orchestra.run.smithi033.stdout:/usr/bin/ceph: stderr
2024-04-24T22:31:47.588+0000 7f9ac5608700 1 -- 172.21.15.33:0/874358218 --> [v2:172.21.15.33:3300/0,v1:172.21.15.33:6789/0] -- mon_subscribe({config=0+,monmap=0+}) -- 0x7f9ac0108780 con 0x7f9ac01089c0
2024-04-24T22:31:48.418 INFO:teuthology.orchestra.run.smithi033.stdout:/usr/bin/ceph: stderr
2024-04-24T22:31:47.588+0000 7f9ac5608700 1 --2- 172.21.15.33:0/874358218 >> [v2:172.21.15.33:3300/0,v1:172.21.15.33:6789/0] conn(0x7f9ac01089c0 0x7f9ac0108240 secure :-1 s=READY pgs=48 cs=0 l=1 rev1=1 crypto rx=0x7f9abc0038d0 tx=0x7f9abc0039b0 comp rx=0 tx=0).ready entity=mon.0 client_cookie=0 server_cookie=0 in_seq=0 out_seq=0
2024-04-24T22:31:48.418 INFO:teuthology.orchestra.run.smithi033.stdout:/usr/bin/ceph: stderr
2024-04-24T22:31:47.588+0000 7f9ab67fc700 1 -- 172.21.15.33:0/874358218 <== mon.0 v2:172.21.15.33:3300/0 1 ==== mon_map magic: 0 ==== 205+0+0 (secure 0 0 0) 0x7f9abc003dd0 con 0x7f9ac01089c0
2024-04-24T22:31:48.418 INFO:teuthology.orchestra.run.smithi033.stdout:/usr/bin/ceph: stderr
2024-04-24T22:31:47.588+0000 7f9ac786c700 1 -- 172.21.15.33:0/874358218 --> [v2:172.21.15.33:3300/0,v1:172.21.15.33:6789/0] -- mon_subscribe({mgrmap=0+}) -- 0x7f9ac0106970 con 0x7f9ac01089c0
2024-04-24T22:31:48.418 INFO:teuthology.orchestra.run.smithi033.stdout:/usr/bin/ceph: stderr
2024-04-24T22:31:47.588+0000 7f9ab67fc700 1 -- 172.21.15.33:0/874358218 <== mon.0 v2:172.21.15.33:3300/0 2 ==== config(29 keys) ==== 1178+0+0 (secure 0 0 0) 0x7f9abc003f70 con 0x7f9ac01089c0
2024-04-24T22:31:48.418 INFO:teuthology.orchestra.run.smithi033.stdout:/usr/bin/ceph: stderr
2024-04-24T22:31:47.588+0000 7f9ab67fc700 1 -- 172.21.15.33:0/874358218 <== mon.0 v2:172.21.15.33:3300/0 3 ==== mon_map magic: 0 ==== 205+0+0 (secure 0 0 0) 0x7f9abc024610 con 0x7f9ac01089c0
2024-04-24T22:31:48.418 INFO:teuthology.orchestra.run.smithi033.stdout:/usr/bin/ceph: stderr
2024-04-24T22:31:47.588+0000 7f9ac786c700 1 -- 172.21.15.33:0/874358218 --> [v2:172.21.15.33:3300/0,v1:172.21.15.33:6789/0] -- mon_subscribe({osdmap=0}) -- 0x7f9ac0106eb0 con 0x7f9ac01089c0
2024-04-24T22:31:48.418 INFO:teuthology.orchestra.run.smithi033.stdout:/usr/bin/ceph: stderr
2024-04-24T22:31:47.589+0000 7f9ab67fc700 1 -- 172.21.15.33:0/874358218 <== mon.0 v2:172.21.15.33:3300/0 4 ==== mgrmap(e 8) ==== 46287+0+0 (secure 0 0 0) 0x7f9abc02d3f0 con 0x7f9ac01089c0
2024-04-24T22:31:48.418 INFO:teuthology.orchestra.run.smithi033.stdout:/usr/bin/ceph: stderr
2024-04-24T22:31:47.589+0000 7f9ac786c700 1 -- 172.21.15.33:0/874358218 --> [v2:172.21.15.33:3300/0,v1:172.21.15.33:6789/0] -- mon_command({"prefix": "get_command_descriptions"} v 0) -- 0x7f9ac0063890 con 0x7f9ac01089c0
2024-04-24T22:31:48.418 INFO:teuthology.orchestra.run.smithi033.stdout:/usr/bin/ceph: stderr
2024-04-24T22:31:47.589+0000 7f9ab67fc700 1 --2- 172.21.15.33:0/874358218 >> [v2:172.21.15.33:6800/4224461418,v1:172.21.15.33:6801/4224461418] conn(0x7f9aac0390a0 0x7f9aac03b560 unknown :-1 s=NONE pgs=0 cs=0 l=1 rev1=0 crypto rx=0 tx=0 comp rx=0 tx=0).connect
2024-04-24T22:31:48.419 INFO:teuthology.orchestra.run.smithi033.stdout:/usr/bin/ceph: stderr
2024-04-24T22:31:47.589+0000 7f9ab67fc700 1 -- 172.21.15.33:0/874358218 <== mon.0 v2:172.21.15.33:3300/0 5 ==== osd_map(2..2 src has 1..2) ==== 940+0+0 (secure 0 0 0) 0x7f9abc04d0f0 con 0x7f9ac01089c0
2024-04-24T22:31:48.419 INFO:teuthology.orchestra.run.smithi033.stdout:/usr/bin/ceph: stderr
2024-04-24T22:31:47.589+0000 7f9ac4e07700 1 --2- 172.21.15.33:0/874358218 >> [v2:172.21.15.33:6800/4224461418,v1:172.21.15.33:6801/4224461418] conn(0x7f9aac0390a0 0x7f9aac03b560 unknown :-1 s=BANNER_CONNECTING pgs=0 cs=0 l=1 rev1=0 crypto rx=0 tx=0 comp rx=0 tx=0)._handle_peer_banner_payload supported=3 required=0
2024-04-24T22:31:48.419 INFO:teuthology.orchestra.run.smithi033.stdout:/usr/bin/ceph: stderr
2024-04-24T22:31:47.590+0000 7f9ac4e07700 1 --2- 172.21.15.33:0/874358218 >> [v2:172.21.15.33:6800/4224461418,v1:172.21.15.33:6801/4224461418] conn(0x7f9aac0390a0 0x7f9aac03b560 secure :-1 s=READY pgs=13 cs=0 l=1 rev1=1 crypto rx=0x7f9ab0006fd0 tx=0x7f9ab0006e40 comp rx=0 tx=0).ready entity=mgr.14118 client_cookie=0 server_cookie=0 in_seq=0 out_seq=0
2024-04-24T22:31:48.419 INFO:teuthology.orchestra.run.smithi033.stdout:/usr/bin/ceph: stderr
2024-04-24T22:31:47.594+0000 7f9ab67fc700 1 -- 172.21.15.33:0/874358218 <== mon.0 v2:172.21.15.33:3300/0 6 ==== mon_command_ack([{"prefix": "get_command_descriptions"}]=0 v0) ==== 72+0+186147 (secure 0 0 0) 0x7f9abc004120 con 0x7f9ac01089c0
2024-04-24T22:31:48.419 INFO:teuthology.orchestra.run.smithi033.stdout:/usr/bin/ceph: stderr
2024-04-24T22:31:47.820+0000 7f9ac786c700 1 -- 172.21.15.33:0/874358218 --> [v2:172.21.15.33:6800/4224461418,v1:172.21.15.33:6801/4224461418] -- mgr_command(tid 0: {"prefix": "orch apply", "service_type": "mgr", "unmanaged": true, "target": ["mon-mgr", ""]}) -- 0x7f9ac0103670 con 0x7f9aac0390a0
2024-04-24T22:31:48.419 INFO:teuthology.orchestra.run.smithi033.stdout:/usr/bin/ceph: stderr
2024-04-24T22:31:47.825+0000 7f9ab67fc700 1 -- 172.21.15.33:0/874358218 <== mgr.14118 v2:172.21.15.33:6800/4224461418 1 ==== mgr_command_reply(tid 0: 0 ) ==== 8+0+24 (secure 0 0 0) 0x7f9ac0103670 con 0x7f9aac0390a0
2024-04-24T22:31:48.419 INFO:teuthology.orchestra.run.smithi033.stdout:/usr/bin/ceph: stderr
2024-04-24T22:31:47.827+0000 7f9ac786c700 1 -- 172.21.15.33:0/874358218 >> [v2:172.21.15.33:6800/4224461418,v1:172.21.15.33:6801/4224461418] conn(0x7f9aac0390a0 msgr2=0x7f9aac03b560 secure :-1 s=STATE_CONNECTION_ESTABLISHED l=1).mark_down
2024-04-24T22:31:48.419 INFO:teuthology.orchestra.run.smithi033.stdout:/usr/bin/ceph: stderr
2024-04-24T22:31:47.827+0000 7f9ac786c700 1 --2- 172.21.15.33:0/874358218 >> [v2:172.21.15.33:6800/4224461418,v1:172.21.15.33:6801/4224461418] conn(0x7f9aac0390a0 0x7f9aac03b560 secure :-1 s=READY pgs=13 cs=0 l=1 rev1=1 crypto rx=0x7f9ab0006fd0 tx=0x7f9ab0006e40 comp rx=0 tx=0).stop
2024-04-24T22:31:48.419 INFO:teuthology.orchestra.run.smithi033.stdout:/usr/bin/ceph: stderr
2024-04-24T22:31:47.827+0000 7f9ac786c700 1 -- 172.21.15.33:0/874358218 >> [v2:172.21.15.33:3300/0,v1:172.21.15.33:6789/0] conn(0x7f9ac01089c0 msgr2=0x7f9ac0108240 secure :-1 s=STATE_CONNECTION_ESTABLISHED l=1).mark_down
2024-04-24T22:31:48.419 INFO:teuthology.orchestra.run.smithi033.stdout:/usr/bin/ceph: stderr
2024-04-24T22:31:47.827+0000 7f9ac786c700 1 --2- 172.21.15.33:0/874358218 >> [v2:172.21.15.33:3300/0,v1:172.21.15.33:6789/0] conn(0x7f9ac01089c0 0x7f9ac0108240 secure :-1 s=READY pgs=48 cs=0 l=1 rev1=1 crypto rx=0x7f9abc0038d0 tx=0x7f9abc0039b0 comp rx=0 tx=0).stop
2024-04-24T22:31:48.419 INFO:teuthology.orchestra.run.smithi033.stdout:/usr/bin/ceph: stderr
2024-04-24T22:31:47.827+0000 7f9ac786c700 1 -- 172.21.15.33:0/874358218 shutdown_connections
2024-04-24T22:31:48.419 INFO:teuthology.orchestra.run.smithi033.stdout:/usr/bin/ceph: stderr
2024-04-24T22:31:47.827+0000 7f9ac786c700 1 --2- 172.21.15.33:0/874358218 >> [v2:172.21.15.33:6800/4224461418,v1:172.21.15.33:6801/4224461418] conn(0x7f9aac0390a0 0x7f9aac03b560 unknown :-1 s=CLOSED pgs=13 cs=0 l=1 rev1=1 crypto rx=0 tx=0 comp rx=0 tx=0).stop
2024-04-24T22:31:48.419 INFO:teuthology.orchestra.run.smithi033.stdout:/usr/bin/ceph: stderr
2024-04-24T22:31:47.827+0000 7f9ac786c700 1 --2- 172.21.15.33:0/874358218 >> [v2:172.21.15.33:3300/0,v1:172.21.15.33:6789/0] conn(0x7f9ac01089c0 0x7f9ac0108240 unknown :-1 s=CLOSED pgs=48 cs=0 l=1 rev1=1 crypto rx=0 tx=0 comp rx=0 tx=0).stop
2024-04-24T22:31:48.419 INFO:teuthology.orchestra.run.smithi033.stdout:/usr/bin/ceph: stderr
2024-04-24T22:31:47.827+0000 7f9ac786c700 1 -- 172.21.15.33:0/874358218 >> 172.21.15.33:0/874358218 conn(0x7f9ac01023f0 msgr2=0x7f9ac0102f60 unknown :-1 s=STATE_NONE l=0).mark_down
2024-04-24T22:31:48.420 INFO:teuthology.orchestra.run.smithi033.stdout:/usr/bin/ceph: stderr
2024-04-24T22:31:47.827+0000 7f9ac786c700 1 -- 172.21.15.33:0/874358218 shutdown_connections
2024-04-24T22:31:48.420 INFO:teuthology.orchestra.run.smithi033.stdout:/usr/bin/ceph: stderr
2024-04-24T22:31:47.827+0000 7f9ac786c700 1 -- 172.21.15.33:0/874358218 wait complete.
2024-04-24T22:31:49.037 INFO:journalctl@ceph.mon.a.smithi033.stdout:Apr 24 22:31:48 smithi033 ceph-mon[29320]: from='client.14142 -' entity='client.admin' cmd=[{"prefix": "orch apply", "service_type": "mgr", "unmanaged": true, "target": ["mon-mgr", ""]}]: dispatch
2024-04-24T22:31:49.037 INFO:journalctl@ceph.mon.a.smithi033.stdout:Apr 24 22:31:48 smithi033 ceph-mon[29320]: Saving service mgr spec with placement count:2
2024-04-24T22:31:49.037 INFO:journalctl@ceph.mon.a.smithi033.stdout:Apr 24 22:31:48 smithi033 ceph-mon[29320]: from='mgr.14118 172.21.15.33:0/1354320616' entity='mgr.x'
2024-04-24T22:31:49.944 INFO:teuthology.orchestra.run.smithi033.stdout:/usr/bin/ceph: stderr
2024-04-24T22:31:48.815+0000 7fca4fb9a700 1 Processor -- start
2024-04-24T22:31:49.944 INFO:teuthology.orchestra.run.smithi033.stdout:/usr/bin/ceph: stderr
2024-04-24T22:31:48.815+0000 7fca4fb9a700 1 -- start start
2024-04-24T22:31:49.944 INFO:teuthology.orchestra.run.smithi033.stdout:/usr/bin/ceph: stderr
2024-04-24T22:31:48.816+0000 7fca4fb9a700 1 --2- >> [v2:172.21.15.33:3300/0,v1:172.21.15.33:6789/0] conn(0x7fca48106e30 0x7fca48107250 unknown :-1 s=NONE pgs=0 cs=0 l=0 rev1=0 crypto rx=0 tx=0 comp rx=0 tx=0).connect
2024-04-24T22:31:49.944 INFO:teuthology.orchestra.run.smithi033.stdout:/usr/bin/ceph: stderr
2024-04-24T22:31:48.816+0000 7fca4fb9a700 1 -- --> [v2:172.21.15.33:3300/0,v1:172.21.15.33:6789/0] -- mon_getmap magic: 0 -- 0x7fca48107790 con 0x7fca48106e30
2024-04-24T22:31:49.944 INFO:teuthology.orchestra.run.smithi033.stdout:/usr/bin/ceph: stderr
2024-04-24T22:31:48.816+0000 7fca4d936700 1 --2- >> [v2:172.21.15.33:3300/0,v1:172.21.15.33:6789/0] conn(0x7fca48106e30 0x7fca48107250 unknown :-1 s=BANNER_CONNECTING pgs=0 cs=0 l=0 rev1=0 crypto rx=0 tx=0 comp rx=0 tx=0)._handle_peer_banner_payload supported=3 required=0
2024-04-24T22:31:49.945 INFO:teuthology.orchestra.run.smithi033.stdout:/usr/bin/ceph: stderr
2024-04-24T22:31:48.816+0000 7fca4d936700 1 --2- >> [v2:172.21.15.33:3300/0,v1:172.21.15.33:6789/0] conn(0x7fca48106e30 0x7fca48107250 unknown :-1 s=HELLO_CONNECTING pgs=0 cs=0 l=0 rev1=1 crypto rx=0 tx=0 comp rx=0 tx=0).handle_hello peer v2:172.21.15.33:3300/0 says I am v2:172.21.15.33:51284/0 (socket says 172.21.15.33:51284)
2024-04-24T22:31:49.945 INFO:teuthology.orchestra.run.smithi033.stdout:/usr/bin/ceph: stderr
2024-04-24T22:31:48.816+0000 7fca4d936700 1 -- 172.21.15.33:0/1050018282 learned_addr learned my addr 172.21.15.33:0/1050018282 (peer_addr_for_me v2:172.21.15.33:0/0)
2024-04-24T22:31:49.945 INFO:teuthology.orchestra.run.smithi033.stdout:/usr/bin/ceph: stderr
2024-04-24T22:31:48.816+0000 7fca4d936700 1 -- 172.21.15.33:0/1050018282 --> [v2:172.21.15.33:3300/0,v1:172.21.15.33:6789/0] -- mon_subscribe({config=0+,monmap=0+}) -- 0x7fca48107f90 con 0x7fca48106e30
2024-04-24T22:31:49.945 INFO:teuthology.orchestra.run.smithi033.stdout:/usr/bin/ceph: stderr
