2024-04-24T22:32:01.870+0000 7f4d1b299700 1 -- 172.21.15.33:0/170386913 shutdown_connections
2024-04-24T22:32:02.801 INFO:teuthology.orchestra.run.smithi033.stdout:/usr/bin/ceph: stderr
2024-04-24T22:32:01.870+0000 7f4d1b299700 1 --2- 172.21.15.33:0/170386913 >> [v2:172.21.15.33:3300/0,v1:172.21.15.33:6789/0] conn(0x7f4d14107f40 0x7f4d14108360 unknown :-1 s=CLOSED pgs=68 cs=0 l=1 rev1=1 crypto rx=0 tx=0 comp rx=0 tx=0).stop
2024-04-24T22:32:02.801 INFO:teuthology.orchestra.run.smithi033.stdout:/usr/bin/ceph: stderr
2024-04-24T22:32:01.870+0000 7f4d1b299700 1 -- 172.21.15.33:0/170386913 >> 172.21.15.33:0/170386913 conn(0x7f4d14103570 msgr2=0x7f4d14105990 unknown :-1 s=STATE_NONE l=0).mark_down
2024-04-24T22:32:02.801 INFO:teuthology.orchestra.run.smithi033.stdout:/usr/bin/ceph: stderr
2024-04-24T22:32:01.870+0000 7f4d1b299700 1 -- 172.21.15.33:0/170386913 shutdown_connections
2024-04-24T22:32:02.801 INFO:teuthology.orchestra.run.smithi033.stdout:/usr/bin/ceph: stderr
2024-04-24T22:32:01.870+0000 7f4d1b299700 1 -- 172.21.15.33:0/170386913 wait complete.
2024-04-24T22:32:02.801 INFO:teuthology.orchestra.run.smithi033.stdout:/usr/bin/ceph: stderr
2024-04-24T22:32:01.871+0000 7f4d1b299700 1 Processor -- start
2024-04-24T22:32:02.801 INFO:teuthology.orchestra.run.smithi033.stdout:/usr/bin/ceph: stderr
2024-04-24T22:32:01.871+0000 7f4d1b299700 1 -- start start
2024-04-24T22:32:02.801 INFO:teuthology.orchestra.run.smithi033.stdout:/usr/bin/ceph: stderr
2024-04-24T22:32:01.871+0000 7f4d1b299700 1 --2- >> [v2:172.21.15.33:3300/0,v1:172.21.15.33:6789/0] conn(0x7f4d14107f40 0x7f4d1419bf60 unknown :-1 s=NONE pgs=0 cs=0 l=1 rev1=0 crypto rx=0 tx=0 comp rx=0 tx=0).connect
2024-04-24T22:32:02.802 INFO:teuthology.orchestra.run.smithi033.stdout:/usr/bin/ceph: stderr
2024-04-24T22:32:01.871+0000 7f4d1b299700 1 -- --> [v2:172.21.15.33:3300/0,v1:172.21.15.33:6789/0] -- mon_getmap magic: 0 -- 0x7f4d1410c350 con 0x7f4d14107f40
2024-04-24T22:32:02.802 INFO:teuthology.orchestra.run.smithi033.stdout:/usr/bin/ceph: stderr
2024-04-24T22:32:01.871+0000 7f4d19035700 1 --2- >> [v2:172.21.15.33:3300/0,v1:172.21.15.33:6789/0] conn(0x7f4d14107f40 0x7f4d1419bf60 unknown :-1 s=BANNER_CONNECTING pgs=0 cs=0 l=1 rev1=0 crypto rx=0 tx=0 comp rx=0 tx=0)._handle_peer_banner_payload supported=3 required=0
2024-04-24T22:32:02.802 INFO:teuthology.orchestra.run.smithi033.stdout:/usr/bin/ceph: stderr
2024-04-24T22:32:01.871+0000 7f4d19035700 1 --2- >> [v2:172.21.15.33:3300/0,v1:172.21.15.33:6789/0] conn(0x7f4d14107f40 0x7f4d1419bf60 unknown :-1 s=HELLO_CONNECTING pgs=0 cs=0 l=1 rev1=1 crypto rx=0 tx=0 comp rx=0 tx=0).handle_hello peer v2:172.21.15.33:3300/0 says I am v2:172.21.15.33:35970/0 (socket says 172.21.15.33:35970)
2024-04-24T22:32:02.803 INFO:teuthology.orchestra.run.smithi033.stdout:/usr/bin/ceph: stderr
2024-04-24T22:32:01.871+0000 7f4d19035700 1 -- 172.21.15.33:0/3831049529 learned_addr learned my addr 172.21.15.33:0/3831049529 (peer_addr_for_me v2:172.21.15.33:0/0)
2024-04-24T22:32:02.803 INFO:teuthology.orchestra.run.smithi033.stdout:/usr/bin/ceph: stderr
2024-04-24T22:32:01.871+0000 7f4d19035700 1 -- 172.21.15.33:0/3831049529 --> [v2:172.21.15.33:3300/0,v1:172.21.15.33:6789/0] -- mon_subscribe({config=0+,monmap=0+}) -- 0x7f4d1419c4a0 con 0x7f4d14107f40
2024-04-24T22:32:02.803 INFO:teuthology.orchestra.run.smithi033.stdout:/usr/bin/ceph: stderr
2024-04-24T22:32:01.872+0000 7f4d19035700 1 --2- 172.21.15.33:0/3831049529 >> [v2:172.21.15.33:3300/0,v1:172.21.15.33:6789/0] conn(0x7f4d14107f40 0x7f4d1419bf60 secure :-1 s=READY pgs=69 cs=0 l=1 rev1=1 crypto rx=0x7f4d10011930 tx=0x7f4d10011a10 comp rx=0 tx=0).ready entity=mon.0 client_cookie=0 server_cookie=0 in_seq=0 out_seq=0
2024-04-24T22:32:02.803 INFO:teuthology.orchestra.run.smithi033.stdout:/usr/bin/ceph: stderr
2024-04-24T22:32:01.872+0000 7f4d0a7fc700 1 -- 172.21.15.33:0/3831049529 <== mon.0 v2:172.21.15.33:3300/0 1 ==== mon_map magic: 0 ==== 205+0+0 (secure 0 0 0) 0x7f4d100039e0 con 0x7f4d14107f40
2024-04-24T22:32:02.803 INFO:teuthology.orchestra.run.smithi033.stdout:/usr/bin/ceph: stderr
2024-04-24T22:32:01.872+0000 7f4d0a7fc700 1 -- 172.21.15.33:0/3831049529 <== mon.0 v2:172.21.15.33:3300/0 2 ==== config(29 keys) ==== 1209+0+0 (secure 0 0 0) 0x7f4d10003b80 con 0x7f4d14107f40
2024-04-24T22:32:02.803 INFO:teuthology.orchestra.run.smithi033.stdout:/usr/bin/ceph: stderr
2024-04-24T22:32:01.872+0000 7f4d1b299700 1 -- 172.21.15.33:0/3831049529 --> [v2:172.21.15.33:3300/0,v1:172.21.15.33:6789/0] -- mon_subscribe({mgrmap=0+}) -- 0x7f4d1419c730 con 0x7f4d14107f40
2024-04-24T22:32:02.803 INFO:teuthology.orchestra.run.smithi033.stdout:/usr/bin/ceph: stderr
2024-04-24T22:32:01.872+0000 7f4d0a7fc700 1 -- 172.21.15.33:0/3831049529 <== mon.0 v2:172.21.15.33:3300/0 3 ==== mon_map magic: 0 ==== 205+0+0 (secure 0 0 0) 0x7f4d10024560 con 0x7f4d14107f40
2024-04-24T22:32:02.803 INFO:teuthology.orchestra.run.smithi033.stdout:/usr/bin/ceph: stderr
2024-04-24T22:32:01.872+0000 7f4d1b299700 1 -- 172.21.15.33:0/3831049529 --> [v2:172.21.15.33:3300/0,v1:172.21.15.33:6789/0] -- mon_subscribe({osdmap=0}) -- 0x7f4d1419f420 con 0x7f4d14107f40
2024-04-24T22:32:02.803 INFO:teuthology.orchestra.run.smithi033.stdout:/usr/bin/ceph: stderr
2024-04-24T22:32:01.873+0000 7f4d0a7fc700 1 -- 172.21.15.33:0/3831049529 <== mon.0 v2:172.21.15.33:3300/0 4 ==== mgrmap(e 11) ==== 46194+0+0 (secure 0 0 0) 0x7f4d10022020 con 0x7f4d14107f40
2024-04-24T22:32:02.803 INFO:teuthology.orchestra.run.smithi033.stdout:/usr/bin/ceph: stderr
2024-04-24T22:32:01.873+0000 7f4d1b299700 1 -- 172.21.15.33:0/3831049529 --> [v2:172.21.15.33:3300/0,v1:172.21.15.33:6789/0] -- mon_command({"prefix": "get_command_descriptions"} v 0) -- 0x7f4d14063890 con 0x7f4d14107f40
2024-04-24T22:32:02.803 INFO:teuthology.orchestra.run.smithi033.stdout:/usr/bin/ceph: stderr
2024-04-24T22:32:01.873+0000 7f4d0a7fc700 1 --2- 172.21.15.33:0/3831049529 >> [v2:172.21.15.33:6800/2590842983,v1:172.21.15.33:6801/2590842983] conn(0x7f4d00038ff0 0x7f4d0003b4b0 unknown :-1 s=NONE pgs=0 cs=0 l=1 rev1=0 crypto rx=0 tx=0 comp rx=0 tx=0).connect
2024-04-24T22:32:02.803 INFO:teuthology.orchestra.run.smithi033.stdout:/usr/bin/ceph: stderr
2024-04-24T22:32:01.873+0000 7f4d0a7fc700 1 -- 172.21.15.33:0/3831049529 <== mon.0 v2:172.21.15.33:3300/0 5 ==== osd_map(3..3 src has 1..3) ==== 1155+0+0 (secure 0 0 0) 0x7f4d10003d30 con 0x7f4d14107f40
2024-04-24T22:32:02.804 INFO:teuthology.orchestra.run.smithi033.stdout:/usr/bin/ceph: stderr
2024-04-24T22:32:01.873+0000 7f4d18834700 1 --2- 172.21.15.33:0/3831049529 >> [v2:172.21.15.33:6800/2590842983,v1:172.21.15.33:6801/2590842983] conn(0x7f4d00038ff0 0x7f4d0003b4b0 unknown :-1 s=BANNER_CONNECTING pgs=0 cs=0 l=1 rev1=0 crypto rx=0 tx=0 comp rx=0 tx=0)._handle_peer_banner_payload supported=3 required=0
2024-04-24T22:32:02.804 INFO:teuthology.orchestra.run.smithi033.stdout:/usr/bin/ceph: stderr
2024-04-24T22:32:01.873+0000 7f4d18834700 1 --2- 172.21.15.33:0/3831049529 >> [v2:172.21.15.33:6800/2590842983,v1:172.21.15.33:6801/2590842983] conn(0x7f4d00038ff0 0x7f4d0003b4b0 secure :-1 s=READY pgs=7 cs=0 l=1 rev1=1 crypto rx=0x7f4d04006fd0 tx=0x7f4d04006e40 comp rx=0 tx=0).ready entity=mgr.14150 client_cookie=0 server_cookie=0 in_seq=0 out_seq=0
2024-04-24T22:32:02.804 INFO:teuthology.orchestra.run.smithi033.stdout:/usr/bin/ceph: stderr
2024-04-24T22:32:01.879+0000 7f4d0a7fc700 1 -- 172.21.15.33:0/3831049529 <== mon.0 v2:172.21.15.33:3300/0 6 ==== mon_command_ack([{"prefix": "get_command_descriptions"}]=0 v0) ==== 72+0+186147 (secure 0 0 0) 0x7f4d1000b3e0 con 0x7f4d14107f40
2024-04-24T22:32:02.804 INFO:teuthology.orchestra.run.smithi033.stdout:/usr/bin/ceph: stderr
2024-04-24T22:32:02.093+0000 7f4d1b299700 1 -- 172.21.15.33:0/3831049529 --> [v2:172.21.15.33:6800/2590842983,v1:172.21.15.33:6801/2590842983] -- mgr_command(tid 0: {"prefix": "dashboard create-self-signed-cert", "target": ["mon-mgr", ""]}) -- 0x7f4d14104750 con 0x7f4d00038ff0
2024-04-24T22:32:02.804 INFO:teuthology.orchestra.run.smithi033.stdout:/usr/bin/ceph: stderr
2024-04-24T22:32:02.105+0000 7f4d0a7fc700 1 -- 172.21.15.33:0/3831049529 <== mon.0 v2:172.21.15.33:3300/0 7 ==== mgrmap(e 12) ==== 46300+0+0 (secure 0 0 0) 0x7f4d1002dc40 con 0x7f4d14107f40
2024-04-24T22:32:02.804 INFO:teuthology.orchestra.run.smithi033.stdout:/usr/bin/ceph: stderr
2024-04-24T22:32:02.168+0000 7f4d0a7fc700 1 -- 172.21.15.33:0/3831049529 <== mgr.14150 v2:172.21.15.33:6800/2590842983 1 ==== mgr_command_reply(tid 0: 0 ) ==== 8+0+32 (secure 0 0 0) 0x7f4d14104750 con 0x7f4d00038ff0
2024-04-24T22:32:02.804 INFO:teuthology.orchestra.run.smithi033.stdout:/usr/bin/ceph: stderr
2024-04-24T22:32:02.170+0000 7f4d1b299700 1 -- 172.21.15.33:0/3831049529 >> [v2:172.21.15.33:6800/2590842983,v1:172.21.15.33:6801/2590842983] conn(0x7f4d00038ff0 msgr2=0x7f4d0003b4b0 secure :-1 s=STATE_CONNECTION_ESTABLISHED l=1).mark_down
2024-04-24T22:32:02.804 INFO:teuthology.orchestra.run.smithi033.stdout:/usr/bin/ceph: stderr
2024-04-24T22:32:02.170+0000 7f4d1b299700 1 --2- 172.21.15.33:0/3831049529 >> [v2:172.21.15.33:6800/2590842983,v1:172.21.15.33:6801/2590842983] conn(0x7f4d00038ff0 0x7f4d0003b4b0 secure :-1 s=READY pgs=7 cs=0 l=1 rev1=1 crypto rx=0x7f4d04006fd0 tx=0x7f4d04006e40 comp rx=0 tx=0).stop
2024-04-24T22:32:02.804 INFO:teuthology.orchestra.run.smithi033.stdout:/usr/bin/ceph: stderr
2024-04-24T22:32:02.170+0000 7f4d1b299700 1 -- 172.21.15.33:0/3831049529 >> [v2:172.21.15.33:3300/0,v1:172.21.15.33:6789/0] conn(0x7f4d14107f40 msgr2=0x7f4d1419bf60 secure :-1 s=STATE_CONNECTION_ESTABLISHED l=1).mark_down
2024-04-24T22:32:02.804 INFO:teuthology.orchestra.run.smithi033.stdout:/usr/bin/ceph: stderr
2024-04-24T22:32:02.170+0000 7f4d1b299700 1 --2- 172.21.15.33:0/3831049529 >> [v2:172.21.15.33:3300/0,v1:172.21.15.33:6789/0] conn(0x7f4d14107f40 0x7f4d1419bf60 secure :-1 s=READY pgs=69 cs=0 l=1 rev1=1 crypto rx=0x7f4d10011930 tx=0x7f4d10011a10 comp rx=0 tx=0).stop
2024-04-24T22:32:02.805 INFO:teuthology.orchestra.run.smithi033.stdout:/usr/bin/ceph: stderr
2024-04-24T22:32:02.170+0000 7f4d1b299700 1 -- 172.21.15.33:0/3831049529 shutdown_connections
2024-04-24T22:32:02.805 INFO:teuthology.orchestra.run.smithi033.stdout:/usr/bin/ceph: stderr
2024-04-24T22:32:02.170+0000 7f4d1b299700 1 --2- 172.21.15.33:0/3831049529 >> [v2:172.21.15.33:6800/2590842983,v1:172.21.15.33:6801/2590842983] conn(0x7f4d00038ff0 0x7f4d0003b4b0 unknown :-1 s=CLOSED pgs=7 cs=0 l=1 rev1=1 crypto rx=0 tx=0 comp rx=0 tx=0).stop
2024-04-24T22:32:02.805 INFO:teuthology.orchestra.run.smithi033.stdout:/usr/bin/ceph: stderr
2024-04-24T22:32:02.170+0000 7f4d1b299700 1 --2- 172.21.15.33:0/3831049529 >> [v2:172.21.15.33:3300/0,v1:172.21.15.33:6789/0] conn(0x7f4d14107f40 0x7f4d1419bf60 unknown :-1 s=CLOSED pgs=69 cs=0 l=1 rev1=1 crypto rx=0 tx=0 comp rx=0 tx=0).stop
2024-04-24T22:32:02.805 INFO:teuthology.orchestra.run.smithi033.stdout:/usr/bin/ceph: stderr
2024-04-24T22:32:02.170+0000 7f4d1b299700 1 -- 172.21.15.33:0/3831049529 >> 172.21.15.33:0/3831049529 conn(0x7f4d14103570 msgr2=0x7f4d14104040 unknown :-1 s=STATE_NONE l=0).mark_down
2024-04-24T22:32:02.805 INFO:teuthology.orchestra.run.smithi033.stdout:/usr/bin/ceph: stderr
2024-04-24T22:32:02.170+0000 7f4d1b299700 1 -- 172.21.15.33:0/3831049529 shutdown_connections
2024-04-24T22:32:02.805 INFO:teuthology.orchestra.run.smithi033.stdout:/usr/bin/ceph: stderr
2024-04-24T22:32:02.170+0000 7f4d1b299700 1 -- 172.21.15.33:0/3831049529 wait complete.
2024-04-24T22:32:02.805 INFO:teuthology.orchestra.run.smithi033.stdout:Creating initial admin user...
2024-04-24T22:32:03.200 INFO:journalctl@ceph.mon.a.smithi033.stdout:Apr 24 22:32:03 smithi033 ceph-mon[29320]: from='client.14162 -' entity='client.admin' cmd=[{"prefix": "dashboard create-self-signed-cert", "target": ["mon-mgr", ""]}]: dispatch
2024-04-24T22:32:03.200 INFO:journalctl@ceph.mon.a.smithi033.stdout:Apr 24 22:32:03 smithi033 ceph-mon[29320]: mgrmap e12: x(active, since 2s)
2024-04-24T22:32:03.200 INFO:journalctl@ceph.mon.a.smithi033.stdout:Apr 24 22:32:03 smithi033 ceph-mon[29320]: from='mgr.14150 172.21.15.33:0/1381050851' entity='mgr.x'
2024-04-24T22:32:03.200 INFO:journalctl@ceph.mon.a.smithi033.stdout:Apr 24 22:32:03 smithi033 ceph-mon[29320]: from='mgr.14150 172.21.15.33:0/1381050851' entity='mgr.x'
2024-04-24T22:32:03.200 INFO:journalctl@ceph.mon.a.smithi033.stdout:Apr 24 22:32:03 smithi033 ceph-mon[29320]: from='mgr.14150 172.21.15.33:0/1381050851' entity='mgr.x'
2024-04-24T22:32:04.310 INFO:teuthology.orchestra.run.smithi033.stdout:/usr/bin/ceph: stdout {"username": "admin", "password": "$2b$12$JS1BawPwQP5bajOQuTY2We8M7y7NsgOoc1o9vFont32aiaDW9tcq2", "roles": ["administrator"], "name": null, "email": null, "lastUpdate": 1713997923, "enabled": true, "pwdExpirationDate": null, "pwdUpdateRequired": true}
2024-04-24T22:32:04.310 INFO:teuthology.orchestra.run.smithi033.stdout:/usr/bin/ceph: stderr
2024-04-24T22:32:03.228+0000 7f4393664700 1 Processor -- start
2024-04-24T22:32:04.310 INFO:teuthology.orchestra.run.smithi033.stdout:/usr/bin/ceph: stderr
2024-04-24T22:32:03.228+0000 7f4393664700 1 -- start start
2024-04-24T22:32:04.310 INFO:teuthology.orchestra.run.smithi033.stdout:/usr/bin/ceph: stderr
2024-04-24T22:32:03.228+0000 7f4393664700 1 --2- >> [v2:172.21.15.33:3300/0,v1:172.21.15.33:6789/0] conn(0x7f438c108020 0x7f438c108440 unknown :-1 s=NONE pgs=0 cs=0 l=0 rev1=0 crypto rx=0 tx=0 comp rx=0 tx=0).connect
2024-04-24T22:32:04.311 INFO:teuthology.orchestra.run.smithi033.stdout:/usr/bin/ceph: stderr
2024-04-24T22:32:03.228+0000 7f4393664700 1 -- --> [v2:172.21.15.33:3300/0,v1:172.21.15.33:6789/0] -- mon_getmap magic: 0 -- 0x7f438c108980 con 0x7f438c108020
2024-04-24T22:32:04.311 INFO:teuthology.orchestra.run.smithi033.stdout:/usr/bin/ceph: stderr
2024-04-24T22:32:03.229+0000 7f4391400700 1 --2- >> [v2:172.21.15.33:3300/0,v1:172.21.15.33:6789/0] conn(0x7f438c108020 0x7f438c108440 unknown :-1 s=BANNER_CONNECTING pgs=0 cs=0 l=0 rev1=0 crypto rx=0 tx=0 comp rx=0 tx=0)._handle_peer_banner_payload supported=3 required=0
2024-04-24T22:32:04.311 INFO:teuthology.orchestra.run.smithi033.stdout:/usr/bin/ceph: stderr
2024-04-24T22:32:03.229+0000 7f4391400700 1 --2- >> [v2:172.21.15.33:3300/0,v1:172.21.15.33:6789/0] conn(0x7f438c108020 0x7f438c108440 unknown :-1 s=HELLO_CONNECTING pgs=0 cs=0 l=0 rev1=1 crypto rx=0 tx=0 comp rx=0 tx=0).handle_hello peer v2:172.21.15.33:3300/0 says I am v2:172.21.15.33:35982/0 (socket says 172.21.15.33:35982)
2024-04-24T22:32:04.311 INFO:teuthology.orchestra.run.smithi033.stdout:/usr/bin/ceph: stderr
2024-04-24T22:32:03.229+0000 7f4391400700 1 -- 172.21.15.33:0/3173317517 learned_addr learned my addr 172.21.15.33:0/3173317517 (peer_addr_for_me v2:172.21.15.33:0/0)
2024-04-24T22:32:04.311 INFO:teuthology.orchestra.run.smithi033.stdout:/usr/bin/ceph: stderr
2024-04-24T22:32:03.229+0000 7f4391400700 1 -- 172.21.15.33:0/3173317517 --> [v2:172.21.15.33:3300/0,v1:172.21.15.33:6789/0] -- mon_subscribe({config=0+,monmap=0+}) -- 0x7f438c109090 con 0x7f438c108020
2024-04-24T22:32:04.311 INFO:teuthology.orchestra.run.smithi033.stdout:/usr/bin/ceph: stderr
2024-04-24T22:32:03.229+0000 7f4391400700 1 --2- 172.21.15.33:0/3173317517 >> [v2:172.21.15.33:3300/0,v1:172.21.15.33:6789/0] conn(0x7f438c108020 0x7f438c108440 secure :-1 s=READY pgs=70 cs=0 l=1 rev1=1 crypto rx=0x7f43880098a0 tx=0x7f4388009bb0 comp rx=0 tx=0).ready entity=mon.0 client_cookie=b281da9d8c6a8e52 server_cookie=0 in_seq=0 out_seq=0
2024-04-24T22:32:04.311 INFO:teuthology.orchestra.run.smithi033.stdout:/usr/bin/ceph: stderr
2024-04-24T22:32:03.229+0000 7f4383fff700 1 -- 172.21.15.33:0/3173317517 <== mon.0 v2:172.21.15.33:3300/0 1 ==== mon_map magic: 0 ==== 205+0+0 (secure 0 0 0) 0x7f4388004160 con 0x7f438c108020
2024-04-24T22:32:04.312 INFO:teuthology.orchestra.run.smithi033.stdout:/usr/bin/ceph: stderr
2024-04-24T22:32:03.229+0000 7f4383fff700 1 -- 172.21.15.33:0/3173317517 <== mon.0 v2:172.21.15.33:3300/0 2 ==== config(29 keys) ==== 1209+0+0 (secure 0 0 0) 0x7f4388004300 con 0x7f438c108020
2024-04-24T22:32:04.312 INFO:teuthology.orchestra.run.smithi033.stdout:/usr/bin/ceph: stderr
2024-04-24T22:32:03.229+0000 7f4383fff700 1 -- 172.21.15.33:0/3173317517 <== mon.0 v2:172.21.15.33:3300/0 3 ==== mon_map magic: 0 ==== 205+0+0 (secure 0 0 0) 0x7f4388011c70 con 0x7f438c108020
2024-04-24T22:32:04.312 INFO:teuthology.orchestra.run.smithi033.stdout:/usr/bin/ceph: stderr
2024-04-24T22:32:03.230+0000 7f4393664700 1 -- 172.21.15.33:0/3173317517 >> [v2:172.21.15.33:3300/0,v1:172.21.15.33:6789/0] conn(0x7f438c108020 msgr2=0x7f438c108440 secure :-1 s=STATE_CONNECTION_ESTABLISHED l=1).mark_down
2024-04-24T22:32:04.312 INFO:teuthology.orchestra.run.smithi033.stdout:/usr/bin/ceph: stderr
2024-04-24T22:32:03.230+0000 7f4393664700 1 --2- 172.21.15.33:0/3173317517 >> [v2:172.21.15.33:3300/0,v1:172.21.15.33:6789/0] conn(0x7f438c108020 0x7f438c108440 secure :-1 s=READY pgs=70 cs=0 l=1 rev1=1 crypto rx=0x7f43880098a0 tx=0x7f4388009bb0 comp rx=0 tx=0).stop
2024-04-24T22:32:04.313 INFO:teuthology.orchestra.run.smithi033.stdout:/usr/bin/ceph: stderr
2024-04-24T22:32:03.230+0000 7f4393664700 1 -- 172.21.15.33:0/3173317517 shutdown_connections
2024-04-24T22:32:04.313 INFO:teuthology.orchestra.run.smithi033.stdout:/usr/bin/ceph: stderr
2024-04-24T22:32:03.230+0000 7f4393664700 1 --2- 172.21.15.33:0/3173317517 >> [v2:172.21.15.33:3300/0,v1:172.21.15.33:6789/0] conn(0x7f438c108020 0x7f438c108440 unknown :-1 s=CLOSED pgs=70 cs=0 l=1 rev1=1 crypto rx=0 tx=0 comp rx=0 tx=0).stop
2024-04-24T22:32:04.313 INFO:teuthology.orchestra.run.smithi033.stdout:/usr/bin/ceph: stderr
2024-04-24T22:32:03.230+0000 7f4393664700 1 -- 172.21.15.33:0/3173317517 >> 172.21.15.33:0/3173317517 conn(0x7f438c103620 msgr2=0x7f438c105a40 unknown :-1 s=STATE_NONE l=0).mark_down
2024-04-24T22:32:04.313 INFO:teuthology.orchestra.run.smithi033.stdout:/usr/bin/ceph: stderr
2024-04-24T22:32:03.230+0000 7f4393664700 1 -- 172.21.15.33:0/3173317517 shutdown_connections
2024-04-24T22:32:04.313 INFO:teuthology.orchestra.run.smithi033.stdout:/usr/bin/ceph: stderr
2024-04-24T22:32:03.230+0000 7f4393664700 1 -- 172.21.15.33:0/3173317517 wait complete.
2024-04-24T22:32:04.313 INFO:teuthology.orchestra.run.smithi033.stdout:/usr/bin/ceph: stderr
2024-04-24T22:32:03.231+0000 7f4393664700 1 Processor -- start
2024-04-24T22:32:04.314 INFO:teuthology.orchestra.run.smithi033.stdout:/usr/bin/ceph: stderr
2024-04-24T22:32:03.231+0000 7f4393664700 1 -- start start
2024-04-24T22:32:04.314 INFO:teuthology.orchestra.run.smithi033.stdout:/usr/bin/ceph: stderr
2024-04-24T22:32:03.231+0000 7f4393664700 1 --2- >> [v2:172.21.15.33:3300/0,v1:172.21.15.33:6789/0] conn(0x7f438c108020 0x7f438c19c000 unknown :-1 s=NONE pgs=0 cs=0 l=1 rev1=0 crypto rx=0 tx=0 comp rx=0 tx=0).connect
2024-04-24T22:32:04.314 INFO:teuthology.orchestra.run.smithi033.stdout:/usr/bin/ceph: stderr
2024-04-24T22:32:03.231+0000 7f4393664700 1 -- --> [v2:172.21.15.33:3300/0,v1:172.21.15.33:6789/0] -- mon_getmap magic: 0 -- 0x7f438c10c4d0 con 0x7f438c108020
2024-04-24T22:32:04.314 INFO:teuthology.orchestra.run.smithi033.stdout:/usr/bin/ceph: stderr
2024-04-24T22:32:03.231+0000 7f4391400700 1 --2- >> [v2:172.21.15.33:3300/0,v1:172.21.15.33:6789/0] conn(0x7f438c108020 0x7f438c19c000 unknown :-1 s=BANNER_CONNECTING pgs=0 cs=0 l=1 rev1=0 crypto rx=0 tx=0 comp rx=0 tx=0)._handle_peer_banner_payload supported=3 required=0
2024-04-24T22:32:04.314 INFO:teuthology.orchestra.run.smithi033.stdout:/usr/bin/ceph: stderr
2024-04-24T22:32:03.231+0000 7f4391400700 1 --2- >> [v2:172.21.15.33:3300/0,v1:172.21.15.33:6789/0] conn(0x7f438c108020 0x7f438c19c000 unknown :-1 s=HELLO_CONNECTING pgs=0 cs=0 l=1 rev1=1 crypto rx=0 tx=0 comp rx=0 tx=0).handle_hello peer v2:172.21.15.33:3300/0 says I am v2:172.21.15.33:35990/0 (socket says 172.21.15.33:35990)
2024-04-24T22:32:04.315 INFO:teuthology.orchestra.run.smithi033.stdout:/usr/bin/ceph: stderr
2024-04-24T22:32:03.231+0000 7f4391400700 1 -- 172.21.15.33:0/2800049406 learned_addr learned my addr 172.21.15.33:0/2800049406 (peer_addr_for_me v2:172.21.15.33:0/0)
2024-04-24T22:32:04.315 INFO:teuthology.orchestra.run.smithi033.stdout:/usr/bin/ceph: stderr
2024-04-24T22:32:03.231+0000 7f4391400700 1 -- 172.21.15.33:0/2800049406 --> [v2:172.21.15.33:3300/0,v1:172.21.15.33:6789/0] -- mon_subscribe({config=0+,monmap=0+}) -- 0x7f438c19c540 con 0x7f438c108020
2024-04-24T22:32:04.315 INFO:teuthology.orchestra.run.smithi033.stdout:/usr/bin/ceph: stderr
2024-04-24T22:32:03.231+0000 7f4391400700 1 --2- 172.21.15.33:0/2800049406 >> [v2:172.21.15.33:3300/0,v1:172.21.15.33:6789/0] conn(0x7f438c108020 0x7f438c19c000 secure :-1 s=READY pgs=71 cs=0 l=1 rev1=1 crypto rx=0x7f43880117f0 tx=0x7f4388011cf0 comp rx=0 tx=0).ready entity=mon.0 client_cookie=0 server_cookie=0 in_seq=0 out_seq=0
2024-04-24T22:32:04.315 INFO:teuthology.orchestra.run.smithi033.stdout:/usr/bin/ceph: stderr
2024-04-24T22:32:03.232+0000 7f43827fc700 1 -- 172.21.15.33:0/2800049406 <== mon.0 v2:172.21.15.33:3300/0 1 ==== mon_map magic: 0 ==== 205+0+0 (secure 0 0 0) 0x7f43880038b0 con 0x7f438c108020
2024-04-24T22:32:04.315 INFO:teuthology.orchestra.run.smithi033.stdout:/usr/bin/ceph: stderr
2024-04-24T22:32:03.232+0000 7f43827fc700 1 -- 172.21.15.33:0/2800049406 <== mon.0 v2:172.21.15.33:3300/0 2 ==== config(29 keys) ==== 1209+0+0 (secure 0 0 0) 0x7f4388024430 con 0x7f438c108020
2024-04-24T22:32:04.316 INFO:teuthology.orchestra.run.smithi033.stdout:/usr/bin/ceph: stderr
2024-04-24T22:32:03.232+0000 7f43827fc700 1 -- 172.21.15.33:0/2800049406 <== mon.0 v2:172.21.15.33:3300/0 3 ==== mon_map magic: 0 ==== 205+0+0 (secure 0 0 0) 0x7f438801a5c0 con 0x7f438c108020
2024-04-24T22:32:04.316 INFO:teuthology.orchestra.run.smithi033.stdout:/usr/bin/ceph: stderr
2024-04-24T22:32:03.232+0000 7f4393664700 1 -- 172.21.15.33:0/2800049406 --> [v2:172.21.15.33:3300/0,v1:172.21.15.33:6789/0] -- mon_subscribe({mgrmap=0+}) -- 0x7f438c19c7d0 con 0x7f438c108020
2024-04-24T22:32:04.316 INFO:teuthology.orchestra.run.smithi033.stdout:/usr/bin/ceph: stderr
2024-04-24T22:32:03.232+0000 7f4393664700 1 -- 172.21.15.33:0/2800049406 --> [v2:172.21.15.33:3300/0,v1:172.21.15.33:6789/0] -- mon_subscribe({osdmap=0}) -- 0x7f438c19f4c0 con 0x7f438c108020
2024-04-24T22:32:04.317 INFO:teuthology.orchestra.run.smithi033.stdout:/usr/bin/ceph: stderr
2024-04-24T22:32:03.233+0000 7f43827fc700 1 -- 172.21.15.33:0/2800049406 <== mon.0 v2:172.21.15.33:3300/0 4 ==== mgrmap(e 12) ==== 46300+0+0 (secure 0 0 0) 0x7f4388024a90 con 0x7f438c108020
2024-04-24T22:32:04.317 INFO:teuthology.orchestra.run.smithi033.stdout:/usr/bin/ceph: stderr
2024-04-24T22:32:03.233+0000 7f43827fc700 1 --2- 172.21.15.33:0/2800049406 >> [v2:172.21.15.33:6800/2590842983,v1:172.21.15.33:6801/2590842983] conn(0x7f4378039050 0x7f437803b510 unknown :-1 s=NONE pgs=0 cs=0 l=1 rev1=0 crypto rx=0 tx=0 comp rx=0 tx=0).connect
2024-04-24T22:32:04.317 INFO:teuthology.orchestra.run.smithi033.stdout:/usr/bin/ceph: stderr
2024-04-24T22:32:03.233+0000 7f43827fc700 1 -- 172.21.15.33:0/2800049406 <== mon.0 v2:172.21.15.33:3300/0 5 ==== osd_map(3..3 src has 1..3) ==== 1155+0+0 (secure 0 0 0) 0x7f438804d4a0 con 0x7f438c108020
2024-04-24T22:32:04.317 INFO:teuthology.orchestra.run.smithi033.stdout:/usr/bin/ceph: stderr
2024-04-24T22:32:03.233+0000 7f4393664700 1 -- 172.21.15.33:0/2800049406 --> [v2:172.21.15.33:3300/0,v1:172.21.15.33:6789/0] -- mon_command({"prefix": "get_command_descriptions"} v 0) -- 0x7f438c063890 con 0x7f438c108020
2024-04-24T22:32:04.317 INFO:teuthology.orchestra.run.smithi033.stdout:/usr/bin/ceph: stderr
2024-04-24T22:32:03.233+0000 7f4390bff700 1 --2- 172.21.15.33:0/2800049406 >> [v2:172.21.15.33:6800/2590842983,v1:172.21.15.33:6801/2590842983] conn(0x7f4378039050 0x7f437803b510 unknown :-1 s=BANNER_CONNECTING pgs=0 cs=0 l=1 rev1=0 crypto rx=0 tx=0 comp rx=0 tx=0)._handle_peer_banner_payload supported=3 required=0
2024-04-24T22:32:04.317 INFO:teuthology.orchestra.run.smithi033.stdout:/usr/bin/ceph: stderr
2024-04-24T22:32:03.233+0000 7f4390bff700 1 --2- 172.21.15.33:0/2800049406 >> [v2:172.21.15.33:6800/2590842983,v1:172.21.15.33:6801/2590842983] conn(0x7f4378039050 0x7f437803b510 secure :-1 s=READY pgs=8 cs=0 l=1 rev1=1 crypto rx=0x7f437c006fd0 tx=0x7f437c006e40 comp rx=0 tx=0).ready entity=mgr.14150 client_cookie=0 server_cookie=0 in_seq=0 out_seq=0
2024-04-24T22:32:04.318 INFO:teuthology.orchestra.run.smithi033.stdout:/usr/bin/ceph: stderr
2024-04-24T22:32:03.238+0000 7f43827fc700 1 -- 172.21.15.33:0/2800049406 <== mon.0 v2:172.21.15.33:3300/0 6 ==== mon_command_ack([{"prefix": "get_command_descriptions"}]=0 v0) ==== 72+0+186147 (secure 0 0 0) 0x7f43880042d0 con 0x7f438c108020
2024-04-24T22:32:04.318 INFO:teuthology.orchestra.run.smithi033.stdout:/usr/bin/ceph: stderr
2024-04-24T22:32:03.478+0000 7f4393664700 1 -- 172.21.15.33:0/2800049406 --> [v2:172.21.15.33:6800/2590842983,v1:172.21.15.33:6801/2590842983] -- mgr_command(tid 0: {"prefix": "dashboard ac-user-create", "username": "admin", "rolename": "administrator", "force_password": true, "pwd_update_required": true, "target": ["mon-mgr", ""]}) -- 0x7f438c19f690 con 0x7f4378039050
2024-04-24T22:32:04.318 INFO:teuthology.orchestra.run.smithi033.stdout:/usr/bin/ceph: stderr
2024-04-24T22:32:03.725+0000 7f43827fc700 1 -- 172.21.15.33:0/2800049406 <== mgr.14150 v2:172.21.15.33:6800/2590842983 1 ==== mgr_command_reply(tid 0: 0 ) ==== 8+0+252 (secure 0 0 0) 0x7f438c19f690 con 0x7f4378039050
2024-04-24T22:32:04.318 INFO:teuthology.orchestra.run.smithi033.stdout:/usr/bin/ceph: stderr
2024-04-24T22:32:03.727+0000 7f4393664700 1 -- 172.21.15.33:0/2800049406 >> [v2:172.21.15.33:6800/2590842983,v1:172.21.15.33:6801/2590842983] conn(0x7f4378039050 msgr2=0x7f437803b510 secure :-1 s=STATE_CONNECTION_ESTABLISHED l=1).mark_down
2024-04-24T22:32:04.318 INFO:teuthology.orchestra.run.smithi033.stdout:/usr/bin/ceph: stderr
2024-04-24T22:32:03.727+0000 7f4393664700 1 --2- 172.21.15.33:0/2800049406 >> [v2:172.21.15.33:6800/2590842983,v1:172.21.15.33:6801/2590842983] conn(0x7f4378039050 0x7f437803b510 secure :-1 s=READY pgs=8 cs=0 l=1 rev1=1 crypto rx=0x7f437c006fd0 tx=0x7f437c006e40 comp rx=0 tx=0).stop
2024-04-24T22:32:04.318 INFO:teuthology.orchestra.run.smithi033.stdout:/usr/bin/ceph: stderr
2024-04-24T22:32:03.727+0000 7f4393664700 1 -- 172.21.15.33:0/2800049406 >> [v2:172.21.15.33:3300/0,v1:172.21.15.33:6789/0] conn(0x7f438c108020 msgr2=0x7f438c19c000 secure :-1 s=STATE_CONNECTION_ESTABLISHED l=1).mark_down
2024-04-24T22:32:04.318 INFO:teuthology.orchestra.run.smithi033.stdout:/usr/bin/ceph: stderr
2024-04-24T22:32:03.727+0000 7f4393664700 1 --2- 172.21.15.33:0/2800049406 >> [v2:172.21.15.33:3300/0,v1:172.21.15.33:6789/0] conn(0x7f438c108020 0x7f438c19c000 secure :-1 s=READY pgs=71 cs=0 l=1 rev1=1 crypto rx=0x7f43880117f0 tx=0x7f4388011cf0 comp rx=0 tx=0).stop
2024-04-24T22:32:04.319 INFO:teuthology.orchestra.run.smithi033.stdout:/usr/bin/ceph: stderr
2024-04-24T22:32:03.727+0000 7f4393664700 1 -- 172.21.15.33:0/2800049406 shutdown_connections
2024-04-24T22:32:04.319 INFO:teuthology.orchestra.run.smithi033.stdout:/usr/bin/ceph: stderr
2024-04-24T22:32:03.727+0000 7f4393664700 1 --2- 172.21.15.33:0/2800049406 >> [v2:172.21.15.33:6800/2590842983,v1:172.21.15.33:6801/2590842983] conn(0x7f4378039050 0x7f437803b510 unknown :-1 s=CLOSED pgs=8 cs=0 l=1 rev1=1 crypto rx=0 tx=0 comp rx=0 tx=0).stop
2024-04-24T22:32:04.319 INFO:teuthology.orchestra.run.smithi033.stdout:/usr/bin/ceph: stderr
2024-04-24T22:32:03.727+0000 7f4393664700 1 --2- 172.21.15.33:0/2800049406 >> [v2:172.21.15.33:3300/0,v1:172.21.15.33:6789/0] conn(0x7f438c108020 0x7f438c19c000 unknown :-1 s=CLOSED pgs=71 cs=0 l=1 rev1=1 crypto rx=0 tx=0 comp rx=0 tx=0).stop
2024-04-24T22:32:04.319 INFO:teuthology.orchestra.run.smithi033.stdout:/usr/bin/ceph: stderr
2024-04-24T22:32:03.727+0000 7f4393664700 1 -- 172.21.15.33:0/2800049406 >> 172.21.15.33:0/2800049406 conn(0x7f438c103620 msgr2=0x7f438c104180 unknown :-1 s=STATE_NONE l=0).mark_down
2024-04-24T22:32:04.319 INFO:teuthology.orchestra.run.smithi033.stdout:/usr/bin/ceph: stderr
2024-04-24T22:32:03.727+0000 7f4393664700 1 -- 172.21.15.33:0/2800049406 shutdown_connections
2024-04-24T22:32:04.319 INFO:teuthology.orchestra.run.smithi033.stdout:/usr/bin/ceph: stderr
2024-04-24T22:32:03.727+0000 7f4393664700 1 -- 172.21.15.33:0/2800049406 wait complete.
2024-04-24T22:32:04.319 INFO:teuthology.orchestra.run.smithi033.stdout:Fetching dashboard port number...
2024-04-24T22:32:04.983 INFO:journalctl@ceph.mon.a.smithi033.stdout:Apr 24 22:32:04 smithi033 ceph-mon[29320]: from='client.14164 -' entity='client.admin' cmd=[{"prefix": "dashboard ac-user-create", "username": "admin", "rolename": "administrator", "force_password": true, "pwd_update_required": true, "target": ["mon-mgr", ""]}]: dispatch
2024-04-24T22:32:05.082 INFO:journalctl@ceph.mon.a.smithi033.stdout:Apr 24 22:32:04 smithi033 ceph-mon[29320]: from='mgr.14150 172.21.15.33:0/1381050851' entity='mgr.x'
2024-04-24T22:32:05.882 INFO:journalctl@ceph.mon.a.smithi033.stdout:Apr 24 22:32:05 smithi033 ceph-mon[29320]: from='client.? 172.21.15.33:0/2234394414' entity='client.admin' cmd=[{"prefix": "config get", "who": "mgr", "key": "mgr/dashboard/ssl_server_port"}]: dispatch
2024-04-24T22:32:05.891 INFO:teuthology.orchestra.run.smithi033.stdout:/usr/bin/ceph: stdout 8443
2024-04-24T22:32:05.891 INFO:teuthology.orchestra.run.smithi033.stdout:/usr/bin/ceph: stderr
2024-04-24T22:32:04.761+0000 7f3e929a8700 1 Processor -- start
2024-04-24T22:32:05.891 INFO:teuthology.orchestra.run.smithi033.stdout:/usr/bin/ceph: stderr
2024-04-24T22:32:04.761+0000 7f3e929a8700 1 -- start start
2024-04-24T22:32:05.891 INFO:teuthology.orchestra.run.smithi033.stdout:/usr/bin/ceph: stderr
2024-04-24T22:32:04.762+0000 7f3e929a8700 1 --2- >> [v2:172.21.15.33:3300/0,v1:172.21.15.33:6789/0] conn(0x7f3e8c1089a0 0x7f3e8c10ad90 unknown :-1 s=NONE pgs=0 cs=0 l=0 rev1=0 crypto rx=0 tx=0 comp rx=0 tx=0).connect
2024-04-24T22:32:05.891 INFO:teuthology.orchestra.run.smithi033.stdout:/usr/bin/ceph: stderr
2024-04-24T22:32:04.762+0000 7f3e929a8700 1 -- --> [v2:172.21.15.33:3300/0,v1:172.21.15.33:6789/0] -- mon_getmap magic: 0 -- 0x7f3e8c07bdf0 con 0x7f3e8c1089a0
2024-04-24T22:32:05.891 INFO:teuthology.orchestra.run.smithi033.stdout:/usr/bin/ceph: stderr
2024-04-24T22:32:04.762+0000 7f3e8bfff700 1 --2- >> [v2:172.21.15.33:3300/0,v1:172.21.15.33:6789/0] conn(0x7f3e8c1089a0 0x7f3e8c10ad90 unknown :-1 s=BANNER_CONNECTING pgs=0 cs=0 l=0 rev1=0 crypto rx=0 tx=0 comp rx=0 tx=0)._handle_peer_banner_payload supported=3 required=0
2024-04-24T22:32:05.891 INFO:teuthology.orchestra.run.smithi033.stdout:/usr/bin/ceph: stderr
2024-04-24T22:32:04.762+0000 7f3e8bfff700 1 --2- >> [v2:172.21.15.33:3300/0,v1:172.21.15.33:6789/0] conn(0x7f3e8c1089a0 0x7f3e8c10ad90 unknown :-1 s=HELLO_CONNECTING pgs=0 cs=0 l=0 rev1=1 crypto rx=0 tx=0 comp rx=0 tx=0).handle_hello peer v2:172.21.15.33:3300/0 says I am v2:172.21.15.33:35998/0 (socket says 172.21.15.33:35998)
2024-04-24T22:32:05.891 INFO:teuthology.orchestra.run.smithi033.stdout:/usr/bin/ceph: stderr
2024-04-24T22:32:04.762+0000 7f3e8bfff700 1 -- 172.21.15.33:0/2781220590 learned_addr learned my addr 172.21.15.33:0/2781220590 (peer_addr_for_me v2:172.21.15.33:0/0)
2024-04-24T22:32:05.891 INFO:teuthology.orchestra.run.smithi033.stdout:/usr/bin/ceph: stderr
2024-04-24T22:32:04.762+0000 7f3e8bfff700 1 -- 172.21.15.33:0/2781220590 --> [v2:172.21.15.33:3300/0,v1:172.21.15.33:6789/0] -- mon_subscribe({config=0+,monmap=0+}) -- 0x7f3e8c10b2d0 con 0x7f3e8c1089a0
2024-04-24T22:32:05.891 INFO:teuthology.orchestra.run.smithi033.stdout:/usr/bin/ceph: stderr
2024-04-24T22:32:04.762+0000 7f3e8bfff700 1 --2- 172.21.15.33:0/2781220590 >> [v2:172.21.15.33:3300/0,v1:172.21.15.33:6789/0] conn(0x7f3e8c1089a0 0x7f3e8c10ad90 secure :-1 s=READY pgs=72 cs=0 l=1 rev1=1 crypto rx=0x7f3e7c0098a0 tx=0x7f3e7c009bb0 comp rx=0 tx=0).ready entity=mon.0 client_cookie=e26ca30f0add555 server_cookie=0 in_seq=0 out_seq=0
2024-04-24T22:32:05.891 INFO:teuthology.orchestra.run.smithi033.stdout:/usr/bin/ceph: stderr
2024-04-24T22:32:04.762+0000 7f3e8affd700 1 -- 172.21.15.33:0/2781220590 <== mon.0 v2:172.21.15.33:3300/0 1 ==== mon_map magic: 0 ==== 205+0+0 (secure 0 0 0) 0x7f3e7c004160 con 0x7f3e8c1089a0
2024-04-24T22:32:05.892 INFO:teuthology.orchestra.run.smithi033.stdout:/usr/bin/ceph: stderr
2024-04-24T22:32:04.762+0000 7f3e8affd700 1 -- 172.21.15.33:0/2781220590 <== mon.0 v2:172.21.15.33:3300/0 2 ==== config(29 keys) ==== 1209+0+0 (secure 0 0 0) 0x7f3e7c004300 con 0x7f3e8c1089a0
2024-04-24T22:32:05.892 INFO:teuthology.orchestra.run.smithi033.stdout:/usr/bin/ceph: stderr
2024-04-24T22:32:04.762+0000 7f3e8affd700 1 -- 172.21.15.33:0/2781220590 <== mon.0 v2:172.21.15.33:3300/0 3 ==== mon_map magic: 0 ==== 205+0+0 (secure 0 0 0) 0x7f3e7c011c70 con 0x7f3e8c1089a0
2024-04-24T22:32:05.892 INFO:teuthology.orchestra.run.smithi033.stdout:/usr/bin/ceph: stderr
2024-04-24T22:32:04.763+0000 7f3e929a8700 1 -- 172.21.15.33:0/2781220590 >> [v2:172.21.15.33:3300/0,v1:172.21.15.33:6789/0] conn(0x7f3e8c1089a0 msgr2=0x7f3e8c10ad90 secure :-1 s=STATE_CONNECTION_ESTABLISHED l=1).mark_down
2024-04-24T22:32:05.892 INFO:teuthology.orchestra.run.smithi033.stdout:/usr/bin/ceph: stderr
2024-04-24T22:32:04.763+0000 7f3e929a8700 1 --2- 172.21.15.33:0/2781220590 >> [v2:172.21.15.33:3300/0,v1:172.21.15.33:6789/0] conn(0x7f3e8c1089a0 0x7f3e8c10ad90 secure :-1 s=READY pgs=72 cs=0 l=1 rev1=1 crypto rx=0x7f3e7c0098a0 tx=0x7f3e7c009bb0 comp rx=0 tx=0).stop
2024-04-24T22:32:05.892 INFO:teuthology.orchestra.run.smithi033.stdout:/usr/bin/ceph: stderr
2024-04-24T22:32:04.763+0000 7f3e929a8700 1 -- 172.21.15.33:0/2781220590 shutdown_connections
2024-04-24T22:32:05.892 INFO:teuthology.orchestra.run.smithi033.stdout:/usr/bin/ceph: stderr
2024-04-24T22:32:04.763+0000 7f3e929a8700 1 --2- 172.21.15.33:0/2781220590 >> [v2:172.21.15.33:3300/0,v1:172.21.15.33:6789/0] conn(0x7f3e8c1089a0 0x7f3e8c10ad90 unknown :-1 s=CLOSED pgs=72 cs=0 l=1 rev1=1 crypto rx=0 tx=0 comp rx=0 tx=0).stop
2024-04-24T22:32:05.892 INFO:teuthology.orchestra.run.smithi033.stdout:/usr/bin/ceph: stderr
2024-04-24T22:32:04.763+0000 7f3e929a8700 1 -- 172.21.15.33:0/2781220590 >> 172.21.15.33:0/2781220590 conn(0x7f3e8c102410 msgr2=0x7f3e8c104830 unknown :-1 s=STATE_NONE l=0).mark_down
2024-04-24T22:32:05.892 INFO:teuthology.orchestra.run.smithi033.stdout:/usr/bin/ceph: stderr
2024-04-24T22:32:04.763+0000 7f3e929a8700 1 -- 172.21.15.33:0/2781220590 shutdown_connections
2024-04-24T22:32:05.892 INFO:teuthology.orchestra.run.smithi033.stdout:/usr/bin/ceph: stderr
2024-04-24T22:32:04.763+0000 7f3e929a8700 1 -- 172.21.15.33:0/2781220590 wait complete.
2024-04-24T22:32:05.892 INFO:teuthology.orchestra.run.smithi033.stdout:/usr/bin/ceph: stderr
2024-04-24T22:32:04.764+0000 7f3e929a8700 1 Processor -- start
2024-04-24T22:32:05.892 INFO:teuthology.orchestra.run.smithi033.stdout:/usr/bin/ceph: stderr
2024-04-24T22:32:04.764+0000 7f3e929a8700 1 -- start start
2024-04-24T22:32:05.892 INFO:teuthology.orchestra.run.smithi033.stdout:/usr/bin/ceph: stderr
2024-04-24T22:32:04.764+0000 7f3e929a8700 1 --2- >> [v2:172.21.15.33:3300/0,v1:172.21.15.33:6789/0] conn(0x7f3e8c1089a0 0x7f3e8c19bf80 unknown :-1 s=NONE pgs=0 cs=0 l=1 rev1=0 crypto rx=0 tx=0 comp rx=0 tx=0).connect
2024-04-24T22:32:05.892 INFO:teuthology.orchestra.run.smithi033.stdout:/usr/bin/ceph: stderr
2024-04-24T22:32:04.764+0000 7f3e929a8700 1 -- --> [v2:172.21.15.33:3300/0,v1:172.21.15.33:6789/0] -- mon_getmap magic: 0 -- 0x7f3e8c10c400 con 0x7f3e8c1089a0
2024-04-24T22:32:05.893 INFO:teuthology.orchestra.run.smithi033.stdout:/usr/bin/ceph: stderr
2024-04-24T22:32:04.764+0000 7f3e8bfff700 1 --2- >> [v2:172.21.15.33:3300/0,v1:172.21.15.33:6789/0] conn(0x7f3e8c1089a0 0x7f3e8c19bf80 unknown :-1 s=BANNER_CONNECTING pgs=0 cs=0 l=1 rev1=0 crypto rx=0 tx=0 comp rx=0 tx=0)._handle_peer_banner_payload supported=3 required=0
2024-04-24T22:32:05.893 INFO:teuthology.orchestra.run.smithi033.stdout:/usr/bin/ceph: stderr
2024-04-24T22:32:04.765+0000 7f3e8bfff700 1 --2- >> [v2:172.21.15.33:3300/0,v1:172.21.15.33:6789/0] conn(0x7f3e8c1089a0 0x7f3e8c19bf80 unknown :-1 s=HELLO_CONNECTING pgs=0 cs=0 l=1 rev1=1 crypto rx=0 tx=0 comp rx=0 tx=0).handle_hello peer v2:172.21.15.33:3300/0 says I am v2:172.21.15.33:36006/0 (socket says 172.21.15.33:36006)
2024-04-24T22:32:05.893 INFO:teuthology.orchestra.run.smithi033.stdout:/usr/bin/ceph: stderr
2024-04-24T22:32:04.765+0000 7f3e8bfff700 1 -- 172.21.15.33:0/2234394414 learned_addr learned my addr 172.21.15.33:0/2234394414 (peer_addr_for_me v2:172.21.15.33:0/0)
2024-04-24T22:32:05.893 INFO:teuthology.orchestra.run.smithi033.stdout:/usr/bin/ceph: stderr
2024-04-24T22:32:04.765+0000 7f3e8bfff700 1 -- 172.21.15.33:0/2234394414 --> [v2:172.21.15.33:3300/0,v1:172.21.15.33:6789/0] -- mon_subscribe({config=0+,monmap=0+}) -- 0x7f3e8c19c4c0 con 0x7f3e8c1089a0
2024-04-24T22:32:05.893 INFO:teuthology.orchestra.run.smithi033.stdout:/usr/bin/ceph: stderr
2024-04-24T22:32:04.765+0000 7f3e8bfff700 1 --2- 172.21.15.33:0/2234394414 >> [v2:172.21.15.33:3300/0,v1:172.21.15.33:6789/0] conn(0x7f3e8c1089a0 0x7f3e8c19bf80 secure :-1 s=READY pgs=73 cs=0 l=1 rev1=1 crypto rx=0x7f3e7c011930 tx=0x7f3e7c011cf0 comp rx=0 tx=0).ready entity=mon.0 client_cookie=0 server_cookie=0 in_seq=0 out_seq=0
2024-04-24T22:32:05.893 INFO:teuthology.orchestra.run.smithi033.stdout:/usr/bin/ceph: stderr
2024-04-24T22:32:04.765+0000 7f3e897fa700 1 -- 172.21.15.33:0/2234394414 <== mon.0 v2:172.21.15.33:3300/0 1 ==== mon_map magic: 0 ==== 205+0+0 (secure 0 0 0) 0x7f3e7c0039e0 con 0x7f3e8c1089a0
2024-04-24T22:32:05.893 INFO:teuthology.orchestra.run.smithi033.stdout:/usr/bin/ceph: stderr
2024-04-24T22:32:04.765+0000 7f3e929a8700 1 -- 172.21.15.33:0/2234394414 --> [v2:172.21.15.33:3300/0,v1:172.21.15.33:6789/0] -- mon_subscribe({mgrmap=0+}) -- 0x7f3e8c19c750 con 0x7f3e8c1089a0
2024-04-24T22:32:05.893 INFO:teuthology.orchestra.run.smithi033.stdout:/usr/bin/ceph: stderr
2024-04-24T22:32:04.765+0000 7f3e897fa700 1 -- 172.21.15.33:0/2234394414 <== mon.0 v2:172.21.15.33:3300/0 2 ==== config(29 keys) ==== 1209+0+0 (secure 0 0 0) 0x7f3e7c003b80 con 0x7f3e8c1089a0
2024-04-24T22:32:05.893 INFO:teuthology.orchestra.run.smithi033.stdout:/usr/bin/ceph: stderr
2024-04-24T22:32:04.765+0000 7f3e897fa700 1 -- 172.21.15.33:0/2234394414 <== mon.0 v2:172.21.15.33:3300/0 3 ==== mon_map magic: 0 ==== 205+0+0 (secure 0 0 0) 0x7f3e7c024760 con 0x7f3e8c1089a0
2024-04-24T22:32:05.893 INFO:teuthology.orchestra.run.smithi033.stdout:/usr/bin/ceph: stderr
2024-04-24T22:32:04.766+0000 7f3e929a8700 1 -- 172.21.15.33:0/2234394414 --> [v2:172.21.15.33:3300/0,v1:172.21.15.33:6789/0] -- mon_subscribe({osdmap=0}) -- 0x7f3e8c19f440 con 0x7f3e8c1089a0
2024-04-24T22:32:05.893 INFO:teuthology.orchestra.run.smithi033.stdout:/usr/bin/ceph: stderr
2024-04-24T22:32:04.766+0000 7f3e897fa700 1 -- 172.21.15.33:0/2234394414 <== mon.0 v2:172.21.15.33:3300/0 4 ==== mgrmap(e 12) ==== 46300+0+0 (secure 0 0 0) 0x7f3e7c022020 con 0x7f3e8c1089a0
2024-04-24T22:32:05.893 INFO:teuthology.orchestra.run.smithi033.stdout:/usr/bin/ceph: stderr
2024-04-24T22:32:04.766+0000 7f3e897fa700 1 --2- 172.21.15.33:0/2234394414 >> [v2:172.21.15.33:6800/2590842983,v1:172.21.15.33:6801/2590842983] conn(0x7f3e78039050 0x7f3e7803b510 unknown :-1 s=NONE pgs=0 cs=0 l=1 rev1=0 crypto rx=0 tx=0 comp rx=0 tx=0).connect
2024-04-24T22:32:05.893 INFO:teuthology.orchestra.run.smithi033.stdout:/usr/bin/ceph: stderr
2024-04-24T22:32:04.766+0000 7f3e897fa700 1 -- 172.21.15.33:0/2234394414 <== mon.0 v2:172.21.15.33:3300/0 5 ==== osd_map(3..3 src has 1..3) ==== 1155+0+0 (secure 0 0 0) 0x7f3e7c003d30 con 0x7f3e8c1089a0
2024-04-24T22:32:05.893 INFO:teuthology.orchestra.run.smithi033.stdout:/usr/bin/ceph: stderr
2024-04-24T22:32:04.767+0000 7f3e8b7fe700 1 --2- 172.21.15.33:0/2234394414 >> [v2:172.21.15.33:6800/2590842983,v1:172.21.15.33:6801/2590842983] conn(0x7f3e78039050 0x7f3e7803b510 unknown :-1 s=BANNER_CONNECTING pgs=0 cs=0 l=1 rev1=0 crypto rx=0 tx=0 comp rx=0 tx=0)._handle_peer_banner_payload supported=3 required=0
2024-04-24T22:32:05.894 INFO:teuthology.orchestra.run.smithi033.stdout:/usr/bin/ceph: stderr
2024-04-24T22:32:04.767+0000 7f3e929a8700 1 -- 172.21.15.33:0/2234394414 --> [v2:172.21.15.33:3300/0,v1:172.21.15.33:6789/0] -- mon_command({"prefix": "get_command_descriptions"} v 0) -- 0x7f3e8c063890 con 0x7f3e8c1089a0
2024-04-24T22:32:05.894 INFO:teuthology.orchestra.run.smithi033.stdout:/usr/bin/ceph: stderr
2024-04-24T22:32:04.767+0000 7f3e8b7fe700 1 --2- 172.21.15.33:0/2234394414 >> [v2:172.21.15.33:6800/2590842983,v1:172.21.15.33:6801/2590842983] conn(0x7f3e78039050 0x7f3e7803b510 secure :-1 s=READY pgs=9 cs=0 l=1 rev1=1 crypto rx=0x7f3e74006fd0 tx=0x7f3e74006e40 comp rx=0 tx=0).ready entity=mgr.14150 client_cookie=0 server_cookie=0 in_seq=0 out_seq=0
2024-04-24T22:32:05.894 INFO:teuthology.orchestra.run.smithi033.stdout:/usr/bin/ceph: stderr
2024-04-24T22:32:04.772+0000 7f3e897fa700 1 -- 172.21.15.33:0/2234394414 <== mon.0 v2:172.21.15.33:3300/0 6 ==== mon_command_ack([{"prefix": "get_command_descriptions"}]=0 v0) ==== 72+0+186147 (secure 0 0 0) 0x7f3e7c020220 con 0x7f3e8c1089a0
2024-04-24T22:32:05.894 INFO:teuthology.orchestra.run.smithi033.stdout:/usr/bin/ceph: stderr
2024-04-24T22:32:04.978+0000 7f3e929a8700 1 -- 172.21.15.33:0/2234394414 --> [v2:172.21.15.33:3300/0,v1:172.21.15.33:6789/0] -- mon_command({"prefix": "config get", "who": "mgr", "key": "mgr/dashboard/ssl_server_port"} v 0) -- 0x7f3e8c19f610 con 0x7f3e8c1089a0
2024-04-24T22:32:05.894 INFO:teuthology.orchestra.run.smithi033.stdout:/usr/bin/ceph: stderr
2024-04-24T22:32:04.979+0000 7f3e897fa700 1 -- 172.21.15.33:0/2234394414 <== mon.0 v2:172.21.15.33:3300/0 7 ==== mon_command_ack([{"prefix": "config get", "who": "mgr", "key": "mgr/dashboard/ssl_server_port"}]=0 v8) ==== 112+0+5 (secure 0 0 0) 0x7f3e7c018c20 con 0x7f3e8c1089a0
2024-04-24T22:32:05.894 INFO:teuthology.orchestra.run.smithi033.stdout:/usr/bin/ceph: stderr
2024-04-24T22:32:04.981+0000 7f3e929a8700 1 -- 172.21.15.33:0/2234394414 >> [v2:172.21.15.33:6800/2590842983,v1:172.21.15.33:6801/2590842983] conn(0x7f3e78039050 msgr2=0x7f3e7803b510 secure :-1 s=STATE_CONNECTION_ESTABLISHED l=1).mark_down
2024-04-24T22:32:05.894 INFO:teuthology.orchestra.run.smithi033.stdout:/usr/bin/ceph: stderr
2024-04-24T22:32:04.981+0000 7f3e929a8700 1 --2- 172.21.15.33:0/2234394414 >> [v2:172.21.15.33:6800/2590842983,v1:172.21.15.33:6801/2590842983] conn(0x7f3e78039050 0x7f3e7803b510 secure :-1 s=READY pgs=9 cs=0 l=1 rev1=1 crypto rx=0x7f3e74006fd0 tx=0x7f3e74006e40 comp rx=0 tx=0).stop
2024-04-24T22:32:05.894 INFO:teuthology.orchestra.run.smithi033.stdout:/usr/bin/ceph: stderr
2024-04-24T22:32:04.981+0000 7f3e929a8700 1 -- 172.21.15.33:0/2234394414 >> [v2:172.21.15.33:3300/0,v1:172.21.15.33:6789/0] conn(0x7f3e8c1089a0 msgr2=0x7f3e8c19bf80 secure :-1 s=STATE_CONNECTION_ESTABLISHED l=1).mark_down
2024-04-24T22:32:05.894 INFO:teuthology.orchestra.run.smithi033.stdout:/usr/bin/ceph: stderr
2024-04-24T22:32:04.981+0000 7f3e929a8700 1 --2- 172.21.15.33:0/2234394414 >> [v2:172.21.15.33:3300/0,v1:172.21.15.33:6789/0] conn(0x7f3e8c1089a0 0x7f3e8c19bf80 secure :-1 s=READY pgs=73 cs=0 l=1 rev1=1 crypto rx=0x7f3e7c011930 tx=0x7f3e7c011cf0 comp rx=0 tx=0).stop
2024-04-24T22:32:05.894 INFO:teuthology.orchestra.run.smithi033.stdout:/usr/bin/ceph: stderr
2024-04-24T22:32:04.981+0000 7f3e929a8700 1 -- 172.21.15.33:0/2234394414 shutdown_connections
2024-04-24T22:32:05.894 INFO:teuthology.orchestra.run.smithi033.stdout:/usr/bin/ceph: stderr
2024-04-24T22:32:04.981+0000 7f3e929a8700 1 --2- 172.21.15.33:0/2234394414 >> [v2:172.21.15.33:6800/2590842983,v1:172.21.15.33:6801/2590842983] conn(0x7f3e78039050 0x7f3e7803b510 unknown :-1 s=CLOSED pgs=9 cs=0 l=1 rev1=1 crypto rx=0 tx=0 comp rx=0 tx=0).stop
2024-04-24T22:32:05.894 INFO:teuthology.orchestra.run.smithi033.stdout:/usr/bin/ceph: stderr
2024-04-24T22:32:04.981+0000 7f3e929a8700 1 --2- 172.21.15.33:0/2234394414 >> [v2:172.21.15.33:3300/0,v1:172.21.15.33:6789/0] conn(0x7f3e8c1089a0 0x7f3e8c19bf80 unknown :-1 s=CLOSED pgs=73 cs=0 l=1 rev1=1 crypto rx=0 tx=0 comp rx=0 tx=0).stop
2024-04-24T22:32:05.895 INFO:teuthology.orchestra.run.smithi033.stdout:/usr/bin/ceph: stderr
2024-04-24T22:32:04.981+0000 7f3e929a8700 1 -- 172.21.15.33:0/2234394414 >> 172.21.15.33:0/2234394414 conn(0x7f3e8c102410 msgr2=0x7f3e8c102eb0 unknown :-1 s=STATE_NONE l=0).mark_down
2024-04-24T22:32:05.895 INFO:teuthology.orchestra.run.smithi033.stdout:/usr/bin/ceph: stderr
2024-04-24T22:32:04.981+0000 7f3e929a8700 1 -- 172.21.15.33:0/2234394414 shutdown_connections
2024-04-24T22:32:05.895 INFO:teuthology.orchestra.run.smithi033.stdout:/usr/bin/ceph: stderr
2024-04-24T22:32:04.981+0000 7f3e929a8700 1 -- 172.21.15.33:0/2234394414 wait complete.
2024-04-24T22:32:05.900 INFO:teuthology.orchestra.run.smithi033.stdout:Non-zero exit code 1 from systemctl is-enabled firewalld.service
2024-04-24T22:32:05.900 INFO:teuthology.orchestra.run.smithi033.stdout:systemctl: stdout disabled
2024-04-24T22:32:05.908 INFO:teuthology.orchestra.run.smithi033.stdout:Non-zero exit code 3 from systemctl is-active firewalld.service
2024-04-24T22:32:05.908 INFO:teuthology.orchestra.run.smithi033.stdout:systemctl: stdout inactive
2024-04-24T22:32:05.908 INFO:teuthology.orchestra.run.smithi033.stdout:firewalld.service is not enabled
2024-04-24T22:32:05.908 INFO:teuthology.orchestra.run.smithi033.stdout:Not possible to open ports <[8443]>. firewalld.service is not available
2024-04-24T22:32:05.910 INFO:teuthology.orchestra.run.smithi033.stdout:Ceph Dashboard is now available at:
2024-04-24T22:32:05.910 INFO:teuthology.orchestra.run.smithi033.stdout:
2024-04-24T22:32:05.910 INFO:teuthology.orchestra.run.smithi033.stdout: URL: https://smithi033:8443/
2024-04-24T22:32:05.910 INFO:teuthology.orchestra.run.smithi033.stdout: User: admin
2024-04-24T22:32:05.910 INFO:teuthology.orchestra.run.smithi033.stdout: Password: 8bxd2hkm4i
2024-04-24T22:32:05.910 INFO:teuthology.orchestra.run.smithi033.stdout:
2024-04-24T22:32:05.911 INFO:teuthology.orchestra.run.smithi033.stdout:Saving cluster configuration to /var/lib/ceph/3215b242-028a-11ef-bc93-c7b262605968/config directory
2024-04-24T22:32:05.911 INFO:teuthology.orchestra.run.smithi033.stdout:Enabling autotune for osd_memory_target
2024-04-24T22:32:06.846 INFO:journalctl@ceph.mon.a.smithi033.stdout:Apr 24 22:32:06 smithi033 ceph-mon[29320]: mgrmap e13: x(active, since 6s)
2024-04-24T22:32:07.131 INFO:teuthology.orchestra.run.smithi033.stdout:/usr/bin/ceph: stderr
2024-04-24T22:32:06.306+0000 7fb8468a3700 1 Processor -- start
2024-04-24T22:32:07.131 INFO:teuthology.orchestra.run.smithi033.stdout:/usr/bin/ceph: stderr
2024-04-24T22:32:06.306+0000 7fb8468a3700 1 -- start start
2024-04-24T22:32:07.131 INFO:teuthology.orchestra.run.smithi033.stdout:/usr/bin/ceph: stderr
2024-04-24T22:32:06.306+0000 7fb8468a3700 1 --2- >> [v2:172.21.15.33:3300/0,v1:172.21.15.33:6789/0] conn(0x7fb840108a70 0x7fb84010ae60 unknown :-1 s=NONE pgs=0 cs=0 l=0 rev1=0 crypto rx=0 tx=0 comp rx=0 tx=0).connect
2024-04-24T22:32:07.131 INFO:teuthology.orchestra.run.smithi033.stdout:/usr/bin/ceph: stderr
2024-04-24T22:32:06.306+0000 7fb8468a3700 1 -- --> [v2:172.21.15.33:3300/0,v1:172.21.15.33:6789/0] -- mon_getmap magic: 0 -- 0x7fb84007bd10 con 0x7fb840108a70
2024-04-24T22:32:07.131 INFO:teuthology.orchestra.run.smithi033.stdout:/usr/bin/ceph: stderr
2024-04-24T22:32:06.307+0000 7fb83ffff700 1 --2- >> [v2:172.21.15.33:3300/0,v1:172.21.15.33:6789/0] conn(0x7fb840108a70 0x7fb84010ae60 unknown :-1 s=BANNER_CONNECTING pgs=0 cs=0 l=0 rev1=0 crypto rx=0 tx=0 comp rx=0 tx=0)._handle_peer_banner_payload supported=3 required=0
2024-04-24T22:32:07.132 INFO:teuthology.orchestra.run.smithi033.stdout:/usr/bin/ceph: stderr
2024-04-24T22:32:06.307+0000 7fb83ffff700 1 --2- >> [v2:172.21.15.33:3300/0,v1:172.21.15.33:6789/0] conn(0x7fb840108a70 0x7fb84010ae60 unknown :-1 s=HELLO_CONNECTING pgs=0 cs=0 l=0 rev1=1 crypto rx=0 tx=0 comp rx=0 tx=0).handle_hello peer v2:172.21.15.33:3300/0 says I am v2:172.21.15.33:36020/0 (socket says 172.21.15.33:36020)
2024-04-24T22:32:07.132 INFO:teuthology.orchestra.run.smithi033.stdout:/usr/bin/ceph: stderr
2024-04-24T22:32:06.307+0000 7fb83ffff700 1 -- 172.21.15.33:0/943552309 learned_addr learned my addr 172.21.15.33:0/943552309 (peer_addr_for_me v2:172.21.15.33:0/0)
2024-04-24T22:32:07.132 INFO:teuthology.orchestra.run.smithi033.stdout:/usr/bin/ceph: stderr
2024-04-24T22:32:06.307+0000 7fb83ffff700 1 -- 172.21.15.33:0/943552309 --> [v2:172.21.15.33:3300/0,v1:172.21.15.33:6789/0] -- mon_subscribe({config=0+,monmap=0+}) -- 0x7fb84010b3a0 con 0x7fb840108a70
2024-04-24T22:32:07.132 INFO:teuthology.orchestra.run.smithi033.stdout:/usr/bin/ceph: stderr
2024-04-24T22:32:06.307+0000 7fb83ffff700 1 --2- 172.21.15.33:0/943552309 >> [v2:172.21.15.33:3300/0,v1:172.21.15.33:6789/0] conn(0x7fb840108a70 0x7fb84010ae60 secure :-1 s=READY pgs=74 cs=0 l=1 rev1=1 crypto rx=0x7fb8300098a0 tx=0x7fb830009bb0 comp rx=0 tx=0).ready entity=mon.0 client_cookie=11b71ed6d3b742f9 server_cookie=0 in_seq=0 out_seq=0
2024-04-24T22:32:07.132 INFO:teuthology.orchestra.run.smithi033.stdout:/usr/bin/ceph: stderr
2024-04-24T22:32:06.307+0000 7fb83effd700 1 -- 172.21.15.33:0/943552309 <== mon.0 v2:172.21.15.33:3300/0 1 ==== mon_map magic: 0 ==== 205+0+0 (secure 0 0 0) 0x7fb830004160 con 0x7fb840108a70
2024-04-24T22:32:07.132 INFO:teuthology.orchestra.run.smithi033.stdout:/usr/bin/ceph: stderr
2024-04-24T22:32:06.307+0000 7fb83effd700 1 -- 172.21.15.33:0/943552309 <== mon.0 v2:172.21.15.33:3300/0 2 ==== config(29 keys) ==== 1209+0+0 (secure 0 0 0) 0x7fb830004300 con 0x7fb840108a70
2024-04-24T22:32:07.132 INFO:teuthology.orchestra.run.smithi033.stdout:/usr/bin/ceph: stderr
2024-04-24T22:32:06.307+0000 7fb83effd700 1 -- 172.21.15.33:0/943552309 <== mon.0 v2:172.21.15.33:3300/0 3 ==== mon_map magic: 0 ==== 205+0+0 (secure 0 0 0) 0x7fb830011c70 con 0x7fb840108a70
