2024-04-24T22:44:59.942 INFO:teuthology.orchestra.run.smithi083.stdout:/usr/bin/ceph: stdout "num_up_osds": 0,
2024-04-24T22:44:59.942 INFO:teuthology.orchestra.run.smithi083.stdout:/usr/bin/ceph: stdout "osd_up_since": 0,
2024-04-24T22:44:59.951 INFO:teuthology.orchestra.run.smithi083.stdout:/usr/bin/ceph: stdout "num_in_osds": 0,
2024-04-24T22:44:59.952 INFO:teuthology.orchestra.run.smithi083.stdout:/usr/bin/ceph: stdout "osd_in_since": 0,
2024-04-24T22:44:59.952 INFO:teuthology.orchestra.run.smithi083.stdout:/usr/bin/ceph: stdout "num_remapped_pgs": 0
2024-04-24T22:44:59.952 INFO:teuthology.orchestra.run.smithi083.stdout:/usr/bin/ceph: stdout },
2024-04-24T22:44:59.952 INFO:teuthology.orchestra.run.smithi083.stdout:/usr/bin/ceph: stdout "pgmap": {
2024-04-24T22:44:59.952 INFO:teuthology.orchestra.run.smithi083.stdout:/usr/bin/ceph: stdout "pgs_by_state": [],
2024-04-24T22:44:59.952 INFO:teuthology.orchestra.run.smithi083.stdout:/usr/bin/ceph: stdout "num_pgs": 0,
2024-04-24T22:44:59.952 INFO:teuthology.orchestra.run.smithi083.stdout:/usr/bin/ceph: stdout "num_pools": 0,
2024-04-24T22:44:59.952 INFO:teuthology.orchestra.run.smithi083.stdout:/usr/bin/ceph: stdout "num_objects": 0,
2024-04-24T22:44:59.952 INFO:teuthology.orchestra.run.smithi083.stdout:/usr/bin/ceph: stdout "data_bytes": 0,
2024-04-24T22:44:59.952 INFO:teuthology.orchestra.run.smithi083.stdout:/usr/bin/ceph: stdout "bytes_used": 0,
2024-04-24T22:44:59.952 INFO:teuthology.orchestra.run.smithi083.stdout:/usr/bin/ceph: stdout "bytes_avail": 0,
2024-04-24T22:44:59.952 INFO:teuthology.orchestra.run.smithi083.stdout:/usr/bin/ceph: stdout "bytes_total": 0
2024-04-24T22:44:59.952 INFO:teuthology.orchestra.run.smithi083.stdout:/usr/bin/ceph: stdout },
2024-04-24T22:44:59.953 INFO:teuthology.orchestra.run.smithi083.stdout:/usr/bin/ceph: stdout "fsmap": {
2024-04-24T22:44:59.953 INFO:teuthology.orchestra.run.smithi083.stdout:/usr/bin/ceph: stdout "epoch": 1,
2024-04-24T22:44:59.953 INFO:teuthology.orchestra.run.smithi083.stdout:/usr/bin/ceph: stdout "by_rank": [],
2024-04-24T22:44:59.953 INFO:teuthology.orchestra.run.smithi083.stdout:/usr/bin/ceph: stdout "up:standby": 0
2024-04-24T22:44:59.953 INFO:teuthology.orchestra.run.smithi083.stdout:/usr/bin/ceph: stdout },
2024-04-24T22:44:59.953 INFO:teuthology.orchestra.run.smithi083.stdout:/usr/bin/ceph: stdout "mgrmap": {
2024-04-24T22:44:59.953 INFO:teuthology.orchestra.run.smithi083.stdout:/usr/bin/ceph: stdout "available": true,
2024-04-24T22:44:59.953 INFO:teuthology.orchestra.run.smithi083.stdout:/usr/bin/ceph: stdout "num_standbys": 0,
2024-04-24T22:44:59.953 INFO:teuthology.orchestra.run.smithi083.stdout:/usr/bin/ceph: stdout "modules": [
2024-04-24T22:44:59.953 INFO:teuthology.orchestra.run.smithi083.stdout:/usr/bin/ceph: stdout "iostat",
2024-04-24T22:44:59.953 INFO:teuthology.orchestra.run.smithi083.stdout:/usr/bin/ceph: stdout "nfs",
2024-04-24T22:44:59.953 INFO:teuthology.orchestra.run.smithi083.stdout:/usr/bin/ceph: stdout "restful"
2024-04-24T22:44:59.953 INFO:teuthology.orchestra.run.smithi083.stdout:/usr/bin/ceph: stdout ],
2024-04-24T22:44:59.953 INFO:teuthology.orchestra.run.smithi083.stdout:/usr/bin/ceph: stdout "services": {}
2024-04-24T22:44:59.953 INFO:teuthology.orchestra.run.smithi083.stdout:/usr/bin/ceph: stdout },
2024-04-24T22:44:59.954 INFO:teuthology.orchestra.run.smithi083.stdout:/usr/bin/ceph: stdout "servicemap": {
2024-04-24T22:44:59.954 INFO:teuthology.orchestra.run.smithi083.stdout:/usr/bin/ceph: stdout "epoch": 1,
2024-04-24T22:44:59.954 INFO:teuthology.orchestra.run.smithi083.stdout:/usr/bin/ceph: stdout "modified": "2024-04-24T22:44:34.079571+0000",
2024-04-24T22:44:59.954 INFO:teuthology.orchestra.run.smithi083.stdout:/usr/bin/ceph: stdout "services": {}
2024-04-24T22:44:59.954 INFO:teuthology.orchestra.run.smithi083.stdout:/usr/bin/ceph: stdout },
2024-04-24T22:44:59.954 INFO:teuthology.orchestra.run.smithi083.stdout:/usr/bin/ceph: stdout "progress_events": {}
2024-04-24T22:44:59.954 INFO:teuthology.orchestra.run.smithi083.stdout:/usr/bin/ceph: stdout }
2024-04-24T22:44:59.954 INFO:teuthology.orchestra.run.smithi083.stdout:/usr/bin/ceph: stderr
2024-04-24T22:44:53.389+0000 7fa15fb61700 1 Processor -- start
2024-04-24T22:44:59.954 INFO:teuthology.orchestra.run.smithi083.stdout:/usr/bin/ceph: stderr
2024-04-24T22:44:53.389+0000 7fa15fb61700 1 -- start start
2024-04-24T22:44:59.954 INFO:teuthology.orchestra.run.smithi083.stdout:/usr/bin/ceph: stderr
2024-04-24T22:44:53.389+0000 7fa15fb61700 1 --2- >> [v2:172.21.15.83:3300/0,v1:172.21.15.83:6789/0] conn(0x7fa158107120 0x7fa158107540 unknown :-1 s=NONE pgs=0 cs=0 l=0 rev1=0 crypto rx=0 tx=0 comp rx=0 tx=0).connect
2024-04-24T22:44:59.954 INFO:teuthology.orchestra.run.smithi083.stdout:/usr/bin/ceph: stderr
2024-04-24T22:44:53.389+0000 7fa15fb61700 1 -- --> [v2:172.21.15.83:3300/0,v1:172.21.15.83:6789/0] -- mon_getmap magic: 0 -- 0x7fa158107b10 con 0x7fa158107120
2024-04-24T22:44:59.954 INFO:teuthology.orchestra.run.smithi083.stdout:/usr/bin/ceph: stderr
2024-04-24T22:44:53.389+0000 7fa15d8fd700 1 --2- >> [v2:172.21.15.83:3300/0,v1:172.21.15.83:6789/0] conn(0x7fa158107120 0x7fa158107540 unknown :-1 s=BANNER_CONNECTING pgs=0 cs=0 l=0 rev1=0 crypto rx=0 tx=0 comp rx=0 tx=0)._handle_peer_banner_payload supported=3 required=0
2024-04-24T22:44:59.954 INFO:teuthology.orchestra.run.smithi083.stdout:/usr/bin/ceph: stderr
2024-04-24T22:44:53.389+0000 7fa15d8fd700 1 --2- >> [v2:172.21.15.83:3300/0,v1:172.21.15.83:6789/0] conn(0x7fa158107120 0x7fa158107540 unknown :-1 s=HELLO_CONNECTING pgs=0 cs=0 l=0 rev1=1 crypto rx=0 tx=0 comp rx=0 tx=0).handle_hello peer v2:172.21.15.83:3300/0 says I am v2:172.21.15.83:58360/0 (socket says 172.21.15.83:58360)
2024-04-24T22:44:59.954 INFO:teuthology.orchestra.run.smithi083.stdout:/usr/bin/ceph: stderr
2024-04-24T22:44:53.389+0000 7fa15d8fd700 1 -- 172.21.15.83:0/198941755 learned_addr learned my addr 172.21.15.83:0/198941755 (peer_addr_for_me v2:172.21.15.83:0/0)
2024-04-24T22:44:59.954 INFO:teuthology.orchestra.run.smithi083.stdout:/usr/bin/ceph: stderr
2024-04-24T22:44:53.390+0000 7fa15d8fd700 1 -- 172.21.15.83:0/198941755 --> [v2:172.21.15.83:3300/0,v1:172.21.15.83:6789/0] -- mon_subscribe({config=0+,monmap=0+}) -- 0x7fa1581082d0 con 0x7fa158107120
2024-04-24T22:44:59.955 INFO:teuthology.orchestra.run.smithi083.stdout:/usr/bin/ceph: stderr
2024-04-24T22:44:53.390+0000 7fa15d8fd700 1 --2- 172.21.15.83:0/198941755 >> [v2:172.21.15.83:3300/0,v1:172.21.15.83:6789/0] conn(0x7fa158107120 0x7fa158107540 secure :-1 s=READY pgs=18 cs=0 l=1 rev1=1 crypto rx=0x7fa1540098a0 tx=0x7fa154009bb0 comp rx=0 tx=0).ready entity=mon.0 client_cookie=ba9682cc74734132 server_cookie=0 in_seq=0 out_seq=0
2024-04-24T22:44:59.955 INFO:teuthology.orchestra.run.smithi083.stdout:/usr/bin/ceph: stderr
2024-04-24T22:44:53.390+0000 7fa15c8fb700 1 -- 172.21.15.83:0/198941755 <== mon.0 v2:172.21.15.83:3300/0 1 ==== mon_map magic: 0 ==== 205+0+0 (secure 0 0 0) 0x7fa154004160 con 0x7fa158107120
2024-04-24T22:44:59.955 INFO:teuthology.orchestra.run.smithi083.stdout:/usr/bin/ceph: stderr
2024-04-24T22:44:53.390+0000 7fa15c8fb700 1 -- 172.21.15.83:0/198941755 <== mon.0 v2:172.21.15.83:3300/0 2 ==== config(26 keys) ==== 1071+0+0 (secure 0 0 0) 0x7fa154004300 con 0x7fa158107120
2024-04-24T22:44:59.955 INFO:teuthology.orchestra.run.smithi083.stdout:/usr/bin/ceph: stderr
2024-04-24T22:44:53.390+0000 7fa15c8fb700 1 -- 172.21.15.83:0/198941755 <== mon.0 v2:172.21.15.83:3300/0 3 ==== mon_map magic: 0 ==== 205+0+0 (secure 0 0 0) 0x7fa154011a80 con 0x7fa158107120
2024-04-24T22:44:59.955 INFO:teuthology.orchestra.run.smithi083.stdout:/usr/bin/ceph: stderr
2024-04-24T22:44:53.390+0000 7fa15fb61700 1 -- 172.21.15.83:0/198941755 >> [v2:172.21.15.83:3300/0,v1:172.21.15.83:6789/0] conn(0x7fa158107120 msgr2=0x7fa158107540 secure :-1 s=STATE_CONNECTION_ESTABLISHED l=1).mark_down
2024-04-24T22:44:59.955 INFO:teuthology.orchestra.run.smithi083.stdout:/usr/bin/ceph: stderr
2024-04-24T22:44:53.390+0000 7fa15fb61700 1 --2- 172.21.15.83:0/198941755 >> [v2:172.21.15.83:3300/0,v1:172.21.15.83:6789/0] conn(0x7fa158107120 0x7fa158107540 secure :-1 s=READY pgs=18 cs=0 l=1 rev1=1 crypto rx=0x7fa1540098a0 tx=0x7fa154009bb0 comp rx=0 tx=0).stop
2024-04-24T22:44:59.955 INFO:teuthology.orchestra.run.smithi083.stdout:/usr/bin/ceph: stderr
2024-04-24T22:44:53.390+0000 7fa15fb61700 1 -- 172.21.15.83:0/198941755 shutdown_connections
2024-04-24T22:44:59.955 INFO:teuthology.orchestra.run.smithi083.stdout:/usr/bin/ceph: stderr
2024-04-24T22:44:53.390+0000 7fa15fb61700 1 --2- 172.21.15.83:0/198941755 >> [v2:172.21.15.83:3300/0,v1:172.21.15.83:6789/0] conn(0x7fa158107120 0x7fa158107540 unknown :-1 s=CLOSED pgs=18 cs=0 l=1 rev1=1 crypto rx=0 tx=0 comp rx=0 tx=0).stop
2024-04-24T22:44:59.955 INFO:teuthology.orchestra.run.smithi083.stdout:/usr/bin/ceph: stderr
2024-04-24T22:44:53.390+0000 7fa15fb61700 1 -- 172.21.15.83:0/198941755 >> 172.21.15.83:0/198941755 conn(0x7fa1581026e0 msgr2=0x7fa158104b00 unknown :-1 s=STATE_NONE l=0).mark_down
2024-04-24T22:44:59.955 INFO:teuthology.orchestra.run.smithi083.stdout:/usr/bin/ceph: stderr
2024-04-24T22:44:53.391+0000 7fa15fb61700 1 -- 172.21.15.83:0/198941755 shutdown_connections
2024-04-24T22:44:59.955 INFO:teuthology.orchestra.run.smithi083.stdout:/usr/bin/ceph: stderr
2024-04-24T22:44:53.391+0000 7fa15fb61700 1 -- 172.21.15.83:0/198941755 wait complete.
2024-04-24T22:44:59.955 INFO:teuthology.orchestra.run.smithi083.stdout:/usr/bin/ceph: stderr
2024-04-24T22:44:53.391+0000 7fa15fb61700 1 Processor -- start
2024-04-24T22:44:59.955 INFO:teuthology.orchestra.run.smithi083.stdout:/usr/bin/ceph: stderr
2024-04-24T22:44:53.391+0000 7fa15fb61700 1 -- start start
2024-04-24T22:44:59.956 INFO:teuthology.orchestra.run.smithi083.stdout:/usr/bin/ceph: stderr
2024-04-24T22:44:53.391+0000 7fa15fb61700 1 --2- >> [v2:172.21.15.83:3300/0,v1:172.21.15.83:6789/0] conn(0x7fa158107120 0x7fa15807c3e0 unknown :-1 s=NONE pgs=0 cs=0 l=1 rev1=0 crypto rx=0 tx=0 comp rx=0 tx=0).connect
2024-04-24T22:44:59.956 INFO:teuthology.orchestra.run.smithi083.stdout:/usr/bin/ceph: stderr
2024-04-24T22:44:53.391+0000 7fa15fb61700 1 -- --> [v2:172.21.15.83:3300/0,v1:172.21.15.83:6789/0] -- mon_getmap magic: 0 -- 0x7fa15810b680 con 0x7fa158107120
2024-04-24T22:44:59.956 INFO:teuthology.orchestra.run.smithi083.stdout:/usr/bin/ceph: stderr
2024-04-24T22:44:53.391+0000 7fa15d8fd700 1 --2- >> [v2:172.21.15.83:3300/0,v1:172.21.15.83:6789/0] conn(0x7fa158107120 0x7fa15807c3e0 unknown :-1 s=BANNER_CONNECTING pgs=0 cs=0 l=1 rev1=0 crypto rx=0 tx=0 comp rx=0 tx=0)._handle_peer_banner_payload supported=3 required=0
2024-04-24T22:44:59.956 INFO:teuthology.orchestra.run.smithi083.stdout:/usr/bin/ceph: stderr
2024-04-24T22:44:53.391+0000 7fa15d8fd700 1 --2- >> [v2:172.21.15.83:3300/0,v1:172.21.15.83:6789/0] conn(0x7fa158107120 0x7fa15807c3e0 unknown :-1 s=HELLO_CONNECTING pgs=0 cs=0 l=1 rev1=1 crypto rx=0 tx=0 comp rx=0 tx=0).handle_hello peer v2:172.21.15.83:3300/0 says I am v2:172.21.15.83:58370/0 (socket says 172.21.15.83:58370)
2024-04-24T22:44:59.956 INFO:teuthology.orchestra.run.smithi083.stdout:/usr/bin/ceph: stderr
2024-04-24T22:44:53.391+0000 7fa15d8fd700 1 -- 172.21.15.83:0/657872717 learned_addr learned my addr 172.21.15.83:0/657872717 (peer_addr_for_me v2:172.21.15.83:0/0)
2024-04-24T22:44:59.956 INFO:teuthology.orchestra.run.smithi083.stdout:/usr/bin/ceph: stderr
2024-04-24T22:44:53.392+0000 7fa15d8fd700 1 -- 172.21.15.83:0/657872717 --> [v2:172.21.15.83:3300/0,v1:172.21.15.83:6789/0] -- mon_subscribe({config=0+,monmap=0+}) -- 0x7fa15807c920 con 0x7fa158107120
2024-04-24T22:44:59.956 INFO:teuthology.orchestra.run.smithi083.stdout:/usr/bin/ceph: stderr
2024-04-24T22:44:53.392+0000 7fa15d8fd700 1 --2- 172.21.15.83:0/657872717 >> [v2:172.21.15.83:3300/0,v1:172.21.15.83:6789/0] conn(0x7fa158107120 0x7fa15807c3e0 secure :-1 s=READY pgs=19 cs=0 l=1 rev1=1 crypto rx=0x7fa154006af0 tx=0x7fa154011b70 comp rx=0 tx=0).ready entity=mon.0 client_cookie=0 server_cookie=0 in_seq=0 out_seq=0
2024-04-24T22:44:59.956 INFO:teuthology.orchestra.run.smithi083.stdout:/usr/bin/ceph: stderr
2024-04-24T22:44:53.392+0000 7fa14effd700 1 -- 172.21.15.83:0/657872717 <== mon.0 v2:172.21.15.83:3300/0 1 ==== mon_map magic: 0 ==== 205+0+0 (secure 0 0 0) 0x7fa154003930 con 0x7fa158107120
2024-04-24T22:44:59.956 INFO:teuthology.orchestra.run.smithi083.stdout:/usr/bin/ceph: stderr
2024-04-24T22:44:53.392+0000 7fa14effd700 1 -- 172.21.15.83:0/657872717 <== mon.0 v2:172.21.15.83:3300/0 2 ==== config(26 keys) ==== 1071+0+0 (secure 0 0 0) 0x7fa154003ad0 con 0x7fa158107120
2024-04-24T22:44:59.956 INFO:teuthology.orchestra.run.smithi083.stdout:/usr/bin/ceph: stderr
2024-04-24T22:44:53.392+0000 7fa14effd700 1 -- 172.21.15.83:0/657872717 <== mon.0 v2:172.21.15.83:3300/0 3 ==== mon_map magic: 0 ==== 205+0+0 (secure 0 0 0) 0x7fa1540195e0 con 0x7fa158107120
2024-04-24T22:44:59.956 INFO:teuthology.orchestra.run.smithi083.stdout:/usr/bin/ceph: stderr
2024-04-24T22:44:53.392+0000 7fa15fb61700 1 -- 172.21.15.83:0/657872717 --> [v2:172.21.15.83:3300/0,v1:172.21.15.83:6789/0] -- mon_subscribe({mgrmap=0+}) -- 0x7fa15807ab10 con 0x7fa158107120
2024-04-24T22:44:59.956 INFO:teuthology.orchestra.run.smithi083.stdout:/usr/bin/ceph: stderr
2024-04-24T22:44:53.392+0000 7fa15fb61700 1 -- 172.21.15.83:0/657872717 --> [v2:172.21.15.83:3300/0,v1:172.21.15.83:6789/0] -- mon_subscribe({osdmap=0}) -- 0x7fa15807b050 con 0x7fa158107120
2024-04-24T22:44:59.956 INFO:teuthology.orchestra.run.smithi083.stdout:/usr/bin/ceph: stderr
2024-04-24T22:44:53.393+0000 7fa14effd700 1 -- 172.21.15.83:0/657872717 <== mon.0 v2:172.21.15.83:3300/0 4 ==== mgrmap(e 4) ==== 46276+0+0 (secure 0 0 0) 0x7fa1540198e0 con 0x7fa158107120
2024-04-24T22:44:59.956 INFO:teuthology.orchestra.run.smithi083.stdout:/usr/bin/ceph: stderr
2024-04-24T22:44:53.393+0000 7fa14effd700 1 --2- 172.21.15.83:0/657872717 >> [v2:172.21.15.83:6800/922352203,v1:172.21.15.83:6801/922352203] conn(0x7fa144039070 0x7fa14403b530 unknown :-1 s=NONE pgs=0 cs=0 l=1 rev1=0 crypto rx=0 tx=0 comp rx=0 tx=0).connect
2024-04-24T22:44:59.957 INFO:teuthology.orchestra.run.smithi083.stdout:/usr/bin/ceph: stderr
2024-04-24T22:44:53.393+0000 7fa15fb61700 1 -- 172.21.15.83:0/657872717 --> [v2:172.21.15.83:3300/0,v1:172.21.15.83:6789/0] -- mon_command({"prefix": "get_command_descriptions"} v 0) -- 0x7fa158063890 con 0x7fa158107120
2024-04-24T22:44:59.957 INFO:teuthology.orchestra.run.smithi083.stdout:/usr/bin/ceph: stderr
2024-04-24T22:44:53.393+0000 7fa14effd700 1 -- 172.21.15.83:0/657872717 <== mon.0 v2:172.21.15.83:3300/0 5 ==== osd_map(1..1 src has 1..1) ==== 725+0+0 (secure 0 0 0) 0x7fa15404d610 con 0x7fa158107120
2024-04-24T22:44:59.957 INFO:teuthology.orchestra.run.smithi083.stdout:/usr/bin/ceph: stderr
2024-04-24T22:44:53.393+0000 7fa15d0fc700 1 --2- 172.21.15.83:0/657872717 >> [v2:172.21.15.83:6800/922352203,v1:172.21.15.83:6801/922352203] conn(0x7fa144039070 0x7fa14403b530 unknown :-1 s=BANNER_CONNECTING pgs=0 cs=0 l=1 rev1=0 crypto rx=0 tx=0 comp rx=0 tx=0)._handle_peer_banner_payload supported=3 required=0
2024-04-24T22:44:59.957 INFO:teuthology.orchestra.run.smithi083.stdout:/usr/bin/ceph: stderr
2024-04-24T22:44:53.394+0000 7fa15d0fc700 1 --2- 172.21.15.83:0/657872717 >> [v2:172.21.15.83:6800/922352203,v1:172.21.15.83:6801/922352203] conn(0x7fa144039070 0x7fa14403b530 secure :-1 s=READY pgs=6 cs=0 l=1 rev1=1 crypto rx=0x7fa148006fd0 tx=0x7fa148006e40 comp rx=0 tx=0).ready entity=mgr.14100 client_cookie=0 server_cookie=0 in_seq=0 out_seq=0
2024-04-24T22:44:59.957 INFO:teuthology.orchestra.run.smithi083.stdout:/usr/bin/ceph: stderr
2024-04-24T22:44:53.399+0000 7fa14effd700 1 -- 172.21.15.83:0/657872717 <== mon.0 v2:172.21.15.83:3300/0 6 ==== mon_command_ack([{"prefix": "get_command_descriptions"}]=0 v0) ==== 72+0+186147 (secure 0 0 0) 0x7fa15404d030 con 0x7fa158107120
2024-04-24T22:44:59.957 INFO:teuthology.orchestra.run.smithi083.stdout:/usr/bin/ceph: stderr
2024-04-24T22:44:53.682+0000 7fa15fb61700 1 -- 172.21.15.83:0/657872717 --> [v2:172.21.15.83:3300/0,v1:172.21.15.83:6789/0] -- mon_command({"prefix": "status", "format": "json-pretty"} v 0) -- 0x7fa15807b2d0 con 0x7fa158107120
2024-04-24T22:44:59.957 INFO:teuthology.orchestra.run.smithi083.stdout:/usr/bin/ceph: stderr
2024-04-24T22:44:53.682+0000 7fa14effd700 1 -- 172.21.15.83:0/657872717 <== mon.0 v2:172.21.15.83:3300/0 7 ==== mon_command_ack([{"prefix": "status", "format": "json-pretty"}]=0 v0) ==== 79+0+1239 (secure 0 0 0) 0x7fa154032020 con 0x7fa158107120
2024-04-24T22:44:59.957 INFO:teuthology.orchestra.run.smithi083.stdout:/usr/bin/ceph: stderr
2024-04-24T22:44:53.684+0000 7fa15fb61700 1 -- 172.21.15.83:0/657872717 >> [v2:172.21.15.83:6800/922352203,v1:172.21.15.83:6801/922352203] conn(0x7fa144039070 msgr2=0x7fa14403b530 secure :-1 s=STATE_CONNECTION_ESTABLISHED l=1).mark_down
2024-04-24T22:44:59.957 INFO:teuthology.orchestra.run.smithi083.stdout:/usr/bin/ceph: stderr
2024-04-24T22:44:53.684+0000 7fa15fb61700 1 --2- 172.21.15.83:0/657872717 >> [v2:172.21.15.83:6800/922352203,v1:172.21.15.83:6801/922352203] conn(0x7fa144039070 0x7fa14403b530 secure :-1 s=READY pgs=6 cs=0 l=1 rev1=1 crypto rx=0x7fa148006fd0 tx=0x7fa148006e40 comp rx=0 tx=0).stop
2024-04-24T22:44:59.957 INFO:teuthology.orchestra.run.smithi083.stdout:/usr/bin/ceph: stderr
2024-04-24T22:44:53.684+0000 7fa15fb61700 1 -- 172.21.15.83:0/657872717 >> [v2:172.21.15.83:3300/0,v1:172.21.15.83:6789/0] conn(0x7fa158107120 msgr2=0x7fa15807c3e0 secure :-1 s=STATE_CONNECTION_ESTABLISHED l=1).mark_down
2024-04-24T22:44:59.957 INFO:teuthology.orchestra.run.smithi083.stdout:/usr/bin/ceph: stderr
2024-04-24T22:44:53.684+0000 7fa15fb61700 1 --2- 172.21.15.83:0/657872717 >> [v2:172.21.15.83:3300/0,v1:172.21.15.83:6789/0] conn(0x7fa158107120 0x7fa15807c3e0 secure :-1 s=READY pgs=19 cs=0 l=1 rev1=1 crypto rx=0x7fa154006af0 tx=0x7fa154011b70 comp rx=0 tx=0).stop
2024-04-24T22:44:59.957 INFO:teuthology.orchestra.run.smithi083.stdout:/usr/bin/ceph: stderr
2024-04-24T22:44:53.684+0000 7fa15fb61700 1 -- 172.21.15.83:0/657872717 shutdown_connections
2024-04-24T22:44:59.957 INFO:teuthology.orchestra.run.smithi083.stdout:/usr/bin/ceph: stderr
2024-04-24T22:44:53.684+0000 7fa15fb61700 1 --2- 172.21.15.83:0/657872717 >> [v2:172.21.15.83:6800/922352203,v1:172.21.15.83:6801/922352203] conn(0x7fa144039070 0x7fa14403b530 unknown :-1 s=CLOSED pgs=6 cs=0 l=1 rev1=1 crypto rx=0 tx=0 comp rx=0 tx=0).stop
2024-04-24T22:44:59.957 INFO:teuthology.orchestra.run.smithi083.stdout:/usr/bin/ceph: stderr
2024-04-24T22:44:53.684+0000 7fa15fb61700 1 --2- 172.21.15.83:0/657872717 >> [v2:172.21.15.83:3300/0,v1:172.21.15.83:6789/0] conn(0x7fa158107120 0x7fa15807c3e0 unknown :-1 s=CLOSED pgs=19 cs=0 l=1 rev1=1 crypto rx=0 tx=0 comp rx=0 tx=0).stop
2024-04-24T22:44:59.957 INFO:teuthology.orchestra.run.smithi083.stdout:/usr/bin/ceph: stderr
2024-04-24T22:44:53.684+0000 7fa15fb61700 1 -- 172.21.15.83:0/657872717 >> 172.21.15.83:0/657872717 conn(0x7fa1581026e0 msgr2=0x7fa1581031b0 unknown :-1 s=STATE_NONE l=0).mark_down
2024-04-24T22:44:59.958 INFO:teuthology.orchestra.run.smithi083.stdout:/usr/bin/ceph: stderr
2024-04-24T22:44:53.685+0000 7fa15fb61700 1 -- 172.21.15.83:0/657872717 shutdown_connections
2024-04-24T22:44:59.958 INFO:teuthology.orchestra.run.smithi083.stdout:/usr/bin/ceph: stderr
2024-04-24T22:44:53.685+0000 7fa15fb61700 1 -- 172.21.15.83:0/657872717 wait complete.
2024-04-24T22:44:59.958 INFO:teuthology.orchestra.run.smithi083.stdout:mgr is available
2024-04-24T22:45:02.017 INFO:journalctl@ceph.mon.a.smithi083.stdout:Apr 24 22:45:01 smithi083 ceph-mon[26965]: from='client.? 172.21.15.83:0/3009723589' entity='client.admin' cmd=[{"prefix": "config assimilate-conf"}]: dispatch
2024-04-24T22:45:02.190 INFO:teuthology.orchestra.run.smithi083.stdout:/usr/bin/ceph: stdout
2024-04-24T22:45:02.190 INFO:teuthology.orchestra.run.smithi083.stdout:/usr/bin/ceph: stdout [global]
2024-04-24T22:45:02.190 INFO:teuthology.orchestra.run.smithi083.stdout:/usr/bin/ceph: stdout fsid = 161c6e8a-028c-11ef-bc93-c7b262605968
2024-04-24T22:45:02.190 INFO:teuthology.orchestra.run.smithi083.stdout:/usr/bin/ceph: stdout mon_osd_allow_pg_remap = true
2024-04-24T22:45:02.190 INFO:teuthology.orchestra.run.smithi083.stdout:/usr/bin/ceph: stdout mon_osd_allow_primary_affinity = true
2024-04-24T22:45:02.190 INFO:teuthology.orchestra.run.smithi083.stdout:/usr/bin/ceph: stdout mon_warn_on_no_sortbitwise = false
2024-04-24T22:45:02.190 INFO:teuthology.orchestra.run.smithi083.stdout:/usr/bin/ceph: stdout osd_crush_chooseleaf_type = 0
2024-04-24T22:45:02.190 INFO:teuthology.orchestra.run.smithi083.stdout:/usr/bin/ceph: stdout
2024-04-24T22:45:02.190 INFO:teuthology.orchestra.run.smithi083.stdout:/usr/bin/ceph: stdout [mgr]
2024-04-24T22:45:02.190 INFO:teuthology.orchestra.run.smithi083.stdout:/usr/bin/ceph: stdout mgr/telemetry/nag = false
2024-04-24T22:45:02.191 INFO:teuthology.orchestra.run.smithi083.stdout:/usr/bin/ceph: stdout
2024-04-24T22:45:02.191 INFO:teuthology.orchestra.run.smithi083.stdout:/usr/bin/ceph: stdout [osd]
2024-04-24T22:45:02.191 INFO:teuthology.orchestra.run.smithi083.stdout:/usr/bin/ceph: stdout osd_map_max_advance = 10
2024-04-24T22:45:02.191 INFO:teuthology.orchestra.run.smithi083.stdout:/usr/bin/ceph: stdout osd_sloppy_crc = true
2024-04-24T22:45:02.191 INFO:teuthology.orchestra.run.smithi083.stdout:/usr/bin/ceph: stderr
2024-04-24T22:45:01.367+0000 7ffae5be4700 1 Processor -- start
2024-04-24T22:45:02.191 INFO:teuthology.orchestra.run.smithi083.stdout:/usr/bin/ceph: stderr
2024-04-24T22:45:01.367+0000 7ffae5be4700 1 -- start start
2024-04-24T22:45:02.191 INFO:teuthology.orchestra.run.smithi083.stdout:/usr/bin/ceph: stderr
2024-04-24T22:45:01.367+0000 7ffae5be4700 1 --2- >> [v2:172.21.15.83:3300/0,v1:172.21.15.83:6789/0] conn(0x7ffae0107120 0x7ffae0107540 unknown :-1 s=NONE pgs=0 cs=0 l=0 rev1=0 crypto rx=0 tx=0 comp rx=0 tx=0).connect
2024-04-24T22:45:02.191 INFO:teuthology.orchestra.run.smithi083.stdout:/usr/bin/ceph: stderr
2024-04-24T22:45:01.367+0000 7ffae5be4700 1 -- --> [v2:172.21.15.83:3300/0,v1:172.21.15.83:6789/0] -- mon_getmap magic: 0 -- 0x7ffae0107b10 con 0x7ffae0107120
2024-04-24T22:45:02.191 INFO:teuthology.orchestra.run.smithi083.stdout:/usr/bin/ceph: stderr
2024-04-24T22:45:01.367+0000 7ffadf7fe700 1 --2- >> [v2:172.21.15.83:3300/0,v1:172.21.15.83:6789/0] conn(0x7ffae0107120 0x7ffae0107540 unknown :-1 s=BANNER_CONNECTING pgs=0 cs=0 l=0 rev1=0 crypto rx=0 tx=0 comp rx=0 tx=0)._handle_peer_banner_payload supported=3 required=0
2024-04-24T22:45:02.191 INFO:teuthology.orchestra.run.smithi083.stdout:/usr/bin/ceph: stderr
2024-04-24T22:45:01.367+0000 7ffadf7fe700 1 --2- >> [v2:172.21.15.83:3300/0,v1:172.21.15.83:6789/0] conn(0x7ffae0107120 0x7ffae0107540 unknown :-1 s=HELLO_CONNECTING pgs=0 cs=0 l=0 rev1=1 crypto rx=0 tx=0 comp rx=0 tx=0).handle_hello peer v2:172.21.15.83:3300/0 says I am v2:172.21.15.83:58380/0 (socket says 172.21.15.83:58380)
2024-04-24T22:45:02.191 INFO:teuthology.orchestra.run.smithi083.stdout:/usr/bin/ceph: stderr
2024-04-24T22:45:01.367+0000 7ffadf7fe700 1 -- 172.21.15.83:0/2395760217 learned_addr learned my addr 172.21.15.83:0/2395760217 (peer_addr_for_me v2:172.21.15.83:0/0)
2024-04-24T22:45:02.191 INFO:teuthology.orchestra.run.smithi083.stdout:/usr/bin/ceph: stderr
2024-04-24T22:45:01.368+0000 7ffadf7fe700 1 -- 172.21.15.83:0/2395760217 --> [v2:172.21.15.83:3300/0,v1:172.21.15.83:6789/0] -- mon_subscribe({config=0+,monmap=0+}) -- 0x7ffae01082d0 con 0x7ffae0107120
2024-04-24T22:45:02.191 INFO:teuthology.orchestra.run.smithi083.stdout:/usr/bin/ceph: stderr
2024-04-24T22:45:01.368+0000 7ffadf7fe700 1 --2- 172.21.15.83:0/2395760217 >> [v2:172.21.15.83:3300/0,v1:172.21.15.83:6789/0] conn(0x7ffae0107120 0x7ffae0107540 secure :-1 s=READY pgs=20 cs=0 l=1 rev1=1 crypto rx=0x7ffad00098a0 tx=0x7ffad0009bb0 comp rx=0 tx=0).ready entity=mon.0 client_cookie=b6f7a5331d21a29c server_cookie=0 in_seq=0 out_seq=0
2024-04-24T22:45:02.191 INFO:teuthology.orchestra.run.smithi083.stdout:/usr/bin/ceph: stderr
2024-04-24T22:45:01.368+0000 7ffade7fc700 1 -- 172.21.15.83:0/2395760217 <== mon.0 v2:172.21.15.83:3300/0 1 ==== mon_map magic: 0 ==== 205+0+0 (secure 0 0 0) 0x7ffad0004160 con 0x7ffae0107120
2024-04-24T22:45:02.192 INFO:teuthology.orchestra.run.smithi083.stdout:/usr/bin/ceph: stderr
2024-04-24T22:45:01.368+0000 7ffade7fc700 1 -- 172.21.15.83:0/2395760217 <== mon.0 v2:172.21.15.83:3300/0 2 ==== config(26 keys) ==== 1071+0+0 (secure 0 0 0) 0x7ffad0004300 con 0x7ffae0107120
2024-04-24T22:45:02.192 INFO:teuthology.orchestra.run.smithi083.stdout:/usr/bin/ceph: stderr
2024-04-24T22:45:01.368+0000 7ffade7fc700 1 -- 172.21.15.83:0/2395760217 <== mon.0 v2:172.21.15.83:3300/0 3 ==== mon_map magic: 0 ==== 205+0+0 (secure 0 0 0) 0x7ffad0011a80 con 0x7ffae0107120
2024-04-24T22:45:02.192 INFO:teuthology.orchestra.run.smithi083.stdout:/usr/bin/ceph: stderr
2024-04-24T22:45:01.369+0000 7ffae5be4700 1 -- 172.21.15.83:0/2395760217 >> [v2:172.21.15.83:3300/0,v1:172.21.15.83:6789/0] conn(0x7ffae0107120 msgr2=0x7ffae0107540 secure :-1 s=STATE_CONNECTION_ESTABLISHED l=1).mark_down
2024-04-24T22:45:02.192 INFO:teuthology.orchestra.run.smithi083.stdout:/usr/bin/ceph: stderr
2024-04-24T22:45:01.369+0000 7ffae5be4700 1 --2- 172.21.15.83:0/2395760217 >> [v2:172.21.15.83:3300/0,v1:172.21.15.83:6789/0] conn(0x7ffae0107120 0x7ffae0107540 secure :-1 s=READY pgs=20 cs=0 l=1 rev1=1 crypto rx=0x7ffad00098a0 tx=0x7ffad0009bb0 comp rx=0 tx=0).stop
2024-04-24T22:45:02.192 INFO:teuthology.orchestra.run.smithi083.stdout:/usr/bin/ceph: stderr
2024-04-24T22:45:01.369+0000 7ffae5be4700 1 -- 172.21.15.83:0/2395760217 shutdown_connections
2024-04-24T22:45:02.192 INFO:teuthology.orchestra.run.smithi083.stdout:/usr/bin/ceph: stderr
2024-04-24T22:45:01.369+0000 7ffae5be4700 1 --2- 172.21.15.83:0/2395760217 >> [v2:172.21.15.83:3300/0,v1:172.21.15.83:6789/0] conn(0x7ffae0107120 0x7ffae0107540 unknown :-1 s=CLOSED pgs=20 cs=0 l=1 rev1=1 crypto rx=0 tx=0 comp rx=0 tx=0).stop
2024-04-24T22:45:02.192 INFO:teuthology.orchestra.run.smithi083.stdout:/usr/bin/ceph: stderr
2024-04-24T22:45:01.369+0000 7ffae5be4700 1 -- 172.21.15.83:0/2395760217 >> 172.21.15.83:0/2395760217 conn(0x7ffae01026e0 msgr2=0x7ffae0104b00 unknown :-1 s=STATE_NONE l=0).mark_down
2024-04-24T22:45:02.192 INFO:teuthology.orchestra.run.smithi083.stdout:/usr/bin/ceph: stderr
2024-04-24T22:45:01.369+0000 7ffae5be4700 1 -- 172.21.15.83:0/2395760217 shutdown_connections
2024-04-24T22:45:02.192 INFO:teuthology.orchestra.run.smithi083.stdout:/usr/bin/ceph: stderr
2024-04-24T22:45:01.369+0000 7ffae5be4700 1 -- 172.21.15.83:0/2395760217 wait complete.
2024-04-24T22:45:02.192 INFO:teuthology.orchestra.run.smithi083.stdout:/usr/bin/ceph: stderr
2024-04-24T22:45:01.369+0000 7ffae5be4700 1 Processor -- start
2024-04-24T22:45:02.192 INFO:teuthology.orchestra.run.smithi083.stdout:/usr/bin/ceph: stderr
2024-04-24T22:45:01.370+0000 7ffae5be4700 1 -- start start
2024-04-24T22:45:02.192 INFO:teuthology.orchestra.run.smithi083.stdout:/usr/bin/ceph: stderr
2024-04-24T22:45:01.370+0000 7ffae5be4700 1 --2- >> [v2:172.21.15.83:3300/0,v1:172.21.15.83:6789/0] conn(0x7ffae0107120 0x7ffae019afc0 unknown :-1 s=NONE pgs=0 cs=0 l=1 rev1=0 crypto rx=0 tx=0 comp rx=0 tx=0).connect
2024-04-24T22:45:02.192 INFO:teuthology.orchestra.run.smithi083.stdout:/usr/bin/ceph: stderr
2024-04-24T22:45:01.370+0000 7ffae5be4700 1 -- --> [v2:172.21.15.83:3300/0,v1:172.21.15.83:6789/0] -- mon_getmap magic: 0 -- 0x7ffae010b680 con 0x7ffae0107120
2024-04-24T22:45:02.192 INFO:teuthology.orchestra.run.smithi083.stdout:/usr/bin/ceph: stderr
2024-04-24T22:45:01.370+0000 7ffadf7fe700 1 --2- >> [v2:172.21.15.83:3300/0,v1:172.21.15.83:6789/0] conn(0x7ffae0107120 0x7ffae019afc0 unknown :-1 s=BANNER_CONNECTING pgs=0 cs=0 l=1 rev1=0 crypto rx=0 tx=0 comp rx=0 tx=0)._handle_peer_banner_payload supported=3 required=0
2024-04-24T22:45:02.192 INFO:teuthology.orchestra.run.smithi083.stdout:/usr/bin/ceph: stderr
2024-04-24T22:45:01.370+0000 7ffadf7fe700 1 --2- >> [v2:172.21.15.83:3300/0,v1:172.21.15.83:6789/0] conn(0x7ffae0107120 0x7ffae019afc0 unknown :-1 s=HELLO_CONNECTING pgs=0 cs=0 l=1 rev1=1 crypto rx=0 tx=0 comp rx=0 tx=0).handle_hello peer v2:172.21.15.83:3300/0 says I am v2:172.21.15.83:58388/0 (socket says 172.21.15.83:58388)
2024-04-24T22:45:02.193 INFO:teuthology.orchestra.run.smithi083.stdout:/usr/bin/ceph: stderr
2024-04-24T22:45:01.370+0000 7ffadf7fe700 1 -- 172.21.15.83:0/3009723589 learned_addr learned my addr 172.21.15.83:0/3009723589 (peer_addr_for_me v2:172.21.15.83:0/0)
2024-04-24T22:45:02.193 INFO:teuthology.orchestra.run.smithi083.stdout:/usr/bin/ceph: stderr
2024-04-24T22:45:01.370+0000 7ffadf7fe700 1 -- 172.21.15.83:0/3009723589 --> [v2:172.21.15.83:3300/0,v1:172.21.15.83:6789/0] -- mon_subscribe({config=0+,monmap=0+}) -- 0x7ffae019b500 con 0x7ffae0107120
2024-04-24T22:45:02.193 INFO:teuthology.orchestra.run.smithi083.stdout:/usr/bin/ceph: stderr
2024-04-24T22:45:01.370+0000 7ffadf7fe700 1 --2- 172.21.15.83:0/3009723589 >> [v2:172.21.15.83:3300/0,v1:172.21.15.83:6789/0] conn(0x7ffae0107120 0x7ffae019afc0 secure :-1 s=READY pgs=21 cs=0 l=1 rev1=1 crypto rx=0x7ffad0000c00 tx=0x7ffad0004290 comp rx=0 tx=0).ready entity=mon.0 client_cookie=0 server_cookie=0 in_seq=0 out_seq=0
2024-04-24T22:45:02.193 INFO:teuthology.orchestra.run.smithi083.stdout:/usr/bin/ceph: stderr
2024-04-24T22:45:01.370+0000 7ffadcff9700 1 -- 172.21.15.83:0/3009723589 <== mon.0 v2:172.21.15.83:3300/0 1 ==== mon_map magic: 0 ==== 205+0+0 (secure 0 0 0) 0x7ffad00039c0 con 0x7ffae0107120
2024-04-24T22:45:02.193 INFO:teuthology.orchestra.run.smithi083.stdout:/usr/bin/ceph: stderr
2024-04-24T22:45:01.370+0000 7ffadcff9700 1 -- 172.21.15.83:0/3009723589 <== mon.0 v2:172.21.15.83:3300/0 2 ==== config(26 keys) ==== 1071+0+0 (secure 0 0 0) 0x7ffad0003b60 con 0x7ffae0107120
2024-04-24T22:45:02.193 INFO:teuthology.orchestra.run.smithi083.stdout:/usr/bin/ceph: stderr
2024-04-24T22:45:01.370+0000 7ffae5be4700 1 -- 172.21.15.83:0/3009723589 --> [v2:172.21.15.83:3300/0,v1:172.21.15.83:6789/0] -- mon_subscribe({mgrmap=0+}) -- 0x7ffae019b790 con 0x7ffae0107120
2024-04-24T22:45:02.193 INFO:teuthology.orchestra.run.smithi083.stdout:/usr/bin/ceph: stderr
2024-04-24T22:45:01.370+0000 7ffadcff9700 1 -- 172.21.15.83:0/3009723589 <== mon.0 v2:172.21.15.83:3300/0 3 ==== mon_map magic: 0 ==== 205+0+0 (secure 0 0 0) 0x7ffad001a6f0 con 0x7ffae0107120
2024-04-24T22:45:02.193 INFO:teuthology.orchestra.run.smithi083.stdout:/usr/bin/ceph: stderr
2024-04-24T22:45:01.370+0000 7ffae5be4700 1 -- 172.21.15.83:0/3009723589 --> [v2:172.21.15.83:3300/0,v1:172.21.15.83:6789/0] -- mon_subscribe({osdmap=0}) -- 0x7ffae019e480 con 0x7ffae0107120
2024-04-24T22:45:02.193 INFO:teuthology.orchestra.run.smithi083.stdout:/usr/bin/ceph: stderr
2024-04-24T22:45:01.371+0000 7ffadcff9700 1 -- 172.21.15.83:0/3009723589 <== mon.0 v2:172.21.15.83:3300/0 4 ==== mgrmap(e 4) ==== 46276+0+0 (secure 0 0 0) 0x7ffad001a890 con 0x7ffae0107120
2024-04-24T22:45:02.193 INFO:teuthology.orchestra.run.smithi083.stdout:/usr/bin/ceph: stderr
2024-04-24T22:45:01.372+0000 7ffadcff9700 1 --2- 172.21.15.83:0/3009723589 >> [v2:172.21.15.83:6800/922352203,v1:172.21.15.83:6801/922352203] conn(0x7ffac8039110 0x7ffac803b5d0 unknown :-1 s=NONE pgs=0 cs=0 l=1 rev1=0 crypto rx=0 tx=0 comp rx=0 tx=0).connect
2024-04-24T22:45:02.193 INFO:teuthology.orchestra.run.smithi083.stdout:/usr/bin/ceph: stderr
2024-04-24T22:45:01.371+0000 7ffae5be4700 1 -- 172.21.15.83:0/3009723589 --> [v2:172.21.15.83:3300/0,v1:172.21.15.83:6789/0] -- mon_command({"prefix": "get_command_descriptions"} v 0) -- 0x7ffae0063890 con 0x7ffae0107120
2024-04-24T22:45:02.193 INFO:teuthology.orchestra.run.smithi083.stdout:/usr/bin/ceph: stderr
2024-04-24T22:45:01.372+0000 7ffadcff9700 1 -- 172.21.15.83:0/3009723589 <== mon.0 v2:172.21.15.83:3300/0 5 ==== osd_map(1..1 src has 1..1) ==== 725+0+0 (secure 0 0 0) 0x7ffad004d3e0 con 0x7ffae0107120
2024-04-24T22:45:02.193 INFO:teuthology.orchestra.run.smithi083.stdout:/usr/bin/ceph: stderr
2024-04-24T22:45:01.372+0000 7ffadeffd700 1 --2- 172.21.15.83:0/3009723589 >> [v2:172.21.15.83:6800/922352203,v1:172.21.15.83:6801/922352203] conn(0x7ffac8039110 0x7ffac803b5d0 unknown :-1 s=BANNER_CONNECTING pgs=0 cs=0 l=1 rev1=0 crypto rx=0 tx=0 comp rx=0 tx=0)._handle_peer_banner_payload supported=3 required=0
2024-04-24T22:45:02.194 INFO:teuthology.orchestra.run.smithi083.stdout:/usr/bin/ceph: stderr
2024-04-24T22:45:01.372+0000 7ffadeffd700 1 --2- 172.21.15.83:0/3009723589 >> [v2:172.21.15.83:6800/922352203,v1:172.21.15.83:6801/922352203] conn(0x7ffac8039110 0x7ffac803b5d0 secure :-1 s=READY pgs=7 cs=0 l=1 rev1=1 crypto rx=0x7ffad4006fd0 tx=0x7ffad4006e40 comp rx=0 tx=0).ready entity=mgr.14100 client_cookie=0 server_cookie=0 in_seq=0 out_seq=0
2024-04-24T22:45:02.194 INFO:teuthology.orchestra.run.smithi083.stdout:/usr/bin/ceph: stderr
2024-04-24T22:45:01.377+0000 7ffadcff9700 1 -- 172.21.15.83:0/3009723589 <== mon.0 v2:172.21.15.83:3300/0 6 ==== mon_command_ack([{"prefix": "get_command_descriptions"}]=0 v0) ==== 72+0+186147 (secure 0 0 0) 0x7ffad004ce00 con 0x7ffae0107120
2024-04-24T22:45:02.194 INFO:teuthology.orchestra.run.smithi083.stdout:/usr/bin/ceph: stderr
2024-04-24T22:45:01.570+0000 7ffae5be4700 1 -- 172.21.15.83:0/3009723589 --> [v2:172.21.15.83:3300/0,v1:172.21.15.83:6789/0] -- mon_command({"prefix": "config assimilate-conf"} v 0) -- 0x7ffae019e650 con 0x7ffae0107120
2024-04-24T22:45:02.194 INFO:teuthology.orchestra.run.smithi083.stdout:/usr/bin/ceph: stderr
2024-04-24T22:45:01.571+0000 7ffadcff9700 1 -- 172.21.15.83:0/3009723589 <== mon.0 v2:172.21.15.83:3300/0 7 ==== mon_command_ack([{"prefix": "config assimilate-conf"}]=0 v3) ==== 70+0+282 (secure 0 0 0) 0x7ffae019e650 con 0x7ffae0107120
2024-04-24T22:45:02.194 INFO:teuthology.orchestra.run.smithi083.stdout:/usr/bin/ceph: stderr
2024-04-24T22:45:01.573+0000 7ffae5be4700 1 -- 172.21.15.83:0/3009723589 >> [v2:172.21.15.83:6800/922352203,v1:172.21.15.83:6801/922352203] conn(0x7ffac8039110 msgr2=0x7ffac803b5d0 secure :-1 s=STATE_CONNECTION_ESTABLISHED l=1).mark_down
2024-04-24T22:45:02.194 INFO:teuthology.orchestra.run.smithi083.stdout:/usr/bin/ceph: stderr
2024-04-24T22:45:01.573+0000 7ffae5be4700 1 --2- 172.21.15.83:0/3009723589 >> [v2:172.21.15.83:6800/922352203,v1:172.21.15.83:6801/922352203] conn(0x7ffac8039110 0x7ffac803b5d0 secure :-1 s=READY pgs=7 cs=0 l=1 rev1=1 crypto rx=0x7ffad4006fd0 tx=0x7ffad4006e40 comp rx=0 tx=0).stop
2024-04-24T22:45:02.194 INFO:teuthology.orchestra.run.smithi083.stdout:/usr/bin/ceph: stderr
2024-04-24T22:45:01.573+0000 7ffae5be4700 1 -- 172.21.15.83:0/3009723589 >> [v2:172.21.15.83:3300/0,v1:172.21.15.83:6789/0] conn(0x7ffae0107120 msgr2=0x7ffae019afc0 secure :-1 s=STATE_CONNECTION_ESTABLISHED l=1).mark_down
2024-04-24T22:45:02.194 INFO:teuthology.orchestra.run.smithi083.stdout:/usr/bin/ceph: stderr
2024-04-24T22:45:01.573+0000 7ffae5be4700 1 --2- 172.21.15.83:0/3009723589 >> [v2:172.21.15.83:3300/0,v1:172.21.15.83:6789/0] conn(0x7ffae0107120 0x7ffae019afc0 secure :-1 s=READY pgs=21 cs=0 l=1 rev1=1 crypto rx=0x7ffad0000c00 tx=0x7ffad0004290 comp rx=0 tx=0).stop
2024-04-24T22:45:02.194 INFO:teuthology.orchestra.run.smithi083.stdout:/usr/bin/ceph: stderr
2024-04-24T22:45:01.573+0000 7ffae5be4700 1 -- 172.21.15.83:0/3009723589 shutdown_connections
2024-04-24T22:45:02.194 INFO:teuthology.orchestra.run.smithi083.stdout:/usr/bin/ceph: stderr
2024-04-24T22:45:01.573+0000 7ffae5be4700 1 --2- 172.21.15.83:0/3009723589 >> [v2:172.21.15.83:6800/922352203,v1:172.21.15.83:6801/922352203] conn(0x7ffac8039110 0x7ffac803b5d0 unknown :-1 s=CLOSED pgs=7 cs=0 l=1 rev1=1 crypto rx=0 tx=0 comp rx=0 tx=0).stop
2024-04-24T22:45:02.194 INFO:teuthology.orchestra.run.smithi083.stdout:/usr/bin/ceph: stderr
2024-04-24T22:45:01.573+0000 7ffae5be4700 1 --2- 172.21.15.83:0/3009723589 >> [v2:172.21.15.83:3300/0,v1:172.21.15.83:6789/0] conn(0x7ffae0107120 0x7ffae019afc0 unknown :-1 s=CLOSED pgs=21 cs=0 l=1 rev1=1 crypto rx=0 tx=0 comp rx=0 tx=0).stop
2024-04-24T22:45:02.194 INFO:teuthology.orchestra.run.smithi083.stdout:/usr/bin/ceph: stderr
2024-04-24T22:45:01.573+0000 7ffae5be4700 1 -- 172.21.15.83:0/3009723589 >> 172.21.15.83:0/3009723589 conn(0x7ffae01026e0 msgr2=0x7ffae01031b0 unknown :-1 s=STATE_NONE l=0).mark_down
2024-04-24T22:45:02.194 INFO:teuthology.orchestra.run.smithi083.stdout:/usr/bin/ceph: stderr
2024-04-24T22:45:01.574+0000 7ffae5be4700 1 -- 172.21.15.83:0/3009723589 shutdown_connections
2024-04-24T22:45:02.194 INFO:teuthology.orchestra.run.smithi083.stdout:/usr/bin/ceph: stderr
2024-04-24T22:45:01.574+0000 7ffae5be4700 1 -- 172.21.15.83:0/3009723589 wait complete.
2024-04-24T22:45:02.194 INFO:teuthology.orchestra.run.smithi083.stdout:Enabling cephadm module...
2024-04-24T22:45:03.744 INFO:journalctl@ceph.mon.a.smithi083.stdout:Apr 24 22:45:03 smithi083 ceph-mon[26965]: from='client.? 172.21.15.83:0/418486282' entity='client.admin' cmd=[{"prefix": "mgr module enable", "module": "cephadm"}]: dispatch
2024-04-24T22:45:03.744 INFO:journalctl@ceph.mgr.x.smithi083.stdout:Apr 24 22:45:03 smithi083 ceph-161c6e8a-028c-11ef-bc93-c7b262605968-mgr-x[27197]: ignoring --setuser ceph since I am not root
2024-04-24T22:45:03.744 INFO:journalctl@ceph.mgr.x.smithi083.stdout:Apr 24 22:45:03 smithi083 ceph-161c6e8a-028c-11ef-bc93-c7b262605968-mgr-x[27197]: ignoring --setgroup ceph since I am not root
2024-04-24T22:45:03.744 INFO:journalctl@ceph.mgr.x.smithi083.stdout:Apr 24 22:45:03 smithi083 ceph-161c6e8a-028c-11ef-bc93-c7b262605968-mgr-x[27197]:
2024-04-24T22:45:03.592+0000 7fc3b3bbd200 -1 mgr[py] Module balancer has missing NOTIFY_TYPES member
2024-04-24T22:45:04.016 INFO:journalctl@ceph.mgr.x.smithi083.stdout:Apr 24 22:45:03 smithi083 ceph-161c6e8a-028c-11ef-bc93-c7b262605968-mgr-x[27197]:
2024-04-24T22:45:03.776+0000 7fc3b3bbd200 -1 mgr[py] Module orchestrator has missing NOTIFY_TYPES member
2024-04-24T22:45:04.017 INFO:journalctl@ceph.mgr.x.smithi083.stdout:Apr 24 22:45:03 smithi083 ceph-161c6e8a-028c-11ef-bc93-c7b262605968-mgr-x[27197]:
2024-04-24T22:45:03.878+0000 7fc3b3bbd200 -1 mgr[py] Module snap_schedule has missing NOTIFY_TYPES member
2024-04-24T22:45:04.027 INFO:teuthology.orchestra.run.smithi083.stdout:/usr/bin/ceph: stderr
2024-04-24T22:45:03.115+0000 7fd921f4c700 1 Processor -- start
2024-04-24T22:45:04.027 INFO:teuthology.orchestra.run.smithi083.stdout:/usr/bin/ceph: stderr
2024-04-24T22:45:03.115+0000 7fd921f4c700 1 -- start start
2024-04-24T22:45:04.027 INFO:teuthology.orchestra.run.smithi083.stdout:/usr/bin/ceph: stderr
2024-04-24T22:45:03.116+0000 7fd921f4c700 1 --2- >> [v2:172.21.15.83:3300/0,v1:172.21.15.83:6789/0] conn(0x7fd91c107130 0x7fd91c107550 unknown :-1 s=NONE pgs=0 cs=0 l=0 rev1=0 crypto rx=0 tx=0 comp rx=0 tx=0).connect
2024-04-24T22:45:04.027 INFO:teuthology.orchestra.run.smithi083.stdout:/usr/bin/ceph: stderr
2024-04-24T22:45:03.116+0000 7fd921f4c700 1 -- --> [v2:172.21.15.83:3300/0,v1:172.21.15.83:6789/0] -- mon_getmap magic: 0 -- 0x7fd91c107b20 con 0x7fd91c107130
2024-04-24T22:45:04.027 INFO:teuthology.orchestra.run.smithi083.stdout:/usr/bin/ceph: stderr
2024-04-24T22:45:03.116+0000 7fd91b7fe700 1 --2- >> [v2:172.21.15.83:3300/0,v1:172.21.15.83:6789/0] conn(0x7fd91c107130 0x7fd91c107550 unknown :-1 s=BANNER_CONNECTING pgs=0 cs=0 l=0 rev1=0 crypto rx=0 tx=0 comp rx=0 tx=0)._handle_peer_banner_payload supported=3 required=0
2024-04-24T22:45:04.027 INFO:teuthology.orchestra.run.smithi083.stdout:/usr/bin/ceph: stderr
2024-04-24T22:45:03.116+0000 7fd91b7fe700 1 --2- >> [v2:172.21.15.83:3300/0,v1:172.21.15.83:6789/0] conn(0x7fd91c107130 0x7fd91c107550 unknown :-1 s=HELLO_CONNECTING pgs=0 cs=0 l=0 rev1=1 crypto rx=0 tx=0 comp rx=0 tx=0).handle_hello peer v2:172.21.15.83:3300/0 says I am v2:172.21.15.83:39770/0 (socket says 172.21.15.83:39770)
2024-04-24T22:45:04.027 INFO:teuthology.orchestra.run.smithi083.stdout:/usr/bin/ceph: stderr
2024-04-24T22:45:03.116+0000 7fd91b7fe700 1 -- 172.21.15.83:0/4194366117 learned_addr learned my addr 172.21.15.83:0/4194366117 (peer_addr_for_me v2:172.21.15.83:0/0)
2024-04-24T22:45:04.028 INFO:teuthology.orchestra.run.smithi083.stdout:/usr/bin/ceph: stderr
2024-04-24T22:45:03.116+0000 7fd91b7fe700 1 -- 172.21.15.83:0/4194366117 --> [v2:172.21.15.83:3300/0,v1:172.21.15.83:6789/0] -- mon_subscribe({config=0+,monmap=0+}) -- 0x7fd91c1082e0 con 0x7fd91c107130
2024-04-24T22:45:04.028 INFO:teuthology.orchestra.run.smithi083.stdout:/usr/bin/ceph: stderr
2024-04-24T22:45:03.116+0000 7fd91b7fe700 1 --2- 172.21.15.83:0/4194366117 >> [v2:172.21.15.83:3300/0,v1:172.21.15.83:6789/0] conn(0x7fd91c107130 0x7fd91c107550 secure :-1 s=READY pgs=22 cs=0 l=1 rev1=1 crypto rx=0x7fd9100098a0 tx=0x7fd910009bb0 comp rx=0 tx=0).ready entity=mon.0 client_cookie=1fe31f3770a0cee7 server_cookie=0 in_seq=0 out_seq=0
2024-04-24T22:45:04.028 INFO:teuthology.orchestra.run.smithi083.stdout:/usr/bin/ceph: stderr
2024-04-24T22:45:03.116+0000 7fd91a7fc700 1 -- 172.21.15.83:0/4194366117 <== mon.0 v2:172.21.15.83:3300/0 1 ==== mon_map magic: 0 ==== 205+0+0 (secure 0 0 0) 0x7fd910004160 con 0x7fd91c107130
2024-04-24T22:45:04.028 INFO:teuthology.orchestra.run.smithi083.stdout:/usr/bin/ceph: stderr
2024-04-24T22:45:03.116+0000 7fd91a7fc700 1 -- 172.21.15.83:0/4194366117 <== mon.0 v2:172.21.15.83:3300/0 2 ==== config(26 keys) ==== 1071+0+0 (secure 0 0 0) 0x7fd910004300 con 0x7fd91c107130
2024-04-24T22:45:04.028 INFO:teuthology.orchestra.run.smithi083.stdout:/usr/bin/ceph: stderr
2024-04-24T22:45:03.116+0000 7fd91a7fc700 1 -- 172.21.15.83:0/4194366117 <== mon.0 v2:172.21.15.83:3300/0 3 ==== mon_map magic: 0 ==== 205+0+0 (secure 0 0 0) 0x7fd910011a80 con 0x7fd91c107130
2024-04-24T22:45:04.028 INFO:teuthology.orchestra.run.smithi083.stdout:/usr/bin/ceph: stderr
2024-04-24T22:45:03.117+0000 7fd921f4c700 1 -- 172.21.15.83:0/4194366117 >> [v2:172.21.15.83:3300/0,v1:172.21.15.83:6789/0] conn(0x7fd91c107130 msgr2=0x7fd91c107550 secure :-1 s=STATE_CONNECTION_ESTABLISHED l=1).mark_down
2024-04-24T22:45:04.028 INFO:teuthology.orchestra.run.smithi083.stdout:/usr/bin/ceph: stderr
2024-04-24T22:45:03.117+0000 7fd921f4c700 1 --2- 172.21.15.83:0/4194366117 >> [v2:172.21.15.83:3300/0,v1:172.21.15.83:6789/0] conn(0x7fd91c107130 0x7fd91c107550 secure :-1 s=READY pgs=22 cs=0 l=1 rev1=1 crypto rx=0x7fd9100098a0 tx=0x7fd910009bb0 comp rx=0 tx=0).stop
2024-04-24T22:45:04.028 INFO:teuthology.orchestra.run.smithi083.stdout:/usr/bin/ceph: stderr
2024-04-24T22:45:03.117+0000 7fd921f4c700 1 -- 172.21.15.83:0/4194366117 shutdown_connections
2024-04-24T22:45:04.028 INFO:teuthology.orchestra.run.smithi083.stdout:/usr/bin/ceph: stderr
2024-04-24T22:45:03.117+0000 7fd921f4c700 1 --2- 172.21.15.83:0/4194366117 >> [v2:172.21.15.83:3300/0,v1:172.21.15.83:6789/0] conn(0x7fd91c107130 0x7fd91c107550 unknown :-1 s=CLOSED pgs=22 cs=0 l=1 rev1=1 crypto rx=0 tx=0 comp rx=0 tx=0).stop
2024-04-24T22:45:04.028 INFO:teuthology.orchestra.run.smithi083.stdout:/usr/bin/ceph: stderr
2024-04-24T22:45:03.117+0000 7fd921f4c700 1 -- 172.21.15.83:0/4194366117 >> 172.21.15.83:0/4194366117 conn(0x7fd91c102710 msgr2=0x7fd91c104b30 unknown :-1 s=STATE_NONE l=0).mark_down
2024-04-24T22:45:04.028 INFO:teuthology.orchestra.run.smithi083.stdout:/usr/bin/ceph: stderr
2024-04-24T22:45:03.117+0000 7fd921f4c700 1 -- 172.21.15.83:0/4194366117 shutdown_connections
2024-04-24T22:45:04.028 INFO:teuthology.orchestra.run.smithi083.stdout:/usr/bin/ceph: stderr
2024-04-24T22:45:03.117+0000 7fd921f4c700 1 -- 172.21.15.83:0/4194366117 wait complete.
2024-04-24T22:45:04.028 INFO:teuthology.orchestra.run.smithi083.stdout:/usr/bin/ceph: stderr
2024-04-24T22:45:03.118+0000 7fd921f4c700 1 Processor -- start
2024-04-24T22:45:04.028 INFO:teuthology.orchestra.run.smithi083.stdout:/usr/bin/ceph: stderr
2024-04-24T22:45:03.118+0000 7fd921f4c700 1 -- start start
2024-04-24T22:45:04.028 INFO:teuthology.orchestra.run.smithi083.stdout:/usr/bin/ceph: stderr
2024-04-24T22:45:03.118+0000 7fd921f4c700 1 --2- >> [v2:172.21.15.83:3300/0,v1:172.21.15.83:6789/0] conn(0x7fd91c107130 0x7fd91c19afd0 unknown :-1 s=NONE pgs=0 cs=0 l=1 rev1=0 crypto rx=0 tx=0 comp rx=0 tx=0).connect
2024-04-24T22:45:04.028 INFO:teuthology.orchestra.run.smithi083.stdout:/usr/bin/ceph: stderr
2024-04-24T22:45:03.118+0000 7fd921f4c700 1 -- --> [v2:172.21.15.83:3300/0,v1:172.21.15.83:6789/0] -- mon_getmap magic: 0 -- 0x7fd91c10b690 con 0x7fd91c107130
2024-04-24T22:45:04.029 INFO:teuthology.orchestra.run.smithi083.stdout:/usr/bin/ceph: stderr
2024-04-24T22:45:03.118+0000 7fd91b7fe700 1 --2- >> [v2:172.21.15.83:3300/0,v1:172.21.15.83:6789/0] conn(0x7fd91c107130 0x7fd91c19afd0 unknown :-1 s=BANNER_CONNECTING pgs=0 cs=0 l=1 rev1=0 crypto rx=0 tx=0 comp rx=0 tx=0)._handle_peer_banner_payload supported=3 required=0
2024-04-24T22:45:04.029 INFO:teuthology.orchestra.run.smithi083.stdout:/usr/bin/ceph: stderr
2024-04-24T22:45:03.118+0000 7fd91b7fe700 1 --2- >> [v2:172.21.15.83:3300/0,v1:172.21.15.83:6789/0] conn(0x7fd91c107130 0x7fd91c19afd0 unknown :-1 s=HELLO_CONNECTING pgs=0 cs=0 l=1 rev1=1 crypto rx=0 tx=0 comp rx=0 tx=0).handle_hello peer v2:172.21.15.83:3300/0 says I am v2:172.21.15.83:39784/0 (socket says 172.21.15.83:39784)
2024-04-24T22:45:04.029 INFO:teuthology.orchestra.run.smithi083.stdout:/usr/bin/ceph: stderr
2024-04-24T22:45:03.118+0000 7fd91b7fe700 1 -- 172.21.15.83:0/418486282 learned_addr learned my addr 172.21.15.83:0/418486282 (peer_addr_for_me v2:172.21.15.83:0/0)
2024-04-24T22:45:04.029 INFO:teuthology.orchestra.run.smithi083.stdout:/usr/bin/ceph: stderr
2024-04-24T22:45:03.118+0000 7fd91b7fe700 1 -- 172.21.15.83:0/418486282 --> [v2:172.21.15.83:3300/0,v1:172.21.15.83:6789/0] -- mon_subscribe({config=0+,monmap=0+}) -- 0x7fd91c19b510 con 0x7fd91c107130
2024-04-24T22:45:04.029 INFO:teuthology.orchestra.run.smithi083.stdout:/usr/bin/ceph: stderr
2024-04-24T22:45:03.119+0000 7fd91b7fe700 1 --2- 172.21.15.83:0/418486282 >> [v2:172.21.15.83:3300/0,v1:172.21.15.83:6789/0] conn(0x7fd91c107130 0x7fd91c19afd0 secure :-1 s=READY pgs=23 cs=0 l=1 rev1=1 crypto rx=0x7fd910000c00 tx=0x7fd910004290 comp rx=0 tx=0).ready entity=mon.0 client_cookie=0 server_cookie=0 in_seq=0 out_seq=0
2024-04-24T22:45:04.029 INFO:teuthology.orchestra.run.smithi083.stdout:/usr/bin/ceph: stderr
2024-04-24T22:45:03.119+0000 7fd918ff9700 1 -- 172.21.15.83:0/418486282 <== mon.0 v2:172.21.15.83:3300/0 1 ==== mon_map magic: 0 ==== 205+0+0 (secure 0 0 0) 0x7fd9100039c0 con 0x7fd91c107130
2024-04-24T22:45:04.029 INFO:teuthology.orchestra.run.smithi083.stdout:/usr/bin/ceph: stderr
2024-04-24T22:45:03.119+0000 7fd918ff9700 1 -- 172.21.15.83:0/418486282 <== mon.0 v2:172.21.15.83:3300/0 2 ==== config(26 keys) ==== 1071+0+0 (secure 0 0 0) 0x7fd910003b60 con 0x7fd91c107130
2024-04-24T22:45:04.029 INFO:teuthology.orchestra.run.smithi083.stdout:/usr/bin/ceph: stderr
2024-04-24T22:45:03.119+0000 7fd921f4c700 1 -- 172.21.15.83:0/418486282 --> [v2:172.21.15.83:3300/0,v1:172.21.15.83:6789/0] -- mon_subscribe({mgrmap=0+}) -- 0x7fd91c19b7a0 con 0x7fd91c107130
2024-04-24T22:45:04.029 INFO:teuthology.orchestra.run.smithi083.stdout:/usr/bin/ceph: stderr
2024-04-24T22:45:03.119+0000 7fd918ff9700 1 -- 172.21.15.83:0/418486282 <== mon.0 v2:172.21.15.83:3300/0 3 ==== mon_map magic: 0 ==== 205+0+0 (secure 0 0 0) 0x7fd91001a6f0 con 0x7fd91c107130
2024-04-24T22:45:04.029 INFO:teuthology.orchestra.run.smithi083.stdout:/usr/bin/ceph: stderr
2024-04-24T22:45:03.119+0000 7fd921f4c700 1 -- 172.21.15.83:0/418486282 --> [v2:172.21.15.83:3300/0,v1:172.21.15.83:6789/0] -- mon_subscribe({osdmap=0}) -- 0x7fd91c19e490 con 0x7fd91c107130
2024-04-24T22:45:04.029 INFO:teuthology.orchestra.run.smithi083.stdout:/usr/bin/ceph: stderr
2024-04-24T22:45:03.120+0000 7fd918ff9700 1 -- 172.21.15.83:0/418486282 <== mon.0 v2:172.21.15.83:3300/0 4 ==== mgrmap(e 4) ==== 46276+0+0 (secure 0 0 0) 0x7fd910024440 con 0x7fd91c107130
2024-04-24T22:45:04.029 INFO:teuthology.orchestra.run.smithi083.stdout:/usr/bin/ceph: stderr
2024-04-24T22:45:03.120+0000 7fd918ff9700 1 --2- 172.21.15.83:0/418486282 >> [v2:172.21.15.83:6800/922352203,v1:172.21.15.83:6801/922352203] conn(0x7fd904039110 0x7fd90403b5d0 unknown :-1 s=NONE pgs=0 cs=0 l=1 rev1=0 crypto rx=0 tx=0 comp rx=0 tx=0).connect
2024-04-24T22:45:04.029 INFO:teuthology.orchestra.run.smithi083.stdout:/usr/bin/ceph: stderr
2024-04-24T22:45:03.120+0000 7fd921f4c700 1 -- 172.21.15.83:0/418486282 --> [v2:172.21.15.83:3300/0,v1:172.21.15.83:6789/0] -- mon_command({"prefix": "get_command_descriptions"} v 0) -- 0x7fd91c063890 con 0x7fd91c107130
2024-04-24T22:45:04.029 INFO:teuthology.orchestra.run.smithi083.stdout:/usr/bin/ceph: stderr
2024-04-24T22:45:03.120+0000 7fd918ff9700 1 -- 172.21.15.83:0/418486282 <== mon.0 v2:172.21.15.83:3300/0 5 ==== osd_map(1..1 src has 1..1) ==== 725+0+0 (secure 0 0 0) 0x7fd91004d220 con 0x7fd91c107130
2024-04-24T22:45:04.029 INFO:teuthology.orchestra.run.smithi083.stdout:/usr/bin/ceph: stderr
2024-04-24T22:45:03.120+0000 7fd91affd700 1 --2- 172.21.15.83:0/418486282 >> [v2:172.21.15.83:6800/922352203,v1:172.21.15.83:6801/922352203] conn(0x7fd904039110 0x7fd90403b5d0 unknown :-1 s=BANNER_CONNECTING pgs=0 cs=0 l=1 rev1=0 crypto rx=0 tx=0 comp rx=0 tx=0)._handle_peer_banner_payload supported=3 required=0
2024-04-24T22:45:04.030 INFO:teuthology.orchestra.run.smithi083.stdout:/usr/bin/ceph: stderr
2024-04-24T22:45:03.120+0000 7fd91affd700 1 --2- 172.21.15.83:0/418486282 >> [v2:172.21.15.83:6800/922352203,v1:172.21.15.83:6801/922352203] conn(0x7fd904039110 0x7fd90403b5d0 secure :-1 s=READY pgs=8 cs=0 l=1 rev1=1 crypto rx=0x7fd90c006fd0 tx=0x7fd90c006e40 comp rx=0 tx=0).ready entity=mgr.14100 client_cookie=0 server_cookie=0 in_seq=0 out_seq=0
2024-04-24T22:45:04.030 INFO:teuthology.orchestra.run.smithi083.stdout:/usr/bin/ceph: stderr
