2024-04-24T23:08:15.580+0000 7f0d1e800700 1 -- 172.21.15.16:0/3384341522 learned_addr learned my addr 172.21.15.16:0/3384341522 (peer_addr_for_me v2:172.21.15.16:0/0)
2024-04-24T23:08:16.824 INFO:teuthology.orchestra.run.smithi016.stdout:/usr/bin/ceph: stderr
2024-04-24T23:08:15.580+0000 7f0d1e800700 1 -- 172.21.15.16:0/3384341522 --> [v2:172.21.15.16:3300/0,v1:172.21.15.16:6789/0] -- mon_subscribe({config=0+,monmap=0+}) -- 0x7f0d2007c920 con 0x7f0d2007ddb0
2024-04-24T23:08:16.825 INFO:teuthology.orchestra.run.smithi016.stdout:/usr/bin/ceph: stderr
2024-04-24T23:08:15.581+0000 7f0d1e800700 1 --2- 172.21.15.16:0/3384341522 >> [v2:172.21.15.16:3300/0,v1:172.21.15.16:6789/0] conn(0x7f0d2007ddb0 0x7f0d2007c260 secure :-1 s=READY pgs=74 cs=0 l=1 rev1=1 crypto rx=0x7f0d100098a0 tx=0x7f0d10009bb0 comp rx=0 tx=0).ready entity=mon.0 client_cookie=741ae8e254f4f850 server_cookie=0 in_seq=0 out_seq=0
2024-04-24T23:08:16.825 INFO:teuthology.orchestra.run.smithi016.stdout:/usr/bin/ceph: stderr
2024-04-24T23:08:15.581+0000 7f0d1de00700 1 -- 172.21.15.16:0/3384341522 <== mon.0 v2:172.21.15.16:3300/0 1 ==== mon_map magic: 0 ==== 205+0+0 (secure 0 0 0) 0x7f0d10004160 con 0x7f0d2007ddb0
2024-04-24T23:08:16.825 INFO:teuthology.orchestra.run.smithi016.stdout:/usr/bin/ceph: stderr
2024-04-24T23:08:15.581+0000 7f0d1de00700 1 -- 172.21.15.16:0/3384341522 <== mon.0 v2:172.21.15.16:3300/0 2 ==== config(27 keys) ==== 1140+0+0 (secure 0 0 0) 0x7f0d10004300 con 0x7f0d2007ddb0
2024-04-24T23:08:16.826 INFO:teuthology.orchestra.run.smithi016.stdout:/usr/bin/ceph: stderr
2024-04-24T23:08:15.581+0000 7f0d1de00700 1 -- 172.21.15.16:0/3384341522 <== mon.0 v2:172.21.15.16:3300/0 3 ==== mon_map magic: 0 ==== 205+0+0 (secure 0 0 0) 0x7f0d10011b20 con 0x7f0d2007ddb0
2024-04-24T23:08:16.826 INFO:teuthology.orchestra.run.smithi016.stdout:/usr/bin/ceph: stderr
2024-04-24T23:08:15.582+0000 7f0d25400700 1 -- 172.21.15.16:0/3384341522 >> [v2:172.21.15.16:3300/0,v1:172.21.15.16:6789/0] conn(0x7f0d2007ddb0 msgr2=0x7f0d2007c260 secure :-1 s=STATE_CONNECTION_ESTABLISHED l=1).mark_down
2024-04-24T23:08:16.826 INFO:teuthology.orchestra.run.smithi016.stdout:/usr/bin/ceph: stderr
2024-04-24T23:08:15.582+0000 7f0d25400700 1 --2- 172.21.15.16:0/3384341522 >> [v2:172.21.15.16:3300/0,v1:172.21.15.16:6789/0] conn(0x7f0d2007ddb0 0x7f0d2007c260 secure :-1 s=READY pgs=74 cs=0 l=1 rev1=1 crypto rx=0x7f0d100098a0 tx=0x7f0d10009bb0 comp rx=0 tx=0).stop
2024-04-24T23:08:16.826 INFO:teuthology.orchestra.run.smithi016.stdout:/usr/bin/ceph: stderr
2024-04-24T23:08:15.582+0000 7f0d25400700 1 -- 172.21.15.16:0/3384341522 shutdown_connections
2024-04-24T23:08:16.826 INFO:teuthology.orchestra.run.smithi016.stdout:/usr/bin/ceph: stderr
2024-04-24T23:08:15.582+0000 7f0d25400700 1 --2- 172.21.15.16:0/3384341522 >> [v2:172.21.15.16:3300/0,v1:172.21.15.16:6789/0] conn(0x7f0d2007ddb0 0x7f0d2007c260 unknown :-1 s=CLOSED pgs=74 cs=0 l=1 rev1=1 crypto rx=0 tx=0 comp rx=0 tx=0).stop
2024-04-24T23:08:16.826 INFO:teuthology.orchestra.run.smithi016.stdout:/usr/bin/ceph: stderr
2024-04-24T23:08:15.582+0000 7f0d25400700 1 -- 172.21.15.16:0/3384341522 >> 172.21.15.16:0/3384341522 conn(0x7f0d20103470 msgr2=0x7f0d20105890 unknown :-1 s=STATE_NONE l=0).mark_down
2024-04-24T23:08:16.827 INFO:teuthology.orchestra.run.smithi016.stdout:/usr/bin/ceph: stderr
2024-04-24T23:08:15.582+0000 7f0d25400700 1 -- 172.21.15.16:0/3384341522 shutdown_connections
2024-04-24T23:08:16.827 INFO:teuthology.orchestra.run.smithi016.stdout:/usr/bin/ceph: stderr
2024-04-24T23:08:15.582+0000 7f0d25400700 1 -- 172.21.15.16:0/3384341522 wait complete.
2024-04-24T23:08:16.828 INFO:teuthology.orchestra.run.smithi016.stdout:/usr/bin/ceph: stderr
2024-04-24T23:08:15.583+0000 7f0d25400700 1 Processor -- start
2024-04-24T23:08:16.828 INFO:teuthology.orchestra.run.smithi016.stdout:/usr/bin/ceph: stderr
2024-04-24T23:08:15.583+0000 7f0d25400700 1 -- start start
2024-04-24T23:08:16.828 INFO:teuthology.orchestra.run.smithi016.stdout:/usr/bin/ceph: stderr
2024-04-24T23:08:15.584+0000 7f0d25400700 1 --2- >> [v2:172.21.15.16:3300/0,v1:172.21.15.16:6789/0] conn(0x7f0d2007ddb0 0x7f0d2019dfd0 unknown :-1 s=NONE pgs=0 cs=0 l=1 rev1=0 crypto rx=0 tx=0 comp rx=0 tx=0).connect
2024-04-24T23:08:16.828 INFO:teuthology.orchestra.run.smithi016.stdout:/usr/bin/ceph: stderr
2024-04-24T23:08:15.584+0000 7f0d25400700 1 -- --> [v2:172.21.15.16:3300/0,v1:172.21.15.16:6789/0] -- mon_getmap magic: 0 -- 0x7f0d2010e470 con 0x7f0d2007ddb0
2024-04-24T23:08:16.828 INFO:teuthology.orchestra.run.smithi016.stdout:/usr/bin/ceph: stderr
2024-04-24T23:08:15.584+0000 7f0d1e800700 1 --2- >> [v2:172.21.15.16:3300/0,v1:172.21.15.16:6789/0] conn(0x7f0d2007ddb0 0x7f0d2019dfd0 unknown :-1 s=BANNER_CONNECTING pgs=0 cs=0 l=1 rev1=0 crypto rx=0 tx=0 comp rx=0 tx=0)._handle_peer_banner_payload supported=3 required=0
2024-04-24T23:08:16.830 INFO:teuthology.orchestra.run.smithi016.stdout:/usr/bin/ceph: stderr
2024-04-24T23:08:15.584+0000 7f0d1e800700 1 --2- >> [v2:172.21.15.16:3300/0,v1:172.21.15.16:6789/0] conn(0x7f0d2007ddb0 0x7f0d2019dfd0 unknown :-1 s=HELLO_CONNECTING pgs=0 cs=0 l=1 rev1=1 crypto rx=0 tx=0 comp rx=0 tx=0).handle_hello peer v2:172.21.15.16:3300/0 says I am v2:172.21.15.16:54830/0 (socket says 172.21.15.16:54830)
2024-04-24T23:08:16.830 INFO:teuthology.orchestra.run.smithi016.stdout:/usr/bin/ceph: stderr
2024-04-24T23:08:15.584+0000 7f0d1e800700 1 -- 172.21.15.16:0/3945315287 learned_addr learned my addr 172.21.15.16:0/3945315287 (peer_addr_for_me v2:172.21.15.16:0/0)
2024-04-24T23:08:16.830 INFO:teuthology.orchestra.run.smithi016.stdout:/usr/bin/ceph: stderr
2024-04-24T23:08:15.584+0000 7f0d1e800700 1 -- 172.21.15.16:0/3945315287 --> [v2:172.21.15.16:3300/0,v1:172.21.15.16:6789/0] -- mon_subscribe({config=0+,monmap=0+}) -- 0x7f0d2019e510 con 0x7f0d2007ddb0
2024-04-24T23:08:16.830 INFO:teuthology.orchestra.run.smithi016.stdout:/usr/bin/ceph: stderr
2024-04-24T23:08:15.585+0000 7f0d1e800700 1 --2- 172.21.15.16:0/3945315287 >> [v2:172.21.15.16:3300/0,v1:172.21.15.16:6789/0] conn(0x7f0d2007ddb0 0x7f0d2019dfd0 secure :-1 s=READY pgs=75 cs=0 l=1 rev1=1 crypto rx=0x7f0d100117e0 tx=0x7f0d10011ba0 comp rx=0 tx=0).ready entity=mon.0 client_cookie=0 server_cookie=0 in_seq=0 out_seq=0
2024-04-24T23:08:16.830 INFO:teuthology.orchestra.run.smithi016.stdout:/usr/bin/ceph: stderr
2024-04-24T23:08:15.585+0000 7f0d17400700 1 -- 172.21.15.16:0/3945315287 <== mon.0 v2:172.21.15.16:3300/0 1 ==== mon_map magic: 0 ==== 205+0+0 (secure 0 0 0) 0x7f0d10003ba0 con 0x7f0d2007ddb0
2024-04-24T23:08:16.830 INFO:teuthology.orchestra.run.smithi016.stdout:/usr/bin/ceph: stderr
2024-04-24T23:08:15.585+0000 7f0d17400700 1 -- 172.21.15.16:0/3945315287 <== mon.0 v2:172.21.15.16:3300/0 2 ==== config(27 keys) ==== 1140+0+0 (secure 0 0 0) 0x7f0d1001a910 con 0x7f0d2007ddb0
2024-04-24T23:08:16.830 INFO:teuthology.orchestra.run.smithi016.stdout:/usr/bin/ceph: stderr
2024-04-24T23:08:15.585+0000 7f0d17400700 1 -- 172.21.15.16:0/3945315287 <== mon.0 v2:172.21.15.16:3300/0 3 ==== mon_map magic: 0 ==== 205+0+0 (secure 0 0 0) 0x7f0d100248f0 con 0x7f0d2007ddb0
2024-04-24T23:08:16.830 INFO:teuthology.orchestra.run.smithi016.stdout:/usr/bin/ceph: stderr
2024-04-24T23:08:15.585+0000 7f0d25400700 1 -- 172.21.15.16:0/3945315287 --> [v2:172.21.15.16:3300/0,v1:172.21.15.16:6789/0] -- mon_subscribe({mgrmap=0+}) -- 0x7f0d2019e7a0 con 0x7f0d2007ddb0
2024-04-24T23:08:16.830 INFO:teuthology.orchestra.run.smithi016.stdout:/usr/bin/ceph: stderr
2024-04-24T23:08:15.585+0000 7f0d25400700 1 -- 172.21.15.16:0/3945315287 --> [v2:172.21.15.16:3300/0,v1:172.21.15.16:6789/0] -- mon_subscribe({osdmap=0}) -- 0x7f0d2019f2c0 con 0x7f0d2007ddb0
2024-04-24T23:08:16.831 INFO:teuthology.orchestra.run.smithi016.stdout:/usr/bin/ceph: stderr
2024-04-24T23:08:15.586+0000 7f0d17400700 1 -- 172.21.15.16:0/3945315287 <== mon.0 v2:172.21.15.16:3300/0 4 ==== mgrmap(e 13) ==== 46343+0+0 (secure 0 0 0) 0x7f0d10022020 con 0x7f0d2007ddb0
2024-04-24T23:08:16.831 INFO:teuthology.orchestra.run.smithi016.stdout:/usr/bin/ceph: stderr
2024-04-24T23:08:15.586+0000 7f0d25400700 1 -- 172.21.15.16:0/3945315287 --> [v2:172.21.15.16:3300/0,v1:172.21.15.16:6789/0] -- mon_command({"prefix": "get_command_descriptions"} v 0) -- 0x7f0d20063890 con 0x7f0d2007ddb0
2024-04-24T23:08:16.831 INFO:teuthology.orchestra.run.smithi016.stdout:/usr/bin/ceph: stderr
2024-04-24T23:08:15.587+0000 7f0d17400700 1 --2- 172.21.15.16:0/3945315287 >> [v2:172.21.15.16:6800/2954482069,v1:172.21.15.16:6801/2954482069] conn(0x7f0d040391a0 0x7f0d0403b660 unknown :-1 s=NONE pgs=0 cs=0 l=1 rev1=0 crypto rx=0 tx=0 comp rx=0 tx=0).connect
2024-04-24T23:08:16.831 INFO:teuthology.orchestra.run.smithi016.stdout:/usr/bin/ceph: stderr
2024-04-24T23:08:15.587+0000 7f0d17400700 1 -- 172.21.15.16:0/3945315287 <== mon.0 v2:172.21.15.16:3300/0 5 ==== osd_map(3..3 src has 1..3) ==== 1155+0+0 (secure 0 0 0) 0x7f0d1004d740 con 0x7f0d2007ddb0
2024-04-24T23:08:16.831 INFO:teuthology.orchestra.run.smithi016.stdout:/usr/bin/ceph: stderr
2024-04-24T23:08:15.587+0000 7f0d17e00700 1 --2- 172.21.15.16:0/3945315287 >> [v2:172.21.15.16:6800/2954482069,v1:172.21.15.16:6801/2954482069] conn(0x7f0d040391a0 0x7f0d0403b660 unknown :-1 s=BANNER_CONNECTING pgs=0 cs=0 l=1 rev1=0 crypto rx=0 tx=0 comp rx=0 tx=0)._handle_peer_banner_payload supported=3 required=0
2024-04-24T23:08:16.831 INFO:teuthology.orchestra.run.smithi016.stdout:/usr/bin/ceph: stderr
2024-04-24T23:08:15.588+0000 7f0d17e00700 1 --2- 172.21.15.16:0/3945315287 >> [v2:172.21.15.16:6800/2954482069,v1:172.21.15.16:6801/2954482069] conn(0x7f0d040391a0 0x7f0d0403b660 secure :-1 s=READY pgs=9 cs=0 l=1 rev1=1 crypto rx=0x7f0d08006fd0 tx=0x7f0d08006e40 comp rx=0 tx=0).ready entity=mgr.14152 client_cookie=0 server_cookie=0 in_seq=0 out_seq=0
2024-04-24T23:08:16.832 INFO:teuthology.orchestra.run.smithi016.stdout:/usr/bin/ceph: stderr
2024-04-24T23:08:15.593+0000 7f0d17400700 1 -- 172.21.15.16:0/3945315287 <== mon.0 v2:172.21.15.16:3300/0 6 ==== mon_command_ack([{"prefix": "get_command_descriptions"}]=0 v0) ==== 72+0+186147 (secure 0 0 0) 0x7f0d1001ab70 con 0x7f0d2007ddb0
2024-04-24T23:08:16.833 INFO:teuthology.orchestra.run.smithi016.stdout:/usr/bin/ceph: stderr
2024-04-24T23:08:15.830+0000 7f0d25400700 1 -- 172.21.15.16:0/3945315287 --> [v2:172.21.15.16:3300/0,v1:172.21.15.16:6789/0] -- mon_command({"prefix": "config get", "who": "mgr", "key": "mgr/dashboard/ssl_server_port"} v 0) -- 0x7f0d2019f700 con 0x7f0d2007ddb0
2024-04-24T23:08:16.833 INFO:teuthology.orchestra.run.smithi016.stdout:/usr/bin/ceph: stderr
2024-04-24T23:08:15.831+0000 7f0d17400700 1 -- 172.21.15.16:0/3945315287 <== mon.0 v2:172.21.15.16:3300/0 7 ==== mon_command_ack([{"prefix": "config get", "who": "mgr", "key": "mgr/dashboard/ssl_server_port"}]=0 v8) ==== 112+0+5 (secure 0 0 0) 0x7f0d10010380 con 0x7f0d2007ddb0
2024-04-24T23:08:16.833 INFO:teuthology.orchestra.run.smithi016.stdout:/usr/bin/ceph: stderr
2024-04-24T23:08:15.833+0000 7f0d25400700 1 -- 172.21.15.16:0/3945315287 >> [v2:172.21.15.16:6800/2954482069,v1:172.21.15.16:6801/2954482069] conn(0x7f0d040391a0 msgr2=0x7f0d0403b660 secure :-1 s=STATE_CONNECTION_ESTABLISHED l=1).mark_down
2024-04-24T23:08:16.833 INFO:teuthology.orchestra.run.smithi016.stdout:/usr/bin/ceph: stderr
2024-04-24T23:08:15.833+0000 7f0d25400700 1 --2- 172.21.15.16:0/3945315287 >> [v2:172.21.15.16:6800/2954482069,v1:172.21.15.16:6801/2954482069] conn(0x7f0d040391a0 0x7f0d0403b660 secure :-1 s=READY pgs=9 cs=0 l=1 rev1=1 crypto rx=0x7f0d08006fd0 tx=0x7f0d08006e40 comp rx=0 tx=0).stop
2024-04-24T23:08:16.833 INFO:teuthology.orchestra.run.smithi016.stdout:/usr/bin/ceph: stderr
2024-04-24T23:08:15.833+0000 7f0d25400700 1 -- 172.21.15.16:0/3945315287 >> [v2:172.21.15.16:3300/0,v1:172.21.15.16:6789/0] conn(0x7f0d2007ddb0 msgr2=0x7f0d2019dfd0 secure :-1 s=STATE_CONNECTION_ESTABLISHED l=1).mark_down
2024-04-24T23:08:16.833 INFO:teuthology.orchestra.run.smithi016.stdout:/usr/bin/ceph: stderr
2024-04-24T23:08:15.833+0000 7f0d25400700 1 --2- 172.21.15.16:0/3945315287 >> [v2:172.21.15.16:3300/0,v1:172.21.15.16:6789/0] conn(0x7f0d2007ddb0 0x7f0d2019dfd0 secure :-1 s=READY pgs=75 cs=0 l=1 rev1=1 crypto rx=0x7f0d100117e0 tx=0x7f0d10011ba0 comp rx=0 tx=0).stop
2024-04-24T23:08:16.833 INFO:teuthology.orchestra.run.smithi016.stdout:/usr/bin/ceph: stderr
2024-04-24T23:08:15.833+0000 7f0d25400700 1 -- 172.21.15.16:0/3945315287 shutdown_connections
2024-04-24T23:08:16.833 INFO:teuthology.orchestra.run.smithi016.stdout:/usr/bin/ceph: stderr
2024-04-24T23:08:15.833+0000 7f0d25400700 1 --2- 172.21.15.16:0/3945315287 >> [v2:172.21.15.16:6800/2954482069,v1:172.21.15.16:6801/2954482069] conn(0x7f0d040391a0 0x7f0d0403b660 unknown :-1 s=CLOSED pgs=9 cs=0 l=1 rev1=1 crypto rx=0 tx=0 comp rx=0 tx=0).stop
2024-04-24T23:08:16.833 INFO:teuthology.orchestra.run.smithi016.stdout:/usr/bin/ceph: stderr
2024-04-24T23:08:15.833+0000 7f0d25400700 1 --2- 172.21.15.16:0/3945315287 >> [v2:172.21.15.16:3300/0,v1:172.21.15.16:6789/0] conn(0x7f0d2007ddb0 0x7f0d2019dfd0 unknown :-1 s=CLOSED pgs=75 cs=0 l=1 rev1=1 crypto rx=0 tx=0 comp rx=0 tx=0).stop
2024-04-24T23:08:16.833 INFO:teuthology.orchestra.run.smithi016.stdout:/usr/bin/ceph: stderr
2024-04-24T23:08:15.833+0000 7f0d25400700 1 -- 172.21.15.16:0/3945315287 >> 172.21.15.16:0/3945315287 conn(0x7f0d20103470 msgr2=0x7f0d20103ee0 unknown :-1 s=STATE_NONE l=0).mark_down
2024-04-24T23:08:16.833 INFO:teuthology.orchestra.run.smithi016.stdout:/usr/bin/ceph: stderr
2024-04-24T23:08:15.834+0000 7f0d25400700 1 -- 172.21.15.16:0/3945315287 shutdown_connections
2024-04-24T23:08:16.833 INFO:teuthology.orchestra.run.smithi016.stdout:/usr/bin/ceph: stderr
2024-04-24T23:08:15.834+0000 7f0d25400700 1 -- 172.21.15.16:0/3945315287 wait complete.
2024-04-24T23:08:16.862 INFO:teuthology.orchestra.run.smithi016.stdout:Non-zero exit code 1 from systemctl is-enabled firewalld.service
2024-04-24T23:08:16.863 INFO:teuthology.orchestra.run.smithi016.stdout:systemctl: stdout disabled
2024-04-24T23:08:16.885 INFO:teuthology.orchestra.run.smithi016.stdout:Non-zero exit code 3 from systemctl is-active firewalld.service
2024-04-24T23:08:16.886 INFO:teuthology.orchestra.run.smithi016.stdout:systemctl: stdout inactive
2024-04-24T23:08:16.886 INFO:teuthology.orchestra.run.smithi016.stdout:firewalld.service is not enabled
2024-04-24T23:08:16.886 INFO:teuthology.orchestra.run.smithi016.stdout:Not possible to open ports <[8443]>. firewalld.service is not available
2024-04-24T23:08:16.894 INFO:teuthology.orchestra.run.smithi016.stdout:Ceph Dashboard is now available at:
2024-04-24T23:08:16.894 INFO:teuthology.orchestra.run.smithi016.stdout:
2024-04-24T23:08:16.894 INFO:teuthology.orchestra.run.smithi016.stdout: URL: https://smithi016.front.sepia.ceph.com:8443/
2024-04-24T23:08:16.894 INFO:teuthology.orchestra.run.smithi016.stdout: User: admin
2024-04-24T23:08:16.894 INFO:teuthology.orchestra.run.smithi016.stdout: Password: th62jqx3ew
2024-04-24T23:08:16.894 INFO:teuthology.orchestra.run.smithi016.stdout:
2024-04-24T23:08:16.895 INFO:teuthology.orchestra.run.smithi016.stdout:Saving cluster configuration to /var/lib/ceph/2e0a7c14-028f-11ef-bc93-c7b262605968/config directory
2024-04-24T23:08:16.898 INFO:teuthology.orchestra.run.smithi016.stdout:Enabling autotune for osd_memory_target
2024-04-24T23:08:18.847 INFO:teuthology.orchestra.run.smithi016.stdout:/usr/bin/ceph: stderr
2024-04-24T23:08:17.925+0000 7fdf86c00700 1 Processor -- start
2024-04-24T23:08:18.847 INFO:teuthology.orchestra.run.smithi016.stdout:/usr/bin/ceph: stderr
2024-04-24T23:08:17.926+0000 7fdf86c00700 1 -- start start
2024-04-24T23:08:18.847 INFO:teuthology.orchestra.run.smithi016.stdout:/usr/bin/ceph: stderr
2024-04-24T23:08:17.926+0000 7fdf86c00700 1 --2- >> [v2:172.21.15.16:3300/0,v1:172.21.15.16:6789/0] conn(0x7fdf801088d0 0x7fdf8010acc0 unknown :-1 s=NONE pgs=0 cs=0 l=0 rev1=0 crypto rx=0 tx=0 comp rx=0 tx=0).connect
2024-04-24T23:08:18.847 INFO:teuthology.orchestra.run.smithi016.stdout:/usr/bin/ceph: stderr
2024-04-24T23:08:17.926+0000 7fdf86c00700 1 -- --> [v2:172.21.15.16:3300/0,v1:172.21.15.16:6789/0] -- mon_getmap magic: 0 -- 0x7fdf8007bdf0 con 0x7fdf801088d0
2024-04-24T23:08:18.847 INFO:teuthology.orchestra.run.smithi016.stdout:/usr/bin/ceph: stderr
2024-04-24T23:08:17.927+0000 7fdf7fe00700 1 --2- >> [v2:172.21.15.16:3300/0,v1:172.21.15.16:6789/0] conn(0x7fdf801088d0 0x7fdf8010acc0 unknown :-1 s=BANNER_CONNECTING pgs=0 cs=0 l=0 rev1=0 crypto rx=0 tx=0 comp rx=0 tx=0)._handle_peer_banner_payload supported=3 required=0
2024-04-24T23:08:18.847 INFO:teuthology.orchestra.run.smithi016.stdout:/usr/bin/ceph: stderr
2024-04-24T23:08:17.927+0000 7fdf7fe00700 1 --2- >> [v2:172.21.15.16:3300/0,v1:172.21.15.16:6789/0] conn(0x7fdf801088d0 0x7fdf8010acc0 unknown :-1 s=HELLO_CONNECTING pgs=0 cs=0 l=0 rev1=1 crypto rx=0 tx=0 comp rx=0 tx=0).handle_hello peer v2:172.21.15.16:3300/0 says I am v2:172.21.15.16:54842/0 (socket says 172.21.15.16:54842)
2024-04-24T23:08:18.847 INFO:teuthology.orchestra.run.smithi016.stdout:/usr/bin/ceph: stderr
2024-04-24T23:08:17.927+0000 7fdf7fe00700 1 -- 172.21.15.16:0/2534403642 learned_addr learned my addr 172.21.15.16:0/2534403642 (peer_addr_for_me v2:172.21.15.16:0/0)
2024-04-24T23:08:18.848 INFO:teuthology.orchestra.run.smithi016.stdout:/usr/bin/ceph: stderr
2024-04-24T23:08:17.927+0000 7fdf7fe00700 1 -- 172.21.15.16:0/2534403642 --> [v2:172.21.15.16:3300/0,v1:172.21.15.16:6789/0] -- mon_subscribe({config=0+,monmap=0+}) -- 0x7fdf8010b200 con 0x7fdf801088d0
2024-04-24T23:08:18.848 INFO:teuthology.orchestra.run.smithi016.stdout:/usr/bin/ceph: stderr
2024-04-24T23:08:17.927+0000 7fdf7fe00700 1 --2- 172.21.15.16:0/2534403642 >> [v2:172.21.15.16:3300/0,v1:172.21.15.16:6789/0] conn(0x7fdf801088d0 0x7fdf8010acc0 secure :-1 s=READY pgs=76 cs=0 l=1 rev1=1 crypto rx=0x7fdf70009e80 tx=0x7fdf7000b330 comp rx=0 tx=0).ready entity=mon.0 client_cookie=f0c28918a466f3ad server_cookie=0 in_seq=0 out_seq=0
2024-04-24T23:08:18.848 INFO:teuthology.orchestra.run.smithi016.stdout:/usr/bin/ceph: stderr
2024-04-24T23:08:17.928+0000 7fdf7f400700 1 -- 172.21.15.16:0/2534403642 <== mon.0 v2:172.21.15.16:3300/0 1 ==== mon_map magic: 0 ==== 205+0+0 (secure 0 0 0) 0x7fdf70017070 con 0x7fdf801088d0
2024-04-24T23:08:18.848 INFO:teuthology.orchestra.run.smithi016.stdout:/usr/bin/ceph: stderr
2024-04-24T23:08:17.928+0000 7fdf7f400700 1 -- 172.21.15.16:0/2534403642 <== mon.0 v2:172.21.15.16:3300/0 2 ==== config(27 keys) ==== 1140+0+0 (secure 0 0 0) 0x7fdf7000b8c0 con 0x7fdf801088d0
2024-04-24T23:08:18.848 INFO:teuthology.orchestra.run.smithi016.stdout:/usr/bin/ceph: stderr
2024-04-24T23:08:17.928+0000 7fdf7f400700 1 -- 172.21.15.16:0/2534403642 <== mon.0 v2:172.21.15.16:3300/0 3 ==== mon_map magic: 0 ==== 205+0+0 (secure 0 0 0) 0x7fdf700045c0 con 0x7fdf801088d0
2024-04-24T23:08:18.851 INFO:teuthology.orchestra.run.smithi016.stdout:/usr/bin/ceph: stderr
2024-04-24T23:08:17.928+0000 7fdf86c00700 1 -- 172.21.15.16:0/2534403642 >> [v2:172.21.15.16:3300/0,v1:172.21.15.16:6789/0] conn(0x7fdf801088d0 msgr2=0x7fdf8010acc0 secure :-1 s=STATE_CONNECTION_ESTABLISHED l=1).mark_down
2024-04-24T23:08:18.851 INFO:teuthology.orchestra.run.smithi016.stdout:/usr/bin/ceph: stderr
2024-04-24T23:08:17.928+0000 7fdf86c00700 1 --2- 172.21.15.16:0/2534403642 >> [v2:172.21.15.16:3300/0,v1:172.21.15.16:6789/0] conn(0x7fdf801088d0 0x7fdf8010acc0 secure :-1 s=READY pgs=76 cs=0 l=1 rev1=1 crypto rx=0x7fdf70009e80 tx=0x7fdf7000b330 comp rx=0 tx=0).stop
2024-04-24T23:08:18.852 INFO:teuthology.orchestra.run.smithi016.stdout:/usr/bin/ceph: stderr
2024-04-24T23:08:17.929+0000 7fdf86c00700 1 -- 172.21.15.16:0/2534403642 shutdown_connections
2024-04-24T23:08:18.852 INFO:teuthology.orchestra.run.smithi016.stdout:/usr/bin/ceph: stderr
2024-04-24T23:08:17.929+0000 7fdf86c00700 1 --2- 172.21.15.16:0/2534403642 >> [v2:172.21.15.16:3300/0,v1:172.21.15.16:6789/0] conn(0x7fdf801088d0 0x7fdf8010acc0 unknown :-1 s=CLOSED pgs=76 cs=0 l=1 rev1=1 crypto rx=0 tx=0 comp rx=0 tx=0).stop
2024-04-24T23:08:18.852 INFO:teuthology.orchestra.run.smithi016.stdout:/usr/bin/ceph: stderr
2024-04-24T23:08:17.929+0000 7fdf86c00700 1 -- 172.21.15.16:0/2534403642 >> 172.21.15.16:0/2534403642 conn(0x7fdf80102280 msgr2=0x7fdf801046e0 unknown :-1 s=STATE_NONE l=0).mark_down
2024-04-24T23:08:18.852 INFO:teuthology.orchestra.run.smithi016.stdout:/usr/bin/ceph: stderr
2024-04-24T23:08:17.929+0000 7fdf86c00700 1 -- 172.21.15.16:0/2534403642 shutdown_connections
2024-04-24T23:08:18.852 INFO:teuthology.orchestra.run.smithi016.stdout:/usr/bin/ceph: stderr
2024-04-24T23:08:17.929+0000 7fdf86c00700 1 -- 172.21.15.16:0/2534403642 wait complete.
2024-04-24T23:08:18.852 INFO:teuthology.orchestra.run.smithi016.stdout:/usr/bin/ceph: stderr
2024-04-24T23:08:17.930+0000 7fdf86c00700 1 Processor -- start
2024-04-24T23:08:18.852 INFO:teuthology.orchestra.run.smithi016.stdout:/usr/bin/ceph: stderr
2024-04-24T23:08:17.930+0000 7fdf86c00700 1 -- start start
2024-04-24T23:08:18.852 INFO:teuthology.orchestra.run.smithi016.stdout:/usr/bin/ceph: stderr
2024-04-24T23:08:17.930+0000 7fdf86c00700 1 --2- >> [v2:172.21.15.16:3300/0,v1:172.21.15.16:6789/0] conn(0x7fdf801088d0 0x7fdf8019e070 unknown :-1 s=NONE pgs=0 cs=0 l=1 rev1=0 crypto rx=0 tx=0 comp rx=0 tx=0).connect
2024-04-24T23:08:18.852 INFO:teuthology.orchestra.run.smithi016.stdout:/usr/bin/ceph: stderr
2024-04-24T23:08:17.930+0000 7fdf86c00700 1 -- --> [v2:172.21.15.16:3300/0,v1:172.21.15.16:6789/0] -- mon_getmap magic: 0 -- 0x7fdf8010c210 con 0x7fdf801088d0
2024-04-24T23:08:18.852 INFO:teuthology.orchestra.run.smithi016.stdout:/usr/bin/ceph: stderr
2024-04-24T23:08:17.930+0000 7fdf7fe00700 1 --2- >> [v2:172.21.15.16:3300/0,v1:172.21.15.16:6789/0] conn(0x7fdf801088d0 0x7fdf8019e070 unknown :-1 s=BANNER_CONNECTING pgs=0 cs=0 l=1 rev1=0 crypto rx=0 tx=0 comp rx=0 tx=0)._handle_peer_banner_payload supported=3 required=0
2024-04-24T23:08:18.852 INFO:teuthology.orchestra.run.smithi016.stdout:/usr/bin/ceph: stderr
2024-04-24T23:08:17.931+0000 7fdf7fe00700 1 --2- >> [v2:172.21.15.16:3300/0,v1:172.21.15.16:6789/0] conn(0x7fdf801088d0 0x7fdf8019e070 unknown :-1 s=HELLO_CONNECTING pgs=0 cs=0 l=1 rev1=1 crypto rx=0 tx=0 comp rx=0 tx=0).handle_hello peer v2:172.21.15.16:3300/0 says I am v2:172.21.15.16:54858/0 (socket says 172.21.15.16:54858)
2024-04-24T23:08:18.852 INFO:teuthology.orchestra.run.smithi016.stdout:/usr/bin/ceph: stderr
2024-04-24T23:08:17.931+0000 7fdf7fe00700 1 -- 172.21.15.16:0/2044498314 learned_addr learned my addr 172.21.15.16:0/2044498314 (peer_addr_for_me v2:172.21.15.16:0/0)
2024-04-24T23:08:18.852 INFO:teuthology.orchestra.run.smithi016.stdout:/usr/bin/ceph: stderr
2024-04-24T23:08:17.931+0000 7fdf7fe00700 1 -- 172.21.15.16:0/2044498314 --> [v2:172.21.15.16:3300/0,v1:172.21.15.16:6789/0] -- mon_subscribe({config=0+,monmap=0+}) -- 0x7fdf8019e5b0 con 0x7fdf801088d0
2024-04-24T23:08:18.853 INFO:teuthology.orchestra.run.smithi016.stdout:/usr/bin/ceph: stderr
2024-04-24T23:08:17.931+0000 7fdf7fe00700 1 --2- 172.21.15.16:0/2044498314 >> [v2:172.21.15.16:3300/0,v1:172.21.15.16:6789/0] conn(0x7fdf801088d0 0x7fdf8019e070 secure :-1 s=READY pgs=77 cs=0 l=1 rev1=1 crypto rx=0x7fdf70009fd0 tx=0x7fdf70003d00 comp rx=0 tx=0).ready entity=mon.0 client_cookie=0 server_cookie=0 in_seq=0 out_seq=0
2024-04-24T23:08:18.853 INFO:teuthology.orchestra.run.smithi016.stdout:/usr/bin/ceph: stderr
2024-04-24T23:08:17.932+0000 7fdf7d600700 1 -- 172.21.15.16:0/2044498314 <== mon.0 v2:172.21.15.16:3300/0 1 ==== mon_map magic: 0 ==== 205+0+0 (secure 0 0 0) 0x7fdf70020020 con 0x7fdf801088d0
2024-04-24T23:08:18.853 INFO:teuthology.orchestra.run.smithi016.stdout:/usr/bin/ceph: stderr
2024-04-24T23:08:17.932+0000 7fdf7d600700 1 -- 172.21.15.16:0/2044498314 <== mon.0 v2:172.21.15.16:3300/0 2 ==== config(27 keys) ==== 1140+0+0 (secure 0 0 0) 0x7fdf7000bba0 con 0x7fdf801088d0
2024-04-24T23:08:18.853 INFO:teuthology.orchestra.run.smithi016.stdout:/usr/bin/ceph: stderr
2024-04-24T23:08:17.932+0000 7fdf7d600700 1 -- 172.21.15.16:0/2044498314 <== mon.0 v2:172.21.15.16:3300/0 3 ==== mon_map magic: 0 ==== 205+0+0 (secure 0 0 0) 0x7fdf70017040 con 0x7fdf801088d0
2024-04-24T23:08:18.853 INFO:teuthology.orchestra.run.smithi016.stdout:/usr/bin/ceph: stderr
2024-04-24T23:08:17.932+0000 7fdf86c00700 1 -- 172.21.15.16:0/2044498314 --> [v2:172.21.15.16:3300/0,v1:172.21.15.16:6789/0] -- mon_subscribe({mgrmap=0+}) -- 0x7fdf8019e840 con 0x7fdf801088d0
2024-04-24T23:08:18.853 INFO:teuthology.orchestra.run.smithi016.stdout:/usr/bin/ceph: stderr
2024-04-24T23:08:17.932+0000 7fdf86c00700 1 -- 172.21.15.16:0/2044498314 --> [v2:172.21.15.16:3300/0,v1:172.21.15.16:6789/0] -- mon_subscribe({osdmap=0}) -- 0x7fdf8019f360 con 0x7fdf801088d0
2024-04-24T23:08:18.853 INFO:teuthology.orchestra.run.smithi016.stdout:/usr/bin/ceph: stderr
2024-04-24T23:08:17.933+0000 7fdf7d600700 1 -- 172.21.15.16:0/2044498314 <== mon.0 v2:172.21.15.16:3300/0 4 ==== mgrmap(e 13) ==== 46343+0+0 (secure 0 0 0) 0x7fdf70023020 con 0x7fdf801088d0
2024-04-24T23:08:18.853 INFO:teuthology.orchestra.run.smithi016.stdout:/usr/bin/ceph: stderr
2024-04-24T23:08:17.933+0000 7fdf86c00700 1 -- 172.21.15.16:0/2044498314 --> [v2:172.21.15.16:3300/0,v1:172.21.15.16:6789/0] -- mon_command({"prefix": "get_command_descriptions"} v 0) -- 0x7fdf80063890 con 0x7fdf801088d0
2024-04-24T23:08:18.853 INFO:teuthology.orchestra.run.smithi016.stdout:/usr/bin/ceph: stderr
2024-04-24T23:08:17.933+0000 7fdf7d600700 1 --2- 172.21.15.16:0/2044498314 >> [v2:172.21.15.16:6800/2954482069,v1:172.21.15.16:6801/2954482069] conn(0x7fdf640391a0 0x7fdf6403b660 unknown :-1 s=NONE pgs=0 cs=0 l=1 rev1=0 crypto rx=0 tx=0 comp rx=0 tx=0).connect
2024-04-24T23:08:18.853 INFO:teuthology.orchestra.run.smithi016.stdout:/usr/bin/ceph: stderr
2024-04-24T23:08:17.933+0000 7fdf7d600700 1 -- 172.21.15.16:0/2044498314 <== mon.0 v2:172.21.15.16:3300/0 5 ==== osd_map(3..3 src has 1..3) ==== 1155+0+0 (secure 0 0 0) 0x7fdf7000f050 con 0x7fdf801088d0
2024-04-24T23:08:18.853 INFO:teuthology.orchestra.run.smithi016.stdout:/usr/bin/ceph: stderr
2024-04-24T23:08:17.934+0000 7fdf77400700 1 --2- 172.21.15.16:0/2044498314 >> [v2:172.21.15.16:6800/2954482069,v1:172.21.15.16:6801/2954482069] conn(0x7fdf640391a0 0x7fdf6403b660 unknown :-1 s=BANNER_CONNECTING pgs=0 cs=0 l=1 rev1=0 crypto rx=0 tx=0 comp rx=0 tx=0)._handle_peer_banner_payload supported=3 required=0
2024-04-24T23:08:18.853 INFO:teuthology.orchestra.run.smithi016.stdout:/usr/bin/ceph: stderr
2024-04-24T23:08:17.935+0000 7fdf77400700 1 --2- 172.21.15.16:0/2044498314 >> [v2:172.21.15.16:6800/2954482069,v1:172.21.15.16:6801/2954482069] conn(0x7fdf640391a0 0x7fdf6403b660 secure :-1 s=READY pgs=10 cs=0 l=1 rev1=1 crypto rx=0x7fdf68006fd0 tx=0x7fdf68006e40 comp rx=0 tx=0).ready entity=mgr.14152 client_cookie=0 server_cookie=0 in_seq=0 out_seq=0
2024-04-24T23:08:18.853 INFO:teuthology.orchestra.run.smithi016.stdout:/usr/bin/ceph: stderr
2024-04-24T23:08:17.939+0000 7fdf7d600700 1 -- 172.21.15.16:0/2044498314 <== mon.0 v2:172.21.15.16:3300/0 6 ==== mon_command_ack([{"prefix": "get_command_descriptions"}]=0 v0) ==== 72+0+186147 (secure 0 0 0) 0x7fdf7002a020 con 0x7fdf801088d0
2024-04-24T23:08:18.854 INFO:teuthology.orchestra.run.smithi016.stdout:/usr/bin/ceph: stderr
2024-04-24T23:08:18.169+0000 7fdf86c00700 1 -- 172.21.15.16:0/2044498314 --> [v2:172.21.15.16:3300/0,v1:172.21.15.16:6789/0] -- mon_command([{prefix=config set, name=osd_memory_target_autotune}] v 0) -- 0x7fdf8019f8b0 con 0x7fdf801088d0
2024-04-24T23:08:18.854 INFO:teuthology.orchestra.run.smithi016.stdout:/usr/bin/ceph: stderr
2024-04-24T23:08:18.170+0000 7fdf7d600700 1 -- 172.21.15.16:0/2044498314 <== mon.0 v2:172.21.15.16:3300/0 7 ==== mon_command_ack([{prefix=config set, name=osd_memory_target_autotune}]=0 v8)=0 v8) ==== 127+0+0 (secure 0 0 0) 0x7fdf7001bbb0 con 0x7fdf801088d0
2024-04-24T23:08:18.854 INFO:teuthology.orchestra.run.smithi016.stdout:/usr/bin/ceph: stderr
2024-04-24T23:08:18.173+0000 7fdf86c00700 1 -- 172.21.15.16:0/2044498314 >> [v2:172.21.15.16:6800/2954482069,v1:172.21.15.16:6801/2954482069] conn(0x7fdf640391a0 msgr2=0x7fdf6403b660 secure :-1 s=STATE_CONNECTION_ESTABLISHED l=1).mark_down
2024-04-24T23:08:18.855 INFO:teuthology.orchestra.run.smithi016.stdout:/usr/bin/ceph: stderr
2024-04-24T23:08:18.173+0000 7fdf86c00700 1 --2- 172.21.15.16:0/2044498314 >> [v2:172.21.15.16:6800/2954482069,v1:172.21.15.16:6801/2954482069] conn(0x7fdf640391a0 0x7fdf6403b660 secure :-1 s=READY pgs=10 cs=0 l=1 rev1=1 crypto rx=0x7fdf68006fd0 tx=0x7fdf68006e40 comp rx=0 tx=0).stop
2024-04-24T23:08:18.855 INFO:teuthology.orchestra.run.smithi016.stdout:/usr/bin/ceph: stderr
2024-04-24T23:08:18.173+0000 7fdf86c00700 1 -- 172.21.15.16:0/2044498314 >> [v2:172.21.15.16:3300/0,v1:172.21.15.16:6789/0] conn(0x7fdf801088d0 msgr2=0x7fdf8019e070 secure :-1 s=STATE_CONNECTION_ESTABLISHED l=1).mark_down
2024-04-24T23:08:18.855 INFO:teuthology.orchestra.run.smithi016.stdout:/usr/bin/ceph: stderr
2024-04-24T23:08:18.173+0000 7fdf86c00700 1 --2- 172.21.15.16:0/2044498314 >> [v2:172.21.15.16:3300/0,v1:172.21.15.16:6789/0] conn(0x7fdf801088d0 0x7fdf8019e070 secure :-1 s=READY pgs=77 cs=0 l=1 rev1=1 crypto rx=0x7fdf70009fd0 tx=0x7fdf70003d00 comp rx=0 tx=0).stop
2024-04-24T23:08:18.855 INFO:teuthology.orchestra.run.smithi016.stdout:/usr/bin/ceph: stderr
2024-04-24T23:08:18.173+0000 7fdf86c00700 1 -- 172.21.15.16:0/2044498314 shutdown_connections
2024-04-24T23:08:18.855 INFO:teuthology.orchestra.run.smithi016.stdout:/usr/bin/ceph: stderr
2024-04-24T23:08:18.173+0000 7fdf86c00700 1 --2- 172.21.15.16:0/2044498314 >> [v2:172.21.15.16:6800/2954482069,v1:172.21.15.16:6801/2954482069] conn(0x7fdf640391a0 0x7fdf6403b660 unknown :-1 s=CLOSED pgs=10 cs=0 l=1 rev1=1 crypto rx=0 tx=0 comp rx=0 tx=0).stop
2024-04-24T23:08:18.855 INFO:teuthology.orchestra.run.smithi016.stdout:/usr/bin/ceph: stderr
2024-04-24T23:08:18.173+0000 7fdf86c00700 1 --2- 172.21.15.16:0/2044498314 >> [v2:172.21.15.16:3300/0,v1:172.21.15.16:6789/0] conn(0x7fdf801088d0 0x7fdf8019e070 unknown :-1 s=CLOSED pgs=77 cs=0 l=1 rev1=1 crypto rx=0 tx=0 comp rx=0 tx=0).stop
2024-04-24T23:08:18.855 INFO:teuthology.orchestra.run.smithi016.stdout:/usr/bin/ceph: stderr
2024-04-24T23:08:18.173+0000 7fdf86c00700 1 -- 172.21.15.16:0/2044498314 >> 172.21.15.16:0/2044498314 conn(0x7fdf80102280 msgr2=0x7fdf80102d30 unknown :-1 s=STATE_NONE l=0).mark_down
2024-04-24T23:08:18.855 INFO:teuthology.orchestra.run.smithi016.stdout:/usr/bin/ceph: stderr
2024-04-24T23:08:18.173+0000 7fdf86c00700 1 -- 172.21.15.16:0/2044498314 shutdown_connections
2024-04-24T23:08:18.855 INFO:teuthology.orchestra.run.smithi016.stdout:/usr/bin/ceph: stderr
2024-04-24T23:08:18.173+0000 7fdf86c00700 1 -- 172.21.15.16:0/2044498314 wait complete.
2024-04-24T23:08:20.691 INFO:teuthology.orchestra.run.smithi016.stdout:/usr/bin/ceph: stderr
2024-04-24T23:08:19.579+0000 7fd217000700 1 Processor -- start
2024-04-24T23:08:20.691 INFO:teuthology.orchestra.run.smithi016.stdout:/usr/bin/ceph: stderr
2024-04-24T23:08:19.579+0000 7fd217000700 1 -- start start
2024-04-24T23:08:20.691 INFO:teuthology.orchestra.run.smithi016.stdout:/usr/bin/ceph: stderr
2024-04-24T23:08:19.579+0000 7fd217000700 1 --2- >> [v2:172.21.15.16:3300/0,v1:172.21.15.16:6789/0] conn(0x7fd210109e40 0x7fd21010a260 unknown :-1 s=NONE pgs=0 cs=0 l=0 rev1=0 crypto rx=0 tx=0 comp rx=0 tx=0).connect
2024-04-24T23:08:20.692 INFO:teuthology.orchestra.run.smithi016.stdout:/usr/bin/ceph: stderr
2024-04-24T23:08:19.579+0000 7fd217000700 1 -- --> [v2:172.21.15.16:3300/0,v1:172.21.15.16:6789/0] -- mon_getmap magic: 0 -- 0x7fd21010a7a0 con 0x7fd210109e40
2024-04-24T23:08:20.692 INFO:teuthology.orchestra.run.smithi016.stdout:/usr/bin/ceph: stderr
2024-04-24T23:08:19.580+0000 7fd215c00700 1 --2- >> [v2:172.21.15.16:3300/0,v1:172.21.15.16:6789/0] conn(0x7fd210109e40 0x7fd21010a260 unknown :-1 s=BANNER_CONNECTING pgs=0 cs=0 l=0 rev1=0 crypto rx=0 tx=0 comp rx=0 tx=0)._handle_peer_banner_payload supported=3 required=0
2024-04-24T23:08:20.692 INFO:teuthology.orchestra.run.smithi016.stdout:/usr/bin/ceph: stderr
2024-04-24T23:08:19.580+0000 7fd215c00700 1 --2- >> [v2:172.21.15.16:3300/0,v1:172.21.15.16:6789/0] conn(0x7fd210109e40 0x7fd21010a260 unknown :-1 s=HELLO_CONNECTING pgs=0 cs=0 l=0 rev1=1 crypto rx=0 tx=0 comp rx=0 tx=0).handle_hello peer v2:172.21.15.16:3300/0 says I am v2:172.21.15.16:54872/0 (socket says 172.21.15.16:54872)
2024-04-24T23:08:20.692 INFO:teuthology.orchestra.run.smithi016.stdout:/usr/bin/ceph: stderr
2024-04-24T23:08:19.580+0000 7fd215c00700 1 -- 172.21.15.16:0/3718603974 learned_addr learned my addr 172.21.15.16:0/3718603974 (peer_addr_for_me v2:172.21.15.16:0/0)
2024-04-24T23:08:20.692 INFO:teuthology.orchestra.run.smithi016.stdout:/usr/bin/ceph: stderr
2024-04-24T23:08:19.580+0000 7fd215c00700 1 -- 172.21.15.16:0/3718603974 --> [v2:172.21.15.16:3300/0,v1:172.21.15.16:6789/0] -- mon_subscribe({config=0+,monmap=0+}) -- 0x7fd21010afa0 con 0x7fd210109e40
2024-04-24T23:08:20.692 INFO:teuthology.orchestra.run.smithi016.stdout:/usr/bin/ceph: stderr
2024-04-24T23:08:19.581+0000 7fd215c00700 1 --2- 172.21.15.16:0/3718603974 >> [v2:172.21.15.16:3300/0,v1:172.21.15.16:6789/0] conn(0x7fd210109e40 0x7fd21010a260 secure :-1 s=READY pgs=78 cs=0 l=1 rev1=1 crypto rx=0x7fd2040098a0 tx=0x7fd204009bb0 comp rx=0 tx=0).ready entity=mon.0 client_cookie=c38940aec1c95700 server_cookie=0 in_seq=0 out_seq=0
2024-04-24T23:08:20.693 INFO:teuthology.orchestra.run.smithi016.stdout:/usr/bin/ceph: stderr
2024-04-24T23:08:19.581+0000 7fd20fe00700 1 -- 172.21.15.16:0/3718603974 <== mon.0 v2:172.21.15.16:3300/0 1 ==== mon_map magic: 0 ==== 205+0+0 (secure 0 0 0) 0x7fd204004160 con 0x7fd210109e40
2024-04-24T23:08:20.693 INFO:teuthology.orchestra.run.smithi016.stdout:/usr/bin/ceph: stderr
2024-04-24T23:08:19.581+0000 7fd20fe00700 1 -- 172.21.15.16:0/3718603974 <== mon.0 v2:172.21.15.16:3300/0 2 ==== config(27 keys) ==== 1140+0+0 (secure 0 0 0) 0x7fd204004300 con 0x7fd210109e40
2024-04-24T23:08:20.693 INFO:teuthology.orchestra.run.smithi016.stdout:/usr/bin/ceph: stderr
2024-04-24T23:08:19.581+0000 7fd20fe00700 1 -- 172.21.15.16:0/3718603974 <== mon.0 v2:172.21.15.16:3300/0 3 ==== mon_map magic: 0 ==== 205+0+0 (secure 0 0 0) 0x7fd204011b20 con 0x7fd210109e40
2024-04-24T23:08:20.693 INFO:teuthology.orchestra.run.smithi016.stdout:/usr/bin/ceph: stderr
2024-04-24T23:08:19.582+0000 7fd217000700 1 -- 172.21.15.16:0/3718603974 >> [v2:172.21.15.16:3300/0,v1:172.21.15.16:6789/0] conn(0x7fd210109e40 msgr2=0x7fd21010a260 secure :-1 s=STATE_CONNECTION_ESTABLISHED l=1).mark_down
2024-04-24T23:08:20.693 INFO:teuthology.orchestra.run.smithi016.stdout:/usr/bin/ceph: stderr
2024-04-24T23:08:19.582+0000 7fd217000700 1 --2- 172.21.15.16:0/3718603974 >> [v2:172.21.15.16:3300/0,v1:172.21.15.16:6789/0] conn(0x7fd210109e40 0x7fd21010a260 secure :-1 s=READY pgs=78 cs=0 l=1 rev1=1 crypto rx=0x7fd2040098a0 tx=0x7fd204009bb0 comp rx=0 tx=0).stop
2024-04-24T23:08:20.693 INFO:teuthology.orchestra.run.smithi016.stdout:/usr/bin/ceph: stderr
2024-04-24T23:08:19.582+0000 7fd217000700 1 -- 172.21.15.16:0/3718603974 shutdown_connections
2024-04-24T23:08:20.694 INFO:teuthology.orchestra.run.smithi016.stdout:/usr/bin/ceph: stderr
2024-04-24T23:08:19.582+0000 7fd217000700 1 --2- 172.21.15.16:0/3718603974 >> [v2:172.21.15.16:3300/0,v1:172.21.15.16:6789/0] conn(0x7fd210109e40 0x7fd21010a260 unknown :-1 s=CLOSED pgs=78 cs=0 l=1 rev1=1 crypto rx=0 tx=0 comp rx=0 tx=0).stop
2024-04-24T23:08:20.694 INFO:teuthology.orchestra.run.smithi016.stdout:/usr/bin/ceph: stderr
2024-04-24T23:08:19.582+0000 7fd217000700 1 -- 172.21.15.16:0/3718603974 >> 172.21.15.16:0/3718603974 conn(0x7fd21007d240 msgr2=0x7fd21007d650 unknown :-1 s=STATE_NONE l=0).mark_down
2024-04-24T23:08:20.694 INFO:teuthology.orchestra.run.smithi016.stdout:/usr/bin/ceph: stderr
2024-04-24T23:08:19.582+0000 7fd217000700 1 -- 172.21.15.16:0/3718603974 shutdown_connections
2024-04-24T23:08:20.694 INFO:teuthology.orchestra.run.smithi016.stdout:/usr/bin/ceph: stderr
2024-04-24T23:08:19.582+0000 7fd217000700 1 -- 172.21.15.16:0/3718603974 wait complete.
2024-04-24T23:08:20.694 INFO:teuthology.orchestra.run.smithi016.stdout:/usr/bin/ceph: stderr
2024-04-24T23:08:19.583+0000 7fd217000700 1 Processor -- start
2024-04-24T23:08:20.694 INFO:teuthology.orchestra.run.smithi016.stdout:/usr/bin/ceph: stderr
2024-04-24T23:08:19.583+0000 7fd217000700 1 -- start start
2024-04-24T23:08:20.695 INFO:teuthology.orchestra.run.smithi016.stdout:/usr/bin/ceph: stderr
2024-04-24T23:08:19.584+0000 7fd217000700 1 --2- >> [v2:172.21.15.16:3300/0,v1:172.21.15.16:6789/0] conn(0x7fd210109e40 0x7fd21019ddb0 unknown :-1 s=NONE pgs=0 cs=0 l=1 rev1=0 crypto rx=0 tx=0 comp rx=0 tx=0).connect
2024-04-24T23:08:20.695 INFO:teuthology.orchestra.run.smithi016.stdout:/usr/bin/ceph: stderr
2024-04-24T23:08:19.584+0000 7fd217000700 1 -- --> [v2:172.21.15.16:3300/0,v1:172.21.15.16:6789/0] -- mon_getmap magic: 0 -- 0x7fd21010e3e0 con 0x7fd210109e40
2024-04-24T23:08:20.695 INFO:teuthology.orchestra.run.smithi016.stdout:/usr/bin/ceph: stderr
2024-04-24T23:08:19.584+0000 7fd215c00700 1 --2- >> [v2:172.21.15.16:3300/0,v1:172.21.15.16:6789/0] conn(0x7fd210109e40 0x7fd21019ddb0 unknown :-1 s=BANNER_CONNECTING pgs=0 cs=0 l=1 rev1=0 crypto rx=0 tx=0 comp rx=0 tx=0)._handle_peer_banner_payload supported=3 required=0
2024-04-24T23:08:20.695 INFO:teuthology.orchestra.run.smithi016.stdout:/usr/bin/ceph: stderr
2024-04-24T23:08:19.584+0000 7fd215c00700 1 --2- >> [v2:172.21.15.16:3300/0,v1:172.21.15.16:6789/0] conn(0x7fd210109e40 0x7fd21019ddb0 unknown :-1 s=HELLO_CONNECTING pgs=0 cs=0 l=1 rev1=1 crypto rx=0 tx=0 comp rx=0 tx=0).handle_hello peer v2:172.21.15.16:3300/0 says I am v2:172.21.15.16:54876/0 (socket says 172.21.15.16:54876)
2024-04-24T23:08:20.695 INFO:teuthology.orchestra.run.smithi016.stdout:/usr/bin/ceph: stderr
2024-04-24T23:08:19.584+0000 7fd215c00700 1 -- 172.21.15.16:0/3563947184 learned_addr learned my addr 172.21.15.16:0/3563947184 (peer_addr_for_me v2:172.21.15.16:0/0)
2024-04-24T23:08:20.695 INFO:teuthology.orchestra.run.smithi016.stdout:/usr/bin/ceph: stderr
2024-04-24T23:08:19.585+0000 7fd215c00700 1 -- 172.21.15.16:0/3563947184 --> [v2:172.21.15.16:3300/0,v1:172.21.15.16:6789/0] -- mon_subscribe({config=0+,monmap=0+}) -- 0x7fd21019e2f0 con 0x7fd210109e40
2024-04-24T23:08:20.696 INFO:teuthology.orchestra.run.smithi016.stdout:/usr/bin/ceph: stderr
2024-04-24T23:08:19.585+0000 7fd215c00700 1 --2- 172.21.15.16:0/3563947184 >> [v2:172.21.15.16:3300/0,v1:172.21.15.16:6789/0] conn(0x7fd210109e40 0x7fd21019ddb0 secure :-1 s=READY pgs=79 cs=0 l=1 rev1=1 crypto rx=0x7fd204011b60 tx=0x7fd204011c40 comp rx=0 tx=0).ready entity=mon.0 client_cookie=0 server_cookie=0 in_seq=0 out_seq=0
2024-04-24T23:08:20.696 INFO:teuthology.orchestra.run.smithi016.stdout:/usr/bin/ceph: stderr
2024-04-24T23:08:19.585+0000 7fd20e000700 1 -- 172.21.15.16:0/3563947184 <== mon.0 v2:172.21.15.16:3300/0 1 ==== mon_map magic: 0 ==== 205+0+0 (secure 0 0 0) 0x7fd204003b60 con 0x7fd210109e40
2024-04-24T23:08:20.696 INFO:teuthology.orchestra.run.smithi016.stdout:/usr/bin/ceph: stderr
2024-04-24T23:08:19.585+0000 7fd20e000700 1 -- 172.21.15.16:0/3563947184 <== mon.0 v2:172.21.15.16:3300/0 2 ==== config(27 keys) ==== 1140+0+0 (secure 0 0 0) 0x7fd20401a910 con 0x7fd210109e40
2024-04-24T23:08:20.696 INFO:teuthology.orchestra.run.smithi016.stdout:/usr/bin/ceph: stderr
2024-04-24T23:08:19.585+0000 7fd20e000700 1 -- 172.21.15.16:0/3563947184 <== mon.0 v2:172.21.15.16:3300/0 3 ==== mon_map magic: 0 ==== 205+0+0 (secure 0 0 0) 0x7fd204024930 con 0x7fd210109e40
2024-04-24T23:08:20.696 INFO:teuthology.orchestra.run.smithi016.stdout:/usr/bin/ceph: stderr
2024-04-24T23:08:19.585+0000 7fd217000700 1 -- 172.21.15.16:0/3563947184 --> [v2:172.21.15.16:3300/0,v1:172.21.15.16:6789/0] -- mon_subscribe({mgrmap=0+}) -- 0x7fd21019e580 con 0x7fd210109e40
2024-04-24T23:08:20.696 INFO:teuthology.orchestra.run.smithi016.stdout:/usr/bin/ceph: stderr
2024-04-24T23:08:19.585+0000 7fd217000700 1 -- 172.21.15.16:0/3563947184 --> [v2:172.21.15.16:3300/0,v1:172.21.15.16:6789/0] -- mon_subscribe({osdmap=0}) -- 0x7fd2101a1230 con 0x7fd210109e40
2024-04-24T23:08:20.697 INFO:teuthology.orchestra.run.smithi016.stdout:/usr/bin/ceph: stderr
2024-04-24T23:08:19.586+0000 7fd217000700 1 -- 172.21.15.16:0/3563947184 --> [v2:172.21.15.16:3300/0,v1:172.21.15.16:6789/0] -- mon_command({"prefix": "get_command_descriptions"} v 0) -- 0x7fd210069390 con 0x7fd210109e40
2024-04-24T23:08:20.697 INFO:teuthology.orchestra.run.smithi016.stdout:/usr/bin/ceph: stderr
2024-04-24T23:08:19.587+0000 7fd20e000700 1 -- 172.21.15.16:0/3563947184 <== mon.0 v2:172.21.15.16:3300/0 4 ==== mgrmap(e 13) ==== 46343+0+0 (secure 0 0 0) 0x7fd204022020 con 0x7fd210109e40
2024-04-24T23:08:20.697 INFO:teuthology.orchestra.run.smithi016.stdout:/usr/bin/ceph: stderr
2024-04-24T23:08:19.587+0000 7fd20e000700 1 --2- 172.21.15.16:0/3563947184 >> [v2:172.21.15.16:6800/2954482069,v1:172.21.15.16:6801/2954482069] conn(0x7fd1f80391a0 0x7fd1f803b660 unknown :-1 s=NONE pgs=0 cs=0 l=1 rev1=0 crypto rx=0 tx=0 comp rx=0 tx=0).connect
2024-04-24T23:08:20.697 INFO:teuthology.orchestra.run.smithi016.stdout:/usr/bin/ceph: stderr
2024-04-24T23:08:19.587+0000 7fd20e000700 1 -- 172.21.15.16:0/3563947184 <== mon.0 v2:172.21.15.16:3300/0 5 ==== osd_map(3..3 src has 1..3) ==== 1155+0+0 (secure 0 0 0) 0x7fd20404d4c0 con 0x7fd210109e40
2024-04-24T23:08:20.697 INFO:teuthology.orchestra.run.smithi016.stdout:/usr/bin/ceph: stderr
2024-04-24T23:08:19.587+0000 7fd215200700 1 --2- 172.21.15.16:0/3563947184 >> [v2:172.21.15.16:6800/2954482069,v1:172.21.15.16:6801/2954482069] conn(0x7fd1f80391a0 0x7fd1f803b660 unknown :-1 s=BANNER_CONNECTING pgs=0 cs=0 l=1 rev1=0 crypto rx=0 tx=0 comp rx=0 tx=0)._handle_peer_banner_payload supported=3 required=0
2024-04-24T23:08:20.698 INFO:teuthology.orchestra.run.smithi016.stdout:/usr/bin/ceph: stderr
2024-04-24T23:08:19.588+0000 7fd215200700 1 --2- 172.21.15.16:0/3563947184 >> [v2:172.21.15.16:6800/2954482069,v1:172.21.15.16:6801/2954482069] conn(0x7fd1f80391a0 0x7fd1f803b660 secure :-1 s=READY pgs=11 cs=0 l=1 rev1=1 crypto rx=0x7fd1fc006fd0 tx=0x7fd1fc006e40 comp rx=0 tx=0).ready entity=mgr.14152 client_cookie=0 server_cookie=0 in_seq=0 out_seq=0
2024-04-24T23:08:20.698 INFO:teuthology.orchestra.run.smithi016.stdout:/usr/bin/ceph: stderr
2024-04-24T23:08:19.592+0000 7fd20e000700 1 -- 172.21.15.16:0/3563947184 <== mon.0 v2:172.21.15.16:3300/0 6 ==== mon_command_ack([{"prefix": "get_command_descriptions"}]=0 v0) ==== 72+0+186147 (secure 0 0 0) 0x7fd20400b3e0 con 0x7fd210109e40
2024-04-24T23:08:20.698 INFO:teuthology.orchestra.run.smithi016.stdout:/usr/bin/ceph: stderr
2024-04-24T23:08:19.954+0000 7fd217000700 1 -- 172.21.15.16:0/3563947184 --> [v2:172.21.15.16:3300/0,v1:172.21.15.16:6789/0] -- mon_command([{prefix=config-key set, key=mgr/dashboard/cluster/status}] v 0) -- 0x7fd2101a1860 con 0x7fd210109e40
2024-04-24T23:08:20.698 INFO:teuthology.orchestra.run.smithi016.stdout:/usr/bin/ceph: stderr
2024-04-24T23:08:19.958+0000 7fd20e000700 1 -- 172.21.15.16:0/3563947184 <== mon.0 v2:172.21.15.16:3300/0 7 ==== mon_command_ack([{prefix=config-key set, key=mgr/dashboard/cluster/status}]=0 set mgr/dashboard/cluster/status v28)=0 set mgr/dashboard/cluster/status v28) ==== 153+0+0 (secure 0 0 0) 0x7fd204016260 con 0x7fd210109e40
2024-04-24T23:08:20.698 INFO:teuthology.orchestra.run.smithi016.stdout:/usr/bin/ceph: stderr
2024-04-24T23:08:19.961+0000 7fd217000700 1 -- 172.21.15.16:0/3563947184 >> [v2:172.21.15.16:6800/2954482069,v1:172.21.15.16:6801/2954482069] conn(0x7fd1f80391a0 msgr2=0x7fd1f803b660 secure :-1 s=STATE_CONNECTION_ESTABLISHED l=1).mark_down
2024-04-24T23:08:20.698 INFO:teuthology.orchestra.run.smithi016.stdout:/usr/bin/ceph: stderr
2024-04-24T23:08:19.961+0000 7fd217000700 1 --2- 172.21.15.16:0/3563947184 >> [v2:172.21.15.16:6800/2954482069,v1:172.21.15.16:6801/2954482069] conn(0x7fd1f80391a0 0x7fd1f803b660 secure :-1 s=READY pgs=11 cs=0 l=1 rev1=1 crypto rx=0x7fd1fc006fd0 tx=0x7fd1fc006e40 comp rx=0 tx=0).stop
2024-04-24T23:08:20.699 INFO:teuthology.orchestra.run.smithi016.stdout:/usr/bin/ceph: stderr
2024-04-24T23:08:19.961+0000 7fd217000700 1 -- 172.21.15.16:0/3563947184 >> [v2:172.21.15.16:3300/0,v1:172.21.15.16:6789/0] conn(0x7fd210109e40 msgr2=0x7fd21019ddb0 secure :-1 s=STATE_CONNECTION_ESTABLISHED l=1).mark_down
2024-04-24T23:08:20.699 INFO:teuthology.orchestra.run.smithi016.stdout:/usr/bin/ceph: stderr
2024-04-24T23:08:19.961+0000 7fd217000700 1 --2- 172.21.15.16:0/3563947184 >> [v2:172.21.15.16:3300/0,v1:172.21.15.16:6789/0] conn(0x7fd210109e40 0x7fd21019ddb0 secure :-1 s=READY pgs=79 cs=0 l=1 rev1=1 crypto rx=0x7fd204011b60 tx=0x7fd204011c40 comp rx=0 tx=0).stop
2024-04-24T23:08:20.699 INFO:teuthology.orchestra.run.smithi016.stdout:/usr/bin/ceph: stderr
2024-04-24T23:08:19.961+0000 7fd217000700 1 -- 172.21.15.16:0/3563947184 shutdown_connections
2024-04-24T23:08:20.699 INFO:teuthology.orchestra.run.smithi016.stdout:/usr/bin/ceph: stderr
2024-04-24T23:08:19.961+0000 7fd217000700 1 --2- 172.21.15.16:0/3563947184 >> [v2:172.21.15.16:6800/2954482069,v1:172.21.15.16:6801/2954482069] conn(0x7fd1f80391a0 0x7fd1f803b660 unknown :-1 s=CLOSED pgs=11 cs=0 l=1 rev1=1 crypto rx=0 tx=0 comp rx=0 tx=0).stop
2024-04-24T23:08:20.699 INFO:teuthology.orchestra.run.smithi016.stdout:/usr/bin/ceph: stderr
2024-04-24T23:08:19.961+0000 7fd217000700 1 --2- 172.21.15.16:0/3563947184 >> [v2:172.21.15.16:3300/0,v1:172.21.15.16:6789/0] conn(0x7fd210109e40 0x7fd21019ddb0 unknown :-1 s=CLOSED pgs=79 cs=0 l=1 rev1=1 crypto rx=0 tx=0 comp rx=0 tx=0).stop
2024-04-24T23:08:20.700 INFO:teuthology.orchestra.run.smithi016.stdout:/usr/bin/ceph: stderr
2024-04-24T23:08:19.961+0000 7fd217000700 1 -- 172.21.15.16:0/3563947184 >> 172.21.15.16:0/3563947184 conn(0x7fd21007d240 msgr2=0x7fd210107300 unknown :-1 s=STATE_NONE l=0).mark_down
2024-04-24T23:08:20.700 INFO:teuthology.orchestra.run.smithi016.stdout:/usr/bin/ceph: stderr
2024-04-24T23:08:19.961+0000 7fd217000700 1 -- 172.21.15.16:0/3563947184 shutdown_connections
2024-04-24T23:08:20.700 INFO:teuthology.orchestra.run.smithi016.stdout:/usr/bin/ceph: stderr
2024-04-24T23:08:19.961+0000 7fd217000700 1 -- 172.21.15.16:0/3563947184 wait complete.
2024-04-24T23:08:20.700 INFO:teuthology.orchestra.run.smithi016.stdout:/usr/bin/ceph: stderr set mgr/dashboard/cluster/status
2024-04-24T23:08:20.700 INFO:teuthology.orchestra.run.smithi016.stdout:You can access the Ceph CLI as following in case of multi-cluster or non-default config:
2024-04-24T23:08:20.700 INFO:teuthology.orchestra.run.smithi016.stdout:
2024-04-24T23:08:20.701 INFO:teuthology.orchestra.run.smithi016.stdout: sudo /home/ubuntu/cephtest/cephadm shell --fsid 2e0a7c14-028f-11ef-bc93-c7b262605968 -c /etc/ceph/ceph.conf -k /etc/ceph/ceph.client.admin.keyring
2024-04-24T23:08:20.701 INFO:teuthology.orchestra.run.smithi016.stdout:
2024-04-24T23:08:20.701 INFO:teuthology.orchestra.run.smithi016.stdout:Or, if you are only running a single cluster on this host:
2024-04-24T23:08:20.701 INFO:teuthology.orchestra.run.smithi016.stdout:
2024-04-24T23:08:20.701 INFO:teuthology.orchestra.run.smithi016.stdout: sudo /home/ubuntu/cephtest/cephadm shell
2024-04-24T23:08:20.701 INFO:teuthology.orchestra.run.smithi016.stdout:
2024-04-24T23:08:20.701 INFO:teuthology.orchestra.run.smithi016.stdout:Please consider enabling telemetry to help improve Ceph:
2024-04-24T23:08:20.702 INFO:teuthology.orchestra.run.smithi016.stdout:
2024-04-24T23:08:20.702 INFO:teuthology.orchestra.run.smithi016.stdout: ceph telemetry on
2024-04-24T23:08:20.702 INFO:teuthology.orchestra.run.smithi016.stdout:
2024-04-24T23:08:20.702 INFO:teuthology.orchestra.run.smithi016.stdout:For more information see:
2024-04-24T23:08:20.702 INFO:teuthology.orchestra.run.smithi016.stdout:
2024-04-24T23:08:20.703 INFO:teuthology.orchestra.run.smithi016.stdout: https://docs.ceph.com/en/latest/mgr/telemetry/
2024-04-24T23:08:20.703 INFO:teuthology.orchestra.run.smithi016.stdout:
2024-04-24T23:08:20.703 INFO:teuthology.orchestra.run.smithi016.stdout:Bootstrap complete.
2024-04-24T23:08:20.787 INFO:tasks.cephadm:Fetching config...
2024-04-24T23:08:20.788 DEBUG:teuthology.orchestra.run.smithi016:> set -ex
2024-04-24T23:08:20.788 DEBUG:teuthology.orchestra.run.smithi016:> dd if=/etc/ceph/ceph.conf of=/dev/stdout
2024-04-24T23:08:20.839 INFO:tasks.cephadm:Fetching client.admin keyring...
2024-04-24T23:08:20.839 DEBUG:teuthology.orchestra.run.smithi016:> set -ex
2024-04-24T23:08:20.840 DEBUG:teuthology.orchestra.run.smithi016:> dd if=/etc/ceph/ceph.client.admin.keyring of=/dev/stdout
2024-04-24T23:08:20.891 INFO:tasks.cephadm:Fetching mon keyring...
2024-04-24T23:08:20.892 DEBUG:teuthology.orchestra.run.smithi016:> set -ex
2024-04-24T23:08:20.892 DEBUG:teuthology.orchestra.run.smithi016:> sudo dd if=/var/lib/ceph/2e0a7c14-028f-11ef-bc93-c7b262605968/mon.a/keyring of=/dev/stdout
2024-04-24T23:08:20.960 INFO:tasks.cephadm:Fetching pub ssh key...
2024-04-24T23:08:20.960 DEBUG:teuthology.orchestra.run.smithi016:> set -ex
2024-04-24T23:08:20.960 DEBUG:teuthology.orchestra.run.smithi016:> dd if=/home/ubuntu/cephtest/ceph.pub of=/dev/stdout
2024-04-24T23:08:21.055 INFO:tasks.cephadm:Installing pub ssh key for root users...
