2024-04-24T23:07:41.392 INFO:teuthology.orchestra.run.smithi016.stdout:/usr/bin/ceph: stdout ssh-rsa AAAAB3NzaC1yc2EAAAADAQABAAABgQDG1PTOxpMR3j0Om+9VgUuiXLoERd1CCnXruRbvGvXsQwtskOpf8ojqenQ4wenehsSyLAuumuFgDUjyLqX+Sod9ulwJ/1+dJiUnZFzLWCS/z22y0yAKrMNrQ0Zm+vItsKWkY1e4thRXW22FXhKsarfJLh6nA7MCtW7x2eKbZgbqIjmhALrPwGdWOc9GHuk8pq9ZOGhkD+NN+/rS5x6ra9vDtwb+sLnHTVRJwV32yz14pMRK+0Wmooo2OB7tsC8P6KJdgXClldSCMwE2liZ6xFWzyKdHGHV+YLJ0QgUuhqafe8ckL6/2o71YnaM8X96llRPkqrFhoEXdLCq75jO+m7INOxeOzDWGUKkblvtQx2iX/VFUwr13tuCTLXixTP9Xi5hR3wSVawVeFizTxz6QU11Qql3oPhsma/0pz3b7GhsmpoSAjI30y/DIQaVchzzEv1RJhtXps3De0+HeXJXV5228RDEjM+L5os9rqu6lj29+wcjbWhiUfnehctIF5saXNL0= ceph-2e0a7c14-028f-11ef-bc93-c7b262605968
2024-04-24T23:07:41.393 INFO:teuthology.orchestra.run.smithi016.stdout:/usr/bin/ceph: stderr
2024-04-24T23:07:40.433+0000 7fae6aa00700 1 Processor -- start
2024-04-24T23:07:41.393 INFO:teuthology.orchestra.run.smithi016.stdout:/usr/bin/ceph: stderr
2024-04-24T23:07:40.433+0000 7fae6aa00700 1 -- start start
2024-04-24T23:07:41.393 INFO:teuthology.orchestra.run.smithi016.stdout:/usr/bin/ceph: stderr
2024-04-24T23:07:40.434+0000 7fae6aa00700 1 --2- >> [v2:172.21.15.16:3300/0,v1:172.21.15.16:6789/0] conn(0x7fae64107e00 0x7fae64108220 unknown :-1 s=NONE pgs=0 cs=0 l=0 rev1=0 crypto rx=0 tx=0 comp rx=0 tx=0).connect
2024-04-24T23:07:41.393 INFO:teuthology.orchestra.run.smithi016.stdout:/usr/bin/ceph: stderr
2024-04-24T23:07:40.434+0000 7fae6aa00700 1 -- --> [v2:172.21.15.16:3300/0,v1:172.21.15.16:6789/0] -- mon_getmap magic: 0 -- 0x7fae641087f0 con 0x7fae64107e00
2024-04-24T23:07:41.393 INFO:teuthology.orchestra.run.smithi016.stdout:/usr/bin/ceph: stderr
2024-04-24T23:07:40.434+0000 7fae63e00700 1 --2- >> [v2:172.21.15.16:3300/0,v1:172.21.15.16:6789/0] conn(0x7fae64107e00 0x7fae64108220 unknown :-1 s=BANNER_CONNECTING pgs=0 cs=0 l=0 rev1=0 crypto rx=0 tx=0 comp rx=0 tx=0)._handle_peer_banner_payload supported=3 required=0
2024-04-24T23:07:41.393 INFO:teuthology.orchestra.run.smithi016.stdout:/usr/bin/ceph: stderr
2024-04-24T23:07:40.434+0000 7fae63e00700 1 --2- >> [v2:172.21.15.16:3300/0,v1:172.21.15.16:6789/0] conn(0x7fae64107e00 0x7fae64108220 unknown :-1 s=HELLO_CONNECTING pgs=0 cs=0 l=0 rev1=1 crypto rx=0 tx=0 comp rx=0 tx=0).handle_hello peer v2:172.21.15.16:3300/0 says I am v2:172.21.15.16:57634/0 (socket says 172.21.15.16:57634)
2024-04-24T23:07:41.393 INFO:teuthology.orchestra.run.smithi016.stdout:/usr/bin/ceph: stderr
2024-04-24T23:07:40.434+0000 7fae63e00700 1 -- 172.21.15.16:0/762084428 learned_addr learned my addr 172.21.15.16:0/762084428 (peer_addr_for_me v2:172.21.15.16:0/0)
2024-04-24T23:07:41.393 INFO:teuthology.orchestra.run.smithi016.stdout:/usr/bin/ceph: stderr
2024-04-24T23:07:40.435+0000 7fae63e00700 1 -- 172.21.15.16:0/762084428 --> [v2:172.21.15.16:3300/0,v1:172.21.15.16:6789/0] -- mon_subscribe({config=0+,monmap=0+}) -- 0x7fae64108fb0 con 0x7fae64107e00
2024-04-24T23:07:41.393 INFO:teuthology.orchestra.run.smithi016.stdout:/usr/bin/ceph: stderr
2024-04-24T23:07:40.435+0000 7fae63e00700 1 --2- 172.21.15.16:0/762084428 >> [v2:172.21.15.16:3300/0,v1:172.21.15.16:6789/0] conn(0x7fae64107e00 0x7fae64108220 secure :-1 s=READY pgs=43 cs=0 l=1 rev1=1 crypto rx=0x7fae540098a0 tx=0x7fae54009bb0 comp rx=0 tx=0).ready entity=mon.0 client_cookie=725357c032005b03 server_cookie=0 in_seq=0 out_seq=0
2024-04-24T23:07:41.393 INFO:teuthology.orchestra.run.smithi016.stdout:/usr/bin/ceph: stderr
2024-04-24T23:07:40.435+0000 7fae62a00700 1 -- 172.21.15.16:0/762084428 <== mon.0 v2:172.21.15.16:3300/0 1 ==== mon_map magic: 0 ==== 205+0+0 (secure 0 0 0) 0x7fae54004160 con 0x7fae64107e00
2024-04-24T23:07:41.396 INFO:teuthology.orchestra.run.smithi016.stdout:/usr/bin/ceph: stderr
2024-04-24T23:07:40.435+0000 7fae62a00700 1 -- 172.21.15.16:0/762084428 <== mon.0 v2:172.21.15.16:3300/0 2 ==== config(27 keys) ==== 1109+0+0 (secure 0 0 0) 0x7fae54004300 con 0x7fae64107e00
2024-04-24T23:07:41.397 INFO:teuthology.orchestra.run.smithi016.stdout:/usr/bin/ceph: stderr
2024-04-24T23:07:40.435+0000 7fae62a00700 1 -- 172.21.15.16:0/762084428 <== mon.0 v2:172.21.15.16:3300/0 3 ==== mon_map magic: 0 ==== 205+0+0 (secure 0 0 0) 0x7fae54011b50 con 0x7fae64107e00
2024-04-24T23:07:41.397 INFO:teuthology.orchestra.run.smithi016.stdout:/usr/bin/ceph: stderr
2024-04-24T23:07:40.436+0000 7fae6aa00700 1 -- 172.21.15.16:0/762084428 >> [v2:172.21.15.16:3300/0,v1:172.21.15.16:6789/0] conn(0x7fae64107e00 msgr2=0x7fae64108220 secure :-1 s=STATE_CONNECTION_ESTABLISHED l=1).mark_down
2024-04-24T23:07:41.397 INFO:teuthology.orchestra.run.smithi016.stdout:/usr/bin/ceph: stderr
2024-04-24T23:07:40.436+0000 7fae6aa00700 1 --2- 172.21.15.16:0/762084428 >> [v2:172.21.15.16:3300/0,v1:172.21.15.16:6789/0] conn(0x7fae64107e00 0x7fae64108220 secure :-1 s=READY pgs=43 cs=0 l=1 rev1=1 crypto rx=0x7fae540098a0 tx=0x7fae54009bb0 comp rx=0 tx=0).stop
2024-04-24T23:07:41.397 INFO:teuthology.orchestra.run.smithi016.stdout:/usr/bin/ceph: stderr
2024-04-24T23:07:40.436+0000 7fae6aa00700 1 -- 172.21.15.16:0/762084428 shutdown_connections
2024-04-24T23:07:41.397 INFO:teuthology.orchestra.run.smithi016.stdout:/usr/bin/ceph: stderr
2024-04-24T23:07:40.436+0000 7fae6aa00700 1 --2- 172.21.15.16:0/762084428 >> [v2:172.21.15.16:3300/0,v1:172.21.15.16:6789/0] conn(0x7fae64107e00 0x7fae64108220 unknown :-1 s=CLOSED pgs=43 cs=0 l=1 rev1=1 crypto rx=0 tx=0 comp rx=0 tx=0).stop
2024-04-24T23:07:41.397 INFO:teuthology.orchestra.run.smithi016.stdout:/usr/bin/ceph: stderr
2024-04-24T23:07:40.436+0000 7fae6aa00700 1 -- 172.21.15.16:0/762084428 >> 172.21.15.16:0/762084428 conn(0x7fae641033c0 msgr2=0x7fae641057e0 unknown :-1 s=STATE_NONE l=0).mark_down
2024-04-24T23:07:41.397 INFO:teuthology.orchestra.run.smithi016.stdout:/usr/bin/ceph: stderr
2024-04-24T23:07:40.436+0000 7fae6aa00700 1 -- 172.21.15.16:0/762084428 shutdown_connections
2024-04-24T23:07:41.397 INFO:teuthology.orchestra.run.smithi016.stdout:/usr/bin/ceph: stderr
2024-04-24T23:07:40.436+0000 7fae6aa00700 1 -- 172.21.15.16:0/762084428 wait complete.
2024-04-24T23:07:41.397 INFO:teuthology.orchestra.run.smithi016.stdout:/usr/bin/ceph: stderr
2024-04-24T23:07:40.437+0000 7fae6aa00700 1 Processor -- start
2024-04-24T23:07:41.397 INFO:teuthology.orchestra.run.smithi016.stdout:/usr/bin/ceph: stderr
2024-04-24T23:07:40.438+0000 7fae6aa00700 1 -- start start
2024-04-24T23:07:41.397 INFO:teuthology.orchestra.run.smithi016.stdout:/usr/bin/ceph: stderr
2024-04-24T23:07:40.438+0000 7fae6aa00700 1 --2- >> [v2:172.21.15.16:3300/0,v1:172.21.15.16:6789/0] conn(0x7fae64107e00 0x7fae6419be80 unknown :-1 s=NONE pgs=0 cs=0 l=1 rev1=0 crypto rx=0 tx=0 comp rx=0 tx=0).connect
2024-04-24T23:07:41.397 INFO:teuthology.orchestra.run.smithi016.stdout:/usr/bin/ceph: stderr
2024-04-24T23:07:40.438+0000 7fae6aa00700 1 -- --> [v2:172.21.15.16:3300/0,v1:172.21.15.16:6789/0] -- mon_getmap magic: 0 -- 0x7fae6410c360 con 0x7fae64107e00
2024-04-24T23:07:41.397 INFO:teuthology.orchestra.run.smithi016.stdout:/usr/bin/ceph: stderr
2024-04-24T23:07:40.438+0000 7fae63e00700 1 --2- >> [v2:172.21.15.16:3300/0,v1:172.21.15.16:6789/0] conn(0x7fae64107e00 0x7fae6419be80 unknown :-1 s=BANNER_CONNECTING pgs=0 cs=0 l=1 rev1=0 crypto rx=0 tx=0 comp rx=0 tx=0)._handle_peer_banner_payload supported=3 required=0
2024-04-24T23:07:41.398 INFO:teuthology.orchestra.run.smithi016.stdout:/usr/bin/ceph: stderr
2024-04-24T23:07:40.438+0000 7fae63e00700 1 --2- >> [v2:172.21.15.16:3300/0,v1:172.21.15.16:6789/0] conn(0x7fae64107e00 0x7fae6419be80 unknown :-1 s=HELLO_CONNECTING pgs=0 cs=0 l=1 rev1=1 crypto rx=0 tx=0 comp rx=0 tx=0).handle_hello peer v2:172.21.15.16:3300/0 says I am v2:172.21.15.16:57644/0 (socket says 172.21.15.16:57644)
2024-04-24T23:07:41.398 INFO:teuthology.orchestra.run.smithi016.stdout:/usr/bin/ceph: stderr
2024-04-24T23:07:40.438+0000 7fae63e00700 1 -- 172.21.15.16:0/2630937345 learned_addr learned my addr 172.21.15.16:0/2630937345 (peer_addr_for_me v2:172.21.15.16:0/0)
2024-04-24T23:07:41.398 INFO:teuthology.orchestra.run.smithi016.stdout:/usr/bin/ceph: stderr
2024-04-24T23:07:40.439+0000 7fae63e00700 1 -- 172.21.15.16:0/2630937345 --> [v2:172.21.15.16:3300/0,v1:172.21.15.16:6789/0] -- mon_subscribe({config=0+,monmap=0+}) -- 0x7fae6419c3c0 con 0x7fae64107e00
2024-04-24T23:07:41.398 INFO:teuthology.orchestra.run.smithi016.stdout:/usr/bin/ceph: stderr
2024-04-24T23:07:40.439+0000 7fae63e00700 1 --2- 172.21.15.16:0/2630937345 >> [v2:172.21.15.16:3300/0,v1:172.21.15.16:6789/0] conn(0x7fae64107e00 0x7fae6419be80 secure :-1 s=READY pgs=44 cs=0 l=1 rev1=1 crypto rx=0x7fae54000c00 tx=0x7fae54011c10 comp rx=0 tx=0).ready entity=mon.0 client_cookie=0 server_cookie=0 in_seq=0 out_seq=0
2024-04-24T23:07:41.398 INFO:teuthology.orchestra.run.smithi016.stdout:/usr/bin/ceph: stderr
2024-04-24T23:07:40.439+0000 7fae60c00700 1 -- 172.21.15.16:0/2630937345 <== mon.0 v2:172.21.15.16:3300/0 1 ==== mon_map magic: 0 ==== 205+0+0 (secure 0 0 0) 0x7fae54003b20 con 0x7fae64107e00
2024-04-24T23:07:41.398 INFO:teuthology.orchestra.run.smithi016.stdout:/usr/bin/ceph: stderr
2024-04-24T23:07:40.439+0000 7fae60c00700 1 -- 172.21.15.16:0/2630937345 <== mon.0 v2:172.21.15.16:3300/0 2 ==== config(27 keys) ==== 1109+0+0 (secure 0 0 0) 0x7fae54003cc0 con 0x7fae64107e00
2024-04-24T23:07:41.398 INFO:teuthology.orchestra.run.smithi016.stdout:/usr/bin/ceph: stderr
2024-04-24T23:07:40.439+0000 7fae6aa00700 1 -- 172.21.15.16:0/2630937345 --> [v2:172.21.15.16:3300/0,v1:172.21.15.16:6789/0] -- mon_subscribe({mgrmap=0+}) -- 0x7fae6419c650 con 0x7fae64107e00
2024-04-24T23:07:41.398 INFO:teuthology.orchestra.run.smithi016.stdout:/usr/bin/ceph: stderr
2024-04-24T23:07:40.440+0000 7fae60c00700 1 -- 172.21.15.16:0/2630937345 <== mon.0 v2:172.21.15.16:3300/0 3 ==== mon_map magic: 0 ==== 205+0+0 (secure 0 0 0) 0x7fae54024910 con 0x7fae64107e00
2024-04-24T23:07:41.398 INFO:teuthology.orchestra.run.smithi016.stdout:/usr/bin/ceph: stderr
2024-04-24T23:07:40.440+0000 7fae6aa00700 1 -- 172.21.15.16:0/2630937345 --> [v2:172.21.15.16:3300/0,v1:172.21.15.16:6789/0] -- mon_subscribe({osdmap=0}) -- 0x7fae6419d170 con 0x7fae64107e00
2024-04-24T23:07:41.398 INFO:teuthology.orchestra.run.smithi016.stdout:/usr/bin/ceph: stderr
2024-04-24T23:07:40.441+0000 7fae6aa00700 1 -- 172.21.15.16:0/2630937345 --> [v2:172.21.15.16:3300/0,v1:172.21.15.16:6789/0] -- mon_command({"prefix": "get_command_descriptions"} v 0) -- 0x7fae64063890 con 0x7fae64107e00
2024-04-24T23:07:41.398 INFO:teuthology.orchestra.run.smithi016.stdout:/usr/bin/ceph: stderr
2024-04-24T23:07:40.441+0000 7fae60c00700 1 -- 172.21.15.16:0/2630937345 <== mon.0 v2:172.21.15.16:3300/0 4 ==== mgrmap(e 8) ==== 46287+0+0 (secure 0 0 0) 0x7fae54022020 con 0x7fae64107e00
2024-04-24T23:07:41.398 INFO:teuthology.orchestra.run.smithi016.stdout:/usr/bin/ceph: stderr
2024-04-24T23:07:40.441+0000 7fae60c00700 1 --2- 172.21.15.16:0/2630937345 >> [v2:172.21.15.16:6800/2936305569,v1:172.21.15.16:6801/2936305569] conn(0x7fae480390a0 0x7fae4803b560 unknown :-1 s=NONE pgs=0 cs=0 l=1 rev1=0 crypto rx=0 tx=0 comp rx=0 tx=0).connect
2024-04-24T23:07:41.398 INFO:teuthology.orchestra.run.smithi016.stdout:/usr/bin/ceph: stderr
2024-04-24T23:07:40.441+0000 7fae60c00700 1 -- 172.21.15.16:0/2630937345 <== mon.0 v2:172.21.15.16:3300/0 5 ==== osd_map(2..2 src has 1..2) ==== 940+0+0 (secure 0 0 0) 0x7fae54011e00 con 0x7fae64107e00
2024-04-24T23:07:41.399 INFO:teuthology.orchestra.run.smithi016.stdout:/usr/bin/ceph: stderr
2024-04-24T23:07:40.442+0000 7fae63400700 1 --2- 172.21.15.16:0/2630937345 >> [v2:172.21.15.16:6800/2936305569,v1:172.21.15.16:6801/2936305569] conn(0x7fae480390a0 0x7fae4803b560 unknown :-1 s=BANNER_CONNECTING pgs=0 cs=0 l=1 rev1=0 crypto rx=0 tx=0 comp rx=0 tx=0)._handle_peer_banner_payload supported=3 required=0
2024-04-24T23:07:41.399 INFO:teuthology.orchestra.run.smithi016.stdout:/usr/bin/ceph: stderr
2024-04-24T23:07:40.443+0000 7fae63400700 1 --2- 172.21.15.16:0/2630937345 >> [v2:172.21.15.16:6800/2936305569,v1:172.21.15.16:6801/2936305569] conn(0x7fae480390a0 0x7fae4803b560 secure :-1 s=READY pgs=10 cs=0 l=1 rev1=1 crypto rx=0x7fae50006fd0 tx=0x7fae50006e40 comp rx=0 tx=0).ready entity=mgr.14120 client_cookie=0 server_cookie=0 in_seq=0 out_seq=0
2024-04-24T23:07:41.400 INFO:teuthology.orchestra.run.smithi016.stdout:/usr/bin/ceph: stderr
2024-04-24T23:07:40.447+0000 7fae60c00700 1 -- 172.21.15.16:0/2630937345 <== mon.0 v2:172.21.15.16:3300/0 6 ==== mon_command_ack([{"prefix": "get_command_descriptions"}]=0 v0) ==== 72+0+186147 (secure 0 0 0) 0x7fae5401ad80 con 0x7fae64107e00
2024-04-24T23:07:41.400 INFO:teuthology.orchestra.run.smithi016.stdout:/usr/bin/ceph: stderr
2024-04-24T23:07:40.674+0000 7fae6aa00700 1 -- 172.21.15.16:0/2630937345 --> [v2:172.21.15.16:6800/2936305569,v1:172.21.15.16:6801/2936305569] -- mgr_command(tid 0: {"prefix": "cephadm get-pub-key", "target": ["mon-mgr", ""]}) -- 0x7fae641045a0 con 0x7fae480390a0
2024-04-24T23:07:41.401 INFO:teuthology.orchestra.run.smithi016.stdout:/usr/bin/ceph: stderr
2024-04-24T23:07:40.676+0000 7fae60c00700 1 -- 172.21.15.16:0/2630937345 <== mgr.14120 v2:172.21.15.16:6800/2936305569 1 ==== mgr_command_reply(tid 0: 0 ) ==== 8+0+595 (secure 0 0 0) 0x7fae641045a0 con 0x7fae480390a0
2024-04-24T23:07:41.401 INFO:teuthology.orchestra.run.smithi016.stdout:/usr/bin/ceph: stderr
2024-04-24T23:07:40.678+0000 7fae6aa00700 1 -- 172.21.15.16:0/2630937345 >> [v2:172.21.15.16:6800/2936305569,v1:172.21.15.16:6801/2936305569] conn(0x7fae480390a0 msgr2=0x7fae4803b560 secure :-1 s=STATE_CONNECTION_ESTABLISHED l=1).mark_down
2024-04-24T23:07:41.401 INFO:teuthology.orchestra.run.smithi016.stdout:/usr/bin/ceph: stderr
2024-04-24T23:07:40.678+0000 7fae6aa00700 1 --2- 172.21.15.16:0/2630937345 >> [v2:172.21.15.16:6800/2936305569,v1:172.21.15.16:6801/2936305569] conn(0x7fae480390a0 0x7fae4803b560 secure :-1 s=READY pgs=10 cs=0 l=1 rev1=1 crypto rx=0x7fae50006fd0 tx=0x7fae50006e40 comp rx=0 tx=0).stop
2024-04-24T23:07:41.401 INFO:teuthology.orchestra.run.smithi016.stdout:/usr/bin/ceph: stderr
2024-04-24T23:07:40.678+0000 7fae6aa00700 1 -- 172.21.15.16:0/2630937345 >> [v2:172.21.15.16:3300/0,v1:172.21.15.16:6789/0] conn(0x7fae64107e00 msgr2=0x7fae6419be80 secure :-1 s=STATE_CONNECTION_ESTABLISHED l=1).mark_down
2024-04-24T23:07:41.401 INFO:teuthology.orchestra.run.smithi016.stdout:/usr/bin/ceph: stderr
2024-04-24T23:07:40.678+0000 7fae6aa00700 1 --2- 172.21.15.16:0/2630937345 >> [v2:172.21.15.16:3300/0,v1:172.21.15.16:6789/0] conn(0x7fae64107e00 0x7fae6419be80 secure :-1 s=READY pgs=44 cs=0 l=1 rev1=1 crypto rx=0x7fae54000c00 tx=0x7fae54011c10 comp rx=0 tx=0).stop
2024-04-24T23:07:41.401 INFO:teuthology.orchestra.run.smithi016.stdout:/usr/bin/ceph: stderr
2024-04-24T23:07:40.679+0000 7fae6aa00700 1 -- 172.21.15.16:0/2630937345 shutdown_connections
2024-04-24T23:07:41.401 INFO:teuthology.orchestra.run.smithi016.stdout:/usr/bin/ceph: stderr
2024-04-24T23:07:40.679+0000 7fae6aa00700 1 --2- 172.21.15.16:0/2630937345 >> [v2:172.21.15.16:6800/2936305569,v1:172.21.15.16:6801/2936305569] conn(0x7fae480390a0 0x7fae4803b560 unknown :-1 s=CLOSED pgs=10 cs=0 l=1 rev1=1 crypto rx=0 tx=0 comp rx=0 tx=0).stop
2024-04-24T23:07:41.401 INFO:teuthology.orchestra.run.smithi016.stdout:/usr/bin/ceph: stderr
2024-04-24T23:07:40.679+0000 7fae6aa00700 1 --2- 172.21.15.16:0/2630937345 >> [v2:172.21.15.16:3300/0,v1:172.21.15.16:6789/0] conn(0x7fae64107e00 0x7fae6419be80 unknown :-1 s=CLOSED pgs=44 cs=0 l=1 rev1=1 crypto rx=0 tx=0 comp rx=0 tx=0).stop
2024-04-24T23:07:41.401 INFO:teuthology.orchestra.run.smithi016.stdout:/usr/bin/ceph: stderr
2024-04-24T23:07:40.679+0000 7fae6aa00700 1 -- 172.21.15.16:0/2630937345 >> 172.21.15.16:0/2630937345 conn(0x7fae641033c0 msgr2=0x7fae64103e90 unknown :-1 s=STATE_NONE l=0).mark_down
2024-04-24T23:07:41.401 INFO:teuthology.orchestra.run.smithi016.stdout:/usr/bin/ceph: stderr
2024-04-24T23:07:40.679+0000 7fae6aa00700 1 -- 172.21.15.16:0/2630937345 shutdown_connections
2024-04-24T23:07:41.401 INFO:teuthology.orchestra.run.smithi016.stdout:/usr/bin/ceph: stderr
2024-04-24T23:07:40.679+0000 7fae6aa00700 1 -- 172.21.15.16:0/2630937345 wait complete.
2024-04-24T23:07:41.401 INFO:teuthology.orchestra.run.smithi016.stdout:Wrote public SSH key to /home/ubuntu/cephtest/ceph.pub
2024-04-24T23:07:41.401 INFO:teuthology.orchestra.run.smithi016.stdout:Adding key to root@localhost authorized_keys...
2024-04-24T23:07:41.406 INFO:teuthology.orchestra.run.smithi016.stdout:Adding host smithi016...
2024-04-24T23:07:41.650 INFO:journalctl@ceph.mon.a.smithi016.stdout:Apr 24 23:07:41 smithi016 ceph-mon[28541]: from='client.14138 -' entity='client.admin' cmd=[{"prefix": "cephadm get-pub-key", "target": ["mon-mgr", ""]}]: dispatch
2024-04-24T23:07:42.573 INFO:journalctl@ceph.mon.a.smithi016.stdout:Apr 24 23:07:42 smithi016 ceph-mon[28541]: from='client.14140 -' entity='client.admin' cmd=[{"prefix": "orch host add", "hostname": "smithi016", "addr": "172.21.15.16", "target": ["mon-mgr", ""]}]: dispatch
2024-04-24T23:07:44.650 INFO:journalctl@ceph.mon.a.smithi016.stdout:Apr 24 23:07:44 smithi016 ceph-mon[28541]: Deploying cephadm binary to smithi016
2024-04-24T23:07:49.418 INFO:teuthology.orchestra.run.smithi016.stdout:/usr/bin/ceph: stdout Added host 'smithi016' with addr '172.21.15.16'
2024-04-24T23:07:49.418 INFO:teuthology.orchestra.run.smithi016.stdout:/usr/bin/ceph: stderr
2024-04-24T23:07:42.066+0000 7f3a0ba00700 1 Processor -- start
2024-04-24T23:07:49.418 INFO:teuthology.orchestra.run.smithi016.stdout:/usr/bin/ceph: stderr
2024-04-24T23:07:42.067+0000 7f3a0ba00700 1 -- start start
2024-04-24T23:07:49.418 INFO:teuthology.orchestra.run.smithi016.stdout:/usr/bin/ceph: stderr
2024-04-24T23:07:42.067+0000 7f3a0ba00700 1 --2- >> [v2:172.21.15.16:3300/0,v1:172.21.15.16:6789/0] conn(0x7f3a04107df0 0x7f3a04108210 unknown :-1 s=NONE pgs=0 cs=0 l=0 rev1=0 crypto rx=0 tx=0 comp rx=0 tx=0).connect
2024-04-24T23:07:49.419 INFO:teuthology.orchestra.run.smithi016.stdout:/usr/bin/ceph: stderr
2024-04-24T23:07:42.067+0000 7f3a0ba00700 1 -- --> [v2:172.21.15.16:3300/0,v1:172.21.15.16:6789/0] -- mon_getmap magic: 0 -- 0x7f3a041087e0 con 0x7f3a04107df0
2024-04-24T23:07:49.419 INFO:teuthology.orchestra.run.smithi016.stdout:/usr/bin/ceph: stderr
2024-04-24T23:07:42.068+0000 7f3a09000700 1 --2- >> [v2:172.21.15.16:3300/0,v1:172.21.15.16:6789/0] conn(0x7f3a04107df0 0x7f3a04108210 unknown :-1 s=BANNER_CONNECTING pgs=0 cs=0 l=0 rev1=0 crypto rx=0 tx=0 comp rx=0 tx=0)._handle_peer_banner_payload supported=3 required=0
2024-04-24T23:07:49.419 INFO:teuthology.orchestra.run.smithi016.stdout:/usr/bin/ceph: stderr
2024-04-24T23:07:42.068+0000 7f3a09000700 1 --2- >> [v2:172.21.15.16:3300/0,v1:172.21.15.16:6789/0] conn(0x7f3a04107df0 0x7f3a04108210 unknown :-1 s=HELLO_CONNECTING pgs=0 cs=0 l=0 rev1=1 crypto rx=0 tx=0 comp rx=0 tx=0).handle_hello peer v2:172.21.15.16:3300/0 says I am v2:172.21.15.16:57654/0 (socket says 172.21.15.16:57654)
2024-04-24T23:07:49.419 INFO:teuthology.orchestra.run.smithi016.stdout:/usr/bin/ceph: stderr
2024-04-24T23:07:42.068+0000 7f3a09000700 1 -- 172.21.15.16:0/3019635697 learned_addr learned my addr 172.21.15.16:0/3019635697 (peer_addr_for_me v2:172.21.15.16:0/0)
2024-04-24T23:07:49.424 INFO:teuthology.orchestra.run.smithi016.stdout:/usr/bin/ceph: stderr
2024-04-24T23:07:42.068+0000 7f3a09000700 1 -- 172.21.15.16:0/3019635697 --> [v2:172.21.15.16:3300/0,v1:172.21.15.16:6789/0] -- mon_subscribe({config=0+,monmap=0+}) -- 0x7f3a04108ff0 con 0x7f3a04107df0
2024-04-24T23:07:49.424 INFO:teuthology.orchestra.run.smithi016.stdout:/usr/bin/ceph: stderr
2024-04-24T23:07:42.068+0000 7f3a09000700 1 --2- 172.21.15.16:0/3019635697 >> [v2:172.21.15.16:3300/0,v1:172.21.15.16:6789/0] conn(0x7f3a04107df0 0x7f3a04108210 secure :-1 s=READY pgs=45 cs=0 l=1 rev1=1 crypto rx=0x7f39f80098a0 tx=0x7f39f8009bb0 comp rx=0 tx=0).ready entity=mon.0 client_cookie=b72d5b2928c6a7e server_cookie=0 in_seq=0 out_seq=0
2024-04-24T23:07:49.424 INFO:teuthology.orchestra.run.smithi016.stdout:/usr/bin/ceph: stderr
2024-04-24T23:07:42.069+0000 7f3a03400700 1 -- 172.21.15.16:0/3019635697 <== mon.0 v2:172.21.15.16:3300/0 1 ==== mon_map magic: 0 ==== 205+0+0 (secure 0 0 0) 0x7f39f8004160 con 0x7f3a04107df0
2024-04-24T23:07:49.424 INFO:teuthology.orchestra.run.smithi016.stdout:/usr/bin/ceph: stderr
2024-04-24T23:07:42.069+0000 7f3a03400700 1 -- 172.21.15.16:0/3019635697 <== mon.0 v2:172.21.15.16:3300/0 2 ==== config(27 keys) ==== 1109+0+0 (secure 0 0 0) 0x7f39f8004300 con 0x7f3a04107df0
2024-04-24T23:07:49.424 INFO:teuthology.orchestra.run.smithi016.stdout:/usr/bin/ceph: stderr
2024-04-24T23:07:42.069+0000 7f3a03400700 1 -- 172.21.15.16:0/3019635697 <== mon.0 v2:172.21.15.16:3300/0 3 ==== mon_map magic: 0 ==== 205+0+0 (secure 0 0 0) 0x7f39f8011b50 con 0x7f3a04107df0
2024-04-24T23:07:49.424 INFO:teuthology.orchestra.run.smithi016.stdout:/usr/bin/ceph: stderr
2024-04-24T23:07:42.069+0000 7f3a0ba00700 1 -- 172.21.15.16:0/3019635697 >> [v2:172.21.15.16:3300/0,v1:172.21.15.16:6789/0] conn(0x7f3a04107df0 msgr2=0x7f3a04108210 secure :-1 s=STATE_CONNECTION_ESTABLISHED l=1).mark_down
2024-04-24T23:07:49.424 INFO:teuthology.orchestra.run.smithi016.stdout:/usr/bin/ceph: stderr
2024-04-24T23:07:42.069+0000 7f3a0ba00700 1 --2- 172.21.15.16:0/3019635697 >> [v2:172.21.15.16:3300/0,v1:172.21.15.16:6789/0] conn(0x7f3a04107df0 0x7f3a04108210 secure :-1 s=READY pgs=45 cs=0 l=1 rev1=1 crypto rx=0x7f39f80098a0 tx=0x7f39f8009bb0 comp rx=0 tx=0).stop
2024-04-24T23:07:49.424 INFO:teuthology.orchestra.run.smithi016.stdout:/usr/bin/ceph: stderr
2024-04-24T23:07:42.070+0000 7f3a0ba00700 1 -- 172.21.15.16:0/3019635697 shutdown_connections
2024-04-24T23:07:49.424 INFO:teuthology.orchestra.run.smithi016.stdout:/usr/bin/ceph: stderr
2024-04-24T23:07:42.070+0000 7f3a0ba00700 1 --2- 172.21.15.16:0/3019635697 >> [v2:172.21.15.16:3300/0,v1:172.21.15.16:6789/0] conn(0x7f3a04107df0 0x7f3a04108210 unknown :-1 s=CLOSED pgs=45 cs=0 l=1 rev1=1 crypto rx=0 tx=0 comp rx=0 tx=0).stop
2024-04-24T23:07:49.424 INFO:teuthology.orchestra.run.smithi016.stdout:/usr/bin/ceph: stderr
2024-04-24T23:07:42.070+0000 7f3a0ba00700 1 -- 172.21.15.16:0/3019635697 >> 172.21.15.16:0/3019635697 conn(0x7f3a041033b0 msgr2=0x7f3a041057d0 unknown :-1 s=STATE_NONE l=0).mark_down
2024-04-24T23:07:49.425 INFO:teuthology.orchestra.run.smithi016.stdout:/usr/bin/ceph: stderr
2024-04-24T23:07:42.070+0000 7f3a0ba00700 1 -- 172.21.15.16:0/3019635697 shutdown_connections
2024-04-24T23:07:49.425 INFO:teuthology.orchestra.run.smithi016.stdout:/usr/bin/ceph: stderr
2024-04-24T23:07:42.070+0000 7f3a0ba00700 1 -- 172.21.15.16:0/3019635697 wait complete.
2024-04-24T23:07:49.425 INFO:teuthology.orchestra.run.smithi016.stdout:/usr/bin/ceph: stderr
2024-04-24T23:07:42.071+0000 7f3a0ba00700 1 Processor -- start
2024-04-24T23:07:49.425 INFO:teuthology.orchestra.run.smithi016.stdout:/usr/bin/ceph: stderr
2024-04-24T23:07:42.071+0000 7f3a0ba00700 1 -- start start
2024-04-24T23:07:49.425 INFO:teuthology.orchestra.run.smithi016.stdout:/usr/bin/ceph: stderr
2024-04-24T23:07:42.071+0000 7f3a0ba00700 1 --2- >> [v2:172.21.15.16:3300/0,v1:172.21.15.16:6789/0] conn(0x7f3a04107df0 0x7f3a0407dcf0 unknown :-1 s=NONE pgs=0 cs=0 l=1 rev1=0 crypto rx=0 tx=0 comp rx=0 tx=0).connect
2024-04-24T23:07:49.425 INFO:teuthology.orchestra.run.smithi016.stdout:/usr/bin/ceph: stderr
2024-04-24T23:07:42.071+0000 7f3a0ba00700 1 -- --> [v2:172.21.15.16:3300/0,v1:172.21.15.16:6789/0] -- mon_getmap magic: 0 -- 0x7f3a0410c3a0 con 0x7f3a04107df0
2024-04-24T23:07:49.425 INFO:teuthology.orchestra.run.smithi016.stdout:/usr/bin/ceph: stderr
2024-04-24T23:07:42.072+0000 7f3a09000700 1 --2- >> [v2:172.21.15.16:3300/0,v1:172.21.15.16:6789/0] conn(0x7f3a04107df0 0x7f3a0407dcf0 unknown :-1 s=BANNER_CONNECTING pgs=0 cs=0 l=1 rev1=0 crypto rx=0 tx=0 comp rx=0 tx=0)._handle_peer_banner_payload supported=3 required=0
2024-04-24T23:07:49.425 INFO:teuthology.orchestra.run.smithi016.stdout:/usr/bin/ceph: stderr
2024-04-24T23:07:42.072+0000 7f3a09000700 1 --2- >> [v2:172.21.15.16:3300/0,v1:172.21.15.16:6789/0] conn(0x7f3a04107df0 0x7f3a0407dcf0 unknown :-1 s=HELLO_CONNECTING pgs=0 cs=0 l=1 rev1=1 crypto rx=0 tx=0 comp rx=0 tx=0).handle_hello peer v2:172.21.15.16:3300/0 says I am v2:172.21.15.16:57660/0 (socket says 172.21.15.16:57660)
2024-04-24T23:07:49.425 INFO:teuthology.orchestra.run.smithi016.stdout:/usr/bin/ceph: stderr
2024-04-24T23:07:42.072+0000 7f3a09000700 1 -- 172.21.15.16:0/926961714 learned_addr learned my addr 172.21.15.16:0/926961714 (peer_addr_for_me v2:172.21.15.16:0/0)
2024-04-24T23:07:49.425 INFO:teuthology.orchestra.run.smithi016.stdout:/usr/bin/ceph: stderr
2024-04-24T23:07:42.072+0000 7f3a09000700 1 -- 172.21.15.16:0/926961714 --> [v2:172.21.15.16:3300/0,v1:172.21.15.16:6789/0] -- mon_subscribe({config=0+,monmap=0+}) -- 0x7f3a0407c240 con 0x7f3a04107df0
2024-04-24T23:07:49.425 INFO:teuthology.orchestra.run.smithi016.stdout:/usr/bin/ceph: stderr
2024-04-24T23:07:42.072+0000 7f3a09000700 1 --2- 172.21.15.16:0/926961714 >> [v2:172.21.15.16:3300/0,v1:172.21.15.16:6789/0] conn(0x7f3a04107df0 0x7f3a0407dcf0 secure :-1 s=READY pgs=46 cs=0 l=1 rev1=1 crypto rx=0x7f39f8000c00 tx=0x7f39f8011c10 comp rx=0 tx=0).ready entity=mon.0 client_cookie=0 server_cookie=0 in_seq=0 out_seq=0
2024-04-24T23:07:49.425 INFO:teuthology.orchestra.run.smithi016.stdout:/usr/bin/ceph: stderr
2024-04-24T23:07:42.073+0000 7f3a01600700 1 -- 172.21.15.16:0/926961714 <== mon.0 v2:172.21.15.16:3300/0 1 ==== mon_map magic: 0 ==== 205+0+0 (secure 0 0 0) 0x7f39f8003b20 con 0x7f3a04107df0
2024-04-24T23:07:49.425 INFO:teuthology.orchestra.run.smithi016.stdout:/usr/bin/ceph: stderr
2024-04-24T23:07:42.073+0000 7f3a01600700 1 -- 172.21.15.16:0/926961714 <== mon.0 v2:172.21.15.16:3300/0 2 ==== config(27 keys) ==== 1109+0+0 (secure 0 0 0) 0x7f39f8003cc0 con 0x7f3a04107df0
2024-04-24T23:07:49.425 INFO:teuthology.orchestra.run.smithi016.stdout:/usr/bin/ceph: stderr
2024-04-24T23:07:42.073+0000 7f3a01600700 1 -- 172.21.15.16:0/926961714 <== mon.0 v2:172.21.15.16:3300/0 3 ==== mon_map magic: 0 ==== 205+0+0 (secure 0 0 0) 0x7f39f8024910 con 0x7f3a04107df0
2024-04-24T23:07:49.426 INFO:teuthology.orchestra.run.smithi016.stdout:/usr/bin/ceph: stderr
2024-04-24T23:07:42.073+0000 7f3a0ba00700 1 -- 172.21.15.16:0/926961714 --> [v2:172.21.15.16:3300/0,v1:172.21.15.16:6789/0] -- mon_subscribe({mgrmap=0+}) -- 0x7f3a0407c4d0 con 0x7f3a04107df0
2024-04-24T23:07:49.426 INFO:teuthology.orchestra.run.smithi016.stdout:/usr/bin/ceph: stderr
2024-04-24T23:07:42.073+0000 7f3a0ba00700 1 -- 172.21.15.16:0/926961714 --> [v2:172.21.15.16:3300/0,v1:172.21.15.16:6789/0] -- mon_subscribe({osdmap=0}) -- 0x7f3a0407c9b0 con 0x7f3a04107df0
2024-04-24T23:07:49.426 INFO:teuthology.orchestra.run.smithi016.stdout:/usr/bin/ceph: stderr
2024-04-24T23:07:42.074+0000 7f3a01600700 1 -- 172.21.15.16:0/926961714 <== mon.0 v2:172.21.15.16:3300/0 4 ==== mgrmap(e 8) ==== 46287+0+0 (secure 0 0 0) 0x7f39f8022020 con 0x7f3a04107df0
2024-04-24T23:07:49.426 INFO:teuthology.orchestra.run.smithi016.stdout:/usr/bin/ceph: stderr
2024-04-24T23:07:42.074+0000 7f3a0ba00700 1 -- 172.21.15.16:0/926961714 --> [v2:172.21.15.16:3300/0,v1:172.21.15.16:6789/0] -- mon_command({"prefix": "get_command_descriptions"} v 0) -- 0x7f3a04063890 con 0x7f3a04107df0
2024-04-24T23:07:49.426 INFO:teuthology.orchestra.run.smithi016.stdout:/usr/bin/ceph: stderr
2024-04-24T23:07:42.075+0000 7f3a01600700 1 --2- 172.21.15.16:0/926961714 >> [v2:172.21.15.16:6800/2936305569,v1:172.21.15.16:6801/2936305569] conn(0x7f39ec0390a0 0x7f39ec03b560 unknown :-1 s=NONE pgs=0 cs=0 l=1 rev1=0 crypto rx=0 tx=0 comp rx=0 tx=0).connect
2024-04-24T23:07:49.426 INFO:teuthology.orchestra.run.smithi016.stdout:/usr/bin/ceph: stderr
2024-04-24T23:07:42.075+0000 7f3a01600700 1 -- 172.21.15.16:0/926961714 <== mon.0 v2:172.21.15.16:3300/0 5 ==== osd_map(2..2 src has 1..2) ==== 940+0+0 (secure 0 0 0) 0x7f39f8011e00 con 0x7f3a04107df0
2024-04-24T23:07:49.426 INFO:teuthology.orchestra.run.smithi016.stdout:/usr/bin/ceph: stderr
2024-04-24T23:07:42.075+0000 7f3a03e00700 1 --2- 172.21.15.16:0/926961714 >> [v2:172.21.15.16:6800/2936305569,v1:172.21.15.16:6801/2936305569] conn(0x7f39ec0390a0 0x7f39ec03b560 unknown :-1 s=BANNER_CONNECTING pgs=0 cs=0 l=1 rev1=0 crypto rx=0 tx=0 comp rx=0 tx=0)._handle_peer_banner_payload supported=3 required=0
2024-04-24T23:07:49.426 INFO:teuthology.orchestra.run.smithi016.stdout:/usr/bin/ceph: stderr
2024-04-24T23:07:42.076+0000 7f3a03e00700 1 --2- 172.21.15.16:0/926961714 >> [v2:172.21.15.16:6800/2936305569,v1:172.21.15.16:6801/2936305569] conn(0x7f39ec0390a0 0x7f39ec03b560 secure :-1 s=READY pgs=11 cs=0 l=1 rev1=1 crypto rx=0x7f39f0006fd0 tx=0x7f39f0006e40 comp rx=0 tx=0).ready entity=mgr.14120 client_cookie=0 server_cookie=0 in_seq=0 out_seq=0
2024-04-24T23:07:49.426 INFO:teuthology.orchestra.run.smithi016.stdout:/usr/bin/ceph: stderr
2024-04-24T23:07:42.080+0000 7f3a01600700 1 -- 172.21.15.16:0/926961714 <== mon.0 v2:172.21.15.16:3300/0 6 ==== mon_command_ack([{"prefix": "get_command_descriptions"}]=0 v0) ==== 72+0+186147 (secure 0 0 0) 0x7f39f801ad80 con 0x7f3a04107df0
2024-04-24T23:07:49.426 INFO:teuthology.orchestra.run.smithi016.stdout:/usr/bin/ceph: stderr
2024-04-24T23:07:42.317+0000 7f3a0ba00700 1 -- 172.21.15.16:0/926961714 --> [v2:172.21.15.16:6800/2936305569,v1:172.21.15.16:6801/2936305569] -- mgr_command(tid 0: {"prefix": "orch host add", "hostname": "smithi016", "addr": "172.21.15.16", "target": ["mon-mgr", ""]}) -- 0x7f3a0407cfc0 con 0x7f39ec0390a0
2024-04-24T23:07:49.426 INFO:teuthology.orchestra.run.smithi016.stdout:/usr/bin/ceph: stderr
2024-04-24T23:07:48.671+0000 7f3a01600700 1 -- 172.21.15.16:0/926961714 <== mgr.14120 v2:172.21.15.16:6800/2936305569 1 ==== mgr_command_reply(tid 0: 0 ) ==== 8+0+48 (secure 0 0 0) 0x7f3a0407cfc0 con 0x7f39ec0390a0
2024-04-24T23:07:49.426 INFO:teuthology.orchestra.run.smithi016.stdout:/usr/bin/ceph: stderr
2024-04-24T23:07:48.676+0000 7f3a0ba00700 1 -- 172.21.15.16:0/926961714 >> [v2:172.21.15.16:6800/2936305569,v1:172.21.15.16:6801/2936305569] conn(0x7f39ec0390a0 msgr2=0x7f39ec03b560 secure :-1 s=STATE_CONNECTION_ESTABLISHED l=1).mark_down
2024-04-24T23:07:49.426 INFO:teuthology.orchestra.run.smithi016.stdout:/usr/bin/ceph: stderr
2024-04-24T23:07:48.676+0000 7f3a0ba00700 1 --2- 172.21.15.16:0/926961714 >> [v2:172.21.15.16:6800/2936305569,v1:172.21.15.16:6801/2936305569] conn(0x7f39ec0390a0 0x7f39ec03b560 secure :-1 s=READY pgs=11 cs=0 l=1 rev1=1 crypto rx=0x7f39f0006fd0 tx=0x7f39f0006e40 comp rx=0 tx=0).stop
2024-04-24T23:07:49.427 INFO:teuthology.orchestra.run.smithi016.stdout:/usr/bin/ceph: stderr
2024-04-24T23:07:48.676+0000 7f3a0ba00700 1 -- 172.21.15.16:0/926961714 >> [v2:172.21.15.16:3300/0,v1:172.21.15.16:6789/0] conn(0x7f3a04107df0 msgr2=0x7f3a0407dcf0 secure :-1 s=STATE_CONNECTION_ESTABLISHED l=1).mark_down
2024-04-24T23:07:49.427 INFO:teuthology.orchestra.run.smithi016.stdout:/usr/bin/ceph: stderr
2024-04-24T23:07:48.676+0000 7f3a0ba00700 1 --2- 172.21.15.16:0/926961714 >> [v2:172.21.15.16:3300/0,v1:172.21.15.16:6789/0] conn(0x7f3a04107df0 0x7f3a0407dcf0 secure :-1 s=READY pgs=46 cs=0 l=1 rev1=1 crypto rx=0x7f39f8000c00 tx=0x7f39f8011c10 comp rx=0 tx=0).stop
2024-04-24T23:07:49.427 INFO:teuthology.orchestra.run.smithi016.stdout:/usr/bin/ceph: stderr
2024-04-24T23:07:48.676+0000 7f3a0ba00700 1 -- 172.21.15.16:0/926961714 shutdown_connections
2024-04-24T23:07:49.427 INFO:teuthology.orchestra.run.smithi016.stdout:/usr/bin/ceph: stderr
2024-04-24T23:07:48.676+0000 7f3a0ba00700 1 --2- 172.21.15.16:0/926961714 >> [v2:172.21.15.16:6800/2936305569,v1:172.21.15.16:6801/2936305569] conn(0x7f39ec0390a0 0x7f39ec03b560 unknown :-1 s=CLOSED pgs=11 cs=0 l=1 rev1=1 crypto rx=0 tx=0 comp rx=0 tx=0).stop
2024-04-24T23:07:49.427 INFO:teuthology.orchestra.run.smithi016.stdout:/usr/bin/ceph: stderr
2024-04-24T23:07:48.676+0000 7f3a0ba00700 1 --2- 172.21.15.16:0/926961714 >> [v2:172.21.15.16:3300/0,v1:172.21.15.16:6789/0] conn(0x7f3a04107df0 0x7f3a0407dcf0 secure :-1 s=CLOSED pgs=46 cs=0 l=1 rev1=1 crypto rx=0x7f39f8000c00 tx=0x7f39f8011c10 comp rx=0 tx=0).stop
2024-04-24T23:07:49.427 INFO:teuthology.orchestra.run.smithi016.stdout:/usr/bin/ceph: stderr
2024-04-24T23:07:48.676+0000 7f3a0ba00700 1 -- 172.21.15.16:0/926961714 >> 172.21.15.16:0/926961714 conn(0x7f3a041033b0 msgr2=0x7f3a04103ec0 unknown :-1 s=STATE_NONE l=0).mark_down
2024-04-24T23:07:49.427 INFO:teuthology.orchestra.run.smithi016.stdout:/usr/bin/ceph: stderr
2024-04-24T23:07:48.676+0000 7f3a0ba00700 1 -- 172.21.15.16:0/926961714 shutdown_connections
2024-04-24T23:07:49.427 INFO:teuthology.orchestra.run.smithi016.stdout:/usr/bin/ceph: stderr
2024-04-24T23:07:48.677+0000 7f3a0ba00700 1 -- 172.21.15.16:0/926961714 wait complete.
2024-04-24T23:07:49.427 INFO:teuthology.orchestra.run.smithi016.stdout:Deploying unmanaged mon service...
2024-04-24T23:07:49.940 INFO:journalctl@ceph.mon.a.smithi016.stdout:Apr 24 23:07:49 smithi016 ceph-mon[28541]: from='mgr.14120 172.21.15.16:0/2600397367' entity='mgr.x'
2024-04-24T23:07:49.940 INFO:journalctl@ceph.mon.a.smithi016.stdout:Apr 24 23:07:49 smithi016 ceph-mon[28541]: Added host smithi016
2024-04-24T23:07:49.940 INFO:journalctl@ceph.mon.a.smithi016.stdout:Apr 24 23:07:49 smithi016 ceph-mon[28541]: from='mgr.14120 172.21.15.16:0/2600397367' entity='mgr.x' cmd=[{"prefix": "config dump", "format": "json"}]: dispatch
2024-04-24T23:07:51.651 INFO:journalctl@ceph.mon.a.smithi016.stdout:Apr 24 23:07:51 smithi016 ceph-mon[28541]: from='client.14142 -' entity='client.admin' cmd=[{"prefix": "orch apply", "service_type": "mon", "unmanaged": true, "target": ["mon-mgr", ""]}]: dispatch
2024-04-24T23:07:51.651 INFO:journalctl@ceph.mon.a.smithi016.stdout:Apr 24 23:07:51 smithi016 ceph-mon[28541]: Saving service mon spec with placement count:5
2024-04-24T23:07:51.651 INFO:journalctl@ceph.mon.a.smithi016.stdout:Apr 24 23:07:51 smithi016 ceph-mon[28541]: from='mgr.14120 172.21.15.16:0/2600397367' entity='mgr.x'
2024-04-24T23:07:52.227 INFO:teuthology.orchestra.run.smithi016.stdout:/usr/bin/ceph: stdout Scheduled mon update...
2024-04-24T23:07:52.227 INFO:teuthology.orchestra.run.smithi016.stdout:/usr/bin/ceph: stderr
2024-04-24T23:07:50.109+0000 7fa933400700 1 Processor -- start
2024-04-24T23:07:52.227 INFO:teuthology.orchestra.run.smithi016.stdout:/usr/bin/ceph: stderr
2024-04-24T23:07:50.110+0000 7fa933400700 1 -- start start
2024-04-24T23:07:52.227 INFO:teuthology.orchestra.run.smithi016.stdout:/usr/bin/ceph: stderr
2024-04-24T23:07:50.110+0000 7fa933400700 1 --2- >> [v2:172.21.15.16:3300/0,v1:172.21.15.16:6789/0] conn(0x7fa92c107e60 0x7fa92c108280 unknown :-1 s=NONE pgs=0 cs=0 l=0 rev1=0 crypto rx=0 tx=0 comp rx=0 tx=0).connect
2024-04-24T23:07:52.227 INFO:teuthology.orchestra.run.smithi016.stdout:/usr/bin/ceph: stderr
2024-04-24T23:07:50.110+0000 7fa933400700 1 -- --> [v2:172.21.15.16:3300/0,v1:172.21.15.16:6789/0] -- mon_getmap magic: 0 -- 0x7fa92c108850 con 0x7fa92c107e60
2024-04-24T23:07:52.227 INFO:teuthology.orchestra.run.smithi016.stdout:/usr/bin/ceph: stderr
2024-04-24T23:07:50.110+0000 7fa930a00700 1 --2- >> [v2:172.21.15.16:3300/0,v1:172.21.15.16:6789/0] conn(0x7fa92c107e60 0x7fa92c108280 unknown :-1 s=BANNER_CONNECTING pgs=0 cs=0 l=0 rev1=0 crypto rx=0 tx=0 comp rx=0 tx=0)._handle_peer_banner_payload supported=3 required=0
2024-04-24T23:07:52.228 INFO:teuthology.orchestra.run.smithi016.stdout:/usr/bin/ceph: stderr
2024-04-24T23:07:50.111+0000 7fa930a00700 1 --2- >> [v2:172.21.15.16:3300/0,v1:172.21.15.16:6789/0] conn(0x7fa92c107e60 0x7fa92c108280 unknown :-1 s=HELLO_CONNECTING pgs=0 cs=0 l=0 rev1=1 crypto rx=0 tx=0 comp rx=0 tx=0).handle_hello peer v2:172.21.15.16:3300/0 says I am v2:172.21.15.16:37974/0 (socket says 172.21.15.16:37974)
2024-04-24T23:07:52.228 INFO:teuthology.orchestra.run.smithi016.stdout:/usr/bin/ceph: stderr
2024-04-24T23:07:50.111+0000 7fa930a00700 1 -- 172.21.15.16:0/488735813 learned_addr learned my addr 172.21.15.16:0/488735813 (peer_addr_for_me v2:172.21.15.16:0/0)
2024-04-24T23:07:52.228 INFO:teuthology.orchestra.run.smithi016.stdout:/usr/bin/ceph: stderr
2024-04-24T23:07:50.111+0000 7fa930a00700 1 -- 172.21.15.16:0/488735813 --> [v2:172.21.15.16:3300/0,v1:172.21.15.16:6789/0] -- mon_subscribe({config=0+,monmap=0+}) -- 0x7fa92c108fc0 con 0x7fa92c107e60
2024-04-24T23:07:52.228 INFO:teuthology.orchestra.run.smithi016.stdout:/usr/bin/ceph: stderr
2024-04-24T23:07:50.111+0000 7fa930a00700 1 --2- 172.21.15.16:0/488735813 >> [v2:172.21.15.16:3300/0,v1:172.21.15.16:6789/0] conn(0x7fa92c107e60 0x7fa92c108280 secure :-1 s=READY pgs=47 cs=0 l=1 rev1=1 crypto rx=0x7fa91c009e80 tx=0x7fa91c00b330 comp rx=0 tx=0).ready entity=mon.0 client_cookie=4c7ea97c6d59088d server_cookie=0 in_seq=0 out_seq=0
2024-04-24T23:07:52.228 INFO:teuthology.orchestra.run.smithi016.stdout:/usr/bin/ceph: stderr
2024-04-24T23:07:50.111+0000 7fa92be00700 1 -- 172.21.15.16:0/488735813 <== mon.0 v2:172.21.15.16:3300/0 1 ==== mon_map magic: 0 ==== 205+0+0 (secure 0 0 0) 0x7fa91c017070 con 0x7fa92c107e60
2024-04-24T23:07:52.228 INFO:teuthology.orchestra.run.smithi016.stdout:/usr/bin/ceph: stderr
2024-04-24T23:07:50.112+0000 7fa92be00700 1 -- 172.21.15.16:0/488735813 <== mon.0 v2:172.21.15.16:3300/0 2 ==== config(27 keys) ==== 1109+0+0 (secure 0 0 0) 0x7fa91c00b8c0 con 0x7fa92c107e60
2024-04-24T23:07:52.228 INFO:teuthology.orchestra.run.smithi016.stdout:/usr/bin/ceph: stderr
2024-04-24T23:07:50.112+0000 7fa92be00700 1 -- 172.21.15.16:0/488735813 <== mon.0 v2:172.21.15.16:3300/0 3 ==== mon_map magic: 0 ==== 205+0+0 (secure 0 0 0) 0x7fa91c0045c0 con 0x7fa92c107e60
2024-04-24T23:07:52.228 INFO:teuthology.orchestra.run.smithi016.stdout:/usr/bin/ceph: stderr
2024-04-24T23:07:50.112+0000 7fa933400700 1 -- 172.21.15.16:0/488735813 >> [v2:172.21.15.16:3300/0,v1:172.21.15.16:6789/0] conn(0x7fa92c107e60 msgr2=0x7fa92c108280 secure :-1 s=STATE_CONNECTION_ESTABLISHED l=1).mark_down
2024-04-24T23:07:52.228 INFO:teuthology.orchestra.run.smithi016.stdout:/usr/bin/ceph: stderr
2024-04-24T23:07:50.112+0000 7fa933400700 1 --2- 172.21.15.16:0/488735813 >> [v2:172.21.15.16:3300/0,v1:172.21.15.16:6789/0] conn(0x7fa92c107e60 0x7fa92c108280 secure :-1 s=READY pgs=47 cs=0 l=1 rev1=1 crypto rx=0x7fa91c009e80 tx=0x7fa91c00b330 comp rx=0 tx=0).stop
2024-04-24T23:07:52.228 INFO:teuthology.orchestra.run.smithi016.stdout:/usr/bin/ceph: stderr
2024-04-24T23:07:50.112+0000 7fa933400700 1 -- 172.21.15.16:0/488735813 shutdown_connections
2024-04-24T23:07:52.228 INFO:teuthology.orchestra.run.smithi016.stdout:/usr/bin/ceph: stderr
2024-04-24T23:07:50.112+0000 7fa933400700 1 --2- 172.21.15.16:0/488735813 >> [v2:172.21.15.16:3300/0,v1:172.21.15.16:6789/0] conn(0x7fa92c107e60 0x7fa92c108280 unknown :-1 s=CLOSED pgs=47 cs=0 l=1 rev1=1 crypto rx=0 tx=0 comp rx=0 tx=0).stop
2024-04-24T23:07:52.228 INFO:teuthology.orchestra.run.smithi016.stdout:/usr/bin/ceph: stderr
2024-04-24T23:07:50.112+0000 7fa933400700 1 -- 172.21.15.16:0/488735813 >> 172.21.15.16:0/488735813 conn(0x7fa92c103420 msgr2=0x7fa92c105840 unknown :-1 s=STATE_NONE l=0).mark_down
2024-04-24T23:07:52.228 INFO:teuthology.orchestra.run.smithi016.stdout:/usr/bin/ceph: stderr
2024-04-24T23:07:50.112+0000 7fa933400700 1 -- 172.21.15.16:0/488735813 shutdown_connections
2024-04-24T23:07:52.228 INFO:teuthology.orchestra.run.smithi016.stdout:/usr/bin/ceph: stderr
2024-04-24T23:07:50.112+0000 7fa933400700 1 -- 172.21.15.16:0/488735813 wait complete.
2024-04-24T23:07:52.229 INFO:teuthology.orchestra.run.smithi016.stdout:/usr/bin/ceph: stderr
2024-04-24T23:07:50.114+0000 7fa933400700 1 Processor -- start
2024-04-24T23:07:52.229 INFO:teuthology.orchestra.run.smithi016.stdout:/usr/bin/ceph: stderr
2024-04-24T23:07:50.114+0000 7fa933400700 1 -- start start
2024-04-24T23:07:52.229 INFO:teuthology.orchestra.run.smithi016.stdout:/usr/bin/ceph: stderr
2024-04-24T23:07:50.114+0000 7fa933400700 1 --2- >> [v2:172.21.15.16:3300/0,v1:172.21.15.16:6789/0] conn(0x7fa92c107e60 0x7fa92c19e030 unknown :-1 s=NONE pgs=0 cs=0 l=1 rev1=0 crypto rx=0 tx=0 comp rx=0 tx=0).connect
2024-04-24T23:07:52.229 INFO:teuthology.orchestra.run.smithi016.stdout:/usr/bin/ceph: stderr
2024-04-24T23:07:50.114+0000 7fa933400700 1 -- --> [v2:172.21.15.16:3300/0,v1:172.21.15.16:6789/0] -- mon_getmap magic: 0 -- 0x7fa92c10c370 con 0x7fa92c107e60
2024-04-24T23:07:52.229 INFO:teuthology.orchestra.run.smithi016.stdout:/usr/bin/ceph: stderr
2024-04-24T23:07:50.115+0000 7fa930a00700 1 --2- >> [v2:172.21.15.16:3300/0,v1:172.21.15.16:6789/0] conn(0x7fa92c107e60 0x7fa92c19e030 unknown :-1 s=BANNER_CONNECTING pgs=0 cs=0 l=1 rev1=0 crypto rx=0 tx=0 comp rx=0 tx=0)._handle_peer_banner_payload supported=3 required=0
2024-04-24T23:07:52.229 INFO:teuthology.orchestra.run.smithi016.stdout:/usr/bin/ceph: stderr
2024-04-24T23:07:50.115+0000 7fa930a00700 1 --2- >> [v2:172.21.15.16:3300/0,v1:172.21.15.16:6789/0] conn(0x7fa92c107e60 0x7fa92c19e030 unknown :-1 s=HELLO_CONNECTING pgs=0 cs=0 l=1 rev1=1 crypto rx=0 tx=0 comp rx=0 tx=0).handle_hello peer v2:172.21.15.16:3300/0 says I am v2:172.21.15.16:37982/0 (socket says 172.21.15.16:37982)
2024-04-24T23:07:52.229 INFO:teuthology.orchestra.run.smithi016.stdout:/usr/bin/ceph: stderr
2024-04-24T23:07:50.115+0000 7fa930a00700 1 -- 172.21.15.16:0/1919986291 learned_addr learned my addr 172.21.15.16:0/1919986291 (peer_addr_for_me v2:172.21.15.16:0/0)
2024-04-24T23:07:52.229 INFO:teuthology.orchestra.run.smithi016.stdout:/usr/bin/ceph: stderr
2024-04-24T23:07:50.115+0000 7fa930a00700 1 -- 172.21.15.16:0/1919986291 --> [v2:172.21.15.16:3300/0,v1:172.21.15.16:6789/0] -- mon_subscribe({config=0+,monmap=0+}) -- 0x7fa92c19e570 con 0x7fa92c107e60
2024-04-24T23:07:52.229 INFO:teuthology.orchestra.run.smithi016.stdout:/usr/bin/ceph: stderr
2024-04-24T23:07:50.115+0000 7fa930a00700 1 --2- 172.21.15.16:0/1919986291 >> [v2:172.21.15.16:3300/0,v1:172.21.15.16:6789/0] conn(0x7fa92c107e60 0x7fa92c19e030 secure :-1 s=READY pgs=48 cs=0 l=1 rev1=1 crypto rx=0x7fa91c0072a0 tx=0x7fa91c00bd50 comp rx=0 tx=0).ready entity=mon.0 client_cookie=0 server_cookie=0 in_seq=0 out_seq=0
2024-04-24T23:07:52.229 INFO:teuthology.orchestra.run.smithi016.stdout:/usr/bin/ceph: stderr
2024-04-24T23:07:50.116+0000 7fa92a000700 1 -- 172.21.15.16:0/1919986291 <== mon.0 v2:172.21.15.16:3300/0 1 ==== mon_map magic: 0 ==== 205+0+0 (secure 0 0 0) 0x7fa91c020020 con 0x7fa92c107e60
2024-04-24T23:07:52.229 INFO:teuthology.orchestra.run.smithi016.stdout:/usr/bin/ceph: stderr
2024-04-24T23:07:50.116+0000 7fa92a000700 1 -- 172.21.15.16:0/1919986291 <== mon.0 v2:172.21.15.16:3300/0 2 ==== config(27 keys) ==== 1109+0+0 (secure 0 0 0) 0x7fa91c003b50 con 0x7fa92c107e60
2024-04-24T23:07:52.229 INFO:teuthology.orchestra.run.smithi016.stdout:/usr/bin/ceph: stderr
2024-04-24T23:07:50.116+0000 7fa933400700 1 -- 172.21.15.16:0/1919986291 --> [v2:172.21.15.16:3300/0,v1:172.21.15.16:6789/0] -- mon_subscribe({mgrmap=0+}) -- 0x7fa92c19e800 con 0x7fa92c107e60
2024-04-24T23:07:52.229 INFO:teuthology.orchestra.run.smithi016.stdout:/usr/bin/ceph: stderr
2024-04-24T23:07:50.116+0000 7fa92a000700 1 -- 172.21.15.16:0/1919986291 <== mon.0 v2:172.21.15.16:3300/0 3 ==== mon_map magic: 0 ==== 205+0+0 (secure 0 0 0) 0x7fa91c017040 con 0x7fa92c107e60
2024-04-24T23:07:52.229 INFO:teuthology.orchestra.run.smithi016.stdout:/usr/bin/ceph: stderr
2024-04-24T23:07:50.116+0000 7fa933400700 1 -- 172.21.15.16:0/1919986291 --> [v2:172.21.15.16:3300/0,v1:172.21.15.16:6789/0] -- mon_subscribe({osdmap=0}) -- 0x7fa92c19f320 con 0x7fa92c107e60
2024-04-24T23:07:52.230 INFO:teuthology.orchestra.run.smithi016.stdout:/usr/bin/ceph: stderr
2024-04-24T23:07:50.117+0000 7fa933400700 1 -- 172.21.15.16:0/1919986291 --> [v2:172.21.15.16:3300/0,v1:172.21.15.16:6789/0] -- mon_command({"prefix": "get_command_descriptions"} v 0) -- 0x7fa92c063890 con 0x7fa92c107e60
2024-04-24T23:07:52.230 INFO:teuthology.orchestra.run.smithi016.stdout:/usr/bin/ceph: stderr
2024-04-24T23:07:50.117+0000 7fa92a000700 1 -- 172.21.15.16:0/1919986291 <== mon.0 v2:172.21.15.16:3300/0 4 ==== mgrmap(e 8) ==== 46287+0+0 (secure 0 0 0) 0x7fa91c023020 con 0x7fa92c107e60
2024-04-24T23:07:52.230 INFO:teuthology.orchestra.run.smithi016.stdout:/usr/bin/ceph: stderr
2024-04-24T23:07:50.118+0000 7fa92a000700 1 --2- 172.21.15.16:0/1919986291 >> [v2:172.21.15.16:6800/2936305569,v1:172.21.15.16:6801/2936305569] conn(0x7fa910039050 0x7fa91003b510 unknown :-1 s=NONE pgs=0 cs=0 l=1 rev1=0 crypto rx=0 tx=0 comp rx=0 tx=0).connect
2024-04-24T23:07:52.230 INFO:teuthology.orchestra.run.smithi016.stdout:/usr/bin/ceph: stderr
2024-04-24T23:07:50.118+0000 7fa92a000700 1 -- 172.21.15.16:0/1919986291 <== mon.0 v2:172.21.15.16:3300/0 5 ==== osd_map(2..2 src has 1..2) ==== 940+0+0 (secure 0 0 0) 0x7fa91c00f050 con 0x7fa92c107e60
2024-04-24T23:07:52.230 INFO:teuthology.orchestra.run.smithi016.stdout:/usr/bin/ceph: stderr
2024-04-24T23:07:50.118+0000 7fa923e00700 1 --2- 172.21.15.16:0/1919986291 >> [v2:172.21.15.16:6800/2936305569,v1:172.21.15.16:6801/2936305569] conn(0x7fa910039050 0x7fa91003b510 unknown :-1 s=BANNER_CONNECTING pgs=0 cs=0 l=1 rev1=0 crypto rx=0 tx=0 comp rx=0 tx=0)._handle_peer_banner_payload supported=3 required=0
2024-04-24T23:07:52.230 INFO:teuthology.orchestra.run.smithi016.stdout:/usr/bin/ceph: stderr
2024-04-24T23:07:50.119+0000 7fa923e00700 1 --2- 172.21.15.16:0/1919986291 >> [v2:172.21.15.16:6800/2936305569,v1:172.21.15.16:6801/2936305569] conn(0x7fa910039050 0x7fa91003b510 secure :-1 s=READY pgs=12 cs=0 l=1 rev1=1 crypto rx=0x7fa914006fd0 tx=0x7fa914006e40 comp rx=0 tx=0).ready entity=mgr.14120 client_cookie=0 server_cookie=0 in_seq=0 out_seq=0
2024-04-24T23:07:52.230 INFO:teuthology.orchestra.run.smithi016.stdout:/usr/bin/ceph: stderr
2024-04-24T23:07:50.123+0000 7fa92a000700 1 -- 172.21.15.16:0/1919986291 <== mon.0 v2:172.21.15.16:3300/0 6 ==== mon_command_ack([{"prefix": "get_command_descriptions"}]=0 v0) ==== 72+0+186147 (secure 0 0 0) 0x7fa91c02a020 con 0x7fa92c107e60
2024-04-24T23:07:52.230 INFO:teuthology.orchestra.run.smithi016.stdout:/usr/bin/ceph: stderr
2024-04-24T23:07:50.369+0000 7fa933400700 1 -- 172.21.15.16:0/1919986291 --> [v2:172.21.15.16:6800/2936305569,v1:172.21.15.16:6801/2936305569] -- mgr_command(tid 0: {"prefix": "orch apply", "service_type": "mon", "unmanaged": true, "target": ["mon-mgr", ""]}) -- 0x7fa92c104570 con 0x7fa910039050
2024-04-24T23:07:52.230 INFO:teuthology.orchestra.run.smithi016.stdout:/usr/bin/ceph: stderr
2024-04-24T23:07:50.377+0000 7fa92a000700 1 -- 172.21.15.16:0/1919986291 <== mgr.14120 v2:172.21.15.16:6800/2936305569 1 ==== mgr_command_reply(tid 0: 0 ) ==== 8+0+24 (secure 0 0 0) 0x7fa92c104570 con 0x7fa910039050
2024-04-24T23:07:52.230 INFO:teuthology.orchestra.run.smithi016.stdout:/usr/bin/ceph: stderr
2024-04-24T23:07:50.380+0000 7fa933400700 1 -- 172.21.15.16:0/1919986291 >> [v2:172.21.15.16:6800/2936305569,v1:172.21.15.16:6801/2936305569] conn(0x7fa910039050 msgr2=0x7fa91003b510 secure :-1 s=STATE_CONNECTION_ESTABLISHED l=1).mark_down
2024-04-24T23:07:52.230 INFO:teuthology.orchestra.run.smithi016.stdout:/usr/bin/ceph: stderr
2024-04-24T23:07:50.380+0000 7fa933400700 1 --2- 172.21.15.16:0/1919986291 >> [v2:172.21.15.16:6800/2936305569,v1:172.21.15.16:6801/2936305569] conn(0x7fa910039050 0x7fa91003b510 secure :-1 s=READY pgs=12 cs=0 l=1 rev1=1 crypto rx=0x7fa914006fd0 tx=0x7fa914006e40 comp rx=0 tx=0).stop
2024-04-24T23:07:52.230 INFO:teuthology.orchestra.run.smithi016.stdout:/usr/bin/ceph: stderr
2024-04-24T23:07:50.380+0000 7fa933400700 1 -- 172.21.15.16:0/1919986291 >> [v2:172.21.15.16:3300/0,v1:172.21.15.16:6789/0] conn(0x7fa92c107e60 msgr2=0x7fa92c19e030 secure :-1 s=STATE_CONNECTION_ESTABLISHED l=1).mark_down
2024-04-24T23:07:52.231 INFO:teuthology.orchestra.run.smithi016.stdout:/usr/bin/ceph: stderr
2024-04-24T23:07:50.380+0000 7fa933400700 1 --2- 172.21.15.16:0/1919986291 >> [v2:172.21.15.16:3300/0,v1:172.21.15.16:6789/0] conn(0x7fa92c107e60 0x7fa92c19e030 secure :-1 s=READY pgs=48 cs=0 l=1 rev1=1 crypto rx=0x7fa91c0072a0 tx=0x7fa91c00bd50 comp rx=0 tx=0).stop
2024-04-24T23:07:52.231 INFO:teuthology.orchestra.run.smithi016.stdout:/usr/bin/ceph: stderr
2024-04-24T23:07:50.380+0000 7fa933400700 1 -- 172.21.15.16:0/1919986291 shutdown_connections
2024-04-24T23:07:52.231 INFO:teuthology.orchestra.run.smithi016.stdout:/usr/bin/ceph: stderr
2024-04-24T23:07:50.380+0000 7fa933400700 1 --2- 172.21.15.16:0/1919986291 >> [v2:172.21.15.16:6800/2936305569,v1:172.21.15.16:6801/2936305569] conn(0x7fa910039050 0x7fa91003b510 unknown :-1 s=CLOSED pgs=12 cs=0 l=1 rev1=1 crypto rx=0 tx=0 comp rx=0 tx=0).stop
2024-04-24T23:07:52.231 INFO:teuthology.orchestra.run.smithi016.stdout:/usr/bin/ceph: stderr
2024-04-24T23:07:50.380+0000 7fa933400700 1 --2- 172.21.15.16:0/1919986291 >> [v2:172.21.15.16:3300/0,v1:172.21.15.16:6789/0] conn(0x7fa92c107e60 0x7fa92c19e030 unknown :-1 s=CLOSED pgs=48 cs=0 l=1 rev1=1 crypto rx=0 tx=0 comp rx=0 tx=0).stop
2024-04-24T23:07:52.231 INFO:teuthology.orchestra.run.smithi016.stdout:/usr/bin/ceph: stderr
2024-04-24T23:07:50.380+0000 7fa933400700 1 -- 172.21.15.16:0/1919986291 >> 172.21.15.16:0/1919986291 conn(0x7fa92c103420 msgr2=0x7fa92c103e60 unknown :-1 s=STATE_NONE l=0).mark_down
2024-04-24T23:07:52.231 INFO:teuthology.orchestra.run.smithi016.stdout:/usr/bin/ceph: stderr
2024-04-24T23:07:50.380+0000 7fa933400700 1 -- 172.21.15.16:0/1919986291 shutdown_connections
2024-04-24T23:07:52.231 INFO:teuthology.orchestra.run.smithi016.stdout:/usr/bin/ceph: stderr
2024-04-24T23:07:50.380+0000 7fa933400700 1 -- 172.21.15.16:0/1919986291 wait complete.
2024-04-24T23:07:52.231 INFO:teuthology.orchestra.run.smithi016.stdout:Deploying unmanaged mgr service...
2024-04-24T23:07:53.146 INFO:journalctl@ceph.mon.a.smithi016.stdout:Apr 24 23:07:52 smithi016 ceph-mon[28541]: from='mgr.14120 172.21.15.16:0/2600397367' entity='mgr.x'
2024-04-24T23:07:53.146 INFO:journalctl@ceph.mon.a.smithi016.stdout:Apr 24 23:07:52 smithi016 ceph-mon[28541]: from='mgr.14120 172.21.15.16:0/2600397367' entity='mgr.x'
