2024-04-24T23:07:19.435+0000 7fa1bfe00700 1 -- 172.21.15.16:0/3387735593 <== mon.0 v2:172.21.15.16:3300/0 1 ==== mon_map magic: 0 ==== 205+0+0 (secure 0 0 0) 0x7fa1b0004160 con 0x7fa1c010ec70
2024-04-24T23:07:20.714 INFO:teuthology.orchestra.run.smithi016.stdout:/usr/bin/ceph: stderr
2024-04-24T23:07:19.435+0000 7fa1bfe00700 1 -- 172.21.15.16:0/3387735593 <== mon.0 v2:172.21.15.16:3300/0 2 ==== config(27 keys) ==== 1109+0+0 (secure 0 0 0) 0x7fa1b0004300 con 0x7fa1c010ec70
2024-04-24T23:07:20.714 INFO:teuthology.orchestra.run.smithi016.stdout:/usr/bin/ceph: stderr
2024-04-24T23:07:19.435+0000 7fa1bfe00700 1 -- 172.21.15.16:0/3387735593 <== mon.0 v2:172.21.15.16:3300/0 3 ==== mon_map magic: 0 ==== 205+0+0 (secure 0 0 0) 0x7fa1b0011b50 con 0x7fa1c010ec70
2024-04-24T23:07:20.714 INFO:teuthology.orchestra.run.smithi016.stdout:/usr/bin/ceph: stderr
2024-04-24T23:07:19.436+0000 7fa1c7800700 1 -- 172.21.15.16:0/3387735593 >> [v2:172.21.15.16:3300/0,v1:172.21.15.16:6789/0] conn(0x7fa1c010ec70 msgr2=0x7fa1c0111060 secure :-1 s=STATE_CONNECTION_ESTABLISHED l=1).mark_down
2024-04-24T23:07:20.714 INFO:teuthology.orchestra.run.smithi016.stdout:/usr/bin/ceph: stderr
2024-04-24T23:07:19.436+0000 7fa1c7800700 1 --2- 172.21.15.16:0/3387735593 >> [v2:172.21.15.16:3300/0,v1:172.21.15.16:6789/0] conn(0x7fa1c010ec70 0x7fa1c0111060 secure :-1 s=READY pgs=18 cs=0 l=1 rev1=1 crypto rx=0x7fa1b00098a0 tx=0x7fa1b0009bb0 comp rx=0 tx=0).stop
2024-04-24T23:07:20.714 INFO:teuthology.orchestra.run.smithi016.stdout:/usr/bin/ceph: stderr
2024-04-24T23:07:19.436+0000 7fa1c7800700 1 -- 172.21.15.16:0/3387735593 shutdown_connections
2024-04-24T23:07:20.714 INFO:teuthology.orchestra.run.smithi016.stdout:/usr/bin/ceph: stderr
2024-04-24T23:07:19.436+0000 7fa1c7800700 1 --2- 172.21.15.16:0/3387735593 >> [v2:172.21.15.16:3300/0,v1:172.21.15.16:6789/0] conn(0x7fa1c010ec70 0x7fa1c0111060 unknown :-1 s=CLOSED pgs=18 cs=0 l=1 rev1=1 crypto rx=0 tx=0 comp rx=0 tx=0).stop
2024-04-24T23:07:20.714 INFO:teuthology.orchestra.run.smithi016.stdout:/usr/bin/ceph: stderr
2024-04-24T23:07:19.436+0000 7fa1c7800700 1 -- 172.21.15.16:0/3387735593 >> 172.21.15.16:0/3387735593 conn(0x7fa1c007d3c0 msgr2=0x7fa1c007f800 unknown :-1 s=STATE_NONE l=0).mark_down
2024-04-24T23:07:20.715 INFO:teuthology.orchestra.run.smithi016.stdout:/usr/bin/ceph: stderr
2024-04-24T23:07:19.436+0000 7fa1c7800700 1 -- 172.21.15.16:0/3387735593 shutdown_connections
2024-04-24T23:07:20.715 INFO:teuthology.orchestra.run.smithi016.stdout:/usr/bin/ceph: stderr
2024-04-24T23:07:19.436+0000 7fa1c7800700 1 -- 172.21.15.16:0/3387735593 wait complete.
2024-04-24T23:07:20.715 INFO:teuthology.orchestra.run.smithi016.stdout:/usr/bin/ceph: stderr
2024-04-24T23:07:19.437+0000 7fa1c7800700 1 Processor -- start
2024-04-24T23:07:20.715 INFO:teuthology.orchestra.run.smithi016.stdout:/usr/bin/ceph: stderr
2024-04-24T23:07:19.437+0000 7fa1c7800700 1 -- start start
2024-04-24T23:07:20.715 INFO:teuthology.orchestra.run.smithi016.stdout:/usr/bin/ceph: stderr
2024-04-24T23:07:19.437+0000 7fa1c7800700 1 --2- >> [v2:172.21.15.16:3300/0,v1:172.21.15.16:6789/0] conn(0x7fa1c010ec70 0x7fa1c01a2420 unknown :-1 s=NONE pgs=0 cs=0 l=1 rev1=0 crypto rx=0 tx=0 comp rx=0 tx=0).connect
2024-04-24T23:07:20.715 INFO:teuthology.orchestra.run.smithi016.stdout:/usr/bin/ceph: stderr
2024-04-24T23:07:19.438+0000 7fa1c7800700 1 -- --> [v2:172.21.15.16:3300/0,v1:172.21.15.16:6789/0] -- mon_getmap magic: 0 -- 0x7fa1c0112800 con 0x7fa1c010ec70
2024-04-24T23:07:20.715 INFO:teuthology.orchestra.run.smithi016.stdout:/usr/bin/ceph: stderr
2024-04-24T23:07:19.438+0000 7fa1c4e00700 1 --2- >> [v2:172.21.15.16:3300/0,v1:172.21.15.16:6789/0] conn(0x7fa1c010ec70 0x7fa1c01a2420 unknown :-1 s=BANNER_CONNECTING pgs=0 cs=0 l=1 rev1=0 crypto rx=0 tx=0 comp rx=0 tx=0)._handle_peer_banner_payload supported=3 required=0
2024-04-24T23:07:20.715 INFO:teuthology.orchestra.run.smithi016.stdout:/usr/bin/ceph: stderr
2024-04-24T23:07:19.438+0000 7fa1c4e00700 1 --2- >> [v2:172.21.15.16:3300/0,v1:172.21.15.16:6789/0] conn(0x7fa1c010ec70 0x7fa1c01a2420 unknown :-1 s=HELLO_CONNECTING pgs=0 cs=0 l=1 rev1=1 crypto rx=0 tx=0 comp rx=0 tx=0).handle_hello peer v2:172.21.15.16:3300/0 says I am v2:172.21.15.16:45394/0 (socket says 172.21.15.16:45394)
2024-04-24T23:07:20.715 INFO:teuthology.orchestra.run.smithi016.stdout:/usr/bin/ceph: stderr
2024-04-24T23:07:19.438+0000 7fa1c4e00700 1 -- 172.21.15.16:0/2133591558 learned_addr learned my addr 172.21.15.16:0/2133591558 (peer_addr_for_me v2:172.21.15.16:0/0)
2024-04-24T23:07:20.715 INFO:teuthology.orchestra.run.smithi016.stdout:/usr/bin/ceph: stderr
2024-04-24T23:07:19.438+0000 7fa1c4e00700 1 -- 172.21.15.16:0/2133591558 --> [v2:172.21.15.16:3300/0,v1:172.21.15.16:6789/0] -- mon_subscribe({config=0+,monmap=0+}) -- 0x7fa1c01a2960 con 0x7fa1c010ec70
2024-04-24T23:07:20.715 INFO:teuthology.orchestra.run.smithi016.stdout:/usr/bin/ceph: stderr
2024-04-24T23:07:19.439+0000 7fa1c4e00700 1 --2- 172.21.15.16:0/2133591558 >> [v2:172.21.15.16:3300/0,v1:172.21.15.16:6789/0] conn(0x7fa1c010ec70 0x7fa1c01a2420 secure :-1 s=READY pgs=19 cs=0 l=1 rev1=1 crypto rx=0x7fa1b0011b60 tx=0x7fa1b0011c40 comp rx=0 tx=0).ready entity=mon.0 client_cookie=0 server_cookie=0 in_seq=0 out_seq=0
2024-04-24T23:07:20.715 INFO:teuthology.orchestra.run.smithi016.stdout:/usr/bin/ceph: stderr
2024-04-24T23:07:19.439+0000 7fa1be000700 1 -- 172.21.15.16:0/2133591558 <== mon.0 v2:172.21.15.16:3300/0 1 ==== mon_map magic: 0 ==== 205+0+0 (secure 0 0 0) 0x7fa1b0003b20 con 0x7fa1c010ec70
2024-04-24T23:07:20.715 INFO:teuthology.orchestra.run.smithi016.stdout:/usr/bin/ceph: stderr
2024-04-24T23:07:19.439+0000 7fa1be000700 1 -- 172.21.15.16:0/2133591558 <== mon.0 v2:172.21.15.16:3300/0 2 ==== config(27 keys) ==== 1109+0+0 (secure 0 0 0) 0x7fa1b0003cc0 con 0x7fa1c010ec70
2024-04-24T23:07:20.715 INFO:teuthology.orchestra.run.smithi016.stdout:/usr/bin/ceph: stderr
2024-04-24T23:07:19.439+0000 7fa1be000700 1 -- 172.21.15.16:0/2133591558 <== mon.0 v2:172.21.15.16:3300/0 3 ==== mon_map magic: 0 ==== 205+0+0 (secure 0 0 0) 0x7fa1b0024840 con 0x7fa1c010ec70
2024-04-24T23:07:20.715 INFO:teuthology.orchestra.run.smithi016.stdout:/usr/bin/ceph: stderr
2024-04-24T23:07:19.439+0000 7fa1c7800700 1 -- 172.21.15.16:0/2133591558 --> [v2:172.21.15.16:3300/0,v1:172.21.15.16:6789/0] -- mon_subscribe({mgrmap=0+}) -- 0x7fa1c01a2bf0 con 0x7fa1c010ec70
2024-04-24T23:07:20.716 INFO:teuthology.orchestra.run.smithi016.stdout:/usr/bin/ceph: stderr
2024-04-24T23:07:19.439+0000 7fa1c7800700 1 -- 172.21.15.16:0/2133591558 --> [v2:172.21.15.16:3300/0,v1:172.21.15.16:6789/0] -- mon_subscribe({osdmap=0}) -- 0x7fa1c01a3710 con 0x7fa1c010ec70
2024-04-24T23:07:20.716 INFO:teuthology.orchestra.run.smithi016.stdout:/usr/bin/ceph: stderr
2024-04-24T23:07:19.440+0000 7fa1be000700 1 -- 172.21.15.16:0/2133591558 <== mon.0 v2:172.21.15.16:3300/0 4 ==== mgrmap(e 3) ==== 46170+0+0 (secure 0 0 0) 0x7fa1b0022020 con 0x7fa1c010ec70
2024-04-24T23:07:20.716 INFO:teuthology.orchestra.run.smithi016.stdout:/usr/bin/ceph: stderr
2024-04-24T23:07:19.440+0000 7fa1c7800700 1 -- 172.21.15.16:0/2133591558 --> [v2:172.21.15.16:3300/0,v1:172.21.15.16:6789/0] -- mon_command({"prefix": "get_command_descriptions"} v 0) -- 0x7fa1c0063890 con 0x7fa1c010ec70
2024-04-24T23:07:20.716 INFO:teuthology.orchestra.run.smithi016.stdout:/usr/bin/ceph: stderr
2024-04-24T23:07:19.441+0000 7fa1be000700 1 --2- 172.21.15.16:0/2133591558 >> [v2:172.21.15.16:6800/2597914035,v1:172.21.15.16:6801/2597914035] conn(0x7fa1a4038f30 0x7fa1a403b3f0 unknown :-1 s=NONE pgs=0 cs=0 l=1 rev1=0 crypto rx=0 tx=0 comp rx=0 tx=0).connect
2024-04-24T23:07:20.716 INFO:teuthology.orchestra.run.smithi016.stdout:/usr/bin/ceph: stderr
2024-04-24T23:07:19.441+0000 7fa1be000700 1 -- 172.21.15.16:0/2133591558 <== mon.0 v2:172.21.15.16:3300/0 5 ==== osd_map(1..1 src has 1..1) ==== 725+0+0 (secure 0 0 0) 0x7fa1b0011e00 con 0x7fa1c010ec70
2024-04-24T23:07:20.716 INFO:teuthology.orchestra.run.smithi016.stdout:/usr/bin/ceph: stderr
2024-04-24T23:07:19.441+0000 7fa1b7e00700 1 --2- 172.21.15.16:0/2133591558 >> [v2:172.21.15.16:6800/2597914035,v1:172.21.15.16:6801/2597914035] conn(0x7fa1a4038f30 0x7fa1a403b3f0 unknown :-1 s=BANNER_CONNECTING pgs=0 cs=0 l=1 rev1=0 crypto rx=0 tx=0 comp rx=0 tx=0)._handle_peer_banner_payload supported=3 required=0
2024-04-24T23:07:20.716 INFO:teuthology.orchestra.run.smithi016.stdout:/usr/bin/ceph: stderr
2024-04-24T23:07:19.442+0000 7fa1b7e00700 1 --2- 172.21.15.16:0/2133591558 >> [v2:172.21.15.16:6800/2597914035,v1:172.21.15.16:6801/2597914035] conn(0x7fa1a4038f30 0x7fa1a403b3f0 secure :-1 s=READY pgs=6 cs=0 l=1 rev1=1 crypto rx=0x7fa1a8006fd0 tx=0x7fa1a8006e40 comp rx=0 tx=0).ready entity=mgr.14100 client_cookie=0 server_cookie=0 in_seq=0 out_seq=0
2024-04-24T23:07:20.716 INFO:teuthology.orchestra.run.smithi016.stdout:/usr/bin/ceph: stderr
2024-04-24T23:07:19.448+0000 7fa1be000700 1 -- 172.21.15.16:0/2133591558 <== mon.0 v2:172.21.15.16:3300/0 6 ==== mon_command_ack([{"prefix": "get_command_descriptions"}]=0 v0) ==== 72+0+186147 (secure 0 0 0) 0x7fa1b000b3e0 con 0x7fa1c010ec70
2024-04-24T23:07:20.716 INFO:teuthology.orchestra.run.smithi016.stdout:/usr/bin/ceph: stderr
2024-04-24T23:07:19.657+0000 7fa1be000700 1 -- 172.21.15.16:0/2133591558 <== mon.0 v2:172.21.15.16:3300/0 7 ==== mgrmap(e 4) ==== 46276+0+0 (secure 0 0 0) 0x7fa1b002c350 con 0x7fa1c010ec70
2024-04-24T23:07:20.716 INFO:teuthology.orchestra.run.smithi016.stdout:/usr/bin/ceph: stderr
2024-04-24T23:07:19.767+0000 7fa1c7800700 1 -- 172.21.15.16:0/2133591558 --> [v2:172.21.15.16:3300/0,v1:172.21.15.16:6789/0] -- mon_command({"prefix": "status", "format": "json-pretty"} v 0) -- 0x7fa1c006af00 con 0x7fa1c010ec70
2024-04-24T23:07:20.716 INFO:teuthology.orchestra.run.smithi016.stdout:/usr/bin/ceph: stderr
2024-04-24T23:07:19.768+0000 7fa1be000700 1 -- 172.21.15.16:0/2133591558 <== mon.0 v2:172.21.15.16:3300/0 8 ==== mon_command_ack([{"prefix": "status", "format": "json-pretty"}]=0 v0) ==== 79+0+1239 (secure 0 0 0) 0x7fa1c006af00 con 0x7fa1c010ec70
2024-04-24T23:07:20.716 INFO:teuthology.orchestra.run.smithi016.stdout:/usr/bin/ceph: stderr
2024-04-24T23:07:19.771+0000 7fa1c7800700 1 -- 172.21.15.16:0/2133591558 >> [v2:172.21.15.16:6800/2597914035,v1:172.21.15.16:6801/2597914035] conn(0x7fa1a4038f30 msgr2=0x7fa1a403b3f0 secure :-1 s=STATE_CONNECTION_ESTABLISHED l=1).mark_down
2024-04-24T23:07:20.716 INFO:teuthology.orchestra.run.smithi016.stdout:/usr/bin/ceph: stderr
2024-04-24T23:07:19.771+0000 7fa1c7800700 1 --2- 172.21.15.16:0/2133591558 >> [v2:172.21.15.16:6800/2597914035,v1:172.21.15.16:6801/2597914035] conn(0x7fa1a4038f30 0x7fa1a403b3f0 secure :-1 s=READY pgs=6 cs=0 l=1 rev1=1 crypto rx=0x7fa1a8006fd0 tx=0x7fa1a8006e40 comp rx=0 tx=0).stop
2024-04-24T23:07:20.717 INFO:teuthology.orchestra.run.smithi016.stdout:/usr/bin/ceph: stderr
2024-04-24T23:07:19.771+0000 7fa1c7800700 1 -- 172.21.15.16:0/2133591558 >> [v2:172.21.15.16:3300/0,v1:172.21.15.16:6789/0] conn(0x7fa1c010ec70 msgr2=0x7fa1c01a2420 secure :-1 s=STATE_CONNECTION_ESTABLISHED l=1).mark_down
2024-04-24T23:07:20.717 INFO:teuthology.orchestra.run.smithi016.stdout:/usr/bin/ceph: stderr
2024-04-24T23:07:19.771+0000 7fa1c7800700 1 --2- 172.21.15.16:0/2133591558 >> [v2:172.21.15.16:3300/0,v1:172.21.15.16:6789/0] conn(0x7fa1c010ec70 0x7fa1c01a2420 secure :-1 s=READY pgs=19 cs=0 l=1 rev1=1 crypto rx=0x7fa1b0011b60 tx=0x7fa1b0011c40 comp rx=0 tx=0).stop
2024-04-24T23:07:20.717 INFO:teuthology.orchestra.run.smithi016.stdout:/usr/bin/ceph: stderr
2024-04-24T23:07:19.771+0000 7fa1c7800700 1 -- 172.21.15.16:0/2133591558 shutdown_connections
2024-04-24T23:07:20.717 INFO:teuthology.orchestra.run.smithi016.stdout:/usr/bin/ceph: stderr
2024-04-24T23:07:19.771+0000 7fa1c7800700 1 --2- 172.21.15.16:0/2133591558 >> [v2:172.21.15.16:6800/2597914035,v1:172.21.15.16:6801/2597914035] conn(0x7fa1a4038f30 0x7fa1a403b3f0 unknown :-1 s=CLOSED pgs=6 cs=0 l=1 rev1=1 crypto rx=0 tx=0 comp rx=0 tx=0).stop
2024-04-24T23:07:20.717 INFO:teuthology.orchestra.run.smithi016.stdout:/usr/bin/ceph: stderr
2024-04-24T23:07:19.771+0000 7fa1c7800700 1 --2- 172.21.15.16:0/2133591558 >> [v2:172.21.15.16:3300/0,v1:172.21.15.16:6789/0] conn(0x7fa1c010ec70 0x7fa1c01a2420 unknown :-1 s=CLOSED pgs=19 cs=0 l=1 rev1=1 crypto rx=0 tx=0 comp rx=0 tx=0).stop
2024-04-24T23:07:20.717 INFO:teuthology.orchestra.run.smithi016.stdout:/usr/bin/ceph: stderr
2024-04-24T23:07:19.771+0000 7fa1c7800700 1 -- 172.21.15.16:0/2133591558 >> 172.21.15.16:0/2133591558 conn(0x7fa1c007d3c0 msgr2=0x7fa1c007de60 unknown :-1 s=STATE_NONE l=0).mark_down
2024-04-24T23:07:20.717 INFO:teuthology.orchestra.run.smithi016.stdout:/usr/bin/ceph: stderr
2024-04-24T23:07:19.771+0000 7fa1c7800700 1 -- 172.21.15.16:0/2133591558 shutdown_connections
2024-04-24T23:07:20.718 INFO:teuthology.orchestra.run.smithi016.stdout:/usr/bin/ceph: stderr
2024-04-24T23:07:19.771+0000 7fa1c7800700 1 -- 172.21.15.16:0/2133591558 wait complete.
2024-04-24T23:07:20.718 INFO:teuthology.orchestra.run.smithi016.stdout:mgr is available
2024-04-24T23:07:21.009 INFO:journalctl@ceph.mon.a.smithi016.stdout:Apr 24 23:07:20 smithi016 ceph-mon[28541]: mgrmap e4: x(active, since 2s)
2024-04-24T23:07:21.010 INFO:journalctl@ceph.mon.a.smithi016.stdout:Apr 24 23:07:20 smithi016 ceph-mon[28541]: from='client.? 172.21.15.16:0/2133591558' entity='client.admin' cmd=[{"prefix": "status", "format": "json-pretty"}]: dispatch
2024-04-24T23:07:21.900 INFO:journalctl@ceph.mon.a.smithi016.stdout:Apr 24 23:07:21 smithi016 ceph-mon[28541]: from='client.? 172.21.15.16:0/1161249217' entity='client.admin' cmd=[{"prefix": "config assimilate-conf"}]: dispatch
2024-04-24T23:07:22.278 INFO:teuthology.orchestra.run.smithi016.stdout:/usr/bin/ceph: stdout
2024-04-24T23:07:22.279 INFO:teuthology.orchestra.run.smithi016.stdout:/usr/bin/ceph: stdout [global]
2024-04-24T23:07:22.279 INFO:teuthology.orchestra.run.smithi016.stdout:/usr/bin/ceph: stdout fsid = 2e0a7c14-028f-11ef-bc93-c7b262605968
2024-04-24T23:07:22.279 INFO:teuthology.orchestra.run.smithi016.stdout:/usr/bin/ceph: stdout mon_osd_allow_pg_remap = true
2024-04-24T23:07:22.279 INFO:teuthology.orchestra.run.smithi016.stdout:/usr/bin/ceph: stdout mon_osd_allow_primary_affinity = true
2024-04-24T23:07:22.279 INFO:teuthology.orchestra.run.smithi016.stdout:/usr/bin/ceph: stdout mon_warn_on_no_sortbitwise = false
2024-04-24T23:07:22.279 INFO:teuthology.orchestra.run.smithi016.stdout:/usr/bin/ceph: stdout osd_crush_chooseleaf_type = 0
2024-04-24T23:07:22.279 INFO:teuthology.orchestra.run.smithi016.stdout:/usr/bin/ceph: stdout
2024-04-24T23:07:22.279 INFO:teuthology.orchestra.run.smithi016.stdout:/usr/bin/ceph: stdout [mgr]
2024-04-24T23:07:22.279 INFO:teuthology.orchestra.run.smithi016.stdout:/usr/bin/ceph: stdout mgr/telemetry/nag = false
2024-04-24T23:07:22.279 INFO:teuthology.orchestra.run.smithi016.stdout:/usr/bin/ceph: stdout
2024-04-24T23:07:22.279 INFO:teuthology.orchestra.run.smithi016.stdout:/usr/bin/ceph: stdout [osd]
2024-04-24T23:07:22.279 INFO:teuthology.orchestra.run.smithi016.stdout:/usr/bin/ceph: stdout mon_osd_backfillfull_ratio = 0.85
2024-04-24T23:07:22.280 INFO:teuthology.orchestra.run.smithi016.stdout:/usr/bin/ceph: stdout mon_osd_full_ratio = 0.9
2024-04-24T23:07:22.280 INFO:teuthology.orchestra.run.smithi016.stdout:/usr/bin/ceph: stdout mon_osd_nearfull_ratio = 0.8
2024-04-24T23:07:22.280 INFO:teuthology.orchestra.run.smithi016.stdout:/usr/bin/ceph: stdout osd_map_max_advance = 10
2024-04-24T23:07:22.280 INFO:teuthology.orchestra.run.smithi016.stdout:/usr/bin/ceph: stdout osd_sloppy_crc = true
2024-04-24T23:07:22.280 INFO:teuthology.orchestra.run.smithi016.stdout:/usr/bin/ceph: stderr
2024-04-24T23:07:21.345+0000 7f4704e00700 1 Processor -- start
2024-04-24T23:07:22.280 INFO:teuthology.orchestra.run.smithi016.stdout:/usr/bin/ceph: stderr
2024-04-24T23:07:21.345+0000 7f4704e00700 1 -- start start
2024-04-24T23:07:22.280 INFO:teuthology.orchestra.run.smithi016.stdout:/usr/bin/ceph: stderr
2024-04-24T23:07:21.346+0000 7f4704e00700 1 --2- >> [v2:172.21.15.16:3300/0,v1:172.21.15.16:6789/0] conn(0x7f4700109e40 0x7f470010a260 unknown :-1 s=NONE pgs=0 cs=0 l=0 rev1=0 crypto rx=0 tx=0 comp rx=0 tx=0).connect
2024-04-24T23:07:22.280 INFO:teuthology.orchestra.run.smithi016.stdout:/usr/bin/ceph: stderr
2024-04-24T23:07:21.346+0000 7f4704e00700 1 -- --> [v2:172.21.15.16:3300/0,v1:172.21.15.16:6789/0] -- mon_getmap magic: 0 -- 0x7f470010a7a0 con 0x7f4700109e40
2024-04-24T23:07:22.280 INFO:teuthology.orchestra.run.smithi016.stdout:/usr/bin/ceph: stderr
2024-04-24T23:07:21.346+0000 7f46ff400700 1 --2- >> [v2:172.21.15.16:3300/0,v1:172.21.15.16:6789/0] conn(0x7f4700109e40 0x7f470010a260 unknown :-1 s=BANNER_CONNECTING pgs=0 cs=0 l=0 rev1=0 crypto rx=0 tx=0 comp rx=0 tx=0)._handle_peer_banner_payload supported=3 required=0
2024-04-24T23:07:22.280 INFO:teuthology.orchestra.run.smithi016.stdout:/usr/bin/ceph: stderr
2024-04-24T23:07:21.346+0000 7f46ff400700 1 --2- >> [v2:172.21.15.16:3300/0,v1:172.21.15.16:6789/0] conn(0x7f4700109e40 0x7f470010a260 unknown :-1 s=HELLO_CONNECTING pgs=0 cs=0 l=0 rev1=1 crypto rx=0 tx=0 comp rx=0 tx=0).handle_hello peer v2:172.21.15.16:3300/0 says I am v2:172.21.15.16:45410/0 (socket says 172.21.15.16:45410)
2024-04-24T23:07:22.280 INFO:teuthology.orchestra.run.smithi016.stdout:/usr/bin/ceph: stderr
2024-04-24T23:07:21.346+0000 7f46ff400700 1 -- 172.21.15.16:0/304696467 learned_addr learned my addr 172.21.15.16:0/304696467 (peer_addr_for_me v2:172.21.15.16:0/0)
2024-04-24T23:07:22.280 INFO:teuthology.orchestra.run.smithi016.stdout:/usr/bin/ceph: stderr
2024-04-24T23:07:21.347+0000 7f46ff400700 1 -- 172.21.15.16:0/304696467 --> [v2:172.21.15.16:3300/0,v1:172.21.15.16:6789/0] -- mon_subscribe({config=0+,monmap=0+}) -- 0x7f470010afa0 con 0x7f4700109e40
2024-04-24T23:07:22.280 INFO:teuthology.orchestra.run.smithi016.stdout:/usr/bin/ceph: stderr
2024-04-24T23:07:21.347+0000 7f46ff400700 1 --2- 172.21.15.16:0/304696467 >> [v2:172.21.15.16:3300/0,v1:172.21.15.16:6789/0] conn(0x7f4700109e40 0x7f470010a260 secure :-1 s=READY pgs=20 cs=0 l=1 rev1=1 crypto rx=0x7f46f00098a0 tx=0x7f46f0009bb0 comp rx=0 tx=0).ready entity=mon.0 client_cookie=20fbb8bd584cc2c3 server_cookie=0 in_seq=0 out_seq=0
2024-04-24T23:07:22.281 INFO:teuthology.orchestra.run.smithi016.stdout:/usr/bin/ceph: stderr
2024-04-24T23:07:21.347+0000 7f46fe000700 1 -- 172.21.15.16:0/304696467 <== mon.0 v2:172.21.15.16:3300/0 1 ==== mon_map magic: 0 ==== 205+0+0 (secure 0 0 0) 0x7f46f0004160 con 0x7f4700109e40
2024-04-24T23:07:22.281 INFO:teuthology.orchestra.run.smithi016.stdout:/usr/bin/ceph: stderr
2024-04-24T23:07:21.347+0000 7f46fe000700 1 -- 172.21.15.16:0/304696467 <== mon.0 v2:172.21.15.16:3300/0 2 ==== config(27 keys) ==== 1109+0+0 (secure 0 0 0) 0x7f46f0004300 con 0x7f4700109e40
2024-04-24T23:07:22.281 INFO:teuthology.orchestra.run.smithi016.stdout:/usr/bin/ceph: stderr
2024-04-24T23:07:21.347+0000 7f46fe000700 1 -- 172.21.15.16:0/304696467 <== mon.0 v2:172.21.15.16:3300/0 3 ==== mon_map magic: 0 ==== 205+0+0 (secure 0 0 0) 0x7f46f0011b50 con 0x7f4700109e40
2024-04-24T23:07:22.281 INFO:teuthology.orchestra.run.smithi016.stdout:/usr/bin/ceph: stderr
2024-04-24T23:07:21.348+0000 7f4704e00700 1 -- 172.21.15.16:0/304696467 >> [v2:172.21.15.16:3300/0,v1:172.21.15.16:6789/0] conn(0x7f4700109e40 msgr2=0x7f470010a260 secure :-1 s=STATE_CONNECTION_ESTABLISHED l=1).mark_down
2024-04-24T23:07:22.281 INFO:teuthology.orchestra.run.smithi016.stdout:/usr/bin/ceph: stderr
2024-04-24T23:07:21.348+0000 7f4704e00700 1 --2- 172.21.15.16:0/304696467 >> [v2:172.21.15.16:3300/0,v1:172.21.15.16:6789/0] conn(0x7f4700109e40 0x7f470010a260 secure :-1 s=READY pgs=20 cs=0 l=1 rev1=1 crypto rx=0x7f46f00098a0 tx=0x7f46f0009bb0 comp rx=0 tx=0).stop
2024-04-24T23:07:22.281 INFO:teuthology.orchestra.run.smithi016.stdout:/usr/bin/ceph: stderr
2024-04-24T23:07:21.348+0000 7f4704e00700 1 -- 172.21.15.16:0/304696467 shutdown_connections
2024-04-24T23:07:22.281 INFO:teuthology.orchestra.run.smithi016.stdout:/usr/bin/ceph: stderr
2024-04-24T23:07:21.348+0000 7f4704e00700 1 --2- 172.21.15.16:0/304696467 >> [v2:172.21.15.16:3300/0,v1:172.21.15.16:6789/0] conn(0x7f4700109e40 0x7f470010a260 unknown :-1 s=CLOSED pgs=20 cs=0 l=1 rev1=1 crypto rx=0 tx=0 comp rx=0 tx=0).stop
2024-04-24T23:07:22.281 INFO:teuthology.orchestra.run.smithi016.stdout:/usr/bin/ceph: stderr
2024-04-24T23:07:21.348+0000 7f4704e00700 1 -- 172.21.15.16:0/304696467 >> 172.21.15.16:0/304696467 conn(0x7f470007d220 msgr2=0x7f470007d630 unknown :-1 s=STATE_NONE l=0).mark_down
2024-04-24T23:07:22.281 INFO:teuthology.orchestra.run.smithi016.stdout:/usr/bin/ceph: stderr
2024-04-24T23:07:21.348+0000 7f4704e00700 1 -- 172.21.15.16:0/304696467 shutdown_connections
2024-04-24T23:07:22.281 INFO:teuthology.orchestra.run.smithi016.stdout:/usr/bin/ceph: stderr
2024-04-24T23:07:21.348+0000 7f4704e00700 1 -- 172.21.15.16:0/304696467 wait complete.
2024-04-24T23:07:22.281 INFO:teuthology.orchestra.run.smithi016.stdout:/usr/bin/ceph: stderr
2024-04-24T23:07:21.349+0000 7f4704e00700 1 Processor -- start
2024-04-24T23:07:22.282 INFO:teuthology.orchestra.run.smithi016.stdout:/usr/bin/ceph: stderr
2024-04-24T23:07:21.349+0000 7f4704e00700 1 -- start start
2024-04-24T23:07:22.282 INFO:teuthology.orchestra.run.smithi016.stdout:/usr/bin/ceph: stderr
2024-04-24T23:07:21.349+0000 7f4704e00700 1 --2- >> [v2:172.21.15.16:3300/0,v1:172.21.15.16:6789/0] conn(0x7f4700109e40 0x7f470019ddc0 unknown :-1 s=NONE pgs=0 cs=0 l=1 rev1=0 crypto rx=0 tx=0 comp rx=0 tx=0).connect
2024-04-24T23:07:22.282 INFO:teuthology.orchestra.run.smithi016.stdout:/usr/bin/ceph: stderr
2024-04-24T23:07:21.350+0000 7f4704e00700 1 -- --> [v2:172.21.15.16:3300/0,v1:172.21.15.16:6789/0] -- mon_getmap magic: 0 -- 0x7f470010e3e0 con 0x7f4700109e40
2024-04-24T23:07:22.282 INFO:teuthology.orchestra.run.smithi016.stdout:/usr/bin/ceph: stderr
2024-04-24T23:07:21.350+0000 7f46ff400700 1 --2- >> [v2:172.21.15.16:3300/0,v1:172.21.15.16:6789/0] conn(0x7f4700109e40 0x7f470019ddc0 unknown :-1 s=BANNER_CONNECTING pgs=0 cs=0 l=1 rev1=0 crypto rx=0 tx=0 comp rx=0 tx=0)._handle_peer_banner_payload supported=3 required=0
2024-04-24T23:07:22.282 INFO:teuthology.orchestra.run.smithi016.stdout:/usr/bin/ceph: stderr
2024-04-24T23:07:21.350+0000 7f46ff400700 1 --2- >> [v2:172.21.15.16:3300/0,v1:172.21.15.16:6789/0] conn(0x7f4700109e40 0x7f470019ddc0 unknown :-1 s=HELLO_CONNECTING pgs=0 cs=0 l=1 rev1=1 crypto rx=0 tx=0 comp rx=0 tx=0).handle_hello peer v2:172.21.15.16:3300/0 says I am v2:172.21.15.16:45416/0 (socket says 172.21.15.16:45416)
2024-04-24T23:07:22.282 INFO:teuthology.orchestra.run.smithi016.stdout:/usr/bin/ceph: stderr
2024-04-24T23:07:21.350+0000 7f46ff400700 1 -- 172.21.15.16:0/1161249217 learned_addr learned my addr 172.21.15.16:0/1161249217 (peer_addr_for_me v2:172.21.15.16:0/0)
2024-04-24T23:07:22.282 INFO:teuthology.orchestra.run.smithi016.stdout:/usr/bin/ceph: stderr
2024-04-24T23:07:21.350+0000 7f46ff400700 1 -- 172.21.15.16:0/1161249217 --> [v2:172.21.15.16:3300/0,v1:172.21.15.16:6789/0] -- mon_subscribe({config=0+,monmap=0+}) -- 0x7f470019e300 con 0x7f4700109e40
2024-04-24T23:07:22.282 INFO:teuthology.orchestra.run.smithi016.stdout:/usr/bin/ceph: stderr
2024-04-24T23:07:21.350+0000 7f46ff400700 1 --2- 172.21.15.16:0/1161249217 >> [v2:172.21.15.16:3300/0,v1:172.21.15.16:6789/0] conn(0x7f4700109e40 0x7f470019ddc0 secure :-1 s=READY pgs=21 cs=0 l=1 rev1=1 crypto rx=0x7f46f0011b60 tx=0x7f46f0011c40 comp rx=0 tx=0).ready entity=mon.0 client_cookie=0 server_cookie=0 in_seq=0 out_seq=0
2024-04-24T23:07:22.282 INFO:teuthology.orchestra.run.smithi016.stdout:/usr/bin/ceph: stderr
2024-04-24T23:07:21.351+0000 7f46f7e00700 1 -- 172.21.15.16:0/1161249217 <== mon.0 v2:172.21.15.16:3300/0 1 ==== mon_map magic: 0 ==== 205+0+0 (secure 0 0 0) 0x7f46f0003970 con 0x7f4700109e40
2024-04-24T23:07:22.282 INFO:teuthology.orchestra.run.smithi016.stdout:/usr/bin/ceph: stderr
2024-04-24T23:07:21.351+0000 7f46f7e00700 1 -- 172.21.15.16:0/1161249217 <== mon.0 v2:172.21.15.16:3300/0 2 ==== config(27 keys) ==== 1109+0+0 (secure 0 0 0) 0x7f46f0003b10 con 0x7f4700109e40
2024-04-24T23:07:22.282 INFO:teuthology.orchestra.run.smithi016.stdout:/usr/bin/ceph: stderr
2024-04-24T23:07:21.351+0000 7f46f7e00700 1 -- 172.21.15.16:0/1161249217 <== mon.0 v2:172.21.15.16:3300/0 3 ==== mon_map magic: 0 ==== 205+0+0 (secure 0 0 0) 0x7f46f0024610 con 0x7f4700109e40
2024-04-24T23:07:22.282 INFO:teuthology.orchestra.run.smithi016.stdout:/usr/bin/ceph: stderr
2024-04-24T23:07:21.351+0000 7f4704e00700 1 -- 172.21.15.16:0/1161249217 --> [v2:172.21.15.16:3300/0,v1:172.21.15.16:6789/0] -- mon_subscribe({mgrmap=0+}) -- 0x7f470019e590 con 0x7f4700109e40
2024-04-24T23:07:22.282 INFO:teuthology.orchestra.run.smithi016.stdout:/usr/bin/ceph: stderr
2024-04-24T23:07:21.351+0000 7f4704e00700 1 -- 172.21.15.16:0/1161249217 --> [v2:172.21.15.16:3300/0,v1:172.21.15.16:6789/0] -- mon_subscribe({osdmap=0}) -- 0x7f47001a1280 con 0x7f4700109e40
2024-04-24T23:07:22.283 INFO:teuthology.orchestra.run.smithi016.stdout:/usr/bin/ceph: stderr
2024-04-24T23:07:21.352+0000 7f46f7e00700 1 -- 172.21.15.16:0/1161249217 <== mon.0 v2:172.21.15.16:3300/0 4 ==== mgrmap(e 4) ==== 46276+0+0 (secure 0 0 0) 0x7f46f001a9f0 con 0x7f4700109e40
2024-04-24T23:07:22.283 INFO:teuthology.orchestra.run.smithi016.stdout:/usr/bin/ceph: stderr
2024-04-24T23:07:21.352+0000 7f4704e00700 1 -- 172.21.15.16:0/1161249217 --> [v2:172.21.15.16:3300/0,v1:172.21.15.16:6789/0] -- mon_command({"prefix": "get_command_descriptions"} v 0) -- 0x7f4700069390 con 0x7f4700109e40
2024-04-24T23:07:22.283 INFO:teuthology.orchestra.run.smithi016.stdout:/usr/bin/ceph: stderr
2024-04-24T23:07:21.353+0000 7f46f7e00700 1 --2- 172.21.15.16:0/1161249217 >> [v2:172.21.15.16:6800/2597914035,v1:172.21.15.16:6801/2597914035] conn(0x7f46e4039050 0x7f46e403b510 unknown :-1 s=NONE pgs=0 cs=0 l=1 rev1=0 crypto rx=0 tx=0 comp rx=0 tx=0).connect
2024-04-24T23:07:22.283 INFO:teuthology.orchestra.run.smithi016.stdout:/usr/bin/ceph: stderr
2024-04-24T23:07:21.353+0000 7f46f7e00700 1 -- 172.21.15.16:0/1161249217 <== mon.0 v2:172.21.15.16:3300/0 5 ==== osd_map(1..1 src has 1..1) ==== 725+0+0 (secure 0 0 0) 0x7f46f0011e00 con 0x7f4700109e40
2024-04-24T23:07:22.283 INFO:teuthology.orchestra.run.smithi016.stdout:/usr/bin/ceph: stderr
2024-04-24T23:07:21.353+0000 7f46fea00700 1 --2- 172.21.15.16:0/1161249217 >> [v2:172.21.15.16:6800/2597914035,v1:172.21.15.16:6801/2597914035] conn(0x7f46e4039050 0x7f46e403b510 unknown :-1 s=BANNER_CONNECTING pgs=0 cs=0 l=1 rev1=0 crypto rx=0 tx=0 comp rx=0 tx=0)._handle_peer_banner_payload supported=3 required=0
2024-04-24T23:07:22.283 INFO:teuthology.orchestra.run.smithi016.stdout:/usr/bin/ceph: stderr
2024-04-24T23:07:21.353+0000 7f46fea00700 1 --2- 172.21.15.16:0/1161249217 >> [v2:172.21.15.16:6800/2597914035,v1:172.21.15.16:6801/2597914035] conn(0x7f46e4039050 0x7f46e403b510 secure :-1 s=READY pgs=7 cs=0 l=1 rev1=1 crypto rx=0x7f46ec006fd0 tx=0x7f46ec006e40 comp rx=0 tx=0).ready entity=mgr.14100 client_cookie=0 server_cookie=0 in_seq=0 out_seq=0
2024-04-24T23:07:22.283 INFO:teuthology.orchestra.run.smithi016.stdout:/usr/bin/ceph: stderr
2024-04-24T23:07:21.358+0000 7f46f7e00700 1 -- 172.21.15.16:0/1161249217 <== mon.0 v2:172.21.15.16:3300/0 6 ==== mon_command_ack([{"prefix": "get_command_descriptions"}]=0 v0) ==== 72+0+186147 (secure 0 0 0) 0x7f46f000b3e0 con 0x7f4700109e40
2024-04-24T23:07:22.283 INFO:teuthology.orchestra.run.smithi016.stdout:/usr/bin/ceph: stderr
2024-04-24T23:07:21.585+0000 7f4704e00700 1 -- 172.21.15.16:0/1161249217 --> [v2:172.21.15.16:3300/0,v1:172.21.15.16:6789/0] -- mon_command({"prefix": "config assimilate-conf"} v 0) -- 0x7f47001a1450 con 0x7f4700109e40
2024-04-24T23:07:22.283 INFO:teuthology.orchestra.run.smithi016.stdout:/usr/bin/ceph: stderr
2024-04-24T23:07:21.588+0000 7f46f7e00700 1 -- 172.21.15.16:0/1161249217 <== mon.0 v2:172.21.15.16:3300/0 7 ==== mon_command_ack([{"prefix": "config assimilate-conf"}]=0 v3) ==== 70+0+373 (secure 0 0 0) 0x7f46f002c350 con 0x7f4700109e40
2024-04-24T23:07:22.283 INFO:teuthology.orchestra.run.smithi016.stdout:/usr/bin/ceph: stderr
2024-04-24T23:07:21.591+0000 7f4704e00700 1 -- 172.21.15.16:0/1161249217 >> [v2:172.21.15.16:6800/2597914035,v1:172.21.15.16:6801/2597914035] conn(0x7f46e4039050 msgr2=0x7f46e403b510 secure :-1 s=STATE_CONNECTION_ESTABLISHED l=1).mark_down
2024-04-24T23:07:22.283 INFO:teuthology.orchestra.run.smithi016.stdout:/usr/bin/ceph: stderr
2024-04-24T23:07:21.591+0000 7f4704e00700 1 --2- 172.21.15.16:0/1161249217 >> [v2:172.21.15.16:6800/2597914035,v1:172.21.15.16:6801/2597914035] conn(0x7f46e4039050 0x7f46e403b510 secure :-1 s=READY pgs=7 cs=0 l=1 rev1=1 crypto rx=0x7f46ec006fd0 tx=0x7f46ec006e40 comp rx=0 tx=0).stop
2024-04-24T23:07:22.283 INFO:teuthology.orchestra.run.smithi016.stdout:/usr/bin/ceph: stderr
2024-04-24T23:07:21.591+0000 7f4704e00700 1 -- 172.21.15.16:0/1161249217 >> [v2:172.21.15.16:3300/0,v1:172.21.15.16:6789/0] conn(0x7f4700109e40 msgr2=0x7f470019ddc0 secure :-1 s=STATE_CONNECTION_ESTABLISHED l=1).mark_down
2024-04-24T23:07:22.283 INFO:teuthology.orchestra.run.smithi016.stdout:/usr/bin/ceph: stderr
2024-04-24T23:07:21.591+0000 7f4704e00700 1 --2- 172.21.15.16:0/1161249217 >> [v2:172.21.15.16:3300/0,v1:172.21.15.16:6789/0] conn(0x7f4700109e40 0x7f470019ddc0 secure :-1 s=READY pgs=21 cs=0 l=1 rev1=1 crypto rx=0x7f46f0011b60 tx=0x7f46f0011c40 comp rx=0 tx=0).stop
2024-04-24T23:07:22.283 INFO:teuthology.orchestra.run.smithi016.stdout:/usr/bin/ceph: stderr
2024-04-24T23:07:21.592+0000 7f4704e00700 1 -- 172.21.15.16:0/1161249217 shutdown_connections
2024-04-24T23:07:22.284 INFO:teuthology.orchestra.run.smithi016.stdout:/usr/bin/ceph: stderr
2024-04-24T23:07:21.592+0000 7f4704e00700 1 --2- 172.21.15.16:0/1161249217 >> [v2:172.21.15.16:6800/2597914035,v1:172.21.15.16:6801/2597914035] conn(0x7f46e4039050 0x7f46e403b510 unknown :-1 s=CLOSED pgs=7 cs=0 l=1 rev1=1 crypto rx=0 tx=0 comp rx=0 tx=0).stop
2024-04-24T23:07:22.284 INFO:teuthology.orchestra.run.smithi016.stdout:/usr/bin/ceph: stderr
2024-04-24T23:07:21.592+0000 7f4704e00700 1 --2- 172.21.15.16:0/1161249217 >> [v2:172.21.15.16:3300/0,v1:172.21.15.16:6789/0] conn(0x7f4700109e40 0x7f470019ddc0 unknown :-1 s=CLOSED pgs=21 cs=0 l=1 rev1=1 crypto rx=0 tx=0 comp rx=0 tx=0).stop
2024-04-24T23:07:22.284 INFO:teuthology.orchestra.run.smithi016.stdout:/usr/bin/ceph: stderr
2024-04-24T23:07:21.592+0000 7f4704e00700 1 -- 172.21.15.16:0/1161249217 >> 172.21.15.16:0/1161249217 conn(0x7f470007d220 msgr2=0x7f47001073f0 unknown :-1 s=STATE_NONE l=0).mark_down
2024-04-24T23:07:22.284 INFO:teuthology.orchestra.run.smithi016.stdout:/usr/bin/ceph: stderr
2024-04-24T23:07:21.592+0000 7f4704e00700 1 -- 172.21.15.16:0/1161249217 shutdown_connections
2024-04-24T23:07:22.284 INFO:teuthology.orchestra.run.smithi016.stdout:/usr/bin/ceph: stderr
2024-04-24T23:07:21.592+0000 7f4704e00700 1 -- 172.21.15.16:0/1161249217 wait complete.
2024-04-24T23:07:22.284 INFO:teuthology.orchestra.run.smithi016.stdout:Enabling cephadm module...
2024-04-24T23:07:23.562 INFO:journalctl@ceph.mon.a.smithi016.stdout:Apr 24 23:07:23 smithi016 ceph-mon[28541]: from='client.? 172.21.15.16:0/2397524' entity='client.admin' cmd=[{"prefix": "mgr module enable", "module": "cephadm"}]: dispatch
2024-04-24T23:07:23.562 INFO:journalctl@ceph.mgr.x.smithi016.stdout:Apr 24 23:07:23 smithi016 ceph-2e0a7c14-028f-11ef-bc93-c7b262605968-mgr-x[28769]: ignoring --setuser ceph since I am not root
2024-04-24T23:07:23.562 INFO:journalctl@ceph.mgr.x.smithi016.stdout:Apr 24 23:07:23 smithi016 ceph-2e0a7c14-028f-11ef-bc93-c7b262605968-mgr-x[28769]: ignoring --setgroup ceph since I am not root
2024-04-24T23:07:23.562 INFO:journalctl@ceph.mgr.x.smithi016.stdout:Apr 24 23:07:23 smithi016 ceph-2e0a7c14-028f-11ef-bc93-c7b262605968-mgr-x[28769]:
2024-04-24T23:07:23.559+0000 7fd156a16200 -1 mgr[py] Module balancer has missing NOTIFY_TYPES member
2024-04-24T23:07:24.150 INFO:journalctl@ceph.mgr.x.smithi016.stdout:Apr 24 23:07:23 smithi016 ceph-2e0a7c14-028f-11ef-bc93-c7b262605968-mgr-x[28769]:
2024-04-24T23:07:23.821+0000 7fd156a16200 -1 mgr[py] Module orchestrator has missing NOTIFY_TYPES member
2024-04-24T23:07:24.151 INFO:journalctl@ceph.mgr.x.smithi016.stdout:Apr 24 23:07:23 smithi016 ceph-2e0a7c14-028f-11ef-bc93-c7b262605968-mgr-x[28769]:
2024-04-24T23:07:23.963+0000 7fd156a16200 -1 mgr[py] Module snap_schedule has missing NOTIFY_TYPES member
2024-04-24T23:07:24.279 INFO:teuthology.orchestra.run.smithi016.stdout:/usr/bin/ceph: stderr
2024-04-24T23:07:22.914+0000 7f91cc000700 1 Processor -- start
2024-04-24T23:07:24.280 INFO:teuthology.orchestra.run.smithi016.stdout:/usr/bin/ceph: stderr
2024-04-24T23:07:22.914+0000 7f91cc000700 1 -- start start
2024-04-24T23:07:24.280 INFO:teuthology.orchestra.run.smithi016.stdout:/usr/bin/ceph: stderr
2024-04-24T23:07:22.915+0000 7f91cc000700 1 --2- >> [v2:172.21.15.16:3300/0,v1:172.21.15.16:6789/0] conn(0x7f91c4109ff0 0x7f91c410a410 unknown :-1 s=NONE pgs=0 cs=0 l=0 rev1=0 crypto rx=0 tx=0 comp rx=0 tx=0).connect
2024-04-24T23:07:24.280 INFO:teuthology.orchestra.run.smithi016.stdout:/usr/bin/ceph: stderr
2024-04-24T23:07:22.915+0000 7f91cc000700 1 -- --> [v2:172.21.15.16:3300/0,v1:172.21.15.16:6789/0] -- mon_getmap magic: 0 -- 0x7f91c410a9e0 con 0x7f91c4109ff0
2024-04-24T23:07:24.280 INFO:teuthology.orchestra.run.smithi016.stdout:/usr/bin/ceph: stderr
2024-04-24T23:07:22.915+0000 7f91c9600700 1 --2- >> [v2:172.21.15.16:3300/0,v1:172.21.15.16:6789/0] conn(0x7f91c4109ff0 0x7f91c410a410 unknown :-1 s=BANNER_CONNECTING pgs=0 cs=0 l=0 rev1=0 crypto rx=0 tx=0 comp rx=0 tx=0)._handle_peer_banner_payload supported=3 required=0
2024-04-24T23:07:24.280 INFO:teuthology.orchestra.run.smithi016.stdout:/usr/bin/ceph: stderr
2024-04-24T23:07:22.915+0000 7f91c9600700 1 --2- >> [v2:172.21.15.16:3300/0,v1:172.21.15.16:6789/0] conn(0x7f91c4109ff0 0x7f91c410a410 unknown :-1 s=HELLO_CONNECTING pgs=0 cs=0 l=0 rev1=1 crypto rx=0 tx=0 comp rx=0 tx=0).handle_hello peer v2:172.21.15.16:3300/0 says I am v2:172.21.15.16:47840/0 (socket says 172.21.15.16:47840)
2024-04-24T23:07:24.280 INFO:teuthology.orchestra.run.smithi016.stdout:/usr/bin/ceph: stderr
2024-04-24T23:07:22.915+0000 7f91c9600700 1 -- 172.21.15.16:0/2923556445 learned_addr learned my addr 172.21.15.16:0/2923556445 (peer_addr_for_me v2:172.21.15.16:0/0)
2024-04-24T23:07:24.280 INFO:teuthology.orchestra.run.smithi016.stdout:/usr/bin/ceph: stderr
2024-04-24T23:07:22.915+0000 7f91c9600700 1 -- 172.21.15.16:0/2923556445 --> [v2:172.21.15.16:3300/0,v1:172.21.15.16:6789/0] -- mon_subscribe({config=0+,monmap=0+}) -- 0x7f91c410b1f0 con 0x7f91c4109ff0
2024-04-24T23:07:24.280 INFO:teuthology.orchestra.run.smithi016.stdout:/usr/bin/ceph: stderr
2024-04-24T23:07:22.916+0000 7f91c9600700 1 --2- 172.21.15.16:0/2923556445 >> [v2:172.21.15.16:3300/0,v1:172.21.15.16:6789/0] conn(0x7f91c4109ff0 0x7f91c410a410 secure :-1 s=READY pgs=22 cs=0 l=1 rev1=1 crypto rx=0x7f91b80098a0 tx=0x7f91b8009bb0 comp rx=0 tx=0).ready entity=mon.0 client_cookie=266f2c5dffd797e5 server_cookie=0 in_seq=0 out_seq=0
2024-04-24T23:07:24.280 INFO:teuthology.orchestra.run.smithi016.stdout:/usr/bin/ceph: stderr
2024-04-24T23:07:22.916+0000 7f91c3e00700 1 -- 172.21.15.16:0/2923556445 <== mon.0 v2:172.21.15.16:3300/0 1 ==== mon_map magic: 0 ==== 205+0+0 (secure 0 0 0) 0x7f91b8004160 con 0x7f91c4109ff0
2024-04-24T23:07:24.280 INFO:teuthology.orchestra.run.smithi016.stdout:/usr/bin/ceph: stderr
2024-04-24T23:07:22.916+0000 7f91c3e00700 1 -- 172.21.15.16:0/2923556445 <== mon.0 v2:172.21.15.16:3300/0 2 ==== config(27 keys) ==== 1109+0+0 (secure 0 0 0) 0x7f91b8004300 con 0x7f91c4109ff0
2024-04-24T23:07:24.280 INFO:teuthology.orchestra.run.smithi016.stdout:/usr/bin/ceph: stderr
2024-04-24T23:07:22.916+0000 7f91c3e00700 1 -- 172.21.15.16:0/2923556445 <== mon.0 v2:172.21.15.16:3300/0 3 ==== mon_map magic: 0 ==== 205+0+0 (secure 0 0 0) 0x7f91b8011b50 con 0x7f91c4109ff0
2024-04-24T23:07:24.280 INFO:teuthology.orchestra.run.smithi016.stdout:/usr/bin/ceph: stderr
2024-04-24T23:07:22.917+0000 7f91cc000700 1 -- 172.21.15.16:0/2923556445 >> [v2:172.21.15.16:3300/0,v1:172.21.15.16:6789/0] conn(0x7f91c4109ff0 msgr2=0x7f91c410a410 secure :-1 s=STATE_CONNECTION_ESTABLISHED l=1).mark_down
2024-04-24T23:07:24.280 INFO:teuthology.orchestra.run.smithi016.stdout:/usr/bin/ceph: stderr
2024-04-24T23:07:22.917+0000 7f91cc000700 1 --2- 172.21.15.16:0/2923556445 >> [v2:172.21.15.16:3300/0,v1:172.21.15.16:6789/0] conn(0x7f91c4109ff0 0x7f91c410a410 secure :-1 s=READY pgs=22 cs=0 l=1 rev1=1 crypto rx=0x7f91b80098a0 tx=0x7f91b8009bb0 comp rx=0 tx=0).stop
2024-04-24T23:07:24.285 INFO:teuthology.orchestra.run.smithi016.stdout:/usr/bin/ceph: stderr
2024-04-24T23:07:22.917+0000 7f91cc000700 1 -- 172.21.15.16:0/2923556445 shutdown_connections
2024-04-24T23:07:24.285 INFO:teuthology.orchestra.run.smithi016.stdout:/usr/bin/ceph: stderr
2024-04-24T23:07:22.917+0000 7f91cc000700 1 --2- 172.21.15.16:0/2923556445 >> [v2:172.21.15.16:3300/0,v1:172.21.15.16:6789/0] conn(0x7f91c4109ff0 0x7f91c410a410 unknown :-1 s=CLOSED pgs=22 cs=0 l=1 rev1=1 crypto rx=0 tx=0 comp rx=0 tx=0).stop
2024-04-24T23:07:24.285 INFO:teuthology.orchestra.run.smithi016.stdout:/usr/bin/ceph: stderr
2024-04-24T23:07:22.917+0000 7f91cc000700 1 -- 172.21.15.16:0/2923556445 >> 172.21.15.16:0/2923556445 conn(0x7f91c407d3c0 msgr2=0x7f91c407d7f0 unknown :-1 s=STATE_NONE l=0).mark_down
2024-04-24T23:07:24.285 INFO:teuthology.orchestra.run.smithi016.stdout:/usr/bin/ceph: stderr
2024-04-24T23:07:22.917+0000 7f91cc000700 1 -- 172.21.15.16:0/2923556445 shutdown_connections
2024-04-24T23:07:24.285 INFO:teuthology.orchestra.run.smithi016.stdout:/usr/bin/ceph: stderr
2024-04-24T23:07:22.917+0000 7f91cc000700 1 -- 172.21.15.16:0/2923556445 wait complete.
2024-04-24T23:07:24.285 INFO:teuthology.orchestra.run.smithi016.stdout:/usr/bin/ceph: stderr
2024-04-24T23:07:22.918+0000 7f91cc000700 1 Processor -- start
2024-04-24T23:07:24.285 INFO:teuthology.orchestra.run.smithi016.stdout:/usr/bin/ceph: stderr
2024-04-24T23:07:22.918+0000 7f91cc000700 1 -- start start
2024-04-24T23:07:24.285 INFO:teuthology.orchestra.run.smithi016.stdout:/usr/bin/ceph: stderr
2024-04-24T23:07:22.919+0000 7f91cc000700 1 --2- >> [v2:172.21.15.16:3300/0,v1:172.21.15.16:6789/0] conn(0x7f91c4109ff0 0x7f91c419e0a0 unknown :-1 s=NONE pgs=0 cs=0 l=1 rev1=0 crypto rx=0 tx=0 comp rx=0 tx=0).connect
2024-04-24T23:07:24.285 INFO:teuthology.orchestra.run.smithi016.stdout:/usr/bin/ceph: stderr
2024-04-24T23:07:22.919+0000 7f91cc000700 1 -- --> [v2:172.21.15.16:3300/0,v1:172.21.15.16:6789/0] -- mon_getmap magic: 0 -- 0x7f91c410e5a0 con 0x7f91c4109ff0
2024-04-24T23:07:24.285 INFO:teuthology.orchestra.run.smithi016.stdout:/usr/bin/ceph: stderr
2024-04-24T23:07:22.919+0000 7f91c9600700 1 --2- >> [v2:172.21.15.16:3300/0,v1:172.21.15.16:6789/0] conn(0x7f91c4109ff0 0x7f91c419e0a0 unknown :-1 s=BANNER_CONNECTING pgs=0 cs=0 l=1 rev1=0 crypto rx=0 tx=0 comp rx=0 tx=0)._handle_peer_banner_payload supported=3 required=0
2024-04-24T23:07:24.285 INFO:teuthology.orchestra.run.smithi016.stdout:/usr/bin/ceph: stderr
2024-04-24T23:07:22.919+0000 7f91c9600700 1 --2- >> [v2:172.21.15.16:3300/0,v1:172.21.15.16:6789/0] conn(0x7f91c4109ff0 0x7f91c419e0a0 unknown :-1 s=HELLO_CONNECTING pgs=0 cs=0 l=1 rev1=1 crypto rx=0 tx=0 comp rx=0 tx=0).handle_hello peer v2:172.21.15.16:3300/0 says I am v2:172.21.15.16:47852/0 (socket says 172.21.15.16:47852)
2024-04-24T23:07:24.285 INFO:teuthology.orchestra.run.smithi016.stdout:/usr/bin/ceph: stderr
2024-04-24T23:07:22.919+0000 7f91c9600700 1 -- 172.21.15.16:0/2397524 learned_addr learned my addr 172.21.15.16:0/2397524 (peer_addr_for_me v2:172.21.15.16:0/0)
2024-04-24T23:07:24.286 INFO:teuthology.orchestra.run.smithi016.stdout:/usr/bin/ceph: stderr
2024-04-24T23:07:22.920+0000 7f91c9600700 1 -- 172.21.15.16:0/2397524 --> [v2:172.21.15.16:3300/0,v1:172.21.15.16:6789/0] -- mon_subscribe({config=0+,monmap=0+}) -- 0x7f91c419e5e0 con 0x7f91c4109ff0
2024-04-24T23:07:24.286 INFO:teuthology.orchestra.run.smithi016.stdout:/usr/bin/ceph: stderr
2024-04-24T23:07:22.920+0000 7f91c9600700 1 --2- 172.21.15.16:0/2397524 >> [v2:172.21.15.16:3300/0,v1:172.21.15.16:6789/0] conn(0x7f91c4109ff0 0x7f91c419e0a0 secure :-1 s=READY pgs=23 cs=0 l=1 rev1=1 crypto rx=0x7f91b8000c00 tx=0x7f91b8011c10 comp rx=0 tx=0).ready entity=mon.0 client_cookie=0 server_cookie=0 in_seq=0 out_seq=0
2024-04-24T23:07:24.286 INFO:teuthology.orchestra.run.smithi016.stdout:/usr/bin/ceph: stderr
2024-04-24T23:07:22.920+0000 7f91c2000700 1 -- 172.21.15.16:0/2397524 <== mon.0 v2:172.21.15.16:3300/0 1 ==== mon_map magic: 0 ==== 205+0+0 (secure 0 0 0) 0x7f91b8003b20 con 0x7f91c4109ff0
2024-04-24T23:07:24.286 INFO:teuthology.orchestra.run.smithi016.stdout:/usr/bin/ceph: stderr
2024-04-24T23:07:22.920+0000 7f91c2000700 1 -- 172.21.15.16:0/2397524 <== mon.0 v2:172.21.15.16:3300/0 2 ==== config(27 keys) ==== 1109+0+0 (secure 0 0 0) 0x7f91b8003cc0 con 0x7f91c4109ff0
2024-04-24T23:07:24.286 INFO:teuthology.orchestra.run.smithi016.stdout:/usr/bin/ceph: stderr
2024-04-24T23:07:22.920+0000 7f91c2000700 1 -- 172.21.15.16:0/2397524 <== mon.0 v2:172.21.15.16:3300/0 3 ==== mon_map magic: 0 ==== 205+0+0 (secure 0 0 0) 0x7f91b8024910 con 0x7f91c4109ff0
2024-04-24T23:07:24.286 INFO:teuthology.orchestra.run.smithi016.stdout:/usr/bin/ceph: stderr
2024-04-24T23:07:22.920+0000 7f91cc000700 1 -- 172.21.15.16:0/2397524 --> [v2:172.21.15.16:3300/0,v1:172.21.15.16:6789/0] -- mon_subscribe({mgrmap=0+}) -- 0x7f91c419e870 con 0x7f91c4109ff0
2024-04-24T23:07:24.286 INFO:teuthology.orchestra.run.smithi016.stdout:/usr/bin/ceph: stderr
2024-04-24T23:07:22.920+0000 7f91cc000700 1 -- 172.21.15.16:0/2397524 --> [v2:172.21.15.16:3300/0,v1:172.21.15.16:6789/0] -- mon_subscribe({osdmap=0}) -- 0x7f91c419f390 con 0x7f91c4109ff0
2024-04-24T23:07:24.286 INFO:teuthology.orchestra.run.smithi016.stdout:/usr/bin/ceph: stderr
2024-04-24T23:07:22.922+0000 7f91cc000700 1 -- 172.21.15.16:0/2397524 --> [v2:172.21.15.16:3300/0,v1:172.21.15.16:6789/0] -- mon_command({"prefix": "get_command_descriptions"} v 0) -- 0x7f91c4063890 con 0x7f91c4109ff0
2024-04-24T23:07:24.286 INFO:teuthology.orchestra.run.smithi016.stdout:/usr/bin/ceph: stderr
2024-04-24T23:07:22.922+0000 7f91c2000700 1 -- 172.21.15.16:0/2397524 <== mon.0 v2:172.21.15.16:3300/0 4 ==== mgrmap(e 4) ==== 46276+0+0 (secure 0 0 0) 0x7f91b8022020 con 0x7f91c4109ff0
2024-04-24T23:07:24.287 INFO:teuthology.orchestra.run.smithi016.stdout:/usr/bin/ceph: stderr
2024-04-24T23:07:22.922+0000 7f91c2000700 1 --2- 172.21.15.16:0/2397524 >> [v2:172.21.15.16:6800/2597914035,v1:172.21.15.16:6801/2597914035] conn(0x7f91ac039050 0x7f91ac03b510 unknown :-1 s=NONE pgs=0 cs=0 l=1 rev1=0 crypto rx=0 tx=0 comp rx=0 tx=0).connect
2024-04-24T23:07:24.287 INFO:teuthology.orchestra.run.smithi016.stdout:/usr/bin/ceph: stderr
2024-04-24T23:07:22.922+0000 7f91c2000700 1 -- 172.21.15.16:0/2397524 <== mon.0 v2:172.21.15.16:3300/0 5 ==== osd_map(1..1 src has 1..1) ==== 725+0+0 (secure 0 0 0) 0x7f91b8011e00 con 0x7f91c4109ff0
2024-04-24T23:07:24.287 INFO:teuthology.orchestra.run.smithi016.stdout:/usr/bin/ceph: stderr
2024-04-24T23:07:22.923+0000 7f91c8c00700 1 --2- 172.21.15.16:0/2397524 >> [v2:172.21.15.16:6800/2597914035,v1:172.21.15.16:6801/2597914035] conn(0x7f91ac039050 0x7f91ac03b510 unknown :-1 s=BANNER_CONNECTING pgs=0 cs=0 l=1 rev1=0 crypto rx=0 tx=0 comp rx=0 tx=0)._handle_peer_banner_payload supported=3 required=0
2024-04-24T23:07:24.287 INFO:teuthology.orchestra.run.smithi016.stdout:/usr/bin/ceph: stderr
2024-04-24T23:07:22.924+0000 7f91c8c00700 1 --2- 172.21.15.16:0/2397524 >> [v2:172.21.15.16:6800/2597914035,v1:172.21.15.16:6801/2597914035] conn(0x7f91ac039050 0x7f91ac03b510 secure :-1 s=READY pgs=8 cs=0 l=1 rev1=1 crypto rx=0x7f91b0006fd0 tx=0x7f91b0006e40 comp rx=0 tx=0).ready entity=mgr.14100 client_cookie=0 server_cookie=0 in_seq=0 out_seq=0
2024-04-24T23:07:24.287 INFO:teuthology.orchestra.run.smithi016.stdout:/usr/bin/ceph: stderr
2024-04-24T23:07:22.928+0000 7f91c2000700 1 -- 172.21.15.16:0/2397524 <== mon.0 v2:172.21.15.16:3300/0 6 ==== mon_command_ack([{"prefix": "get_command_descriptions"}]=0 v0) ==== 72+0+186147 (secure 0 0 0) 0x7f91b801ad80 con 0x7f91c4109ff0
2024-04-24T23:07:24.287 INFO:teuthology.orchestra.run.smithi016.stdout:/usr/bin/ceph: stderr
2024-04-24T23:07:23.216+0000 7f91cc000700 1 -- 172.21.15.16:0/2397524 --> [v2:172.21.15.16:3300/0,v1:172.21.15.16:6789/0] -- mon_command({"prefix": "mgr module enable", "module": "cephadm"} v 0) -- 0x7f91c419f860 con 0x7f91c4109ff0
2024-04-24T23:07:24.287 INFO:teuthology.orchestra.run.smithi016.stdout:/usr/bin/ceph: stderr
2024-04-24T23:07:23.270+0000 7f91c2000700 1 -- 172.21.15.16:0/2397524 <== mon.0 v2:172.21.15.16:3300/0 7 ==== mon_command_ack([{"prefix": "mgr module enable", "module": "cephadm"}]=0 v5) ==== 86+0+0 (secure 0 0 0) 0x7f91b804cb30 con 0x7f91c4109ff0
2024-04-24T23:07:24.287 INFO:teuthology.orchestra.run.smithi016.stdout:/usr/bin/ceph: stderr
2024-04-24T23:07:23.273+0000 7f91c2000700 1 -- 172.21.15.16:0/2397524 <== mon.0 v2:172.21.15.16:3300/0 8 ==== mgrmap(e 5) ==== 46287+0+0 (secure 0 0 0) 0x7f91b801a950 con 0x7f91c4109ff0
2024-04-24T23:07:24.287 INFO:teuthology.orchestra.run.smithi016.stdout:/usr/bin/ceph: stderr
2024-04-24T23:07:23.274+0000 7f91cc000700 1 -- 172.21.15.16:0/2397524 >> [v2:172.21.15.16:6800/2597914035,v1:172.21.15.16:6801/2597914035] conn(0x7f91ac039050 msgr2=0x7f91ac03b510 secure :-1 s=STATE_CONNECTION_ESTABLISHED l=1).mark_down
2024-04-24T23:07:24.287 INFO:teuthology.orchestra.run.smithi016.stdout:/usr/bin/ceph: stderr
2024-04-24T23:07:23.274+0000 7f91cc000700 1 --2- 172.21.15.16:0/2397524 >> [v2:172.21.15.16:6800/2597914035,v1:172.21.15.16:6801/2597914035] conn(0x7f91ac039050 0x7f91ac03b510 secure :-1 s=READY pgs=8 cs=0 l=1 rev1=1 crypto rx=0x7f91b0006fd0 tx=0x7f91b0006e40 comp rx=0 tx=0).stop
2024-04-24T23:07:24.287 INFO:teuthology.orchestra.run.smithi016.stdout:/usr/bin/ceph: stderr
2024-04-24T23:07:23.274+0000 7f91cc000700 1 -- 172.21.15.16:0/2397524 >> [v2:172.21.15.16:3300/0,v1:172.21.15.16:6789/0] conn(0x7f91c4109ff0 msgr2=0x7f91c419e0a0 secure :-1 s=STATE_CONNECTION_ESTABLISHED l=1).mark_down
2024-04-24T23:07:24.287 INFO:teuthology.orchestra.run.smithi016.stdout:/usr/bin/ceph: stderr
2024-04-24T23:07:23.274+0000 7f91cc000700 1 --2- 172.21.15.16:0/2397524 >> [v2:172.21.15.16:3300/0,v1:172.21.15.16:6789/0] conn(0x7f91c4109ff0 0x7f91c419e0a0 secure :-1 s=READY pgs=23 cs=0 l=1 rev1=1 crypto rx=0x7f91b8000c00 tx=0x7f91b8011c10 comp rx=0 tx=0).stop
2024-04-24T23:07:24.287 INFO:teuthology.orchestra.run.smithi016.stdout:/usr/bin/ceph: stderr
2024-04-24T23:07:23.275+0000 7f91cc000700 1 -- 172.21.15.16:0/2397524 shutdown_connections
2024-04-24T23:07:24.288 INFO:teuthology.orchestra.run.smithi016.stdout:/usr/bin/ceph: stderr
2024-04-24T23:07:23.275+0000 7f91cc000700 1 --2- 172.21.15.16:0/2397524 >> [v2:172.21.15.16:6800/2597914035,v1:172.21.15.16:6801/2597914035] conn(0x7f91ac039050 0x7f91ac03b510 unknown :-1 s=CLOSED pgs=8 cs=0 l=1 rev1=1 crypto rx=0 tx=0 comp rx=0 tx=0).stop
2024-04-24T23:07:24.288 INFO:teuthology.orchestra.run.smithi016.stdout:/usr/bin/ceph: stderr
2024-04-24T23:07:23.275+0000 7f91cc000700 1 --2- 172.21.15.16:0/2397524 >> [v2:172.21.15.16:3300/0,v1:172.21.15.16:6789/0] conn(0x7f91c4109ff0 0x7f91c419e0a0 unknown :-1 s=CLOSED pgs=23 cs=0 l=1 rev1=1 crypto rx=0 tx=0 comp rx=0 tx=0).stop
2024-04-24T23:07:24.288 INFO:teuthology.orchestra.run.smithi016.stdout:/usr/bin/ceph: stderr
2024-04-24T23:07:23.275+0000 7f91cc000700 1 -- 172.21.15.16:0/2397524 >> 172.21.15.16:0/2397524 conn(0x7f91c407d3c0 msgr2=0x7f91c4107430 unknown :-1 s=STATE_NONE l=0).mark_down
2024-04-24T23:07:24.288 INFO:teuthology.orchestra.run.smithi016.stdout:/usr/bin/ceph: stderr
2024-04-24T23:07:23.276+0000 7f91cc000700 1 -- 172.21.15.16:0/2397524 shutdown_connections
2024-04-24T23:07:24.288 INFO:teuthology.orchestra.run.smithi016.stdout:/usr/bin/ceph: stderr
2024-04-24T23:07:23.276+0000 7f91cc000700 1 -- 172.21.15.16:0/2397524 wait complete.
2024-04-24T23:07:24.634 INFO:journalctl@ceph.mon.a.smithi016.stdout:Apr 24 23:07:24 smithi016 ceph-mon[28541]: from='client.? 172.21.15.16:0/2397524' entity='client.admin' cmd='[{"prefix": "mgr module enable", "module": "cephadm"}]': finished
2024-04-24T23:07:24.634 INFO:journalctl@ceph.mon.a.smithi016.stdout:Apr 24 23:07:24 smithi016 ceph-mon[28541]: mgrmap e5: x(active, since 5s)
2024-04-24T23:07:24.635 INFO:journalctl@ceph.mgr.x.smithi016.stdout:Apr 24 23:07:24 smithi016 ceph-2e0a7c14-028f-11ef-bc93-c7b262605968-mgr-x[28769]:
2024-04-24T23:07:24.379+0000 7fd156a16200 -1 mgr[py] Module progress has missing NOTIFY_TYPES member
2024-04-24T23:07:24.635 INFO:journalctl@ceph.mgr.x.smithi016.stdout:Apr 24 23:07:24 smithi016 ceph-2e0a7c14-028f-11ef-bc93-c7b262605968-mgr-x[28769]:
2024-04-24T23:07:24.495+0000 7fd156a16200 -1 mgr[py] Module influx has missing NOTIFY_TYPES member
2024-04-24T23:07:25.650 INFO:journalctl@ceph.mon.a.smithi016.stdout:Apr 24 23:07:25 smithi016 ceph-mon[28541]: from='client.? 172.21.15.16:0/3852376170' entity='client.admin' cmd=[{"prefix": "mgr stat"}]: dispatch
2024-04-24T23:07:26.021 INFO:teuthology.orchestra.run.smithi016.stdout:/usr/bin/ceph: stdout {
2024-04-24T23:07:26.022 INFO:teuthology.orchestra.run.smithi016.stdout:/usr/bin/ceph: stdout "epoch": 5,
2024-04-24T23:07:26.022 INFO:teuthology.orchestra.run.smithi016.stdout:/usr/bin/ceph: stdout "available": true,
2024-04-24T23:07:26.022 INFO:teuthology.orchestra.run.smithi016.stdout:/usr/bin/ceph: stdout "active_name": "x",
2024-04-24T23:07:26.022 INFO:teuthology.orchestra.run.smithi016.stdout:/usr/bin/ceph: stdout "num_standby": 0
2024-04-24T23:07:26.022 INFO:teuthology.orchestra.run.smithi016.stdout:/usr/bin/ceph: stdout }
2024-04-24T23:07:26.022 INFO:teuthology.orchestra.run.smithi016.stdout:/usr/bin/ceph: stderr
2024-04-24T23:07:24.928+0000 7f3eb9000700 1 Processor -- start
