2024-04-24T23:07:35.070+0000 7f1eabe00700 1 --2- >> [v2:172.21.15.16:3300/0,v1:172.21.15.16:6789/0] conn(0x7f1eac1066c0 0x7f1eac106ae0 unknown :-1 s=BANNER_CONNECTING pgs=0 cs=0 l=0 rev1=0 crypto rx=0 tx=0 comp rx=0 tx=0)._handle_peer_banner_payload supported=3 required=0
2024-04-24T23:07:36.104 INFO:teuthology.orchestra.run.smithi016.stdout:/usr/bin/ceph: stderr
2024-04-24T23:07:35.070+0000 7f1eabe00700 1 --2- >> [v2:172.21.15.16:3300/0,v1:172.21.15.16:6789/0] conn(0x7f1eac1066c0 0x7f1eac106ae0 unknown :-1 s=HELLO_CONNECTING pgs=0 cs=0 l=0 rev1=1 crypto rx=0 tx=0 comp rx=0 tx=0).handle_hello peer v2:172.21.15.16:3300/0 says I am v2:172.21.15.16:57572/0 (socket says 172.21.15.16:57572)
2024-04-24T23:07:36.104 INFO:teuthology.orchestra.run.smithi016.stdout:/usr/bin/ceph: stderr
2024-04-24T23:07:35.070+0000 7f1eabe00700 1 -- 172.21.15.16:0/3201228695 learned_addr learned my addr 172.21.15.16:0/3201228695 (peer_addr_for_me v2:172.21.15.16:0/0)
2024-04-24T23:07:36.104 INFO:teuthology.orchestra.run.smithi016.stdout:/usr/bin/ceph: stderr
2024-04-24T23:07:35.071+0000 7f1eabe00700 1 -- 172.21.15.16:0/3201228695 --> [v2:172.21.15.16:3300/0,v1:172.21.15.16:6789/0] -- mon_subscribe({config=0+,monmap=0+}) -- 0x7f1eac107020 con 0x7f1eac1066c0
2024-04-24T23:07:36.104 INFO:teuthology.orchestra.run.smithi016.stdout:/usr/bin/ceph: stderr
2024-04-24T23:07:35.071+0000 7f1eabe00700 1 --2- 172.21.15.16:0/3201228695 >> [v2:172.21.15.16:3300/0,v1:172.21.15.16:6789/0] conn(0x7f1eac1066c0 0x7f1eac106ae0 secure :-1 s=READY pgs=37 cs=0 l=1 rev1=1 crypto rx=0x7f1e9c0098a0 tx=0x7f1e9c009bb0 comp rx=0 tx=0).ready entity=mon.0 client_cookie=983c812a77987d7c server_cookie=0 in_seq=0 out_seq=0
2024-04-24T23:07:36.104 INFO:teuthology.orchestra.run.smithi016.stdout:/usr/bin/ceph: stderr
2024-04-24T23:07:35.071+0000 7f1eaaa00700 1 -- 172.21.15.16:0/3201228695 <== mon.0 v2:172.21.15.16:3300/0 1 ==== mon_map magic: 0 ==== 205+0+0 (secure 0 0 0) 0x7f1e9c004160 con 0x7f1eac1066c0
2024-04-24T23:07:36.104 INFO:teuthology.orchestra.run.smithi016.stdout:/usr/bin/ceph: stderr
2024-04-24T23:07:35.072+0000 7f1eaaa00700 1 -- 172.21.15.16:0/3201228695 <== mon.0 v2:172.21.15.16:3300/0 2 ==== config(27 keys) ==== 1109+0+0 (secure 0 0 0) 0x7f1e9c004300 con 0x7f1eac1066c0
2024-04-24T23:07:36.104 INFO:teuthology.orchestra.run.smithi016.stdout:/usr/bin/ceph: stderr
2024-04-24T23:07:35.072+0000 7f1eaaa00700 1 -- 172.21.15.16:0/3201228695 <== mon.0 v2:172.21.15.16:3300/0 3 ==== mon_map magic: 0 ==== 205+0+0 (secure 0 0 0) 0x7f1e9c011b50 con 0x7f1eac1066c0
2024-04-24T23:07:36.104 INFO:teuthology.orchestra.run.smithi016.stdout:/usr/bin/ceph: stderr
2024-04-24T23:07:35.072+0000 7f1eb2c00700 1 -- 172.21.15.16:0/3201228695 >> [v2:172.21.15.16:3300/0,v1:172.21.15.16:6789/0] conn(0x7f1eac1066c0 msgr2=0x7f1eac106ae0 secure :-1 s=STATE_CONNECTION_ESTABLISHED l=1).mark_down
2024-04-24T23:07:36.104 INFO:teuthology.orchestra.run.smithi016.stdout:/usr/bin/ceph: stderr
2024-04-24T23:07:35.072+0000 7f1eb2c00700 1 --2- 172.21.15.16:0/3201228695 >> [v2:172.21.15.16:3300/0,v1:172.21.15.16:6789/0] conn(0x7f1eac1066c0 0x7f1eac106ae0 secure :-1 s=READY pgs=37 cs=0 l=1 rev1=1 crypto rx=0x7f1e9c0098a0 tx=0x7f1e9c009bb0 comp rx=0 tx=0).stop
2024-04-24T23:07:36.104 INFO:teuthology.orchestra.run.smithi016.stdout:/usr/bin/ceph: stderr
2024-04-24T23:07:35.072+0000 7f1eb2c00700 1 -- 172.21.15.16:0/3201228695 shutdown_connections
2024-04-24T23:07:36.104 INFO:teuthology.orchestra.run.smithi016.stdout:/usr/bin/ceph: stderr
2024-04-24T23:07:35.072+0000 7f1eb2c00700 1 --2- 172.21.15.16:0/3201228695 >> [v2:172.21.15.16:3300/0,v1:172.21.15.16:6789/0] conn(0x7f1eac1066c0 0x7f1eac106ae0 unknown :-1 s=CLOSED pgs=37 cs=0 l=1 rev1=1 crypto rx=0 tx=0 comp rx=0 tx=0).stop
2024-04-24T23:07:36.104 INFO:teuthology.orchestra.run.smithi016.stdout:/usr/bin/ceph: stderr
2024-04-24T23:07:35.072+0000 7f1eb2c00700 1 -- 172.21.15.16:0/3201228695 >> 172.21.15.16:0/3201228695 conn(0x7f1eac102280 msgr2=0x7f1eac1046e0 unknown :-1 s=STATE_NONE l=0).mark_down
2024-04-24T23:07:36.104 INFO:teuthology.orchestra.run.smithi016.stdout:/usr/bin/ceph: stderr
2024-04-24T23:07:35.073+0000 7f1eb2c00700 1 -- 172.21.15.16:0/3201228695 shutdown_connections
2024-04-24T23:07:36.105 INFO:teuthology.orchestra.run.smithi016.stdout:/usr/bin/ceph: stderr
2024-04-24T23:07:35.073+0000 7f1eb2c00700 1 -- 172.21.15.16:0/3201228695 wait complete.
2024-04-24T23:07:36.105 INFO:teuthology.orchestra.run.smithi016.stdout:/usr/bin/ceph: stderr
2024-04-24T23:07:35.074+0000 7f1eb2c00700 1 Processor -- start
2024-04-24T23:07:36.105 INFO:teuthology.orchestra.run.smithi016.stdout:/usr/bin/ceph: stderr
2024-04-24T23:07:35.074+0000 7f1eb2c00700 1 -- start start
2024-04-24T23:07:36.105 INFO:teuthology.orchestra.run.smithi016.stdout:/usr/bin/ceph: stderr
2024-04-24T23:07:35.074+0000 7f1eb2c00700 1 --2- >> [v2:172.21.15.16:3300/0,v1:172.21.15.16:6789/0] conn(0x7f1eac1066c0 0x7f1eac19e070 unknown :-1 s=NONE pgs=0 cs=0 l=1 rev1=0 crypto rx=0 tx=0 comp rx=0 tx=0).connect
2024-04-24T23:07:36.105 INFO:teuthology.orchestra.run.smithi016.stdout:/usr/bin/ceph: stderr
2024-04-24T23:07:35.074+0000 7f1eb2c00700 1 -- --> [v2:172.21.15.16:3300/0,v1:172.21.15.16:6789/0] -- mon_getmap magic: 0 -- 0x7f1eac1080b0 con 0x7f1eac1066c0
2024-04-24T23:07:36.105 INFO:teuthology.orchestra.run.smithi016.stdout:/usr/bin/ceph: stderr
2024-04-24T23:07:35.074+0000 7f1eabe00700 1 --2- >> [v2:172.21.15.16:3300/0,v1:172.21.15.16:6789/0] conn(0x7f1eac1066c0 0x7f1eac19e070 unknown :-1 s=BANNER_CONNECTING pgs=0 cs=0 l=1 rev1=0 crypto rx=0 tx=0 comp rx=0 tx=0)._handle_peer_banner_payload supported=3 required=0
2024-04-24T23:07:36.105 INFO:teuthology.orchestra.run.smithi016.stdout:/usr/bin/ceph: stderr
2024-04-24T23:07:35.075+0000 7f1eabe00700 1 --2- >> [v2:172.21.15.16:3300/0,v1:172.21.15.16:6789/0] conn(0x7f1eac1066c0 0x7f1eac19e070 unknown :-1 s=HELLO_CONNECTING pgs=0 cs=0 l=1 rev1=1 crypto rx=0 tx=0 comp rx=0 tx=0).handle_hello peer v2:172.21.15.16:3300/0 says I am v2:172.21.15.16:57574/0 (socket says 172.21.15.16:57574)
2024-04-24T23:07:36.105 INFO:teuthology.orchestra.run.smithi016.stdout:/usr/bin/ceph: stderr
2024-04-24T23:07:35.075+0000 7f1eabe00700 1 -- 172.21.15.16:0/368037737 learned_addr learned my addr 172.21.15.16:0/368037737 (peer_addr_for_me v2:172.21.15.16:0/0)
2024-04-24T23:07:36.105 INFO:teuthology.orchestra.run.smithi016.stdout:/usr/bin/ceph: stderr
2024-04-24T23:07:35.075+0000 7f1eabe00700 1 -- 172.21.15.16:0/368037737 --> [v2:172.21.15.16:3300/0,v1:172.21.15.16:6789/0] -- mon_subscribe({config=0+,monmap=0+}) -- 0x7f1eac19e5b0 con 0x7f1eac1066c0
2024-04-24T23:07:36.105 INFO:teuthology.orchestra.run.smithi016.stdout:/usr/bin/ceph: stderr
2024-04-24T23:07:35.075+0000 7f1eabe00700 1 --2- 172.21.15.16:0/368037737 >> [v2:172.21.15.16:3300/0,v1:172.21.15.16:6789/0] conn(0x7f1eac1066c0 0x7f1eac19e070 secure :-1 s=READY pgs=38 cs=0 l=1 rev1=1 crypto rx=0x7f1e9c011b60 tx=0x7f1e9c011c40 comp rx=0 tx=0).ready entity=mon.0 client_cookie=0 server_cookie=0 in_seq=0 out_seq=0
2024-04-24T23:07:36.105 INFO:teuthology.orchestra.run.smithi016.stdout:/usr/bin/ceph: stderr
2024-04-24T23:07:35.075+0000 7f1ea8c00700 1 -- 172.21.15.16:0/368037737 <== mon.0 v2:172.21.15.16:3300/0 1 ==== mon_map magic: 0 ==== 205+0+0 (secure 0 0 0) 0x7f1e9c003b20 con 0x7f1eac1066c0
2024-04-24T23:07:36.105 INFO:teuthology.orchestra.run.smithi016.stdout:/usr/bin/ceph: stderr
2024-04-24T23:07:35.076+0000 7f1ea8c00700 1 -- 172.21.15.16:0/368037737 <== mon.0 v2:172.21.15.16:3300/0 2 ==== config(27 keys) ==== 1109+0+0 (secure 0 0 0) 0x7f1e9c003cc0 con 0x7f1eac1066c0
2024-04-24T23:07:36.105 INFO:teuthology.orchestra.run.smithi016.stdout:/usr/bin/ceph: stderr
2024-04-24T23:07:35.076+0000 7f1ea8c00700 1 -- 172.21.15.16:0/368037737 <== mon.0 v2:172.21.15.16:3300/0 3 ==== mon_map magic: 0 ==== 205+0+0 (secure 0 0 0) 0x7f1e9c024840 con 0x7f1eac1066c0
2024-04-24T23:07:36.106 INFO:teuthology.orchestra.run.smithi016.stdout:/usr/bin/ceph: stderr
2024-04-24T23:07:35.076+0000 7f1eb2c00700 1 -- 172.21.15.16:0/368037737 --> [v2:172.21.15.16:3300/0,v1:172.21.15.16:6789/0] -- mon_subscribe({mgrmap=0+}) -- 0x7f1eac19e840 con 0x7f1eac1066c0
2024-04-24T23:07:36.106 INFO:teuthology.orchestra.run.smithi016.stdout:/usr/bin/ceph: stderr
2024-04-24T23:07:35.076+0000 7f1eb2c00700 1 -- 172.21.15.16:0/368037737 --> [v2:172.21.15.16:3300/0,v1:172.21.15.16:6789/0] -- mon_subscribe({osdmap=0}) -- 0x7f1eac19f360 con 0x7f1eac1066c0
2024-04-24T23:07:36.106 INFO:teuthology.orchestra.run.smithi016.stdout:/usr/bin/ceph: stderr
2024-04-24T23:07:35.077+0000 7f1ea8c00700 1 -- 172.21.15.16:0/368037737 <== mon.0 v2:172.21.15.16:3300/0 4 ==== mgrmap(e 8) ==== 46287+0+0 (secure 0 0 0) 0x7f1e9c022020 con 0x7f1eac1066c0
2024-04-24T23:07:36.106 INFO:teuthology.orchestra.run.smithi016.stdout:/usr/bin/ceph: stderr
2024-04-24T23:07:35.077+0000 7f1eb2c00700 1 -- 172.21.15.16:0/368037737 --> [v2:172.21.15.16:3300/0,v1:172.21.15.16:6789/0] -- mon_command({"prefix": "get_command_descriptions"} v 0) -- 0x7f1eac063890 con 0x7f1eac1066c0
2024-04-24T23:07:36.106 INFO:teuthology.orchestra.run.smithi016.stdout:/usr/bin/ceph: stderr
2024-04-24T23:07:35.077+0000 7f1ea8c00700 1 --2- 172.21.15.16:0/368037737 >> [v2:172.21.15.16:6800/2936305569,v1:172.21.15.16:6801/2936305569] conn(0x7f1e900390a0 0x7f1e9003b560 unknown :-1 s=NONE pgs=0 cs=0 l=1 rev1=0 crypto rx=0 tx=0 comp rx=0 tx=0).connect
2024-04-24T23:07:36.106 INFO:teuthology.orchestra.run.smithi016.stdout:/usr/bin/ceph: stderr
2024-04-24T23:07:35.078+0000 7f1ea8c00700 1 -- 172.21.15.16:0/368037737 <== mon.0 v2:172.21.15.16:3300/0 5 ==== osd_map(2..2 src has 1..2) ==== 940+0+0 (secure 0 0 0) 0x7f1e9c011e00 con 0x7f1eac1066c0
2024-04-24T23:07:36.106 INFO:teuthology.orchestra.run.smithi016.stdout:/usr/bin/ceph: stderr
2024-04-24T23:07:35.078+0000 7f1eab400700 1 --2- 172.21.15.16:0/368037737 >> [v2:172.21.15.16:6800/2936305569,v1:172.21.15.16:6801/2936305569] conn(0x7f1e900390a0 0x7f1e9003b560 unknown :-1 s=BANNER_CONNECTING pgs=0 cs=0 l=1 rev1=0 crypto rx=0 tx=0 comp rx=0 tx=0)._handle_peer_banner_payload supported=3 required=0
2024-04-24T23:07:36.106 INFO:teuthology.orchestra.run.smithi016.stdout:/usr/bin/ceph: stderr
2024-04-24T23:07:35.079+0000 7f1eab400700 1 --2- 172.21.15.16:0/368037737 >> [v2:172.21.15.16:6800/2936305569,v1:172.21.15.16:6801/2936305569] conn(0x7f1e900390a0 0x7f1e9003b560 secure :-1 s=READY pgs=7 cs=0 l=1 rev1=1 crypto rx=0x7f1e98006fd0 tx=0x7f1e98006e40 comp rx=0 tx=0).ready entity=mgr.14120 client_cookie=0 server_cookie=0 in_seq=0 out_seq=0
2024-04-24T23:07:36.106 INFO:teuthology.orchestra.run.smithi016.stdout:/usr/bin/ceph: stderr
2024-04-24T23:07:35.084+0000 7f1ea8c00700 1 -- 172.21.15.16:0/368037737 <== mon.0 v2:172.21.15.16:3300/0 6 ==== mon_command_ack([{"prefix": "get_command_descriptions"}]=0 v0) ==== 72+0+186147 (secure 0 0 0) 0x7f1e9c00b3e0 con 0x7f1eac1066c0
2024-04-24T23:07:36.106 INFO:teuthology.orchestra.run.smithi016.stdout:/usr/bin/ceph: stderr
2024-04-24T23:07:35.322+0000 7f1eb2c00700 1 -- 172.21.15.16:0/368037737 --> [v2:172.21.15.16:6800/2936305569,v1:172.21.15.16:6801/2936305569] -- mgr_command(tid 0: {"prefix": "orch set backend", "module_name": "cephadm", "target": ["mon-mgr", ""]}) -- 0x7f1eac1a00c0 con 0x7f1e900390a0
2024-04-24T23:07:36.106 INFO:teuthology.orchestra.run.smithi016.stdout:/usr/bin/ceph: stderr
2024-04-24T23:07:35.332+0000 7f1ea8c00700 1 -- 172.21.15.16:0/368037737 <== mgr.14120 v2:172.21.15.16:6800/2936305569 1 ==== mgr_command_reply(tid 0: 0 ) ==== 8+0+0 (secure 0 0 0) 0x7f1eac1a00c0 con 0x7f1e900390a0
2024-04-24T23:07:36.106 INFO:teuthology.orchestra.run.smithi016.stdout:/usr/bin/ceph: stderr
2024-04-24T23:07:35.336+0000 7f1eb2c00700 1 -- 172.21.15.16:0/368037737 >> [v2:172.21.15.16:6800/2936305569,v1:172.21.15.16:6801/2936305569] conn(0x7f1e900390a0 msgr2=0x7f1e9003b560 secure :-1 s=STATE_CONNECTION_ESTABLISHED l=1).mark_down
2024-04-24T23:07:36.106 INFO:teuthology.orchestra.run.smithi016.stdout:/usr/bin/ceph: stderr
2024-04-24T23:07:35.336+0000 7f1eb2c00700 1 --2- 172.21.15.16:0/368037737 >> [v2:172.21.15.16:6800/2936305569,v1:172.21.15.16:6801/2936305569] conn(0x7f1e900390a0 0x7f1e9003b560 secure :-1 s=READY pgs=7 cs=0 l=1 rev1=1 crypto rx=0x7f1e98006fd0 tx=0x7f1e98006e40 comp rx=0 tx=0).stop
2024-04-24T23:07:36.106 INFO:teuthology.orchestra.run.smithi016.stdout:/usr/bin/ceph: stderr
2024-04-24T23:07:35.336+0000 7f1eb2c00700 1 -- 172.21.15.16:0/368037737 >> [v2:172.21.15.16:3300/0,v1:172.21.15.16:6789/0] conn(0x7f1eac1066c0 msgr2=0x7f1eac19e070 secure :-1 s=STATE_CONNECTION_ESTABLISHED l=1).mark_down
2024-04-24T23:07:36.107 INFO:teuthology.orchestra.run.smithi016.stdout:/usr/bin/ceph: stderr
2024-04-24T23:07:35.336+0000 7f1eb2c00700 1 --2- 172.21.15.16:0/368037737 >> [v2:172.21.15.16:3300/0,v1:172.21.15.16:6789/0] conn(0x7f1eac1066c0 0x7f1eac19e070 secure :-1 s=READY pgs=38 cs=0 l=1 rev1=1 crypto rx=0x7f1e9c011b60 tx=0x7f1e9c011c40 comp rx=0 tx=0).stop
2024-04-24T23:07:36.107 INFO:teuthology.orchestra.run.smithi016.stdout:/usr/bin/ceph: stderr
2024-04-24T23:07:35.336+0000 7f1eb2c00700 1 -- 172.21.15.16:0/368037737 shutdown_connections
2024-04-24T23:07:36.107 INFO:teuthology.orchestra.run.smithi016.stdout:/usr/bin/ceph: stderr
2024-04-24T23:07:35.336+0000 7f1eb2c00700 1 --2- 172.21.15.16:0/368037737 >> [v2:172.21.15.16:6800/2936305569,v1:172.21.15.16:6801/2936305569] conn(0x7f1e900390a0 0x7f1e9003b560 unknown :-1 s=CLOSED pgs=7 cs=0 l=1 rev1=1 crypto rx=0 tx=0 comp rx=0 tx=0).stop
2024-04-24T23:07:36.107 INFO:teuthology.orchestra.run.smithi016.stdout:/usr/bin/ceph: stderr
2024-04-24T23:07:35.336+0000 7f1eb2c00700 1 --2- 172.21.15.16:0/368037737 >> [v2:172.21.15.16:3300/0,v1:172.21.15.16:6789/0] conn(0x7f1eac1066c0 0x7f1eac19e070 unknown :-1 s=CLOSED pgs=38 cs=0 l=1 rev1=1 crypto rx=0 tx=0 comp rx=0 tx=0).stop
2024-04-24T23:07:36.107 INFO:teuthology.orchestra.run.smithi016.stdout:/usr/bin/ceph: stderr
2024-04-24T23:07:35.336+0000 7f1eb2c00700 1 -- 172.21.15.16:0/368037737 >> 172.21.15.16:0/368037737 conn(0x7f1eac102280 msgr2=0x7f1eac194b70 unknown :-1 s=STATE_NONE l=0).mark_down
2024-04-24T23:07:36.107 INFO:teuthology.orchestra.run.smithi016.stdout:/usr/bin/ceph: stderr
2024-04-24T23:07:35.336+0000 7f1eb2c00700 1 -- 172.21.15.16:0/368037737 shutdown_connections
2024-04-24T23:07:36.107 INFO:teuthology.orchestra.run.smithi016.stdout:/usr/bin/ceph: stderr
2024-04-24T23:07:35.336+0000 7f1eb2c00700 1 -- 172.21.15.16:0/368037737 wait complete.
2024-04-24T23:07:37.805 INFO:journalctl@ceph.mon.a.smithi016.stdout:Apr 24 23:07:37 smithi016 ceph-mon[28541]: from='client.14134 -' entity='client.admin' cmd=[{"prefix": "cephadm set-user", "user": "root", "target": ["mon-mgr", ""]}]: dispatch
2024-04-24T23:07:37.818 INFO:teuthology.orchestra.run.smithi016.stdout:/usr/bin/ceph: stdout value unchanged
2024-04-24T23:07:37.823 INFO:teuthology.orchestra.run.smithi016.stdout:/usr/bin/ceph: stderr
2024-04-24T23:07:36.815+0000 7ff00f600700 1 Processor -- start
2024-04-24T23:07:37.824 INFO:teuthology.orchestra.run.smithi016.stdout:/usr/bin/ceph: stderr
2024-04-24T23:07:36.815+0000 7ff00f600700 1 -- start start
2024-04-24T23:07:37.824 INFO:teuthology.orchestra.run.smithi016.stdout:/usr/bin/ceph: stderr
2024-04-24T23:07:36.815+0000 7ff00f600700 1 --2- >> [v2:172.21.15.16:3300/0,v1:172.21.15.16:6789/0] conn(0x7ff008107e00 0x7ff008108220 unknown :-1 s=NONE pgs=0 cs=0 l=0 rev1=0 crypto rx=0 tx=0 comp rx=0 tx=0).connect
2024-04-24T23:07:37.824 INFO:teuthology.orchestra.run.smithi016.stdout:/usr/bin/ceph: stderr
2024-04-24T23:07:36.815+0000 7ff00f600700 1 -- --> [v2:172.21.15.16:3300/0,v1:172.21.15.16:6789/0] -- mon_getmap magic: 0 -- 0x7ff008108760 con 0x7ff008107e00
2024-04-24T23:07:37.824 INFO:teuthology.orchestra.run.smithi016.stdout:/usr/bin/ceph: stderr
2024-04-24T23:07:36.816+0000 7ff00cc00700 1 --2- >> [v2:172.21.15.16:3300/0,v1:172.21.15.16:6789/0] conn(0x7ff008107e00 0x7ff008108220 unknown :-1 s=BANNER_CONNECTING pgs=0 cs=0 l=0 rev1=0 crypto rx=0 tx=0 comp rx=0 tx=0)._handle_peer_banner_payload supported=3 required=0
2024-04-24T23:07:37.824 INFO:teuthology.orchestra.run.smithi016.stdout:/usr/bin/ceph: stderr
2024-04-24T23:07:36.816+0000 7ff00cc00700 1 --2- >> [v2:172.21.15.16:3300/0,v1:172.21.15.16:6789/0] conn(0x7ff008107e00 0x7ff008108220 unknown :-1 s=HELLO_CONNECTING pgs=0 cs=0 l=0 rev1=1 crypto rx=0 tx=0 comp rx=0 tx=0).handle_hello peer v2:172.21.15.16:3300/0 says I am v2:172.21.15.16:57580/0 (socket says 172.21.15.16:57580)
2024-04-24T23:07:37.824 INFO:teuthology.orchestra.run.smithi016.stdout:/usr/bin/ceph: stderr
2024-04-24T23:07:36.816+0000 7ff00cc00700 1 -- 172.21.15.16:0/2570069588 learned_addr learned my addr 172.21.15.16:0/2570069588 (peer_addr_for_me v2:172.21.15.16:0/0)
2024-04-24T23:07:37.824 INFO:teuthology.orchestra.run.smithi016.stdout:/usr/bin/ceph: stderr
2024-04-24T23:07:36.816+0000 7ff00cc00700 1 -- 172.21.15.16:0/2570069588 --> [v2:172.21.15.16:3300/0,v1:172.21.15.16:6789/0] -- mon_subscribe({config=0+,monmap=0+}) -- 0x7ff008108f60 con 0x7ff008107e00
2024-04-24T23:07:37.824 INFO:teuthology.orchestra.run.smithi016.stdout:/usr/bin/ceph: stderr
2024-04-24T23:07:36.817+0000 7ff00cc00700 1 --2- 172.21.15.16:0/2570069588 >> [v2:172.21.15.16:3300/0,v1:172.21.15.16:6789/0] conn(0x7ff008107e00 0x7ff008108220 secure :-1 s=READY pgs=39 cs=0 l=1 rev1=1 crypto rx=0x7feffc0098a0 tx=0x7feffc009bb0 comp rx=0 tx=0).ready entity=mon.0 client_cookie=cbf0718bfd9ed826 server_cookie=0 in_seq=0 out_seq=0
2024-04-24T23:07:37.824 INFO:teuthology.orchestra.run.smithi016.stdout:/usr/bin/ceph: stderr
2024-04-24T23:07:36.817+0000 7ff007400700 1 -- 172.21.15.16:0/2570069588 <== mon.0 v2:172.21.15.16:3300/0 1 ==== mon_map magic: 0 ==== 205+0+0 (secure 0 0 0) 0x7feffc004160 con 0x7ff008107e00
2024-04-24T23:07:37.824 INFO:teuthology.orchestra.run.smithi016.stdout:/usr/bin/ceph: stderr
2024-04-24T23:07:36.817+0000 7ff007400700 1 -- 172.21.15.16:0/2570069588 <== mon.0 v2:172.21.15.16:3300/0 2 ==== config(27 keys) ==== 1109+0+0 (secure 0 0 0) 0x7feffc004300 con 0x7ff008107e00
2024-04-24T23:07:37.824 INFO:teuthology.orchestra.run.smithi016.stdout:/usr/bin/ceph: stderr
2024-04-24T23:07:36.817+0000 7ff007400700 1 -- 172.21.15.16:0/2570069588 <== mon.0 v2:172.21.15.16:3300/0 3 ==== mon_map magic: 0 ==== 205+0+0 (secure 0 0 0) 0x7feffc011b50 con 0x7ff008107e00
2024-04-24T23:07:37.825 INFO:teuthology.orchestra.run.smithi016.stdout:/usr/bin/ceph: stderr
2024-04-24T23:07:36.818+0000 7ff00f600700 1 -- 172.21.15.16:0/2570069588 >> [v2:172.21.15.16:3300/0,v1:172.21.15.16:6789/0] conn(0x7ff008107e00 msgr2=0x7ff008108220 secure :-1 s=STATE_CONNECTION_ESTABLISHED l=1).mark_down
2024-04-24T23:07:37.825 INFO:teuthology.orchestra.run.smithi016.stdout:/usr/bin/ceph: stderr
2024-04-24T23:07:36.818+0000 7ff00f600700 1 --2- 172.21.15.16:0/2570069588 >> [v2:172.21.15.16:3300/0,v1:172.21.15.16:6789/0] conn(0x7ff008107e00 0x7ff008108220 secure :-1 s=READY pgs=39 cs=0 l=1 rev1=1 crypto rx=0x7feffc0098a0 tx=0x7feffc009bb0 comp rx=0 tx=0).stop
2024-04-24T23:07:37.825 INFO:teuthology.orchestra.run.smithi016.stdout:/usr/bin/ceph: stderr
2024-04-24T23:07:36.818+0000 7ff00f600700 1 -- 172.21.15.16:0/2570069588 shutdown_connections
2024-04-24T23:07:37.825 INFO:teuthology.orchestra.run.smithi016.stdout:/usr/bin/ceph: stderr
2024-04-24T23:07:36.818+0000 7ff00f600700 1 --2- 172.21.15.16:0/2570069588 >> [v2:172.21.15.16:3300/0,v1:172.21.15.16:6789/0] conn(0x7ff008107e00 0x7ff008108220 unknown :-1 s=CLOSED pgs=39 cs=0 l=1 rev1=1 crypto rx=0 tx=0 comp rx=0 tx=0).stop
2024-04-24T23:07:37.825 INFO:teuthology.orchestra.run.smithi016.stdout:/usr/bin/ceph: stderr
2024-04-24T23:07:36.818+0000 7ff00f600700 1 -- 172.21.15.16:0/2570069588 >> 172.21.15.16:0/2570069588 conn(0x7ff0081033e0 msgr2=0x7ff008105800 unknown :-1 s=STATE_NONE l=0).mark_down
2024-04-24T23:07:37.825 INFO:teuthology.orchestra.run.smithi016.stdout:/usr/bin/ceph: stderr
2024-04-24T23:07:36.818+0000 7ff00f600700 1 -- 172.21.15.16:0/2570069588 shutdown_connections
2024-04-24T23:07:37.825 INFO:teuthology.orchestra.run.smithi016.stdout:/usr/bin/ceph: stderr
2024-04-24T23:07:36.818+0000 7ff00f600700 1 -- 172.21.15.16:0/2570069588 wait complete.
2024-04-24T23:07:37.825 INFO:teuthology.orchestra.run.smithi016.stdout:/usr/bin/ceph: stderr
2024-04-24T23:07:36.819+0000 7ff00f600700 1 Processor -- start
2024-04-24T23:07:37.825 INFO:teuthology.orchestra.run.smithi016.stdout:/usr/bin/ceph: stderr
2024-04-24T23:07:36.820+0000 7ff00f600700 1 -- start start
2024-04-24T23:07:37.825 INFO:teuthology.orchestra.run.smithi016.stdout:/usr/bin/ceph: stderr
2024-04-24T23:07:36.820+0000 7ff00f600700 1 --2- >> [v2:172.21.15.16:3300/0,v1:172.21.15.16:6789/0] conn(0x7ff008107e00 0x7ff00807db10 unknown :-1 s=NONE pgs=0 cs=0 l=1 rev1=0 crypto rx=0 tx=0 comp rx=0 tx=0).connect
2024-04-24T23:07:37.825 INFO:teuthology.orchestra.run.smithi016.stdout:/usr/bin/ceph: stderr
2024-04-24T23:07:36.820+0000 7ff00f600700 1 -- --> [v2:172.21.15.16:3300/0,v1:172.21.15.16:6789/0] -- mon_getmap magic: 0 -- 0x7ff00810c3a0 con 0x7ff008107e00
2024-04-24T23:07:37.825 INFO:teuthology.orchestra.run.smithi016.stdout:/usr/bin/ceph: stderr
2024-04-24T23:07:36.820+0000 7ff00cc00700 1 --2- >> [v2:172.21.15.16:3300/0,v1:172.21.15.16:6789/0] conn(0x7ff008107e00 0x7ff00807db10 unknown :-1 s=BANNER_CONNECTING pgs=0 cs=0 l=1 rev1=0 crypto rx=0 tx=0 comp rx=0 tx=0)._handle_peer_banner_payload supported=3 required=0
2024-04-24T23:07:37.825 INFO:teuthology.orchestra.run.smithi016.stdout:/usr/bin/ceph: stderr
2024-04-24T23:07:36.820+0000 7ff00cc00700 1 --2- >> [v2:172.21.15.16:3300/0,v1:172.21.15.16:6789/0] conn(0x7ff008107e00 0x7ff00807db10 unknown :-1 s=HELLO_CONNECTING pgs=0 cs=0 l=1 rev1=1 crypto rx=0 tx=0 comp rx=0 tx=0).handle_hello peer v2:172.21.15.16:3300/0 says I am v2:172.21.15.16:57596/0 (socket says 172.21.15.16:57596)
2024-04-24T23:07:37.826 INFO:teuthology.orchestra.run.smithi016.stdout:/usr/bin/ceph: stderr
2024-04-24T23:07:36.820+0000 7ff00cc00700 1 -- 172.21.15.16:0/3421340157 learned_addr learned my addr 172.21.15.16:0/3421340157 (peer_addr_for_me v2:172.21.15.16:0/0)
2024-04-24T23:07:37.826 INFO:teuthology.orchestra.run.smithi016.stdout:/usr/bin/ceph: stderr
2024-04-24T23:07:36.821+0000 7ff00cc00700 1 -- 172.21.15.16:0/3421340157 --> [v2:172.21.15.16:3300/0,v1:172.21.15.16:6789/0] -- mon_subscribe({config=0+,monmap=0+}) -- 0x7ff00807e050 con 0x7ff008107e00
2024-04-24T23:07:37.826 INFO:teuthology.orchestra.run.smithi016.stdout:/usr/bin/ceph: stderr
2024-04-24T23:07:36.821+0000 7ff00cc00700 1 --2- 172.21.15.16:0/3421340157 >> [v2:172.21.15.16:3300/0,v1:172.21.15.16:6789/0] conn(0x7ff008107e00 0x7ff00807db10 secure :-1 s=READY pgs=40 cs=0 l=1 rev1=1 crypto rx=0x7feffc011b60 tx=0x7feffc011c40 comp rx=0 tx=0).ready entity=mon.0 client_cookie=0 server_cookie=0 in_seq=0 out_seq=0
2024-04-24T23:07:37.826 INFO:teuthology.orchestra.run.smithi016.stdout:/usr/bin/ceph: stderr
2024-04-24T23:07:36.821+0000 7ff005600700 1 -- 172.21.15.16:0/3421340157 <== mon.0 v2:172.21.15.16:3300/0 1 ==== mon_map magic: 0 ==== 205+0+0 (secure 0 0 0) 0x7feffc003970 con 0x7ff008107e00
2024-04-24T23:07:37.826 INFO:teuthology.orchestra.run.smithi016.stdout:/usr/bin/ceph: stderr
2024-04-24T23:07:36.821+0000 7ff005600700 1 -- 172.21.15.16:0/3421340157 <== mon.0 v2:172.21.15.16:3300/0 2 ==== config(27 keys) ==== 1109+0+0 (secure 0 0 0) 0x7feffc003b10 con 0x7ff008107e00
2024-04-24T23:07:37.826 INFO:teuthology.orchestra.run.smithi016.stdout:/usr/bin/ceph: stderr
2024-04-24T23:07:36.821+0000 7ff00f600700 1 -- 172.21.15.16:0/3421340157 --> [v2:172.21.15.16:3300/0,v1:172.21.15.16:6789/0] -- mon_subscribe({mgrmap=0+}) -- 0x7ff00807c240 con 0x7ff008107e00
2024-04-24T23:07:37.826 INFO:teuthology.orchestra.run.smithi016.stdout:/usr/bin/ceph: stderr
2024-04-24T23:07:36.821+0000 7ff005600700 1 -- 172.21.15.16:0/3421340157 <== mon.0 v2:172.21.15.16:3300/0 3 ==== mon_map magic: 0 ==== 205+0+0 (secure 0 0 0) 0x7feffc024610 con 0x7ff008107e00
2024-04-24T23:07:37.826 INFO:teuthology.orchestra.run.smithi016.stdout:/usr/bin/ceph: stderr
2024-04-24T23:07:36.821+0000 7ff00f600700 1 -- 172.21.15.16:0/3421340157 --> [v2:172.21.15.16:3300/0,v1:172.21.15.16:6789/0] -- mon_subscribe({osdmap=0}) -- 0x7ff00807c780 con 0x7ff008107e00
2024-04-24T23:07:37.826 INFO:teuthology.orchestra.run.smithi016.stdout:/usr/bin/ceph: stderr
2024-04-24T23:07:36.822+0000 7ff00f600700 1 -- 172.21.15.16:0/3421340157 --> [v2:172.21.15.16:3300/0,v1:172.21.15.16:6789/0] -- mon_command({"prefix": "get_command_descriptions"} v 0) -- 0x7ff008069390 con 0x7ff008107e00
2024-04-24T23:07:37.826 INFO:teuthology.orchestra.run.smithi016.stdout:/usr/bin/ceph: stderr
2024-04-24T23:07:36.823+0000 7ff005600700 1 -- 172.21.15.16:0/3421340157 <== mon.0 v2:172.21.15.16:3300/0 4 ==== mgrmap(e 8) ==== 46287+0+0 (secure 0 0 0) 0x7feffc0248c0 con 0x7ff008107e00
2024-04-24T23:07:37.826 INFO:teuthology.orchestra.run.smithi016.stdout:/usr/bin/ceph: stderr
2024-04-24T23:07:36.823+0000 7ff005600700 1 --2- 172.21.15.16:0/3421340157 >> [v2:172.21.15.16:6800/2936305569,v1:172.21.15.16:6801/2936305569] conn(0x7feff00390a0 0x7feff003b560 unknown :-1 s=NONE pgs=0 cs=0 l=1 rev1=0 crypto rx=0 tx=0 comp rx=0 tx=0).connect
2024-04-24T23:07:37.826 INFO:teuthology.orchestra.run.smithi016.stdout:/usr/bin/ceph: stderr
2024-04-24T23:07:36.823+0000 7ff005600700 1 -- 172.21.15.16:0/3421340157 <== mon.0 v2:172.21.15.16:3300/0 5 ==== osd_map(2..2 src has 1..2) ==== 940+0+0 (secure 0 0 0) 0x7feffc011e00 con 0x7ff008107e00
2024-04-24T23:07:37.826 INFO:teuthology.orchestra.run.smithi016.stdout:/usr/bin/ceph: stderr
2024-04-24T23:07:36.824+0000 7ff007e00700 1 --2- 172.21.15.16:0/3421340157 >> [v2:172.21.15.16:6800/2936305569,v1:172.21.15.16:6801/2936305569] conn(0x7feff00390a0 0x7feff003b560 unknown :-1 s=BANNER_CONNECTING pgs=0 cs=0 l=1 rev1=0 crypto rx=0 tx=0 comp rx=0 tx=0)._handle_peer_banner_payload supported=3 required=0
2024-04-24T23:07:37.827 INFO:teuthology.orchestra.run.smithi016.stdout:/usr/bin/ceph: stderr
2024-04-24T23:07:36.824+0000 7ff007e00700 1 --2- 172.21.15.16:0/3421340157 >> [v2:172.21.15.16:6800/2936305569,v1:172.21.15.16:6801/2936305569] conn(0x7feff00390a0 0x7feff003b560 secure :-1 s=READY pgs=8 cs=0 l=1 rev1=1 crypto rx=0x7feff8006fd0 tx=0x7feff8006e40 comp rx=0 tx=0).ready entity=mgr.14120 client_cookie=0 server_cookie=0 in_seq=0 out_seq=0
2024-04-24T23:07:37.827 INFO:teuthology.orchestra.run.smithi016.stdout:/usr/bin/ceph: stderr
2024-04-24T23:07:36.830+0000 7ff005600700 1 -- 172.21.15.16:0/3421340157 <== mon.0 v2:172.21.15.16:3300/0 6 ==== mon_command_ack([{"prefix": "get_command_descriptions"}]=0 v0) ==== 72+0+186147 (secure 0 0 0) 0x7feffc01a770 con 0x7ff008107e00
2024-04-24T23:07:37.827 INFO:teuthology.orchestra.run.smithi016.stdout:/usr/bin/ceph: stderr
2024-04-24T23:07:37.068+0000 7ff00f600700 1 -- 172.21.15.16:0/3421340157 --> [v2:172.21.15.16:6800/2936305569,v1:172.21.15.16:6801/2936305569] -- mgr_command(tid 0: {"prefix": "cephadm set-user", "user": "root", "target": ["mon-mgr", ""]}) -- 0x7ff0081045e0 con 0x7feff00390a0
2024-04-24T23:07:37.827 INFO:teuthology.orchestra.run.smithi016.stdout:/usr/bin/ceph: stderr
2024-04-24T23:07:37.070+0000 7ff005600700 1 -- 172.21.15.16:0/3421340157 <== mgr.14120 v2:172.21.15.16:6800/2936305569 1 ==== mgr_command_reply(tid 0: 0 ) ==== 8+0+16 (secure 0 0 0) 0x7ff0081045e0 con 0x7feff00390a0
2024-04-24T23:07:37.827 INFO:teuthology.orchestra.run.smithi016.stdout:/usr/bin/ceph: stderr
2024-04-24T23:07:37.073+0000 7ff00f600700 1 -- 172.21.15.16:0/3421340157 >> [v2:172.21.15.16:6800/2936305569,v1:172.21.15.16:6801/2936305569] conn(0x7feff00390a0 msgr2=0x7feff003b560 secure :-1 s=STATE_CONNECTION_ESTABLISHED l=1).mark_down
2024-04-24T23:07:37.827 INFO:teuthology.orchestra.run.smithi016.stdout:/usr/bin/ceph: stderr
2024-04-24T23:07:37.073+0000 7ff00f600700 1 --2- 172.21.15.16:0/3421340157 >> [v2:172.21.15.16:6800/2936305569,v1:172.21.15.16:6801/2936305569] conn(0x7feff00390a0 0x7feff003b560 secure :-1 s=READY pgs=8 cs=0 l=1 rev1=1 crypto rx=0x7feff8006fd0 tx=0x7feff8006e40 comp rx=0 tx=0).stop
2024-04-24T23:07:37.827 INFO:teuthology.orchestra.run.smithi016.stdout:/usr/bin/ceph: stderr
2024-04-24T23:07:37.073+0000 7ff00f600700 1 -- 172.21.15.16:0/3421340157 >> [v2:172.21.15.16:3300/0,v1:172.21.15.16:6789/0] conn(0x7ff008107e00 msgr2=0x7ff00807db10 secure :-1 s=STATE_CONNECTION_ESTABLISHED l=1).mark_down
2024-04-24T23:07:37.827 INFO:teuthology.orchestra.run.smithi016.stdout:/usr/bin/ceph: stderr
2024-04-24T23:07:37.073+0000 7ff00f600700 1 --2- 172.21.15.16:0/3421340157 >> [v2:172.21.15.16:3300/0,v1:172.21.15.16:6789/0] conn(0x7ff008107e00 0x7ff00807db10 secure :-1 s=READY pgs=40 cs=0 l=1 rev1=1 crypto rx=0x7feffc011b60 tx=0x7feffc011c40 comp rx=0 tx=0).stop
2024-04-24T23:07:37.827 INFO:teuthology.orchestra.run.smithi016.stdout:/usr/bin/ceph: stderr
2024-04-24T23:07:37.073+0000 7ff00f600700 1 -- 172.21.15.16:0/3421340157 shutdown_connections
2024-04-24T23:07:37.827 INFO:teuthology.orchestra.run.smithi016.stdout:/usr/bin/ceph: stderr
2024-04-24T23:07:37.073+0000 7ff00f600700 1 --2- 172.21.15.16:0/3421340157 >> [v2:172.21.15.16:6800/2936305569,v1:172.21.15.16:6801/2936305569] conn(0x7feff00390a0 0x7feff003b560 unknown :-1 s=CLOSED pgs=8 cs=0 l=1 rev1=1 crypto rx=0 tx=0 comp rx=0 tx=0).stop
2024-04-24T23:07:37.827 INFO:teuthology.orchestra.run.smithi016.stdout:/usr/bin/ceph: stderr
2024-04-24T23:07:37.073+0000 7ff00f600700 1 --2- 172.21.15.16:0/3421340157 >> [v2:172.21.15.16:3300/0,v1:172.21.15.16:6789/0] conn(0x7ff008107e00 0x7ff00807db10 unknown :-1 s=CLOSED pgs=40 cs=0 l=1 rev1=1 crypto rx=0 tx=0 comp rx=0 tx=0).stop
2024-04-24T23:07:37.827 INFO:teuthology.orchestra.run.smithi016.stdout:/usr/bin/ceph: stderr
2024-04-24T23:07:37.073+0000 7ff00f600700 1 -- 172.21.15.16:0/3421340157 >> 172.21.15.16:0/3421340157 conn(0x7ff0081033e0 msgr2=0x7ff008103ed0 unknown :-1 s=STATE_NONE l=0).mark_down
2024-04-24T23:07:37.827 INFO:teuthology.orchestra.run.smithi016.stdout:/usr/bin/ceph: stderr
2024-04-24T23:07:37.073+0000 7ff00f600700 1 -- 172.21.15.16:0/3421340157 shutdown_connections
2024-04-24T23:07:37.827 INFO:teuthology.orchestra.run.smithi016.stdout:/usr/bin/ceph: stderr
2024-04-24T23:07:37.073+0000 7ff00f600700 1 -- 172.21.15.16:0/3421340157 wait complete.
2024-04-24T23:07:37.828 INFO:teuthology.orchestra.run.smithi016.stdout:Generating ssh key...
2024-04-24T23:07:39.365 INFO:journalctl@ceph.mgr.x.smithi016.stdout:Apr 24 23:07:38 smithi016 ceph-2e0a7c14-028f-11ef-bc93-c7b262605968-mgr-x[28769]: Generating public/private rsa key pair.
2024-04-24T23:07:39.365 INFO:journalctl@ceph.mgr.x.smithi016.stdout:Apr 24 23:07:38 smithi016 ceph-2e0a7c14-028f-11ef-bc93-c7b262605968-mgr-x[28769]: Your identification has been saved in /tmp/tmpy1wgvs1o/key.
2024-04-24T23:07:39.365 INFO:journalctl@ceph.mgr.x.smithi016.stdout:Apr 24 23:07:38 smithi016 ceph-2e0a7c14-028f-11ef-bc93-c7b262605968-mgr-x[28769]: Your public key has been saved in /tmp/tmpy1wgvs1o/key.pub.
2024-04-24T23:07:39.366 INFO:journalctl@ceph.mgr.x.smithi016.stdout:Apr 24 23:07:38 smithi016 ceph-2e0a7c14-028f-11ef-bc93-c7b262605968-mgr-x[28769]: The key fingerprint is:
2024-04-24T23:07:39.366 INFO:journalctl@ceph.mgr.x.smithi016.stdout:Apr 24 23:07:38 smithi016 ceph-2e0a7c14-028f-11ef-bc93-c7b262605968-mgr-x[28769]: SHA256:UDsmRuCCKZ2Z7xEfWLGtIcx0yKUgISwHOUrKV3PKIag ceph-2e0a7c14-028f-11ef-bc93-c7b262605968
2024-04-24T23:07:39.366 INFO:journalctl@ceph.mgr.x.smithi016.stdout:Apr 24 23:07:38 smithi016 ceph-2e0a7c14-028f-11ef-bc93-c7b262605968-mgr-x[28769]: The key's randomart image is:
2024-04-24T23:07:39.366 INFO:journalctl@ceph.mgr.x.smithi016.stdout:Apr 24 23:07:38 smithi016 ceph-2e0a7c14-028f-11ef-bc93-c7b262605968-mgr-x[28769]: +---[RSA 3072]----+
2024-04-24T23:07:39.366 INFO:journalctl@ceph.mgr.x.smithi016.stdout:Apr 24 23:07:38 smithi016 ceph-2e0a7c14-028f-11ef-bc93-c7b262605968-mgr-x[28769]: |*+o.o+*.. |
2024-04-24T23:07:39.366 INFO:journalctl@ceph.mgr.x.smithi016.stdout:Apr 24 23:07:38 smithi016 ceph-2e0a7c14-028f-11ef-bc93-c7b262605968-mgr-x[28769]: |=O.@oX = . |
2024-04-24T23:07:39.366 INFO:journalctl@ceph.mgr.x.smithi016.stdout:Apr 24 23:07:38 smithi016 ceph-2e0a7c14-028f-11ef-bc93-c7b262605968-mgr-x[28769]: |@o* % % = |
2024-04-24T23:07:39.366 INFO:journalctl@ceph.mgr.x.smithi016.stdout:Apr 24 23:07:38 smithi016 ceph-2e0a7c14-028f-11ef-bc93-c7b262605968-mgr-x[28769]: |E. + B B . |
2024-04-24T23:07:39.366 INFO:journalctl@ceph.mgr.x.smithi016.stdout:Apr 24 23:07:38 smithi016 ceph-2e0a7c14-028f-11ef-bc93-c7b262605968-mgr-x[28769]: | . o o S |
2024-04-24T23:07:39.366 INFO:journalctl@ceph.mgr.x.smithi016.stdout:Apr 24 23:07:38 smithi016 ceph-2e0a7c14-028f-11ef-bc93-c7b262605968-mgr-x[28769]: | . . |
2024-04-24T23:07:39.366 INFO:journalctl@ceph.mgr.x.smithi016.stdout:Apr 24 23:07:38 smithi016 ceph-2e0a7c14-028f-11ef-bc93-c7b262605968-mgr-x[28769]: | . |
2024-04-24T23:07:39.366 INFO:journalctl@ceph.mgr.x.smithi016.stdout:Apr 24 23:07:38 smithi016 ceph-2e0a7c14-028f-11ef-bc93-c7b262605968-mgr-x[28769]: | |
2024-04-24T23:07:39.366 INFO:journalctl@ceph.mgr.x.smithi016.stdout:Apr 24 23:07:38 smithi016 ceph-2e0a7c14-028f-11ef-bc93-c7b262605968-mgr-x[28769]: | |
2024-04-24T23:07:39.367 INFO:journalctl@ceph.mgr.x.smithi016.stdout:Apr 24 23:07:38 smithi016 ceph-2e0a7c14-028f-11ef-bc93-c7b262605968-mgr-x[28769]: +----[SHA256]-----+
2024-04-24T23:07:39.765 INFO:teuthology.orchestra.run.smithi016.stdout:/usr/bin/ceph: stderr
2024-04-24T23:07:38.449+0000 7fc359800700 1 Processor -- start
2024-04-24T23:07:39.766 INFO:teuthology.orchestra.run.smithi016.stdout:/usr/bin/ceph: stderr
2024-04-24T23:07:38.449+0000 7fc359800700 1 -- start start
2024-04-24T23:07:39.767 INFO:teuthology.orchestra.run.smithi016.stdout:/usr/bin/ceph: stderr
2024-04-24T23:07:38.450+0000 7fc359800700 1 --2- >> [v2:172.21.15.16:3300/0,v1:172.21.15.16:6789/0] conn(0x7fc35410ec70 0x7fc354111060 unknown :-1 s=NONE pgs=0 cs=0 l=0 rev1=0 crypto rx=0 tx=0 comp rx=0 tx=0).connect
2024-04-24T23:07:39.767 INFO:teuthology.orchestra.run.smithi016.stdout:/usr/bin/ceph: stderr
2024-04-24T23:07:38.450+0000 7fc359800700 1 -- --> [v2:172.21.15.16:3300/0,v1:172.21.15.16:6789/0] -- mon_getmap magic: 0 -- 0x7fc3541115a0 con 0x7fc35410ec70
2024-04-24T23:07:39.767 INFO:teuthology.orchestra.run.smithi016.stdout:/usr/bin/ceph: stderr
2024-04-24T23:07:38.450+0000 7fc352a00700 1 --2- >> [v2:172.21.15.16:3300/0,v1:172.21.15.16:6789/0] conn(0x7fc35410ec70 0x7fc354111060 unknown :-1 s=BANNER_CONNECTING pgs=0 cs=0 l=0 rev1=0 crypto rx=0 tx=0 comp rx=0 tx=0)._handle_peer_banner_payload supported=3 required=0
2024-04-24T23:07:39.767 INFO:teuthology.orchestra.run.smithi016.stdout:/usr/bin/ceph: stderr
2024-04-24T23:07:38.451+0000 7fc352a00700 1 --2- >> [v2:172.21.15.16:3300/0,v1:172.21.15.16:6789/0] conn(0x7fc35410ec70 0x7fc354111060 unknown :-1 s=HELLO_CONNECTING pgs=0 cs=0 l=0 rev1=1 crypto rx=0 tx=0 comp rx=0 tx=0).handle_hello peer v2:172.21.15.16:3300/0 says I am v2:172.21.15.16:57608/0 (socket says 172.21.15.16:57608)
2024-04-24T23:07:39.767 INFO:teuthology.orchestra.run.smithi016.stdout:/usr/bin/ceph: stderr
2024-04-24T23:07:38.451+0000 7fc352a00700 1 -- 172.21.15.16:0/2400869769 learned_addr learned my addr 172.21.15.16:0/2400869769 (peer_addr_for_me v2:172.21.15.16:0/0)
2024-04-24T23:07:39.767 INFO:teuthology.orchestra.run.smithi016.stdout:/usr/bin/ceph: stderr
2024-04-24T23:07:38.451+0000 7fc352a00700 1 -- 172.21.15.16:0/2400869769 --> [v2:172.21.15.16:3300/0,v1:172.21.15.16:6789/0] -- mon_subscribe({config=0+,monmap=0+}) -- 0x7fc354111720 con 0x7fc35410ec70
2024-04-24T23:07:39.767 INFO:teuthology.orchestra.run.smithi016.stdout:/usr/bin/ceph: stderr
2024-04-24T23:07:38.451+0000 7fc352a00700 1 --2- 172.21.15.16:0/2400869769 >> [v2:172.21.15.16:3300/0,v1:172.21.15.16:6789/0] conn(0x7fc35410ec70 0x7fc354111060 secure :-1 s=READY pgs=41 cs=0 l=1 rev1=1 crypto rx=0x7fc344009e80 tx=0x7fc34400b330 comp rx=0 tx=0).ready entity=mon.0 client_cookie=c69173aad43f0af4 server_cookie=0 in_seq=0 out_seq=0
2024-04-24T23:07:39.769 INFO:teuthology.orchestra.run.smithi016.stdout:/usr/bin/ceph: stderr
2024-04-24T23:07:38.452+0000 7fc352000700 1 -- 172.21.15.16:0/2400869769 <== mon.0 v2:172.21.15.16:3300/0 1 ==== mon_map magic: 0 ==== 205+0+0 (secure 0 0 0) 0x7fc344017070 con 0x7fc35410ec70
2024-04-24T23:07:39.770 INFO:teuthology.orchestra.run.smithi016.stdout:/usr/bin/ceph: stderr
2024-04-24T23:07:38.452+0000 7fc352000700 1 -- 172.21.15.16:0/2400869769 <== mon.0 v2:172.21.15.16:3300/0 2 ==== config(27 keys) ==== 1109+0+0 (secure 0 0 0) 0x7fc34400b8c0 con 0x7fc35410ec70
2024-04-24T23:07:39.770 INFO:teuthology.orchestra.run.smithi016.stdout:/usr/bin/ceph: stderr
2024-04-24T23:07:38.452+0000 7fc352000700 1 -- 172.21.15.16:0/2400869769 <== mon.0 v2:172.21.15.16:3300/0 3 ==== mon_map magic: 0 ==== 205+0+0 (secure 0 0 0) 0x7fc3440045c0 con 0x7fc35410ec70
2024-04-24T23:07:39.770 INFO:teuthology.orchestra.run.smithi016.stdout:/usr/bin/ceph: stderr
2024-04-24T23:07:38.453+0000 7fc359800700 1 -- 172.21.15.16:0/2400869769 >> [v2:172.21.15.16:3300/0,v1:172.21.15.16:6789/0] conn(0x7fc35410ec70 msgr2=0x7fc354111060 secure :-1 s=STATE_CONNECTION_ESTABLISHED l=1).mark_down
2024-04-24T23:07:39.770 INFO:teuthology.orchestra.run.smithi016.stdout:/usr/bin/ceph: stderr
2024-04-24T23:07:38.453+0000 7fc359800700 1 --2- 172.21.15.16:0/2400869769 >> [v2:172.21.15.16:3300/0,v1:172.21.15.16:6789/0] conn(0x7fc35410ec70 0x7fc354111060 secure :-1 s=READY pgs=41 cs=0 l=1 rev1=1 crypto rx=0x7fc344009e80 tx=0x7fc34400b330 comp rx=0 tx=0).stop
2024-04-24T23:07:39.770 INFO:teuthology.orchestra.run.smithi016.stdout:/usr/bin/ceph: stderr
2024-04-24T23:07:38.453+0000 7fc359800700 1 -- 172.21.15.16:0/2400869769 shutdown_connections
2024-04-24T23:07:39.770 INFO:teuthology.orchestra.run.smithi016.stdout:/usr/bin/ceph: stderr
2024-04-24T23:07:38.453+0000 7fc359800700 1 --2- 172.21.15.16:0/2400869769 >> [v2:172.21.15.16:3300/0,v1:172.21.15.16:6789/0] conn(0x7fc35410ec70 0x7fc354111060 unknown :-1 s=CLOSED pgs=41 cs=0 l=1 rev1=1 crypto rx=0 tx=0 comp rx=0 tx=0).stop
2024-04-24T23:07:39.770 INFO:teuthology.orchestra.run.smithi016.stdout:/usr/bin/ceph: stderr
2024-04-24T23:07:38.453+0000 7fc359800700 1 -- 172.21.15.16:0/2400869769 >> 172.21.15.16:0/2400869769 conn(0x7fc35407d3c0 msgr2=0x7fc35407f800 unknown :-1 s=STATE_NONE l=0).mark_down
2024-04-24T23:07:39.770 INFO:teuthology.orchestra.run.smithi016.stdout:/usr/bin/ceph: stderr
2024-04-24T23:07:38.453+0000 7fc359800700 1 -- 172.21.15.16:0/2400869769 shutdown_connections
2024-04-24T23:07:39.770 INFO:teuthology.orchestra.run.smithi016.stdout:/usr/bin/ceph: stderr
2024-04-24T23:07:38.453+0000 7fc359800700 1 -- 172.21.15.16:0/2400869769 wait complete.
2024-04-24T23:07:39.771 INFO:teuthology.orchestra.run.smithi016.stdout:/usr/bin/ceph: stderr
2024-04-24T23:07:38.454+0000 7fc359800700 1 Processor -- start
2024-04-24T23:07:39.771 INFO:teuthology.orchestra.run.smithi016.stdout:/usr/bin/ceph: stderr
2024-04-24T23:07:38.454+0000 7fc359800700 1 -- start start
2024-04-24T23:07:39.771 INFO:teuthology.orchestra.run.smithi016.stdout:/usr/bin/ceph: stderr
2024-04-24T23:07:38.454+0000 7fc359800700 1 --2- >> [v2:172.21.15.16:3300/0,v1:172.21.15.16:6789/0] conn(0x7fc35410ec70 0x7fc3541a23c0 unknown :-1 s=NONE pgs=0 cs=0 l=1 rev1=0 crypto rx=0 tx=0 comp rx=0 tx=0).connect
2024-04-24T23:07:39.771 INFO:teuthology.orchestra.run.smithi016.stdout:/usr/bin/ceph: stderr
2024-04-24T23:07:38.454+0000 7fc359800700 1 -- --> [v2:172.21.15.16:3300/0,v1:172.21.15.16:6789/0] -- mon_getmap magic: 0 -- 0x7fc354112800 con 0x7fc35410ec70
2024-04-24T23:07:39.771 INFO:teuthology.orchestra.run.smithi016.stdout:/usr/bin/ceph: stderr
2024-04-24T23:07:38.455+0000 7fc352a00700 1 --2- >> [v2:172.21.15.16:3300/0,v1:172.21.15.16:6789/0] conn(0x7fc35410ec70 0x7fc3541a23c0 unknown :-1 s=BANNER_CONNECTING pgs=0 cs=0 l=1 rev1=0 crypto rx=0 tx=0 comp rx=0 tx=0)._handle_peer_banner_payload supported=3 required=0
2024-04-24T23:07:39.771 INFO:teuthology.orchestra.run.smithi016.stdout:/usr/bin/ceph: stderr
2024-04-24T23:07:38.455+0000 7fc352a00700 1 --2- >> [v2:172.21.15.16:3300/0,v1:172.21.15.16:6789/0] conn(0x7fc35410ec70 0x7fc3541a23c0 unknown :-1 s=HELLO_CONNECTING pgs=0 cs=0 l=1 rev1=1 crypto rx=0 tx=0 comp rx=0 tx=0).handle_hello peer v2:172.21.15.16:3300/0 says I am v2:172.21.15.16:57624/0 (socket says 172.21.15.16:57624)
2024-04-24T23:07:39.771 INFO:teuthology.orchestra.run.smithi016.stdout:/usr/bin/ceph: stderr
2024-04-24T23:07:38.455+0000 7fc352a00700 1 -- 172.21.15.16:0/2189316995 learned_addr learned my addr 172.21.15.16:0/2189316995 (peer_addr_for_me v2:172.21.15.16:0/0)
2024-04-24T23:07:39.771 INFO:teuthology.orchestra.run.smithi016.stdout:/usr/bin/ceph: stderr
2024-04-24T23:07:38.455+0000 7fc352a00700 1 -- 172.21.15.16:0/2189316995 --> [v2:172.21.15.16:3300/0,v1:172.21.15.16:6789/0] -- mon_subscribe({config=0+,monmap=0+}) -- 0x7fc3541a2900 con 0x7fc35410ec70
2024-04-24T23:07:39.771 INFO:teuthology.orchestra.run.smithi016.stdout:/usr/bin/ceph: stderr
2024-04-24T23:07:38.455+0000 7fc352a00700 1 --2- 172.21.15.16:0/2189316995 >> [v2:172.21.15.16:3300/0,v1:172.21.15.16:6789/0] conn(0x7fc35410ec70 0x7fc3541a23c0 secure :-1 s=READY pgs=42 cs=0 l=1 rev1=1 crypto rx=0x7fc344004350 tx=0x7fc34400bd50 comp rx=0 tx=0).ready entity=mon.0 client_cookie=0 server_cookie=0 in_seq=0 out_seq=0
2024-04-24T23:07:39.771 INFO:teuthology.orchestra.run.smithi016.stdout:/usr/bin/ceph: stderr
2024-04-24T23:07:38.456+0000 7fc34be00700 1 -- 172.21.15.16:0/2189316995 <== mon.0 v2:172.21.15.16:3300/0 1 ==== mon_map magic: 0 ==== 205+0+0 (secure 0 0 0) 0x7fc344020020 con 0x7fc35410ec70
2024-04-24T23:07:39.771 INFO:teuthology.orchestra.run.smithi016.stdout:/usr/bin/ceph: stderr
2024-04-24T23:07:38.456+0000 7fc34be00700 1 -- 172.21.15.16:0/2189316995 <== mon.0 v2:172.21.15.16:3300/0 2 ==== config(27 keys) ==== 1109+0+0 (secure 0 0 0) 0x7fc344003c10 con 0x7fc35410ec70
2024-04-24T23:07:39.772 INFO:teuthology.orchestra.run.smithi016.stdout:/usr/bin/ceph: stderr
2024-04-24T23:07:38.456+0000 7fc34be00700 1 -- 172.21.15.16:0/2189316995 <== mon.0 v2:172.21.15.16:3300/0 3 ==== mon_map magic: 0 ==== 205+0+0 (secure 0 0 0) 0x7fc344017040 con 0x7fc35410ec70
2024-04-24T23:07:39.774 INFO:teuthology.orchestra.run.smithi016.stdout:/usr/bin/ceph: stderr
2024-04-24T23:07:38.456+0000 7fc359800700 1 -- 172.21.15.16:0/2189316995 --> [v2:172.21.15.16:3300/0,v1:172.21.15.16:6789/0] -- mon_subscribe({mgrmap=0+}) -- 0x7fc3541a2b90 con 0x7fc35410ec70
2024-04-24T23:07:39.774 INFO:teuthology.orchestra.run.smithi016.stdout:/usr/bin/ceph: stderr
2024-04-24T23:07:38.456+0000 7fc359800700 1 -- 172.21.15.16:0/2189316995 --> [v2:172.21.15.16:3300/0,v1:172.21.15.16:6789/0] -- mon_subscribe({osdmap=0}) -- 0x7fc3541a36b0 con 0x7fc35410ec70
2024-04-24T23:07:39.774 INFO:teuthology.orchestra.run.smithi016.stdout:/usr/bin/ceph: stderr
2024-04-24T23:07:38.457+0000 7fc34be00700 1 -- 172.21.15.16:0/2189316995 <== mon.0 v2:172.21.15.16:3300/0 4 ==== mgrmap(e 8) ==== 46287+0+0 (secure 0 0 0) 0x7fc344023020 con 0x7fc35410ec70
2024-04-24T23:07:39.774 INFO:teuthology.orchestra.run.smithi016.stdout:/usr/bin/ceph: stderr
2024-04-24T23:07:38.457+0000 7fc359800700 1 -- 172.21.15.16:0/2189316995 --> [v2:172.21.15.16:3300/0,v1:172.21.15.16:6789/0] -- mon_command({"prefix": "get_command_descriptions"} v 0) -- 0x7fc354063890 con 0x7fc35410ec70
2024-04-24T23:07:39.774 INFO:teuthology.orchestra.run.smithi016.stdout:/usr/bin/ceph: stderr
2024-04-24T23:07:38.457+0000 7fc34be00700 1 --2- 172.21.15.16:0/2189316995 >> [v2:172.21.15.16:6800/2936305569,v1:172.21.15.16:6801/2936305569] conn(0x7fc3380390a0 0x7fc33803b560 unknown :-1 s=NONE pgs=0 cs=0 l=1 rev1=0 crypto rx=0 tx=0 comp rx=0 tx=0).connect
2024-04-24T23:07:39.774 INFO:teuthology.orchestra.run.smithi016.stdout:/usr/bin/ceph: stderr
2024-04-24T23:07:38.458+0000 7fc34be00700 1 -- 172.21.15.16:0/2189316995 <== mon.0 v2:172.21.15.16:3300/0 5 ==== osd_map(2..2 src has 1..2) ==== 940+0+0 (secure 0 0 0) 0x7fc34400f050 con 0x7fc35410ec70
2024-04-24T23:07:39.774 INFO:teuthology.orchestra.run.smithi016.stdout:/usr/bin/ceph: stderr
2024-04-24T23:07:38.458+0000 7fc34a000700 1 --2- 172.21.15.16:0/2189316995 >> [v2:172.21.15.16:6800/2936305569,v1:172.21.15.16:6801/2936305569] conn(0x7fc3380390a0 0x7fc33803b560 unknown :-1 s=BANNER_CONNECTING pgs=0 cs=0 l=1 rev1=0 crypto rx=0 tx=0 comp rx=0 tx=0)._handle_peer_banner_payload supported=3 required=0
2024-04-24T23:07:39.774 INFO:teuthology.orchestra.run.smithi016.stdout:/usr/bin/ceph: stderr
2024-04-24T23:07:38.458+0000 7fc34a000700 1 --2- 172.21.15.16:0/2189316995 >> [v2:172.21.15.16:6800/2936305569,v1:172.21.15.16:6801/2936305569] conn(0x7fc3380390a0 0x7fc33803b560 secure :-1 s=READY pgs=9 cs=0 l=1 rev1=1 crypto rx=0x7fc33c006fd0 tx=0x7fc33c006e40 comp rx=0 tx=0).ready entity=mgr.14120 client_cookie=0 server_cookie=0 in_seq=0 out_seq=0
2024-04-24T23:07:39.774 INFO:teuthology.orchestra.run.smithi016.stdout:/usr/bin/ceph: stderr
2024-04-24T23:07:38.463+0000 7fc34be00700 1 -- 172.21.15.16:0/2189316995 <== mon.0 v2:172.21.15.16:3300/0 6 ==== mon_command_ack([{"prefix": "get_command_descriptions"}]=0 v0) ==== 72+0+186147 (secure 0 0 0) 0x7fc34402a020 con 0x7fc35410ec70
2024-04-24T23:07:39.774 INFO:teuthology.orchestra.run.smithi016.stdout:/usr/bin/ceph: stderr
2024-04-24T23:07:38.692+0000 7fc359800700 1 -- 172.21.15.16:0/2189316995 --> [v2:172.21.15.16:6800/2936305569,v1:172.21.15.16:6801/2936305569] -- mgr_command(tid 0: {"prefix": "cephadm generate-key", "target": ["mon-mgr", ""]}) -- 0x7fc35407e550 con 0x7fc3380390a0
2024-04-24T23:07:39.775 INFO:teuthology.orchestra.run.smithi016.stdout:/usr/bin/ceph: stderr
2024-04-24T23:07:38.991+0000 7fc34be00700 1 -- 172.21.15.16:0/2189316995 <== mgr.14120 v2:172.21.15.16:6800/2936305569 1 ==== mgr_command_reply(tid 0: 0 ) ==== 8+0+0 (secure 0 0 0) 0x7fc35407e550 con 0x7fc3380390a0
2024-04-24T23:07:39.775 INFO:teuthology.orchestra.run.smithi016.stdout:/usr/bin/ceph: stderr
2024-04-24T23:07:38.994+0000 7fc359800700 1 -- 172.21.15.16:0/2189316995 >> [v2:172.21.15.16:6800/2936305569,v1:172.21.15.16:6801/2936305569] conn(0x7fc3380390a0 msgr2=0x7fc33803b560 secure :-1 s=STATE_CONNECTION_ESTABLISHED l=1).mark_down
2024-04-24T23:07:39.775 INFO:teuthology.orchestra.run.smithi016.stdout:/usr/bin/ceph: stderr
2024-04-24T23:07:38.994+0000 7fc359800700 1 --2- 172.21.15.16:0/2189316995 >> [v2:172.21.15.16:6800/2936305569,v1:172.21.15.16:6801/2936305569] conn(0x7fc3380390a0 0x7fc33803b560 secure :-1 s=READY pgs=9 cs=0 l=1 rev1=1 crypto rx=0x7fc33c006fd0 tx=0x7fc33c006e40 comp rx=0 tx=0).stop
2024-04-24T23:07:39.775 INFO:teuthology.orchestra.run.smithi016.stdout:/usr/bin/ceph: stderr
2024-04-24T23:07:38.994+0000 7fc359800700 1 -- 172.21.15.16:0/2189316995 >> [v2:172.21.15.16:3300/0,v1:172.21.15.16:6789/0] conn(0x7fc35410ec70 msgr2=0x7fc3541a23c0 secure :-1 s=STATE_CONNECTION_ESTABLISHED l=1).mark_down
2024-04-24T23:07:39.775 INFO:teuthology.orchestra.run.smithi016.stdout:/usr/bin/ceph: stderr
2024-04-24T23:07:38.994+0000 7fc359800700 1 --2- 172.21.15.16:0/2189316995 >> [v2:172.21.15.16:3300/0,v1:172.21.15.16:6789/0] conn(0x7fc35410ec70 0x7fc3541a23c0 secure :-1 s=READY pgs=42 cs=0 l=1 rev1=1 crypto rx=0x7fc344004350 tx=0x7fc34400bd50 comp rx=0 tx=0).stop
2024-04-24T23:07:39.775 INFO:teuthology.orchestra.run.smithi016.stdout:/usr/bin/ceph: stderr
2024-04-24T23:07:38.995+0000 7fc359800700 1 -- 172.21.15.16:0/2189316995 shutdown_connections
2024-04-24T23:07:39.775 INFO:teuthology.orchestra.run.smithi016.stdout:/usr/bin/ceph: stderr
2024-04-24T23:07:38.995+0000 7fc359800700 1 --2- 172.21.15.16:0/2189316995 >> [v2:172.21.15.16:6800/2936305569,v1:172.21.15.16:6801/2936305569] conn(0x7fc3380390a0 0x7fc33803b560 unknown :-1 s=CLOSED pgs=9 cs=0 l=1 rev1=1 crypto rx=0 tx=0 comp rx=0 tx=0).stop
2024-04-24T23:07:39.775 INFO:teuthology.orchestra.run.smithi016.stdout:/usr/bin/ceph: stderr
2024-04-24T23:07:38.995+0000 7fc359800700 1 --2- 172.21.15.16:0/2189316995 >> [v2:172.21.15.16:3300/0,v1:172.21.15.16:6789/0] conn(0x7fc35410ec70 0x7fc3541a23c0 unknown :-1 s=CLOSED pgs=42 cs=0 l=1 rev1=1 crypto rx=0 tx=0 comp rx=0 tx=0).stop
2024-04-24T23:07:39.775 INFO:teuthology.orchestra.run.smithi016.stdout:/usr/bin/ceph: stderr
2024-04-24T23:07:38.995+0000 7fc359800700 1 -- 172.21.15.16:0/2189316995 >> 172.21.15.16:0/2189316995 conn(0x7fc35407d3c0 msgr2=0x7fc35407de40 unknown :-1 s=STATE_NONE l=0).mark_down
2024-04-24T23:07:39.776 INFO:teuthology.orchestra.run.smithi016.stdout:/usr/bin/ceph: stderr
2024-04-24T23:07:38.995+0000 7fc359800700 1 -- 172.21.15.16:0/2189316995 shutdown_connections
2024-04-24T23:07:39.776 INFO:teuthology.orchestra.run.smithi016.stdout:/usr/bin/ceph: stderr
2024-04-24T23:07:38.995+0000 7fc359800700 1 -- 172.21.15.16:0/2189316995 wait complete.
2024-04-24T23:07:40.122 INFO:journalctl@ceph.mon.a.smithi016.stdout:Apr 24 23:07:39 smithi016 ceph-mon[28541]: from='client.14136 -' entity='client.admin' cmd=[{"prefix": "cephadm generate-key", "target": ["mon-mgr", ""]}]: dispatch
2024-04-24T23:07:40.122 INFO:journalctl@ceph.mon.a.smithi016.stdout:Apr 24 23:07:39 smithi016 ceph-mon[28541]: Generating ssh key...
2024-04-24T23:07:40.122 INFO:journalctl@ceph.mon.a.smithi016.stdout:Apr 24 23:07:39 smithi016 ceph-mon[28541]: from='mgr.14120 172.21.15.16:0/2600397367' entity='mgr.x'
2024-04-24T23:07:40.123 INFO:journalctl@ceph.mon.a.smithi016.stdout:Apr 24 23:07:39 smithi016 ceph-mon[28541]: from='mgr.14120 172.21.15.16:0/2600397367' entity='mgr.x'
