2024-04-24T23:03:08.512+0000 7f3b4584b700 1 -- 172.21.15.33:0/2669266040 >> [v2:172.21.15.33:3300/0,v1:172.21.15.33:6789/0] conn(0x7f3b40106580 msgr2=0x7f3b4019ddf0 secure :-1 s=STATE_CONNECTION_ESTABLISHED l=1).mark_down
2024-04-24T23:03:09.128 INFO:teuthology.orchestra.run.smithi033.stdout:/usr/bin/ceph: stderr
2024-04-24T23:03:08.512+0000 7f3b4584b700 1 --2- 172.21.15.33:0/2669266040 >> [v2:172.21.15.33:3300/0,v1:172.21.15.33:6789/0] conn(0x7f3b40106580 0x7f3b4019ddf0 secure :-1 s=READY pgs=67 cs=0 l=1 rev1=1 crypto rx=0x7f3b300116a0 tx=0x7f3b30011ba0 comp rx=0 tx=0).stop
2024-04-24T23:03:09.128 INFO:teuthology.orchestra.run.smithi033.stdout:/usr/bin/ceph: stderr
2024-04-24T23:03:08.512+0000 7f3b4584b700 1 -- 172.21.15.33:0/2669266040 shutdown_connections
2024-04-24T23:03:09.128 INFO:teuthology.orchestra.run.smithi033.stdout:/usr/bin/ceph: stderr
2024-04-24T23:03:08.512+0000 7f3b4584b700 1 --2- 172.21.15.33:0/2669266040 >> [v2:172.21.15.33:6800/3494091302,v1:172.21.15.33:6801/3494091302] conn(0x7f3b28038f40 0x7f3b2803b400 unknown :-1 s=CLOSED pgs=7 cs=0 l=1 rev1=1 crypto rx=0 tx=0 comp rx=0 tx=0).stop
2024-04-24T23:03:09.129 INFO:teuthology.orchestra.run.smithi033.stdout:/usr/bin/ceph: stderr
2024-04-24T23:03:08.512+0000 7f3b4584b700 1 --2- 172.21.15.33:0/2669266040 >> [v2:172.21.15.33:3300/0,v1:172.21.15.33:6789/0] conn(0x7f3b40106580 0x7f3b4019ddf0 unknown :-1 s=CLOSED pgs=67 cs=0 l=1 rev1=1 crypto rx=0 tx=0 comp rx=0 tx=0).stop
2024-04-24T23:03:09.129 INFO:teuthology.orchestra.run.smithi033.stdout:/usr/bin/ceph: stderr
2024-04-24T23:03:08.512+0000 7f3b4584b700 1 -- 172.21.15.33:0/2669266040 >> 172.21.15.33:0/2669266040 conn(0x7f3b40102160 msgr2=0x7f3b40194a90 unknown :-1 s=STATE_NONE l=0).mark_down
2024-04-24T23:03:09.129 INFO:teuthology.orchestra.run.smithi033.stdout:/usr/bin/ceph: stderr
2024-04-24T23:03:08.512+0000 7f3b4584b700 1 -- 172.21.15.33:0/2669266040 shutdown_connections
2024-04-24T23:03:09.129 INFO:teuthology.orchestra.run.smithi033.stdout:/usr/bin/ceph: stderr
2024-04-24T23:03:08.512+0000 7f3b4584b700 1 -- 172.21.15.33:0/2669266040 wait complete.
2024-04-24T23:03:09.129 INFO:teuthology.orchestra.run.smithi033.stdout:Creating initial admin user...
2024-04-24T23:03:09.455 INFO:journalctl@ceph.mon.a.smithi033.stdout:Apr 24 23:03:09 smithi033 ceph-mon[29201]: mgrmap e12: x(active, since 2s)
2024-04-24T23:03:09.455 INFO:journalctl@ceph.mon.a.smithi033.stdout:Apr 24 23:03:09 smithi033 ceph-mon[29201]: from='client.14160 -' entity='client.admin' cmd=[{"prefix": "dashboard create-self-signed-cert", "target": ["mon-mgr", ""]}]: dispatch
2024-04-24T23:03:09.455 INFO:journalctl@ceph.mon.a.smithi033.stdout:Apr 24 23:03:09 smithi033 ceph-mon[29201]: from='mgr.14148 172.21.15.33:0/3262714391' entity='mgr.x'
2024-04-24T23:03:09.455 INFO:journalctl@ceph.mon.a.smithi033.stdout:Apr 24 23:03:09 smithi033 ceph-mon[29201]: from='mgr.14148 172.21.15.33:0/3262714391' entity='mgr.x'
2024-04-24T23:03:09.455 INFO:journalctl@ceph.mon.a.smithi033.stdout:Apr 24 23:03:09 smithi033 ceph-mon[29201]: from='mgr.14148 172.21.15.33:0/3262714391' entity='mgr.x'
2024-04-24T23:03:10.759 INFO:teuthology.orchestra.run.smithi033.stdout:/usr/bin/ceph: stdout {"username": "admin", "password": "$2b$12$8jD7B/qc8zwNvo1PRnHif.K3ulSb19UZcols/7zQmfMEuuPON7wKm", "roles": ["administrator"], "name": null, "email": null, "lastUpdate": 1713999790, "enabled": true, "pwdExpirationDate": null, "pwdUpdateRequired": true}
2024-04-24T23:03:10.760 INFO:teuthology.orchestra.run.smithi033.stdout:/usr/bin/ceph: stderr
2024-04-24T23:03:09.579+0000 7f903aaf3700 1 Processor -- start
2024-04-24T23:03:10.760 INFO:teuthology.orchestra.run.smithi033.stdout:/usr/bin/ceph: stderr
2024-04-24T23:03:09.579+0000 7f903aaf3700 1 -- start start
2024-04-24T23:03:10.760 INFO:teuthology.orchestra.run.smithi033.stdout:/usr/bin/ceph: stderr
2024-04-24T23:03:09.579+0000 7f903aaf3700 1 --2- >> [v2:172.21.15.33:3300/0,v1:172.21.15.33:6789/0] conn(0x7f9034105f50 0x7f9034106370 unknown :-1 s=NONE pgs=0 cs=0 l=0 rev1=0 crypto rx=0 tx=0 comp rx=0 tx=0).connect
2024-04-24T23:03:10.760 INFO:teuthology.orchestra.run.smithi033.stdout:/usr/bin/ceph: stderr
2024-04-24T23:03:09.579+0000 7f903aaf3700 1 -- --> [v2:172.21.15.33:3300/0,v1:172.21.15.33:6789/0] -- mon_getmap magic: 0 -- 0x7f9034106940 con 0x7f9034105f50
2024-04-24T23:03:10.760 INFO:teuthology.orchestra.run.smithi033.stdout:/usr/bin/ceph: stderr
2024-04-24T23:03:09.580+0000 7f903888f700 1 --2- >> [v2:172.21.15.33:3300/0,v1:172.21.15.33:6789/0] conn(0x7f9034105f50 0x7f9034106370 unknown :-1 s=BANNER_CONNECTING pgs=0 cs=0 l=0 rev1=0 crypto rx=0 tx=0 comp rx=0 tx=0)._handle_peer_banner_payload supported=3 required=0
2024-04-24T23:03:10.760 INFO:teuthology.orchestra.run.smithi033.stdout:/usr/bin/ceph: stderr
2024-04-24T23:03:09.580+0000 7f903888f700 1 --2- >> [v2:172.21.15.33:3300/0,v1:172.21.15.33:6789/0] conn(0x7f9034105f50 0x7f9034106370 unknown :-1 s=HELLO_CONNECTING pgs=0 cs=0 l=0 rev1=1 crypto rx=0 tx=0 comp rx=0 tx=0).handle_hello peer v2:172.21.15.33:3300/0 says I am v2:172.21.15.33:36216/0 (socket says 172.21.15.33:36216)
2024-04-24T23:03:10.760 INFO:teuthology.orchestra.run.smithi033.stdout:/usr/bin/ceph: stderr
2024-04-24T23:03:09.580+0000 7f903888f700 1 -- 172.21.15.33:0/2213882781 learned_addr learned my addr 172.21.15.33:0/2213882781 (peer_addr_for_me v2:172.21.15.33:0/0)
2024-04-24T23:03:10.760 INFO:teuthology.orchestra.run.smithi033.stdout:/usr/bin/ceph: stderr
2024-04-24T23:03:09.580+0000 7f903888f700 1 -- 172.21.15.33:0/2213882781 --> [v2:172.21.15.33:3300/0,v1:172.21.15.33:6789/0] -- mon_subscribe({config=0+,monmap=0+}) -- 0x7f9034108f30 con 0x7f9034105f50
2024-04-24T23:03:10.760 INFO:teuthology.orchestra.run.smithi033.stdout:/usr/bin/ceph: stderr
2024-04-24T23:03:09.580+0000 7f903888f700 1 --2- 172.21.15.33:0/2213882781 >> [v2:172.21.15.33:3300/0,v1:172.21.15.33:6789/0] conn(0x7f9034105f50 0x7f9034106370 secure :-1 s=READY pgs=68 cs=0 l=1 rev1=1 crypto rx=0x7f9024009e80 tx=0x7f902400b330 comp rx=0 tx=0).ready entity=mon.0 client_cookie=1619590e5be68203 server_cookie=0 in_seq=0 out_seq=0
2024-04-24T23:03:10.760 INFO:teuthology.orchestra.run.smithi033.stdout:/usr/bin/ceph: stderr
2024-04-24T23:03:09.580+0000 7f90337fe700 1 -- 172.21.15.33:0/2213882781 <== mon.0 v2:172.21.15.33:3300/0 1 ==== mon_map magic: 0 ==== 205+0+0 (secure 0 0 0) 0x7f9024017070 con 0x7f9034105f50
2024-04-24T23:03:10.760 INFO:teuthology.orchestra.run.smithi033.stdout:/usr/bin/ceph: stderr
2024-04-24T23:03:09.580+0000 7f90337fe700 1 -- 172.21.15.33:0/2213882781 <== mon.0 v2:172.21.15.33:3300/0 2 ==== config(27 keys) ==== 1140+0+0 (secure 0 0 0) 0x7f902400b8c0 con 0x7f9034105f50
2024-04-24T23:03:10.761 INFO:teuthology.orchestra.run.smithi033.stdout:/usr/bin/ceph: stderr
2024-04-24T23:03:09.580+0000 7f90337fe700 1 -- 172.21.15.33:0/2213882781 <== mon.0 v2:172.21.15.33:3300/0 3 ==== mon_map magic: 0 ==== 205+0+0 (secure 0 0 0) 0x7f90240045c0 con 0x7f9034105f50
2024-04-24T23:03:10.761 INFO:teuthology.orchestra.run.smithi033.stdout:/usr/bin/ceph: stderr
2024-04-24T23:03:09.581+0000 7f903aaf3700 1 -- 172.21.15.33:0/2213882781 >> [v2:172.21.15.33:3300/0,v1:172.21.15.33:6789/0] conn(0x7f9034105f50 msgr2=0x7f9034106370 secure :-1 s=STATE_CONNECTION_ESTABLISHED l=1).mark_down
2024-04-24T23:03:10.761 INFO:teuthology.orchestra.run.smithi033.stdout:/usr/bin/ceph: stderr
2024-04-24T23:03:09.581+0000 7f903aaf3700 1 --2- 172.21.15.33:0/2213882781 >> [v2:172.21.15.33:3300/0,v1:172.21.15.33:6789/0] conn(0x7f9034105f50 0x7f9034106370 secure :-1 s=READY pgs=68 cs=0 l=1 rev1=1 crypto rx=0x7f9024009e80 tx=0x7f902400b330 comp rx=0 tx=0).stop
2024-04-24T23:03:10.761 INFO:teuthology.orchestra.run.smithi033.stdout:/usr/bin/ceph: stderr
2024-04-24T23:03:09.581+0000 7f903aaf3700 1 -- 172.21.15.33:0/2213882781 shutdown_connections
2024-04-24T23:03:10.761 INFO:teuthology.orchestra.run.smithi033.stdout:/usr/bin/ceph: stderr
2024-04-24T23:03:09.581+0000 7f903aaf3700 1 --2- 172.21.15.33:0/2213882781 >> [v2:172.21.15.33:3300/0,v1:172.21.15.33:6789/0] conn(0x7f9034105f50 0x7f9034106370 unknown :-1 s=CLOSED pgs=68 cs=0 l=1 rev1=1 crypto rx=0 tx=0 comp rx=0 tx=0).stop
2024-04-24T23:03:10.761 INFO:teuthology.orchestra.run.smithi033.stdout:/usr/bin/ceph: stderr
2024-04-24T23:03:09.581+0000 7f903aaf3700 1 -- 172.21.15.33:0/2213882781 >> 172.21.15.33:0/2213882781 conn(0x7f90341018f0 msgr2=0x7f9034103d10 unknown :-1 s=STATE_NONE l=0).mark_down
2024-04-24T23:03:10.761 INFO:teuthology.orchestra.run.smithi033.stdout:/usr/bin/ceph: stderr
2024-04-24T23:03:09.581+0000 7f903aaf3700 1 -- 172.21.15.33:0/2213882781 shutdown_connections
2024-04-24T23:03:10.761 INFO:teuthology.orchestra.run.smithi033.stdout:/usr/bin/ceph: stderr
2024-04-24T23:03:09.581+0000 7f903aaf3700 1 -- 172.21.15.33:0/2213882781 wait complete.
2024-04-24T23:03:10.761 INFO:teuthology.orchestra.run.smithi033.stdout:/usr/bin/ceph: stderr
2024-04-24T23:03:09.582+0000 7f903aaf3700 1 Processor -- start
2024-04-24T23:03:10.761 INFO:teuthology.orchestra.run.smithi033.stdout:/usr/bin/ceph: stderr
2024-04-24T23:03:09.582+0000 7f903aaf3700 1 -- start start
2024-04-24T23:03:10.761 INFO:teuthology.orchestra.run.smithi033.stdout:/usr/bin/ceph: stderr
2024-04-24T23:03:09.582+0000 7f903aaf3700 1 --2- >> [v2:172.21.15.33:3300/0,v1:172.21.15.33:6789/0] conn(0x7f9034105f50 0x7f903419bc60 unknown :-1 s=NONE pgs=0 cs=0 l=1 rev1=0 crypto rx=0 tx=0 comp rx=0 tx=0).connect
2024-04-24T23:03:10.761 INFO:teuthology.orchestra.run.smithi033.stdout:/usr/bin/ceph: stderr
2024-04-24T23:03:09.582+0000 7f903aaf3700 1 -- --> [v2:172.21.15.33:3300/0,v1:172.21.15.33:6789/0] -- mon_getmap magic: 0 -- 0x7f903410c2e0 con 0x7f9034105f50
2024-04-24T23:03:10.761 INFO:teuthology.orchestra.run.smithi033.stdout:/usr/bin/ceph: stderr
2024-04-24T23:03:09.582+0000 7f903888f700 1 --2- >> [v2:172.21.15.33:3300/0,v1:172.21.15.33:6789/0] conn(0x7f9034105f50 0x7f903419bc60 unknown :-1 s=BANNER_CONNECTING pgs=0 cs=0 l=1 rev1=0 crypto rx=0 tx=0 comp rx=0 tx=0)._handle_peer_banner_payload supported=3 required=0
2024-04-24T23:03:10.761 INFO:teuthology.orchestra.run.smithi033.stdout:/usr/bin/ceph: stderr
2024-04-24T23:03:09.582+0000 7f903888f700 1 --2- >> [v2:172.21.15.33:3300/0,v1:172.21.15.33:6789/0] conn(0x7f9034105f50 0x7f903419bc60 unknown :-1 s=HELLO_CONNECTING pgs=0 cs=0 l=1 rev1=1 crypto rx=0 tx=0 comp rx=0 tx=0).handle_hello peer v2:172.21.15.33:3300/0 says I am v2:172.21.15.33:36232/0 (socket says 172.21.15.33:36232)
2024-04-24T23:03:10.762 INFO:teuthology.orchestra.run.smithi033.stdout:/usr/bin/ceph: stderr
2024-04-24T23:03:09.582+0000 7f903888f700 1 -- 172.21.15.33:0/1038282497 learned_addr learned my addr 172.21.15.33:0/1038282497 (peer_addr_for_me v2:172.21.15.33:0/0)
2024-04-24T23:03:10.762 INFO:teuthology.orchestra.run.smithi033.stdout:/usr/bin/ceph: stderr
2024-04-24T23:03:09.582+0000 7f903888f700 1 -- 172.21.15.33:0/1038282497 --> [v2:172.21.15.33:3300/0,v1:172.21.15.33:6789/0] -- mon_subscribe({config=0+,monmap=0+}) -- 0x7f903419c1a0 con 0x7f9034105f50
2024-04-24T23:03:10.762 INFO:teuthology.orchestra.run.smithi033.stdout:/usr/bin/ceph: stderr
2024-04-24T23:03:09.583+0000 7f903888f700 1 --2- 172.21.15.33:0/1038282497 >> [v2:172.21.15.33:3300/0,v1:172.21.15.33:6789/0] conn(0x7f9034105f50 0x7f903419bc60 secure :-1 s=READY pgs=69 cs=0 l=1 rev1=1 crypto rx=0x7f9024009530 tx=0x7f9024003d00 comp rx=0 tx=0).ready entity=mon.0 client_cookie=0 server_cookie=0 in_seq=0 out_seq=0
2024-04-24T23:03:10.762 INFO:teuthology.orchestra.run.smithi033.stdout:/usr/bin/ceph: stderr
2024-04-24T23:03:09.583+0000 7f9031ffb700 1 -- 172.21.15.33:0/1038282497 <== mon.0 v2:172.21.15.33:3300/0 1 ==== mon_map magic: 0 ==== 205+0+0 (secure 0 0 0) 0x7f9024020020 con 0x7f9034105f50
2024-04-24T23:03:10.762 INFO:teuthology.orchestra.run.smithi033.stdout:/usr/bin/ceph: stderr
2024-04-24T23:03:09.583+0000 7f903aaf3700 1 -- 172.21.15.33:0/1038282497 --> [v2:172.21.15.33:3300/0,v1:172.21.15.33:6789/0] -- mon_subscribe({mgrmap=0+}) -- 0x7f903419c430 con 0x7f9034105f50
2024-04-24T23:03:10.762 INFO:teuthology.orchestra.run.smithi033.stdout:/usr/bin/ceph: stderr
2024-04-24T23:03:09.583+0000 7f9031ffb700 1 -- 172.21.15.33:0/1038282497 <== mon.0 v2:172.21.15.33:3300/0 2 ==== config(27 keys) ==== 1140+0+0 (secure 0 0 0) 0x7f902400bba0 con 0x7f9034105f50
2024-04-24T23:03:10.762 INFO:teuthology.orchestra.run.smithi033.stdout:/usr/bin/ceph: stderr
2024-04-24T23:03:09.583+0000 7f9031ffb700 1 -- 172.21.15.33:0/1038282497 <== mon.0 v2:172.21.15.33:3300/0 3 ==== mon_map magic: 0 ==== 205+0+0 (secure 0 0 0) 0x7f9024017040 con 0x7f9034105f50
2024-04-24T23:03:10.762 INFO:teuthology.orchestra.run.smithi033.stdout:/usr/bin/ceph: stderr
2024-04-24T23:03:09.583+0000 7f903aaf3700 1 -- 172.21.15.33:0/1038282497 --> [v2:172.21.15.33:3300/0,v1:172.21.15.33:6789/0] -- mon_subscribe({osdmap=0}) -- 0x7f903419f120 con 0x7f9034105f50
2024-04-24T23:03:10.762 INFO:teuthology.orchestra.run.smithi033.stdout:/usr/bin/ceph: stderr
2024-04-24T23:03:09.584+0000 7f9031ffb700 1 -- 172.21.15.33:0/1038282497 <== mon.0 v2:172.21.15.33:3300/0 4 ==== mgrmap(e 12) ==== 46300+0+0 (secure 0 0 0) 0x7f9024023020 con 0x7f9034105f50
2024-04-24T23:03:10.762 INFO:teuthology.orchestra.run.smithi033.stdout:/usr/bin/ceph: stderr
2024-04-24T23:03:09.584+0000 7f9031ffb700 1 --2- 172.21.15.33:0/1038282497 >> [v2:172.21.15.33:6800/3494091302,v1:172.21.15.33:6801/3494091302] conn(0x7f90200390a0 0x7f902003b560 unknown :-1 s=NONE pgs=0 cs=0 l=1 rev1=0 crypto rx=0 tx=0 comp rx=0 tx=0).connect
2024-04-24T23:03:10.762 INFO:teuthology.orchestra.run.smithi033.stdout:/usr/bin/ceph: stderr
2024-04-24T23:03:09.584+0000 7f903aaf3700 1 -- 172.21.15.33:0/1038282497 --> [v2:172.21.15.33:3300/0,v1:172.21.15.33:6789/0] -- mon_command({"prefix": "get_command_descriptions"} v 0) -- 0x7f9034063890 con 0x7f9034105f50
2024-04-24T23:03:10.762 INFO:teuthology.orchestra.run.smithi033.stdout:/usr/bin/ceph: stderr
2024-04-24T23:03:09.584+0000 7f9031ffb700 1 -- 172.21.15.33:0/1038282497 <== mon.0 v2:172.21.15.33:3300/0 5 ==== osd_map(3..3 src has 1..3) ==== 1155+0+0 (secure 0 0 0) 0x7f902400f050 con 0x7f9034105f50
2024-04-24T23:03:10.762 INFO:teuthology.orchestra.run.smithi033.stdout:/usr/bin/ceph: stderr
2024-04-24T23:03:09.585+0000 7f9033fff700 1 --2- 172.21.15.33:0/1038282497 >> [v2:172.21.15.33:6800/3494091302,v1:172.21.15.33:6801/3494091302] conn(0x7f90200390a0 0x7f902003b560 unknown :-1 s=BANNER_CONNECTING pgs=0 cs=0 l=1 rev1=0 crypto rx=0 tx=0 comp rx=0 tx=0)._handle_peer_banner_payload supported=3 required=0
2024-04-24T23:03:10.763 INFO:teuthology.orchestra.run.smithi033.stdout:/usr/bin/ceph: stderr
2024-04-24T23:03:09.585+0000 7f9033fff700 1 --2- 172.21.15.33:0/1038282497 >> [v2:172.21.15.33:6800/3494091302,v1:172.21.15.33:6801/3494091302] conn(0x7f90200390a0 0x7f902003b560 secure :-1 s=READY pgs=8 cs=0 l=1 rev1=1 crypto rx=0x7f901c006fd0 tx=0x7f901c006e40 comp rx=0 tx=0).ready entity=mgr.14148 client_cookie=0 server_cookie=0 in_seq=0 out_seq=0
2024-04-24T23:03:10.763 INFO:teuthology.orchestra.run.smithi033.stdout:/usr/bin/ceph: stderr
2024-04-24T23:03:09.594+0000 7f9031ffb700 1 -- 172.21.15.33:0/1038282497 <== mon.0 v2:172.21.15.33:3300/0 6 ==== mon_command_ack([{"prefix": "get_command_descriptions"}]=0 v0) ==== 72+0+186147 (secure 0 0 0) 0x7f902402a020 con 0x7f9034105f50
2024-04-24T23:03:10.763 INFO:teuthology.orchestra.run.smithi033.stdout:/usr/bin/ceph: stderr
2024-04-24T23:03:09.826+0000 7f903aaf3700 1 -- 172.21.15.33:0/1038282497 --> [v2:172.21.15.33:6800/3494091302,v1:172.21.15.33:6801/3494091302] -- mgr_command(tid 0: {"prefix": "dashboard ac-user-create", "username": "admin", "rolename": "administrator", "force_password": true, "pwd_update_required": true, "target": ["mon-mgr", ""]}) -- 0x7f903419f3b0 con 0x7f90200390a0
2024-04-24T23:03:10.763 INFO:teuthology.orchestra.run.smithi033.stdout:/usr/bin/ceph: stderr
2024-04-24T23:03:10.074+0000 7f9031ffb700 1 -- 172.21.15.33:0/1038282497 <== mgr.14148 v2:172.21.15.33:6800/3494091302 1 ==== mgr_command_reply(tid 0: 0 ) ==== 8+0+252 (secure 0 0 0) 0x7f903419f3b0 con 0x7f90200390a0
2024-04-24T23:03:10.763 INFO:teuthology.orchestra.run.smithi033.stdout:/usr/bin/ceph: stderr
2024-04-24T23:03:10.076+0000 7f903aaf3700 1 -- 172.21.15.33:0/1038282497 >> [v2:172.21.15.33:6800/3494091302,v1:172.21.15.33:6801/3494091302] conn(0x7f90200390a0 msgr2=0x7f902003b560 secure :-1 s=STATE_CONNECTION_ESTABLISHED l=1).mark_down
2024-04-24T23:03:10.763 INFO:teuthology.orchestra.run.smithi033.stdout:/usr/bin/ceph: stderr
2024-04-24T23:03:10.076+0000 7f903aaf3700 1 --2- 172.21.15.33:0/1038282497 >> [v2:172.21.15.33:6800/3494091302,v1:172.21.15.33:6801/3494091302] conn(0x7f90200390a0 0x7f902003b560 secure :-1 s=READY pgs=8 cs=0 l=1 rev1=1 crypto rx=0x7f901c006fd0 tx=0x7f901c006e40 comp rx=0 tx=0).stop
2024-04-24T23:03:10.763 INFO:teuthology.orchestra.run.smithi033.stdout:/usr/bin/ceph: stderr
2024-04-24T23:03:10.076+0000 7f903aaf3700 1 -- 172.21.15.33:0/1038282497 >> [v2:172.21.15.33:3300/0,v1:172.21.15.33:6789/0] conn(0x7f9034105f50 msgr2=0x7f903419bc60 secure :-1 s=STATE_CONNECTION_ESTABLISHED l=1).mark_down
2024-04-24T23:03:10.763 INFO:teuthology.orchestra.run.smithi033.stdout:/usr/bin/ceph: stderr
2024-04-24T23:03:10.076+0000 7f903aaf3700 1 --2- 172.21.15.33:0/1038282497 >> [v2:172.21.15.33:3300/0,v1:172.21.15.33:6789/0] conn(0x7f9034105f50 0x7f903419bc60 secure :-1 s=READY pgs=69 cs=0 l=1 rev1=1 crypto rx=0x7f9024009530 tx=0x7f9024003d00 comp rx=0 tx=0).stop
2024-04-24T23:03:10.763 INFO:teuthology.orchestra.run.smithi033.stdout:/usr/bin/ceph: stderr
2024-04-24T23:03:10.076+0000 7f903aaf3700 1 -- 172.21.15.33:0/1038282497 shutdown_connections
2024-04-24T23:03:10.763 INFO:teuthology.orchestra.run.smithi033.stdout:/usr/bin/ceph: stderr
2024-04-24T23:03:10.076+0000 7f903aaf3700 1 --2- 172.21.15.33:0/1038282497 >> [v2:172.21.15.33:6800/3494091302,v1:172.21.15.33:6801/3494091302] conn(0x7f90200390a0 0x7f902003b560 unknown :-1 s=CLOSED pgs=8 cs=0 l=1 rev1=1 crypto rx=0 tx=0 comp rx=0 tx=0).stop
2024-04-24T23:03:10.763 INFO:teuthology.orchestra.run.smithi033.stdout:/usr/bin/ceph: stderr
2024-04-24T23:03:10.076+0000 7f903aaf3700 1 --2- 172.21.15.33:0/1038282497 >> [v2:172.21.15.33:3300/0,v1:172.21.15.33:6789/0] conn(0x7f9034105f50 0x7f903419bc60 unknown :-1 s=CLOSED pgs=69 cs=0 l=1 rev1=1 crypto rx=0 tx=0 comp rx=0 tx=0).stop
2024-04-24T23:03:10.763 INFO:teuthology.orchestra.run.smithi033.stdout:/usr/bin/ceph: stderr
2024-04-24T23:03:10.076+0000 7f903aaf3700 1 -- 172.21.15.33:0/1038282497 >> 172.21.15.33:0/1038282497 conn(0x7f90341018f0 msgr2=0x7f90341024a0 unknown :-1 s=STATE_NONE l=0).mark_down
2024-04-24T23:03:10.763 INFO:teuthology.orchestra.run.smithi033.stdout:/usr/bin/ceph: stderr
2024-04-24T23:03:10.076+0000 7f903aaf3700 1 -- 172.21.15.33:0/1038282497 shutdown_connections
2024-04-24T23:03:10.763 INFO:teuthology.orchestra.run.smithi033.stdout:/usr/bin/ceph: stderr
2024-04-24T23:03:10.076+0000 7f903aaf3700 1 -- 172.21.15.33:0/1038282497 wait complete.
2024-04-24T23:03:10.764 INFO:teuthology.orchestra.run.smithi033.stdout:Fetching dashboard port number...
2024-04-24T23:03:11.455 INFO:journalctl@ceph.mon.a.smithi033.stdout:Apr 24 23:03:11 smithi033 ceph-mon[29201]: from='client.14162 -' entity='client.admin' cmd=[{"prefix": "dashboard ac-user-create", "username": "admin", "rolename": "administrator", "force_password": true, "pwd_update_required": true, "target": ["mon-mgr", ""]}]: dispatch
2024-04-24T23:03:11.455 INFO:journalctl@ceph.mon.a.smithi033.stdout:Apr 24 23:03:11 smithi033 ceph-mon[29201]: from='mgr.14148 172.21.15.33:0/3262714391' entity='mgr.x'
2024-04-24T23:03:12.205 INFO:journalctl@ceph.mon.a.smithi033.stdout:Apr 24 23:03:12 smithi033 ceph-mon[29201]: from='client.? 172.21.15.33:0/3834335915' entity='client.admin' cmd=[{"prefix": "config get", "who": "mgr", "key": "mgr/dashboard/ssl_server_port"}]: dispatch
2024-04-24T23:03:12.242 INFO:teuthology.orchestra.run.smithi033.stdout:/usr/bin/ceph: stdout 8443
2024-04-24T23:03:12.242 INFO:teuthology.orchestra.run.smithi033.stdout:/usr/bin/ceph: stderr
2024-04-24T23:03:11.279+0000 7f484efbf700 1 Processor -- start
2024-04-24T23:03:12.243 INFO:teuthology.orchestra.run.smithi033.stdout:/usr/bin/ceph: stderr
2024-04-24T23:03:11.279+0000 7f484efbf700 1 -- start start
2024-04-24T23:03:12.243 INFO:teuthology.orchestra.run.smithi033.stdout:/usr/bin/ceph: stderr
2024-04-24T23:03:11.279+0000 7f484efbf700 1 --2- >> [v2:172.21.15.33:3300/0,v1:172.21.15.33:6789/0] conn(0x7f4848108220 0x7f4848108640 unknown :-1 s=NONE pgs=0 cs=0 l=0 rev1=0 crypto rx=0 tx=0 comp rx=0 tx=0).connect
2024-04-24T23:03:12.243 INFO:teuthology.orchestra.run.smithi033.stdout:/usr/bin/ceph: stderr
2024-04-24T23:03:11.279+0000 7f484efbf700 1 -- --> [v2:172.21.15.33:3300/0,v1:172.21.15.33:6789/0] -- mon_getmap magic: 0 -- 0x7f4848108c10 con 0x7f4848108220
2024-04-24T23:03:12.243 INFO:teuthology.orchestra.run.smithi033.stdout:/usr/bin/ceph: stderr
2024-04-24T23:03:11.279+0000 7f484cd5b700 1 --2- >> [v2:172.21.15.33:3300/0,v1:172.21.15.33:6789/0] conn(0x7f4848108220 0x7f4848108640 unknown :-1 s=BANNER_CONNECTING pgs=0 cs=0 l=0 rev1=0 crypto rx=0 tx=0 comp rx=0 tx=0)._handle_peer_banner_payload supported=3 required=0
2024-04-24T23:03:12.243 INFO:teuthology.orchestra.run.smithi033.stdout:/usr/bin/ceph: stderr
2024-04-24T23:03:11.279+0000 7f484cd5b700 1 --2- >> [v2:172.21.15.33:3300/0,v1:172.21.15.33:6789/0] conn(0x7f4848108220 0x7f4848108640 unknown :-1 s=HELLO_CONNECTING pgs=0 cs=0 l=0 rev1=1 crypto rx=0 tx=0 comp rx=0 tx=0).handle_hello peer v2:172.21.15.33:3300/0 says I am v2:172.21.15.33:36246/0 (socket says 172.21.15.33:36246)
2024-04-24T23:03:12.243 INFO:teuthology.orchestra.run.smithi033.stdout:/usr/bin/ceph: stderr
2024-04-24T23:03:11.279+0000 7f484cd5b700 1 -- 172.21.15.33:0/1315716003 learned_addr learned my addr 172.21.15.33:0/1315716003 (peer_addr_for_me v2:172.21.15.33:0/0)
2024-04-24T23:03:12.243 INFO:teuthology.orchestra.run.smithi033.stdout:/usr/bin/ceph: stderr
2024-04-24T23:03:11.280+0000 7f484cd5b700 1 -- 172.21.15.33:0/1315716003 --> [v2:172.21.15.33:3300/0,v1:172.21.15.33:6789/0] -- mon_subscribe({config=0+,monmap=0+}) -- 0x7f4848105d20 con 0x7f4848108220
2024-04-24T23:03:12.243 INFO:teuthology.orchestra.run.smithi033.stdout:/usr/bin/ceph: stderr
2024-04-24T23:03:11.280+0000 7f484cd5b700 1 --2- 172.21.15.33:0/1315716003 >> [v2:172.21.15.33:3300/0,v1:172.21.15.33:6789/0] conn(0x7f4848108220 0x7f4848108640 secure :-1 s=READY pgs=70 cs=0 l=1 rev1=1 crypto rx=0x7f483c0098a0 tx=0x7f483c009bb0 comp rx=0 tx=0).ready entity=mon.0 client_cookie=27805dd19b1dfee0 server_cookie=0 in_seq=0 out_seq=0
2024-04-24T23:03:12.243 INFO:teuthology.orchestra.run.smithi033.stdout:/usr/bin/ceph: stderr
2024-04-24T23:03:11.280+0000 7f48477fe700 1 -- 172.21.15.33:0/1315716003 <== mon.0 v2:172.21.15.33:3300/0 1 ==== mon_map magic: 0 ==== 205+0+0 (secure 0 0 0) 0x7f483c004160 con 0x7f4848108220
2024-04-24T23:03:12.243 INFO:teuthology.orchestra.run.smithi033.stdout:/usr/bin/ceph: stderr
2024-04-24T23:03:11.280+0000 7f48477fe700 1 -- 172.21.15.33:0/1315716003 <== mon.0 v2:172.21.15.33:3300/0 2 ==== config(27 keys) ==== 1140+0+0 (secure 0 0 0) 0x7f483c004300 con 0x7f4848108220
2024-04-24T23:03:12.243 INFO:teuthology.orchestra.run.smithi033.stdout:/usr/bin/ceph: stderr
2024-04-24T23:03:11.280+0000 7f48477fe700 1 -- 172.21.15.33:0/1315716003 <== mon.0 v2:172.21.15.33:3300/0 3 ==== mon_map magic: 0 ==== 205+0+0 (secure 0 0 0) 0x7f483c011b20 con 0x7f4848108220
2024-04-24T23:03:12.243 INFO:teuthology.orchestra.run.smithi033.stdout:/usr/bin/ceph: stderr
2024-04-24T23:03:11.280+0000 7f484efbf700 1 -- 172.21.15.33:0/1315716003 >> [v2:172.21.15.33:3300/0,v1:172.21.15.33:6789/0] conn(0x7f4848108220 msgr2=0x7f4848108640 secure :-1 s=STATE_CONNECTION_ESTABLISHED l=1).mark_down
2024-04-24T23:03:12.243 INFO:teuthology.orchestra.run.smithi033.stdout:/usr/bin/ceph: stderr
2024-04-24T23:03:11.280+0000 7f484efbf700 1 --2- 172.21.15.33:0/1315716003 >> [v2:172.21.15.33:3300/0,v1:172.21.15.33:6789/0] conn(0x7f4848108220 0x7f4848108640 secure :-1 s=READY pgs=70 cs=0 l=1 rev1=1 crypto rx=0x7f483c0098a0 tx=0x7f483c009bb0 comp rx=0 tx=0).stop
2024-04-24T23:03:12.244 INFO:teuthology.orchestra.run.smithi033.stdout:/usr/bin/ceph: stderr
2024-04-24T23:03:11.280+0000 7f484efbf700 1 -- 172.21.15.33:0/1315716003 shutdown_connections
2024-04-24T23:03:12.244 INFO:teuthology.orchestra.run.smithi033.stdout:/usr/bin/ceph: stderr
2024-04-24T23:03:11.280+0000 7f484efbf700 1 --2- 172.21.15.33:0/1315716003 >> [v2:172.21.15.33:3300/0,v1:172.21.15.33:6789/0] conn(0x7f4848108220 0x7f4848108640 unknown :-1 s=CLOSED pgs=70 cs=0 l=1 rev1=1 crypto rx=0 tx=0 comp rx=0 tx=0).stop
2024-04-24T23:03:12.244 INFO:teuthology.orchestra.run.smithi033.stdout:/usr/bin/ceph: stderr
2024-04-24T23:03:11.280+0000 7f484efbf700 1 -- 172.21.15.33:0/1315716003 >> 172.21.15.33:0/1315716003 conn(0x7f4848101940 msgr2=0x7f4848103d60 unknown :-1 s=STATE_NONE l=0).mark_down
2024-04-24T23:03:12.244 INFO:teuthology.orchestra.run.smithi033.stdout:/usr/bin/ceph: stderr
2024-04-24T23:03:11.281+0000 7f484efbf700 1 -- 172.21.15.33:0/1315716003 shutdown_connections
2024-04-24T23:03:12.244 INFO:teuthology.orchestra.run.smithi033.stdout:/usr/bin/ceph: stderr
2024-04-24T23:03:11.281+0000 7f484efbf700 1 -- 172.21.15.33:0/1315716003 wait complete.
2024-04-24T23:03:12.244 INFO:teuthology.orchestra.run.smithi033.stdout:/usr/bin/ceph: stderr
2024-04-24T23:03:11.281+0000 7f484efbf700 1 Processor -- start
2024-04-24T23:03:12.244 INFO:teuthology.orchestra.run.smithi033.stdout:/usr/bin/ceph: stderr
2024-04-24T23:03:11.281+0000 7f484efbf700 1 -- start start
2024-04-24T23:03:12.244 INFO:teuthology.orchestra.run.smithi033.stdout:/usr/bin/ceph: stderr
2024-04-24T23:03:11.281+0000 7f484efbf700 1 --2- >> [v2:172.21.15.33:3300/0,v1:172.21.15.33:6789/0] conn(0x7f4848108220 0x7f484819de80 unknown :-1 s=NONE pgs=0 cs=0 l=1 rev1=0 crypto rx=0 tx=0 comp rx=0 tx=0).connect
2024-04-24T23:03:12.244 INFO:teuthology.orchestra.run.smithi033.stdout:/usr/bin/ceph: stderr
2024-04-24T23:03:11.281+0000 7f484efbf700 1 -- --> [v2:172.21.15.33:3300/0,v1:172.21.15.33:6789/0] -- mon_getmap magic: 0 -- 0x7f4848106de0 con 0x7f4848108220
2024-04-24T23:03:12.244 INFO:teuthology.orchestra.run.smithi033.stdout:/usr/bin/ceph: stderr
2024-04-24T23:03:11.281+0000 7f484cd5b700 1 --2- >> [v2:172.21.15.33:3300/0,v1:172.21.15.33:6789/0] conn(0x7f4848108220 0x7f484819de80 unknown :-1 s=BANNER_CONNECTING pgs=0 cs=0 l=1 rev1=0 crypto rx=0 tx=0 comp rx=0 tx=0)._handle_peer_banner_payload supported=3 required=0
2024-04-24T23:03:12.244 INFO:teuthology.orchestra.run.smithi033.stdout:/usr/bin/ceph: stderr
2024-04-24T23:03:11.281+0000 7f484cd5b700 1 --2- >> [v2:172.21.15.33:3300/0,v1:172.21.15.33:6789/0] conn(0x7f4848108220 0x7f484819de80 unknown :-1 s=HELLO_CONNECTING pgs=0 cs=0 l=1 rev1=1 crypto rx=0 tx=0 comp rx=0 tx=0).handle_hello peer v2:172.21.15.33:3300/0 says I am v2:172.21.15.33:36256/0 (socket says 172.21.15.33:36256)
2024-04-24T23:03:12.244 INFO:teuthology.orchestra.run.smithi033.stdout:/usr/bin/ceph: stderr
2024-04-24T23:03:11.282+0000 7f484cd5b700 1 -- 172.21.15.33:0/3834335915 learned_addr learned my addr 172.21.15.33:0/3834335915 (peer_addr_for_me v2:172.21.15.33:0/0)
2024-04-24T23:03:12.244 INFO:teuthology.orchestra.run.smithi033.stdout:/usr/bin/ceph: stderr
2024-04-24T23:03:11.282+0000 7f484cd5b700 1 -- 172.21.15.33:0/3834335915 --> [v2:172.21.15.33:3300/0,v1:172.21.15.33:6789/0] -- mon_subscribe({config=0+,monmap=0+}) -- 0x7f484819e3c0 con 0x7f4848108220
2024-04-24T23:03:12.244 INFO:teuthology.orchestra.run.smithi033.stdout:/usr/bin/ceph: stderr
2024-04-24T23:03:11.282+0000 7f484cd5b700 1 --2- 172.21.15.33:0/3834335915 >> [v2:172.21.15.33:3300/0,v1:172.21.15.33:6789/0] conn(0x7f4848108220 0x7f484819de80 secure :-1 s=READY pgs=71 cs=0 l=1 rev1=1 crypto rx=0x7f483c0116a0 tx=0x7f483c011ba0 comp rx=0 tx=0).ready entity=mon.0 client_cookie=0 server_cookie=0 in_seq=0 out_seq=0
2024-04-24T23:03:12.245 INFO:teuthology.orchestra.run.smithi033.stdout:/usr/bin/ceph: stderr
2024-04-24T23:03:11.282+0000 7f4845ffb700 1 -- 172.21.15.33:0/3834335915 <== mon.0 v2:172.21.15.33:3300/0 1 ==== mon_map magic: 0 ==== 205+0+0 (secure 0 0 0) 0x7f483c003a40 con 0x7f4848108220
2024-04-24T23:03:12.245 INFO:teuthology.orchestra.run.smithi033.stdout:/usr/bin/ceph: stderr
2024-04-24T23:03:11.282+0000 7f4845ffb700 1 -- 172.21.15.33:0/3834335915 <== mon.0 v2:172.21.15.33:3300/0 2 ==== config(27 keys) ==== 1140+0+0 (secure 0 0 0) 0x7f483c003be0 con 0x7f4848108220
2024-04-24T23:03:12.245 INFO:teuthology.orchestra.run.smithi033.stdout:/usr/bin/ceph: stderr
2024-04-24T23:03:11.282+0000 7f484efbf700 1 -- 172.21.15.33:0/3834335915 --> [v2:172.21.15.33:3300/0,v1:172.21.15.33:6789/0] -- mon_subscribe({mgrmap=0+}) -- 0x7f484819e650 con 0x7f4848108220
2024-04-24T23:03:12.245 INFO:teuthology.orchestra.run.smithi033.stdout:/usr/bin/ceph: stderr
2024-04-24T23:03:11.282+0000 7f4845ffb700 1 -- 172.21.15.33:0/3834335915 <== mon.0 v2:172.21.15.33:3300/0 3 ==== mon_map magic: 0 ==== 205+0+0 (secure 0 0 0) 0x7f483c01a750 con 0x7f4848108220
2024-04-24T23:03:12.245 INFO:teuthology.orchestra.run.smithi033.stdout:/usr/bin/ceph: stderr
2024-04-24T23:03:11.282+0000 7f484efbf700 1 -- 172.21.15.33:0/3834335915 --> [v2:172.21.15.33:3300/0,v1:172.21.15.33:6789/0] -- mon_subscribe({osdmap=0}) -- 0x7f484819eab0 con 0x7f4848108220
2024-04-24T23:03:12.245 INFO:teuthology.orchestra.run.smithi033.stdout:/usr/bin/ceph: stderr
2024-04-24T23:03:11.283+0000 7f484efbf700 1 -- 172.21.15.33:0/3834335915 --> [v2:172.21.15.33:3300/0,v1:172.21.15.33:6789/0] -- mon_command({"prefix": "get_command_descriptions"} v 0) -- 0x7f4848063890 con 0x7f4848108220
2024-04-24T23:03:12.245 INFO:teuthology.orchestra.run.smithi033.stdout:/usr/bin/ceph: stderr
2024-04-24T23:03:11.283+0000 7f4845ffb700 1 -- 172.21.15.33:0/3834335915 <== mon.0 v2:172.21.15.33:3300/0 4 ==== mgrmap(e 12) ==== 46300+0+0 (secure 0 0 0) 0x7f483c01aa00 con 0x7f4848108220
2024-04-24T23:03:12.245 INFO:teuthology.orchestra.run.smithi033.stdout:/usr/bin/ceph: stderr
2024-04-24T23:03:11.284+0000 7f4845ffb700 1 --2- 172.21.15.33:0/3834335915 >> [v2:172.21.15.33:6800/3494091302,v1:172.21.15.33:6801/3494091302] conn(0x7f48380390b0 0x7f483803b570 unknown :-1 s=NONE pgs=0 cs=0 l=1 rev1=0 crypto rx=0 tx=0 comp rx=0 tx=0).connect
2024-04-24T23:03:12.245 INFO:teuthology.orchestra.run.smithi033.stdout:/usr/bin/ceph: stderr
2024-04-24T23:03:11.284+0000 7f4845ffb700 1 -- 172.21.15.33:0/3834335915 <== mon.0 v2:172.21.15.33:3300/0 5 ==== osd_map(3..3 src has 1..3) ==== 1155+0+0 (secure 0 0 0) 0x7f483c04d900 con 0x7f4848108220
2024-04-24T23:03:12.245 INFO:teuthology.orchestra.run.smithi033.stdout:/usr/bin/ceph: stderr
2024-04-24T23:03:11.284+0000 7f4847fff700 1 --2- 172.21.15.33:0/3834335915 >> [v2:172.21.15.33:6800/3494091302,v1:172.21.15.33:6801/3494091302] conn(0x7f48380390b0 0x7f483803b570 unknown :-1 s=BANNER_CONNECTING pgs=0 cs=0 l=1 rev1=0 crypto rx=0 tx=0 comp rx=0 tx=0)._handle_peer_banner_payload supported=3 required=0
2024-04-24T23:03:12.245 INFO:teuthology.orchestra.run.smithi033.stdout:/usr/bin/ceph: stderr
2024-04-24T23:03:11.284+0000 7f4847fff700 1 --2- 172.21.15.33:0/3834335915 >> [v2:172.21.15.33:6800/3494091302,v1:172.21.15.33:6801/3494091302] conn(0x7f48380390b0 0x7f483803b570 secure :-1 s=READY pgs=9 cs=0 l=1 rev1=1 crypto rx=0x7f4834006fd0 tx=0x7f4834006e40 comp rx=0 tx=0).ready entity=mgr.14148 client_cookie=0 server_cookie=0 in_seq=0 out_seq=0
2024-04-24T23:03:12.245 INFO:teuthology.orchestra.run.smithi033.stdout:/usr/bin/ceph: stderr
2024-04-24T23:03:11.289+0000 7f4845ffb700 1 -- 172.21.15.33:0/3834335915 <== mon.0 v2:172.21.15.33:3300/0 6 ==== mon_command_ack([{"prefix": "get_command_descriptions"}]=0 v0) ==== 72+0+186147 (secure 0 0 0) 0x7f483c011e20 con 0x7f4848108220
2024-04-24T23:03:12.245 INFO:teuthology.orchestra.run.smithi033.stdout:/usr/bin/ceph: stderr
2024-04-24T23:03:11.497+0000 7f484efbf700 1 -- 172.21.15.33:0/3834335915 --> [v2:172.21.15.33:3300/0,v1:172.21.15.33:6789/0] -- mon_command({"prefix": "config get", "who": "mgr", "key": "mgr/dashboard/ssl_server_port"} v 0) -- 0x7f4848062e40 con 0x7f4848108220
2024-04-24T23:03:12.246 INFO:teuthology.orchestra.run.smithi033.stdout:/usr/bin/ceph: stderr
2024-04-24T23:03:11.497+0000 7f4845ffb700 1 -- 172.21.15.33:0/3834335915 <== mon.0 v2:172.21.15.33:3300/0 7 ==== mon_command_ack([{"prefix": "config get", "who": "mgr", "key": "mgr/dashboard/ssl_server_port"}]=0 v8) ==== 112+0+5 (secure 0 0 0) 0x7f483c01adf0 con 0x7f4848108220
2024-04-24T23:03:12.246 INFO:teuthology.orchestra.run.smithi033.stdout:/usr/bin/ceph: stderr
2024-04-24T23:03:11.500+0000 7f484efbf700 1 -- 172.21.15.33:0/3834335915 >> [v2:172.21.15.33:6800/3494091302,v1:172.21.15.33:6801/3494091302] conn(0x7f48380390b0 msgr2=0x7f483803b570 secure :-1 s=STATE_CONNECTION_ESTABLISHED l=1).mark_down
2024-04-24T23:03:12.246 INFO:teuthology.orchestra.run.smithi033.stdout:/usr/bin/ceph: stderr
2024-04-24T23:03:11.500+0000 7f484efbf700 1 --2- 172.21.15.33:0/3834335915 >> [v2:172.21.15.33:6800/3494091302,v1:172.21.15.33:6801/3494091302] conn(0x7f48380390b0 0x7f483803b570 secure :-1 s=READY pgs=9 cs=0 l=1 rev1=1 crypto rx=0x7f4834006fd0 tx=0x7f4834006e40 comp rx=0 tx=0).stop
2024-04-24T23:03:12.246 INFO:teuthology.orchestra.run.smithi033.stdout:/usr/bin/ceph: stderr
2024-04-24T23:03:11.500+0000 7f484efbf700 1 -- 172.21.15.33:0/3834335915 >> [v2:172.21.15.33:3300/0,v1:172.21.15.33:6789/0] conn(0x7f4848108220 msgr2=0x7f484819de80 secure :-1 s=STATE_CONNECTION_ESTABLISHED l=1).mark_down
2024-04-24T23:03:12.246 INFO:teuthology.orchestra.run.smithi033.stdout:/usr/bin/ceph: stderr
2024-04-24T23:03:11.500+0000 7f484efbf700 1 --2- 172.21.15.33:0/3834335915 >> [v2:172.21.15.33:3300/0,v1:172.21.15.33:6789/0] conn(0x7f4848108220 0x7f484819de80 secure :-1 s=READY pgs=71 cs=0 l=1 rev1=1 crypto rx=0x7f483c0116a0 tx=0x7f483c011ba0 comp rx=0 tx=0).stop
2024-04-24T23:03:12.246 INFO:teuthology.orchestra.run.smithi033.stdout:/usr/bin/ceph: stderr
2024-04-24T23:03:11.500+0000 7f484efbf700 1 -- 172.21.15.33:0/3834335915 shutdown_connections
2024-04-24T23:03:12.246 INFO:teuthology.orchestra.run.smithi033.stdout:/usr/bin/ceph: stderr
2024-04-24T23:03:11.500+0000 7f484efbf700 1 --2- 172.21.15.33:0/3834335915 >> [v2:172.21.15.33:6800/3494091302,v1:172.21.15.33:6801/3494091302] conn(0x7f48380390b0 0x7f483803b570 unknown :-1 s=CLOSED pgs=9 cs=0 l=1 rev1=1 crypto rx=0 tx=0 comp rx=0 tx=0).stop
2024-04-24T23:03:12.246 INFO:teuthology.orchestra.run.smithi033.stdout:/usr/bin/ceph: stderr
2024-04-24T23:03:11.500+0000 7f484efbf700 1 --2- 172.21.15.33:0/3834335915 >> [v2:172.21.15.33:3300/0,v1:172.21.15.33:6789/0] conn(0x7f4848108220 0x7f484819de80 unknown :-1 s=CLOSED pgs=71 cs=0 l=1 rev1=1 crypto rx=0 tx=0 comp rx=0 tx=0).stop
2024-04-24T23:03:12.246 INFO:teuthology.orchestra.run.smithi033.stdout:/usr/bin/ceph: stderr
2024-04-24T23:03:11.500+0000 7f484efbf700 1 -- 172.21.15.33:0/3834335915 >> 172.21.15.33:0/3834335915 conn(0x7f4848101940 msgr2=0x7f48481949c0 unknown :-1 s=STATE_NONE l=0).mark_down
2024-04-24T23:03:12.246 INFO:teuthology.orchestra.run.smithi033.stdout:/usr/bin/ceph: stderr
2024-04-24T23:03:11.500+0000 7f484efbf700 1 -- 172.21.15.33:0/3834335915 shutdown_connections
2024-04-24T23:03:12.246 INFO:teuthology.orchestra.run.smithi033.stdout:/usr/bin/ceph: stderr
2024-04-24T23:03:11.500+0000 7f484efbf700 1 -- 172.21.15.33:0/3834335915 wait complete.
2024-04-24T23:03:12.250 INFO:teuthology.orchestra.run.smithi033.stdout:Non-zero exit code 1 from systemctl is-enabled firewalld.service
2024-04-24T23:03:12.250 INFO:teuthology.orchestra.run.smithi033.stdout:systemctl: stdout disabled
2024-04-24T23:03:12.258 INFO:teuthology.orchestra.run.smithi033.stdout:Non-zero exit code 3 from systemctl is-active firewalld.service
2024-04-24T23:03:12.258 INFO:teuthology.orchestra.run.smithi033.stdout:systemctl: stdout inactive
2024-04-24T23:03:12.258 INFO:teuthology.orchestra.run.smithi033.stdout:firewalld.service is not enabled
2024-04-24T23:03:12.258 INFO:teuthology.orchestra.run.smithi033.stdout:Not possible to open ports <[8443]>. firewalld.service is not available
2024-04-24T23:03:12.259 INFO:teuthology.orchestra.run.smithi033.stdout:Ceph Dashboard is now available at:
2024-04-24T23:03:12.259 INFO:teuthology.orchestra.run.smithi033.stdout:
2024-04-24T23:03:12.260 INFO:teuthology.orchestra.run.smithi033.stdout: URL: https://smithi033:8443/
2024-04-24T23:03:12.260 INFO:teuthology.orchestra.run.smithi033.stdout: User: admin
2024-04-24T23:03:12.260 INFO:teuthology.orchestra.run.smithi033.stdout: Password: giuxrowv8m
2024-04-24T23:03:12.260 INFO:teuthology.orchestra.run.smithi033.stdout:
2024-04-24T23:03:12.261 INFO:teuthology.orchestra.run.smithi033.stdout:Saving cluster configuration to /var/lib/ceph/8917d4f4-028e-11ef-bc93-c7b262605968/config directory
2024-04-24T23:03:12.261 INFO:teuthology.orchestra.run.smithi033.stdout:Enabling autotune for osd_memory_target
2024-04-24T23:03:13.205 INFO:journalctl@ceph.mon.a.smithi033.stdout:Apr 24 23:03:13 smithi033 ceph-mon[29201]: mgrmap e13: x(active, since 6s)
2024-04-24T23:03:13.405 INFO:teuthology.orchestra.run.smithi033.stdout:/usr/bin/ceph: stderr
2024-04-24T23:03:12.727+0000 7f9595303700 1 Processor -- start
2024-04-24T23:03:13.406 INFO:teuthology.orchestra.run.smithi033.stdout:/usr/bin/ceph: stderr
2024-04-24T23:03:12.727+0000 7f9595303700 1 -- start start
2024-04-24T23:03:13.406 INFO:teuthology.orchestra.run.smithi033.stdout:/usr/bin/ceph: stderr
2024-04-24T23:03:12.727+0000 7f9595303700 1 --2- >> [v2:172.21.15.33:3300/0,v1:172.21.15.33:6789/0] conn(0x7f9590106b90 0x7f9590106fb0 unknown :-1 s=NONE pgs=0 cs=0 l=0 rev1=0 crypto rx=0 tx=0 comp rx=0 tx=0).connect
2024-04-24T23:03:13.406 INFO:teuthology.orchestra.run.smithi033.stdout:/usr/bin/ceph: stderr
2024-04-24T23:03:12.727+0000 7f9595303700 1 -- --> [v2:172.21.15.33:3300/0,v1:172.21.15.33:6789/0] -- mon_getmap magic: 0 -- 0x7f9590107580 con 0x7f9590106b90
2024-04-24T23:03:13.406 INFO:teuthology.orchestra.run.smithi033.stdout:/usr/bin/ceph: stderr
2024-04-24T23:03:12.727+0000 7f958effd700 1 --2- >> [v2:172.21.15.33:3300/0,v1:172.21.15.33:6789/0] conn(0x7f9590106b90 0x7f9590106fb0 unknown :-1 s=BANNER_CONNECTING pgs=0 cs=0 l=0 rev1=0 crypto rx=0 tx=0 comp rx=0 tx=0)._handle_peer_banner_payload supported=3 required=0
2024-04-24T23:03:13.406 INFO:teuthology.orchestra.run.smithi033.stdout:/usr/bin/ceph: stderr
2024-04-24T23:03:12.728+0000 7f958effd700 1 --2- >> [v2:172.21.15.33:3300/0,v1:172.21.15.33:6789/0] conn(0x7f9590106b90 0x7f9590106fb0 unknown :-1 s=HELLO_CONNECTING pgs=0 cs=0 l=0 rev1=1 crypto rx=0 tx=0 comp rx=0 tx=0).handle_hello peer v2:172.21.15.33:3300/0 says I am v2:172.21.15.33:36260/0 (socket says 172.21.15.33:36260)
2024-04-24T23:03:13.406 INFO:teuthology.orchestra.run.smithi033.stdout:/usr/bin/ceph: stderr
2024-04-24T23:03:12.728+0000 7f958effd700 1 -- 172.21.15.33:0/2788861665 learned_addr learned my addr 172.21.15.33:0/2788861665 (peer_addr_for_me v2:172.21.15.33:0/0)
2024-04-24T23:03:13.406 INFO:teuthology.orchestra.run.smithi033.stdout:/usr/bin/ceph: stderr
2024-04-24T23:03:12.728+0000 7f958effd700 1 -- 172.21.15.33:0/2788861665 --> [v2:172.21.15.33:3300/0,v1:172.21.15.33:6789/0] -- mon_subscribe({config=0+,monmap=0+}) -- 0x7f9590107d90 con 0x7f9590106b90
2024-04-24T23:03:13.406 INFO:teuthology.orchestra.run.smithi033.stdout:/usr/bin/ceph: stderr
2024-04-24T23:03:12.728+0000 7f958effd700 1 --2- 172.21.15.33:0/2788861665 >> [v2:172.21.15.33:3300/0,v1:172.21.15.33:6789/0] conn(0x7f9590106b90 0x7f9590106fb0 secure :-1 s=READY pgs=72 cs=0 l=1 rev1=1 crypto rx=0x7f958800d180 tx=0x7f958800d490 comp rx=0 tx=0).ready entity=mon.0 client_cookie=662acfd170b9f81a server_cookie=0 in_seq=0 out_seq=0
2024-04-24T23:03:13.406 INFO:teuthology.orchestra.run.smithi033.stdout:/usr/bin/ceph: stderr
2024-04-24T23:03:12.728+0000 7f958dffb700 1 -- 172.21.15.33:0/2788861665 <== mon.0 v2:172.21.15.33:3300/0 1 ==== mon_map magic: 0 ==== 205+0+0 (secure 0 0 0) 0x7f9588019070 con 0x7f9590106b90
2024-04-24T23:03:13.406 INFO:teuthology.orchestra.run.smithi033.stdout:/usr/bin/ceph: stderr
2024-04-24T23:03:12.728+0000 7f958dffb700 1 -- 172.21.15.33:0/2788861665 <== mon.0 v2:172.21.15.33:3300/0 2 ==== config(27 keys) ==== 1140+0+0 (secure 0 0 0) 0x7f958800de20 con 0x7f9590106b90
2024-04-24T23:03:13.406 INFO:teuthology.orchestra.run.smithi033.stdout:/usr/bin/ceph: stderr
2024-04-24T23:03:12.728+0000 7f958dffb700 1 -- 172.21.15.33:0/2788861665 <== mon.0 v2:172.21.15.33:3300/0 3 ==== mon_map magic: 0 ==== 205+0+0 (secure 0 0 0) 0x7f9588009af0 con 0x7f9590106b90
2024-04-24T23:03:13.407 INFO:teuthology.orchestra.run.smithi033.stdout:/usr/bin/ceph: stderr
2024-04-24T23:03:12.729+0000 7f9595303700 1 -- 172.21.15.33:0/2788861665 >> [v2:172.21.15.33:3300/0,v1:172.21.15.33:6789/0] conn(0x7f9590106b90 msgr2=0x7f9590106fb0 secure :-1 s=STATE_CONNECTION_ESTABLISHED l=1).mark_down
2024-04-24T23:03:13.407 INFO:teuthology.orchestra.run.smithi033.stdout:/usr/bin/ceph: stderr
2024-04-24T23:03:12.729+0000 7f9595303700 1 --2- 172.21.15.33:0/2788861665 >> [v2:172.21.15.33:3300/0,v1:172.21.15.33:6789/0] conn(0x7f9590106b90 0x7f9590106fb0 secure :-1 s=READY pgs=72 cs=0 l=1 rev1=1 crypto rx=0x7f958800d180 tx=0x7f958800d490 comp rx=0 tx=0).stop
2024-04-24T23:03:13.407 INFO:teuthology.orchestra.run.smithi033.stdout:/usr/bin/ceph: stderr
2024-04-24T23:03:12.729+0000 7f9595303700 1 -- 172.21.15.33:0/2788861665 shutdown_connections
2024-04-24T23:03:13.407 INFO:teuthology.orchestra.run.smithi033.stdout:/usr/bin/ceph: stderr
2024-04-24T23:03:12.729+0000 7f9595303700 1 --2- 172.21.15.33:0/2788861665 >> [v2:172.21.15.33:3300/0,v1:172.21.15.33:6789/0] conn(0x7f9590106b90 0x7f9590106fb0 unknown :-1 s=CLOSED pgs=72 cs=0 l=1 rev1=1 crypto rx=0 tx=0 comp rx=0 tx=0).stop
2024-04-24T23:03:13.407 INFO:teuthology.orchestra.run.smithi033.stdout:/usr/bin/ceph: stderr
2024-04-24T23:03:12.729+0000 7f9595303700 1 -- 172.21.15.33:0/2788861665 >> 172.21.15.33:0/2788861665 conn(0x7f9590102110 msgr2=0x7f9590104570 unknown :-1 s=STATE_NONE l=0).mark_down
2024-04-24T23:03:13.407 INFO:teuthology.orchestra.run.smithi033.stdout:/usr/bin/ceph: stderr
2024-04-24T23:03:12.729+0000 7f9595303700 1 -- 172.21.15.33:0/2788861665 shutdown_connections
2024-04-24T23:03:13.407 INFO:teuthology.orchestra.run.smithi033.stdout:/usr/bin/ceph: stderr
2024-04-24T23:03:12.729+0000 7f9595303700 1 -- 172.21.15.33:0/2788861665 wait complete.
2024-04-24T23:03:13.407 INFO:teuthology.orchestra.run.smithi033.stdout:/usr/bin/ceph: stderr
2024-04-24T23:03:12.729+0000 7f9595303700 1 Processor -- start
2024-04-24T23:03:13.407 INFO:teuthology.orchestra.run.smithi033.stdout:/usr/bin/ceph: stderr
2024-04-24T23:03:12.730+0000 7f9595303700 1 -- start start
2024-04-24T23:03:13.407 INFO:teuthology.orchestra.run.smithi033.stdout:/usr/bin/ceph: stderr
2024-04-24T23:03:12.730+0000 7f9595303700 1 --2- >> [v2:172.21.15.33:3300/0,v1:172.21.15.33:6789/0] conn(0x7f9590106b90 0x7f9590199a40 unknown :-1 s=NONE pgs=0 cs=0 l=1 rev1=0 crypto rx=0 tx=0 comp rx=0 tx=0).connect
2024-04-24T23:03:13.407 INFO:teuthology.orchestra.run.smithi033.stdout:/usr/bin/ceph: stderr
2024-04-24T23:03:12.730+0000 7f9595303700 1 -- --> [v2:172.21.15.33:3300/0,v1:172.21.15.33:6789/0] -- mon_getmap magic: 0 -- 0x7f959007af50 con 0x7f9590106b90
2024-04-24T23:03:13.407 INFO:teuthology.orchestra.run.smithi033.stdout:/usr/bin/ceph: stderr
2024-04-24T23:03:12.730+0000 7f958effd700 1 --2- >> [v2:172.21.15.33:3300/0,v1:172.21.15.33:6789/0] conn(0x7f9590106b90 0x7f9590199a40 unknown :-1 s=BANNER_CONNECTING pgs=0 cs=0 l=1 rev1=0 crypto rx=0 tx=0 comp rx=0 tx=0)._handle_peer_banner_payload supported=3 required=0
2024-04-24T23:03:13.407 INFO:teuthology.orchestra.run.smithi033.stdout:/usr/bin/ceph: stderr
2024-04-24T23:03:12.730+0000 7f958effd700 1 --2- >> [v2:172.21.15.33:3300/0,v1:172.21.15.33:6789/0] conn(0x7f9590106b90 0x7f9590199a40 unknown :-1 s=HELLO_CONNECTING pgs=0 cs=0 l=1 rev1=1 crypto rx=0 tx=0 comp rx=0 tx=0).handle_hello peer v2:172.21.15.33:3300/0 says I am v2:172.21.15.33:36274/0 (socket says 172.21.15.33:36274)
2024-04-24T23:03:13.408 INFO:teuthology.orchestra.run.smithi033.stdout:/usr/bin/ceph: stderr
2024-04-24T23:03:12.730+0000 7f958effd700 1 -- 172.21.15.33:0/3544345676 learned_addr learned my addr 172.21.15.33:0/3544345676 (peer_addr_for_me v2:172.21.15.33:0/0)
2024-04-24T23:03:13.408 INFO:teuthology.orchestra.run.smithi033.stdout:/usr/bin/ceph: stderr
2024-04-24T23:03:12.730+0000 7f958effd700 1 -- 172.21.15.33:0/3544345676 --> [v2:172.21.15.33:3300/0,v1:172.21.15.33:6789/0] -- mon_subscribe({config=0+,monmap=0+}) -- 0x7f9590199f80 con 0x7f9590106b90
2024-04-24T23:03:13.408 INFO:teuthology.orchestra.run.smithi033.stdout:/usr/bin/ceph: stderr
2024-04-24T23:03:12.730+0000 7f958effd700 1 --2- 172.21.15.33:0/3544345676 >> [v2:172.21.15.33:3300/0,v1:172.21.15.33:6789/0] conn(0x7f9590106b90 0x7f9590199a40 secure :-1 s=READY pgs=73 cs=0 l=1 rev1=1 crypto rx=0x7f9588003c50 tx=0x7f9588003d30 comp rx=0 tx=0).ready entity=mon.0 client_cookie=0 server_cookie=0 in_seq=0 out_seq=0
2024-04-24T23:03:13.408 INFO:teuthology.orchestra.run.smithi033.stdout:/usr/bin/ceph: stderr
2024-04-24T23:03:12.731+0000 7f9587fff700 1 -- 172.21.15.33:0/3544345676 <== mon.0 v2:172.21.15.33:3300/0 1 ==== mon_map magic: 0 ==== 205+0+0 (secure 0 0 0) 0x7f9588023020 con 0x7f9590106b90
2024-04-24T23:03:13.408 INFO:teuthology.orchestra.run.smithi033.stdout:/usr/bin/ceph: stderr
2024-04-24T23:03:12.731+0000 7f9587fff700 1 -- 172.21.15.33:0/3544345676 <== mon.0 v2:172.21.15.33:3300/0 2 ==== config(27 keys) ==== 1140+0+0 (secure 0 0 0) 0x7f958800b200 con 0x7f9590106b90
2024-04-24T23:03:13.408 INFO:teuthology.orchestra.run.smithi033.stdout:/usr/bin/ceph: stderr
2024-04-24T23:03:12.731+0000 7f9595303700 1 -- 172.21.15.33:0/3544345676 --> [v2:172.21.15.33:3300/0,v1:172.21.15.33:6789/0] -- mon_subscribe({mgrmap=0+}) -- 0x7f959019a210 con 0x7f9590106b90
2024-04-24T23:03:13.408 INFO:teuthology.orchestra.run.smithi033.stdout:/usr/bin/ceph: stderr
2024-04-24T23:03:12.731+0000 7f9587fff700 1 -- 172.21.15.33:0/3544345676 <== mon.0 v2:172.21.15.33:3300/0 3 ==== mon_map magic: 0 ==== 205+0+0 (secure 0 0 0) 0x7f9588019040 con 0x7f9590106b90
2024-04-24T23:03:13.408 INFO:teuthology.orchestra.run.smithi033.stdout:/usr/bin/ceph: stderr
2024-04-24T23:03:12.731+0000 7f9595303700 1 -- 172.21.15.33:0/3544345676 --> [v2:172.21.15.33:3300/0,v1:172.21.15.33:6789/0] -- mon_subscribe({osdmap=0}) -- 0x7f959019cf00 con 0x7f9590106b90
2024-04-24T23:03:13.408 INFO:teuthology.orchestra.run.smithi033.stdout:/usr/bin/ceph: stderr
2024-04-24T23:03:12.731+0000 7f9587fff700 1 -- 172.21.15.33:0/3544345676 <== mon.0 v2:172.21.15.33:3300/0 4 ==== mgrmap(e 13) ==== 46343+0+0 (secure 0 0 0) 0x7f9588026020 con 0x7f9590106b90
2024-04-24T23:03:13.408 INFO:teuthology.orchestra.run.smithi033.stdout:/usr/bin/ceph: stderr
2024-04-24T23:03:12.732+0000 7f9595303700 1 -- 172.21.15.33:0/3544345676 --> [v2:172.21.15.33:3300/0,v1:172.21.15.33:6789/0] -- mon_command({"prefix": "get_command_descriptions"} v 0) -- 0x7f9590063890 con 0x7f9590106b90
2024-04-24T23:03:13.408 INFO:teuthology.orchestra.run.smithi033.stdout:/usr/bin/ceph: stderr
2024-04-24T23:03:12.732+0000 7f9587fff700 1 --2- 172.21.15.33:0/3544345676 >> [v2:172.21.15.33:6800/3494091302,v1:172.21.15.33:6801/3494091302] conn(0x7f957c039150 0x7f957c03b610 unknown :-1 s=NONE pgs=0 cs=0 l=1 rev1=0 crypto rx=0 tx=0 comp rx=0 tx=0).connect
2024-04-24T23:03:13.408 INFO:teuthology.orchestra.run.smithi033.stdout:/usr/bin/ceph: stderr
2024-04-24T23:03:12.732+0000 7f9587fff700 1 -- 172.21.15.33:0/3544345676 <== mon.0 v2:172.21.15.33:3300/0 5 ==== osd_map(3..3 src has 1..3) ==== 1155+0+0 (secure 0 0 0) 0x7f9588011050 con 0x7f9590106b90
2024-04-24T23:03:13.408 INFO:teuthology.orchestra.run.smithi033.stdout:/usr/bin/ceph: stderr
2024-04-24T23:03:12.732+0000 7f958e7fc700 1 --2- 172.21.15.33:0/3544345676 >> [v2:172.21.15.33:6800/3494091302,v1:172.21.15.33:6801/3494091302] conn(0x7f957c039150 0x7f957c03b610 unknown :-1 s=BANNER_CONNECTING pgs=0 cs=0 l=1 rev1=0 crypto rx=0 tx=0 comp rx=0 tx=0)._handle_peer_banner_payload supported=3 required=0
2024-04-24T23:03:13.409 INFO:teuthology.orchestra.run.smithi033.stdout:/usr/bin/ceph: stderr
2024-04-24T23:03:12.732+0000 7f958e7fc700 1 --2- 172.21.15.33:0/3544345676 >> [v2:172.21.15.33:6800/3494091302,v1:172.21.15.33:6801/3494091302] conn(0x7f957c039150 0x7f957c03b610 secure :-1 s=READY pgs=10 cs=0 l=1 rev1=1 crypto rx=0x7f9578006fd0 tx=0x7f9578006e40 comp rx=0 tx=0).ready entity=mgr.14148 client_cookie=0 server_cookie=0 in_seq=0 out_seq=0
2024-04-24T23:03:13.409 INFO:teuthology.orchestra.run.smithi033.stdout:/usr/bin/ceph: stderr
2024-04-24T23:03:12.737+0000 7f9587fff700 1 -- 172.21.15.33:0/3544345676 <== mon.0 v2:172.21.15.33:3300/0 6 ==== mon_command_ack([{"prefix": "get_command_descriptions"}]=0 v0) ==== 72+0+186147 (secure 0 0 0) 0x7f958802d020 con 0x7f9590106b90
2024-04-24T23:03:13.409 INFO:teuthology.orchestra.run.smithi033.stdout:/usr/bin/ceph: stderr
2024-04-24T23:03:12.943+0000 7f9595303700 1 -- 172.21.15.33:0/3544345676 --> [v2:172.21.15.33:3300/0,v1:172.21.15.33:6789/0] -- mon_command([{prefix=config set, name=osd_memory_target_autotune}] v 0) -- 0x7f959002ddf0 con 0x7f9590106b90
2024-04-24T23:03:13.409 INFO:teuthology.orchestra.run.smithi033.stdout:/usr/bin/ceph: stderr
2024-04-24T23:03:12.943+0000 7f9587fff700 1 -- 172.21.15.33:0/3544345676 <== mon.0 v2:172.21.15.33:3300/0 7 ==== mon_command_ack([{prefix=config set, name=osd_memory_target_autotune}]=0 v8)=0 v8) ==== 127+0+0 (secure 0 0 0) 0x7f958801ec10 con 0x7f9590106b90
2024-04-24T23:03:13.409 INFO:teuthology.orchestra.run.smithi033.stdout:/usr/bin/ceph: stderr
2024-04-24T23:03:12.946+0000 7f9595303700 1 -- 172.21.15.33:0/3544345676 >> [v2:172.21.15.33:6800/3494091302,v1:172.21.15.33:6801/3494091302] conn(0x7f957c039150 msgr2=0x7f957c03b610 secure :-1 s=STATE_CONNECTION_ESTABLISHED l=1).mark_down
