2024-04-24T23:02:45.652+0000 7f2992ffd700 1 --2- 172.21.15.33:0/204701654 >> [v2:172.21.15.33:6800/2813273186,v1:172.21.15.33:6801/2813273186] conn(0x7f297c0390a0 0x7f297c03b560 unknown :-1 s=BANNER_CONNECTING pgs=0 cs=0 l=1 rev1=0 crypto rx=0 tx=0 comp rx=0 tx=0)._handle_peer_banner_payload supported=3 required=0
2024-04-24T23:02:50.715 INFO:teuthology.orchestra.run.smithi033.stdout:/usr/bin/ceph: stderr
2024-04-24T23:02:45.652+0000 7f2999c51700 1 -- 172.21.15.33:0/204701654 --> [v2:172.21.15.33:3300/0,v1:172.21.15.33:6789/0] -- mon_command({"prefix": "get_command_descriptions"} v 0) -- 0x7f2994063890 con 0x7f299407dd60
2024-04-24T23:02:50.715 INFO:teuthology.orchestra.run.smithi033.stdout:/usr/bin/ceph: stderr
2024-04-24T23:02:45.653+0000 7f2992ffd700 1 --2- 172.21.15.33:0/204701654 >> [v2:172.21.15.33:6800/2813273186,v1:172.21.15.33:6801/2813273186] conn(0x7f297c0390a0 0x7f297c03b560 secure :-1 s=READY pgs=11 cs=0 l=1 rev1=1 crypto rx=0x7f2988006fd0 tx=0x7f2988006e40 comp rx=0 tx=0).ready entity=mgr.14116 client_cookie=0 server_cookie=0 in_seq=0 out_seq=0
2024-04-24T23:02:50.715 INFO:teuthology.orchestra.run.smithi033.stdout:/usr/bin/ceph: stderr
2024-04-24T23:02:45.658+0000 7f2990ff9700 1 -- 172.21.15.33:0/204701654 <== mon.0 v2:172.21.15.33:3300/0 6 ==== mon_command_ack([{"prefix": "get_command_descriptions"}]=0 v0) ==== 72+0+186147 (secure 0 0 0) 0x7f29840172b0 con 0x7f299407dd60
2024-04-24T23:02:50.715 INFO:teuthology.orchestra.run.smithi033.stdout:/usr/bin/ceph: stderr
2024-04-24T23:02:45.869+0000 7f2999c51700 1 -- 172.21.15.33:0/204701654 --> [v2:172.21.15.33:6800/2813273186,v1:172.21.15.33:6801/2813273186] -- mgr_command(tid 0: {"prefix": "orch host add", "hostname": "smithi033", "addr": "172.21.15.33", "target": ["mon-mgr", ""]}) -- 0x7f2994104530 con 0x7f297c0390a0
2024-04-24T23:02:50.715 INFO:teuthology.orchestra.run.smithi033.stdout:/usr/bin/ceph: stderr
2024-04-24T23:02:50.144+0000 7f2990ff9700 1 -- 172.21.15.33:0/204701654 <== mgr.14116 v2:172.21.15.33:6800/2813273186 1 ==== mgr_command_reply(tid 0: 0 ) ==== 8+0+48 (secure 0 0 0) 0x7f2994104530 con 0x7f297c0390a0
2024-04-24T23:02:50.715 INFO:teuthology.orchestra.run.smithi033.stdout:/usr/bin/ceph: stderr
2024-04-24T23:02:50.147+0000 7f2999c51700 1 -- 172.21.15.33:0/204701654 >> [v2:172.21.15.33:6800/2813273186,v1:172.21.15.33:6801/2813273186] conn(0x7f297c0390a0 msgr2=0x7f297c03b560 secure :-1 s=STATE_CONNECTION_ESTABLISHED l=1).mark_down
2024-04-24T23:02:50.715 INFO:teuthology.orchestra.run.smithi033.stdout:/usr/bin/ceph: stderr
2024-04-24T23:02:50.147+0000 7f2999c51700 1 --2- 172.21.15.33:0/204701654 >> [v2:172.21.15.33:6800/2813273186,v1:172.21.15.33:6801/2813273186] conn(0x7f297c0390a0 0x7f297c03b560 secure :-1 s=READY pgs=11 cs=0 l=1 rev1=1 crypto rx=0x7f2988006fd0 tx=0x7f2988006e40 comp rx=0 tx=0).stop
2024-04-24T23:02:50.715 INFO:teuthology.orchestra.run.smithi033.stdout:/usr/bin/ceph: stderr
2024-04-24T23:02:50.147+0000 7f2999c51700 1 -- 172.21.15.33:0/204701654 >> [v2:172.21.15.33:3300/0,v1:172.21.15.33:6789/0] conn(0x7f299407dd60 msgr2=0x7f299419dda0 secure :-1 s=STATE_CONNECTION_ESTABLISHED l=1).mark_down
2024-04-24T23:02:50.715 INFO:teuthology.orchestra.run.smithi033.stdout:/usr/bin/ceph: stderr
2024-04-24T23:02:50.147+0000 7f2999c51700 1 --2- 172.21.15.33:0/204701654 >> [v2:172.21.15.33:3300/0,v1:172.21.15.33:6789/0] conn(0x7f299407dd60 0x7f299419dda0 secure :-1 s=READY pgs=42 cs=0 l=1 rev1=1 crypto rx=0x7f2984011b60 tx=0x7f2984011c40 comp rx=0 tx=0).stop
2024-04-24T23:02:50.715 INFO:teuthology.orchestra.run.smithi033.stdout:/usr/bin/ceph: stderr
2024-04-24T23:02:50.147+0000 7f2999c51700 1 -- 172.21.15.33:0/204701654 shutdown_connections
2024-04-24T23:02:50.715 INFO:teuthology.orchestra.run.smithi033.stdout:/usr/bin/ceph: stderr
2024-04-24T23:02:50.147+0000 7f2999c51700 1 --2- 172.21.15.33:0/204701654 >> [v2:172.21.15.33:6800/2813273186,v1:172.21.15.33:6801/2813273186] conn(0x7f297c0390a0 0x7f297c03b560 unknown :-1 s=CLOSED pgs=11 cs=0 l=1 rev1=1 crypto rx=0 tx=0 comp rx=0 tx=0).stop
2024-04-24T23:02:50.715 INFO:teuthology.orchestra.run.smithi033.stdout:/usr/bin/ceph: stderr
2024-04-24T23:02:50.147+0000 7f2999c51700 1 --2- 172.21.15.33:0/204701654 >> [v2:172.21.15.33:3300/0,v1:172.21.15.33:6789/0] conn(0x7f299407dd60 0x7f299419dda0 unknown :-1 s=CLOSED pgs=42 cs=0 l=1 rev1=1 crypto rx=0 tx=0 comp rx=0 tx=0).stop
2024-04-24T23:02:50.716 INFO:teuthology.orchestra.run.smithi033.stdout:/usr/bin/ceph: stderr
2024-04-24T23:02:50.147+0000 7f2999c51700 1 -- 172.21.15.33:0/204701654 >> 172.21.15.33:0/204701654 conn(0x7f2994103300 msgr2=0x7f2994103e20 unknown :-1 s=STATE_NONE l=0).mark_down
2024-04-24T23:02:50.716 INFO:teuthology.orchestra.run.smithi033.stdout:/usr/bin/ceph: stderr
2024-04-24T23:02:50.147+0000 7f2999c51700 1 -- 172.21.15.33:0/204701654 shutdown_connections
2024-04-24T23:02:50.716 INFO:teuthology.orchestra.run.smithi033.stdout:/usr/bin/ceph: stderr
2024-04-24T23:02:50.147+0000 7f2999c51700 1 -- 172.21.15.33:0/204701654 wait complete.
2024-04-24T23:02:50.716 INFO:teuthology.orchestra.run.smithi033.stdout:Deploying unmanaged mon service...
2024-04-24T23:02:51.296 INFO:journalctl@ceph.mon.a.smithi033.stdout:Apr 24 23:02:51 smithi033 ceph-mon[29201]: from='mgr.14116 172.21.15.33:0/1733926180' entity='mgr.x'
2024-04-24T23:02:51.296 INFO:journalctl@ceph.mon.a.smithi033.stdout:Apr 24 23:02:51 smithi033 ceph-mon[29201]: Added host smithi033
2024-04-24T23:02:51.296 INFO:journalctl@ceph.mon.a.smithi033.stdout:Apr 24 23:02:51 smithi033 ceph-mon[29201]: from='mgr.14116 172.21.15.33:0/1733926180' entity='mgr.x' cmd=[{"prefix": "config dump", "format": "json"}]: dispatch
2024-04-24T23:02:52.649 INFO:journalctl@ceph.mon.a.smithi033.stdout:Apr 24 23:02:52 smithi033 ceph-mon[29201]: from='client.14138 -' entity='client.admin' cmd=[{"prefix": "orch apply", "service_type": "mon", "unmanaged": true, "target": ["mon-mgr", ""]}]: dispatch
2024-04-24T23:02:52.649 INFO:journalctl@ceph.mon.a.smithi033.stdout:Apr 24 23:02:52 smithi033 ceph-mon[29201]: Saving service mon spec with placement count:5
2024-04-24T23:02:52.650 INFO:journalctl@ceph.mon.a.smithi033.stdout:Apr 24 23:02:52 smithi033 ceph-mon[29201]: from='mgr.14116 172.21.15.33:0/1733926180' entity='mgr.x'
2024-04-24T23:02:53.189 INFO:teuthology.orchestra.run.smithi033.stdout:/usr/bin/ceph: stdout Scheduled mon update...
2024-04-24T23:02:53.189 INFO:teuthology.orchestra.run.smithi033.stdout:/usr/bin/ceph: stderr
2024-04-24T23:02:51.293+0000 7f9ff878c700 1 Processor -- start
2024-04-24T23:02:53.189 INFO:teuthology.orchestra.run.smithi033.stdout:/usr/bin/ceph: stderr
2024-04-24T23:02:51.294+0000 7f9ff878c700 1 -- start start
2024-04-24T23:02:53.189 INFO:teuthology.orchestra.run.smithi033.stdout:/usr/bin/ceph: stderr
2024-04-24T23:02:51.294+0000 7f9ff878c700 1 --2- >> [v2:172.21.15.33:3300/0,v1:172.21.15.33:6789/0] conn(0x7f9ff0108760 0x7f9ff010ab50 unknown :-1 s=NONE pgs=0 cs=0 l=0 rev1=0 crypto rx=0 tx=0 comp rx=0 tx=0).connect
2024-04-24T23:02:53.189 INFO:teuthology.orchestra.run.smithi033.stdout:/usr/bin/ceph: stderr
2024-04-24T23:02:51.294+0000 7f9ff878c700 1 -- --> [v2:172.21.15.33:3300/0,v1:172.21.15.33:6789/0] -- mon_getmap magic: 0 -- 0x7f9ff007bdd0 con 0x7f9ff0108760
2024-04-24T23:02:53.189 INFO:teuthology.orchestra.run.smithi033.stdout:/usr/bin/ceph: stderr
2024-04-24T23:02:51.294+0000 7f9ff6528700 1 --2- >> [v2:172.21.15.33:3300/0,v1:172.21.15.33:6789/0] conn(0x7f9ff0108760 0x7f9ff010ab50 unknown :-1 s=BANNER_CONNECTING pgs=0 cs=0 l=0 rev1=0 crypto rx=0 tx=0 comp rx=0 tx=0)._handle_peer_banner_payload supported=3 required=0
2024-04-24T23:02:53.189 INFO:teuthology.orchestra.run.smithi033.stdout:/usr/bin/ceph: stderr
2024-04-24T23:02:51.294+0000 7f9ff6528700 1 --2- >> [v2:172.21.15.33:3300/0,v1:172.21.15.33:6789/0] conn(0x7f9ff0108760 0x7f9ff010ab50 unknown :-1 s=HELLO_CONNECTING pgs=0 cs=0 l=0 rev1=1 crypto rx=0 tx=0 comp rx=0 tx=0).handle_hello peer v2:172.21.15.33:3300/0 says I am v2:172.21.15.33:55824/0 (socket says 172.21.15.33:55824)
2024-04-24T23:02:53.189 INFO:teuthology.orchestra.run.smithi033.stdout:/usr/bin/ceph: stderr
2024-04-24T23:02:51.294+0000 7f9ff6528700 1 -- 172.21.15.33:0/746994266 learned_addr learned my addr 172.21.15.33:0/746994266 (peer_addr_for_me v2:172.21.15.33:0/0)
2024-04-24T23:02:53.189 INFO:teuthology.orchestra.run.smithi033.stdout:/usr/bin/ceph: stderr
2024-04-24T23:02:51.295+0000 7f9ff6528700 1 -- 172.21.15.33:0/746994266 --> [v2:172.21.15.33:3300/0,v1:172.21.15.33:6789/0] -- mon_subscribe({config=0+,monmap=0+}) -- 0x7f9ff010b090 con 0x7f9ff0108760
2024-04-24T23:02:53.190 INFO:teuthology.orchestra.run.smithi033.stdout:/usr/bin/ceph: stderr
2024-04-24T23:02:51.295+0000 7f9ff6528700 1 --2- 172.21.15.33:0/746994266 >> [v2:172.21.15.33:3300/0,v1:172.21.15.33:6789/0] conn(0x7f9ff0108760 0x7f9ff010ab50 secure :-1 s=READY pgs=43 cs=0 l=1 rev1=1 crypto rx=0x7f9fec0098a0 tx=0x7f9fec009bb0 comp rx=0 tx=0).ready entity=mon.0 client_cookie=efccdc3125e88146 server_cookie=0 in_seq=0 out_seq=0
2024-04-24T23:02:53.194 INFO:teuthology.orchestra.run.smithi033.stdout:/usr/bin/ceph: stderr
2024-04-24T23:02:51.295+0000 7f9ff5526700 1 -- 172.21.15.33:0/746994266 <== mon.0 v2:172.21.15.33:3300/0 1 ==== mon_map magic: 0 ==== 205+0+0 (secure 0 0 0) 0x7f9fec004160 con 0x7f9ff0108760
2024-04-24T23:02:53.194 INFO:teuthology.orchestra.run.smithi033.stdout:/usr/bin/ceph: stderr
2024-04-24T23:02:51.295+0000 7f9ff5526700 1 -- 172.21.15.33:0/746994266 <== mon.0 v2:172.21.15.33:3300/0 2 ==== config(27 keys) ==== 1109+0+0 (secure 0 0 0) 0x7f9fec004300 con 0x7f9ff0108760
2024-04-24T23:02:53.194 INFO:teuthology.orchestra.run.smithi033.stdout:/usr/bin/ceph: stderr
2024-04-24T23:02:51.295+0000 7f9ff5526700 1 -- 172.21.15.33:0/746994266 <== mon.0 v2:172.21.15.33:3300/0 3 ==== mon_map magic: 0 ==== 205+0+0 (secure 0 0 0) 0x7f9fec011b50 con 0x7f9ff0108760
2024-04-24T23:02:53.194 INFO:teuthology.orchestra.run.smithi033.stdout:/usr/bin/ceph: stderr
2024-04-24T23:02:51.295+0000 7f9ff878c700 1 -- 172.21.15.33:0/746994266 >> [v2:172.21.15.33:3300/0,v1:172.21.15.33:6789/0] conn(0x7f9ff0108760 msgr2=0x7f9ff010ab50 secure :-1 s=STATE_CONNECTION_ESTABLISHED l=1).mark_down
2024-04-24T23:02:53.194 INFO:teuthology.orchestra.run.smithi033.stdout:/usr/bin/ceph: stderr
2024-04-24T23:02:51.295+0000 7f9ff878c700 1 --2- 172.21.15.33:0/746994266 >> [v2:172.21.15.33:3300/0,v1:172.21.15.33:6789/0] conn(0x7f9ff0108760 0x7f9ff010ab50 secure :-1 s=READY pgs=43 cs=0 l=1 rev1=1 crypto rx=0x7f9fec0098a0 tx=0x7f9fec009bb0 comp rx=0 tx=0).stop
2024-04-24T23:02:53.194 INFO:teuthology.orchestra.run.smithi033.stdout:/usr/bin/ceph: stderr
2024-04-24T23:02:51.296+0000 7f9ff878c700 1 -- 172.21.15.33:0/746994266 shutdown_connections
2024-04-24T23:02:53.195 INFO:teuthology.orchestra.run.smithi033.stdout:/usr/bin/ceph: stderr
2024-04-24T23:02:51.296+0000 7f9ff878c700 1 --2- 172.21.15.33:0/746994266 >> [v2:172.21.15.33:3300/0,v1:172.21.15.33:6789/0] conn(0x7f9ff0108760 0x7f9ff010ab50 unknown :-1 s=CLOSED pgs=43 cs=0 l=1 rev1=1 crypto rx=0 tx=0 comp rx=0 tx=0).stop
2024-04-24T23:02:53.195 INFO:teuthology.orchestra.run.smithi033.stdout:/usr/bin/ceph: stderr
2024-04-24T23:02:51.296+0000 7f9ff878c700 1 -- 172.21.15.33:0/746994266 >> 172.21.15.33:0/746994266 conn(0x7f9ff0102170 msgr2=0x7f9ff0104590 unknown :-1 s=STATE_NONE l=0).mark_down
2024-04-24T23:02:53.195 INFO:teuthology.orchestra.run.smithi033.stdout:/usr/bin/ceph: stderr
2024-04-24T23:02:51.296+0000 7f9ff878c700 1 -- 172.21.15.33:0/746994266 shutdown_connections
2024-04-24T23:02:53.195 INFO:teuthology.orchestra.run.smithi033.stdout:/usr/bin/ceph: stderr
2024-04-24T23:02:51.296+0000 7f9ff878c700 1 -- 172.21.15.33:0/746994266 wait complete.
2024-04-24T23:02:53.195 INFO:teuthology.orchestra.run.smithi033.stdout:/usr/bin/ceph: stderr
2024-04-24T23:02:51.296+0000 7f9ff878c700 1 Processor -- start
2024-04-24T23:02:53.195 INFO:teuthology.orchestra.run.smithi033.stdout:/usr/bin/ceph: stderr
2024-04-24T23:02:51.296+0000 7f9ff878c700 1 -- start start
2024-04-24T23:02:53.195 INFO:teuthology.orchestra.run.smithi033.stdout:/usr/bin/ceph: stderr
2024-04-24T23:02:51.296+0000 7f9ff878c700 1 --2- >> [v2:172.21.15.33:3300/0,v1:172.21.15.33:6789/0] conn(0x7f9ff0108760 0x7f9ff019bc60 unknown :-1 s=NONE pgs=0 cs=0 l=1 rev1=0 crypto rx=0 tx=0 comp rx=0 tx=0).connect
2024-04-24T23:02:53.195 INFO:teuthology.orchestra.run.smithi033.stdout:/usr/bin/ceph: stderr
2024-04-24T23:02:51.296+0000 7f9ff878c700 1 -- --> [v2:172.21.15.33:3300/0,v1:172.21.15.33:6789/0] -- mon_getmap magic: 0 -- 0x7f9ff010c060 con 0x7f9ff0108760
2024-04-24T23:02:53.195 INFO:teuthology.orchestra.run.smithi033.stdout:/usr/bin/ceph: stderr
2024-04-24T23:02:51.297+0000 7f9ff6528700 1 --2- >> [v2:172.21.15.33:3300/0,v1:172.21.15.33:6789/0] conn(0x7f9ff0108760 0x7f9ff019bc60 unknown :-1 s=BANNER_CONNECTING pgs=0 cs=0 l=1 rev1=0 crypto rx=0 tx=0 comp rx=0 tx=0)._handle_peer_banner_payload supported=3 required=0
2024-04-24T23:02:53.195 INFO:teuthology.orchestra.run.smithi033.stdout:/usr/bin/ceph: stderr
2024-04-24T23:02:51.297+0000 7f9ff6528700 1 --2- >> [v2:172.21.15.33:3300/0,v1:172.21.15.33:6789/0] conn(0x7f9ff0108760 0x7f9ff019bc60 unknown :-1 s=HELLO_CONNECTING pgs=0 cs=0 l=1 rev1=1 crypto rx=0 tx=0 comp rx=0 tx=0).handle_hello peer v2:172.21.15.33:3300/0 says I am v2:172.21.15.33:55828/0 (socket says 172.21.15.33:55828)
2024-04-24T23:02:53.195 INFO:teuthology.orchestra.run.smithi033.stdout:/usr/bin/ceph: stderr
2024-04-24T23:02:51.297+0000 7f9ff6528700 1 -- 172.21.15.33:0/1145847897 learned_addr learned my addr 172.21.15.33:0/1145847897 (peer_addr_for_me v2:172.21.15.33:0/0)
2024-04-24T23:02:53.195 INFO:teuthology.orchestra.run.smithi033.stdout:/usr/bin/ceph: stderr
2024-04-24T23:02:51.297+0000 7f9ff6528700 1 -- 172.21.15.33:0/1145847897 --> [v2:172.21.15.33:3300/0,v1:172.21.15.33:6789/0] -- mon_subscribe({config=0+,monmap=0+}) -- 0x7f9ff019c1a0 con 0x7f9ff0108760
2024-04-24T23:02:53.195 INFO:teuthology.orchestra.run.smithi033.stdout:/usr/bin/ceph: stderr
2024-04-24T23:02:51.297+0000 7f9ff6528700 1 --2- 172.21.15.33:0/1145847897 >> [v2:172.21.15.33:3300/0,v1:172.21.15.33:6789/0] conn(0x7f9ff0108760 0x7f9ff019bc60 secure :-1 s=READY pgs=44 cs=0 l=1 rev1=1 crypto rx=0x7f9fec011b60 tx=0x7f9fec011c40 comp rx=0 tx=0).ready entity=mon.0 client_cookie=0 server_cookie=0 in_seq=0 out_seq=0
2024-04-24T23:02:53.196 INFO:teuthology.orchestra.run.smithi033.stdout:/usr/bin/ceph: stderr
2024-04-24T23:02:51.297+0000 7f9fe77fe700 1 -- 172.21.15.33:0/1145847897 <== mon.0 v2:172.21.15.33:3300/0 1 ==== mon_map magic: 0 ==== 205+0+0 (secure 0 0 0) 0x7f9fec003970 con 0x7f9ff0108760
2024-04-24T23:02:53.196 INFO:teuthology.orchestra.run.smithi033.stdout:/usr/bin/ceph: stderr
2024-04-24T23:02:51.297+0000 7f9ff878c700 1 -- 172.21.15.33:0/1145847897 --> [v2:172.21.15.33:3300/0,v1:172.21.15.33:6789/0] -- mon_subscribe({mgrmap=0+}) -- 0x7f9ff019c430 con 0x7f9ff0108760
2024-04-24T23:02:53.196 INFO:teuthology.orchestra.run.smithi033.stdout:/usr/bin/ceph: stderr
2024-04-24T23:02:51.297+0000 7f9fe77fe700 1 -- 172.21.15.33:0/1145847897 <== mon.0 v2:172.21.15.33:3300/0 2 ==== config(27 keys) ==== 1109+0+0 (secure 0 0 0) 0x7f9fec003b10 con 0x7f9ff0108760
2024-04-24T23:02:53.196 INFO:teuthology.orchestra.run.smithi033.stdout:/usr/bin/ceph: stderr
2024-04-24T23:02:51.297+0000 7f9fe77fe700 1 -- 172.21.15.33:0/1145847897 <== mon.0 v2:172.21.15.33:3300/0 3 ==== mon_map magic: 0 ==== 205+0+0 (secure 0 0 0) 0x7f9fec024610 con 0x7f9ff0108760
2024-04-24T23:02:53.196 INFO:teuthology.orchestra.run.smithi033.stdout:/usr/bin/ceph: stderr
2024-04-24T23:02:51.297+0000 7f9ff878c700 1 -- 172.21.15.33:0/1145847897 --> [v2:172.21.15.33:3300/0,v1:172.21.15.33:6789/0] -- mon_subscribe({osdmap=0}) -- 0x7f9ff019f120 con 0x7f9ff0108760
2024-04-24T23:02:53.196 INFO:teuthology.orchestra.run.smithi033.stdout:/usr/bin/ceph: stderr
2024-04-24T23:02:51.298+0000 7f9fe77fe700 1 -- 172.21.15.33:0/1145847897 <== mon.0 v2:172.21.15.33:3300/0 4 ==== mgrmap(e 8) ==== 46287+0+0 (secure 0 0 0) 0x7f9fec0248c0 con 0x7f9ff0108760
2024-04-24T23:02:53.196 INFO:teuthology.orchestra.run.smithi033.stdout:/usr/bin/ceph: stderr
2024-04-24T23:02:51.298+0000 7f9fe77fe700 1 --2- 172.21.15.33:0/1145847897 >> [v2:172.21.15.33:6800/2813273186,v1:172.21.15.33:6801/2813273186] conn(0x7f9fdc0390a0 0x7f9fdc03b560 unknown :-1 s=NONE pgs=0 cs=0 l=1 rev1=0 crypto rx=0 tx=0 comp rx=0 tx=0).connect
2024-04-24T23:02:53.196 INFO:teuthology.orchestra.run.smithi033.stdout:/usr/bin/ceph: stderr
2024-04-24T23:02:51.298+0000 7f9fe77fe700 1 -- 172.21.15.33:0/1145847897 <== mon.0 v2:172.21.15.33:3300/0 5 ==== osd_map(2..2 src has 1..2) ==== 940+0+0 (secure 0 0 0) 0x7f9fec011e00 con 0x7f9ff0108760
2024-04-24T23:02:53.196 INFO:teuthology.orchestra.run.smithi033.stdout:/usr/bin/ceph: stderr
2024-04-24T23:02:51.298+0000 7f9ff878c700 1 -- 172.21.15.33:0/1145847897 --> [v2:172.21.15.33:3300/0,v1:172.21.15.33:6789/0] -- mon_command({"prefix": "get_command_descriptions"} v 0) -- 0x7f9ff0063890 con 0x7f9ff0108760
2024-04-24T23:02:53.196 INFO:teuthology.orchestra.run.smithi033.stdout:/usr/bin/ceph: stderr
2024-04-24T23:02:51.298+0000 7f9ff5d27700 1 --2- 172.21.15.33:0/1145847897 >> [v2:172.21.15.33:6800/2813273186,v1:172.21.15.33:6801/2813273186] conn(0x7f9fdc0390a0 0x7f9fdc03b560 unknown :-1 s=BANNER_CONNECTING pgs=0 cs=0 l=1 rev1=0 crypto rx=0 tx=0 comp rx=0 tx=0)._handle_peer_banner_payload supported=3 required=0
2024-04-24T23:02:53.196 INFO:teuthology.orchestra.run.smithi033.stdout:/usr/bin/ceph: stderr
2024-04-24T23:02:51.299+0000 7f9ff5d27700 1 --2- 172.21.15.33:0/1145847897 >> [v2:172.21.15.33:6800/2813273186,v1:172.21.15.33:6801/2813273186] conn(0x7f9fdc0390a0 0x7f9fdc03b560 secure :-1 s=READY pgs=12 cs=0 l=1 rev1=1 crypto rx=0x7f9fe0006fd0 tx=0x7f9fe0006e40 comp rx=0 tx=0).ready entity=mgr.14116 client_cookie=0 server_cookie=0 in_seq=0 out_seq=0
2024-04-24T23:02:53.196 INFO:teuthology.orchestra.run.smithi033.stdout:/usr/bin/ceph: stderr
2024-04-24T23:02:51.303+0000 7f9fe77fe700 1 -- 172.21.15.33:0/1145847897 <== mon.0 v2:172.21.15.33:3300/0 6 ==== mon_command_ack([{"prefix": "get_command_descriptions"}]=0 v0) ==== 72+0+186147 (secure 0 0 0) 0x7f9fec0172b0 con 0x7f9ff0108760
2024-04-24T23:02:53.196 INFO:teuthology.orchestra.run.smithi033.stdout:/usr/bin/ceph: stderr
2024-04-24T23:02:51.540+0000 7f9ff878c700 1 -- 172.21.15.33:0/1145847897 --> [v2:172.21.15.33:6800/2813273186,v1:172.21.15.33:6801/2813273186] -- mgr_command(tid 0: {"prefix": "orch apply", "service_type": "mon", "unmanaged": true, "target": ["mon-mgr", ""]}) -- 0x7f9ff01033b0 con 0x7f9fdc0390a0
2024-04-24T23:02:53.196 INFO:teuthology.orchestra.run.smithi033.stdout:/usr/bin/ceph: stderr
2024-04-24T23:02:51.545+0000 7f9fe77fe700 1 -- 172.21.15.33:0/1145847897 <== mgr.14116 v2:172.21.15.33:6800/2813273186 1 ==== mgr_command_reply(tid 0: 0 ) ==== 8+0+24 (secure 0 0 0) 0x7f9ff01033b0 con 0x7f9fdc0390a0
2024-04-24T23:02:53.197 INFO:teuthology.orchestra.run.smithi033.stdout:/usr/bin/ceph: stderr
2024-04-24T23:02:51.547+0000 7f9ff878c700 1 -- 172.21.15.33:0/1145847897 >> [v2:172.21.15.33:6800/2813273186,v1:172.21.15.33:6801/2813273186] conn(0x7f9fdc0390a0 msgr2=0x7f9fdc03b560 secure :-1 s=STATE_CONNECTION_ESTABLISHED l=1).mark_down
2024-04-24T23:02:53.197 INFO:teuthology.orchestra.run.smithi033.stdout:/usr/bin/ceph: stderr
2024-04-24T23:02:51.547+0000 7f9ff878c700 1 --2- 172.21.15.33:0/1145847897 >> [v2:172.21.15.33:6800/2813273186,v1:172.21.15.33:6801/2813273186] conn(0x7f9fdc0390a0 0x7f9fdc03b560 secure :-1 s=READY pgs=12 cs=0 l=1 rev1=1 crypto rx=0x7f9fe0006fd0 tx=0x7f9fe0006e40 comp rx=0 tx=0).stop
2024-04-24T23:02:53.197 INFO:teuthology.orchestra.run.smithi033.stdout:/usr/bin/ceph: stderr
2024-04-24T23:02:51.547+0000 7f9ff878c700 1 -- 172.21.15.33:0/1145847897 >> [v2:172.21.15.33:3300/0,v1:172.21.15.33:6789/0] conn(0x7f9ff0108760 msgr2=0x7f9ff019bc60 secure :-1 s=STATE_CONNECTION_ESTABLISHED l=1).mark_down
2024-04-24T23:02:53.197 INFO:teuthology.orchestra.run.smithi033.stdout:/usr/bin/ceph: stderr
2024-04-24T23:02:51.547+0000 7f9ff878c700 1 --2- 172.21.15.33:0/1145847897 >> [v2:172.21.15.33:3300/0,v1:172.21.15.33:6789/0] conn(0x7f9ff0108760 0x7f9ff019bc60 secure :-1 s=READY pgs=44 cs=0 l=1 rev1=1 crypto rx=0x7f9fec011b60 tx=0x7f9fec011c40 comp rx=0 tx=0).stop
2024-04-24T23:02:53.197 INFO:teuthology.orchestra.run.smithi033.stdout:/usr/bin/ceph: stderr
2024-04-24T23:02:51.547+0000 7f9ff878c700 1 -- 172.21.15.33:0/1145847897 shutdown_connections
2024-04-24T23:02:53.197 INFO:teuthology.orchestra.run.smithi033.stdout:/usr/bin/ceph: stderr
2024-04-24T23:02:51.547+0000 7f9ff878c700 1 --2- 172.21.15.33:0/1145847897 >> [v2:172.21.15.33:6800/2813273186,v1:172.21.15.33:6801/2813273186] conn(0x7f9fdc0390a0 0x7f9fdc03b560 unknown :-1 s=CLOSED pgs=12 cs=0 l=1 rev1=1 crypto rx=0 tx=0 comp rx=0 tx=0).stop
2024-04-24T23:02:53.197 INFO:teuthology.orchestra.run.smithi033.stdout:/usr/bin/ceph: stderr
2024-04-24T23:02:51.547+0000 7f9ff878c700 1 --2- 172.21.15.33:0/1145847897 >> [v2:172.21.15.33:3300/0,v1:172.21.15.33:6789/0] conn(0x7f9ff0108760 0x7f9ff019bc60 unknown :-1 s=CLOSED pgs=44 cs=0 l=1 rev1=1 crypto rx=0 tx=0 comp rx=0 tx=0).stop
2024-04-24T23:02:53.197 INFO:teuthology.orchestra.run.smithi033.stdout:/usr/bin/ceph: stderr
2024-04-24T23:02:51.547+0000 7f9ff878c700 1 -- 172.21.15.33:0/1145847897 >> 172.21.15.33:0/1145847897 conn(0x7f9ff0102170 msgr2=0x7f9ff0102ca0 unknown :-1 s=STATE_NONE l=0).mark_down
2024-04-24T23:02:53.197 INFO:teuthology.orchestra.run.smithi033.stdout:/usr/bin/ceph: stderr
2024-04-24T23:02:51.547+0000 7f9ff878c700 1 -- 172.21.15.33:0/1145847897 shutdown_connections
2024-04-24T23:02:53.197 INFO:teuthology.orchestra.run.smithi033.stdout:/usr/bin/ceph: stderr
2024-04-24T23:02:51.547+0000 7f9ff878c700 1 -- 172.21.15.33:0/1145847897 wait complete.
2024-04-24T23:02:53.197 INFO:teuthology.orchestra.run.smithi033.stdout:Deploying unmanaged mgr service...
2024-04-24T23:02:53.865 INFO:journalctl@ceph.mon.a.smithi033.stdout:Apr 24 23:02:53 smithi033 ceph-mon[29201]: from='mgr.14116 172.21.15.33:0/1733926180' entity='mgr.x'
2024-04-24T23:02:53.865 INFO:journalctl@ceph.mon.a.smithi033.stdout:Apr 24 23:02:53 smithi033 ceph-mon[29201]: from='mgr.14116 172.21.15.33:0/1733926180' entity='mgr.x'
2024-04-24T23:02:54.734 INFO:teuthology.orchestra.run.smithi033.stdout:/usr/bin/ceph: stdout Scheduled mgr update...
2024-04-24T23:02:54.735 INFO:teuthology.orchestra.run.smithi033.stdout:/usr/bin/ceph: stderr
2024-04-24T23:02:53.616+0000 7ff148450700 1 Processor -- start
2024-04-24T23:02:54.735 INFO:teuthology.orchestra.run.smithi033.stdout:/usr/bin/ceph: stderr
2024-04-24T23:02:53.616+0000 7ff148450700 1 -- start start
2024-04-24T23:02:54.735 INFO:teuthology.orchestra.run.smithi033.stdout:/usr/bin/ceph: stderr
2024-04-24T23:02:53.616+0000 7ff148450700 1 --2- >> [v2:172.21.15.33:3300/0,v1:172.21.15.33:6789/0] conn(0x7ff140106ba0 0x7ff140106fc0 unknown :-1 s=NONE pgs=0 cs=0 l=0 rev1=0 crypto rx=0 tx=0 comp rx=0 tx=0).connect
2024-04-24T23:02:54.735 INFO:teuthology.orchestra.run.smithi033.stdout:/usr/bin/ceph: stderr
2024-04-24T23:02:53.616+0000 7ff148450700 1 -- --> [v2:172.21.15.33:3300/0,v1:172.21.15.33:6789/0] -- mon_getmap magic: 0 -- 0x7ff140107590 con 0x7ff140106ba0
2024-04-24T23:02:54.735 INFO:teuthology.orchestra.run.smithi033.stdout:/usr/bin/ceph: stderr
2024-04-24T23:02:53.617+0000 7ff1461ec700 1 --2- >> [v2:172.21.15.33:3300/0,v1:172.21.15.33:6789/0] conn(0x7ff140106ba0 0x7ff140106fc0 unknown :-1 s=BANNER_CONNECTING pgs=0 cs=0 l=0 rev1=0 crypto rx=0 tx=0 comp rx=0 tx=0)._handle_peer_banner_payload supported=3 required=0
2024-04-24T23:02:54.735 INFO:teuthology.orchestra.run.smithi033.stdout:/usr/bin/ceph: stderr
2024-04-24T23:02:53.617+0000 7ff1461ec700 1 --2- >> [v2:172.21.15.33:3300/0,v1:172.21.15.33:6789/0] conn(0x7ff140106ba0 0x7ff140106fc0 unknown :-1 s=HELLO_CONNECTING pgs=0 cs=0 l=0 rev1=1 crypto rx=0 tx=0 comp rx=0 tx=0).handle_hello peer v2:172.21.15.33:3300/0 says I am v2:172.21.15.33:55832/0 (socket says 172.21.15.33:55832)
2024-04-24T23:02:54.735 INFO:teuthology.orchestra.run.smithi033.stdout:/usr/bin/ceph: stderr
2024-04-24T23:02:53.617+0000 7ff1461ec700 1 -- 172.21.15.33:0/595163281 learned_addr learned my addr 172.21.15.33:0/595163281 (peer_addr_for_me v2:172.21.15.33:0/0)
2024-04-24T23:02:54.735 INFO:teuthology.orchestra.run.smithi033.stdout:/usr/bin/ceph: stderr
2024-04-24T23:02:53.617+0000 7ff1461ec700 1 -- 172.21.15.33:0/595163281 --> [v2:172.21.15.33:3300/0,v1:172.21.15.33:6789/0] -- mon_subscribe({config=0+,monmap=0+}) -- 0x7ff140107da0 con 0x7ff140106ba0
2024-04-24T23:02:54.735 INFO:teuthology.orchestra.run.smithi033.stdout:/usr/bin/ceph: stderr
2024-04-24T23:02:53.617+0000 7ff1461ec700 1 --2- 172.21.15.33:0/595163281 >> [v2:172.21.15.33:3300/0,v1:172.21.15.33:6789/0] conn(0x7ff140106ba0 0x7ff140106fc0 secure :-1 s=READY pgs=45 cs=0 l=1 rev1=1 crypto rx=0x7ff13c0098a0 tx=0x7ff13c009bb0 comp rx=0 tx=0).ready entity=mon.0 client_cookie=df63dbe1ac65aaf6 server_cookie=0 in_seq=0 out_seq=0
2024-04-24T23:02:54.735 INFO:teuthology.orchestra.run.smithi033.stdout:/usr/bin/ceph: stderr
2024-04-24T23:02:53.617+0000 7ff1451ea700 1 -- 172.21.15.33:0/595163281 <== mon.0 v2:172.21.15.33:3300/0 1 ==== mon_map magic: 0 ==== 205+0+0 (secure 0 0 0) 0x7ff13c004160 con 0x7ff140106ba0
2024-04-24T23:02:54.735 INFO:teuthology.orchestra.run.smithi033.stdout:/usr/bin/ceph: stderr
2024-04-24T23:02:53.617+0000 7ff1451ea700 1 -- 172.21.15.33:0/595163281 <== mon.0 v2:172.21.15.33:3300/0 2 ==== config(27 keys) ==== 1140+0+0 (secure 0 0 0) 0x7ff13c004300 con 0x7ff140106ba0
2024-04-24T23:02:54.735 INFO:teuthology.orchestra.run.smithi033.stdout:/usr/bin/ceph: stderr
2024-04-24T23:02:53.617+0000 7ff1451ea700 1 -- 172.21.15.33:0/595163281 <== mon.0 v2:172.21.15.33:3300/0 3 ==== mon_map magic: 0 ==== 205+0+0 (secure 0 0 0) 0x7ff13c011b20 con 0x7ff140106ba0
2024-04-24T23:02:54.736 INFO:teuthology.orchestra.run.smithi033.stdout:/usr/bin/ceph: stderr
2024-04-24T23:02:53.618+0000 7ff148450700 1 -- 172.21.15.33:0/595163281 >> [v2:172.21.15.33:3300/0,v1:172.21.15.33:6789/0] conn(0x7ff140106ba0 msgr2=0x7ff140106fc0 secure :-1 s=STATE_CONNECTION_ESTABLISHED l=1).mark_down
2024-04-24T23:02:54.736 INFO:teuthology.orchestra.run.smithi033.stdout:/usr/bin/ceph: stderr
2024-04-24T23:02:53.618+0000 7ff148450700 1 --2- 172.21.15.33:0/595163281 >> [v2:172.21.15.33:3300/0,v1:172.21.15.33:6789/0] conn(0x7ff140106ba0 0x7ff140106fc0 secure :-1 s=READY pgs=45 cs=0 l=1 rev1=1 crypto rx=0x7ff13c0098a0 tx=0x7ff13c009bb0 comp rx=0 tx=0).stop
2024-04-24T23:02:54.736 INFO:teuthology.orchestra.run.smithi033.stdout:/usr/bin/ceph: stderr
2024-04-24T23:02:53.618+0000 7ff148450700 1 -- 172.21.15.33:0/595163281 shutdown_connections
2024-04-24T23:02:54.736 INFO:teuthology.orchestra.run.smithi033.stdout:/usr/bin/ceph: stderr
2024-04-24T23:02:53.618+0000 7ff148450700 1 --2- 172.21.15.33:0/595163281 >> [v2:172.21.15.33:3300/0,v1:172.21.15.33:6789/0] conn(0x7ff140106ba0 0x7ff140106fc0 unknown :-1 s=CLOSED pgs=45 cs=0 l=1 rev1=1 crypto rx=0 tx=0 comp rx=0 tx=0).stop
2024-04-24T23:02:54.736 INFO:teuthology.orchestra.run.smithi033.stdout:/usr/bin/ceph: stderr
2024-04-24T23:02:53.618+0000 7ff148450700 1 -- 172.21.15.33:0/595163281 >> 172.21.15.33:0/595163281 conn(0x7ff140102160 msgr2=0x7ff140104580 unknown :-1 s=STATE_NONE l=0).mark_down
2024-04-24T23:02:54.736 INFO:teuthology.orchestra.run.smithi033.stdout:/usr/bin/ceph: stderr
2024-04-24T23:02:53.618+0000 7ff148450700 1 -- 172.21.15.33:0/595163281 shutdown_connections
2024-04-24T23:02:54.736 INFO:teuthology.orchestra.run.smithi033.stdout:/usr/bin/ceph: stderr
2024-04-24T23:02:53.618+0000 7ff148450700 1 -- 172.21.15.33:0/595163281 wait complete.
2024-04-24T23:02:54.736 INFO:teuthology.orchestra.run.smithi033.stdout:/usr/bin/ceph: stderr
2024-04-24T23:02:53.619+0000 7ff148450700 1 Processor -- start
2024-04-24T23:02:54.736 INFO:teuthology.orchestra.run.smithi033.stdout:/usr/bin/ceph: stderr
2024-04-24T23:02:53.619+0000 7ff148450700 1 -- start start
2024-04-24T23:02:54.736 INFO:teuthology.orchestra.run.smithi033.stdout:/usr/bin/ceph: stderr
2024-04-24T23:02:53.619+0000 7ff148450700 1 --2- >> [v2:172.21.15.33:3300/0,v1:172.21.15.33:6789/0] conn(0x7ff140106ba0 0x7ff14007ba30 unknown :-1 s=NONE pgs=0 cs=0 l=1 rev1=0 crypto rx=0 tx=0 comp rx=0 tx=0).connect
2024-04-24T23:02:54.736 INFO:teuthology.orchestra.run.smithi033.stdout:/usr/bin/ceph: stderr
2024-04-24T23:02:53.619+0000 7ff148450700 1 -- --> [v2:172.21.15.33:3300/0,v1:172.21.15.33:6789/0] -- mon_getmap magic: 0 -- 0x7ff14010b150 con 0x7ff140106ba0
2024-04-24T23:02:54.736 INFO:teuthology.orchestra.run.smithi033.stdout:/usr/bin/ceph: stderr
2024-04-24T23:02:53.619+0000 7ff1461ec700 1 --2- >> [v2:172.21.15.33:3300/0,v1:172.21.15.33:6789/0] conn(0x7ff140106ba0 0x7ff14007ba30 unknown :-1 s=BANNER_CONNECTING pgs=0 cs=0 l=1 rev1=0 crypto rx=0 tx=0 comp rx=0 tx=0)._handle_peer_banner_payload supported=3 required=0
2024-04-24T23:02:54.736 INFO:teuthology.orchestra.run.smithi033.stdout:/usr/bin/ceph: stderr
2024-04-24T23:02:53.619+0000 7ff1461ec700 1 --2- >> [v2:172.21.15.33:3300/0,v1:172.21.15.33:6789/0] conn(0x7ff140106ba0 0x7ff14007ba30 unknown :-1 s=HELLO_CONNECTING pgs=0 cs=0 l=1 rev1=1 crypto rx=0 tx=0 comp rx=0 tx=0).handle_hello peer v2:172.21.15.33:3300/0 says I am v2:172.21.15.33:55848/0 (socket says 172.21.15.33:55848)
2024-04-24T23:02:54.736 INFO:teuthology.orchestra.run.smithi033.stdout:/usr/bin/ceph: stderr
2024-04-24T23:02:53.619+0000 7ff1461ec700 1 -- 172.21.15.33:0/4076375369 learned_addr learned my addr 172.21.15.33:0/4076375369 (peer_addr_for_me v2:172.21.15.33:0/0)
2024-04-24T23:02:54.737 INFO:teuthology.orchestra.run.smithi033.stdout:/usr/bin/ceph: stderr
2024-04-24T23:02:53.619+0000 7ff1461ec700 1 -- 172.21.15.33:0/4076375369 --> [v2:172.21.15.33:3300/0,v1:172.21.15.33:6789/0] -- mon_subscribe({config=0+,monmap=0+}) -- 0x7ff14019e920 con 0x7ff140106ba0
2024-04-24T23:02:54.737 INFO:teuthology.orchestra.run.smithi033.stdout:/usr/bin/ceph: stderr
2024-04-24T23:02:53.619+0000 7ff1461ec700 1 --2- 172.21.15.33:0/4076375369 >> [v2:172.21.15.33:3300/0,v1:172.21.15.33:6789/0] conn(0x7ff140106ba0 0x7ff14007ba30 secure :-1 s=READY pgs=46 cs=0 l=1 rev1=1 crypto rx=0x7ff13c000c00 tx=0x7ff13c011c10 comp rx=0 tx=0).ready entity=mon.0 client_cookie=0 server_cookie=0 in_seq=0 out_seq=0
2024-04-24T23:02:54.737 INFO:teuthology.orchestra.run.smithi033.stdout:/usr/bin/ceph: stderr
2024-04-24T23:02:53.620+0000 7ff1377fe700 1 -- 172.21.15.33:0/4076375369 <== mon.0 v2:172.21.15.33:3300/0 1 ==== mon_map magic: 0 ==== 205+0+0 (secure 0 0 0) 0x7ff13c003b60 con 0x7ff140106ba0
2024-04-24T23:02:54.737 INFO:teuthology.orchestra.run.smithi033.stdout:/usr/bin/ceph: stderr
2024-04-24T23:02:53.620+0000 7ff1377fe700 1 -- 172.21.15.33:0/4076375369 <== mon.0 v2:172.21.15.33:3300/0 2 ==== config(27 keys) ==== 1140+0+0 (secure 0 0 0) 0x7ff13c01a910 con 0x7ff140106ba0
2024-04-24T23:02:54.737 INFO:teuthology.orchestra.run.smithi033.stdout:/usr/bin/ceph: stderr
2024-04-24T23:02:53.620+0000 7ff148450700 1 -- 172.21.15.33:0/4076375369 --> [v2:172.21.15.33:3300/0,v1:172.21.15.33:6789/0] -- mon_subscribe({mgrmap=0+}) -- 0x7ff14019eaf0 con 0x7ff140106ba0
2024-04-24T23:02:54.737 INFO:teuthology.orchestra.run.smithi033.stdout:/usr/bin/ceph: stderr
2024-04-24T23:02:53.620+0000 7ff1377fe700 1 -- 172.21.15.33:0/4076375369 <== mon.0 v2:172.21.15.33:3300/0 3 ==== mon_map magic: 0 ==== 205+0+0 (secure 0 0 0) 0x7ff13c024930 con 0x7ff140106ba0
2024-04-24T23:02:54.737 INFO:teuthology.orchestra.run.smithi033.stdout:/usr/bin/ceph: stderr
2024-04-24T23:02:53.620+0000 7ff148450700 1 -- 172.21.15.33:0/4076375369 --> [v2:172.21.15.33:3300/0,v1:172.21.15.33:6789/0] -- mon_subscribe({osdmap=0}) -- 0x7ff14019ee90 con 0x7ff140106ba0
2024-04-24T23:02:54.737 INFO:teuthology.orchestra.run.smithi033.stdout:/usr/bin/ceph: stderr
2024-04-24T23:02:53.621+0000 7ff1377fe700 1 -- 172.21.15.33:0/4076375369 <== mon.0 v2:172.21.15.33:3300/0 4 ==== mgrmap(e 8) ==== 46287+0+0 (secure 0 0 0) 0x7ff13c022020 con 0x7ff140106ba0
2024-04-24T23:02:54.737 INFO:teuthology.orchestra.run.smithi033.stdout:/usr/bin/ceph: stderr
2024-04-24T23:02:53.621+0000 7ff148450700 1 -- 172.21.15.33:0/4076375369 --> [v2:172.21.15.33:3300/0,v1:172.21.15.33:6789/0] -- mon_command({"prefix": "get_command_descriptions"} v 0) -- 0x7ff140063890 con 0x7ff140106ba0
2024-04-24T23:02:54.737 INFO:teuthology.orchestra.run.smithi033.stdout:/usr/bin/ceph: stderr
2024-04-24T23:02:53.621+0000 7ff1377fe700 1 --2- 172.21.15.33:0/4076375369 >> [v2:172.21.15.33:6800/2813273186,v1:172.21.15.33:6801/2813273186] conn(0x7ff12c0390a0 0x7ff12c03b560 unknown :-1 s=NONE pgs=0 cs=0 l=1 rev1=0 crypto rx=0 tx=0 comp rx=0 tx=0).connect
2024-04-24T23:02:54.737 INFO:teuthology.orchestra.run.smithi033.stdout:/usr/bin/ceph: stderr
2024-04-24T23:02:53.621+0000 7ff1377fe700 1 -- 172.21.15.33:0/4076375369 <== mon.0 v2:172.21.15.33:3300/0 5 ==== osd_map(2..2 src has 1..2) ==== 940+0+0 (secure 0 0 0) 0x7ff13c04d1e0 con 0x7ff140106ba0
2024-04-24T23:02:54.737 INFO:teuthology.orchestra.run.smithi033.stdout:/usr/bin/ceph: stderr
2024-04-24T23:02:53.621+0000 7ff1459eb700 1 --2- 172.21.15.33:0/4076375369 >> [v2:172.21.15.33:6800/2813273186,v1:172.21.15.33:6801/2813273186] conn(0x7ff12c0390a0 0x7ff12c03b560 unknown :-1 s=BANNER_CONNECTING pgs=0 cs=0 l=1 rev1=0 crypto rx=0 tx=0 comp rx=0 tx=0)._handle_peer_banner_payload supported=3 required=0
2024-04-24T23:02:54.737 INFO:teuthology.orchestra.run.smithi033.stdout:/usr/bin/ceph: stderr
2024-04-24T23:02:53.621+0000 7ff1459eb700 1 --2- 172.21.15.33:0/4076375369 >> [v2:172.21.15.33:6800/2813273186,v1:172.21.15.33:6801/2813273186] conn(0x7ff12c0390a0 0x7ff12c03b560 secure :-1 s=READY pgs=13 cs=0 l=1 rev1=1 crypto rx=0x7ff130006fd0 tx=0x7ff130006e40 comp rx=0 tx=0).ready entity=mgr.14116 client_cookie=0 server_cookie=0 in_seq=0 out_seq=0
2024-04-24T23:02:54.737 INFO:teuthology.orchestra.run.smithi033.stdout:/usr/bin/ceph: stderr
2024-04-24T23:02:53.626+0000 7ff1377fe700 1 -- 172.21.15.33:0/4076375369 <== mon.0 v2:172.21.15.33:3300/0 6 ==== mon_command_ack([{"prefix": "get_command_descriptions"}]=0 v0) ==== 72+0+186147 (secure 0 0 0) 0x7ff13c02c510 con 0x7ff140106ba0
2024-04-24T23:02:54.738 INFO:teuthology.orchestra.run.smithi033.stdout:/usr/bin/ceph: stderr
2024-04-24T23:02:53.863+0000 7ff148450700 1 -- 172.21.15.33:0/4076375369 --> [v2:172.21.15.33:6800/2813273186,v1:172.21.15.33:6801/2813273186] -- mgr_command(tid 0: {"prefix": "orch apply", "service_type": "mgr", "unmanaged": true, "target": ["mon-mgr", ""]}) -- 0x7ff140103380 con 0x7ff12c0390a0
2024-04-24T23:02:54.738 INFO:teuthology.orchestra.run.smithi033.stdout:/usr/bin/ceph: stderr
2024-04-24T23:02:53.870+0000 7ff1377fe700 1 -- 172.21.15.33:0/4076375369 <== mgr.14116 v2:172.21.15.33:6800/2813273186 1 ==== mgr_command_reply(tid 0: 0 ) ==== 8+0+24 (secure 0 0 0) 0x7ff140103380 con 0x7ff12c0390a0
2024-04-24T23:02:54.738 INFO:teuthology.orchestra.run.smithi033.stdout:/usr/bin/ceph: stderr
2024-04-24T23:02:53.872+0000 7ff148450700 1 -- 172.21.15.33:0/4076375369 >> [v2:172.21.15.33:6800/2813273186,v1:172.21.15.33:6801/2813273186] conn(0x7ff12c0390a0 msgr2=0x7ff12c03b560 secure :-1 s=STATE_CONNECTION_ESTABLISHED l=1).mark_down
2024-04-24T23:02:54.738 INFO:teuthology.orchestra.run.smithi033.stdout:/usr/bin/ceph: stderr
2024-04-24T23:02:53.872+0000 7ff148450700 1 --2- 172.21.15.33:0/4076375369 >> [v2:172.21.15.33:6800/2813273186,v1:172.21.15.33:6801/2813273186] conn(0x7ff12c0390a0 0x7ff12c03b560 secure :-1 s=READY pgs=13 cs=0 l=1 rev1=1 crypto rx=0x7ff130006fd0 tx=0x7ff130006e40 comp rx=0 tx=0).stop
2024-04-24T23:02:54.738 INFO:teuthology.orchestra.run.smithi033.stdout:/usr/bin/ceph: stderr
2024-04-24T23:02:53.872+0000 7ff148450700 1 -- 172.21.15.33:0/4076375369 >> [v2:172.21.15.33:3300/0,v1:172.21.15.33:6789/0] conn(0x7ff140106ba0 msgr2=0x7ff14007ba30 secure :-1 s=STATE_CONNECTION_ESTABLISHED l=1).mark_down
2024-04-24T23:02:54.738 INFO:teuthology.orchestra.run.smithi033.stdout:/usr/bin/ceph: stderr
2024-04-24T23:02:53.872+0000 7ff148450700 1 --2- 172.21.15.33:0/4076375369 >> [v2:172.21.15.33:3300/0,v1:172.21.15.33:6789/0] conn(0x7ff140106ba0 0x7ff14007ba30 secure :-1 s=READY pgs=46 cs=0 l=1 rev1=1 crypto rx=0x7ff13c000c00 tx=0x7ff13c011c10 comp rx=0 tx=0).stop
2024-04-24T23:02:54.738 INFO:teuthology.orchestra.run.smithi033.stdout:/usr/bin/ceph: stderr
2024-04-24T23:02:53.872+0000 7ff148450700 1 -- 172.21.15.33:0/4076375369 shutdown_connections
2024-04-24T23:02:54.738 INFO:teuthology.orchestra.run.smithi033.stdout:/usr/bin/ceph: stderr
2024-04-24T23:02:53.872+0000 7ff148450700 1 --2- 172.21.15.33:0/4076375369 >> [v2:172.21.15.33:6800/2813273186,v1:172.21.15.33:6801/2813273186] conn(0x7ff12c0390a0 0x7ff12c03b560 unknown :-1 s=CLOSED pgs=13 cs=0 l=1 rev1=1 crypto rx=0 tx=0 comp rx=0 tx=0).stop
2024-04-24T23:02:54.738 INFO:teuthology.orchestra.run.smithi033.stdout:/usr/bin/ceph: stderr
2024-04-24T23:02:53.872+0000 7ff148450700 1 --2- 172.21.15.33:0/4076375369 >> [v2:172.21.15.33:3300/0,v1:172.21.15.33:6789/0] conn(0x7ff140106ba0 0x7ff14007ba30 unknown :-1 s=CLOSED pgs=46 cs=0 l=1 rev1=1 crypto rx=0 tx=0 comp rx=0 tx=0).stop
2024-04-24T23:02:54.738 INFO:teuthology.orchestra.run.smithi033.stdout:/usr/bin/ceph: stderr
2024-04-24T23:02:53.872+0000 7ff148450700 1 -- 172.21.15.33:0/4076375369 >> 172.21.15.33:0/4076375369 conn(0x7ff140102160 msgr2=0x7ff140102c70 unknown :-1 s=STATE_NONE l=0).mark_down
2024-04-24T23:02:54.738 INFO:teuthology.orchestra.run.smithi033.stdout:/usr/bin/ceph: stderr
2024-04-24T23:02:53.873+0000 7ff148450700 1 -- 172.21.15.33:0/4076375369 shutdown_connections
2024-04-24T23:02:54.738 INFO:teuthology.orchestra.run.smithi033.stdout:/usr/bin/ceph: stderr
2024-04-24T23:02:53.873+0000 7ff148450700 1 -- 172.21.15.33:0/4076375369 wait complete.
2024-04-24T23:02:54.986 INFO:journalctl@ceph.mon.a.smithi033.stdout:Apr 24 23:02:54 smithi033 ceph-mon[29201]: from='client.14140 -' entity='client.admin' cmd=[{"prefix": "orch apply", "service_type": "mgr", "unmanaged": true, "target": ["mon-mgr", ""]}]: dispatch
2024-04-24T23:02:54.986 INFO:journalctl@ceph.mon.a.smithi033.stdout:Apr 24 23:02:54 smithi033 ceph-mon[29201]: Saving service mgr spec with placement count:2
2024-04-24T23:02:54.986 INFO:journalctl@ceph.mon.a.smithi033.stdout:Apr 24 23:02:54 smithi033 ceph-mon[29201]: from='mgr.14116 172.21.15.33:0/1733926180' entity='mgr.x'
2024-04-24T23:02:55.999 INFO:teuthology.orchestra.run.smithi033.stdout:/usr/bin/ceph: stderr
2024-04-24T23:02:55.176+0000 7f3ee057b700 1 Processor -- start
2024-04-24T23:02:56.000 INFO:teuthology.orchestra.run.smithi033.stdout:/usr/bin/ceph: stderr
2024-04-24T23:02:55.176+0000 7f3ee057b700 1 -- start start
2024-04-24T23:02:56.000 INFO:teuthology.orchestra.run.smithi033.stdout:/usr/bin/ceph: stderr
2024-04-24T23:02:55.176+0000 7f3ee057b700 1 --2- >> [v2:172.21.15.33:3300/0,v1:172.21.15.33:6789/0] conn(0x7f3ed8108750 0x7f3ed810ab40 unknown :-1 s=NONE pgs=0 cs=0 l=0 rev1=0 crypto rx=0 tx=0 comp rx=0 tx=0).connect
2024-04-24T23:02:56.000 INFO:teuthology.orchestra.run.smithi033.stdout:/usr/bin/ceph: stderr
2024-04-24T23:02:55.176+0000 7f3ee057b700 1 -- --> [v2:172.21.15.33:3300/0,v1:172.21.15.33:6789/0] -- mon_getmap magic: 0 -- 0x7f3ed807bdf0 con 0x7f3ed8108750
2024-04-24T23:02:56.000 INFO:teuthology.orchestra.run.smithi033.stdout:/usr/bin/ceph: stderr
2024-04-24T23:02:55.176+0000 7f3ede317700 1 --2- >> [v2:172.21.15.33:3300/0,v1:172.21.15.33:6789/0] conn(0x7f3ed8108750 0x7f3ed810ab40 unknown :-1 s=BANNER_CONNECTING pgs=0 cs=0 l=0 rev1=0 crypto rx=0 tx=0 comp rx=0 tx=0)._handle_peer_banner_payload supported=3 required=0
2024-04-24T23:02:56.000 INFO:teuthology.orchestra.run.smithi033.stdout:/usr/bin/ceph: stderr
2024-04-24T23:02:55.176+0000 7f3ede317700 1 --2- >> [v2:172.21.15.33:3300/0,v1:172.21.15.33:6789/0] conn(0x7f3ed8108750 0x7f3ed810ab40 unknown :-1 s=HELLO_CONNECTING pgs=0 cs=0 l=0 rev1=1 crypto rx=0 tx=0 comp rx=0 tx=0).handle_hello peer v2:172.21.15.33:3300/0 says I am v2:172.21.15.33:55854/0 (socket says 172.21.15.33:55854)
2024-04-24T23:02:56.000 INFO:teuthology.orchestra.run.smithi033.stdout:/usr/bin/ceph: stderr
2024-04-24T23:02:55.176+0000 7f3ede317700 1 -- 172.21.15.33:0/2232720800 learned_addr learned my addr 172.21.15.33:0/2232720800 (peer_addr_for_me v2:172.21.15.33:0/0)
2024-04-24T23:02:56.000 INFO:teuthology.orchestra.run.smithi033.stdout:/usr/bin/ceph: stderr
2024-04-24T23:02:55.177+0000 7f3ede317700 1 -- 172.21.15.33:0/2232720800 --> [v2:172.21.15.33:3300/0,v1:172.21.15.33:6789/0] -- mon_subscribe({config=0+,monmap=0+}) -- 0x7f3ed810b080 con 0x7f3ed8108750
2024-04-24T23:02:56.000 INFO:teuthology.orchestra.run.smithi033.stdout:/usr/bin/ceph: stderr
2024-04-24T23:02:55.177+0000 7f3ede317700 1 --2- 172.21.15.33:0/2232720800 >> [v2:172.21.15.33:3300/0,v1:172.21.15.33:6789/0] conn(0x7f3ed8108750 0x7f3ed810ab40 secure :-1 s=READY pgs=47 cs=0 l=1 rev1=1 crypto rx=0x7f3ed40098a0 tx=0x7f3ed4009bb0 comp rx=0 tx=0).ready entity=mon.0 client_cookie=db8ccb8682dc1a12 server_cookie=0 in_seq=0 out_seq=0
2024-04-24T23:02:56.000 INFO:teuthology.orchestra.run.smithi033.stdout:/usr/bin/ceph: stderr
2024-04-24T23:02:55.177+0000 7f3edd315700 1 -- 172.21.15.33:0/2232720800 <== mon.0 v2:172.21.15.33:3300/0 1 ==== mon_map magic: 0 ==== 205+0+0 (secure 0 0 0) 0x7f3ed4004160 con 0x7f3ed8108750
2024-04-24T23:02:56.000 INFO:teuthology.orchestra.run.smithi033.stdout:/usr/bin/ceph: stderr
2024-04-24T23:02:55.177+0000 7f3edd315700 1 -- 172.21.15.33:0/2232720800 <== mon.0 v2:172.21.15.33:3300/0 2 ==== config(27 keys) ==== 1140+0+0 (secure 0 0 0) 0x7f3ed4004300 con 0x7f3ed8108750
2024-04-24T23:02:56.000 INFO:teuthology.orchestra.run.smithi033.stdout:/usr/bin/ceph: stderr
2024-04-24T23:02:55.177+0000 7f3edd315700 1 -- 172.21.15.33:0/2232720800 <== mon.0 v2:172.21.15.33:3300/0 3 ==== mon_map magic: 0 ==== 205+0+0 (secure 0 0 0) 0x7f3ed4011b20 con 0x7f3ed8108750
2024-04-24T23:02:56.000 INFO:teuthology.orchestra.run.smithi033.stdout:/usr/bin/ceph: stderr
2024-04-24T23:02:55.178+0000 7f3ee057b700 1 -- 172.21.15.33:0/2232720800 >> [v2:172.21.15.33:3300/0,v1:172.21.15.33:6789/0] conn(0x7f3ed8108750 msgr2=0x7f3ed810ab40 secure :-1 s=STATE_CONNECTION_ESTABLISHED l=1).mark_down
2024-04-24T23:02:56.001 INFO:teuthology.orchestra.run.smithi033.stdout:/usr/bin/ceph: stderr
2024-04-24T23:02:55.178+0000 7f3ee057b700 1 --2- 172.21.15.33:0/2232720800 >> [v2:172.21.15.33:3300/0,v1:172.21.15.33:6789/0] conn(0x7f3ed8108750 0x7f3ed810ab40 secure :-1 s=READY pgs=47 cs=0 l=1 rev1=1 crypto rx=0x7f3ed40098a0 tx=0x7f3ed4009bb0 comp rx=0 tx=0).stop
2024-04-24T23:02:56.001 INFO:teuthology.orchestra.run.smithi033.stdout:/usr/bin/ceph: stderr
2024-04-24T23:02:55.178+0000 7f3ee057b700 1 -- 172.21.15.33:0/2232720800 shutdown_connections
2024-04-24T23:02:56.001 INFO:teuthology.orchestra.run.smithi033.stdout:/usr/bin/ceph: stderr
2024-04-24T23:02:55.178+0000 7f3ee057b700 1 --2- 172.21.15.33:0/2232720800 >> [v2:172.21.15.33:3300/0,v1:172.21.15.33:6789/0] conn(0x7f3ed8108750 0x7f3ed810ab40 unknown :-1 s=CLOSED pgs=47 cs=0 l=1 rev1=1 crypto rx=0 tx=0 comp rx=0 tx=0).stop
2024-04-24T23:02:56.001 INFO:teuthology.orchestra.run.smithi033.stdout:/usr/bin/ceph: stderr
2024-04-24T23:02:55.178+0000 7f3ee057b700 1 -- 172.21.15.33:0/2232720800 >> 172.21.15.33:0/2232720800 conn(0x7f3ed8102160 msgr2=0x7f3ed8104580 unknown :-1 s=STATE_NONE l=0).mark_down
2024-04-24T23:02:56.001 INFO:teuthology.orchestra.run.smithi033.stdout:/usr/bin/ceph: stderr
2024-04-24T23:02:55.178+0000 7f3ee057b700 1 -- 172.21.15.33:0/2232720800 shutdown_connections
2024-04-24T23:02:56.001 INFO:teuthology.orchestra.run.smithi033.stdout:/usr/bin/ceph: stderr
2024-04-24T23:02:55.178+0000 7f3ee057b700 1 -- 172.21.15.33:0/2232720800 wait complete.
2024-04-24T23:02:56.001 INFO:teuthology.orchestra.run.smithi033.stdout:/usr/bin/ceph: stderr
2024-04-24T23:02:55.178+0000 7f3ee057b700 1 Processor -- start
2024-04-24T23:02:56.001 INFO:teuthology.orchestra.run.smithi033.stdout:/usr/bin/ceph: stderr
2024-04-24T23:02:55.178+0000 7f3ee057b700 1 -- start start
2024-04-24T23:02:56.001 INFO:teuthology.orchestra.run.smithi033.stdout:/usr/bin/ceph: stderr
2024-04-24T23:02:55.179+0000 7f3ee057b700 1 --2- >> [v2:172.21.15.33:3300/0,v1:172.21.15.33:6789/0] conn(0x7f3ed8108750 0x7f3ed819bc00 unknown :-1 s=NONE pgs=0 cs=0 l=1 rev1=0 crypto rx=0 tx=0 comp rx=0 tx=0).connect
2024-04-24T23:02:56.001 INFO:teuthology.orchestra.run.smithi033.stdout:/usr/bin/ceph: stderr
2024-04-24T23:02:55.179+0000 7f3ee057b700 1 -- --> [v2:172.21.15.33:3300/0,v1:172.21.15.33:6789/0] -- mon_getmap magic: 0 -- 0x7f3ed810c0e0 con 0x7f3ed8108750
2024-04-24T23:02:56.001 INFO:teuthology.orchestra.run.smithi033.stdout:/usr/bin/ceph: stderr
2024-04-24T23:02:55.179+0000 7f3ede317700 1 --2- >> [v2:172.21.15.33:3300/0,v1:172.21.15.33:6789/0] conn(0x7f3ed8108750 0x7f3ed819bc00 unknown :-1 s=BANNER_CONNECTING pgs=0 cs=0 l=1 rev1=0 crypto rx=0 tx=0 comp rx=0 tx=0)._handle_peer_banner_payload supported=3 required=0
2024-04-24T23:02:56.001 INFO:teuthology.orchestra.run.smithi033.stdout:/usr/bin/ceph: stderr
2024-04-24T23:02:55.179+0000 7f3ede317700 1 --2- >> [v2:172.21.15.33:3300/0,v1:172.21.15.33:6789/0] conn(0x7f3ed8108750 0x7f3ed819bc00 unknown :-1 s=HELLO_CONNECTING pgs=0 cs=0 l=1 rev1=1 crypto rx=0 tx=0 comp rx=0 tx=0).handle_hello peer v2:172.21.15.33:3300/0 says I am v2:172.21.15.33:55870/0 (socket says 172.21.15.33:55870)
2024-04-24T23:02:56.001 INFO:teuthology.orchestra.run.smithi033.stdout:/usr/bin/ceph: stderr
2024-04-24T23:02:55.179+0000 7f3ede317700 1 -- 172.21.15.33:0/4030993961 learned_addr learned my addr 172.21.15.33:0/4030993961 (peer_addr_for_me v2:172.21.15.33:0/0)
2024-04-24T23:02:56.001 INFO:teuthology.orchestra.run.smithi033.stdout:/usr/bin/ceph: stderr
2024-04-24T23:02:55.179+0000 7f3ede317700 1 -- 172.21.15.33:0/4030993961 --> [v2:172.21.15.33:3300/0,v1:172.21.15.33:6789/0] -- mon_subscribe({config=0+,monmap=0+}) -- 0x7f3ed819c140 con 0x7f3ed8108750
2024-04-24T23:02:56.002 INFO:teuthology.orchestra.run.smithi033.stdout:/usr/bin/ceph: stderr
2024-04-24T23:02:55.179+0000 7f3ede317700 1 --2- 172.21.15.33:0/4030993961 >> [v2:172.21.15.33:3300/0,v1:172.21.15.33:6789/0] conn(0x7f3ed8108750 0x7f3ed819bc00 secure :-1 s=READY pgs=48 cs=0 l=1 rev1=1 crypto rx=0x7f3ed4011b60 tx=0x7f3ed4011c40 comp rx=0 tx=0).ready entity=mon.0 client_cookie=0 server_cookie=0 in_seq=0 out_seq=0
2024-04-24T23:02:56.002 INFO:teuthology.orchestra.run.smithi033.stdout:/usr/bin/ceph: stderr
2024-04-24T23:02:55.179+0000 7f3ecf7fe700 1 -- 172.21.15.33:0/4030993961 <== mon.0 v2:172.21.15.33:3300/0 1 ==== mon_map magic: 0 ==== 205+0+0 (secure 0 0 0) 0x7f3ed4003b60 con 0x7f3ed8108750
2024-04-24T23:02:56.002 INFO:teuthology.orchestra.run.smithi033.stdout:/usr/bin/ceph: stderr
2024-04-24T23:02:55.179+0000 7f3ecf7fe700 1 -- 172.21.15.33:0/4030993961 <== mon.0 v2:172.21.15.33:3300/0 2 ==== config(27 keys) ==== 1140+0+0 (secure 0 0 0) 0x7f3ed401a910 con 0x7f3ed8108750
2024-04-24T23:02:56.002 INFO:teuthology.orchestra.run.smithi033.stdout:/usr/bin/ceph: stderr
2024-04-24T23:02:55.179+0000 7f3ee057b700 1 -- 172.21.15.33:0/4030993961 --> [v2:172.21.15.33:3300/0,v1:172.21.15.33:6789/0] -- mon_subscribe({mgrmap=0+}) -- 0x7f3ed819c3d0 con 0x7f3ed8108750
2024-04-24T23:02:56.002 INFO:teuthology.orchestra.run.smithi033.stdout:/usr/bin/ceph: stderr
2024-04-24T23:02:55.179+0000 7f3ecf7fe700 1 -- 172.21.15.33:0/4030993961 <== mon.0 v2:172.21.15.33:3300/0 3 ==== mon_map magic: 0 ==== 205+0+0 (secure 0 0 0) 0x7f3ed4024930 con 0x7f3ed8108750
2024-04-24T23:02:56.002 INFO:teuthology.orchestra.run.smithi033.stdout:/usr/bin/ceph: stderr
2024-04-24T23:02:55.180+0000 7f3ee057b700 1 -- 172.21.15.33:0/4030993961 --> [v2:172.21.15.33:3300/0,v1:172.21.15.33:6789/0] -- mon_subscribe({osdmap=0}) -- 0x7f3ed819c830 con 0x7f3ed8108750
2024-04-24T23:02:56.002 INFO:teuthology.orchestra.run.smithi033.stdout:/usr/bin/ceph: stderr
2024-04-24T23:02:55.180+0000 7f3ecf7fe700 1 -- 172.21.15.33:0/4030993961 <== mon.0 v2:172.21.15.33:3300/0 4 ==== mgrmap(e 8) ==== 46287+0+0 (secure 0 0 0) 0x7f3ed4022020 con 0x7f3ed8108750
2024-04-24T23:02:56.002 INFO:teuthology.orchestra.run.smithi033.stdout:/usr/bin/ceph: stderr
2024-04-24T23:02:55.181+0000 7f3ee057b700 1 -- 172.21.15.33:0/4030993961 --> [v2:172.21.15.33:3300/0,v1:172.21.15.33:6789/0] -- mon_command({"prefix": "get_command_descriptions"} v 0) -- 0x7f3ed8063890 con 0x7f3ed8108750
2024-04-24T23:02:56.002 INFO:teuthology.orchestra.run.smithi033.stdout:/usr/bin/ceph: stderr
2024-04-24T23:02:55.181+0000 7f3ecf7fe700 1 --2- 172.21.15.33:0/4030993961 >> [v2:172.21.15.33:6800/2813273186,v1:172.21.15.33:6801/2813273186] conn(0x7f3ec4039050 0x7f3ec403b510 unknown :-1 s=NONE pgs=0 cs=0 l=1 rev1=0 crypto rx=0 tx=0 comp rx=0 tx=0).connect
2024-04-24T23:02:56.002 INFO:teuthology.orchestra.run.smithi033.stdout:/usr/bin/ceph: stderr
2024-04-24T23:02:55.181+0000 7f3ecf7fe700 1 -- 172.21.15.33:0/4030993961 <== mon.0 v2:172.21.15.33:3300/0 5 ==== osd_map(2..2 src has 1..2) ==== 940+0+0 (secure 0 0 0) 0x7f3ed404d2d0 con 0x7f3ed8108750
2024-04-24T23:02:56.002 INFO:teuthology.orchestra.run.smithi033.stdout:/usr/bin/ceph: stderr
2024-04-24T23:02:55.181+0000 7f3eddb16700 1 --2- 172.21.15.33:0/4030993961 >> [v2:172.21.15.33:6800/2813273186,v1:172.21.15.33:6801/2813273186] conn(0x7f3ec4039050 0x7f3ec403b510 unknown :-1 s=BANNER_CONNECTING pgs=0 cs=0 l=1 rev1=0 crypto rx=0 tx=0 comp rx=0 tx=0)._handle_peer_banner_payload supported=3 required=0
2024-04-24T23:02:56.002 INFO:teuthology.orchestra.run.smithi033.stdout:/usr/bin/ceph: stderr
2024-04-24T23:02:55.181+0000 7f3eddb16700 1 --2- 172.21.15.33:0/4030993961 >> [v2:172.21.15.33:6800/2813273186,v1:172.21.15.33:6801/2813273186] conn(0x7f3ec4039050 0x7f3ec403b510 secure :-1 s=READY pgs=14 cs=0 l=1 rev1=1 crypto rx=0x7f3ec8006fd0 tx=0x7f3ec8006e40 comp rx=0 tx=0).ready entity=mgr.14116 client_cookie=0 server_cookie=0 in_seq=0 out_seq=0
2024-04-24T23:02:56.002 INFO:teuthology.orchestra.run.smithi033.stdout:/usr/bin/ceph: stderr
