2024-04-24T23:03:38.547 INFO:teuthology.orchestra.run.smithi102.stdout:/usr/bin/ceph: stderr
2024-04-24T23:03:37.218+0000 7fecec4da700 1 -- 172.21.15.102:0/1192247704 wait complete.
2024-04-24T23:03:38.547 INFO:teuthology.orchestra.run.smithi102.stdout:/usr/bin/ceph: stderr
2024-04-24T23:03:37.218+0000 7fecec4da700 1 Processor -- start
2024-04-24T23:03:38.547 INFO:teuthology.orchestra.run.smithi102.stdout:/usr/bin/ceph: stderr
2024-04-24T23:03:37.218+0000 7fecec4da700 1 -- start start
2024-04-24T23:03:38.547 INFO:teuthology.orchestra.run.smithi102.stdout:/usr/bin/ceph: stderr
2024-04-24T23:03:37.218+0000 7fecec4da700 1 --2- >> [v2:172.21.15.102:3300/0,v1:172.21.15.102:6789/0] conn(0x7fece4106d30 0x7fece419ab80 unknown :-1 s=NONE pgs=0 cs=0 l=1 rev1=0 crypto rx=0 tx=0 comp rx=0 tx=0).connect
2024-04-24T23:03:38.547 INFO:teuthology.orchestra.run.smithi102.stdout:/usr/bin/ceph: stderr
2024-04-24T23:03:37.218+0000 7fecec4da700 1 -- --> [v2:172.21.15.102:3300/0,v1:172.21.15.102:6789/0] -- mon_getmap magic: 0 -- 0x7fece410b2e0 con 0x7fece4106d30
2024-04-24T23:03:38.548 INFO:teuthology.orchestra.run.smithi102.stdout:/usr/bin/ceph: stderr
2024-04-24T23:03:37.218+0000 7fecea276700 1 --2- >> [v2:172.21.15.102:3300/0,v1:172.21.15.102:6789/0] conn(0x7fece4106d30 0x7fece419ab80 unknown :-1 s=BANNER_CONNECTING pgs=0 cs=0 l=1 rev1=0 crypto rx=0 tx=0 comp rx=0 tx=0)._handle_peer_banner_payload supported=3 required=0
2024-04-24T23:03:38.548 INFO:teuthology.orchestra.run.smithi102.stdout:/usr/bin/ceph: stderr
2024-04-24T23:03:37.218+0000 7fecea276700 1 --2- >> [v2:172.21.15.102:3300/0,v1:172.21.15.102:6789/0] conn(0x7fece4106d30 0x7fece419ab80 unknown :-1 s=HELLO_CONNECTING pgs=0 cs=0 l=1 rev1=1 crypto rx=0 tx=0 comp rx=0 tx=0).handle_hello peer v2:172.21.15.102:3300/0 says I am v2:172.21.15.102:50298/0 (socket says 172.21.15.102:50298)
2024-04-24T23:03:38.548 INFO:teuthology.orchestra.run.smithi102.stdout:/usr/bin/ceph: stderr
2024-04-24T23:03:37.218+0000 7fecea276700 1 -- 172.21.15.102:0/2685197758 learned_addr learned my addr 172.21.15.102:0/2685197758 (peer_addr_for_me v2:172.21.15.102:0/0)
2024-04-24T23:03:38.548 INFO:teuthology.orchestra.run.smithi102.stdout:/usr/bin/ceph: stderr
2024-04-24T23:03:37.219+0000 7fecea276700 1 -- 172.21.15.102:0/2685197758 --> [v2:172.21.15.102:3300/0,v1:172.21.15.102:6789/0] -- mon_subscribe({config=0+,monmap=0+}) -- 0x7fece419b0c0 con 0x7fece4106d30
2024-04-24T23:03:38.548 INFO:teuthology.orchestra.run.smithi102.stdout:/usr/bin/ceph: stderr
2024-04-24T23:03:37.219+0000 7fecea276700 1 --2- 172.21.15.102:0/2685197758 >> [v2:172.21.15.102:3300/0,v1:172.21.15.102:6789/0] conn(0x7fece4106d30 0x7fece419ab80 secure :-1 s=READY pgs=52 cs=0 l=1 rev1=1 crypto rx=0x7fece0011710 tx=0x7fece0011ad0 comp rx=0 tx=0).ready entity=mon.0 client_cookie=0 server_cookie=0 in_seq=0 out_seq=0
2024-04-24T23:03:38.548 INFO:teuthology.orchestra.run.smithi102.stdout:/usr/bin/ceph: stderr
2024-04-24T23:03:37.219+0000 7fecdb7fe700 1 -- 172.21.15.102:0/2685197758 <== mon.0 v2:172.21.15.102:3300/0 1 ==== mon_map magic: 0 ==== 205+0+0 (secure 0 0 0) 0x7fece00039c0 con 0x7fece4106d30
2024-04-24T23:03:38.548 INFO:teuthology.orchestra.run.smithi102.stdout:/usr/bin/ceph: stderr
2024-04-24T23:03:37.219+0000 7fecdb7fe700 1 -- 172.21.15.102:0/2685197758 <== mon.0 v2:172.21.15.102:3300/0 2 ==== config(26 keys) ==== 1102+0+0 (secure 0 0 0) 0x7fece0003b60 con 0x7fece4106d30
2024-04-24T23:03:38.548 INFO:teuthology.orchestra.run.smithi102.stdout:/usr/bin/ceph: stderr
2024-04-24T23:03:37.219+0000 7fecec4da700 1 -- 172.21.15.102:0/2685197758 --> [v2:172.21.15.102:3300/0,v1:172.21.15.102:6789/0] -- mon_subscribe({mgrmap=0+}) -- 0x7fece419b350 con 0x7fece4106d30
2024-04-24T23:03:38.548 INFO:teuthology.orchestra.run.smithi102.stdout:/usr/bin/ceph: stderr
2024-04-24T23:03:37.219+0000 7fecdb7fe700 1 -- 172.21.15.102:0/2685197758 <== mon.0 v2:172.21.15.102:3300/0 3 ==== mon_map magic: 0 ==== 205+0+0 (secure 0 0 0) 0x7fece001a690 con 0x7fece4106d30
2024-04-24T23:03:38.548 INFO:teuthology.orchestra.run.smithi102.stdout:/usr/bin/ceph: stderr
2024-04-24T23:03:37.219+0000 7fecec4da700 1 -- 172.21.15.102:0/2685197758 --> [v2:172.21.15.102:3300/0,v1:172.21.15.102:6789/0] -- mon_subscribe({osdmap=0}) -- 0x7fece419e040 con 0x7fece4106d30
2024-04-24T23:03:38.548 INFO:teuthology.orchestra.run.smithi102.stdout:/usr/bin/ceph: stderr
2024-04-24T23:03:37.220+0000 7fecdb7fe700 1 -- 172.21.15.102:0/2685197758 <== mon.0 v2:172.21.15.102:3300/0 4 ==== mgrmap(e 8) ==== 46287+0+0 (secure 0 0 0) 0x7fece001a990 con 0x7fece4106d30
2024-04-24T23:03:38.548 INFO:teuthology.orchestra.run.smithi102.stdout:/usr/bin/ceph: stderr
2024-04-24T23:03:37.220+0000 7fecdb7fe700 1 --2- 172.21.15.102:0/2685197758 >> [v2:172.21.15.102:6800/3017038970,v1:172.21.15.102:6801/3017038970] conn(0x7fecd0039000 0x7fecd003b4c0 unknown :-1 s=NONE pgs=0 cs=0 l=1 rev1=0 crypto rx=0 tx=0 comp rx=0 tx=0).connect
2024-04-24T23:03:38.548 INFO:teuthology.orchestra.run.smithi102.stdout:/usr/bin/ceph: stderr
2024-04-24T23:03:37.220+0000 7fecdb7fe700 1 -- 172.21.15.102:0/2685197758 <== mon.0 v2:172.21.15.102:3300/0 5 ==== osd_map(2..2 src has 1..2) ==== 940+0+0 (secure 0 0 0) 0x7fece004d9d0 con 0x7fece4106d30
2024-04-24T23:03:38.549 INFO:teuthology.orchestra.run.smithi102.stdout:/usr/bin/ceph: stderr
2024-04-24T23:03:37.220+0000 7fece9a75700 1 --2- 172.21.15.102:0/2685197758 >> [v2:172.21.15.102:6800/3017038970,v1:172.21.15.102:6801/3017038970] conn(0x7fecd0039000 0x7fecd003b4c0 unknown :-1 s=BANNER_CONNECTING pgs=0 cs=0 l=1 rev1=0 crypto rx=0 tx=0 comp rx=0 tx=0)._handle_peer_banner_payload supported=3 required=0
2024-04-24T23:03:38.549 INFO:teuthology.orchestra.run.smithi102.stdout:/usr/bin/ceph: stderr
2024-04-24T23:03:37.220+0000 7fecec4da700 1 -- 172.21.15.102:0/2685197758 --> [v2:172.21.15.102:3300/0,v1:172.21.15.102:6789/0] -- mon_command({"prefix": "get_command_descriptions"} v 0) -- 0x7fece4063890 con 0x7fece4106d30
2024-04-24T23:03:38.549 INFO:teuthology.orchestra.run.smithi102.stdout:/usr/bin/ceph: stderr
2024-04-24T23:03:37.220+0000 7fece9a75700 1 --2- 172.21.15.102:0/2685197758 >> [v2:172.21.15.102:6800/3017038970,v1:172.21.15.102:6801/3017038970] conn(0x7fecd0039000 0x7fecd003b4c0 secure :-1 s=READY pgs=14 cs=0 l=1 rev1=1 crypto rx=0x7fecd4006fd0 tx=0x7fecd4006e40 comp rx=0 tx=0).ready entity=mgr.14120 client_cookie=0 server_cookie=0 in_seq=0 out_seq=0
2024-04-24T23:03:38.549 INFO:teuthology.orchestra.run.smithi102.stdout:/usr/bin/ceph: stderr
2024-04-24T23:03:37.225+0000 7fecdb7fe700 1 -- 172.21.15.102:0/2685197758 <== mon.0 v2:172.21.15.102:3300/0 6 ==== mon_command_ack([{"prefix": "get_command_descriptions"}]=0 v0) ==== 72+0+186147 (secure 0 0 0) 0x7fece0019c70 con 0x7fece4106d30
2024-04-24T23:03:38.549 INFO:teuthology.orchestra.run.smithi102.stdout:/usr/bin/ceph: stderr
2024-04-24T23:03:37.438+0000 7fecec4da700 1 -- 172.21.15.102:0/2685197758 --> [v2:172.21.15.102:3300/0,v1:172.21.15.102:6789/0] -- mon_command([{prefix=config set, name=mgr/cephadm/container_init}] v 0) -- 0x7fece419e590 con 0x7fece4106d30
2024-04-24T23:03:38.549 INFO:teuthology.orchestra.run.smithi102.stdout:/usr/bin/ceph: stderr
2024-04-24T23:03:37.441+0000 7fecdb7fe700 1 -- 172.21.15.102:0/2685197758 <== mon.0 v2:172.21.15.102:3300/0 7 ==== mon_command_ack([{prefix=config set, name=mgr/cephadm/container_init}]=0 v7)=0 v7) ==== 142+0+0 (secure 0 0 0) 0x7fece0016df0 con 0x7fece4106d30
2024-04-24T23:03:38.549 INFO:teuthology.orchestra.run.smithi102.stdout:/usr/bin/ceph: stderr
2024-04-24T23:03:37.443+0000 7fecec4da700 1 -- 172.21.15.102:0/2685197758 >> [v2:172.21.15.102:6800/3017038970,v1:172.21.15.102:6801/3017038970] conn(0x7fecd0039000 msgr2=0x7fecd003b4c0 secure :-1 s=STATE_CONNECTION_ESTABLISHED l=1).mark_down
2024-04-24T23:03:38.549 INFO:teuthology.orchestra.run.smithi102.stdout:/usr/bin/ceph: stderr
2024-04-24T23:03:37.443+0000 7fecec4da700 1 --2- 172.21.15.102:0/2685197758 >> [v2:172.21.15.102:6800/3017038970,v1:172.21.15.102:6801/3017038970] conn(0x7fecd0039000 0x7fecd003b4c0 secure :-1 s=READY pgs=14 cs=0 l=1 rev1=1 crypto rx=0x7fecd4006fd0 tx=0x7fecd4006e40 comp rx=0 tx=0).stop
2024-04-24T23:03:38.549 INFO:teuthology.orchestra.run.smithi102.stdout:/usr/bin/ceph: stderr
2024-04-24T23:03:37.443+0000 7fecec4da700 1 -- 172.21.15.102:0/2685197758 >> [v2:172.21.15.102:3300/0,v1:172.21.15.102:6789/0] conn(0x7fece4106d30 msgr2=0x7fece419ab80 secure :-1 s=STATE_CONNECTION_ESTABLISHED l=1).mark_down
2024-04-24T23:03:38.549 INFO:teuthology.orchestra.run.smithi102.stdout:/usr/bin/ceph: stderr
2024-04-24T23:03:37.443+0000 7fecec4da700 1 --2- 172.21.15.102:0/2685197758 >> [v2:172.21.15.102:3300/0,v1:172.21.15.102:6789/0] conn(0x7fece4106d30 0x7fece419ab80 secure :-1 s=READY pgs=52 cs=0 l=1 rev1=1 crypto rx=0x7fece0011710 tx=0x7fece0011ad0 comp rx=0 tx=0).stop
2024-04-24T23:03:38.549 INFO:teuthology.orchestra.run.smithi102.stdout:/usr/bin/ceph: stderr
2024-04-24T23:03:37.444+0000 7fecec4da700 1 -- 172.21.15.102:0/2685197758 shutdown_connections
2024-04-24T23:03:38.549 INFO:teuthology.orchestra.run.smithi102.stdout:/usr/bin/ceph: stderr
2024-04-24T23:03:37.444+0000 7fecec4da700 1 --2- 172.21.15.102:0/2685197758 >> [v2:172.21.15.102:6800/3017038970,v1:172.21.15.102:6801/3017038970] conn(0x7fecd0039000 0x7fecd003b4c0 unknown :-1 s=CLOSED pgs=14 cs=0 l=1 rev1=1 crypto rx=0 tx=0 comp rx=0 tx=0).stop
2024-04-24T23:03:38.549 INFO:teuthology.orchestra.run.smithi102.stdout:/usr/bin/ceph: stderr
2024-04-24T23:03:37.444+0000 7fecec4da700 1 --2- 172.21.15.102:0/2685197758 >> [v2:172.21.15.102:3300/0,v1:172.21.15.102:6789/0] conn(0x7fece4106d30 0x7fece419ab80 unknown :-1 s=CLOSED pgs=52 cs=0 l=1 rev1=1 crypto rx=0 tx=0 comp rx=0 tx=0).stop
2024-04-24T23:03:38.549 INFO:teuthology.orchestra.run.smithi102.stdout:/usr/bin/ceph: stderr
2024-04-24T23:03:37.444+0000 7fecec4da700 1 -- 172.21.15.102:0/2685197758 >> 172.21.15.102:0/2685197758 conn(0x7fece4102310 msgr2=0x7fece4102e00 unknown :-1 s=STATE_NONE l=0).mark_down
2024-04-24T23:03:38.550 INFO:teuthology.orchestra.run.smithi102.stdout:/usr/bin/ceph: stderr
2024-04-24T23:03:37.444+0000 7fecec4da700 1 -- 172.21.15.102:0/2685197758 shutdown_connections
2024-04-24T23:03:38.550 INFO:teuthology.orchestra.run.smithi102.stdout:/usr/bin/ceph: stderr
2024-04-24T23:03:37.444+0000 7fecec4da700 1 -- 172.21.15.102:0/2685197758 wait complete.
2024-04-24T23:03:38.699 INFO:journalctl@ceph.mon.a.smithi102.stdout:Apr 24 23:03:38 smithi102 ceph-mon[29216]: from='client.? 172.21.15.102:0/2685197758' entity='client.admin'
2024-04-24T23:03:38.699 INFO:journalctl@ceph.mon.a.smithi102.stdout:Apr 24 23:03:38 smithi102 ceph-mon[29216]: from='mgr.14120 172.21.15.102:0/2336077945' entity='mgr.x'
2024-04-24T23:03:39.821 INFO:teuthology.orchestra.run.smithi102.stdout:/usr/bin/ceph: stderr
2024-04-24T23:03:39.005+0000 7ff469eca700 1 Processor -- start
2024-04-24T23:03:39.821 INFO:teuthology.orchestra.run.smithi102.stdout:/usr/bin/ceph: stderr
2024-04-24T23:03:39.005+0000 7ff469eca700 1 -- start start
2024-04-24T23:03:39.821 INFO:teuthology.orchestra.run.smithi102.stdout:/usr/bin/ceph: stderr
2024-04-24T23:03:39.005+0000 7ff469eca700 1 --2- >> [v2:172.21.15.102:3300/0,v1:172.21.15.102:6789/0] conn(0x7ff4641063a0 0x7ff4641067c0 unknown :-1 s=NONE pgs=0 cs=0 l=0 rev1=0 crypto rx=0 tx=0 comp rx=0 tx=0).connect
2024-04-24T23:03:39.821 INFO:teuthology.orchestra.run.smithi102.stdout:/usr/bin/ceph: stderr
2024-04-24T23:03:39.005+0000 7ff469eca700 1 -- --> [v2:172.21.15.102:3300/0,v1:172.21.15.102:6789/0] -- mon_getmap magic: 0 -- 0x7ff464106d90 con 0x7ff4641063a0
2024-04-24T23:03:39.821 INFO:teuthology.orchestra.run.smithi102.stdout:/usr/bin/ceph: stderr
2024-04-24T23:03:39.005+0000 7ff4637fe700 1 --2- >> [v2:172.21.15.102:3300/0,v1:172.21.15.102:6789/0] conn(0x7ff4641063a0 0x7ff4641067c0 unknown :-1 s=BANNER_CONNECTING pgs=0 cs=0 l=0 rev1=0 crypto rx=0 tx=0 comp rx=0 tx=0)._handle_peer_banner_payload supported=3 required=0
2024-04-24T23:03:39.821 INFO:teuthology.orchestra.run.smithi102.stdout:/usr/bin/ceph: stderr
2024-04-24T23:03:39.005+0000 7ff4637fe700 1 --2- >> [v2:172.21.15.102:3300/0,v1:172.21.15.102:6789/0] conn(0x7ff4641063a0 0x7ff4641067c0 unknown :-1 s=HELLO_CONNECTING pgs=0 cs=0 l=0 rev1=1 crypto rx=0 tx=0 comp rx=0 tx=0).handle_hello peer v2:172.21.15.102:3300/0 says I am v2:172.21.15.102:50300/0 (socket says 172.21.15.102:50300)
2024-04-24T23:03:39.821 INFO:teuthology.orchestra.run.smithi102.stdout:/usr/bin/ceph: stderr
2024-04-24T23:03:39.005+0000 7ff4637fe700 1 -- 172.21.15.102:0/1088645509 learned_addr learned my addr 172.21.15.102:0/1088645509 (peer_addr_for_me v2:172.21.15.102:0/0)
2024-04-24T23:03:39.821 INFO:teuthology.orchestra.run.smithi102.stdout:/usr/bin/ceph: stderr
2024-04-24T23:03:39.006+0000 7ff4637fe700 1 -- 172.21.15.102:0/1088645509 --> [v2:172.21.15.102:3300/0,v1:172.21.15.102:6789/0] -- mon_subscribe({config=0+,monmap=0+}) -- 0x7ff4641075a0 con 0x7ff4641063a0
2024-04-24T23:03:39.822 INFO:teuthology.orchestra.run.smithi102.stdout:/usr/bin/ceph: stderr
2024-04-24T23:03:39.006+0000 7ff4637fe700 1 --2- 172.21.15.102:0/1088645509 >> [v2:172.21.15.102:3300/0,v1:172.21.15.102:6789/0] conn(0x7ff4641063a0 0x7ff4641067c0 secure :-1 s=READY pgs=53 cs=0 l=1 rev1=1 crypto rx=0x7ff44c0098a0 tx=0x7ff44c009bb0 comp rx=0 tx=0).ready entity=mon.0 client_cookie=e9fe2738318cc057 server_cookie=0 in_seq=0 out_seq=0
2024-04-24T23:03:39.822 INFO:teuthology.orchestra.run.smithi102.stdout:/usr/bin/ceph: stderr
2024-04-24T23:03:39.006+0000 7ff4627fc700 1 -- 172.21.15.102:0/1088645509 <== mon.0 v2:172.21.15.102:3300/0 1 ==== mon_map magic: 0 ==== 205+0+0 (secure 0 0 0) 0x7ff44c004160 con 0x7ff4641063a0
2024-04-24T23:03:39.822 INFO:teuthology.orchestra.run.smithi102.stdout:/usr/bin/ceph: stderr
2024-04-24T23:03:39.006+0000 7ff4627fc700 1 -- 172.21.15.102:0/1088645509 <== mon.0 v2:172.21.15.102:3300/0 2 ==== config(26 keys) ==== 1102+0+0 (secure 0 0 0) 0x7ff44c004300 con 0x7ff4641063a0
2024-04-24T23:03:39.822 INFO:teuthology.orchestra.run.smithi102.stdout:/usr/bin/ceph: stderr
2024-04-24T23:03:39.006+0000 7ff4627fc700 1 -- 172.21.15.102:0/1088645509 <== mon.0 v2:172.21.15.102:3300/0 3 ==== mon_map magic: 0 ==== 205+0+0 (secure 0 0 0) 0x7ff44c011a50 con 0x7ff4641063a0
2024-04-24T23:03:39.822 INFO:teuthology.orchestra.run.smithi102.stdout:/usr/bin/ceph: stderr
2024-04-24T23:03:39.007+0000 7ff469eca700 1 -- 172.21.15.102:0/1088645509 >> [v2:172.21.15.102:3300/0,v1:172.21.15.102:6789/0] conn(0x7ff4641063a0 msgr2=0x7ff4641067c0 secure :-1 s=STATE_CONNECTION_ESTABLISHED l=1).mark_down
2024-04-24T23:03:39.822 INFO:teuthology.orchestra.run.smithi102.stdout:/usr/bin/ceph: stderr
2024-04-24T23:03:39.007+0000 7ff469eca700 1 --2- 172.21.15.102:0/1088645509 >> [v2:172.21.15.102:3300/0,v1:172.21.15.102:6789/0] conn(0x7ff4641063a0 0x7ff4641067c0 secure :-1 s=READY pgs=53 cs=0 l=1 rev1=1 crypto rx=0x7ff44c0098a0 tx=0x7ff44c009bb0 comp rx=0 tx=0).stop
2024-04-24T23:03:39.822 INFO:teuthology.orchestra.run.smithi102.stdout:/usr/bin/ceph: stderr
2024-04-24T23:03:39.007+0000 7ff469eca700 1 -- 172.21.15.102:0/1088645509 shutdown_connections
2024-04-24T23:03:39.825 INFO:teuthology.orchestra.run.smithi102.stdout:/usr/bin/ceph: stderr
2024-04-24T23:03:39.007+0000 7ff469eca700 1 --2- 172.21.15.102:0/1088645509 >> [v2:172.21.15.102:3300/0,v1:172.21.15.102:6789/0] conn(0x7ff4641063a0 0x7ff4641067c0 unknown :-1 s=CLOSED pgs=53 cs=0 l=1 rev1=1 crypto rx=0 tx=0 comp rx=0 tx=0).stop
2024-04-24T23:03:39.825 INFO:teuthology.orchestra.run.smithi102.stdout:/usr/bin/ceph: stderr
2024-04-24T23:03:39.007+0000 7ff469eca700 1 -- 172.21.15.102:0/1088645509 >> 172.21.15.102:0/1088645509 conn(0x7ff4641019a0 msgr2=0x7ff464103dc0 unknown :-1 s=STATE_NONE l=0).mark_down
2024-04-24T23:03:39.825 INFO:teuthology.orchestra.run.smithi102.stdout:/usr/bin/ceph: stderr
2024-04-24T23:03:39.007+0000 7ff469eca700 1 -- 172.21.15.102:0/1088645509 shutdown_connections
2024-04-24T23:03:39.825 INFO:teuthology.orchestra.run.smithi102.stdout:/usr/bin/ceph: stderr
2024-04-24T23:03:39.007+0000 7ff469eca700 1 -- 172.21.15.102:0/1088645509 wait complete.
2024-04-24T23:03:39.825 INFO:teuthology.orchestra.run.smithi102.stdout:/usr/bin/ceph: stderr
2024-04-24T23:03:39.007+0000 7ff469eca700 1 Processor -- start
2024-04-24T23:03:39.825 INFO:teuthology.orchestra.run.smithi102.stdout:/usr/bin/ceph: stderr
2024-04-24T23:03:39.008+0000 7ff469eca700 1 -- start start
2024-04-24T23:03:39.825 INFO:teuthology.orchestra.run.smithi102.stdout:/usr/bin/ceph: stderr
2024-04-24T23:03:39.008+0000 7ff469eca700 1 --2- >> [v2:172.21.15.102:3300/0,v1:172.21.15.102:6789/0] conn(0x7ff4641063a0 0x7ff464102d70 unknown :-1 s=NONE pgs=0 cs=0 l=1 rev1=0 crypto rx=0 tx=0 comp rx=0 tx=0).connect
2024-04-24T23:03:39.825 INFO:teuthology.orchestra.run.smithi102.stdout:/usr/bin/ceph: stderr
2024-04-24T23:03:39.008+0000 7ff469eca700 1 -- --> [v2:172.21.15.102:3300/0,v1:172.21.15.102:6789/0] -- mon_getmap magic: 0 -- 0x7ff46410a950 con 0x7ff4641063a0
2024-04-24T23:03:39.825 INFO:teuthology.orchestra.run.smithi102.stdout:/usr/bin/ceph: stderr
2024-04-24T23:03:39.008+0000 7ff4637fe700 1 --2- >> [v2:172.21.15.102:3300/0,v1:172.21.15.102:6789/0] conn(0x7ff4641063a0 0x7ff464102d70 unknown :-1 s=BANNER_CONNECTING pgs=0 cs=0 l=1 rev1=0 crypto rx=0 tx=0 comp rx=0 tx=0)._handle_peer_banner_payload supported=3 required=0
2024-04-24T23:03:39.826 INFO:teuthology.orchestra.run.smithi102.stdout:/usr/bin/ceph: stderr
2024-04-24T23:03:39.008+0000 7ff4637fe700 1 --2- >> [v2:172.21.15.102:3300/0,v1:172.21.15.102:6789/0] conn(0x7ff4641063a0 0x7ff464102d70 unknown :-1 s=HELLO_CONNECTING pgs=0 cs=0 l=1 rev1=1 crypto rx=0 tx=0 comp rx=0 tx=0).handle_hello peer v2:172.21.15.102:3300/0 says I am v2:172.21.15.102:50304/0 (socket says 172.21.15.102:50304)
2024-04-24T23:03:39.826 INFO:teuthology.orchestra.run.smithi102.stdout:/usr/bin/ceph: stderr
2024-04-24T23:03:39.008+0000 7ff4637fe700 1 -- 172.21.15.102:0/585108561 learned_addr learned my addr 172.21.15.102:0/585108561 (peer_addr_for_me v2:172.21.15.102:0/0)
2024-04-24T23:03:39.826 INFO:teuthology.orchestra.run.smithi102.stdout:/usr/bin/ceph: stderr
2024-04-24T23:03:39.008+0000 7ff4637fe700 1 -- 172.21.15.102:0/585108561 --> [v2:172.21.15.102:3300/0,v1:172.21.15.102:6789/0] -- mon_subscribe({config=0+,monmap=0+}) -- 0x7ff46419e950 con 0x7ff4641063a0
2024-04-24T23:03:39.826 INFO:teuthology.orchestra.run.smithi102.stdout:/usr/bin/ceph: stderr
2024-04-24T23:03:39.008+0000 7ff4637fe700 1 --2- 172.21.15.102:0/585108561 >> [v2:172.21.15.102:3300/0,v1:172.21.15.102:6789/0] conn(0x7ff4641063a0 0x7ff464102d70 secure :-1 s=READY pgs=54 cs=0 l=1 rev1=1 crypto rx=0x7ff44c006ba0 tx=0x7ff44c011ad0 comp rx=0 tx=0).ready entity=mon.0 client_cookie=0 server_cookie=0 in_seq=0 out_seq=0
2024-04-24T23:03:39.826 INFO:teuthology.orchestra.run.smithi102.stdout:/usr/bin/ceph: stderr
2024-04-24T23:03:39.008+0000 7ff460ff9700 1 -- 172.21.15.102:0/585108561 <== mon.0 v2:172.21.15.102:3300/0 1 ==== mon_map magic: 0 ==== 205+0+0 (secure 0 0 0) 0x7ff44c003af0 con 0x7ff4641063a0
2024-04-24T23:03:39.826 INFO:teuthology.orchestra.run.smithi102.stdout:/usr/bin/ceph: stderr
2024-04-24T23:03:39.009+0000 7ff460ff9700 1 -- 172.21.15.102:0/585108561 <== mon.0 v2:172.21.15.102:3300/0 2 ==== config(26 keys) ==== 1102+0+0 (secure 0 0 0) 0x7ff44c01a8e0 con 0x7ff4641063a0
2024-04-24T23:03:39.826 INFO:teuthology.orchestra.run.smithi102.stdout:/usr/bin/ceph: stderr
2024-04-24T23:03:39.009+0000 7ff460ff9700 1 -- 172.21.15.102:0/585108561 <== mon.0 v2:172.21.15.102:3300/0 3 ==== mon_map magic: 0 ==== 205+0+0 (secure 0 0 0) 0x7ff44c024900 con 0x7ff4641063a0
2024-04-24T23:03:39.826 INFO:teuthology.orchestra.run.smithi102.stdout:/usr/bin/ceph: stderr
2024-04-24T23:03:39.009+0000 7ff469eca700 1 -- 172.21.15.102:0/585108561 --> [v2:172.21.15.102:3300/0,v1:172.21.15.102:6789/0] -- mon_subscribe({mgrmap=0+}) -- 0x7ff46419eb20 con 0x7ff4641063a0
2024-04-24T23:03:39.826 INFO:teuthology.orchestra.run.smithi102.stdout:/usr/bin/ceph: stderr
2024-04-24T23:03:39.009+0000 7ff469eca700 1 -- 172.21.15.102:0/585108561 --> [v2:172.21.15.102:3300/0,v1:172.21.15.102:6789/0] -- mon_subscribe({osdmap=0}) -- 0x7ff46419eec0 con 0x7ff4641063a0
2024-04-24T23:03:39.826 INFO:teuthology.orchestra.run.smithi102.stdout:/usr/bin/ceph: stderr
2024-04-24T23:03:39.010+0000 7ff460ff9700 1 -- 172.21.15.102:0/585108561 <== mon.0 v2:172.21.15.102:3300/0 4 ==== mgrmap(e 8) ==== 46287+0+0 (secure 0 0 0) 0x7ff44c022020 con 0x7ff4641063a0
2024-04-24T23:03:39.827 INFO:teuthology.orchestra.run.smithi102.stdout:/usr/bin/ceph: stderr
2024-04-24T23:03:39.010+0000 7ff460ff9700 1 --2- 172.21.15.102:0/585108561 >> [v2:172.21.15.102:6800/3017038970,v1:172.21.15.102:6801/3017038970] conn(0x7ff450039050 0x7ff45003b510 unknown :-1 s=NONE pgs=0 cs=0 l=1 rev1=0 crypto rx=0 tx=0 comp rx=0 tx=0).connect
2024-04-24T23:03:39.827 INFO:teuthology.orchestra.run.smithi102.stdout:/usr/bin/ceph: stderr
2024-04-24T23:03:39.010+0000 7ff460ff9700 1 -- 172.21.15.102:0/585108561 <== mon.0 v2:172.21.15.102:3300/0 5 ==== osd_map(2..2 src has 1..2) ==== 940+0+0 (secure 0 0 0) 0x7ff44c04d3d0 con 0x7ff4641063a0
2024-04-24T23:03:39.827 INFO:teuthology.orchestra.run.smithi102.stdout:/usr/bin/ceph: stderr
2024-04-24T23:03:39.010+0000 7ff462ffd700 1 --2- 172.21.15.102:0/585108561 >> [v2:172.21.15.102:6800/3017038970,v1:172.21.15.102:6801/3017038970] conn(0x7ff450039050 0x7ff45003b510 unknown :-1 s=BANNER_CONNECTING pgs=0 cs=0 l=1 rev1=0 crypto rx=0 tx=0 comp rx=0 tx=0)._handle_peer_banner_payload supported=3 required=0
2024-04-24T23:03:39.827 INFO:teuthology.orchestra.run.smithi102.stdout:/usr/bin/ceph: stderr
2024-04-24T23:03:39.010+0000 7ff469eca700 1 -- 172.21.15.102:0/585108561 --> [v2:172.21.15.102:3300/0,v1:172.21.15.102:6789/0] -- mon_command({"prefix": "get_command_descriptions"} v 0) -- 0x7ff464063890 con 0x7ff4641063a0
2024-04-24T23:03:39.827 INFO:teuthology.orchestra.run.smithi102.stdout:/usr/bin/ceph: stderr
2024-04-24T23:03:39.010+0000 7ff462ffd700 1 --2- 172.21.15.102:0/585108561 >> [v2:172.21.15.102:6800/3017038970,v1:172.21.15.102:6801/3017038970] conn(0x7ff450039050 0x7ff45003b510 secure :-1 s=READY pgs=15 cs=0 l=1 rev1=1 crypto rx=0x7ff454006fd0 tx=0x7ff454006e40 comp rx=0 tx=0).ready entity=mgr.14120 client_cookie=0 server_cookie=0 in_seq=0 out_seq=0
2024-04-24T23:03:39.827 INFO:teuthology.orchestra.run.smithi102.stdout:/usr/bin/ceph: stderr
2024-04-24T23:03:39.015+0000 7ff460ff9700 1 -- 172.21.15.102:0/585108561 <== mon.0 v2:172.21.15.102:3300/0 6 ==== mon_command_ack([{"prefix": "get_command_descriptions"}]=0 v0) ==== 72+0+186147 (secure 0 0 0) 0x7ff44c00b3e0 con 0x7ff4641063a0
2024-04-24T23:03:39.827 INFO:teuthology.orchestra.run.smithi102.stdout:/usr/bin/ceph: stderr
2024-04-24T23:03:39.222+0000 7ff469eca700 1 -- 172.21.15.102:0/585108561 --> [v2:172.21.15.102:3300/0,v1:172.21.15.102:6789/0] -- mon_command([{prefix=config set, name=mgr/dashboard/ssl_server_port}] v 0) -- 0x7ff46402dea0 con 0x7ff4641063a0
2024-04-24T23:03:39.828 INFO:teuthology.orchestra.run.smithi102.stdout:/usr/bin/ceph: stderr
2024-04-24T23:03:39.224+0000 7ff460ff9700 1 -- 172.21.15.102:0/585108561 <== mon.0 v2:172.21.15.102:3300/0 7 ==== mon_command_ack([{prefix=config set, name=mgr/dashboard/ssl_server_port}]=0 v8)=0 v8) ==== 130+0+0 (secure 0 0 0) 0x7ff44c020c10 con 0x7ff4641063a0
2024-04-24T23:03:39.828 INFO:teuthology.orchestra.run.smithi102.stdout:/usr/bin/ceph: stderr
2024-04-24T23:03:39.226+0000 7ff469eca700 1 -- 172.21.15.102:0/585108561 >> [v2:172.21.15.102:6800/3017038970,v1:172.21.15.102:6801/3017038970] conn(0x7ff450039050 msgr2=0x7ff45003b510 secure :-1 s=STATE_CONNECTION_ESTABLISHED l=1).mark_down
2024-04-24T23:03:39.828 INFO:teuthology.orchestra.run.smithi102.stdout:/usr/bin/ceph: stderr
2024-04-24T23:03:39.226+0000 7ff469eca700 1 --2- 172.21.15.102:0/585108561 >> [v2:172.21.15.102:6800/3017038970,v1:172.21.15.102:6801/3017038970] conn(0x7ff450039050 0x7ff45003b510 secure :-1 s=READY pgs=15 cs=0 l=1 rev1=1 crypto rx=0x7ff454006fd0 tx=0x7ff454006e40 comp rx=0 tx=0).stop
2024-04-24T23:03:39.828 INFO:teuthology.orchestra.run.smithi102.stdout:/usr/bin/ceph: stderr
2024-04-24T23:03:39.226+0000 7ff469eca700 1 -- 172.21.15.102:0/585108561 >> [v2:172.21.15.102:3300/0,v1:172.21.15.102:6789/0] conn(0x7ff4641063a0 msgr2=0x7ff464102d70 secure :-1 s=STATE_CONNECTION_ESTABLISHED l=1).mark_down
2024-04-24T23:03:39.828 INFO:teuthology.orchestra.run.smithi102.stdout:/usr/bin/ceph: stderr
2024-04-24T23:03:39.226+0000 7ff469eca700 1 --2- 172.21.15.102:0/585108561 >> [v2:172.21.15.102:3300/0,v1:172.21.15.102:6789/0] conn(0x7ff4641063a0 0x7ff464102d70 secure :-1 s=READY pgs=54 cs=0 l=1 rev1=1 crypto rx=0x7ff44c006ba0 tx=0x7ff44c011ad0 comp rx=0 tx=0).stop
2024-04-24T23:03:39.828 INFO:teuthology.orchestra.run.smithi102.stdout:/usr/bin/ceph: stderr
2024-04-24T23:03:39.226+0000 7ff469eca700 1 -- 172.21.15.102:0/585108561 shutdown_connections
2024-04-24T23:03:39.828 INFO:teuthology.orchestra.run.smithi102.stdout:/usr/bin/ceph: stderr
2024-04-24T23:03:39.226+0000 7ff469eca700 1 --2- 172.21.15.102:0/585108561 >> [v2:172.21.15.102:6800/3017038970,v1:172.21.15.102:6801/3017038970] conn(0x7ff450039050 0x7ff45003b510 unknown :-1 s=CLOSED pgs=15 cs=0 l=1 rev1=1 crypto rx=0 tx=0 comp rx=0 tx=0).stop
2024-04-24T23:03:39.828 INFO:teuthology.orchestra.run.smithi102.stdout:/usr/bin/ceph: stderr
2024-04-24T23:03:39.226+0000 7ff469eca700 1 --2- 172.21.15.102:0/585108561 >> [v2:172.21.15.102:3300/0,v1:172.21.15.102:6789/0] conn(0x7ff4641063a0 0x7ff464102d70 unknown :-1 s=CLOSED pgs=54 cs=0 l=1 rev1=1 crypto rx=0 tx=0 comp rx=0 tx=0).stop
2024-04-24T23:03:39.828 INFO:teuthology.orchestra.run.smithi102.stdout:/usr/bin/ceph: stderr
2024-04-24T23:03:39.226+0000 7ff469eca700 1 -- 172.21.15.102:0/585108561 >> 172.21.15.102:0/585108561 conn(0x7ff4641019a0 msgr2=0x7ff464103c90 unknown :-1 s=STATE_NONE l=0).mark_down
2024-04-24T23:03:39.828 INFO:teuthology.orchestra.run.smithi102.stdout:/usr/bin/ceph: stderr
2024-04-24T23:03:39.226+0000 7ff469eca700 1 -- 172.21.15.102:0/585108561 shutdown_connections
2024-04-24T23:03:39.828 INFO:teuthology.orchestra.run.smithi102.stdout:/usr/bin/ceph: stderr
2024-04-24T23:03:39.226+0000 7ff469eca700 1 -- 172.21.15.102:0/585108561 wait complete.
2024-04-24T23:03:39.828 INFO:teuthology.orchestra.run.smithi102.stdout:Enabling the dashboard module...
2024-04-24T23:03:40.508 INFO:journalctl@ceph.mon.a.smithi102.stdout:Apr 24 23:03:40 smithi102 ceph-mon[29216]: from='client.? 172.21.15.102:0/585108561' entity='client.admin'
2024-04-24T23:03:40.508 INFO:journalctl@ceph.mon.a.smithi102.stdout:Apr 24 23:03:40 smithi102 ceph-mon[29216]: from='mgr.14120 172.21.15.102:0/2336077945' entity='mgr.x'
2024-04-24T23:03:41.571 INFO:journalctl@ceph.mon.a.smithi102.stdout:Apr 24 23:03:41 smithi102 ceph-mon[29216]: from='client.? 172.21.15.102:0/1508396973' entity='client.admin' cmd=[{"prefix": "mgr module enable", "module": "dashboard"}]: dispatch
2024-04-24T23:03:41.572 INFO:journalctl@ceph.mgr.x.smithi102.stdout:Apr 24 23:03:41 smithi102 ceph-97eecd66-028e-11ef-bc93-c7b262605968-mgr-x[29459]: ignoring --setuser ceph since I am not root
2024-04-24T23:03:41.572 INFO:journalctl@ceph.mgr.x.smithi102.stdout:Apr 24 23:03:41 smithi102 ceph-97eecd66-028e-11ef-bc93-c7b262605968-mgr-x[29459]: ignoring --setgroup ceph since I am not root
2024-04-24T23:03:41.572 INFO:journalctl@ceph.mgr.x.smithi102.stdout:Apr 24 23:03:41 smithi102 ceph-97eecd66-028e-11ef-bc93-c7b262605968-mgr-x[29459]:
2024-04-24T23:03:41.402+0000 7f8afe955200 -1 mgr[py] Module balancer has missing NOTIFY_TYPES member
2024-04-24T23:03:41.891 INFO:journalctl@ceph.mgr.x.smithi102.stdout:Apr 24 23:03:41 smithi102 ceph-97eecd66-028e-11ef-bc93-c7b262605968-mgr-x[29459]:
2024-04-24T23:03:41.587+0000 7f8afe955200 -1 mgr[py] Module orchestrator has missing NOTIFY_TYPES member
2024-04-24T23:03:41.891 INFO:journalctl@ceph.mgr.x.smithi102.stdout:Apr 24 23:03:41 smithi102 ceph-97eecd66-028e-11ef-bc93-c7b262605968-mgr-x[29459]:
2024-04-24T23:03:41.691+0000 7f8afe955200 -1 mgr[py] Module snap_schedule has missing NOTIFY_TYPES member
2024-04-24T23:03:41.899 INFO:teuthology.orchestra.run.smithi102.stdout:/usr/bin/ceph: stderr
2024-04-24T23:03:40.231+0000 7f7c9f014700 1 Processor -- start
2024-04-24T23:03:41.899 INFO:teuthology.orchestra.run.smithi102.stdout:/usr/bin/ceph: stderr
2024-04-24T23:03:40.231+0000 7f7c9f014700 1 -- start start
2024-04-24T23:03:41.900 INFO:teuthology.orchestra.run.smithi102.stdout:/usr/bin/ceph: stderr
2024-04-24T23:03:40.231+0000 7f7c9f014700 1 --2- >> [v2:172.21.15.102:3300/0,v1:172.21.15.102:6789/0] conn(0x7f7c98106090 0x7f7c981064b0 unknown :-1 s=NONE pgs=0 cs=0 l=0 rev1=0 crypto rx=0 tx=0 comp rx=0 tx=0).connect
2024-04-24T23:03:41.900 INFO:teuthology.orchestra.run.smithi102.stdout:/usr/bin/ceph: stderr
2024-04-24T23:03:40.231+0000 7f7c9f014700 1 -- --> [v2:172.21.15.102:3300/0,v1:172.21.15.102:6789/0] -- mon_getmap magic: 0 -- 0x7f7c98106a80 con 0x7f7c98106090
2024-04-24T23:03:41.900 INFO:teuthology.orchestra.run.smithi102.stdout:/usr/bin/ceph: stderr
2024-04-24T23:03:40.232+0000 7f7c9cdb0700 1 --2- >> [v2:172.21.15.102:3300/0,v1:172.21.15.102:6789/0] conn(0x7f7c98106090 0x7f7c981064b0 unknown :-1 s=BANNER_CONNECTING pgs=0 cs=0 l=0 rev1=0 crypto rx=0 tx=0 comp rx=0 tx=0)._handle_peer_banner_payload supported=3 required=0
2024-04-24T23:03:41.900 INFO:teuthology.orchestra.run.smithi102.stdout:/usr/bin/ceph: stderr
2024-04-24T23:03:40.232+0000 7f7c9cdb0700 1 --2- >> [v2:172.21.15.102:3300/0,v1:172.21.15.102:6789/0] conn(0x7f7c98106090 0x7f7c981064b0 unknown :-1 s=HELLO_CONNECTING pgs=0 cs=0 l=0 rev1=1 crypto rx=0 tx=0 comp rx=0 tx=0).handle_hello peer v2:172.21.15.102:3300/0 says I am v2:172.21.15.102:50306/0 (socket says 172.21.15.102:50306)
2024-04-24T23:03:41.900 INFO:teuthology.orchestra.run.smithi102.stdout:/usr/bin/ceph: stderr
2024-04-24T23:03:40.232+0000 7f7c9cdb0700 1 -- 172.21.15.102:0/3217051820 learned_addr learned my addr 172.21.15.102:0/3217051820 (peer_addr_for_me v2:172.21.15.102:0/0)
2024-04-24T23:03:41.900 INFO:teuthology.orchestra.run.smithi102.stdout:/usr/bin/ceph: stderr
2024-04-24T23:03:40.232+0000 7f7c9cdb0700 1 -- 172.21.15.102:0/3217051820 --> [v2:172.21.15.102:3300/0,v1:172.21.15.102:6789/0] -- mon_subscribe({config=0+,monmap=0+}) -- 0x7f7c98109020 con 0x7f7c98106090
2024-04-24T23:03:41.900 INFO:teuthology.orchestra.run.smithi102.stdout:/usr/bin/ceph: stderr
2024-04-24T23:03:40.232+0000 7f7c9cdb0700 1 --2- 172.21.15.102:0/3217051820 >> [v2:172.21.15.102:3300/0,v1:172.21.15.102:6789/0] conn(0x7f7c98106090 0x7f7c981064b0 secure :-1 s=READY pgs=55 cs=0 l=1 rev1=1 crypto rx=0x7f7c940098a0 tx=0x7f7c94009bb0 comp rx=0 tx=0).ready entity=mon.0 client_cookie=2ef9aa0b562fbd4f server_cookie=0 in_seq=0 out_seq=0
2024-04-24T23:03:41.900 INFO:teuthology.orchestra.run.smithi102.stdout:/usr/bin/ceph: stderr
2024-04-24T23:03:40.232+0000 7f7c8f7fe700 1 -- 172.21.15.102:0/3217051820 <== mon.0 v2:172.21.15.102:3300/0 1 ==== mon_map magic: 0 ==== 205+0+0 (secure 0 0 0) 0x7f7c94004160 con 0x7f7c98106090
2024-04-24T23:03:41.901 INFO:teuthology.orchestra.run.smithi102.stdout:/usr/bin/ceph: stderr
2024-04-24T23:03:40.232+0000 7f7c8f7fe700 1 -- 172.21.15.102:0/3217051820 <== mon.0 v2:172.21.15.102:3300/0 2 ==== config(26 keys) ==== 1102+0+0 (secure 0 0 0) 0x7f7c94004300 con 0x7f7c98106090
2024-04-24T23:03:41.901 INFO:teuthology.orchestra.run.smithi102.stdout:/usr/bin/ceph: stderr
2024-04-24T23:03:40.232+0000 7f7c8f7fe700 1 -- 172.21.15.102:0/3217051820 <== mon.0 v2:172.21.15.102:3300/0 3 ==== mon_map magic: 0 ==== 205+0+0 (secure 0 0 0) 0x7f7c94011a50 con 0x7f7c98106090
2024-04-24T23:03:41.901 INFO:teuthology.orchestra.run.smithi102.stdout:/usr/bin/ceph: stderr
2024-04-24T23:03:40.233+0000 7f7c9f014700 1 -- 172.21.15.102:0/3217051820 >> [v2:172.21.15.102:3300/0,v1:172.21.15.102:6789/0] conn(0x7f7c98106090 msgr2=0x7f7c981064b0 secure :-1 s=STATE_CONNECTION_ESTABLISHED l=1).mark_down
2024-04-24T23:03:41.901 INFO:teuthology.orchestra.run.smithi102.stdout:/usr/bin/ceph: stderr
2024-04-24T23:03:40.233+0000 7f7c9f014700 1 --2- 172.21.15.102:0/3217051820 >> [v2:172.21.15.102:3300/0,v1:172.21.15.102:6789/0] conn(0x7f7c98106090 0x7f7c981064b0 secure :-1 s=READY pgs=55 cs=0 l=1 rev1=1 crypto rx=0x7f7c940098a0 tx=0x7f7c94009bb0 comp rx=0 tx=0).stop
2024-04-24T23:03:41.901 INFO:teuthology.orchestra.run.smithi102.stdout:/usr/bin/ceph: stderr
2024-04-24T23:03:40.233+0000 7f7c9f014700 1 -- 172.21.15.102:0/3217051820 shutdown_connections
2024-04-24T23:03:41.901 INFO:teuthology.orchestra.run.smithi102.stdout:/usr/bin/ceph: stderr
2024-04-24T23:03:40.233+0000 7f7c9f014700 1 --2- 172.21.15.102:0/3217051820 >> [v2:172.21.15.102:3300/0,v1:172.21.15.102:6789/0] conn(0x7f7c98106090 0x7f7c981064b0 unknown :-1 s=CLOSED pgs=55 cs=0 l=1 rev1=1 crypto rx=0 tx=0 comp rx=0 tx=0).stop
2024-04-24T23:03:41.901 INFO:teuthology.orchestra.run.smithi102.stdout:/usr/bin/ceph: stderr
2024-04-24T23:03:40.233+0000 7f7c9f014700 1 -- 172.21.15.102:0/3217051820 >> 172.21.15.102:0/3217051820 conn(0x7f7c981019c0 msgr2=0x7f7c98103e00 unknown :-1 s=STATE_NONE l=0).mark_down
2024-04-24T23:03:41.901 INFO:teuthology.orchestra.run.smithi102.stdout:/usr/bin/ceph: stderr
2024-04-24T23:03:40.233+0000 7f7c9f014700 1 -- 172.21.15.102:0/3217051820 shutdown_connections
2024-04-24T23:03:41.901 INFO:teuthology.orchestra.run.smithi102.stdout:/usr/bin/ceph: stderr
2024-04-24T23:03:40.233+0000 7f7c9f014700 1 -- 172.21.15.102:0/3217051820 wait complete.
2024-04-24T23:03:41.901 INFO:teuthology.orchestra.run.smithi102.stdout:/usr/bin/ceph: stderr
2024-04-24T23:03:40.233+0000 7f7c9f014700 1 Processor -- start
2024-04-24T23:03:41.901 INFO:teuthology.orchestra.run.smithi102.stdout:/usr/bin/ceph: stderr
2024-04-24T23:03:40.233+0000 7f7c9f014700 1 -- start start
2024-04-24T23:03:41.902 INFO:teuthology.orchestra.run.smithi102.stdout:/usr/bin/ceph: stderr
2024-04-24T23:03:40.233+0000 7f7c9f014700 1 --2- >> [v2:172.21.15.102:3300/0,v1:172.21.15.102:6789/0] conn(0x7f7c98106090 0x7f7c981088a0 unknown :-1 s=NONE pgs=0 cs=0 l=1 rev1=0 crypto rx=0 tx=0 comp rx=0 tx=0).connect
2024-04-24T23:03:41.902 INFO:teuthology.orchestra.run.smithi102.stdout:/usr/bin/ceph: stderr
2024-04-24T23:03:40.233+0000 7f7c9f014700 1 -- --> [v2:172.21.15.102:3300/0,v1:172.21.15.102:6789/0] -- mon_getmap magic: 0 -- 0x7f7c9810c3d0 con 0x7f7c98106090
2024-04-24T23:03:41.902 INFO:teuthology.orchestra.run.smithi102.stdout:/usr/bin/ceph: stderr
2024-04-24T23:03:40.234+0000 7f7c9cdb0700 1 --2- >> [v2:172.21.15.102:3300/0,v1:172.21.15.102:6789/0] conn(0x7f7c98106090 0x7f7c981088a0 unknown :-1 s=BANNER_CONNECTING pgs=0 cs=0 l=1 rev1=0 crypto rx=0 tx=0 comp rx=0 tx=0)._handle_peer_banner_payload supported=3 required=0
2024-04-24T23:03:41.902 INFO:teuthology.orchestra.run.smithi102.stdout:/usr/bin/ceph: stderr
2024-04-24T23:03:40.234+0000 7f7c9cdb0700 1 --2- >> [v2:172.21.15.102:3300/0,v1:172.21.15.102:6789/0] conn(0x7f7c98106090 0x7f7c981088a0 unknown :-1 s=HELLO_CONNECTING pgs=0 cs=0 l=1 rev1=1 crypto rx=0 tx=0 comp rx=0 tx=0).handle_hello peer v2:172.21.15.102:3300/0 says I am v2:172.21.15.102:50312/0 (socket says 172.21.15.102:50312)
2024-04-24T23:03:41.902 INFO:teuthology.orchestra.run.smithi102.stdout:/usr/bin/ceph: stderr
2024-04-24T23:03:40.234+0000 7f7c9cdb0700 1 -- 172.21.15.102:0/1508396973 learned_addr learned my addr 172.21.15.102:0/1508396973 (peer_addr_for_me v2:172.21.15.102:0/0)
2024-04-24T23:03:41.902 INFO:teuthology.orchestra.run.smithi102.stdout:/usr/bin/ceph: stderr
2024-04-24T23:03:40.234+0000 7f7c9cdb0700 1 -- 172.21.15.102:0/1508396973 --> [v2:172.21.15.102:3300/0,v1:172.21.15.102:6789/0] -- mon_subscribe({config=0+,monmap=0+}) -- 0x7f7c98108de0 con 0x7f7c98106090
2024-04-24T23:03:41.902 INFO:teuthology.orchestra.run.smithi102.stdout:/usr/bin/ceph: stderr
2024-04-24T23:03:40.234+0000 7f7c9cdb0700 1 --2- 172.21.15.102:0/1508396973 >> [v2:172.21.15.102:3300/0,v1:172.21.15.102:6789/0] conn(0x7f7c98106090 0x7f7c981088a0 secure :-1 s=READY pgs=56 cs=0 l=1 rev1=1 crypto rx=0x7f7c94006b20 tx=0x7f7c94011ad0 comp rx=0 tx=0).ready entity=mon.0 client_cookie=0 server_cookie=0 in_seq=0 out_seq=0
2024-04-24T23:03:41.902 INFO:teuthology.orchestra.run.smithi102.stdout:/usr/bin/ceph: stderr
2024-04-24T23:03:40.234+0000 7f7c8dffb700 1 -- 172.21.15.102:0/1508396973 <== mon.0 v2:172.21.15.102:3300/0 1 ==== mon_map magic: 0 ==== 205+0+0 (secure 0 0 0) 0x7f7c940039e0 con 0x7f7c98106090
2024-04-24T23:03:41.903 INFO:teuthology.orchestra.run.smithi102.stdout:/usr/bin/ceph: stderr
2024-04-24T23:03:40.234+0000 7f7c8dffb700 1 -- 172.21.15.102:0/1508396973 <== mon.0 v2:172.21.15.102:3300/0 2 ==== config(26 keys) ==== 1102+0+0 (secure 0 0 0) 0x7f7c9401a8e0 con 0x7f7c98106090
2024-04-24T23:03:41.903 INFO:teuthology.orchestra.run.smithi102.stdout:/usr/bin/ceph: stderr
2024-04-24T23:03:40.234+0000 7f7c8dffb700 1 -- 172.21.15.102:0/1508396973 <== mon.0 v2:172.21.15.102:3300/0 3 ==== mon_map magic: 0 ==== 205+0+0 (secure 0 0 0) 0x7f7c940247e0 con 0x7f7c98106090
2024-04-24T23:03:41.903 INFO:teuthology.orchestra.run.smithi102.stdout:/usr/bin/ceph: stderr
2024-04-24T23:03:40.234+0000 7f7c9f014700 1 -- 172.21.15.102:0/1508396973 --> [v2:172.21.15.102:3300/0,v1:172.21.15.102:6789/0] -- mon_subscribe({mgrmap=0+}) -- 0x7f7c98106fd0 con 0x7f7c98106090
2024-04-24T23:03:41.903 INFO:teuthology.orchestra.run.smithi102.stdout:/usr/bin/ceph: stderr
2024-04-24T23:03:40.234+0000 7f7c9f014700 1 -- 172.21.15.102:0/1508396973 --> [v2:172.21.15.102:3300/0,v1:172.21.15.102:6789/0] -- mon_subscribe({osdmap=0}) -- 0x7f7c98107510 con 0x7f7c98106090
2024-04-24T23:03:41.904 INFO:teuthology.orchestra.run.smithi102.stdout:/usr/bin/ceph: stderr
2024-04-24T23:03:40.235+0000 7f7c8dffb700 1 -- 172.21.15.102:0/1508396973 <== mon.0 v2:172.21.15.102:3300/0 4 ==== mgrmap(e 8) ==== 46287+0+0 (secure 0 0 0) 0x7f7c94022020 con 0x7f7c98106090
2024-04-24T23:03:41.904 INFO:teuthology.orchestra.run.smithi102.stdout:/usr/bin/ceph: stderr
2024-04-24T23:03:40.235+0000 7f7c9f014700 1 -- 172.21.15.102:0/1508396973 --> [v2:172.21.15.102:3300/0,v1:172.21.15.102:6789/0] -- mon_command({"prefix": "get_command_descriptions"} v 0) -- 0x7f7c9810c550 con 0x7f7c98106090
2024-04-24T23:03:41.904 INFO:teuthology.orchestra.run.smithi102.stdout:/usr/bin/ceph: stderr
2024-04-24T23:03:40.235+0000 7f7c8dffb700 1 --2- 172.21.15.102:0/1508396973 >> [v2:172.21.15.102:6800/3017038970,v1:172.21.15.102:6801/3017038970] conn(0x7f7c80039050 0x7f7c8003b510 unknown :-1 s=NONE pgs=0 cs=0 l=1 rev1=0 crypto rx=0 tx=0 comp rx=0 tx=0).connect
2024-04-24T23:03:41.904 INFO:teuthology.orchestra.run.smithi102.stdout:/usr/bin/ceph: stderr
2024-04-24T23:03:40.235+0000 7f7c8dffb700 1 -- 172.21.15.102:0/1508396973 <== mon.0 v2:172.21.15.102:3300/0 5 ==== osd_map(2..2 src has 1..2) ==== 940+0+0 (secure 0 0 0) 0x7f7c9404d460 con 0x7f7c98106090
2024-04-24T23:03:41.904 INFO:teuthology.orchestra.run.smithi102.stdout:/usr/bin/ceph: stderr
2024-04-24T23:03:40.235+0000 7f7c8ffff700 1 --2- 172.21.15.102:0/1508396973 >> [v2:172.21.15.102:6800/3017038970,v1:172.21.15.102:6801/3017038970] conn(0x7f7c80039050 0x7f7c8003b510 unknown :-1 s=BANNER_CONNECTING pgs=0 cs=0 l=1 rev1=0 crypto rx=0 tx=0 comp rx=0 tx=0)._handle_peer_banner_payload supported=3 required=0
2024-04-24T23:03:41.904 INFO:teuthology.orchestra.run.smithi102.stdout:/usr/bin/ceph: stderr
2024-04-24T23:03:40.236+0000 7f7c8ffff700 1 --2- 172.21.15.102:0/1508396973 >> [v2:172.21.15.102:6800/3017038970,v1:172.21.15.102:6801/3017038970] conn(0x7f7c80039050 0x7f7c8003b510 secure :-1 s=READY pgs=16 cs=0 l=1 rev1=1 crypto rx=0x7f7c88006fd0 tx=0x7f7c88006e40 comp rx=0 tx=0).ready entity=mgr.14120 client_cookie=0 server_cookie=0 in_seq=0 out_seq=0
2024-04-24T23:03:41.904 INFO:teuthology.orchestra.run.smithi102.stdout:/usr/bin/ceph: stderr
2024-04-24T23:03:40.240+0000 7f7c8dffb700 1 -- 172.21.15.102:0/1508396973 <== mon.0 v2:172.21.15.102:3300/0 6 ==== mon_command_ack([{"prefix": "get_command_descriptions"}]=0 v0) ==== 72+0+186147 (secure 0 0 0) 0x7f7c9402c3a0 con 0x7f7c98106090
2024-04-24T23:03:41.905 INFO:teuthology.orchestra.run.smithi102.stdout:/usr/bin/ceph: stderr
2024-04-24T23:03:40.507+0000 7f7c9f014700 1 -- 172.21.15.102:0/1508396973 --> [v2:172.21.15.102:3300/0,v1:172.21.15.102:6789/0] -- mon_command({"prefix": "mgr module enable", "module": "dashboard"} v 0) -- 0x7f7c98107c70 con 0x7f7c98106090
2024-04-24T23:03:41.905 INFO:teuthology.orchestra.run.smithi102.stdout:/usr/bin/ceph: stderr
2024-04-24T23:03:41.225+0000 7f7c8dffb700 1 -- 172.21.15.102:0/1508396973 <== mon.0 v2:172.21.15.102:3300/0 7 ==== mon_command_ack([{"prefix": "mgr module enable", "module": "dashboard"}]=0 v9) ==== 88+0+0 (secure 0 0 0) 0x7f7c9402ad60 con 0x7f7c98106090
2024-04-24T23:03:41.905 INFO:teuthology.orchestra.run.smithi102.stdout:/usr/bin/ceph: stderr
2024-04-24T23:03:41.227+0000 7f7c8dffb700 1 -- 172.21.15.102:0/1508396973 <== mon.0 v2:172.21.15.102:3300/0 8 ==== mgrmap(e 9) ==== 46300+0+0 (secure 0 0 0) 0x7f7c94017ca0 con 0x7f7c98106090
2024-04-24T23:03:41.905 INFO:teuthology.orchestra.run.smithi102.stdout:/usr/bin/ceph: stderr
2024-04-24T23:03:41.228+0000 7f7c9f014700 1 -- 172.21.15.102:0/1508396973 >> [v2:172.21.15.102:6800/3017038970,v1:172.21.15.102:6801/3017038970] conn(0x7f7c80039050 msgr2=0x7f7c8003b510 secure :-1 s=STATE_CONNECTION_ESTABLISHED l=1).mark_down
2024-04-24T23:03:41.905 INFO:teuthology.orchestra.run.smithi102.stdout:/usr/bin/ceph: stderr
2024-04-24T23:03:41.228+0000 7f7c9f014700 1 --2- 172.21.15.102:0/1508396973 >> [v2:172.21.15.102:6800/3017038970,v1:172.21.15.102:6801/3017038970] conn(0x7f7c80039050 0x7f7c8003b510 secure :-1 s=READY pgs=16 cs=0 l=1 rev1=1 crypto rx=0x7f7c88006fd0 tx=0x7f7c88006e40 comp rx=0 tx=0).stop
2024-04-24T23:03:41.905 INFO:teuthology.orchestra.run.smithi102.stdout:/usr/bin/ceph: stderr
2024-04-24T23:03:41.228+0000 7f7c9f014700 1 -- 172.21.15.102:0/1508396973 >> [v2:172.21.15.102:3300/0,v1:172.21.15.102:6789/0] conn(0x7f7c98106090 msgr2=0x7f7c981088a0 secure :-1 s=STATE_CONNECTION_ESTABLISHED l=1).mark_down
2024-04-24T23:03:41.905 INFO:teuthology.orchestra.run.smithi102.stdout:/usr/bin/ceph: stderr
2024-04-24T23:03:41.228+0000 7f7c9f014700 1 --2- 172.21.15.102:0/1508396973 >> [v2:172.21.15.102:3300/0,v1:172.21.15.102:6789/0] conn(0x7f7c98106090 0x7f7c981088a0 secure :-1 s=READY pgs=56 cs=0 l=1 rev1=1 crypto rx=0x7f7c94006b20 tx=0x7f7c94011ad0 comp rx=0 tx=0).stop
2024-04-24T23:03:41.905 INFO:teuthology.orchestra.run.smithi102.stdout:/usr/bin/ceph: stderr
2024-04-24T23:03:41.228+0000 7f7c9f014700 1 -- 172.21.15.102:0/1508396973 shutdown_connections
2024-04-24T23:03:41.905 INFO:teuthology.orchestra.run.smithi102.stdout:/usr/bin/ceph: stderr
2024-04-24T23:03:41.228+0000 7f7c9f014700 1 --2- 172.21.15.102:0/1508396973 >> [v2:172.21.15.102:6800/3017038970,v1:172.21.15.102:6801/3017038970] conn(0x7f7c80039050 0x7f7c8003b510 unknown :-1 s=CLOSED pgs=16 cs=0 l=1 rev1=1 crypto rx=0 tx=0 comp rx=0 tx=0).stop
2024-04-24T23:03:41.905 INFO:teuthology.orchestra.run.smithi102.stdout:/usr/bin/ceph: stderr
2024-04-24T23:03:41.228+0000 7f7c9f014700 1 --2- 172.21.15.102:0/1508396973 >> [v2:172.21.15.102:3300/0,v1:172.21.15.102:6789/0] conn(0x7f7c98106090 0x7f7c981088a0 unknown :-1 s=CLOSED pgs=56 cs=0 l=1 rev1=1 crypto rx=0 tx=0 comp rx=0 tx=0).stop
2024-04-24T23:03:41.905 INFO:teuthology.orchestra.run.smithi102.stdout:/usr/bin/ceph: stderr
2024-04-24T23:03:41.228+0000 7f7c9f014700 1 -- 172.21.15.102:0/1508396973 >> 172.21.15.102:0/1508396973 conn(0x7f7c981019c0 msgr2=0x7f7c981024b0 unknown :-1 s=STATE_NONE l=0).mark_down
2024-04-24T23:03:41.905 INFO:teuthology.orchestra.run.smithi102.stdout:/usr/bin/ceph: stderr
2024-04-24T23:03:41.228+0000 7f7c9f014700 1 -- 172.21.15.102:0/1508396973 shutdown_connections
2024-04-24T23:03:41.905 INFO:teuthology.orchestra.run.smithi102.stdout:/usr/bin/ceph: stderr
2024-04-24T23:03:41.229+0000 7f7c9f014700 1 -- 172.21.15.102:0/1508396973 wait complete.
2024-04-24T23:03:42.150 INFO:journalctl@ceph.mgr.x.smithi102.stdout:Apr 24 23:03:42 smithi102 ceph-97eecd66-028e-11ef-bc93-c7b262605968-mgr-x[29459]:
2024-04-24T23:03:42.008+0000 7f8afe955200 -1 mgr[py] Module progress has missing NOTIFY_TYPES member
2024-04-24T23:03:42.150 INFO:journalctl@ceph.mgr.x.smithi102.stdout:Apr 24 23:03:42 smithi102 ceph-97eecd66-028e-11ef-bc93-c7b262605968-mgr-x[29459]:
2024-04-24T23:03:42.093+0000 7f8afe955200 -1 mgr[py] Module influx has missing NOTIFY_TYPES member
2024-04-24T23:03:42.560 INFO:journalctl@ceph.mon.a.smithi102.stdout:Apr 24 23:03:42 smithi102 ceph-mon[29216]: from='client.? 172.21.15.102:0/1508396973' entity='client.admin' cmd='[{"prefix": "mgr module enable", "module": "dashboard"}]': finished
2024-04-24T23:03:42.560 INFO:journalctl@ceph.mon.a.smithi102.stdout:Apr 24 23:03:42 smithi102 ceph-mon[29216]: mgrmap e9: x(active, since 20s)
2024-04-24T23:03:43.247 INFO:teuthology.orchestra.run.smithi102.stdout:/usr/bin/ceph: stdout {
2024-04-24T23:03:43.247 INFO:teuthology.orchestra.run.smithi102.stdout:/usr/bin/ceph: stdout "epoch": 9,
2024-04-24T23:03:43.248 INFO:teuthology.orchestra.run.smithi102.stdout:/usr/bin/ceph: stdout "available": true,
2024-04-24T23:03:43.248 INFO:teuthology.orchestra.run.smithi102.stdout:/usr/bin/ceph: stdout "active_name": "x",
2024-04-24T23:03:43.248 INFO:teuthology.orchestra.run.smithi102.stdout:/usr/bin/ceph: stdout "num_standby": 0
2024-04-24T23:03:43.248 INFO:teuthology.orchestra.run.smithi102.stdout:/usr/bin/ceph: stdout }
2024-04-24T23:03:43.248 INFO:teuthology.orchestra.run.smithi102.stdout:/usr/bin/ceph: stderr
2024-04-24T23:03:42.353+0000 7fdca4284700 1 Processor -- start
2024-04-24T23:03:43.248 INFO:teuthology.orchestra.run.smithi102.stdout:/usr/bin/ceph: stderr
2024-04-24T23:03:42.353+0000 7fdca4284700 1 -- start start
2024-04-24T23:03:43.248 INFO:teuthology.orchestra.run.smithi102.stdout:/usr/bin/ceph: stderr
2024-04-24T23:03:42.354+0000 7fdca4284700 1 --2- >> [v2:172.21.15.102:3300/0,v1:172.21.15.102:6789/0] conn(0x7fdc9c108890 0x7fdc9c10ac80 unknown :-1 s=NONE pgs=0 cs=0 l=0 rev1=0 crypto rx=0 tx=0 comp rx=0 tx=0).connect
2024-04-24T23:03:43.248 INFO:teuthology.orchestra.run.smithi102.stdout:/usr/bin/ceph: stderr
2024-04-24T23:03:42.354+0000 7fdca4284700 1 -- --> [v2:172.21.15.102:3300/0,v1:172.21.15.102:6789/0] -- mon_getmap magic: 0 -- 0x7fdc9c07be90 con 0x7fdc9c108890
2024-04-24T23:03:43.248 INFO:teuthology.orchestra.run.smithi102.stdout:/usr/bin/ceph: stderr
2024-04-24T23:03:42.354+0000 7fdca2020700 1 --2- >> [v2:172.21.15.102:3300/0,v1:172.21.15.102:6789/0] conn(0x7fdc9c108890 0x7fdc9c10ac80 unknown :-1 s=BANNER_CONNECTING pgs=0 cs=0 l=0 rev1=0 crypto rx=0 tx=0 comp rx=0 tx=0)._handle_peer_banner_payload supported=3 required=0
2024-04-24T23:03:43.248 INFO:teuthology.orchestra.run.smithi102.stdout:/usr/bin/ceph: stderr
2024-04-24T23:03:42.354+0000 7fdca2020700 1 --2- >> [v2:172.21.15.102:3300/0,v1:172.21.15.102:6789/0] conn(0x7fdc9c108890 0x7fdc9c10ac80 unknown :-1 s=HELLO_CONNECTING pgs=0 cs=0 l=0 rev1=1 crypto rx=0 tx=0 comp rx=0 tx=0).handle_hello peer v2:172.21.15.102:3300/0 says I am v2:172.21.15.102:50336/0 (socket says 172.21.15.102:50336)
2024-04-24T23:03:43.248 INFO:teuthology.orchestra.run.smithi102.stdout:/usr/bin/ceph: stderr
2024-04-24T23:03:42.354+0000 7fdca2020700 1 -- 172.21.15.102:0/2571194926 learned_addr learned my addr 172.21.15.102:0/2571194926 (peer_addr_for_me v2:172.21.15.102:0/0)
2024-04-24T23:03:43.248 INFO:teuthology.orchestra.run.smithi102.stdout:/usr/bin/ceph: stderr
2024-04-24T23:03:42.354+0000 7fdca2020700 1 -- 172.21.15.102:0/2571194926 --> [v2:172.21.15.102:3300/0,v1:172.21.15.102:6789/0] -- mon_subscribe({config=0+,monmap=0+}) -- 0x7fdc9c10b1c0 con 0x7fdc9c108890
2024-04-24T23:03:43.248 INFO:teuthology.orchestra.run.smithi102.stdout:/usr/bin/ceph: stderr
2024-04-24T23:03:42.354+0000 7fdca2020700 1 --2- 172.21.15.102:0/2571194926 >> [v2:172.21.15.102:3300/0,v1:172.21.15.102:6789/0] conn(0x7fdc9c108890 0x7fdc9c10ac80 secure :-1 s=READY pgs=59 cs=0 l=1 rev1=1 crypto rx=0x7fdc980098a0 tx=0x7fdc98009bb0 comp rx=0 tx=0).ready entity=mon.0 client_cookie=6e9122e3bad039eb server_cookie=0 in_seq=0 out_seq=0
2024-04-24T23:03:43.249 INFO:teuthology.orchestra.run.smithi102.stdout:/usr/bin/ceph: stderr
2024-04-24T23:03:42.355+0000 7fdca101e700 1 -- 172.21.15.102:0/2571194926 <== mon.0 v2:172.21.15.102:3300/0 1 ==== mon_map magic: 0 ==== 205+0+0 (secure 0 0 0) 0x7fdc98004160 con 0x7fdc9c108890
2024-04-24T23:03:43.249 INFO:teuthology.orchestra.run.smithi102.stdout:/usr/bin/ceph: stderr
2024-04-24T23:03:42.355+0000 7fdca101e700 1 -- 172.21.15.102:0/2571194926 <== mon.0 v2:172.21.15.102:3300/0 2 ==== config(26 keys) ==== 1102+0+0 (secure 0 0 0) 0x7fdc98004300 con 0x7fdc9c108890
2024-04-24T23:03:43.249 INFO:teuthology.orchestra.run.smithi102.stdout:/usr/bin/ceph: stderr
2024-04-24T23:03:42.355+0000 7fdca101e700 1 -- 172.21.15.102:0/2571194926 <== mon.0 v2:172.21.15.102:3300/0 3 ==== mon_map magic: 0 ==== 205+0+0 (secure 0 0 0) 0x7fdc98011a50 con 0x7fdc9c108890
2024-04-24T23:03:43.249 INFO:teuthology.orchestra.run.smithi102.stdout:/usr/bin/ceph: stderr
2024-04-24T23:03:42.355+0000 7fdca4284700 1 -- 172.21.15.102:0/2571194926 >> [v2:172.21.15.102:3300/0,v1:172.21.15.102:6789/0] conn(0x7fdc9c108890 msgr2=0x7fdc9c10ac80 secure :-1 s=STATE_CONNECTION_ESTABLISHED l=1).mark_down
2024-04-24T23:03:43.249 INFO:teuthology.orchestra.run.smithi102.stdout:/usr/bin/ceph: stderr
2024-04-24T23:03:42.355+0000 7fdca4284700 1 --2- 172.21.15.102:0/2571194926 >> [v2:172.21.15.102:3300/0,v1:172.21.15.102:6789/0] conn(0x7fdc9c108890 0x7fdc9c10ac80 secure :-1 s=READY pgs=59 cs=0 l=1 rev1=1 crypto rx=0x7fdc980098a0 tx=0x7fdc98009bb0 comp rx=0 tx=0).stop
2024-04-24T23:03:43.249 INFO:teuthology.orchestra.run.smithi102.stdout:/usr/bin/ceph: stderr
2024-04-24T23:03:42.355+0000 7fdca4284700 1 -- 172.21.15.102:0/2571194926 shutdown_connections
2024-04-24T23:03:43.249 INFO:teuthology.orchestra.run.smithi102.stdout:/usr/bin/ceph: stderr
