2024-04-24T23:04:32.518 INFO:journalctl@ceph.mon.smithi031.smithi031.stdout:Apr 24 23:04:32 smithi031 ceph-mon[26411]: from='mgr.14120 172.21.15.31:0/1771444548' entity='mgr.smithi031.rrnmwr'
2024-04-24T23:04:33.453 INFO:teuthology.orchestra.run.smithi031.stdout:/usr/bin/ceph: stdout Scheduled node-exporter update...
2024-04-24T23:04:33.453 INFO:teuthology.orchestra.run.smithi031.stdout:/usr/bin/ceph: stderr
2024-04-24T23:04:32.548+0000 7f1d47a48700 1 Processor -- start
2024-04-24T23:04:33.453 INFO:teuthology.orchestra.run.smithi031.stdout:/usr/bin/ceph: stderr
2024-04-24T23:04:32.549+0000 7f1d47a48700 1 -- start start
2024-04-24T23:04:33.453 INFO:teuthology.orchestra.run.smithi031.stdout:/usr/bin/ceph: stderr
2024-04-24T23:04:32.549+0000 7f1d47a48700 1 --2- >> [v2:172.21.15.31:3300/0,v1:172.21.15.31:6789/0] conn(0x7f1d40102890 0x7f1d40102ca0 unknown :-1 s=NONE pgs=0 cs=0 l=0 rev1=0 crypto rx=0 tx=0 comp rx=0 tx=0).connect
2024-04-24T23:04:33.453 INFO:teuthology.orchestra.run.smithi031.stdout:/usr/bin/ceph: stderr
2024-04-24T23:04:32.549+0000 7f1d47a48700 1 -- --> [v2:172.21.15.31:3300/0,v1:172.21.15.31:6789/0] -- mon_getmap magic: 0 v1 -- 0x7f1d401031e0 con 0x7f1d40102890
2024-04-24T23:04:33.453 INFO:teuthology.orchestra.run.smithi031.stdout:/usr/bin/ceph: stderr
2024-04-24T23:04:32.549+0000 7f1d457e4700 1 --2- >> [v2:172.21.15.31:3300/0,v1:172.21.15.31:6789/0] conn(0x7f1d40102890 0x7f1d40102ca0 unknown :-1 s=BANNER_CONNECTING pgs=0 cs=0 l=0 rev1=0 crypto rx=0 tx=0 comp rx=0 tx=0)._handle_peer_banner_payload supported=3 required=0
2024-04-24T23:04:33.453 INFO:teuthology.orchestra.run.smithi031.stdout:/usr/bin/ceph: stderr
2024-04-24T23:04:32.549+0000 7f1d457e4700 1 --2- >> [v2:172.21.15.31:3300/0,v1:172.21.15.31:6789/0] conn(0x7f1d40102890 0x7f1d40102ca0 unknown :-1 s=HELLO_CONNECTING pgs=0 cs=0 l=0 rev1=1 crypto rx=0 tx=0 comp rx=0 tx=0).handle_hello peer v2:172.21.15.31:3300/0 says I am v2:172.21.15.31:55118/0 (socket says 172.21.15.31:55118)
2024-04-24T23:04:33.454 INFO:teuthology.orchestra.run.smithi031.stdout:/usr/bin/ceph: stderr
2024-04-24T23:04:32.549+0000 7f1d457e4700 1 -- 172.21.15.31:0/3451528226 learned_addr learned my addr 172.21.15.31:0/3451528226 (peer_addr_for_me v2:172.21.15.31:0/0)
2024-04-24T23:04:33.454 INFO:teuthology.orchestra.run.smithi031.stdout:/usr/bin/ceph: stderr
2024-04-24T23:04:32.549+0000 7f1d457e4700 1 -- 172.21.15.31:0/3451528226 --> [v2:172.21.15.31:3300/0,v1:172.21.15.31:6789/0] -- mon_subscribe({config=0+,monmap=0+}) v3 -- 0x7f1d40103320 con 0x7f1d40102890
2024-04-24T23:04:33.454 INFO:teuthology.orchestra.run.smithi031.stdout:/usr/bin/ceph: stderr
2024-04-24T23:04:32.549+0000 7f1d457e4700 1 --2- 172.21.15.31:0/3451528226 >> [v2:172.21.15.31:3300/0,v1:172.21.15.31:6789/0] conn(0x7f1d40102890 0x7f1d40102ca0 secure :-1 s=READY pgs=57 cs=0 l=1 rev1=1 crypto rx=0x7f1d340098e0 tx=0x7f1d34009250 comp rx=0 tx=0).ready entity=mon.0 client_cookie=9fb0e151ac70870d server_cookie=0 in_seq=0 out_seq=0
2024-04-24T23:04:33.454 INFO:teuthology.orchestra.run.smithi031.stdout:/usr/bin/ceph: stderr
2024-04-24T23:04:32.550+0000 7f1d33fff700 1 -- 172.21.15.31:0/3451528226 <== mon.0 v2:172.21.15.31:3300/0 1 ==== mon_map magic: 0 v1 ==== 229+0+0 (secure 0 0 0) 0x7f1d3400b860 con 0x7f1d40102890
2024-04-24T23:04:33.454 INFO:teuthology.orchestra.run.smithi031.stdout:/usr/bin/ceph: stderr
2024-04-24T23:04:32.550+0000 7f1d33fff700 1 -- 172.21.15.31:0/3451528226 <== mon.0 v2:172.21.15.31:3300/0 2 ==== config(27 keys) v1 ==== 1109+0+0 (secure 0 0 0) 0x7f1d3400be90 con 0x7f1d40102890
2024-04-24T23:04:33.454 INFO:teuthology.orchestra.run.smithi031.stdout:/usr/bin/ceph: stderr
2024-04-24T23:04:32.550+0000 7f1d33fff700 1 -- 172.21.15.31:0/3451528226 <== mon.0 v2:172.21.15.31:3300/0 3 ==== mon_map magic: 0 v1 ==== 229+0+0 (secure 0 0 0) 0x7f1d340103c0 con 0x7f1d40102890
2024-04-24T23:04:33.454 INFO:teuthology.orchestra.run.smithi031.stdout:/usr/bin/ceph: stderr
2024-04-24T23:04:32.550+0000 7f1d47a48700 1 -- 172.21.15.31:0/3451528226 >> [v2:172.21.15.31:3300/0,v1:172.21.15.31:6789/0] conn(0x7f1d40102890 msgr2=0x7f1d40102ca0 secure :-1 s=STATE_CONNECTION_ESTABLISHED l=1).mark_down
2024-04-24T23:04:33.454 INFO:teuthology.orchestra.run.smithi031.stdout:/usr/bin/ceph: stderr
2024-04-24T23:04:32.550+0000 7f1d47a48700 1 --2- 172.21.15.31:0/3451528226 >> [v2:172.21.15.31:3300/0,v1:172.21.15.31:6789/0] conn(0x7f1d40102890 0x7f1d40102ca0 secure :-1 s=READY pgs=57 cs=0 l=1 rev1=1 crypto rx=0x7f1d340098e0 tx=0x7f1d34009250 comp rx=0 tx=0).stop
2024-04-24T23:04:33.454 INFO:teuthology.orchestra.run.smithi031.stdout:/usr/bin/ceph: stderr
2024-04-24T23:04:32.550+0000 7f1d47a48700 1 -- 172.21.15.31:0/3451528226 shutdown_connections
2024-04-24T23:04:33.454 INFO:teuthology.orchestra.run.smithi031.stdout:/usr/bin/ceph: stderr
2024-04-24T23:04:32.550+0000 7f1d47a48700 1 --2- 172.21.15.31:0/3451528226 >> [v2:172.21.15.31:3300/0,v1:172.21.15.31:6789/0] conn(0x7f1d40102890 0x7f1d40102ca0 unknown :-1 s=CLOSED pgs=57 cs=0 l=1 rev1=1 crypto rx=0 tx=0 comp rx=0 tx=0).stop
2024-04-24T23:04:33.454 INFO:teuthology.orchestra.run.smithi031.stdout:/usr/bin/ceph: stderr
2024-04-24T23:04:32.550+0000 7f1d47a48700 1 -- 172.21.15.31:0/3451528226 >> 172.21.15.31:0/3451528226 conn(0x7f1d400fe010 msgr2=0x7f1d40100420 unknown :-1 s=STATE_NONE l=0).mark_down
2024-04-24T23:04:33.455 INFO:teuthology.orchestra.run.smithi031.stdout:/usr/bin/ceph: stderr
2024-04-24T23:04:32.550+0000 7f1d47a48700 1 -- 172.21.15.31:0/3451528226 shutdown_connections
2024-04-24T23:04:33.455 INFO:teuthology.orchestra.run.smithi031.stdout:/usr/bin/ceph: stderr
2024-04-24T23:04:32.550+0000 7f1d47a48700 1 -- 172.21.15.31:0/3451528226 wait complete.
2024-04-24T23:04:33.455 INFO:teuthology.orchestra.run.smithi031.stdout:/usr/bin/ceph: stderr
2024-04-24T23:04:32.551+0000 7f1d47a48700 1 Processor -- start
2024-04-24T23:04:33.455 INFO:teuthology.orchestra.run.smithi031.stdout:/usr/bin/ceph: stderr
2024-04-24T23:04:32.551+0000 7f1d47a48700 1 -- start start
2024-04-24T23:04:33.455 INFO:teuthology.orchestra.run.smithi031.stdout:/usr/bin/ceph: stderr
2024-04-24T23:04:32.551+0000 7f1d47a48700 1 --2- >> [v2:172.21.15.31:3300/0,v1:172.21.15.31:6789/0] conn(0x7f1d40102890 0x7f1d40111600 unknown :-1 s=NONE pgs=0 cs=0 l=1 rev1=0 crypto rx=0 tx=0 comp rx=0 tx=0).connect
2024-04-24T23:04:33.455 INFO:teuthology.orchestra.run.smithi031.stdout:/usr/bin/ceph: stderr
2024-04-24T23:04:32.551+0000 7f1d47a48700 1 -- --> [v2:172.21.15.31:3300/0,v1:172.21.15.31:6789/0] -- mon_getmap magic: 0 v1 -- 0x7f1d40111b40 con 0x7f1d40102890
2024-04-24T23:04:33.455 INFO:teuthology.orchestra.run.smithi031.stdout:/usr/bin/ceph: stderr
2024-04-24T23:04:32.551+0000 7f1d457e4700 1 --2- >> [v2:172.21.15.31:3300/0,v1:172.21.15.31:6789/0] conn(0x7f1d40102890 0x7f1d40111600 unknown :-1 s=BANNER_CONNECTING pgs=0 cs=0 l=1 rev1=0 crypto rx=0 tx=0 comp rx=0 tx=0)._handle_peer_banner_payload supported=3 required=0
2024-04-24T23:04:33.455 INFO:teuthology.orchestra.run.smithi031.stdout:/usr/bin/ceph: stderr
2024-04-24T23:04:32.551+0000 7f1d457e4700 1 --2- >> [v2:172.21.15.31:3300/0,v1:172.21.15.31:6789/0] conn(0x7f1d40102890 0x7f1d40111600 unknown :-1 s=HELLO_CONNECTING pgs=0 cs=0 l=1 rev1=1 crypto rx=0 tx=0 comp rx=0 tx=0).handle_hello peer v2:172.21.15.31:3300/0 says I am v2:172.21.15.31:55130/0 (socket says 172.21.15.31:55130)
2024-04-24T23:04:33.455 INFO:teuthology.orchestra.run.smithi031.stdout:/usr/bin/ceph: stderr
2024-04-24T23:04:32.551+0000 7f1d457e4700 1 -- 172.21.15.31:0/3055736984 learned_addr learned my addr 172.21.15.31:0/3055736984 (peer_addr_for_me v2:172.21.15.31:0/0)
2024-04-24T23:04:33.455 INFO:teuthology.orchestra.run.smithi031.stdout:/usr/bin/ceph: stderr
2024-04-24T23:04:32.552+0000 7f1d457e4700 1 -- 172.21.15.31:0/3055736984 --> [v2:172.21.15.31:3300/0,v1:172.21.15.31:6789/0] -- mon_subscribe({config=0+,monmap=0+}) v3 -- 0x7f1d340094f0 con 0x7f1d40102890
2024-04-24T23:04:33.455 INFO:teuthology.orchestra.run.smithi031.stdout:/usr/bin/ceph: stderr
2024-04-24T23:04:32.552+0000 7f1d457e4700 1 --2- 172.21.15.31:0/3055736984 >> [v2:172.21.15.31:3300/0,v1:172.21.15.31:6789/0] conn(0x7f1d40102890 0x7f1d40111600 secure :-1 s=READY pgs=58 cs=0 l=1 rev1=1 crypto rx=0x7f1d340090b0 tx=0x7f1d34009250 comp rx=0 tx=0).ready entity=mon.0 client_cookie=0 server_cookie=0 in_seq=0 out_seq=0
2024-04-24T23:04:33.455 INFO:teuthology.orchestra.run.smithi031.stdout:/usr/bin/ceph: stderr
2024-04-24T23:04:32.552+0000 7f1d31ffb700 1 -- 172.21.15.31:0/3055736984 <== mon.0 v2:172.21.15.31:3300/0 1 ==== mon_map magic: 0 v1 ==== 229+0+0 (secure 0 0 0) 0x7f1d34010840 con 0x7f1d40102890
2024-04-24T23:04:33.455 INFO:teuthology.orchestra.run.smithi031.stdout:/usr/bin/ceph: stderr
2024-04-24T23:04:32.552+0000 7f1d31ffb700 1 -- 172.21.15.31:0/3055736984 <== mon.0 v2:172.21.15.31:3300/0 2 ==== config(27 keys) v1 ==== 1109+0+0 (secure 0 0 0) 0x7f1d34010e70 con 0x7f1d40102890
2024-04-24T23:04:33.455 INFO:teuthology.orchestra.run.smithi031.stdout:/usr/bin/ceph: stderr
2024-04-24T23:04:32.552+0000 7f1d47a48700 1 -- 172.21.15.31:0/3055736984 --> [v2:172.21.15.31:3300/0,v1:172.21.15.31:6789/0] -- mon_subscribe({mgrmap=0+}) v3 -- 0x7f1d40111d40 con 0x7f1d40102890
2024-04-24T23:04:33.456 INFO:teuthology.orchestra.run.smithi031.stdout:/usr/bin/ceph: stderr
2024-04-24T23:04:32.552+0000 7f1d31ffb700 1 -- 172.21.15.31:0/3055736984 <== mon.0 v2:172.21.15.31:3300/0 3 ==== mon_map magic: 0 v1 ==== 229+0+0 (secure 0 0 0) 0x7f1d34024e40 con 0x7f1d40102890
2024-04-24T23:04:33.456 INFO:teuthology.orchestra.run.smithi031.stdout:/usr/bin/ceph: stderr
2024-04-24T23:04:32.552+0000 7f1d47a48700 1 -- 172.21.15.31:0/3055736984 --> [v2:172.21.15.31:3300/0,v1:172.21.15.31:6789/0] -- mon_subscribe({osdmap=0}) v3 -- 0x7f1d401128b0 con 0x7f1d40102890
2024-04-24T23:04:33.456 INFO:teuthology.orchestra.run.smithi031.stdout:/usr/bin/ceph: stderr
2024-04-24T23:04:32.553+0000 7f1d31ffb700 1 -- 172.21.15.31:0/3055736984 <== mon.0 v2:172.21.15.31:3300/0 4 ==== mgrmap(e 8) v1 ==== 43376+0+0 (secure 0 0 0) 0x7f1d3401a530 con 0x7f1d40102890
2024-04-24T23:04:33.456 INFO:teuthology.orchestra.run.smithi031.stdout:/usr/bin/ceph: stderr
2024-04-24T23:04:32.553+0000 7f1d47a48700 1 -- 172.21.15.31:0/3055736984 --> [v2:172.21.15.31:3300/0,v1:172.21.15.31:6789/0] -- mon_command({"prefix": "get_command_descriptions"} v 0) v1 -- 0x7f1d4005f5c0 con 0x7f1d40102890
2024-04-24T23:04:33.456 INFO:teuthology.orchestra.run.smithi031.stdout:/usr/bin/ceph: stderr
2024-04-24T23:04:32.553+0000 7f1d31ffb700 1 --2- 172.21.15.31:0/3055736984 >> [v2:172.21.15.31:6800/2092175909,v1:172.21.15.31:6801/2092175909] conn(0x7f1d2c036800 0x7f1d2c038cb0 unknown :-1 s=NONE pgs=0 cs=0 l=1 rev1=0 crypto rx=0 tx=0 comp rx=0 tx=0).connect
2024-04-24T23:04:33.456 INFO:teuthology.orchestra.run.smithi031.stdout:/usr/bin/ceph: stderr
2024-04-24T23:04:32.553+0000 7f1d31ffb700 1 -- 172.21.15.31:0/3055736984 <== mon.0 v2:172.21.15.31:3300/0 5 ==== osd_map(2..2 src has 1..2) v4 ==== 936+0+0 (secure 0 0 0) 0x7f1d3404a8b0 con 0x7f1d40102890
2024-04-24T23:04:33.456 INFO:teuthology.orchestra.run.smithi031.stdout:/usr/bin/ceph: stderr
2024-04-24T23:04:32.554+0000 7f1d44fe3700 1 --2- 172.21.15.31:0/3055736984 >> [v2:172.21.15.31:6800/2092175909,v1:172.21.15.31:6801/2092175909] conn(0x7f1d2c036800 0x7f1d2c038cb0 unknown :-1 s=BANNER_CONNECTING pgs=0 cs=0 l=1 rev1=0 crypto rx=0 tx=0 comp rx=0 tx=0)._handle_peer_banner_payload supported=3 required=0
2024-04-24T23:04:33.456 INFO:teuthology.orchestra.run.smithi031.stdout:/usr/bin/ceph: stderr
2024-04-24T23:04:32.554+0000 7f1d44fe3700 1 --2- 172.21.15.31:0/3055736984 >> [v2:172.21.15.31:6800/2092175909,v1:172.21.15.31:6801/2092175909] conn(0x7f1d2c036800 0x7f1d2c038cb0 secure :-1 s=READY pgs=17 cs=0 l=1 rev1=1 crypto rx=0x7f1d3c009990 tx=0x7f1d3c006e40 comp rx=0 tx=0).ready entity=mgr.14120 client_cookie=0 server_cookie=0 in_seq=0 out_seq=0
2024-04-24T23:04:33.456 INFO:teuthology.orchestra.run.smithi031.stdout:/usr/bin/ceph: stderr
2024-04-24T23:04:32.558+0000 7f1d31ffb700 1 -- 172.21.15.31:0/3055736984 <== mon.0 v2:172.21.15.31:3300/0 6 ==== mon_command_ack([{"prefix": "get_command_descriptions"}]=0 v0) v1 ==== 72+0+176702 (secure 0 0 0) 0x7f1d34018350 con 0x7f1d40102890
2024-04-24T23:04:33.456 INFO:teuthology.orchestra.run.smithi031.stdout:/usr/bin/ceph: stderr
2024-04-24T23:04:32.776+0000 7f1d47a48700 1 -- 172.21.15.31:0/3055736984 --> [v2:172.21.15.31:6800/2092175909,v1:172.21.15.31:6801/2092175909] -- mgr_command(tid 0: {"prefix": "orch apply", "service_type": "node-exporter", "target": ["mon-mgr", ""]}) v1 -- 0x7f1d400ff1b0 con 0x7f1d2c036800
2024-04-24T23:04:33.456 INFO:teuthology.orchestra.run.smithi031.stdout:/usr/bin/ceph: stderr
2024-04-24T23:04:32.781+0000 7f1d31ffb700 1 -- 172.21.15.31:0/3055736984 <== mgr.14120 v2:172.21.15.31:6800/2092175909 1 ==== mgr_command_reply(tid 0: 0 ) v1 ==== 8+0+34 (secure 0 0 0) 0x7f1d400ff1b0 con 0x7f1d2c036800
2024-04-24T23:04:33.456 INFO:teuthology.orchestra.run.smithi031.stdout:/usr/bin/ceph: stderr
2024-04-24T23:04:32.783+0000 7f1d47a48700 1 -- 172.21.15.31:0/3055736984 >> [v2:172.21.15.31:6800/2092175909,v1:172.21.15.31:6801/2092175909] conn(0x7f1d2c036800 msgr2=0x7f1d2c038cb0 secure :-1 s=STATE_CONNECTION_ESTABLISHED l=1).mark_down
2024-04-24T23:04:33.456 INFO:teuthology.orchestra.run.smithi031.stdout:/usr/bin/ceph: stderr
2024-04-24T23:04:32.783+0000 7f1d47a48700 1 --2- 172.21.15.31:0/3055736984 >> [v2:172.21.15.31:6800/2092175909,v1:172.21.15.31:6801/2092175909] conn(0x7f1d2c036800 0x7f1d2c038cb0 secure :-1 s=READY pgs=17 cs=0 l=1 rev1=1 crypto rx=0x7f1d3c009990 tx=0x7f1d3c006e40 comp rx=0 tx=0).stop
2024-04-24T23:04:33.456 INFO:teuthology.orchestra.run.smithi031.stdout:/usr/bin/ceph: stderr
2024-04-24T23:04:32.783+0000 7f1d47a48700 1 -- 172.21.15.31:0/3055736984 >> [v2:172.21.15.31:3300/0,v1:172.21.15.31:6789/0] conn(0x7f1d40102890 msgr2=0x7f1d40111600 secure :-1 s=STATE_CONNECTION_ESTABLISHED l=1).mark_down
2024-04-24T23:04:33.457 INFO:teuthology.orchestra.run.smithi031.stdout:/usr/bin/ceph: stderr
2024-04-24T23:04:32.783+0000 7f1d47a48700 1 --2- 172.21.15.31:0/3055736984 >> [v2:172.21.15.31:3300/0,v1:172.21.15.31:6789/0] conn(0x7f1d40102890 0x7f1d40111600 secure :-1 s=READY pgs=58 cs=0 l=1 rev1=1 crypto rx=0x7f1d340090b0 tx=0x7f1d34009250 comp rx=0 tx=0).stop
2024-04-24T23:04:33.457 INFO:teuthology.orchestra.run.smithi031.stdout:/usr/bin/ceph: stderr
2024-04-24T23:04:32.783+0000 7f1d47a48700 1 -- 172.21.15.31:0/3055736984 shutdown_connections
2024-04-24T23:04:33.457 INFO:teuthology.orchestra.run.smithi031.stdout:/usr/bin/ceph: stderr
2024-04-24T23:04:32.783+0000 7f1d47a48700 1 --2- 172.21.15.31:0/3055736984 >> [v2:172.21.15.31:6800/2092175909,v1:172.21.15.31:6801/2092175909] conn(0x7f1d2c036800 0x7f1d2c038cb0 unknown :-1 s=CLOSED pgs=17 cs=0 l=1 rev1=1 crypto rx=0 tx=0 comp rx=0 tx=0).stop
2024-04-24T23:04:33.457 INFO:teuthology.orchestra.run.smithi031.stdout:/usr/bin/ceph: stderr
2024-04-24T23:04:32.783+0000 7f1d47a48700 1 --2- 172.21.15.31:0/3055736984 >> [v2:172.21.15.31:3300/0,v1:172.21.15.31:6789/0] conn(0x7f1d40102890 0x7f1d40111600 unknown :-1 s=CLOSED pgs=58 cs=0 l=1 rev1=1 crypto rx=0 tx=0 comp rx=0 tx=0).stop
2024-04-24T23:04:33.457 INFO:teuthology.orchestra.run.smithi031.stdout:/usr/bin/ceph: stderr
2024-04-24T23:04:32.783+0000 7f1d47a48700 1 -- 172.21.15.31:0/3055736984 >> 172.21.15.31:0/3055736984 conn(0x7f1d400fe010 msgr2=0x7f1d400feaa0 unknown :-1 s=STATE_NONE l=0).mark_down
2024-04-24T23:04:33.457 INFO:teuthology.orchestra.run.smithi031.stdout:/usr/bin/ceph: stderr
2024-04-24T23:04:32.783+0000 7f1d47a48700 1 -- 172.21.15.31:0/3055736984 shutdown_connections
2024-04-24T23:04:33.457 INFO:teuthology.orchestra.run.smithi031.stdout:/usr/bin/ceph: stderr
2024-04-24T23:04:32.783+0000 7f1d47a48700 1 -- 172.21.15.31:0/3055736984 wait complete.
2024-04-24T23:04:33.457 INFO:teuthology.orchestra.run.smithi031.stdout:Deploying alertmanager service with default placement...
2024-04-24T23:04:34.216 INFO:journalctl@ceph.mon.smithi031.smithi031.stdout:Apr 24 23:04:33 smithi031 ceph-mon[26411]: from='client.14152 -' entity='client.admin' cmd=[{"prefix": "orch apply", "service_type": "node-exporter", "target": ["mon-mgr", ""]}]: dispatch
2024-04-24T23:04:34.216 INFO:journalctl@ceph.mon.smithi031.smithi031.stdout:Apr 24 23:04:33 smithi031 ceph-mon[26411]: Saving service node-exporter spec with placement *
2024-04-24T23:04:34.216 INFO:journalctl@ceph.mon.smithi031.smithi031.stdout:Apr 24 23:04:33 smithi031 ceph-mon[26411]: from='mgr.14120 172.21.15.31:0/1771444548' entity='mgr.smithi031.rrnmwr'
2024-04-24T23:04:35.426 INFO:teuthology.orchestra.run.smithi031.stdout:/usr/bin/ceph: stdout Scheduled alertmanager update...
2024-04-24T23:04:35.431 INFO:teuthology.orchestra.run.smithi031.stdout:/usr/bin/ceph: stderr
2024-04-24T23:04:34.601+0000 7fab2f9fe700 1 Processor -- start
2024-04-24T23:04:35.431 INFO:teuthology.orchestra.run.smithi031.stdout:/usr/bin/ceph: stderr
2024-04-24T23:04:34.601+0000 7fab2f9fe700 1 -- start start
2024-04-24T23:04:35.431 INFO:teuthology.orchestra.run.smithi031.stdout:/usr/bin/ceph: stderr
2024-04-24T23:04:34.601+0000 7fab2f9fe700 1 --2- >> [v2:172.21.15.31:3300/0,v1:172.21.15.31:6789/0] conn(0x7fab28101760 0x7fab28101b70 unknown :-1 s=NONE pgs=0 cs=0 l=0 rev1=0 crypto rx=0 tx=0 comp rx=0 tx=0).connect
2024-04-24T23:04:35.431 INFO:teuthology.orchestra.run.smithi031.stdout:/usr/bin/ceph: stderr
2024-04-24T23:04:34.601+0000 7fab2f9fe700 1 -- --> [v2:172.21.15.31:3300/0,v1:172.21.15.31:6789/0] -- mon_getmap magic: 0 v1 -- 0x7fab281020b0 con 0x7fab28101760
2024-04-24T23:04:35.431 INFO:teuthology.orchestra.run.smithi031.stdout:/usr/bin/ceph: stderr
2024-04-24T23:04:34.602+0000 7fab2d79a700 1 --2- >> [v2:172.21.15.31:3300/0,v1:172.21.15.31:6789/0] conn(0x7fab28101760 0x7fab28101b70 unknown :-1 s=BANNER_CONNECTING pgs=0 cs=0 l=0 rev1=0 crypto rx=0 tx=0 comp rx=0 tx=0)._handle_peer_banner_payload supported=3 required=0
2024-04-24T23:04:35.431 INFO:teuthology.orchestra.run.smithi031.stdout:/usr/bin/ceph: stderr
2024-04-24T23:04:34.602+0000 7fab2d79a700 1 --2- >> [v2:172.21.15.31:3300/0,v1:172.21.15.31:6789/0] conn(0x7fab28101760 0x7fab28101b70 unknown :-1 s=HELLO_CONNECTING pgs=0 cs=0 l=0 rev1=1 crypto rx=0 tx=0 comp rx=0 tx=0).handle_hello peer v2:172.21.15.31:3300/0 says I am v2:172.21.15.31:55142/0 (socket says 172.21.15.31:55142)
2024-04-24T23:04:35.432 INFO:teuthology.orchestra.run.smithi031.stdout:/usr/bin/ceph: stderr
2024-04-24T23:04:34.602+0000 7fab2d79a700 1 -- 172.21.15.31:0/3985973258 learned_addr learned my addr 172.21.15.31:0/3985973258 (peer_addr_for_me v2:172.21.15.31:0/0)
2024-04-24T23:04:35.432 INFO:teuthology.orchestra.run.smithi031.stdout:/usr/bin/ceph: stderr
2024-04-24T23:04:34.602+0000 7fab2d79a700 1 -- 172.21.15.31:0/3985973258 --> [v2:172.21.15.31:3300/0,v1:172.21.15.31:6789/0] -- mon_subscribe({config=0+,monmap=0+}) v3 -- 0x7fab281021f0 con 0x7fab28101760
2024-04-24T23:04:35.432 INFO:teuthology.orchestra.run.smithi031.stdout:/usr/bin/ceph: stderr
2024-04-24T23:04:34.602+0000 7fab2d79a700 1 --2- 172.21.15.31:0/3985973258 >> [v2:172.21.15.31:3300/0,v1:172.21.15.31:6789/0] conn(0x7fab28101760 0x7fab28101b70 secure :-1 s=READY pgs=59 cs=0 l=1 rev1=1 crypto rx=0x7fab2400bb80 tx=0x7fab2400b4f0 comp rx=0 tx=0).ready entity=mon.0 client_cookie=3c17305b3c738de3 server_cookie=0 in_seq=0 out_seq=0
2024-04-24T23:04:35.432 INFO:teuthology.orchestra.run.smithi031.stdout:/usr/bin/ceph: stderr
2024-04-24T23:04:34.602+0000 7fab1ffff700 1 -- 172.21.15.31:0/3985973258 <== mon.0 v2:172.21.15.31:3300/0 1 ==== mon_map magic: 0 v1 ==== 229+0+0 (secure 0 0 0) 0x7fab2400dd00 con 0x7fab28101760
2024-04-24T23:04:35.432 INFO:teuthology.orchestra.run.smithi031.stdout:/usr/bin/ceph: stderr
2024-04-24T23:04:34.603+0000 7fab1ffff700 1 -- 172.21.15.31:0/3985973258 <== mon.0 v2:172.21.15.31:3300/0 2 ==== config(27 keys) v1 ==== 1109+0+0 (secure 0 0 0) 0x7fab2400de60 con 0x7fab28101760
2024-04-24T23:04:35.432 INFO:teuthology.orchestra.run.smithi031.stdout:/usr/bin/ceph: stderr
2024-04-24T23:04:34.603+0000 7fab1ffff700 1 -- 172.21.15.31:0/3985973258 <== mon.0 v2:172.21.15.31:3300/0 3 ==== mon_map magic: 0 v1 ==== 229+0+0 (secure 0 0 0) 0x7fab24018920 con 0x7fab28101760
2024-04-24T23:04:35.432 INFO:teuthology.orchestra.run.smithi031.stdout:/usr/bin/ceph: stderr
2024-04-24T23:04:34.603+0000 7fab2f9fe700 1 -- 172.21.15.31:0/3985973258 >> [v2:172.21.15.31:3300/0,v1:172.21.15.31:6789/0] conn(0x7fab28101760 msgr2=0x7fab28101b70 secure :-1 s=STATE_CONNECTION_ESTABLISHED l=1).mark_down
2024-04-24T23:04:35.432 INFO:teuthology.orchestra.run.smithi031.stdout:/usr/bin/ceph: stderr
2024-04-24T23:04:34.603+0000 7fab2f9fe700 1 --2- 172.21.15.31:0/3985973258 >> [v2:172.21.15.31:3300/0,v1:172.21.15.31:6789/0] conn(0x7fab28101760 0x7fab28101b70 secure :-1 s=READY pgs=59 cs=0 l=1 rev1=1 crypto rx=0x7fab2400bb80 tx=0x7fab2400b4f0 comp rx=0 tx=0).stop
2024-04-24T23:04:35.432 INFO:teuthology.orchestra.run.smithi031.stdout:/usr/bin/ceph: stderr
2024-04-24T23:04:34.603+0000 7fab2f9fe700 1 -- 172.21.15.31:0/3985973258 shutdown_connections
2024-04-24T23:04:35.432 INFO:teuthology.orchestra.run.smithi031.stdout:/usr/bin/ceph: stderr
2024-04-24T23:04:34.603+0000 7fab2f9fe700 1 --2- 172.21.15.31:0/3985973258 >> [v2:172.21.15.31:3300/0,v1:172.21.15.31:6789/0] conn(0x7fab28101760 0x7fab28101b70 unknown :-1 s=CLOSED pgs=59 cs=0 l=1 rev1=1 crypto rx=0 tx=0 comp rx=0 tx=0).stop
2024-04-24T23:04:35.432 INFO:teuthology.orchestra.run.smithi031.stdout:/usr/bin/ceph: stderr
2024-04-24T23:04:34.603+0000 7fab2f9fe700 1 -- 172.21.15.31:0/3985973258 >> 172.21.15.31:0/3985973258 conn(0x7fab280fcea0 msgr2=0x7fab280ff2f0 unknown :-1 s=STATE_NONE l=0).mark_down
2024-04-24T23:04:35.432 INFO:teuthology.orchestra.run.smithi031.stdout:/usr/bin/ceph: stderr
2024-04-24T23:04:34.603+0000 7fab2f9fe700 1 -- 172.21.15.31:0/3985973258 shutdown_connections
2024-04-24T23:04:35.432 INFO:teuthology.orchestra.run.smithi031.stdout:/usr/bin/ceph: stderr
2024-04-24T23:04:34.603+0000 7fab2f9fe700 1 -- 172.21.15.31:0/3985973258 wait complete.
2024-04-24T23:04:35.432 INFO:teuthology.orchestra.run.smithi031.stdout:/usr/bin/ceph: stderr
2024-04-24T23:04:34.604+0000 7fab2f9fe700 1 Processor -- start
2024-04-24T23:04:35.433 INFO:teuthology.orchestra.run.smithi031.stdout:/usr/bin/ceph: stderr
2024-04-24T23:04:34.604+0000 7fab2f9fe700 1 -- start start
2024-04-24T23:04:35.433 INFO:teuthology.orchestra.run.smithi031.stdout:/usr/bin/ceph: stderr
2024-04-24T23:04:34.604+0000 7fab2f9fe700 1 --2- >> [v2:172.21.15.31:3300/0,v1:172.21.15.31:6789/0] conn(0x7fab28101760 0x7fab28113780 unknown :-1 s=NONE pgs=0 cs=0 l=1 rev1=0 crypto rx=0 tx=0 comp rx=0 tx=0).connect
2024-04-24T23:04:35.433 INFO:teuthology.orchestra.run.smithi031.stdout:/usr/bin/ceph: stderr
2024-04-24T23:04:34.604+0000 7fab2f9fe700 1 -- --> [v2:172.21.15.31:3300/0,v1:172.21.15.31:6789/0] -- mon_getmap magic: 0 v1 -- 0x7fab28113cc0 con 0x7fab28101760
2024-04-24T23:04:35.433 INFO:teuthology.orchestra.run.smithi031.stdout:/usr/bin/ceph: stderr
2024-04-24T23:04:34.604+0000 7fab2d79a700 1 --2- >> [v2:172.21.15.31:3300/0,v1:172.21.15.31:6789/0] conn(0x7fab28101760 0x7fab28113780 unknown :-1 s=BANNER_CONNECTING pgs=0 cs=0 l=1 rev1=0 crypto rx=0 tx=0 comp rx=0 tx=0)._handle_peer_banner_payload supported=3 required=0
2024-04-24T23:04:35.433 INFO:teuthology.orchestra.run.smithi031.stdout:/usr/bin/ceph: stderr
2024-04-24T23:04:34.604+0000 7fab2d79a700 1 --2- >> [v2:172.21.15.31:3300/0,v1:172.21.15.31:6789/0] conn(0x7fab28101760 0x7fab28113780 unknown :-1 s=HELLO_CONNECTING pgs=0 cs=0 l=1 rev1=1 crypto rx=0 tx=0 comp rx=0 tx=0).handle_hello peer v2:172.21.15.31:3300/0 says I am v2:172.21.15.31:55144/0 (socket says 172.21.15.31:55144)
2024-04-24T23:04:35.433 INFO:teuthology.orchestra.run.smithi031.stdout:/usr/bin/ceph: stderr
2024-04-24T23:04:34.604+0000 7fab2d79a700 1 -- 172.21.15.31:0/1679742707 learned_addr learned my addr 172.21.15.31:0/1679742707 (peer_addr_for_me v2:172.21.15.31:0/0)
2024-04-24T23:04:35.433 INFO:teuthology.orchestra.run.smithi031.stdout:/usr/bin/ceph: stderr
2024-04-24T23:04:34.604+0000 7fab2d79a700 1 -- 172.21.15.31:0/1679742707 --> [v2:172.21.15.31:3300/0,v1:172.21.15.31:6789/0] -- mon_subscribe({config=0+,monmap=0+}) v3 -- 0x7fab2400b790 con 0x7fab28101760
2024-04-24T23:04:35.433 INFO:teuthology.orchestra.run.smithi031.stdout:/usr/bin/ceph: stderr
2024-04-24T23:04:34.605+0000 7fab2d79a700 1 --2- 172.21.15.31:0/1679742707 >> [v2:172.21.15.31:3300/0,v1:172.21.15.31:6789/0] conn(0x7fab28101760 0x7fab28113780 secure :-1 s=READY pgs=60 cs=0 l=1 rev1=1 crypto rx=0x7fab240106a0 tx=0x7fab2400b4f0 comp rx=0 tx=0).ready entity=mon.0 client_cookie=0 server_cookie=0 in_seq=0 out_seq=0
2024-04-24T23:04:35.433 INFO:teuthology.orchestra.run.smithi031.stdout:/usr/bin/ceph: stderr
2024-04-24T23:04:34.605+0000 7fab1dffb700 1 -- 172.21.15.31:0/1679742707 <== mon.0 v2:172.21.15.31:3300/0 1 ==== mon_map magic: 0 v1 ==== 229+0+0 (secure 0 0 0) 0x7fab2400dc70 con 0x7fab28101760
2024-04-24T23:04:35.433 INFO:teuthology.orchestra.run.smithi031.stdout:/usr/bin/ceph: stderr
2024-04-24T23:04:34.605+0000 7fab1dffb700 1 -- 172.21.15.31:0/1679742707 <== mon.0 v2:172.21.15.31:3300/0 2 ==== config(27 keys) v1 ==== 1109+0+0 (secure 0 0 0) 0x7fab24010b80 con 0x7fab28101760
2024-04-24T23:04:35.433 INFO:teuthology.orchestra.run.smithi031.stdout:/usr/bin/ceph: stderr
2024-04-24T23:04:34.605+0000 7fab2f9fe700 1 -- 172.21.15.31:0/1679742707 --> [v2:172.21.15.31:3300/0,v1:172.21.15.31:6789/0] -- mon_subscribe({mgrmap=0+}) v3 -- 0x7fab28113ec0 con 0x7fab28101760
2024-04-24T23:04:35.433 INFO:teuthology.orchestra.run.smithi031.stdout:/usr/bin/ceph: stderr
2024-04-24T23:04:34.605+0000 7fab1dffb700 1 -- 172.21.15.31:0/1679742707 <== mon.0 v2:172.21.15.31:3300/0 3 ==== mon_map magic: 0 v1 ==== 229+0+0 (secure 0 0 0) 0x7fab24021550 con 0x7fab28101760
2024-04-24T23:04:35.433 INFO:teuthology.orchestra.run.smithi031.stdout:/usr/bin/ceph: stderr
2024-04-24T23:04:34.605+0000 7fab2f9fe700 1 -- 172.21.15.31:0/1679742707 --> [v2:172.21.15.31:3300/0,v1:172.21.15.31:6789/0] -- mon_subscribe({osdmap=0}) v3 -- 0x7fab28114a30 con 0x7fab28101760
2024-04-24T23:04:35.433 INFO:teuthology.orchestra.run.smithi031.stdout:/usr/bin/ceph: stderr
2024-04-24T23:04:34.606+0000 7fab1dffb700 1 -- 172.21.15.31:0/1679742707 <== mon.0 v2:172.21.15.31:3300/0 4 ==== mgrmap(e 8) v1 ==== 43376+0+0 (secure 0 0 0) 0x7fab240217c0 con 0x7fab28101760
2024-04-24T23:04:35.434 INFO:teuthology.orchestra.run.smithi031.stdout:/usr/bin/ceph: stderr
2024-04-24T23:04:34.606+0000 7fab2f9fe700 1 -- 172.21.15.31:0/1679742707 --> [v2:172.21.15.31:3300/0,v1:172.21.15.31:6789/0] -- mon_command({"prefix": "get_command_descriptions"} v 0) v1 -- 0x7fab2805f5c0 con 0x7fab28101760
2024-04-24T23:04:35.434 INFO:teuthology.orchestra.run.smithi031.stdout:/usr/bin/ceph: stderr
2024-04-24T23:04:34.606+0000 7fab1dffb700 1 --2- 172.21.15.31:0/1679742707 >> [v2:172.21.15.31:6800/2092175909,v1:172.21.15.31:6801/2092175909] conn(0x7fab140368a0 0x7fab14038d50 unknown :-1 s=NONE pgs=0 cs=0 l=1 rev1=0 crypto rx=0 tx=0 comp rx=0 tx=0).connect
2024-04-24T23:04:35.434 INFO:teuthology.orchestra.run.smithi031.stdout:/usr/bin/ceph: stderr
2024-04-24T23:04:34.606+0000 7fab1dffb700 1 -- 172.21.15.31:0/1679742707 <== mon.0 v2:172.21.15.31:3300/0 5 ==== osd_map(2..2 src has 1..2) v4 ==== 936+0+0 (secure 0 0 0) 0x7fab24014070 con 0x7fab28101760
2024-04-24T23:04:35.434 INFO:teuthology.orchestra.run.smithi031.stdout:/usr/bin/ceph: stderr
2024-04-24T23:04:34.606+0000 7fab2cf99700 1 --2- 172.21.15.31:0/1679742707 >> [v2:172.21.15.31:6800/2092175909,v1:172.21.15.31:6801/2092175909] conn(0x7fab140368a0 0x7fab14038d50 unknown :-1 s=BANNER_CONNECTING pgs=0 cs=0 l=1 rev1=0 crypto rx=0 tx=0 comp rx=0 tx=0)._handle_peer_banner_payload supported=3 required=0
2024-04-24T23:04:35.434 INFO:teuthology.orchestra.run.smithi031.stdout:/usr/bin/ceph: stderr
2024-04-24T23:04:34.607+0000 7fab2cf99700 1 --2- 172.21.15.31:0/1679742707 >> [v2:172.21.15.31:6800/2092175909,v1:172.21.15.31:6801/2092175909] conn(0x7fab140368a0 0x7fab14038d50 secure :-1 s=READY pgs=18 cs=0 l=1 rev1=1 crypto rx=0x7fab18009990 tx=0x7fab18006e40 comp rx=0 tx=0).ready entity=mgr.14120 client_cookie=0 server_cookie=0 in_seq=0 out_seq=0
2024-04-24T23:04:35.434 INFO:teuthology.orchestra.run.smithi031.stdout:/usr/bin/ceph: stderr
2024-04-24T23:04:34.611+0000 7fab1dffb700 1 -- 172.21.15.31:0/1679742707 <== mon.0 v2:172.21.15.31:3300/0 6 ==== mon_command_ack([{"prefix": "get_command_descriptions"}]=0 v0) v1 ==== 72+0+176702 (secure 0 0 0) 0x7fab2402b920 con 0x7fab28101760
2024-04-24T23:04:35.434 INFO:teuthology.orchestra.run.smithi031.stdout:/usr/bin/ceph: stderr
2024-04-24T23:04:34.817+0000 7fab2f9fe700 1 -- 172.21.15.31:0/1679742707 --> [v2:172.21.15.31:6800/2092175909,v1:172.21.15.31:6801/2092175909] -- mgr_command(tid 0: {"prefix": "orch apply", "service_type": "alertmanager", "target": ["mon-mgr", ""]}) v1 -- 0x7fab28114de0 con 0x7fab140368a0
2024-04-24T23:04:35.434 INFO:teuthology.orchestra.run.smithi031.stdout:/usr/bin/ceph: stderr
2024-04-24T23:04:34.821+0000 7fab1dffb700 1 -- 172.21.15.31:0/1679742707 <== mgr.14120 v2:172.21.15.31:6800/2092175909 1 ==== mgr_command_reply(tid 0: 0 ) v1 ==== 8+0+33 (secure 0 0 0) 0x7fab28114de0 con 0x7fab140368a0
2024-04-24T23:04:35.434 INFO:teuthology.orchestra.run.smithi031.stdout:/usr/bin/ceph: stderr
2024-04-24T23:04:34.823+0000 7fab2f9fe700 1 -- 172.21.15.31:0/1679742707 >> [v2:172.21.15.31:6800/2092175909,v1:172.21.15.31:6801/2092175909] conn(0x7fab140368a0 msgr2=0x7fab14038d50 secure :-1 s=STATE_CONNECTION_ESTABLISHED l=1).mark_down
2024-04-24T23:04:35.434 INFO:teuthology.orchestra.run.smithi031.stdout:/usr/bin/ceph: stderr
2024-04-24T23:04:34.823+0000 7fab2f9fe700 1 --2- 172.21.15.31:0/1679742707 >> [v2:172.21.15.31:6800/2092175909,v1:172.21.15.31:6801/2092175909] conn(0x7fab140368a0 0x7fab14038d50 secure :-1 s=READY pgs=18 cs=0 l=1 rev1=1 crypto rx=0x7fab18009990 tx=0x7fab18006e40 comp rx=0 tx=0).stop
2024-04-24T23:04:35.434 INFO:teuthology.orchestra.run.smithi031.stdout:/usr/bin/ceph: stderr
2024-04-24T23:04:34.823+0000 7fab2f9fe700 1 -- 172.21.15.31:0/1679742707 >> [v2:172.21.15.31:3300/0,v1:172.21.15.31:6789/0] conn(0x7fab28101760 msgr2=0x7fab28113780 secure :-1 s=STATE_CONNECTION_ESTABLISHED l=1).mark_down
2024-04-24T23:04:35.434 INFO:teuthology.orchestra.run.smithi031.stdout:/usr/bin/ceph: stderr
2024-04-24T23:04:34.823+0000 7fab2f9fe700 1 --2- 172.21.15.31:0/1679742707 >> [v2:172.21.15.31:3300/0,v1:172.21.15.31:6789/0] conn(0x7fab28101760 0x7fab28113780 secure :-1 s=READY pgs=60 cs=0 l=1 rev1=1 crypto rx=0x7fab240106a0 tx=0x7fab2400b4f0 comp rx=0 tx=0).stop
2024-04-24T23:04:35.434 INFO:teuthology.orchestra.run.smithi031.stdout:/usr/bin/ceph: stderr
2024-04-24T23:04:34.823+0000 7fab2f9fe700 1 -- 172.21.15.31:0/1679742707 shutdown_connections
2024-04-24T23:04:35.435 INFO:teuthology.orchestra.run.smithi031.stdout:/usr/bin/ceph: stderr
2024-04-24T23:04:34.823+0000 7fab2f9fe700 1 --2- 172.21.15.31:0/1679742707 >> [v2:172.21.15.31:6800/2092175909,v1:172.21.15.31:6801/2092175909] conn(0x7fab140368a0 0x7fab14038d50 unknown :-1 s=CLOSED pgs=18 cs=0 l=1 rev1=1 crypto rx=0 tx=0 comp rx=0 tx=0).stop
2024-04-24T23:04:35.435 INFO:teuthology.orchestra.run.smithi031.stdout:/usr/bin/ceph: stderr
2024-04-24T23:04:34.823+0000 7fab2f9fe700 1 --2- 172.21.15.31:0/1679742707 >> [v2:172.21.15.31:3300/0,v1:172.21.15.31:6789/0] conn(0x7fab28101760 0x7fab28113780 unknown :-1 s=CLOSED pgs=60 cs=0 l=1 rev1=1 crypto rx=0 tx=0 comp rx=0 tx=0).stop
2024-04-24T23:04:35.435 INFO:teuthology.orchestra.run.smithi031.stdout:/usr/bin/ceph: stderr
2024-04-24T23:04:34.823+0000 7fab2f9fe700 1 -- 172.21.15.31:0/1679742707 >> 172.21.15.31:0/1679742707 conn(0x7fab280fcea0 msgr2=0x7fab28105ba0 unknown :-1 s=STATE_NONE l=0).mark_down
2024-04-24T23:04:35.435 INFO:teuthology.orchestra.run.smithi031.stdout:/usr/bin/ceph: stderr
2024-04-24T23:04:34.823+0000 7fab2f9fe700 1 -- 172.21.15.31:0/1679742707 shutdown_connections
2024-04-24T23:04:35.435 INFO:teuthology.orchestra.run.smithi031.stdout:/usr/bin/ceph: stderr
2024-04-24T23:04:34.823+0000 7fab2f9fe700 1 -- 172.21.15.31:0/1679742707 wait complete.
2024-04-24T23:04:35.998 INFO:journalctl@ceph.mon.smithi031.smithi031.stdout:Apr 24 23:04:35 smithi031 ceph-mon[26411]: from='client.14154 -' entity='client.admin' cmd=[{"prefix": "orch apply", "service_type": "alertmanager", "target": ["mon-mgr", ""]}]: dispatch
2024-04-24T23:04:35.999 INFO:journalctl@ceph.mon.smithi031.smithi031.stdout:Apr 24 23:04:35 smithi031 ceph-mon[26411]: Saving service alertmanager spec with placement count:1
2024-04-24T23:04:35.999 INFO:journalctl@ceph.mon.smithi031.smithi031.stdout:Apr 24 23:04:35 smithi031 ceph-mon[26411]: from='mgr.14120 172.21.15.31:0/1771444548' entity='mgr.smithi031.rrnmwr'
2024-04-24T23:04:35.999 INFO:journalctl@ceph.mon.smithi031.smithi031.stdout:Apr 24 23:04:35 smithi031 ceph-mon[26411]: pgmap v3: 0 pgs: ; 0 B data, 0 B used, 0 B / 0 B avail
2024-04-24T23:04:36.587 INFO:teuthology.orchestra.run.smithi031.stdout:/usr/bin/ceph: stderr
2024-04-24T23:04:35.817+0000 7f965754e700 1 Processor -- start
2024-04-24T23:04:36.587 INFO:teuthology.orchestra.run.smithi031.stdout:/usr/bin/ceph: stderr
2024-04-24T23:04:35.817+0000 7f965754e700 1 -- start start
2024-04-24T23:04:36.587 INFO:teuthology.orchestra.run.smithi031.stdout:/usr/bin/ceph: stderr
2024-04-24T23:04:35.817+0000 7f965754e700 1 --2- >> [v2:172.21.15.31:3300/0,v1:172.21.15.31:6789/0] conn(0x7f9650102880 0x7f9650102c90 unknown :-1 s=NONE pgs=0 cs=0 l=0 rev1=0 crypto rx=0 tx=0 comp rx=0 tx=0).connect
2024-04-24T23:04:36.587 INFO:teuthology.orchestra.run.smithi031.stdout:/usr/bin/ceph: stderr
2024-04-24T23:04:35.817+0000 7f965754e700 1 -- --> [v2:172.21.15.31:3300/0,v1:172.21.15.31:6789/0] -- mon_getmap magic: 0 v1 -- 0x7f96501031d0 con 0x7f9650102880
2024-04-24T23:04:36.587 INFO:teuthology.orchestra.run.smithi031.stdout:/usr/bin/ceph: stderr
2024-04-24T23:04:35.818+0000 7f96552ea700 1 --2- >> [v2:172.21.15.31:3300/0,v1:172.21.15.31:6789/0] conn(0x7f9650102880 0x7f9650102c90 unknown :-1 s=BANNER_CONNECTING pgs=0 cs=0 l=0 rev1=0 crypto rx=0 tx=0 comp rx=0 tx=0)._handle_peer_banner_payload supported=3 required=0
2024-04-24T23:04:36.588 INFO:teuthology.orchestra.run.smithi031.stdout:/usr/bin/ceph: stderr
2024-04-24T23:04:35.818+0000 7f96552ea700 1 --2- >> [v2:172.21.15.31:3300/0,v1:172.21.15.31:6789/0] conn(0x7f9650102880 0x7f9650102c90 unknown :-1 s=HELLO_CONNECTING pgs=0 cs=0 l=0 rev1=1 crypto rx=0 tx=0 comp rx=0 tx=0).handle_hello peer v2:172.21.15.31:3300/0 says I am v2:172.21.15.31:55158/0 (socket says 172.21.15.31:55158)
2024-04-24T23:04:36.588 INFO:teuthology.orchestra.run.smithi031.stdout:/usr/bin/ceph: stderr
2024-04-24T23:04:35.818+0000 7f96552ea700 1 -- 172.21.15.31:0/1883649054 learned_addr learned my addr 172.21.15.31:0/1883649054 (peer_addr_for_me v2:172.21.15.31:0/0)
2024-04-24T23:04:36.588 INFO:teuthology.orchestra.run.smithi031.stdout:/usr/bin/ceph: stderr
2024-04-24T23:04:35.818+0000 7f96552ea700 1 -- 172.21.15.31:0/1883649054 --> [v2:172.21.15.31:3300/0,v1:172.21.15.31:6789/0] -- mon_subscribe({config=0+,monmap=0+}) v3 -- 0x7f9650103310 con 0x7f9650102880
2024-04-24T23:04:36.588 INFO:teuthology.orchestra.run.smithi031.stdout:/usr/bin/ceph: stderr
2024-04-24T23:04:35.818+0000 7f96552ea700 1 --2- 172.21.15.31:0/1883649054 >> [v2:172.21.15.31:3300/0,v1:172.21.15.31:6789/0] conn(0x7f9650102880 0x7f9650102c90 secure :-1 s=READY pgs=61 cs=0 l=1 rev1=1 crypto rx=0x7f9648009e50 tx=0x7f9648009840 comp rx=0 tx=0).ready entity=mon.0 client_cookie=a76704a51b2a7f99 server_cookie=0 in_seq=0 out_seq=0
2024-04-24T23:04:36.588 INFO:teuthology.orchestra.run.smithi031.stdout:/usr/bin/ceph: stderr
2024-04-24T23:04:35.818+0000 7f964ffff700 1 -- 172.21.15.31:0/1883649054 <== mon.0 v2:172.21.15.31:3300/0 1 ==== mon_map magic: 0 v1 ==== 229+0+0 (secure 0 0 0) 0x7f96480092e0 con 0x7f9650102880
2024-04-24T23:04:36.588 INFO:teuthology.orchestra.run.smithi031.stdout:/usr/bin/ceph: stderr
2024-04-24T23:04:35.818+0000 7f964ffff700 1 -- 172.21.15.31:0/1883649054 <== mon.0 v2:172.21.15.31:3300/0 2 ==== config(27 keys) v1 ==== 1109+0+0 (secure 0 0 0) 0x7f9648012430 con 0x7f9650102880
2024-04-24T23:04:36.588 INFO:teuthology.orchestra.run.smithi031.stdout:/usr/bin/ceph: stderr
2024-04-24T23:04:35.818+0000 7f964ffff700 1 -- 172.21.15.31:0/1883649054 <== mon.0 v2:172.21.15.31:3300/0 3 ==== mon_map magic: 0 v1 ==== 229+0+0 (secure 0 0 0) 0x7f96480075a0 con 0x7f9650102880
2024-04-24T23:04:36.588 INFO:teuthology.orchestra.run.smithi031.stdout:/usr/bin/ceph: stderr
2024-04-24T23:04:35.819+0000 7f965754e700 1 -- 172.21.15.31:0/1883649054 >> [v2:172.21.15.31:3300/0,v1:172.21.15.31:6789/0] conn(0x7f9650102880 msgr2=0x7f9650102c90 secure :-1 s=STATE_CONNECTION_ESTABLISHED l=1).mark_down
2024-04-24T23:04:36.588 INFO:teuthology.orchestra.run.smithi031.stdout:/usr/bin/ceph: stderr
2024-04-24T23:04:35.819+0000 7f965754e700 1 --2- 172.21.15.31:0/1883649054 >> [v2:172.21.15.31:3300/0,v1:172.21.15.31:6789/0] conn(0x7f9650102880 0x7f9650102c90 secure :-1 s=READY pgs=61 cs=0 l=1 rev1=1 crypto rx=0x7f9648009e50 tx=0x7f9648009840 comp rx=0 tx=0).stop
2024-04-24T23:04:36.588 INFO:teuthology.orchestra.run.smithi031.stdout:/usr/bin/ceph: stderr
2024-04-24T23:04:35.819+0000 7f965754e700 1 -- 172.21.15.31:0/1883649054 shutdown_connections
2024-04-24T23:04:36.588 INFO:teuthology.orchestra.run.smithi031.stdout:/usr/bin/ceph: stderr
2024-04-24T23:04:35.819+0000 7f965754e700 1 --2- 172.21.15.31:0/1883649054 >> [v2:172.21.15.31:3300/0,v1:172.21.15.31:6789/0] conn(0x7f9650102880 0x7f9650102c90 unknown :-1 s=CLOSED pgs=61 cs=0 l=1 rev1=1 crypto rx=0 tx=0 comp rx=0 tx=0).stop
2024-04-24T23:04:36.588 INFO:teuthology.orchestra.run.smithi031.stdout:/usr/bin/ceph: stderr
2024-04-24T23:04:35.819+0000 7f965754e700 1 -- 172.21.15.31:0/1883649054 >> 172.21.15.31:0/1883649054 conn(0x7f96500fe060 msgr2=0x7f9650100470 unknown :-1 s=STATE_NONE l=0).mark_down
2024-04-24T23:04:36.588 INFO:teuthology.orchestra.run.smithi031.stdout:/usr/bin/ceph: stderr
2024-04-24T23:04:35.819+0000 7f965754e700 1 -- 172.21.15.31:0/1883649054 shutdown_connections
2024-04-24T23:04:36.588 INFO:teuthology.orchestra.run.smithi031.stdout:/usr/bin/ceph: stderr
2024-04-24T23:04:35.819+0000 7f965754e700 1 -- 172.21.15.31:0/1883649054 wait complete.
2024-04-24T23:04:36.589 INFO:teuthology.orchestra.run.smithi031.stdout:/usr/bin/ceph: stderr
2024-04-24T23:04:35.819+0000 7f965754e700 1 Processor -- start
2024-04-24T23:04:36.589 INFO:teuthology.orchestra.run.smithi031.stdout:/usr/bin/ceph: stderr
2024-04-24T23:04:35.819+0000 7f965754e700 1 -- start start
2024-04-24T23:04:36.589 INFO:teuthology.orchestra.run.smithi031.stdout:/usr/bin/ceph: stderr
2024-04-24T23:04:35.820+0000 7f965754e700 1 --2- >> [v2:172.21.15.31:3300/0,v1:172.21.15.31:6789/0] conn(0x7f9650102880 0x7f9650078c20 unknown :-1 s=NONE pgs=0 cs=0 l=1 rev1=0 crypto rx=0 tx=0 comp rx=0 tx=0).connect
2024-04-24T23:04:36.589 INFO:teuthology.orchestra.run.smithi031.stdout:/usr/bin/ceph: stderr
2024-04-24T23:04:35.820+0000 7f965754e700 1 -- --> [v2:172.21.15.31:3300/0,v1:172.21.15.31:6789/0] -- mon_getmap magic: 0 v1 -- 0x7f9650079160 con 0x7f9650102880
2024-04-24T23:04:36.589 INFO:teuthology.orchestra.run.smithi031.stdout:/usr/bin/ceph: stderr
2024-04-24T23:04:35.820+0000 7f96552ea700 1 --2- >> [v2:172.21.15.31:3300/0,v1:172.21.15.31:6789/0] conn(0x7f9650102880 0x7f9650078c20 unknown :-1 s=BANNER_CONNECTING pgs=0 cs=0 l=1 rev1=0 crypto rx=0 tx=0 comp rx=0 tx=0)._handle_peer_banner_payload supported=3 required=0
2024-04-24T23:04:36.589 INFO:teuthology.orchestra.run.smithi031.stdout:/usr/bin/ceph: stderr
2024-04-24T23:04:35.820+0000 7f96552ea700 1 --2- >> [v2:172.21.15.31:3300/0,v1:172.21.15.31:6789/0] conn(0x7f9650102880 0x7f9650078c20 unknown :-1 s=HELLO_CONNECTING pgs=0 cs=0 l=1 rev1=1 crypto rx=0 tx=0 comp rx=0 tx=0).handle_hello peer v2:172.21.15.31:3300/0 says I am v2:172.21.15.31:55162/0 (socket says 172.21.15.31:55162)
2024-04-24T23:04:36.589 INFO:teuthology.orchestra.run.smithi031.stdout:/usr/bin/ceph: stderr
2024-04-24T23:04:35.820+0000 7f96552ea700 1 -- 172.21.15.31:0/1753221992 learned_addr learned my addr 172.21.15.31:0/1753221992 (peer_addr_for_me v2:172.21.15.31:0/0)
2024-04-24T23:04:36.589 INFO:teuthology.orchestra.run.smithi031.stdout:/usr/bin/ceph: stderr
2024-04-24T23:04:35.820+0000 7f96552ea700 1 -- 172.21.15.31:0/1753221992 --> [v2:172.21.15.31:3300/0,v1:172.21.15.31:6789/0] -- mon_subscribe({config=0+,monmap=0+}) v3 -- 0x7f9648009ae0 con 0x7f9650102880
2024-04-24T23:04:36.589 INFO:teuthology.orchestra.run.smithi031.stdout:/usr/bin/ceph: stderr
2024-04-24T23:04:35.820+0000 7f96552ea700 1 --2- 172.21.15.31:0/1753221992 >> [v2:172.21.15.31:3300/0,v1:172.21.15.31:6789/0] conn(0x7f9650102880 0x7f9650078c20 secure :-1 s=READY pgs=62 cs=0 l=1 rev1=1 crypto rx=0x7f9648009fd0 tx=0x7f9648009840 comp rx=0 tx=0).ready entity=mon.0 client_cookie=0 server_cookie=0 in_seq=0 out_seq=0
2024-04-24T23:04:36.589 INFO:teuthology.orchestra.run.smithi031.stdout:/usr/bin/ceph: stderr
2024-04-24T23:04:35.820+0000 7f964dffb700 1 -- 172.21.15.31:0/1753221992 <== mon.0 v2:172.21.15.31:3300/0 1 ==== mon_map magic: 0 v1 ==== 229+0+0 (secure 0 0 0) 0x7f96480092e0 con 0x7f9650102880
2024-04-24T23:04:36.589 INFO:teuthology.orchestra.run.smithi031.stdout:/usr/bin/ceph: stderr
2024-04-24T23:04:35.820+0000 7f964dffb700 1 -- 172.21.15.31:0/1753221992 <== mon.0 v2:172.21.15.31:3300/0 2 ==== config(27 keys) v1 ==== 1109+0+0 (secure 0 0 0) 0x7f9648007ce0 con 0x7f9650102880
2024-04-24T23:04:36.589 INFO:teuthology.orchestra.run.smithi031.stdout:/usr/bin/ceph: stderr
2024-04-24T23:04:35.820+0000 7f965754e700 1 -- 172.21.15.31:0/1753221992 --> [v2:172.21.15.31:3300/0,v1:172.21.15.31:6789/0] -- mon_subscribe({mgrmap=0+}) v3 -- 0x7f96500771d0 con 0x7f9650102880
2024-04-24T23:04:36.589 INFO:teuthology.orchestra.run.smithi031.stdout:/usr/bin/ceph: stderr
2024-04-24T23:04:35.820+0000 7f964dffb700 1 -- 172.21.15.31:0/1753221992 <== mon.0 v2:172.21.15.31:3300/0 3 ==== mon_map magic: 0 v1 ==== 229+0+0 (secure 0 0 0) 0x7f9648025990 con 0x7f9650102880
2024-04-24T23:04:36.589 INFO:teuthology.orchestra.run.smithi031.stdout:/usr/bin/ceph: stderr
2024-04-24T23:04:35.821+0000 7f965754e700 1 -- 172.21.15.31:0/1753221992 --> [v2:172.21.15.31:3300/0,v1:172.21.15.31:6789/0] -- mon_subscribe({osdmap=0}) v3 -- 0x7f96500776c0 con 0x7f9650102880
2024-04-24T23:04:36.589 INFO:teuthology.orchestra.run.smithi031.stdout:/usr/bin/ceph: stderr
2024-04-24T23:04:35.821+0000 7f964dffb700 1 -- 172.21.15.31:0/1753221992 <== mon.0 v2:172.21.15.31:3300/0 4 ==== mgrmap(e 8) v1 ==== 43376+0+0 (secure 0 0 0) 0x7f9648019050 con 0x7f9650102880
2024-04-24T23:04:36.590 INFO:teuthology.orchestra.run.smithi031.stdout:/usr/bin/ceph: stderr
2024-04-24T23:04:35.822+0000 7f964dffb700 1 --2- 172.21.15.31:0/1753221992 >> [v2:172.21.15.31:6800/2092175909,v1:172.21.15.31:6801/2092175909] conn(0x7f96380368a0 0x7f9638038d50 unknown :-1 s=NONE pgs=0 cs=0 l=1 rev1=0 crypto rx=0 tx=0 comp rx=0 tx=0).connect
2024-04-24T23:04:36.590 INFO:teuthology.orchestra.run.smithi031.stdout:/usr/bin/ceph: stderr
2024-04-24T23:04:35.822+0000 7f965754e700 1 -- 172.21.15.31:0/1753221992 --> [v2:172.21.15.31:3300/0,v1:172.21.15.31:6789/0] -- mon_command({"prefix": "get_command_descriptions"} v 0) v1 -- 0x7f965004bed0 con 0x7f9650102880
2024-04-24T23:04:36.590 INFO:teuthology.orchestra.run.smithi031.stdout:/usr/bin/ceph: stderr
2024-04-24T23:04:35.822+0000 7f964dffb700 1 -- 172.21.15.31:0/1753221992 <== mon.0 v2:172.21.15.31:3300/0 5 ==== osd_map(2..2 src has 1..2) v4 ==== 936+0+0 (secure 0 0 0) 0x7f964804a0d0 con 0x7f9650102880
2024-04-24T23:04:36.590 INFO:teuthology.orchestra.run.smithi031.stdout:/usr/bin/ceph: stderr
2024-04-24T23:04:35.822+0000 7f9654ae9700 1 --2- 172.21.15.31:0/1753221992 >> [v2:172.21.15.31:6800/2092175909,v1:172.21.15.31:6801/2092175909] conn(0x7f96380368a0 0x7f9638038d50 unknown :-1 s=BANNER_CONNECTING pgs=0 cs=0 l=1 rev1=0 crypto rx=0 tx=0 comp rx=0 tx=0)._handle_peer_banner_payload supported=3 required=0
2024-04-24T23:04:36.590 INFO:teuthology.orchestra.run.smithi031.stdout:/usr/bin/ceph: stderr
2024-04-24T23:04:35.822+0000 7f9654ae9700 1 --2- 172.21.15.31:0/1753221992 >> [v2:172.21.15.31:6800/2092175909,v1:172.21.15.31:6801/2092175909] conn(0x7f96380368a0 0x7f9638038d50 secure :-1 s=READY pgs=19 cs=0 l=1 rev1=1 crypto rx=0x7f9644009990 tx=0x7f9644006e40 comp rx=0 tx=0).ready entity=mgr.14120 client_cookie=0 server_cookie=0 in_seq=0 out_seq=0
2024-04-24T23:04:36.590 INFO:teuthology.orchestra.run.smithi031.stdout:/usr/bin/ceph: stderr
2024-04-24T23:04:35.826+0000 7f964dffb700 1 -- 172.21.15.31:0/1753221992 <== mon.0 v2:172.21.15.31:3300/0 6 ==== mon_command_ack([{"prefix": "get_command_descriptions"}]=0 v0) v1 ==== 72+0+176702 (secure 0 0 0) 0x7f9648017070 con 0x7f9650102880
2024-04-24T23:04:36.590 INFO:teuthology.orchestra.run.smithi031.stdout:/usr/bin/ceph: stderr
2024-04-24T23:04:36.021+0000 7f965754e700 1 -- 172.21.15.31:0/1753221992 --> [v2:172.21.15.31:3300/0,v1:172.21.15.31:6789/0] -- mon_command([{prefix=config set, name=mgr/cephadm/container_init}] v 0) v1 -- 0x7f9650104620 con 0x7f9650102880
2024-04-24T23:04:36.590 INFO:teuthology.orchestra.run.smithi031.stdout:/usr/bin/ceph: stderr
2024-04-24T23:04:36.026+0000 7f964dffb700 1 -- 172.21.15.31:0/1753221992 <== mon.0 v2:172.21.15.31:3300/0 7 ==== mon_command_ack([{prefix=config set, name=mgr/cephadm/container_init}]=0 v7)=0 v7) v1 ==== 142+0+0 (secure 0 0 0) 0x7f9648020030 con 0x7f9650102880
2024-04-24T23:04:36.590 INFO:teuthology.orchestra.run.smithi031.stdout:/usr/bin/ceph: stderr
2024-04-24T23:04:36.028+0000 7f965754e700 1 -- 172.21.15.31:0/1753221992 >> [v2:172.21.15.31:6800/2092175909,v1:172.21.15.31:6801/2092175909] conn(0x7f96380368a0 msgr2=0x7f9638038d50 secure :-1 s=STATE_CONNECTION_ESTABLISHED l=1).mark_down
2024-04-24T23:04:36.590 INFO:teuthology.orchestra.run.smithi031.stdout:/usr/bin/ceph: stderr
2024-04-24T23:04:36.028+0000 7f965754e700 1 --2- 172.21.15.31:0/1753221992 >> [v2:172.21.15.31:6800/2092175909,v1:172.21.15.31:6801/2092175909] conn(0x7f96380368a0 0x7f9638038d50 secure :-1 s=READY pgs=19 cs=0 l=1 rev1=1 crypto rx=0x7f9644009990 tx=0x7f9644006e40 comp rx=0 tx=0).stop
2024-04-24T23:04:36.590 INFO:teuthology.orchestra.run.smithi031.stdout:/usr/bin/ceph: stderr
2024-04-24T23:04:36.028+0000 7f965754e700 1 -- 172.21.15.31:0/1753221992 >> [v2:172.21.15.31:3300/0,v1:172.21.15.31:6789/0] conn(0x7f9650102880 msgr2=0x7f9650078c20 secure :-1 s=STATE_CONNECTION_ESTABLISHED l=1).mark_down
2024-04-24T23:04:36.590 INFO:teuthology.orchestra.run.smithi031.stdout:/usr/bin/ceph: stderr
2024-04-24T23:04:36.028+0000 7f965754e700 1 --2- 172.21.15.31:0/1753221992 >> [v2:172.21.15.31:3300/0,v1:172.21.15.31:6789/0] conn(0x7f9650102880 0x7f9650078c20 secure :-1 s=READY pgs=62 cs=0 l=1 rev1=1 crypto rx=0x7f9648009fd0 tx=0x7f9648009840 comp rx=0 tx=0).stop
2024-04-24T23:04:36.590 INFO:teuthology.orchestra.run.smithi031.stdout:/usr/bin/ceph: stderr
2024-04-24T23:04:36.029+0000 7f965754e700 1 -- 172.21.15.31:0/1753221992 shutdown_connections
2024-04-24T23:04:36.591 INFO:teuthology.orchestra.run.smithi031.stdout:/usr/bin/ceph: stderr
2024-04-24T23:04:36.029+0000 7f965754e700 1 --2- 172.21.15.31:0/1753221992 >> [v2:172.21.15.31:6800/2092175909,v1:172.21.15.31:6801/2092175909] conn(0x7f96380368a0 0x7f9638038d50 unknown :-1 s=CLOSED pgs=19 cs=0 l=1 rev1=1 crypto rx=0 tx=0 comp rx=0 tx=0).stop
2024-04-24T23:04:36.591 INFO:teuthology.orchestra.run.smithi031.stdout:/usr/bin/ceph: stderr
2024-04-24T23:04:36.029+0000 7f965754e700 1 --2- 172.21.15.31:0/1753221992 >> [v2:172.21.15.31:3300/0,v1:172.21.15.31:6789/0] conn(0x7f9650102880 0x7f9650078c20 unknown :-1 s=CLOSED pgs=62 cs=0 l=1 rev1=1 crypto rx=0 tx=0 comp rx=0 tx=0).stop
2024-04-24T23:04:36.591 INFO:teuthology.orchestra.run.smithi031.stdout:/usr/bin/ceph: stderr
2024-04-24T23:04:36.029+0000 7f965754e700 1 -- 172.21.15.31:0/1753221992 >> 172.21.15.31:0/1753221992 conn(0x7f96500fe060 msgr2=0x7f96500febb0 unknown :-1 s=STATE_NONE l=0).mark_down
2024-04-24T23:04:36.591 INFO:teuthology.orchestra.run.smithi031.stdout:/usr/bin/ceph: stderr
2024-04-24T23:04:36.029+0000 7f965754e700 1 -- 172.21.15.31:0/1753221992 shutdown_connections
2024-04-24T23:04:36.591 INFO:teuthology.orchestra.run.smithi031.stdout:/usr/bin/ceph: stderr
2024-04-24T23:04:36.029+0000 7f965754e700 1 -- 172.21.15.31:0/1753221992 wait complete.
2024-04-24T23:04:37.247 INFO:journalctl@ceph.mon.smithi031.smithi031.stdout:Apr 24 23:04:37 smithi031 ceph-mon[26411]: from='client.? 172.21.15.31:0/1753221992' entity='client.admin'
2024-04-24T23:04:37.910 INFO:teuthology.orchestra.run.smithi031.stdout:/usr/bin/ceph: stderr
2024-04-24T23:04:37.041+0000 7f63c41d9700 1 Processor -- start
2024-04-24T23:04:37.910 INFO:teuthology.orchestra.run.smithi031.stdout:/usr/bin/ceph: stderr
2024-04-24T23:04:37.041+0000 7f63c41d9700 1 -- start start
2024-04-24T23:04:37.910 INFO:teuthology.orchestra.run.smithi031.stdout:/usr/bin/ceph: stderr
2024-04-24T23:04:37.041+0000 7f63c41d9700 1 --2- >> [v2:172.21.15.31:3300/0,v1:172.21.15.31:6789/0] conn(0x7f63bc101cc0 0x7f63bc1020d0 unknown :-1 s=NONE pgs=0 cs=0 l=0 rev1=0 crypto rx=0 tx=0 comp rx=0 tx=0).connect
2024-04-24T23:04:37.910 INFO:teuthology.orchestra.run.smithi031.stdout:/usr/bin/ceph: stderr
2024-04-24T23:04:37.041+0000 7f63c41d9700 1 -- --> [v2:172.21.15.31:3300/0,v1:172.21.15.31:6789/0] -- mon_getmap magic: 0 v1 -- 0x7f63bc102610 con 0x7f63bc101cc0
2024-04-24T23:04:37.910 INFO:teuthology.orchestra.run.smithi031.stdout:/usr/bin/ceph: stderr
2024-04-24T23:04:37.041+0000 7f63c1f75700 1 --2- >> [v2:172.21.15.31:3300/0,v1:172.21.15.31:6789/0] conn(0x7f63bc101cc0 0x7f63bc1020d0 unknown :-1 s=BANNER_CONNECTING pgs=0 cs=0 l=0 rev1=0 crypto rx=0 tx=0 comp rx=0 tx=0)._handle_peer_banner_payload supported=3 required=0
