2024-04-24T23:04:37.910 INFO:teuthology.orchestra.run.smithi031.stdout:/usr/bin/ceph: stderr
2024-04-24T23:04:37.041+0000 7f63c1f75700 1 --2- >> [v2:172.21.15.31:3300/0,v1:172.21.15.31:6789/0] conn(0x7f63bc101cc0 0x7f63bc1020d0 unknown :-1 s=HELLO_CONNECTING pgs=0 cs=0 l=0 rev1=1 crypto rx=0 tx=0 comp rx=0 tx=0).handle_hello peer v2:172.21.15.31:3300/0 says I am v2:172.21.15.31:55170/0 (socket says 172.21.15.31:55170)
2024-04-24T23:04:37.910 INFO:teuthology.orchestra.run.smithi031.stdout:/usr/bin/ceph: stderr
2024-04-24T23:04:37.041+0000 7f63c1f75700 1 -- 172.21.15.31:0/1104173892 learned_addr learned my addr 172.21.15.31:0/1104173892 (peer_addr_for_me v2:172.21.15.31:0/0)
2024-04-24T23:04:37.911 INFO:teuthology.orchestra.run.smithi031.stdout:/usr/bin/ceph: stderr
2024-04-24T23:04:37.042+0000 7f63c1f75700 1 -- 172.21.15.31:0/1104173892 --> [v2:172.21.15.31:3300/0,v1:172.21.15.31:6789/0] -- mon_subscribe({config=0+,monmap=0+}) v3 -- 0x7f63bc102750 con 0x7f63bc101cc0
2024-04-24T23:04:37.911 INFO:teuthology.orchestra.run.smithi031.stdout:/usr/bin/ceph: stderr
2024-04-24T23:04:37.042+0000 7f63c1f75700 1 --2- 172.21.15.31:0/1104173892 >> [v2:172.21.15.31:3300/0,v1:172.21.15.31:6789/0] conn(0x7f63bc101cc0 0x7f63bc1020d0 secure :-1 s=READY pgs=63 cs=0 l=1 rev1=1 crypto rx=0x7f63b80098e0 tx=0x7f63b8009250 comp rx=0 tx=0).ready entity=mon.0 client_cookie=c7e75d73adb67b6d server_cookie=0 in_seq=0 out_seq=0
2024-04-24T23:04:37.911 INFO:teuthology.orchestra.run.smithi031.stdout:/usr/bin/ceph: stderr
2024-04-24T23:04:37.042+0000 7f63c0f73700 1 -- 172.21.15.31:0/1104173892 <== mon.0 v2:172.21.15.31:3300/0 1 ==== mon_map magic: 0 v1 ==== 229+0+0 (secure 0 0 0) 0x7f63b800b860 con 0x7f63bc101cc0
2024-04-24T23:04:37.911 INFO:teuthology.orchestra.run.smithi031.stdout:/usr/bin/ceph: stderr
2024-04-24T23:04:37.042+0000 7f63c0f73700 1 -- 172.21.15.31:0/1104173892 <== mon.0 v2:172.21.15.31:3300/0 2 ==== config(27 keys) v1 ==== 1109+0+0 (secure 0 0 0) 0x7f63b800be90 con 0x7f63bc101cc0
2024-04-24T23:04:37.911 INFO:teuthology.orchestra.run.smithi031.stdout:/usr/bin/ceph: stderr
2024-04-24T23:04:37.042+0000 7f63c0f73700 1 -- 172.21.15.31:0/1104173892 <== mon.0 v2:172.21.15.31:3300/0 3 ==== mon_map magic: 0 v1 ==== 229+0+0 (secure 0 0 0) 0x7f63b80103c0 con 0x7f63bc101cc0
2024-04-24T23:04:37.911 INFO:teuthology.orchestra.run.smithi031.stdout:/usr/bin/ceph: stderr
2024-04-24T23:04:37.042+0000 7f63c41d9700 1 -- 172.21.15.31:0/1104173892 >> [v2:172.21.15.31:3300/0,v1:172.21.15.31:6789/0] conn(0x7f63bc101cc0 msgr2=0x7f63bc1020d0 secure :-1 s=STATE_CONNECTION_ESTABLISHED l=1).mark_down
2024-04-24T23:04:37.911 INFO:teuthology.orchestra.run.smithi031.stdout:/usr/bin/ceph: stderr
2024-04-24T23:04:37.042+0000 7f63c41d9700 1 --2- 172.21.15.31:0/1104173892 >> [v2:172.21.15.31:3300/0,v1:172.21.15.31:6789/0] conn(0x7f63bc101cc0 0x7f63bc1020d0 secure :-1 s=READY pgs=63 cs=0 l=1 rev1=1 crypto rx=0x7f63b80098e0 tx=0x7f63b8009250 comp rx=0 tx=0).stop
2024-04-24T23:04:37.911 INFO:teuthology.orchestra.run.smithi031.stdout:/usr/bin/ceph: stderr
2024-04-24T23:04:37.043+0000 7f63c41d9700 1 -- 172.21.15.31:0/1104173892 shutdown_connections
2024-04-24T23:04:37.911 INFO:teuthology.orchestra.run.smithi031.stdout:/usr/bin/ceph: stderr
2024-04-24T23:04:37.043+0000 7f63c41d9700 1 --2- 172.21.15.31:0/1104173892 >> [v2:172.21.15.31:3300/0,v1:172.21.15.31:6789/0] conn(0x7f63bc101cc0 0x7f63bc1020d0 unknown :-1 s=CLOSED pgs=63 cs=0 l=1 rev1=1 crypto rx=0 tx=0 comp rx=0 tx=0).stop
2024-04-24T23:04:37.911 INFO:teuthology.orchestra.run.smithi031.stdout:/usr/bin/ceph: stderr
2024-04-24T23:04:37.043+0000 7f63c41d9700 1 -- 172.21.15.31:0/1104173892 >> 172.21.15.31:0/1104173892 conn(0x7f63bc0fc6f0 msgr2=0x7f63bc0feb00 unknown :-1 s=STATE_NONE l=0).mark_down
2024-04-24T23:04:37.911 INFO:teuthology.orchestra.run.smithi031.stdout:/usr/bin/ceph: stderr
2024-04-24T23:04:37.043+0000 7f63c41d9700 1 -- 172.21.15.31:0/1104173892 shutdown_connections
2024-04-24T23:04:37.911 INFO:teuthology.orchestra.run.smithi031.stdout:/usr/bin/ceph: stderr
2024-04-24T23:04:37.043+0000 7f63c41d9700 1 -- 172.21.15.31:0/1104173892 wait complete.
2024-04-24T23:04:37.911 INFO:teuthology.orchestra.run.smithi031.stdout:/usr/bin/ceph: stderr
2024-04-24T23:04:37.043+0000 7f63c41d9700 1 Processor -- start
2024-04-24T23:04:37.911 INFO:teuthology.orchestra.run.smithi031.stdout:/usr/bin/ceph: stderr
2024-04-24T23:04:37.043+0000 7f63c41d9700 1 -- start start
2024-04-24T23:04:37.911 INFO:teuthology.orchestra.run.smithi031.stdout:/usr/bin/ceph: stderr
2024-04-24T23:04:37.043+0000 7f63c41d9700 1 --2- >> [v2:172.21.15.31:3300/0,v1:172.21.15.31:6789/0] conn(0x7f63bc101cc0 0x7f63bc101520 unknown :-1 s=NONE pgs=0 cs=0 l=1 rev1=0 crypto rx=0 tx=0 comp rx=0 tx=0).connect
2024-04-24T23:04:37.912 INFO:teuthology.orchestra.run.smithi031.stdout:/usr/bin/ceph: stderr
2024-04-24T23:04:37.043+0000 7f63c41d9700 1 -- --> [v2:172.21.15.31:3300/0,v1:172.21.15.31:6789/0] -- mon_getmap magic: 0 v1 -- 0x7f63bc1142e0 con 0x7f63bc101cc0
2024-04-24T23:04:37.912 INFO:teuthology.orchestra.run.smithi031.stdout:/usr/bin/ceph: stderr
2024-04-24T23:04:37.044+0000 7f63c1f75700 1 --2- >> [v2:172.21.15.31:3300/0,v1:172.21.15.31:6789/0] conn(0x7f63bc101cc0 0x7f63bc101520 unknown :-1 s=BANNER_CONNECTING pgs=0 cs=0 l=1 rev1=0 crypto rx=0 tx=0 comp rx=0 tx=0)._handle_peer_banner_payload supported=3 required=0
2024-04-24T23:04:37.912 INFO:teuthology.orchestra.run.smithi031.stdout:/usr/bin/ceph: stderr
2024-04-24T23:04:37.044+0000 7f63c1f75700 1 --2- >> [v2:172.21.15.31:3300/0,v1:172.21.15.31:6789/0] conn(0x7f63bc101cc0 0x7f63bc101520 unknown :-1 s=HELLO_CONNECTING pgs=0 cs=0 l=1 rev1=1 crypto rx=0 tx=0 comp rx=0 tx=0).handle_hello peer v2:172.21.15.31:3300/0 says I am v2:172.21.15.31:55180/0 (socket says 172.21.15.31:55180)
2024-04-24T23:04:37.912 INFO:teuthology.orchestra.run.smithi031.stdout:/usr/bin/ceph: stderr
2024-04-24T23:04:37.044+0000 7f63c1f75700 1 -- 172.21.15.31:0/1960208431 learned_addr learned my addr 172.21.15.31:0/1960208431 (peer_addr_for_me v2:172.21.15.31:0/0)
2024-04-24T23:04:37.912 INFO:teuthology.orchestra.run.smithi031.stdout:/usr/bin/ceph: stderr
2024-04-24T23:04:37.044+0000 7f63c1f75700 1 -- 172.21.15.31:0/1960208431 --> [v2:172.21.15.31:3300/0,v1:172.21.15.31:6789/0] -- mon_subscribe({config=0+,monmap=0+}) v3 -- 0x7f63b80094f0 con 0x7f63bc101cc0
2024-04-24T23:04:37.912 INFO:teuthology.orchestra.run.smithi031.stdout:/usr/bin/ceph: stderr
2024-04-24T23:04:37.044+0000 7f63c1f75700 1 --2- 172.21.15.31:0/1960208431 >> [v2:172.21.15.31:3300/0,v1:172.21.15.31:6789/0] conn(0x7f63bc101cc0 0x7f63bc101520 secure :-1 s=READY pgs=64 cs=0 l=1 rev1=1 crypto rx=0x7f63b80094c0 tx=0x7f63b8009250 comp rx=0 tx=0).ready entity=mon.0 client_cookie=0 server_cookie=0 in_seq=0 out_seq=0
2024-04-24T23:04:37.912 INFO:teuthology.orchestra.run.smithi031.stdout:/usr/bin/ceph: stderr
2024-04-24T23:04:37.044+0000 7f63b27fc700 1 -- 172.21.15.31:0/1960208431 <== mon.0 v2:172.21.15.31:3300/0 1 ==== mon_map magic: 0 v1 ==== 229+0+0 (secure 0 0 0) 0x7f63b8010890 con 0x7f63bc101cc0
2024-04-24T23:04:37.912 INFO:teuthology.orchestra.run.smithi031.stdout:/usr/bin/ceph: stderr
2024-04-24T23:04:37.044+0000 7f63b27fc700 1 -- 172.21.15.31:0/1960208431 <== mon.0 v2:172.21.15.31:3300/0 2 ==== config(27 keys) v1 ==== 1109+0+0 (secure 0 0 0) 0x7f63b8010ec0 con 0x7f63bc101cc0
2024-04-24T23:04:37.912 INFO:teuthology.orchestra.run.smithi031.stdout:/usr/bin/ceph: stderr
2024-04-24T23:04:37.044+0000 7f63c41d9700 1 -- 172.21.15.31:0/1960208431 --> [v2:172.21.15.31:3300/0,v1:172.21.15.31:6789/0] -- mon_subscribe({mgrmap=0+}) v3 -- 0x7f63bc114420 con 0x7f63bc101cc0
2024-04-24T23:04:37.912 INFO:teuthology.orchestra.run.smithi031.stdout:/usr/bin/ceph: stderr
2024-04-24T23:04:37.044+0000 7f63b27fc700 1 -- 172.21.15.31:0/1960208431 <== mon.0 v2:172.21.15.31:3300/0 3 ==== mon_map magic: 0 v1 ==== 229+0+0 (secure 0 0 0) 0x7f63b80243f0 con 0x7f63bc101cc0
2024-04-24T23:04:37.912 INFO:teuthology.orchestra.run.smithi031.stdout:/usr/bin/ceph: stderr
2024-04-24T23:04:37.044+0000 7f63c41d9700 1 -- 172.21.15.31:0/1960208431 --> [v2:172.21.15.31:3300/0,v1:172.21.15.31:6789/0] -- mon_subscribe({osdmap=0}) v3 -- 0x7f63bc114910 con 0x7f63bc101cc0
2024-04-24T23:04:37.912 INFO:teuthology.orchestra.run.smithi031.stdout:/usr/bin/ceph: stderr
2024-04-24T23:04:37.045+0000 7f63b27fc700 1 -- 172.21.15.31:0/1960208431 <== mon.0 v2:172.21.15.31:3300/0 4 ==== mgrmap(e 8) v1 ==== 43376+0+0 (secure 0 0 0) 0x7f63b802d3f0 con 0x7f63bc101cc0
2024-04-24T23:04:37.912 INFO:teuthology.orchestra.run.smithi031.stdout:/usr/bin/ceph: stderr
2024-04-24T23:04:37.045+0000 7f63b27fc700 1 --2- 172.21.15.31:0/1960208431 >> [v2:172.21.15.31:6800/2092175909,v1:172.21.15.31:6801/2092175909] conn(0x7f63a80368a0 0x7f63a8038d50 unknown :-1 s=NONE pgs=0 cs=0 l=1 rev1=0 crypto rx=0 tx=0 comp rx=0 tx=0).connect
2024-04-24T23:04:37.912 INFO:teuthology.orchestra.run.smithi031.stdout:/usr/bin/ceph: stderr
2024-04-24T23:04:37.045+0000 7f63b27fc700 1 -- 172.21.15.31:0/1960208431 <== mon.0 v2:172.21.15.31:3300/0 5 ==== osd_map(2..2 src has 1..2) v4 ==== 936+0+0 (secure 0 0 0) 0x7f63b804a230 con 0x7f63bc101cc0
2024-04-24T23:04:37.912 INFO:teuthology.orchestra.run.smithi031.stdout:/usr/bin/ceph: stderr
2024-04-24T23:04:37.045+0000 7f63c41d9700 1 -- 172.21.15.31:0/1960208431 --> [v2:172.21.15.31:3300/0,v1:172.21.15.31:6789/0] -- mon_command({"prefix": "get_command_descriptions"} v 0) v1 -- 0x7f63bc04bed0 con 0x7f63bc101cc0
2024-04-24T23:04:37.913 INFO:teuthology.orchestra.run.smithi031.stdout:/usr/bin/ceph: stderr
2024-04-24T23:04:37.045+0000 7f63c1774700 1 --2- 172.21.15.31:0/1960208431 >> [v2:172.21.15.31:6800/2092175909,v1:172.21.15.31:6801/2092175909] conn(0x7f63a80368a0 0x7f63a8038d50 unknown :-1 s=BANNER_CONNECTING pgs=0 cs=0 l=1 rev1=0 crypto rx=0 tx=0 comp rx=0 tx=0)._handle_peer_banner_payload supported=3 required=0
2024-04-24T23:04:37.913 INFO:teuthology.orchestra.run.smithi031.stdout:/usr/bin/ceph: stderr
2024-04-24T23:04:37.046+0000 7f63c1774700 1 --2- 172.21.15.31:0/1960208431 >> [v2:172.21.15.31:6800/2092175909,v1:172.21.15.31:6801/2092175909] conn(0x7f63a80368a0 0x7f63a8038d50 secure :-1 s=READY pgs=20 cs=0 l=1 rev1=1 crypto rx=0x7f63ac009990 tx=0x7f63ac006e40 comp rx=0 tx=0).ready entity=mgr.14120 client_cookie=0 server_cookie=0 in_seq=0 out_seq=0
2024-04-24T23:04:37.913 INFO:teuthology.orchestra.run.smithi031.stdout:/usr/bin/ceph: stderr
2024-04-24T23:04:37.050+0000 7f63b27fc700 1 -- 172.21.15.31:0/1960208431 <== mon.0 v2:172.21.15.31:3300/0 6 ==== mon_command_ack([{"prefix": "get_command_descriptions"}]=0 v0) v1 ==== 72+0+176702 (secure 0 0 0) 0x7f63b802b8e0 con 0x7f63bc101cc0
2024-04-24T23:04:37.913 INFO:teuthology.orchestra.run.smithi031.stdout:/usr/bin/ceph: stderr
2024-04-24T23:04:37.245+0000 7f63c41d9700 1 -- 172.21.15.31:0/1960208431 --> [v2:172.21.15.31:3300/0,v1:172.21.15.31:6789/0] -- mon_command([{prefix=config set, name=mgr/dashboard/ssl_server_port}] v 0) v1 -- 0x7f63bc103530 con 0x7f63bc101cc0
2024-04-24T23:04:37.913 INFO:teuthology.orchestra.run.smithi031.stdout:/usr/bin/ceph: stderr
2024-04-24T23:04:37.251+0000 7f63b27fc700 1 -- 172.21.15.31:0/1960208431 <== mon.0 v2:172.21.15.31:3300/0 7 ==== mon_command_ack([{prefix=config set, name=mgr/dashboard/ssl_server_port}]=0 v8)=0 v8) v1 ==== 130+0+0 (secure 0 0 0) 0x7f63b802b2f0 con 0x7f63bc101cc0
2024-04-24T23:04:37.913 INFO:teuthology.orchestra.run.smithi031.stdout:/usr/bin/ceph: stderr
2024-04-24T23:04:37.253+0000 7f63c41d9700 1 -- 172.21.15.31:0/1960208431 >> [v2:172.21.15.31:6800/2092175909,v1:172.21.15.31:6801/2092175909] conn(0x7f63a80368a0 msgr2=0x7f63a8038d50 secure :-1 s=STATE_CONNECTION_ESTABLISHED l=1).mark_down
2024-04-24T23:04:37.913 INFO:teuthology.orchestra.run.smithi031.stdout:/usr/bin/ceph: stderr
2024-04-24T23:04:37.253+0000 7f63c41d9700 1 --2- 172.21.15.31:0/1960208431 >> [v2:172.21.15.31:6800/2092175909,v1:172.21.15.31:6801/2092175909] conn(0x7f63a80368a0 0x7f63a8038d50 secure :-1 s=READY pgs=20 cs=0 l=1 rev1=1 crypto rx=0x7f63ac009990 tx=0x7f63ac006e40 comp rx=0 tx=0).stop
2024-04-24T23:04:37.913 INFO:teuthology.orchestra.run.smithi031.stdout:/usr/bin/ceph: stderr
2024-04-24T23:04:37.253+0000 7f63c41d9700 1 -- 172.21.15.31:0/1960208431 >> [v2:172.21.15.31:3300/0,v1:172.21.15.31:6789/0] conn(0x7f63bc101cc0 msgr2=0x7f63bc101520 secure :-1 s=STATE_CONNECTION_ESTABLISHED l=1).mark_down
2024-04-24T23:04:37.913 INFO:teuthology.orchestra.run.smithi031.stdout:/usr/bin/ceph: stderr
2024-04-24T23:04:37.253+0000 7f63c41d9700 1 --2- 172.21.15.31:0/1960208431 >> [v2:172.21.15.31:3300/0,v1:172.21.15.31:6789/0] conn(0x7f63bc101cc0 0x7f63bc101520 secure :-1 s=READY pgs=64 cs=0 l=1 rev1=1 crypto rx=0x7f63b80094c0 tx=0x7f63b8009250 comp rx=0 tx=0).stop
2024-04-24T23:04:37.913 INFO:teuthology.orchestra.run.smithi031.stdout:/usr/bin/ceph: stderr
2024-04-24T23:04:37.253+0000 7f63c41d9700 1 -- 172.21.15.31:0/1960208431 shutdown_connections
2024-04-24T23:04:37.913 INFO:teuthology.orchestra.run.smithi031.stdout:/usr/bin/ceph: stderr
2024-04-24T23:04:37.253+0000 7f63c41d9700 1 --2- 172.21.15.31:0/1960208431 >> [v2:172.21.15.31:6800/2092175909,v1:172.21.15.31:6801/2092175909] conn(0x7f63a80368a0 0x7f63a8038d50 unknown :-1 s=CLOSED pgs=20 cs=0 l=1 rev1=1 crypto rx=0 tx=0 comp rx=0 tx=0).stop
2024-04-24T23:04:37.913 INFO:teuthology.orchestra.run.smithi031.stdout:/usr/bin/ceph: stderr
2024-04-24T23:04:37.253+0000 7f63c41d9700 1 --2- 172.21.15.31:0/1960208431 >> [v2:172.21.15.31:3300/0,v1:172.21.15.31:6789/0] conn(0x7f63bc101cc0 0x7f63bc101520 unknown :-1 s=CLOSED pgs=64 cs=0 l=1 rev1=1 crypto rx=0 tx=0 comp rx=0 tx=0).stop
2024-04-24T23:04:37.913 INFO:teuthology.orchestra.run.smithi031.stdout:/usr/bin/ceph: stderr
2024-04-24T23:04:37.253+0000 7f63c41d9700 1 -- 172.21.15.31:0/1960208431 >> 172.21.15.31:0/1960208431 conn(0x7f63bc0fc6f0 msgr2=0x7f63bc0fd1a0 unknown :-1 s=STATE_NONE l=0).mark_down
2024-04-24T23:04:37.913 INFO:teuthology.orchestra.run.smithi031.stdout:/usr/bin/ceph: stderr
2024-04-24T23:04:37.253+0000 7f63c41d9700 1 -- 172.21.15.31:0/1960208431 shutdown_connections
2024-04-24T23:04:37.913 INFO:teuthology.orchestra.run.smithi031.stdout:/usr/bin/ceph: stderr
2024-04-24T23:04:37.253+0000 7f63c41d9700 1 -- 172.21.15.31:0/1960208431 wait complete.
2024-04-24T23:04:37.914 INFO:teuthology.orchestra.run.smithi031.stdout:Enabling the dashboard module...
2024-04-24T23:04:38.499 INFO:journalctl@ceph.mon.smithi031.smithi031.stdout:Apr 24 23:04:38 smithi031 ceph-mon[26411]: from='client.? 172.21.15.31:0/1960208431' entity='client.admin'
2024-04-24T23:04:38.499 INFO:journalctl@ceph.mon.smithi031.smithi031.stdout:Apr 24 23:04:38 smithi031 ceph-mon[26411]: pgmap v4: 0 pgs: ; 0 B data, 0 B used, 0 B / 0 B avail
2024-04-24T23:04:39.567 INFO:journalctl@ceph.mon.smithi031.smithi031.stdout:Apr 24 23:04:39 smithi031 ceph-mon[26411]: from='client.? 172.21.15.31:0/1955774114' entity='client.admin' cmd=[{"prefix": "mgr module enable", "module": "dashboard"}]: dispatch
2024-04-24T23:04:39.834 INFO:teuthology.orchestra.run.smithi031.stdout:/usr/bin/ceph: stderr
2024-04-24T23:04:38.302+0000 7f166560e700 1 Processor -- start
2024-04-24T23:04:39.834 INFO:teuthology.orchestra.run.smithi031.stdout:/usr/bin/ceph: stderr
2024-04-24T23:04:38.302+0000 7f166560e700 1 -- start start
2024-04-24T23:04:39.834 INFO:teuthology.orchestra.run.smithi031.stdout:/usr/bin/ceph: stderr
2024-04-24T23:04:38.302+0000 7f166560e700 1 --2- >> [v2:172.21.15.31:3300/0,v1:172.21.15.31:6789/0] conn(0x7f1660102870 0x7f1660102c80 unknown :-1 s=NONE pgs=0 cs=0 l=0 rev1=0 crypto rx=0 tx=0 comp rx=0 tx=0).connect
2024-04-24T23:04:39.834 INFO:teuthology.orchestra.run.smithi031.stdout:/usr/bin/ceph: stderr
2024-04-24T23:04:38.302+0000 7f166560e700 1 -- --> [v2:172.21.15.31:3300/0,v1:172.21.15.31:6789/0] -- mon_getmap magic: 0 v1 -- 0x7f16601031c0 con 0x7f1660102870
2024-04-24T23:04:39.834 INFO:teuthology.orchestra.run.smithi031.stdout:/usr/bin/ceph: stderr
2024-04-24T23:04:38.302+0000 7f165effd700 1 --2- >> [v2:172.21.15.31:3300/0,v1:172.21.15.31:6789/0] conn(0x7f1660102870 0x7f1660102c80 unknown :-1 s=BANNER_CONNECTING pgs=0 cs=0 l=0 rev1=0 crypto rx=0 tx=0 comp rx=0 tx=0)._handle_peer_banner_payload supported=3 required=0
2024-04-24T23:04:39.834 INFO:teuthology.orchestra.run.smithi031.stdout:/usr/bin/ceph: stderr
2024-04-24T23:04:38.303+0000 7f165effd700 1 --2- >> [v2:172.21.15.31:3300/0,v1:172.21.15.31:6789/0] conn(0x7f1660102870 0x7f1660102c80 unknown :-1 s=HELLO_CONNECTING pgs=0 cs=0 l=0 rev1=1 crypto rx=0 tx=0 comp rx=0 tx=0).handle_hello peer v2:172.21.15.31:3300/0 says I am v2:172.21.15.31:55186/0 (socket says 172.21.15.31:55186)
2024-04-24T23:04:39.834 INFO:teuthology.orchestra.run.smithi031.stdout:/usr/bin/ceph: stderr
2024-04-24T23:04:38.303+0000 7f165effd700 1 -- 172.21.15.31:0/795323503 learned_addr learned my addr 172.21.15.31:0/795323503 (peer_addr_for_me v2:172.21.15.31:0/0)
2024-04-24T23:04:39.834 INFO:teuthology.orchestra.run.smithi031.stdout:/usr/bin/ceph: stderr
2024-04-24T23:04:38.303+0000 7f165effd700 1 -- 172.21.15.31:0/795323503 --> [v2:172.21.15.31:3300/0,v1:172.21.15.31:6789/0] -- mon_subscribe({config=0+,monmap=0+}) v3 -- 0x7f1660103300 con 0x7f1660102870
2024-04-24T23:04:39.835 INFO:teuthology.orchestra.run.smithi031.stdout:/usr/bin/ceph: stderr
2024-04-24T23:04:38.303+0000 7f165effd700 1 --2- 172.21.15.31:0/795323503 >> [v2:172.21.15.31:3300/0,v1:172.21.15.31:6789/0] conn(0x7f1660102870 0x7f1660102c80 secure :-1 s=READY pgs=65 cs=0 l=1 rev1=1 crypto rx=0x7f1658009e50 tx=0x7f1658009840 comp rx=0 tx=0).ready entity=mon.0 client_cookie=bc2d278d804da59d server_cookie=0 in_seq=0 out_seq=0
2024-04-24T23:04:39.835 INFO:teuthology.orchestra.run.smithi031.stdout:/usr/bin/ceph: stderr
2024-04-24T23:04:38.303+0000 7f165dffb700 1 -- 172.21.15.31:0/795323503 <== mon.0 v2:172.21.15.31:3300/0 1 ==== mon_map magic: 0 v1 ==== 229+0+0 (secure 0 0 0) 0x7f16580092e0 con 0x7f1660102870
2024-04-24T23:04:39.835 INFO:teuthology.orchestra.run.smithi031.stdout:/usr/bin/ceph: stderr
2024-04-24T23:04:38.303+0000 7f165dffb700 1 -- 172.21.15.31:0/795323503 <== mon.0 v2:172.21.15.31:3300/0 2 ==== config(27 keys) v1 ==== 1109+0+0 (secure 0 0 0) 0x7f1658012430 con 0x7f1660102870
2024-04-24T23:04:39.835 INFO:teuthology.orchestra.run.smithi031.stdout:/usr/bin/ceph: stderr
2024-04-24T23:04:38.303+0000 7f165dffb700 1 -- 172.21.15.31:0/795323503 <== mon.0 v2:172.21.15.31:3300/0 3 ==== mon_map magic: 0 v1 ==== 229+0+0 (secure 0 0 0) 0x7f16580075a0 con 0x7f1660102870
2024-04-24T23:04:39.835 INFO:teuthology.orchestra.run.smithi031.stdout:/usr/bin/ceph: stderr
2024-04-24T23:04:38.304+0000 7f166560e700 1 -- 172.21.15.31:0/795323503 >> [v2:172.21.15.31:3300/0,v1:172.21.15.31:6789/0] conn(0x7f1660102870 msgr2=0x7f1660102c80 secure :-1 s=STATE_CONNECTION_ESTABLISHED l=1).mark_down
2024-04-24T23:04:39.835 INFO:teuthology.orchestra.run.smithi031.stdout:/usr/bin/ceph: stderr
2024-04-24T23:04:38.304+0000 7f166560e700 1 --2- 172.21.15.31:0/795323503 >> [v2:172.21.15.31:3300/0,v1:172.21.15.31:6789/0] conn(0x7f1660102870 0x7f1660102c80 secure :-1 s=READY pgs=65 cs=0 l=1 rev1=1 crypto rx=0x7f1658009e50 tx=0x7f1658009840 comp rx=0 tx=0).stop
2024-04-24T23:04:39.835 INFO:teuthology.orchestra.run.smithi031.stdout:/usr/bin/ceph: stderr
2024-04-24T23:04:38.304+0000 7f166560e700 1 -- 172.21.15.31:0/795323503 shutdown_connections
2024-04-24T23:04:39.836 INFO:teuthology.orchestra.run.smithi031.stdout:/usr/bin/ceph: stderr
2024-04-24T23:04:38.304+0000 7f166560e700 1 --2- 172.21.15.31:0/795323503 >> [v2:172.21.15.31:3300/0,v1:172.21.15.31:6789/0] conn(0x7f1660102870 0x7f1660102c80 unknown :-1 s=CLOSED pgs=65 cs=0 l=1 rev1=1 crypto rx=0 tx=0 comp rx=0 tx=0).stop
2024-04-24T23:04:39.836 INFO:teuthology.orchestra.run.smithi031.stdout:/usr/bin/ceph: stderr
2024-04-24T23:04:38.304+0000 7f166560e700 1 -- 172.21.15.31:0/795323503 >> 172.21.15.31:0/795323503 conn(0x7f16600fdf90 msgr2=0x7f1660100400 unknown :-1 s=STATE_NONE l=0).mark_down
2024-04-24T23:04:39.836 INFO:teuthology.orchestra.run.smithi031.stdout:/usr/bin/ceph: stderr
2024-04-24T23:04:38.304+0000 7f166560e700 1 -- 172.21.15.31:0/795323503 shutdown_connections
2024-04-24T23:04:39.836 INFO:teuthology.orchestra.run.smithi031.stdout:/usr/bin/ceph: stderr
2024-04-24T23:04:38.304+0000 7f166560e700 1 -- 172.21.15.31:0/795323503 wait complete.
2024-04-24T23:04:39.836 INFO:teuthology.orchestra.run.smithi031.stdout:/usr/bin/ceph: stderr
2024-04-24T23:04:38.305+0000 7f166560e700 1 Processor -- start
2024-04-24T23:04:39.836 INFO:teuthology.orchestra.run.smithi031.stdout:/usr/bin/ceph: stderr
2024-04-24T23:04:38.305+0000 7f166560e700 1 -- start start
2024-04-24T23:04:39.836 INFO:teuthology.orchestra.run.smithi031.stdout:/usr/bin/ceph: stderr
2024-04-24T23:04:38.305+0000 7f166560e700 1 --2- >> [v2:172.21.15.31:3300/0,v1:172.21.15.31:6789/0] conn(0x7f1660102870 0x7f1660077b10 unknown :-1 s=NONE pgs=0 cs=0 l=1 rev1=0 crypto rx=0 tx=0 comp rx=0 tx=0).connect
2024-04-24T23:04:39.836 INFO:teuthology.orchestra.run.smithi031.stdout:/usr/bin/ceph: stderr
2024-04-24T23:04:38.305+0000 7f166560e700 1 -- --> [v2:172.21.15.31:3300/0,v1:172.21.15.31:6789/0] -- mon_getmap magic: 0 v1 -- 0x7f1660078050 con 0x7f1660102870
2024-04-24T23:04:39.836 INFO:teuthology.orchestra.run.smithi031.stdout:/usr/bin/ceph: stderr
2024-04-24T23:04:38.305+0000 7f165effd700 1 --2- >> [v2:172.21.15.31:3300/0,v1:172.21.15.31:6789/0] conn(0x7f1660102870 0x7f1660077b10 unknown :-1 s=BANNER_CONNECTING pgs=0 cs=0 l=1 rev1=0 crypto rx=0 tx=0 comp rx=0 tx=0)._handle_peer_banner_payload supported=3 required=0
2024-04-24T23:04:39.836 INFO:teuthology.orchestra.run.smithi031.stdout:/usr/bin/ceph: stderr
2024-04-24T23:04:38.305+0000 7f165effd700 1 --2- >> [v2:172.21.15.31:3300/0,v1:172.21.15.31:6789/0] conn(0x7f1660102870 0x7f1660077b10 unknown :-1 s=HELLO_CONNECTING pgs=0 cs=0 l=1 rev1=1 crypto rx=0 tx=0 comp rx=0 tx=0).handle_hello peer v2:172.21.15.31:3300/0 says I am v2:172.21.15.31:55198/0 (socket says 172.21.15.31:55198)
2024-04-24T23:04:39.836 INFO:teuthology.orchestra.run.smithi031.stdout:/usr/bin/ceph: stderr
2024-04-24T23:04:38.305+0000 7f165effd700 1 -- 172.21.15.31:0/1955774114 learned_addr learned my addr 172.21.15.31:0/1955774114 (peer_addr_for_me v2:172.21.15.31:0/0)
2024-04-24T23:04:39.837 INFO:teuthology.orchestra.run.smithi031.stdout:/usr/bin/ceph: stderr
2024-04-24T23:04:38.305+0000 7f165effd700 1 -- 172.21.15.31:0/1955774114 --> [v2:172.21.15.31:3300/0,v1:172.21.15.31:6789/0] -- mon_subscribe({config=0+,monmap=0+}) v3 -- 0x7f1658009ae0 con 0x7f1660102870
2024-04-24T23:04:39.837 INFO:teuthology.orchestra.run.smithi031.stdout:/usr/bin/ceph: stderr
2024-04-24T23:04:38.305+0000 7f165effd700 1 --2- 172.21.15.31:0/1955774114 >> [v2:172.21.15.31:3300/0,v1:172.21.15.31:6789/0] conn(0x7f1660102870 0x7f1660077b10 secure :-1 s=READY pgs=66 cs=0 l=1 rev1=1 crypto rx=0x7f16580127d0 tx=0x7f1658009840 comp rx=0 tx=0).ready entity=mon.0 client_cookie=0 server_cookie=0 in_seq=0 out_seq=0
2024-04-24T23:04:39.837 INFO:teuthology.orchestra.run.smithi031.stdout:/usr/bin/ceph: stderr
2024-04-24T23:04:38.305+0000 7f16577fe700 1 -- 172.21.15.31:0/1955774114 <== mon.0 v2:172.21.15.31:3300/0 1 ==== mon_map magic: 0 v1 ==== 229+0+0 (secure 0 0 0) 0x7f16580092e0 con 0x7f1660102870
2024-04-24T23:04:39.837 INFO:teuthology.orchestra.run.smithi031.stdout:/usr/bin/ceph: stderr
2024-04-24T23:04:38.306+0000 7f16577fe700 1 -- 172.21.15.31:0/1955774114 <== mon.0 v2:172.21.15.31:3300/0 2 ==== config(27 keys) v1 ==== 1109+0+0 (secure 0 0 0) 0x7f1658007d30 con 0x7f1660102870
2024-04-24T23:04:39.837 INFO:teuthology.orchestra.run.smithi031.stdout:/usr/bin/ceph: stderr
2024-04-24T23:04:38.306+0000 7f166560e700 1 -- 172.21.15.31:0/1955774114 --> [v2:172.21.15.31:3300/0,v1:172.21.15.31:6789/0] -- mon_subscribe({mgrmap=0+}) v3 -- 0x7f16600760c0 con 0x7f1660102870
2024-04-24T23:04:39.837 INFO:teuthology.orchestra.run.smithi031.stdout:/usr/bin/ceph: stderr
2024-04-24T23:04:38.306+0000 7f16577fe700 1 -- 172.21.15.31:0/1955774114 <== mon.0 v2:172.21.15.31:3300/0 3 ==== mon_map magic: 0 v1 ==== 229+0+0 (secure 0 0 0) 0x7f1658025960 con 0x7f1660102870
2024-04-24T23:04:39.837 INFO:teuthology.orchestra.run.smithi031.stdout:/usr/bin/ceph: stderr
2024-04-24T23:04:38.306+0000 7f166560e700 1 -- 172.21.15.31:0/1955774114 --> [v2:172.21.15.31:3300/0,v1:172.21.15.31:6789/0] -- mon_subscribe({osdmap=0}) v3 -- 0x7f16600765b0 con 0x7f1660102870
2024-04-24T23:04:39.837 INFO:teuthology.orchestra.run.smithi031.stdout:/usr/bin/ceph: stderr
2024-04-24T23:04:38.306+0000 7f16577fe700 1 -- 172.21.15.31:0/1955774114 <== mon.0 v2:172.21.15.31:3300/0 4 ==== mgrmap(e 8) v1 ==== 43376+0+0 (secure 0 0 0) 0x7f1658019050 con 0x7f1660102870
2024-04-24T23:04:39.837 INFO:teuthology.orchestra.run.smithi031.stdout:/usr/bin/ceph: stderr
2024-04-24T23:04:38.306+0000 7f166560e700 1 -- 172.21.15.31:0/1955774114 --> [v2:172.21.15.31:3300/0,v1:172.21.15.31:6789/0] -- mon_command({"prefix": "get_command_descriptions"} v 0) v1 -- 0x7f166004bed0 con 0x7f1660102870
2024-04-24T23:04:39.837 INFO:teuthology.orchestra.run.smithi031.stdout:/usr/bin/ceph: stderr
2024-04-24T23:04:38.307+0000 7f16577fe700 1 --2- 172.21.15.31:0/1955774114 >> [v2:172.21.15.31:6800/2092175909,v1:172.21.15.31:6801/2092175909] conn(0x7f164c036850 0x7f164c038d00 unknown :-1 s=NONE pgs=0 cs=0 l=1 rev1=0 crypto rx=0 tx=0 comp rx=0 tx=0).connect
2024-04-24T23:04:39.837 INFO:teuthology.orchestra.run.smithi031.stdout:/usr/bin/ceph: stderr
2024-04-24T23:04:38.307+0000 7f16577fe700 1 -- 172.21.15.31:0/1955774114 <== mon.0 v2:172.21.15.31:3300/0 5 ==== osd_map(2..2 src has 1..2) v4 ==== 936+0+0 (secure 0 0 0) 0x7f165804a240 con 0x7f1660102870
2024-04-24T23:04:39.837 INFO:teuthology.orchestra.run.smithi031.stdout:/usr/bin/ceph: stderr
2024-04-24T23:04:38.307+0000 7f165e7fc700 1 --2- 172.21.15.31:0/1955774114 >> [v2:172.21.15.31:6800/2092175909,v1:172.21.15.31:6801/2092175909] conn(0x7f164c036850 0x7f164c038d00 unknown :-1 s=BANNER_CONNECTING pgs=0 cs=0 l=1 rev1=0 crypto rx=0 tx=0 comp rx=0 tx=0)._handle_peer_banner_payload supported=3 required=0
2024-04-24T23:04:39.838 INFO:teuthology.orchestra.run.smithi031.stdout:/usr/bin/ceph: stderr
2024-04-24T23:04:38.307+0000 7f165e7fc700 1 --2- 172.21.15.31:0/1955774114 >> [v2:172.21.15.31:6800/2092175909,v1:172.21.15.31:6801/2092175909] conn(0x7f164c036850 0x7f164c038d00 secure :-1 s=READY pgs=21 cs=0 l=1 rev1=1 crypto rx=0x7f1648009990 tx=0x7f1648006e40 comp rx=0 tx=0).ready entity=mgr.14120 client_cookie=0 server_cookie=0 in_seq=0 out_seq=0
2024-04-24T23:04:39.838 INFO:teuthology.orchestra.run.smithi031.stdout:/usr/bin/ceph: stderr
2024-04-24T23:04:38.311+0000 7f16577fe700 1 -- 172.21.15.31:0/1955774114 <== mon.0 v2:172.21.15.31:3300/0 6 ==== mon_command_ack([{"prefix": "get_command_descriptions"}]=0 v0) v1 ==== 72+0+176702 (secure 0 0 0) 0x7f165801bd90 con 0x7f1660102870
2024-04-24T23:04:39.838 INFO:teuthology.orchestra.run.smithi031.stdout:/usr/bin/ceph: stderr
2024-04-24T23:04:38.563+0000 7f166560e700 1 -- 172.21.15.31:0/1955774114 --> [v2:172.21.15.31:3300/0,v1:172.21.15.31:6789/0] -- mon_command({"prefix": "mgr module enable", "module": "dashboard"} v 0) v1 -- 0x7f1660076d00 con 0x7f1660102870
2024-04-24T23:04:39.838 INFO:teuthology.orchestra.run.smithi031.stdout:/usr/bin/ceph: stderr
2024-04-24T23:04:39.258+0000 7f16577fe700 1 -- 172.21.15.31:0/1955774114 <== mon.0 v2:172.21.15.31:3300/0 7 ==== mgrmap(e 9) v1 ==== 43389+0+0 (secure 0 0 0) 0x7f165801c500 con 0x7f1660102870
2024-04-24T23:04:39.838 INFO:teuthology.orchestra.run.smithi031.stdout:/usr/bin/ceph: stderr
2024-04-24T23:04:39.259+0000 7f16577fe700 1 -- 172.21.15.31:0/1955774114 <== mon.0 v2:172.21.15.31:3300/0 8 ==== mon_command_ack([{"prefix": "mgr module enable", "module": "dashboard"}]=0 v9) v1 ==== 88+0+0 (secure 0 0 0) 0x7f165804a5e0 con 0x7f1660102870
2024-04-24T23:04:39.838 INFO:teuthology.orchestra.run.smithi031.stdout:/usr/bin/ceph: stderr
2024-04-24T23:04:39.263+0000 7f166560e700 1 -- 172.21.15.31:0/1955774114 >> [v2:172.21.15.31:6800/2092175909,v1:172.21.15.31:6801/2092175909] conn(0x7f164c036850 msgr2=0x7f164c038d00 secure :-1 s=STATE_CONNECTION_ESTABLISHED l=1).mark_down
2024-04-24T23:04:39.838 INFO:teuthology.orchestra.run.smithi031.stdout:/usr/bin/ceph: stderr
2024-04-24T23:04:39.263+0000 7f166560e700 1 --2- 172.21.15.31:0/1955774114 >> [v2:172.21.15.31:6800/2092175909,v1:172.21.15.31:6801/2092175909] conn(0x7f164c036850 0x7f164c038d00 secure :-1 s=READY pgs=21 cs=0 l=1 rev1=1 crypto rx=0x7f1648009990 tx=0x7f1648006e40 comp rx=0 tx=0).stop
2024-04-24T23:04:39.838 INFO:teuthology.orchestra.run.smithi031.stdout:/usr/bin/ceph: stderr
2024-04-24T23:04:39.263+0000 7f166560e700 1 -- 172.21.15.31:0/1955774114 >> [v2:172.21.15.31:3300/0,v1:172.21.15.31:6789/0] conn(0x7f1660102870 msgr2=0x7f1660077b10 secure :-1 s=STATE_CONNECTION_ESTABLISHED l=1).mark_down
2024-04-24T23:04:39.838 INFO:teuthology.orchestra.run.smithi031.stdout:/usr/bin/ceph: stderr
2024-04-24T23:04:39.263+0000 7f166560e700 1 --2- 172.21.15.31:0/1955774114 >> [v2:172.21.15.31:3300/0,v1:172.21.15.31:6789/0] conn(0x7f1660102870 0x7f1660077b10 secure :-1 s=READY pgs=66 cs=0 l=1 rev1=1 crypto rx=0x7f16580127d0 tx=0x7f1658009840 comp rx=0 tx=0).stop
2024-04-24T23:04:39.838 INFO:teuthology.orchestra.run.smithi031.stdout:/usr/bin/ceph: stderr
2024-04-24T23:04:39.263+0000 7f166560e700 1 -- 172.21.15.31:0/1955774114 shutdown_connections
2024-04-24T23:04:39.838 INFO:teuthology.orchestra.run.smithi031.stdout:/usr/bin/ceph: stderr
2024-04-24T23:04:39.263+0000 7f166560e700 1 --2- 172.21.15.31:0/1955774114 >> [v2:172.21.15.31:6800/2092175909,v1:172.21.15.31:6801/2092175909] conn(0x7f164c036850 0x7f164c038d00 unknown :-1 s=CLOSED pgs=21 cs=0 l=1 rev1=1 crypto rx=0 tx=0 comp rx=0 tx=0).stop
2024-04-24T23:04:39.838 INFO:teuthology.orchestra.run.smithi031.stdout:/usr/bin/ceph: stderr
2024-04-24T23:04:39.263+0000 7f166560e700 1 --2- 172.21.15.31:0/1955774114 >> [v2:172.21.15.31:3300/0,v1:172.21.15.31:6789/0] conn(0x7f1660102870 0x7f1660077b10 unknown :-1 s=CLOSED pgs=66 cs=0 l=1 rev1=1 crypto rx=0 tx=0 comp rx=0 tx=0).stop
2024-04-24T23:04:39.838 INFO:teuthology.orchestra.run.smithi031.stdout:/usr/bin/ceph: stderr
2024-04-24T23:04:39.263+0000 7f166560e700 1 -- 172.21.15.31:0/1955774114 >> 172.21.15.31:0/1955774114 conn(0x7f16600fdf90 msgr2=0x7f16600feb00 unknown :-1 s=STATE_NONE l=0).mark_down
2024-04-24T23:04:39.838 INFO:teuthology.orchestra.run.smithi031.stdout:/usr/bin/ceph: stderr
2024-04-24T23:04:39.263+0000 7f166560e700 1 -- 172.21.15.31:0/1955774114 shutdown_connections
2024-04-24T23:04:39.839 INFO:teuthology.orchestra.run.smithi031.stdout:/usr/bin/ceph: stderr
2024-04-24T23:04:39.263+0000 7f166560e700 1 -- 172.21.15.31:0/1955774114 wait complete.
2024-04-24T23:04:40.498 INFO:journalctl@ceph.mon.smithi031.smithi031.stdout:Apr 24 23:04:40 smithi031 ceph-mon[26411]: from='client.? 172.21.15.31:0/1955774114' entity='client.admin' cmd='[{"prefix": "mgr module enable", "module": "dashboard"}]': finished
2024-04-24T23:04:40.499 INFO:journalctl@ceph.mon.smithi031.smithi031.stdout:Apr 24 23:04:40 smithi031 ceph-mon[26411]: mgrmap e9: smithi031.rrnmwr(active, since 23s)
2024-04-24T23:04:41.200 INFO:teuthology.orchestra.run.smithi031.stdout:/usr/bin/ceph: stdout {
2024-04-24T23:04:41.200 INFO:teuthology.orchestra.run.smithi031.stdout:/usr/bin/ceph: stdout "epoch": 9,
2024-04-24T23:04:41.200 INFO:teuthology.orchestra.run.smithi031.stdout:/usr/bin/ceph: stdout "available": true,
2024-04-24T23:04:41.200 INFO:teuthology.orchestra.run.smithi031.stdout:/usr/bin/ceph: stdout "active_name": "smithi031.rrnmwr",
2024-04-24T23:04:41.200 INFO:teuthology.orchestra.run.smithi031.stdout:/usr/bin/ceph: stdout "num_standby": 0
2024-04-24T23:04:41.200 INFO:teuthology.orchestra.run.smithi031.stdout:/usr/bin/ceph: stdout }
2024-04-24T23:04:41.200 INFO:teuthology.orchestra.run.smithi031.stdout:/usr/bin/ceph: stderr
2024-04-24T23:04:40.311+0000 7fbdde82a700 1 Processor -- start
2024-04-24T23:04:41.200 INFO:teuthology.orchestra.run.smithi031.stdout:/usr/bin/ceph: stderr
2024-04-24T23:04:40.311+0000 7fbdde82a700 1 -- start start
2024-04-24T23:04:41.200 INFO:teuthology.orchestra.run.smithi031.stdout:/usr/bin/ceph: stderr
2024-04-24T23:04:40.311+0000 7fbdde82a700 1 --2- >> [v2:172.21.15.31:3300/0,v1:172.21.15.31:6789/0] conn(0x7fbdd8102870 0x7fbdd8102c80 unknown :-1 s=NONE pgs=0 cs=0 l=0 rev1=0 crypto rx=0 tx=0 comp rx=0 tx=0).connect
2024-04-24T23:04:41.200 INFO:teuthology.orchestra.run.smithi031.stdout:/usr/bin/ceph: stderr
2024-04-24T23:04:40.311+0000 7fbdde82a700 1 -- --> [v2:172.21.15.31:3300/0,v1:172.21.15.31:6789/0] -- mon_getmap magic: 0 v1 -- 0x7fbdd81031c0 con 0x7fbdd8102870
2024-04-24T23:04:41.201 INFO:teuthology.orchestra.run.smithi031.stdout:/usr/bin/ceph: stderr
2024-04-24T23:04:40.311+0000 7fbdd7fff700 1 --2- >> [v2:172.21.15.31:3300/0,v1:172.21.15.31:6789/0] conn(0x7fbdd8102870 0x7fbdd8102c80 unknown :-1 s=BANNER_CONNECTING pgs=0 cs=0 l=0 rev1=0 crypto rx=0 tx=0 comp rx=0 tx=0)._handle_peer_banner_payload supported=3 required=0
2024-04-24T23:04:41.201 INFO:teuthology.orchestra.run.smithi031.stdout:/usr/bin/ceph: stderr
2024-04-24T23:04:40.311+0000 7fbdd7fff700 1 --2- >> [v2:172.21.15.31:3300/0,v1:172.21.15.31:6789/0] conn(0x7fbdd8102870 0x7fbdd8102c80 unknown :-1 s=HELLO_CONNECTING pgs=0 cs=0 l=0 rev1=1 crypto rx=0 tx=0 comp rx=0 tx=0).handle_hello peer v2:172.21.15.31:3300/0 says I am v2:172.21.15.31:40858/0 (socket says 172.21.15.31:40858)
2024-04-24T23:04:41.201 INFO:teuthology.orchestra.run.smithi031.stdout:/usr/bin/ceph: stderr
2024-04-24T23:04:40.311+0000 7fbdd7fff700 1 -- 172.21.15.31:0/3477735765 learned_addr learned my addr 172.21.15.31:0/3477735765 (peer_addr_for_me v2:172.21.15.31:0/0)
2024-04-24T23:04:41.201 INFO:teuthology.orchestra.run.smithi031.stdout:/usr/bin/ceph: stderr
2024-04-24T23:04:40.311+0000 7fbdd7fff700 1 -- 172.21.15.31:0/3477735765 --> [v2:172.21.15.31:3300/0,v1:172.21.15.31:6789/0] -- mon_subscribe({config=0+,monmap=0+}) v3 -- 0x7fbdd8103300 con 0x7fbdd8102870
2024-04-24T23:04:41.201 INFO:teuthology.orchestra.run.smithi031.stdout:/usr/bin/ceph: stderr
2024-04-24T23:04:40.312+0000 7fbdd7fff700 1 --2- 172.21.15.31:0/3477735765 >> [v2:172.21.15.31:3300/0,v1:172.21.15.31:6789/0] conn(0x7fbdd8102870 0x7fbdd8102c80 secure :-1 s=READY pgs=69 cs=0 l=1 rev1=1 crypto rx=0x7fbdc80098e0 tx=0x7fbdc8009250 comp rx=0 tx=0).ready entity=mon.0 client_cookie=5045790b410738c3 server_cookie=0 in_seq=0 out_seq=0
2024-04-24T23:04:41.201 INFO:teuthology.orchestra.run.smithi031.stdout:/usr/bin/ceph: stderr
2024-04-24T23:04:40.312+0000 7fbdd6ffd700 1 -- 172.21.15.31:0/3477735765 <== mon.0 v2:172.21.15.31:3300/0 1 ==== mon_map magic: 0 v1 ==== 229+0+0 (secure 0 0 0) 0x7fbdc800b860 con 0x7fbdd8102870
2024-04-24T23:04:41.201 INFO:teuthology.orchestra.run.smithi031.stdout:/usr/bin/ceph: stderr
2024-04-24T23:04:40.312+0000 7fbdd6ffd700 1 -- 172.21.15.31:0/3477735765 <== mon.0 v2:172.21.15.31:3300/0 2 ==== config(27 keys) v1 ==== 1109+0+0 (secure 0 0 0) 0x7fbdc800be90 con 0x7fbdd8102870
2024-04-24T23:04:41.201 INFO:teuthology.orchestra.run.smithi031.stdout:/usr/bin/ceph: stderr
2024-04-24T23:04:40.312+0000 7fbdd6ffd700 1 -- 172.21.15.31:0/3477735765 <== mon.0 v2:172.21.15.31:3300/0 3 ==== mon_map magic: 0 v1 ==== 229+0+0 (secure 0 0 0) 0x7fbdc80103c0 con 0x7fbdd8102870
2024-04-24T23:04:41.201 INFO:teuthology.orchestra.run.smithi031.stdout:/usr/bin/ceph: stderr
2024-04-24T23:04:40.313+0000 7fbdde82a700 1 -- 172.21.15.31:0/3477735765 >> [v2:172.21.15.31:3300/0,v1:172.21.15.31:6789/0] conn(0x7fbdd8102870 msgr2=0x7fbdd8102c80 secure :-1 s=STATE_CONNECTION_ESTABLISHED l=1).mark_down
2024-04-24T23:04:41.201 INFO:teuthology.orchestra.run.smithi031.stdout:/usr/bin/ceph: stderr
2024-04-24T23:04:40.313+0000 7fbdde82a700 1 --2- 172.21.15.31:0/3477735765 >> [v2:172.21.15.31:3300/0,v1:172.21.15.31:6789/0] conn(0x7fbdd8102870 0x7fbdd8102c80 secure :-1 s=READY pgs=69 cs=0 l=1 rev1=1 crypto rx=0x7fbdc80098e0 tx=0x7fbdc8009250 comp rx=0 tx=0).stop
2024-04-24T23:04:41.201 INFO:teuthology.orchestra.run.smithi031.stdout:/usr/bin/ceph: stderr
2024-04-24T23:04:40.313+0000 7fbdde82a700 1 -- 172.21.15.31:0/3477735765 shutdown_connections
2024-04-24T23:04:41.201 INFO:teuthology.orchestra.run.smithi031.stdout:/usr/bin/ceph: stderr
2024-04-24T23:04:40.313+0000 7fbdde82a700 1 --2- 172.21.15.31:0/3477735765 >> [v2:172.21.15.31:3300/0,v1:172.21.15.31:6789/0] conn(0x7fbdd8102870 0x7fbdd8102c80 unknown :-1 s=CLOSED pgs=69 cs=0 l=1 rev1=1 crypto rx=0 tx=0 comp rx=0 tx=0).stop
2024-04-24T23:04:41.201 INFO:teuthology.orchestra.run.smithi031.stdout:/usr/bin/ceph: stderr
2024-04-24T23:04:40.313+0000 7fbdde82a700 1 -- 172.21.15.31:0/3477735765 >> 172.21.15.31:0/3477735765 conn(0x7fbdd80fdf90 msgr2=0x7fbdd8100400 unknown :-1 s=STATE_NONE l=0).mark_down
2024-04-24T23:04:41.202 INFO:teuthology.orchestra.run.smithi031.stdout:/usr/bin/ceph: stderr
2024-04-24T23:04:40.313+0000 7fbdde82a700 1 -- 172.21.15.31:0/3477735765 shutdown_connections
2024-04-24T23:04:41.202 INFO:teuthology.orchestra.run.smithi031.stdout:/usr/bin/ceph: stderr
2024-04-24T23:04:40.313+0000 7fbdde82a700 1 -- 172.21.15.31:0/3477735765 wait complete.
2024-04-24T23:04:41.202 INFO:teuthology.orchestra.run.smithi031.stdout:/usr/bin/ceph: stderr
2024-04-24T23:04:40.313+0000 7fbdde82a700 1 Processor -- start
2024-04-24T23:04:41.202 INFO:teuthology.orchestra.run.smithi031.stdout:/usr/bin/ceph: stderr
2024-04-24T23:04:40.314+0000 7fbdde82a700 1 -- start start
2024-04-24T23:04:41.202 INFO:teuthology.orchestra.run.smithi031.stdout:/usr/bin/ceph: stderr
2024-04-24T23:04:40.314+0000 7fbdde82a700 1 --2- >> [v2:172.21.15.31:3300/0,v1:172.21.15.31:6789/0] conn(0x7fbdd8102870 0x7fbdd8077b10 unknown :-1 s=NONE pgs=0 cs=0 l=1 rev1=0 crypto rx=0 tx=0 comp rx=0 tx=0).connect
2024-04-24T23:04:41.202 INFO:teuthology.orchestra.run.smithi031.stdout:/usr/bin/ceph: stderr
2024-04-24T23:04:40.314+0000 7fbdde82a700 1 -- --> [v2:172.21.15.31:3300/0,v1:172.21.15.31:6789/0] -- mon_getmap magic: 0 v1 -- 0x7fbdd8078050 con 0x7fbdd8102870
2024-04-24T23:04:41.202 INFO:teuthology.orchestra.run.smithi031.stdout:/usr/bin/ceph: stderr
2024-04-24T23:04:40.314+0000 7fbdd7fff700 1 --2- >> [v2:172.21.15.31:3300/0,v1:172.21.15.31:6789/0] conn(0x7fbdd8102870 0x7fbdd8077b10 unknown :-1 s=BANNER_CONNECTING pgs=0 cs=0 l=1 rev1=0 crypto rx=0 tx=0 comp rx=0 tx=0)._handle_peer_banner_payload supported=3 required=0
2024-04-24T23:04:41.202 INFO:teuthology.orchestra.run.smithi031.stdout:/usr/bin/ceph: stderr
2024-04-24T23:04:40.314+0000 7fbdd7fff700 1 --2- >> [v2:172.21.15.31:3300/0,v1:172.21.15.31:6789/0] conn(0x7fbdd8102870 0x7fbdd8077b10 unknown :-1 s=HELLO_CONNECTING pgs=0 cs=0 l=1 rev1=1 crypto rx=0 tx=0 comp rx=0 tx=0).handle_hello peer v2:172.21.15.31:3300/0 says I am v2:172.21.15.31:40868/0 (socket says 172.21.15.31:40868)
2024-04-24T23:04:41.202 INFO:teuthology.orchestra.run.smithi031.stdout:/usr/bin/ceph: stderr
2024-04-24T23:04:40.314+0000 7fbdd7fff700 1 -- 172.21.15.31:0/4150609388 learned_addr learned my addr 172.21.15.31:0/4150609388 (peer_addr_for_me v2:172.21.15.31:0/0)
2024-04-24T23:04:41.202 INFO:teuthology.orchestra.run.smithi031.stdout:/usr/bin/ceph: stderr
2024-04-24T23:04:40.314+0000 7fbdd7fff700 1 -- 172.21.15.31:0/4150609388 --> [v2:172.21.15.31:3300/0,v1:172.21.15.31:6789/0] -- mon_subscribe({config=0+,monmap=0+}) v3 -- 0x7fbdc80094f0 con 0x7fbdd8102870
2024-04-24T23:04:41.203 INFO:teuthology.orchestra.run.smithi031.stdout:/usr/bin/ceph: stderr
2024-04-24T23:04:40.315+0000 7fbdd7fff700 1 --2- 172.21.15.31:0/4150609388 >> [v2:172.21.15.31:3300/0,v1:172.21.15.31:6789/0] conn(0x7fbdd8102870 0x7fbdd8077b10 secure :-1 s=READY pgs=70 cs=0 l=1 rev1=1 crypto rx=0x7fbdc8011680 tx=0x7fbdc8009250 comp rx=0 tx=0).ready entity=mon.0 client_cookie=0 server_cookie=0 in_seq=0 out_seq=0
2024-04-24T23:04:41.203 INFO:teuthology.orchestra.run.smithi031.stdout:/usr/bin/ceph: stderr
2024-04-24T23:04:40.315+0000 7fbdd4ff9700 1 -- 172.21.15.31:0/4150609388 <== mon.0 v2:172.21.15.31:3300/0 1 ==== mon_map magic: 0 v1 ==== 229+0+0 (secure 0 0 0) 0x7fbdc8010890 con 0x7fbdd8102870
2024-04-24T23:04:41.203 INFO:teuthology.orchestra.run.smithi031.stdout:/usr/bin/ceph: stderr
2024-04-24T23:04:40.315+0000 7fbdd4ff9700 1 -- 172.21.15.31:0/4150609388 <== mon.0 v2:172.21.15.31:3300/0 2 ==== config(27 keys) v1 ==== 1109+0+0 (secure 0 0 0) 0x7fbdc8010ec0 con 0x7fbdd8102870
2024-04-24T23:04:41.203 INFO:teuthology.orchestra.run.smithi031.stdout:/usr/bin/ceph: stderr
2024-04-24T23:04:40.315+0000 7fbdde82a700 1 -- 172.21.15.31:0/4150609388 --> [v2:172.21.15.31:3300/0,v1:172.21.15.31:6789/0] -- mon_subscribe({mgrmap=0+}) v3 -- 0x7fbdd80760c0 con 0x7fbdd8102870
2024-04-24T23:04:41.203 INFO:teuthology.orchestra.run.smithi031.stdout:/usr/bin/ceph: stderr
2024-04-24T23:04:40.315+0000 7fbdd4ff9700 1 -- 172.21.15.31:0/4150609388 <== mon.0 v2:172.21.15.31:3300/0 3 ==== mon_map magic: 0 v1 ==== 229+0+0 (secure 0 0 0) 0x7fbdc80243f0 con 0x7fbdd8102870
2024-04-24T23:04:41.203 INFO:teuthology.orchestra.run.smithi031.stdout:/usr/bin/ceph: stderr
2024-04-24T23:04:40.315+0000 7fbdde82a700 1 -- 172.21.15.31:0/4150609388 --> [v2:172.21.15.31:3300/0,v1:172.21.15.31:6789/0] -- mon_subscribe({osdmap=0}) v3 -- 0x7fbdd80765b0 con 0x7fbdd8102870
2024-04-24T23:04:41.203 INFO:teuthology.orchestra.run.smithi031.stdout:/usr/bin/ceph: stderr
2024-04-24T23:04:40.316+0000 7fbdd4ff9700 1 -- 172.21.15.31:0/4150609388 <== mon.0 v2:172.21.15.31:3300/0 4 ==== mgrmap(e 9) v1 ==== 43389+0+0 (secure 0 0 0) 0x7fbdc802d3f0 con 0x7fbdd8102870
2024-04-24T23:04:41.203 INFO:teuthology.orchestra.run.smithi031.stdout:/usr/bin/ceph: stderr
2024-04-24T23:04:40.316+0000 7fbdd4ff9700 1 --2- 172.21.15.31:0/4150609388 >> [v2:172.21.15.31:6800/2092175909,v1:172.21.15.31:6801/2092175909] conn(0x7fbdc00368f0 0x7fbdc0038da0 unknown :-1 s=NONE pgs=0 cs=0 l=1 rev1=0 crypto rx=0 tx=0 comp rx=0 tx=0).connect
2024-04-24T23:04:41.203 INFO:teuthology.orchestra.run.smithi031.stdout:/usr/bin/ceph: stderr
2024-04-24T23:04:40.316+0000 7fbdd4ff9700 1 -- 172.21.15.31:0/4150609388 <== mon.0 v2:172.21.15.31:3300/0 5 ==== osd_map(2..2 src has 1..2) v4 ==== 936+0+0 (secure 0 0 0) 0x7fbdc804b320 con 0x7fbdd8102870
2024-04-24T23:04:41.203 INFO:teuthology.orchestra.run.smithi031.stdout:/usr/bin/ceph: stderr
2024-04-24T23:04:40.316+0000 7fbdd77fe700 1 -- 172.21.15.31:0/4150609388 >> [v2:172.21.15.31:6800/2092175909,v1:172.21.15.31:6801/2092175909] conn(0x7fbdc00368f0 msgr2=0x7fbdc0038da0 unknown :-1 s=STATE_CONNECTING_RE l=1).process reconnect failed to v2:172.21.15.31:6800/2092175909
2024-04-24T23:04:41.203 INFO:teuthology.orchestra.run.smithi031.stdout:/usr/bin/ceph: stderr
2024-04-24T23:04:40.316+0000 7fbdd77fe700 1 --2- 172.21.15.31:0/4150609388 >> [v2:172.21.15.31:6800/2092175909,v1:172.21.15.31:6801/2092175909] conn(0x7fbdc00368f0 0x7fbdc0038da0 unknown :-1 s=START_CONNECT pgs=0 cs=0 l=1 rev1=0 crypto rx=0 tx=0 comp rx=0 tx=0)._fault waiting 0.200000
2024-04-24T23:04:41.203 INFO:teuthology.orchestra.run.smithi031.stdout:/usr/bin/ceph: stderr
2024-04-24T23:04:40.316+0000 7fbdde82a700 1 -- 172.21.15.31:0/4150609388 --> [v2:172.21.15.31:3300/0,v1:172.21.15.31:6789/0] -- mon_command({"prefix": "get_command_descriptions"} v 0) v1 -- 0x7fbdd804bed0 con 0x7fbdd8102870
2024-04-24T23:04:41.203 INFO:teuthology.orchestra.run.smithi031.stdout:/usr/bin/ceph: stderr
2024-04-24T23:04:40.321+0000 7fbdd4ff9700 1 -- 172.21.15.31:0/4150609388 <== mon.0 v2:172.21.15.31:3300/0 6 ==== mon_command_ack([{"prefix": "get_command_descriptions"}]=0 v0) v1 ==== 72+0+176702 (secure 0 0 0) 0x7fbdc802b8e0 con 0x7fbdd8102870
2024-04-24T23:04:41.204 INFO:teuthology.orchestra.run.smithi031.stdout:/usr/bin/ceph: stderr
2024-04-24T23:04:40.517+0000 7fbdd77fe700 1 -- 172.21.15.31:0/4150609388 >> [v2:172.21.15.31:6800/2092175909,v1:172.21.15.31:6801/2092175909] conn(0x7fbdc00368f0 msgr2=0x7fbdc0038da0 unknown :-1 s=STATE_CONNECTING_RE l=1).process reconnect failed to v2:172.21.15.31:6800/2092175909
2024-04-24T23:04:41.204 INFO:teuthology.orchestra.run.smithi031.stdout:/usr/bin/ceph: stderr
2024-04-24T23:04:40.517+0000 7fbdd77fe700 1 --2- 172.21.15.31:0/4150609388 >> [v2:172.21.15.31:6800/2092175909,v1:172.21.15.31:6801/2092175909] conn(0x7fbdc00368f0 0x7fbdc0038da0 unknown :-1 s=START_CONNECT pgs=0 cs=0 l=1 rev1=0 crypto rx=0 tx=0 comp rx=0 tx=0)._fault waiting 0.400000
2024-04-24T23:04:41.204 INFO:teuthology.orchestra.run.smithi031.stdout:/usr/bin/ceph: stderr
2024-04-24T23:04:40.617+0000 7fbdde82a700 1 -- 172.21.15.31:0/4150609388 --> [v2:172.21.15.31:3300/0,v1:172.21.15.31:6789/0] -- mon_command({"prefix": "mgr stat"} v 0) v1 -- 0x7fbdd8076a30 con 0x7fbdd8102870
2024-04-24T23:04:41.204 INFO:teuthology.orchestra.run.smithi031.stdout:/usr/bin/ceph: stderr
2024-04-24T23:04:40.618+0000 7fbdd4ff9700 1 -- 172.21.15.31:0/4150609388 <== mon.0 v2:172.21.15.31:3300/0 7 ==== mon_command_ack([{"prefix": "mgr stat"}]=0 v9) v1 ==== 56+0+103 (secure 0 0 0) 0x7fbdc802c350 con 0x7fbdd8102870
2024-04-24T23:04:41.204 INFO:teuthology.orchestra.run.smithi031.stdout:/usr/bin/ceph: stderr
2024-04-24T23:04:40.620+0000 7fbdde82a700 1 -- 172.21.15.31:0/4150609388 >> [v2:172.21.15.31:6800/2092175909,v1:172.21.15.31:6801/2092175909] conn(0x7fbdc00368f0 msgr2=0x7fbdc0038da0 unknown :-1 s=STATE_CONNECTING l=1).mark_down
2024-04-24T23:04:41.204 INFO:teuthology.orchestra.run.smithi031.stdout:/usr/bin/ceph: stderr
2024-04-24T23:04:40.620+0000 7fbdde82a700 1 --2- 172.21.15.31:0/4150609388 >> [v2:172.21.15.31:6800/2092175909,v1:172.21.15.31:6801/2092175909] conn(0x7fbdc00368f0 0x7fbdc0038da0 unknown :-1 s=START_CONNECT pgs=0 cs=0 l=1 rev1=0 crypto rx=0 tx=0 comp rx=0 tx=0).stop
2024-04-24T23:04:41.204 INFO:teuthology.orchestra.run.smithi031.stdout:/usr/bin/ceph: stderr
2024-04-24T23:04:40.620+0000 7fbdde82a700 1 -- 172.21.15.31:0/4150609388 >> [v2:172.21.15.31:3300/0,v1:172.21.15.31:6789/0] conn(0x7fbdd8102870 msgr2=0x7fbdd8077b10 secure :-1 s=STATE_CONNECTION_ESTABLISHED l=1).mark_down
2024-04-24T23:04:41.204 INFO:teuthology.orchestra.run.smithi031.stdout:/usr/bin/ceph: stderr
2024-04-24T23:04:40.620+0000 7fbdde82a700 1 --2- 172.21.15.31:0/4150609388 >> [v2:172.21.15.31:3300/0,v1:172.21.15.31:6789/0] conn(0x7fbdd8102870 0x7fbdd8077b10 secure :-1 s=READY pgs=70 cs=0 l=1 rev1=1 crypto rx=0x7fbdc8011680 tx=0x7fbdc8009250 comp rx=0 tx=0).stop
2024-04-24T23:04:41.204 INFO:teuthology.orchestra.run.smithi031.stdout:/usr/bin/ceph: stderr
2024-04-24T23:04:40.620+0000 7fbdde82a700 1 -- 172.21.15.31:0/4150609388 shutdown_connections
2024-04-24T23:04:41.204 INFO:teuthology.orchestra.run.smithi031.stdout:/usr/bin/ceph: stderr
2024-04-24T23:04:40.620+0000 7fbdde82a700 1 --2- 172.21.15.31:0/4150609388 >> [v2:172.21.15.31:6800/2092175909,v1:172.21.15.31:6801/2092175909] conn(0x7fbdc00368f0 0x7fbdc0038da0 unknown :-1 s=CLOSED pgs=0 cs=0 l=1 rev1=0 crypto rx=0 tx=0 comp rx=0 tx=0).stop
2024-04-24T23:04:41.204 INFO:teuthology.orchestra.run.smithi031.stdout:/usr/bin/ceph: stderr
2024-04-24T23:04:40.620+0000 7fbdde82a700 1 --2- 172.21.15.31:0/4150609388 >> [v2:172.21.15.31:3300/0,v1:172.21.15.31:6789/0] conn(0x7fbdd8102870 0x7fbdd8077b10 unknown :-1 s=CLOSED pgs=70 cs=0 l=1 rev1=1 crypto rx=0 tx=0 comp rx=0 tx=0).stop
2024-04-24T23:04:41.204 INFO:teuthology.orchestra.run.smithi031.stdout:/usr/bin/ceph: stderr
2024-04-24T23:04:40.620+0000 7fbdde82a700 1 -- 172.21.15.31:0/4150609388 >> 172.21.15.31:0/4150609388 conn(0x7fbdd80fdf90 msgr2=0x7fbdd80feb00 unknown :-1 s=STATE_NONE l=0).mark_down
2024-04-24T23:04:41.204 INFO:teuthology.orchestra.run.smithi031.stdout:/usr/bin/ceph: stderr
2024-04-24T23:04:40.621+0000 7fbdde82a700 1 -- 172.21.15.31:0/4150609388 shutdown_connections
2024-04-24T23:04:41.205 INFO:teuthology.orchestra.run.smithi031.stdout:/usr/bin/ceph: stderr
2024-04-24T23:04:40.621+0000 7fbdde82a700 1 -- 172.21.15.31:0/4150609388 wait complete.
2024-04-24T23:04:41.205 INFO:teuthology.orchestra.run.smithi031.stdout:Waiting for the mgr to restart...
2024-04-24T23:04:41.205 INFO:teuthology.orchestra.run.smithi031.stdout:Waiting for mgr epoch 9...
2024-04-24T23:04:41.483 INFO:journalctl@ceph.mon.smithi031.smithi031.stdout:Apr 24 23:04:41 smithi031 ceph-mon[26411]: from='client.? 172.21.15.31:0/4150609388' entity='client.admin' cmd=[{"prefix": "mgr stat"}]: dispatch
2024-04-24T23:04:46.499 INFO:journalctl@ceph.mon.smithi031.smithi031.stdout:Apr 24 23:04:46 smithi031 ceph-mon[26411]: Active manager daemon smithi031.rrnmwr restarted
2024-04-24T23:04:46.499 INFO:journalctl@ceph.mon.smithi031.smithi031.stdout:Apr 24 23:04:46 smithi031 ceph-mon[26411]: Activating manager daemon smithi031.rrnmwr
2024-04-24T23:04:46.499 INFO:journalctl@ceph.mon.smithi031.smithi031.stdout:Apr 24 23:04:46 smithi031 ceph-mon[26411]: osdmap e3: 0 total, 0 up, 0 in
2024-04-24T23:04:46.499 INFO:journalctl@ceph.mon.smithi031.smithi031.stdout:Apr 24 23:04:46 smithi031 ceph-mon[26411]: mgrmap e10: smithi031.rrnmwr(active, starting, since 0.00313371s)
2024-04-24T23:04:46.499 INFO:journalctl@ceph.mon.smithi031.smithi031.stdout:Apr 24 23:04:46 smithi031 ceph-mon[26411]: from='mgr.14162 172.21.15.31:0/3793171661' entity='mgr.smithi031.rrnmwr' cmd=[{"prefix": "mon metadata", "id": "smithi031"}]: dispatch
2024-04-24T23:04:46.499 INFO:journalctl@ceph.mon.smithi031.smithi031.stdout:Apr 24 23:04:46 smithi031 ceph-mon[26411]: from='mgr.14162 172.21.15.31:0/3793171661' entity='mgr.smithi031.rrnmwr' cmd=[{"prefix": "mgr metadata", "who": "smithi031.rrnmwr", "id": "smithi031.rrnmwr"}]: dispatch
2024-04-24T23:04:46.499 INFO:journalctl@ceph.mon.smithi031.smithi031.stdout:Apr 24 23:04:46 smithi031 ceph-mon[26411]: from='mgr.14162 172.21.15.31:0/3793171661' entity='mgr.smithi031.rrnmwr' cmd=[{"prefix": "mds metadata"}]: dispatch
2024-04-24T23:04:46.499 INFO:journalctl@ceph.mon.smithi031.smithi031.stdout:Apr 24 23:04:46 smithi031 ceph-mon[26411]: from='mgr.14162 172.21.15.31:0/3793171661' entity='mgr.smithi031.rrnmwr' cmd=[{"prefix": "osd metadata"}]: dispatch
