2024-04-24T23:04:46.499 INFO:journalctl@ceph.mon.smithi031.smithi031.stdout:Apr 24 23:04:46 smithi031 ceph-mon[26411]: from='mgr.14162 172.21.15.31:0/3793171661' entity='mgr.smithi031.rrnmwr' cmd=[{"prefix": "mon metadata"}]: dispatch
2024-04-24T23:04:46.499 INFO:journalctl@ceph.mon.smithi031.smithi031.stdout:Apr 24 23:04:46 smithi031 ceph-mon[26411]: Manager daemon smithi031.rrnmwr is now available
2024-04-24T23:04:46.500 INFO:journalctl@ceph.mon.smithi031.smithi031.stdout:Apr 24 23:04:46 smithi031 ceph-mon[26411]: from='mgr.14162 172.21.15.31:0/3793171661' entity='mgr.smithi031.rrnmwr' cmd=[{"prefix": "config dump", "format": "json"}]: dispatch
2024-04-24T23:04:46.500 INFO:journalctl@ceph.mon.smithi031.smithi031.stdout:Apr 24 23:04:46 smithi031 ceph-mon[26411]: from='mgr.14162 172.21.15.31:0/3793171661' entity='mgr.smithi031.rrnmwr' cmd=[{"prefix": "config dump", "format": "json"}]: dispatch
2024-04-24T23:04:46.500 INFO:journalctl@ceph.mon.smithi031.smithi031.stdout:Apr 24 23:04:46 smithi031 ceph-mon[26411]: from='mgr.14162 172.21.15.31:0/3793171661' entity='mgr.smithi031.rrnmwr' cmd=[{"prefix":"config rm","who":"mgr","name":"mgr/rbd_support/smithi031.rrnmwr/mirror_snapshot_schedule"}]: dispatch
2024-04-24T23:04:46.500 INFO:journalctl@ceph.mon.smithi031.smithi031.stdout:Apr 24 23:04:46 smithi031 ceph-mon[26411]: from='mgr.14162 172.21.15.31:0/3793171661' entity='mgr.smithi031.rrnmwr' cmd=[{"prefix":"config rm","who":"mgr","name":"mgr/rbd_support/smithi031.rrnmwr/trash_purge_schedule"}]: dispatch
2024-04-24T23:04:47.744 INFO:teuthology.orchestra.run.smithi031.stdout:/usr/bin/ceph: stdout {
2024-04-24T23:04:47.745 INFO:teuthology.orchestra.run.smithi031.stdout:/usr/bin/ceph: stdout "mgrmap_epoch": 11,
2024-04-24T23:04:47.745 INFO:teuthology.orchestra.run.smithi031.stdout:/usr/bin/ceph: stdout "initialized": true
2024-04-24T23:04:47.745 INFO:teuthology.orchestra.run.smithi031.stdout:/usr/bin/ceph: stdout }
2024-04-24T23:04:47.745 INFO:teuthology.orchestra.run.smithi031.stdout:/usr/bin/ceph: stderr
2024-04-24T23:04:41.680+0000 7f8d4d6c4700 1 Processor -- start
2024-04-24T23:04:47.745 INFO:teuthology.orchestra.run.smithi031.stdout:/usr/bin/ceph: stderr
2024-04-24T23:04:41.680+0000 7f8d4d6c4700 1 -- start start
2024-04-24T23:04:47.745 INFO:teuthology.orchestra.run.smithi031.stdout:/usr/bin/ceph: stderr
2024-04-24T23:04:41.680+0000 7f8d4d6c4700 1 --2- >> [v2:172.21.15.31:3300/0,v1:172.21.15.31:6789/0] conn(0x7f8d48078ce0 0x7f8d480771f0 unknown :-1 s=NONE pgs=0 cs=0 l=0 rev1=0 crypto rx=0 tx=0 comp rx=0 tx=0).connect
2024-04-24T23:04:47.745 INFO:teuthology.orchestra.run.smithi031.stdout:/usr/bin/ceph: stderr
2024-04-24T23:04:41.680+0000 7f8d4d6c4700 1 -- --> [v2:172.21.15.31:3300/0,v1:172.21.15.31:6789/0] -- mon_getmap magic: 0 v1 -- 0x7f8d480790f0 con 0x7f8d48078ce0
2024-04-24T23:04:47.745 INFO:teuthology.orchestra.run.smithi031.stdout:/usr/bin/ceph: stderr
2024-04-24T23:04:41.680+0000 7f8d46ffd700 1 --2- >> [v2:172.21.15.31:3300/0,v1:172.21.15.31:6789/0] conn(0x7f8d48078ce0 0x7f8d480771f0 unknown :-1 s=BANNER_CONNECTING pgs=0 cs=0 l=0 rev1=0 crypto rx=0 tx=0 comp rx=0 tx=0)._handle_peer_banner_payload supported=3 required=0
2024-04-24T23:04:47.745 INFO:teuthology.orchestra.run.smithi031.stdout:/usr/bin/ceph: stderr
2024-04-24T23:04:41.680+0000 7f8d46ffd700 1 --2- >> [v2:172.21.15.31:3300/0,v1:172.21.15.31:6789/0] conn(0x7f8d48078ce0 0x7f8d480771f0 unknown :-1 s=HELLO_CONNECTING pgs=0 cs=0 l=0 rev1=1 crypto rx=0 tx=0 comp rx=0 tx=0).handle_hello peer v2:172.21.15.31:3300/0 says I am v2:172.21.15.31:40880/0 (socket says 172.21.15.31:40880)
2024-04-24T23:04:47.745 INFO:teuthology.orchestra.run.smithi031.stdout:/usr/bin/ceph: stderr
2024-04-24T23:04:41.680+0000 7f8d46ffd700 1 -- 172.21.15.31:0/3109327461 learned_addr learned my addr 172.21.15.31:0/3109327461 (peer_addr_for_me v2:172.21.15.31:0/0)
2024-04-24T23:04:47.745 INFO:teuthology.orchestra.run.smithi031.stdout:/usr/bin/ceph: stderr
2024-04-24T23:04:41.680+0000 7f8d46ffd700 1 -- 172.21.15.31:0/3109327461 --> [v2:172.21.15.31:3300/0,v1:172.21.15.31:6789/0] -- mon_subscribe({config=0+,monmap=0+}) v3 -- 0x7f8d48077730 con 0x7f8d48078ce0
2024-04-24T23:04:47.745 INFO:teuthology.orchestra.run.smithi031.stdout:/usr/bin/ceph: stderr
2024-04-24T23:04:41.681+0000 7f8d46ffd700 1 --2- 172.21.15.31:0/3109327461 >> [v2:172.21.15.31:3300/0,v1:172.21.15.31:6789/0] conn(0x7f8d48078ce0 0x7f8d480771f0 secure :-1 s=READY pgs=71 cs=0 l=1 rev1=1 crypto rx=0x7f8d380098e0 tx=0x7f8d38009250 comp rx=0 tx=0).ready entity=mon.0 client_cookie=31899899badda0a1 server_cookie=0 in_seq=0 out_seq=0
2024-04-24T23:04:47.746 INFO:teuthology.orchestra.run.smithi031.stdout:/usr/bin/ceph: stderr
2024-04-24T23:04:41.681+0000 7f8d45ffb700 1 -- 172.21.15.31:0/3109327461 <== mon.0 v2:172.21.15.31:3300/0 1 ==== mon_map magic: 0 v1 ==== 229+0+0 (secure 0 0 0) 0x7f8d3800b860 con 0x7f8d48078ce0
2024-04-24T23:04:47.746 INFO:teuthology.orchestra.run.smithi031.stdout:/usr/bin/ceph: stderr
2024-04-24T23:04:41.681+0000 7f8d45ffb700 1 -- 172.21.15.31:0/3109327461 <== mon.0 v2:172.21.15.31:3300/0 2 ==== config(27 keys) v1 ==== 1109+0+0 (secure 0 0 0) 0x7f8d3800be90 con 0x7f8d48078ce0
2024-04-24T23:04:47.746 INFO:teuthology.orchestra.run.smithi031.stdout:/usr/bin/ceph: stderr
2024-04-24T23:04:41.681+0000 7f8d45ffb700 1 -- 172.21.15.31:0/3109327461 <== mon.0 v2:172.21.15.31:3300/0 3 ==== mon_map magic: 0 v1 ==== 229+0+0 (secure 0 0 0) 0x7f8d380103c0 con 0x7f8d48078ce0
2024-04-24T23:04:47.746 INFO:teuthology.orchestra.run.smithi031.stdout:/usr/bin/ceph: stderr
2024-04-24T23:04:41.681+0000 7f8d4d6c4700 1 -- 172.21.15.31:0/3109327461 >> [v2:172.21.15.31:3300/0,v1:172.21.15.31:6789/0] conn(0x7f8d48078ce0 msgr2=0x7f8d480771f0 secure :-1 s=STATE_CONNECTION_ESTABLISHED l=1).mark_down
2024-04-24T23:04:47.746 INFO:teuthology.orchestra.run.smithi031.stdout:/usr/bin/ceph: stderr
2024-04-24T23:04:41.681+0000 7f8d4d6c4700 1 --2- 172.21.15.31:0/3109327461 >> [v2:172.21.15.31:3300/0,v1:172.21.15.31:6789/0] conn(0x7f8d48078ce0 0x7f8d480771f0 secure :-1 s=READY pgs=71 cs=0 l=1 rev1=1 crypto rx=0x7f8d380098e0 tx=0x7f8d38009250 comp rx=0 tx=0).stop
2024-04-24T23:04:47.746 INFO:teuthology.orchestra.run.smithi031.stdout:/usr/bin/ceph: stderr
2024-04-24T23:04:41.681+0000 7f8d4d6c4700 1 -- 172.21.15.31:0/3109327461 shutdown_connections
2024-04-24T23:04:47.746 INFO:teuthology.orchestra.run.smithi031.stdout:/usr/bin/ceph: stderr
2024-04-24T23:04:41.681+0000 7f8d4d6c4700 1 --2- 172.21.15.31:0/3109327461 >> [v2:172.21.15.31:3300/0,v1:172.21.15.31:6789/0] conn(0x7f8d48078ce0 0x7f8d480771f0 unknown :-1 s=CLOSED pgs=71 cs=0 l=1 rev1=1 crypto rx=0 tx=0 comp rx=0 tx=0).stop
2024-04-24T23:04:47.746 INFO:teuthology.orchestra.run.smithi031.stdout:/usr/bin/ceph: stderr
2024-04-24T23:04:41.681+0000 7f8d4d6c4700 1 -- 172.21.15.31:0/3109327461 >> 172.21.15.31:0/3109327461 conn(0x7f8d480fdfd0 msgr2=0x7f8d481003e0 unknown :-1 s=STATE_NONE l=0).mark_down
2024-04-24T23:04:47.746 INFO:teuthology.orchestra.run.smithi031.stdout:/usr/bin/ceph: stderr
2024-04-24T23:04:41.682+0000 7f8d4d6c4700 1 -- 172.21.15.31:0/3109327461 shutdown_connections
2024-04-24T23:04:47.746 INFO:teuthology.orchestra.run.smithi031.stdout:/usr/bin/ceph: stderr
2024-04-24T23:04:41.682+0000 7f8d4d6c4700 1 -- 172.21.15.31:0/3109327461 wait complete.
2024-04-24T23:04:47.746 INFO:teuthology.orchestra.run.smithi031.stdout:/usr/bin/ceph: stderr
2024-04-24T23:04:41.682+0000 7f8d4d6c4700 1 Processor -- start
2024-04-24T23:04:47.746 INFO:teuthology.orchestra.run.smithi031.stdout:/usr/bin/ceph: stderr
2024-04-24T23:04:41.682+0000 7f8d4d6c4700 1 -- start start
2024-04-24T23:04:47.747 INFO:teuthology.orchestra.run.smithi031.stdout:/usr/bin/ceph: stderr
2024-04-24T23:04:41.682+0000 7f8d4d6c4700 1 --2- >> [v2:172.21.15.31:3300/0,v1:172.21.15.31:6789/0] conn(0x7f8d48078ce0 0x7f8d481138b0 unknown :-1 s=NONE pgs=0 cs=0 l=1 rev1=0 crypto rx=0 tx=0 comp rx=0 tx=0).connect
2024-04-24T23:04:47.747 INFO:teuthology.orchestra.run.smithi031.stdout:/usr/bin/ceph: stderr
2024-04-24T23:04:41.683+0000 7f8d4d6c4700 1 -- --> [v2:172.21.15.31:3300/0,v1:172.21.15.31:6789/0] -- mon_getmap magic: 0 v1 -- 0x7f8d48113df0 con 0x7f8d48078ce0
2024-04-24T23:04:47.747 INFO:teuthology.orchestra.run.smithi031.stdout:/usr/bin/ceph: stderr
2024-04-24T23:04:41.683+0000 7f8d46ffd700 1 --2- >> [v2:172.21.15.31:3300/0,v1:172.21.15.31:6789/0] conn(0x7f8d48078ce0 0x7f8d481138b0 unknown :-1 s=BANNER_CONNECTING pgs=0 cs=0 l=1 rev1=0 crypto rx=0 tx=0 comp rx=0 tx=0)._handle_peer_banner_payload supported=3 required=0
2024-04-24T23:04:47.747 INFO:teuthology.orchestra.run.smithi031.stdout:/usr/bin/ceph: stderr
2024-04-24T23:04:41.683+0000 7f8d46ffd700 1 --2- >> [v2:172.21.15.31:3300/0,v1:172.21.15.31:6789/0] conn(0x7f8d48078ce0 0x7f8d481138b0 unknown :-1 s=HELLO_CONNECTING pgs=0 cs=0 l=1 rev1=1 crypto rx=0 tx=0 comp rx=0 tx=0).handle_hello peer v2:172.21.15.31:3300/0 says I am v2:172.21.15.31:40888/0 (socket says 172.21.15.31:40888)
2024-04-24T23:04:47.747 INFO:teuthology.orchestra.run.smithi031.stdout:/usr/bin/ceph: stderr
2024-04-24T23:04:41.683+0000 7f8d46ffd700 1 -- 172.21.15.31:0/1384460767 learned_addr learned my addr 172.21.15.31:0/1384460767 (peer_addr_for_me v2:172.21.15.31:0/0)
2024-04-24T23:04:47.747 INFO:teuthology.orchestra.run.smithi031.stdout:/usr/bin/ceph: stderr
2024-04-24T23:04:41.683+0000 7f8d46ffd700 1 -- 172.21.15.31:0/1384460767 --> [v2:172.21.15.31:3300/0,v1:172.21.15.31:6789/0] -- mon_subscribe({config=0+,monmap=0+}) v3 -- 0x7f8d380094f0 con 0x7f8d48078ce0
2024-04-24T23:04:47.747 INFO:teuthology.orchestra.run.smithi031.stdout:/usr/bin/ceph: stderr
2024-04-24T23:04:41.683+0000 7f8d46ffd700 1 --2- 172.21.15.31:0/1384460767 >> [v2:172.21.15.31:3300/0,v1:172.21.15.31:6789/0] conn(0x7f8d48078ce0 0x7f8d481138b0 secure :-1 s=READY pgs=72 cs=0 l=1 rev1=1 crypto rx=0x7f8d380094c0 tx=0x7f8d38009250 comp rx=0 tx=0).ready entity=mon.0 client_cookie=0 server_cookie=0 in_seq=0 out_seq=0
2024-04-24T23:04:47.747 INFO:teuthology.orchestra.run.smithi031.stdout:/usr/bin/ceph: stderr
2024-04-24T23:04:41.683+0000 7f8d2f7fe700 1 -- 172.21.15.31:0/1384460767 <== mon.0 v2:172.21.15.31:3300/0 1 ==== mon_map magic: 0 v1 ==== 229+0+0 (secure 0 0 0) 0x7f8d380118f0 con 0x7f8d48078ce0
2024-04-24T23:04:47.747 INFO:teuthology.orchestra.run.smithi031.stdout:/usr/bin/ceph: stderr
2024-04-24T23:04:41.683+0000 7f8d2f7fe700 1 -- 172.21.15.31:0/1384460767 <== mon.0 v2:172.21.15.31:3300/0 2 ==== config(27 keys) v1 ==== 1109+0+0 (secure 0 0 0) 0x7f8d38010d60 con 0x7f8d48078ce0
2024-04-24T23:04:47.747 INFO:teuthology.orchestra.run.smithi031.stdout:/usr/bin/ceph: stderr
2024-04-24T23:04:41.683+0000 7f8d4d6c4700 1 -- 172.21.15.31:0/1384460767 --> [v2:172.21.15.31:3300/0,v1:172.21.15.31:6789/0] -- mon_subscribe({mgrmap=0+}) v3 -- 0x7f8d48113ff0 con 0x7f8d48078ce0
2024-04-24T23:04:47.747 INFO:teuthology.orchestra.run.smithi031.stdout:/usr/bin/ceph: stderr
2024-04-24T23:04:41.683+0000 7f8d2f7fe700 1 -- 172.21.15.31:0/1384460767 <== mon.0 v2:172.21.15.31:3300/0 3 ==== mon_map magic: 0 v1 ==== 229+0+0 (secure 0 0 0) 0x7f8d3801a430 con 0x7f8d48078ce0
2024-04-24T23:04:47.747 INFO:teuthology.orchestra.run.smithi031.stdout:/usr/bin/ceph: stderr
2024-04-24T23:04:41.683+0000 7f8d4d6c4700 1 -- 172.21.15.31:0/1384460767 --> [v2:172.21.15.31:3300/0,v1:172.21.15.31:6789/0] -- mon_subscribe({osdmap=0}) v3 -- 0x7f8d48114b60 con 0x7f8d48078ce0
2024-04-24T23:04:47.747 INFO:teuthology.orchestra.run.smithi031.stdout:/usr/bin/ceph: stderr
2024-04-24T23:04:41.684+0000 7f8d2f7fe700 1 -- 172.21.15.31:0/1384460767 <== mon.0 v2:172.21.15.31:3300/0 4 ==== mgrmap(e 9) v1 ==== 43389+0+0 (secure 0 0 0) 0x7f8d3801a590 con 0x7f8d48078ce0
2024-04-24T23:04:47.747 INFO:teuthology.orchestra.run.smithi031.stdout:/usr/bin/ceph: stderr
2024-04-24T23:04:41.685+0000 7f8d2f7fe700 1 --2- 172.21.15.31:0/1384460767 >> [v2:172.21.15.31:6800/2092175909,v1:172.21.15.31:6801/2092175909] conn(0x7f8d300368f0 0x7f8d30038da0 unknown :-1 s=NONE pgs=0 cs=0 l=1 rev1=0 crypto rx=0 tx=0 comp rx=0 tx=0).connect
2024-04-24T23:04:47.747 INFO:teuthology.orchestra.run.smithi031.stdout:/usr/bin/ceph: stderr
2024-04-24T23:04:41.685+0000 7f8d2f7fe700 1 -- 172.21.15.31:0/1384460767 --> [v2:172.21.15.31:6800/2092175909,v1:172.21.15.31:6801/2092175909] -- command(tid 0: {"prefix": "get_command_descriptions"}) v1 -- 0x7f8d300394b0 con 0x7f8d300368f0
2024-04-24T23:04:47.748 INFO:teuthology.orchestra.run.smithi031.stdout:/usr/bin/ceph: stderr
2024-04-24T23:04:41.685+0000 7f8d2f7fe700 1 -- 172.21.15.31:0/1384460767 <== mon.0 v2:172.21.15.31:3300/0 5 ==== osd_map(2..2 src has 1..2) v4 ==== 936+0+0 (secure 0 0 0) 0x7f8d3804a710 con 0x7f8d48078ce0
2024-04-24T23:04:47.748 INFO:teuthology.orchestra.run.smithi031.stdout:/usr/bin/ceph: stderr
2024-04-24T23:04:41.685+0000 7f8d467fc700 1 -- 172.21.15.31:0/1384460767 >> [v2:172.21.15.31:6800/2092175909,v1:172.21.15.31:6801/2092175909] conn(0x7f8d300368f0 msgr2=0x7f8d30038da0 unknown :-1 s=STATE_CONNECTING_RE l=1).process reconnect failed to v2:172.21.15.31:6800/2092175909
2024-04-24T23:04:47.748 INFO:teuthology.orchestra.run.smithi031.stdout:/usr/bin/ceph: stderr
2024-04-24T23:04:41.685+0000 7f8d467fc700 1 --2- 172.21.15.31:0/1384460767 >> [v2:172.21.15.31:6800/2092175909,v1:172.21.15.31:6801/2092175909] conn(0x7f8d300368f0 0x7f8d30038da0 unknown :-1 s=START_CONNECT pgs=0 cs=0 l=1 rev1=0 crypto rx=0 tx=0 comp rx=0 tx=0)._fault waiting 0.200000
2024-04-24T23:04:47.748 INFO:teuthology.orchestra.run.smithi031.stdout:/usr/bin/ceph: stderr
2024-04-24T23:04:41.886+0000 7f8d467fc700 1 -- 172.21.15.31:0/1384460767 >> [v2:172.21.15.31:6800/2092175909,v1:172.21.15.31:6801/2092175909] conn(0x7f8d300368f0 msgr2=0x7f8d30038da0 unknown :-1 s=STATE_CONNECTING_RE l=1).process reconnect failed to v2:172.21.15.31:6800/2092175909
2024-04-24T23:04:47.748 INFO:teuthology.orchestra.run.smithi031.stdout:/usr/bin/ceph: stderr
2024-04-24T23:04:41.886+0000 7f8d467fc700 1 --2- 172.21.15.31:0/1384460767 >> [v2:172.21.15.31:6800/2092175909,v1:172.21.15.31:6801/2092175909] conn(0x7f8d300368f0 0x7f8d30038da0 unknown :-1 s=START_CONNECT pgs=0 cs=0 l=1 rev1=0 crypto rx=0 tx=0 comp rx=0 tx=0)._fault waiting 0.400000
2024-04-24T23:04:47.748 INFO:teuthology.orchestra.run.smithi031.stdout:/usr/bin/ceph: stderr
2024-04-24T23:04:42.287+0000 7f8d467fc700 1 -- 172.21.15.31:0/1384460767 >> [v2:172.21.15.31:6800/2092175909,v1:172.21.15.31:6801/2092175909] conn(0x7f8d300368f0 msgr2=0x7f8d30038da0 unknown :-1 s=STATE_CONNECTING_RE l=1).process reconnect failed to v2:172.21.15.31:6800/2092175909
2024-04-24T23:04:47.748 INFO:teuthology.orchestra.run.smithi031.stdout:/usr/bin/ceph: stderr
2024-04-24T23:04:42.287+0000 7f8d467fc700 1 --2- 172.21.15.31:0/1384460767 >> [v2:172.21.15.31:6800/2092175909,v1:172.21.15.31:6801/2092175909] conn(0x7f8d300368f0 0x7f8d30038da0 unknown :-1 s=START_CONNECT pgs=0 cs=0 l=1 rev1=0 crypto rx=0 tx=0 comp rx=0 tx=0)._fault waiting 0.800000
2024-04-24T23:04:47.748 INFO:teuthology.orchestra.run.smithi031.stdout:/usr/bin/ceph: stderr
2024-04-24T23:04:43.088+0000 7f8d467fc700 1 -- 172.21.15.31:0/1384460767 >> [v2:172.21.15.31:6800/2092175909,v1:172.21.15.31:6801/2092175909] conn(0x7f8d300368f0 msgr2=0x7f8d30038da0 unknown :-1 s=STATE_CONNECTING_RE l=1).process reconnect failed to v2:172.21.15.31:6800/2092175909
2024-04-24T23:04:47.748 INFO:teuthology.orchestra.run.smithi031.stdout:/usr/bin/ceph: stderr
2024-04-24T23:04:43.088+0000 7f8d467fc700 1 --2- 172.21.15.31:0/1384460767 >> [v2:172.21.15.31:6800/2092175909,v1:172.21.15.31:6801/2092175909] conn(0x7f8d300368f0 0x7f8d30038da0 unknown :-1 s=START_CONNECT pgs=0 cs=0 l=1 rev1=0 crypto rx=0 tx=0 comp rx=0 tx=0)._fault waiting 1.600000
2024-04-24T23:04:47.748 INFO:teuthology.orchestra.run.smithi031.stdout:/usr/bin/ceph: stderr
2024-04-24T23:04:44.689+0000 7f8d467fc700 1 -- 172.21.15.31:0/1384460767 >> [v2:172.21.15.31:6800/2092175909,v1:172.21.15.31:6801/2092175909] conn(0x7f8d300368f0 msgr2=0x7f8d30038da0 unknown :-1 s=STATE_CONNECTING_RE l=1).process reconnect failed to v2:172.21.15.31:6800/2092175909
2024-04-24T23:04:47.748 INFO:teuthology.orchestra.run.smithi031.stdout:/usr/bin/ceph: stderr
2024-04-24T23:04:44.689+0000 7f8d467fc700 1 --2- 172.21.15.31:0/1384460767 >> [v2:172.21.15.31:6800/2092175909,v1:172.21.15.31:6801/2092175909] conn(0x7f8d300368f0 0x7f8d30038da0 unknown :-1 s=START_CONNECT pgs=0 cs=0 l=1 rev1=0 crypto rx=0 tx=0 comp rx=0 tx=0)._fault waiting 3.200000
2024-04-24T23:04:47.748 INFO:teuthology.orchestra.run.smithi031.stdout:/usr/bin/ceph: stderr
2024-04-24T23:04:46.068+0000 7f8d2f7fe700 1 -- 172.21.15.31:0/1384460767 <== mon.0 v2:172.21.15.31:3300/0 6 ==== mgrmap(e 10) v1 ==== 43156+0+0 (secure 0 0 0) 0x7f8d3802ad60 con 0x7f8d48078ce0
2024-04-24T23:04:47.748 INFO:teuthology.orchestra.run.smithi031.stdout:/usr/bin/ceph: stderr
2024-04-24T23:04:46.068+0000 7f8d2f7fe700 1 -- 172.21.15.31:0/1384460767 >> [v2:172.21.15.31:6800/2092175909,v1:172.21.15.31:6801/2092175909] conn(0x7f8d300368f0 msgr2=0x7f8d30038da0 unknown :-1 s=STATE_CONNECTING l=1).mark_down
2024-04-24T23:04:47.748 INFO:teuthology.orchestra.run.smithi031.stdout:/usr/bin/ceph: stderr
2024-04-24T23:04:46.068+0000 7f8d2f7fe700 1 --2- 172.21.15.31:0/1384460767 >> [v2:172.21.15.31:6800/2092175909,v1:172.21.15.31:6801/2092175909] conn(0x7f8d300368f0 0x7f8d30038da0 unknown :-1 s=START_CONNECT pgs=0 cs=0 l=1 rev1=0 crypto rx=0 tx=0 comp rx=0 tx=0).stop
2024-04-24T23:04:47.749 INFO:teuthology.orchestra.run.smithi031.stdout:/usr/bin/ceph: stderr
2024-04-24T23:04:47.070+0000 7f8d2f7fe700 1 -- 172.21.15.31:0/1384460767 <== mon.0 v2:172.21.15.31:3300/0 7 ==== mgrmap(e 11) v1 ==== 43283+0+0 (secure 0 0 0) 0x7f8d3802c970 con 0x7f8d48078ce0
2024-04-24T23:04:47.749 INFO:teuthology.orchestra.run.smithi031.stdout:/usr/bin/ceph: stderr
2024-04-24T23:04:47.070+0000 7f8d2f7fe700 1 --2- 172.21.15.31:0/1384460767 >> [v2:172.21.15.31:6800/1555170645,v1:172.21.15.31:6801/1555170645] conn(0x7f8d3003a3a0 0x7f8d3003c780 unknown :-1 s=NONE pgs=0 cs=0 l=1 rev1=0 crypto rx=0 tx=0 comp rx=0 tx=0).connect
2024-04-24T23:04:47.749 INFO:teuthology.orchestra.run.smithi031.stdout:/usr/bin/ceph: stderr
2024-04-24T23:04:47.070+0000 7f8d2f7fe700 1 -- 172.21.15.31:0/1384460767 --> [v2:172.21.15.31:6800/1555170645,v1:172.21.15.31:6801/1555170645] -- command(tid 0: {"prefix": "get_command_descriptions"}) v1 -- 0x7f8d300394b0 con 0x7f8d3003a3a0
2024-04-24T23:04:47.749 INFO:teuthology.orchestra.run.smithi031.stdout:/usr/bin/ceph: stderr
2024-04-24T23:04:47.070+0000 7f8d467fc700 1 --2- 172.21.15.31:0/1384460767 >> [v2:172.21.15.31:6800/1555170645,v1:172.21.15.31:6801/1555170645] conn(0x7f8d3003a3a0 0x7f8d3003c780 unknown :-1 s=BANNER_CONNECTING pgs=0 cs=0 l=1 rev1=0 crypto rx=0 tx=0 comp rx=0 tx=0)._handle_peer_banner_payload supported=3 required=0
2024-04-24T23:04:47.749 INFO:teuthology.orchestra.run.smithi031.stdout:/usr/bin/ceph: stderr
2024-04-24T23:04:47.071+0000 7f8d467fc700 1 --2- 172.21.15.31:0/1384460767 >> [v2:172.21.15.31:6800/1555170645,v1:172.21.15.31:6801/1555170645] conn(0x7f8d3003a3a0 0x7f8d3003c780 secure :-1 s=READY pgs=4 cs=0 l=1 rev1=1 crypto rx=0x7f8d3c0039d0 tx=0x7f8d3c009350 comp rx=0 tx=0).ready entity=mgr.14162 client_cookie=0 server_cookie=0 in_seq=0 out_seq=0
2024-04-24T23:04:47.749 INFO:teuthology.orchestra.run.smithi031.stdout:/usr/bin/ceph: stderr
2024-04-24T23:04:47.072+0000 7f8d2f7fe700 1 -- 172.21.15.31:0/1384460767 <== mgr.14162 v2:172.21.15.31:6800/1555170645 1 ==== command_reply(tid 0: 0 ) v1 ==== 8+0+6549 (secure 0 0 0) 0x7f8d300394b0 con 0x7f8d3003a3a0
2024-04-24T23:04:47.749 INFO:teuthology.orchestra.run.smithi031.stdout:/usr/bin/ceph: stderr
2024-04-24T23:04:47.078+0000 7f8d4d6c4700 1 -- 172.21.15.31:0/1384460767 --> [v2:172.21.15.31:6800/1555170645,v1:172.21.15.31:6801/1555170645] -- command(tid 1: {"prefix": "mgr_status"}) v1 -- 0x7f8d48114480 con 0x7f8d3003a3a0
2024-04-24T23:04:47.749 INFO:teuthology.orchestra.run.smithi031.stdout:/usr/bin/ceph: stderr
2024-04-24T23:04:47.078+0000 7f8d2f7fe700 1 -- 172.21.15.31:0/1384460767 <== mgr.14162 v2:172.21.15.31:6800/1555170645 2 ==== command_reply(tid 1: 0 ) v1 ==== 8+0+52 (secure 0 0 0) 0x7f8d48114480 con 0x7f8d3003a3a0
2024-04-24T23:04:47.749 INFO:teuthology.orchestra.run.smithi031.stdout:/usr/bin/ceph: stderr
2024-04-24T23:04:47.078+0000 7f8d4d6c4700 1 -- 172.21.15.31:0/1384460767 >> [v2:172.21.15.31:6800/1555170645,v1:172.21.15.31:6801/1555170645] conn(0x7f8d3003a3a0 msgr2=0x7f8d3003c780 secure :-1 s=STATE_CONNECTION_ESTABLISHED l=1).mark_down
2024-04-24T23:04:47.749 INFO:teuthology.orchestra.run.smithi031.stdout:/usr/bin/ceph: stderr
2024-04-24T23:04:47.078+0000 7f8d4d6c4700 1 --2- 172.21.15.31:0/1384460767 >> [v2:172.21.15.31:6800/1555170645,v1:172.21.15.31:6801/1555170645] conn(0x7f8d3003a3a0 0x7f8d3003c780 secure :-1 s=READY pgs=4 cs=0 l=1 rev1=1 crypto rx=0x7f8d3c0039d0 tx=0x7f8d3c009350 comp rx=0 tx=0).stop
2024-04-24T23:04:47.749 INFO:teuthology.orchestra.run.smithi031.stdout:/usr/bin/ceph: stderr
2024-04-24T23:04:47.078+0000 7f8d4d6c4700 1 -- 172.21.15.31:0/1384460767 >> [v2:172.21.15.31:3300/0,v1:172.21.15.31:6789/0] conn(0x7f8d48078ce0 msgr2=0x7f8d481138b0 secure :-1 s=STATE_CONNECTION_ESTABLISHED l=1).mark_down
2024-04-24T23:04:47.749 INFO:teuthology.orchestra.run.smithi031.stdout:/usr/bin/ceph: stderr
2024-04-24T23:04:47.078+0000 7f8d4d6c4700 1 --2- 172.21.15.31:0/1384460767 >> [v2:172.21.15.31:3300/0,v1:172.21.15.31:6789/0] conn(0x7f8d48078ce0 0x7f8d481138b0 secure :-1 s=READY pgs=72 cs=0 l=1 rev1=1 crypto rx=0x7f8d380094c0 tx=0x7f8d38009250 comp rx=0 tx=0).stop
2024-04-24T23:04:47.749 INFO:teuthology.orchestra.run.smithi031.stdout:/usr/bin/ceph: stderr
2024-04-24T23:04:47.078+0000 7f8d4d6c4700 1 -- 172.21.15.31:0/1384460767 shutdown_connections
2024-04-24T23:04:47.749 INFO:teuthology.orchestra.run.smithi031.stdout:/usr/bin/ceph: stderr
2024-04-24T23:04:47.078+0000 7f8d4d6c4700 1 --2- 172.21.15.31:0/1384460767 >> [v2:172.21.15.31:6800/1555170645,v1:172.21.15.31:6801/1555170645] conn(0x7f8d3003a3a0 0x7f8d3003c780 unknown :-1 s=CLOSED pgs=4 cs=0 l=1 rev1=1 crypto rx=0 tx=0 comp rx=0 tx=0).stop
2024-04-24T23:04:47.750 INFO:teuthology.orchestra.run.smithi031.stdout:/usr/bin/ceph: stderr
2024-04-24T23:04:47.078+0000 7f8d4d6c4700 1 --2- 172.21.15.31:0/1384460767 >> [v2:172.21.15.31:3300/0,v1:172.21.15.31:6789/0] conn(0x7f8d48078ce0 0x7f8d481138b0 unknown :-1 s=CLOSED pgs=72 cs=0 l=1 rev1=1 crypto rx=0 tx=0 comp rx=0 tx=0).stop
2024-04-24T23:04:47.750 INFO:teuthology.orchestra.run.smithi031.stdout:/usr/bin/ceph: stderr
2024-04-24T23:04:47.078+0000 7f8d4d6c4700 1 --2- 172.21.15.31:0/1384460767 >> [v2:172.21.15.31:6800/2092175909,v1:172.21.15.31:6801/2092175909] conn(0x7f8d300368f0 0x7f8d30038da0 unknown :-1 s=CLOSED pgs=0 cs=0 l=1 rev1=0 crypto rx=0 tx=0 comp rx=0 tx=0).stop
2024-04-24T23:04:47.750 INFO:teuthology.orchestra.run.smithi031.stdout:/usr/bin/ceph: stderr
2024-04-24T23:04:47.078+0000 7f8d4d6c4700 1 -- 172.21.15.31:0/1384460767 >> 172.21.15.31:0/1384460767 conn(0x7f8d480fdfd0 msgr2=0x7f8d480feb20 unknown :-1 s=STATE_NONE l=0).mark_down
2024-04-24T23:04:47.750 INFO:teuthology.orchestra.run.smithi031.stdout:/usr/bin/ceph: stderr
2024-04-24T23:04:47.078+0000 7f8d4d6c4700 1 -- 172.21.15.31:0/1384460767 shutdown_connections
2024-04-24T23:04:47.750 INFO:teuthology.orchestra.run.smithi031.stdout:/usr/bin/ceph: stderr
2024-04-24T23:04:47.079+0000 7f8d4d6c4700 1 -- 172.21.15.31:0/1384460767 wait complete.
2024-04-24T23:04:47.750 INFO:teuthology.orchestra.run.smithi031.stdout:mgr epoch 9 is available
2024-04-24T23:04:47.750 INFO:teuthology.orchestra.run.smithi031.stdout:Generating a dashboard self-signed certificate...
2024-04-24T23:04:47.962 INFO:journalctl@ceph.mon.smithi031.smithi031.stdout:Apr 24 23:04:47 smithi031 ceph-mon[26411]: [24/Apr/2024:23:04:46] ENGINE Bus STARTING
2024-04-24T23:04:47.963 INFO:journalctl@ceph.mon.smithi031.smithi031.stdout:Apr 24 23:04:47 smithi031 ceph-mon[26411]: [24/Apr/2024:23:04:46] ENGINE Serving on https://172.21.15.31:7150
2024-04-24T23:04:47.963 INFO:journalctl@ceph.mon.smithi031.smithi031.stdout:Apr 24 23:04:47 smithi031 ceph-mon[26411]: [24/Apr/2024:23:04:46] ENGINE Bus STARTED
2024-04-24T23:04:47.963 INFO:journalctl@ceph.mon.smithi031.smithi031.stdout:Apr 24 23:04:47 smithi031 ceph-mon[26411]: from='mgr.14162 172.21.15.31:0/3793171661' entity='mgr.smithi031.rrnmwr'
2024-04-24T23:04:47.963 INFO:journalctl@ceph.mon.smithi031.smithi031.stdout:Apr 24 23:04:47 smithi031 ceph-mon[26411]: from='client.14166 -' entity='client.admin' cmd=[{"prefix": "get_command_descriptions"}]: dispatch
2024-04-24T23:04:47.963 INFO:journalctl@ceph.mon.smithi031.smithi031.stdout:Apr 24 23:04:47 smithi031 ceph-mon[26411]: mgrmap e11: smithi031.rrnmwr(active, since 1.006s)
2024-04-24T23:04:47.963 INFO:journalctl@ceph.mon.smithi031.smithi031.stdout:Apr 24 23:04:47 smithi031 ceph-mon[26411]: from='client.14166 -' entity='client.admin' cmd=[{"prefix": "mgr_status"}]: dispatch
2024-04-24T23:04:49.007 INFO:teuthology.orchestra.run.smithi031.stdout:/usr/bin/ceph: stdout Self-signed certificate created
2024-04-24T23:04:49.007 INFO:teuthology.orchestra.run.smithi031.stdout:/usr/bin/ceph: stderr
2024-04-24T23:04:48.181+0000 7fce0c84c700 1 Processor -- start
2024-04-24T23:04:49.007 INFO:teuthology.orchestra.run.smithi031.stdout:/usr/bin/ceph: stderr
2024-04-24T23:04:48.181+0000 7fce0c84c700 1 -- start start
2024-04-24T23:04:49.007 INFO:teuthology.orchestra.run.smithi031.stdout:/usr/bin/ceph: stderr
2024-04-24T23:04:48.181+0000 7fce0c84c700 1 --2- >> [v2:172.21.15.31:3300/0,v1:172.21.15.31:6789/0] conn(0x7fce08071290 0x7fce08107890 unknown :-1 s=NONE pgs=0 cs=0 l=0 rev1=0 crypto rx=0 tx=0 comp rx=0 tx=0).connect
2024-04-24T23:04:49.007 INFO:teuthology.orchestra.run.smithi031.stdout:/usr/bin/ceph: stderr
2024-04-24T23:04:48.181+0000 7fce0c84c700 1 -- --> [v2:172.21.15.31:3300/0,v1:172.21.15.31:6789/0] -- mon_getmap magic: 0 v1 -- 0x7fce08103280 con 0x7fce08071290
2024-04-24T23:04:49.007 INFO:teuthology.orchestra.run.smithi031.stdout:/usr/bin/ceph: stderr
2024-04-24T23:04:48.181+0000 7fce0659c700 1 --2- >> [v2:172.21.15.31:3300/0,v1:172.21.15.31:6789/0] conn(0x7fce08071290 0x7fce08107890 unknown :-1 s=BANNER_CONNECTING pgs=0 cs=0 l=0 rev1=0 crypto rx=0 tx=0 comp rx=0 tx=0)._handle_peer_banner_payload supported=3 required=0
2024-04-24T23:04:49.007 INFO:teuthology.orchestra.run.smithi031.stdout:/usr/bin/ceph: stderr
2024-04-24T23:04:48.181+0000 7fce0659c700 1 --2- >> [v2:172.21.15.31:3300/0,v1:172.21.15.31:6789/0] conn(0x7fce08071290 0x7fce08107890 unknown :-1 s=HELLO_CONNECTING pgs=0 cs=0 l=0 rev1=1 crypto rx=0 tx=0 comp rx=0 tx=0).handle_hello peer v2:172.21.15.31:3300/0 says I am v2:172.21.15.31:40966/0 (socket says 172.21.15.31:40966)
2024-04-24T23:04:49.008 INFO:teuthology.orchestra.run.smithi031.stdout:/usr/bin/ceph: stderr
2024-04-24T23:04:48.181+0000 7fce0659c700 1 -- 172.21.15.31:0/3902532741 learned_addr learned my addr 172.21.15.31:0/3902532741 (peer_addr_for_me v2:172.21.15.31:0/0)
2024-04-24T23:04:49.008 INFO:teuthology.orchestra.run.smithi031.stdout:/usr/bin/ceph: stderr
2024-04-24T23:04:48.182+0000 7fce0659c700 1 -- 172.21.15.31:0/3902532741 --> [v2:172.21.15.31:3300/0,v1:172.21.15.31:6789/0] -- mon_subscribe({config=0+,monmap=0+}) v3 -- 0x7fce08107dd0 con 0x7fce08071290
2024-04-24T23:04:49.008 INFO:teuthology.orchestra.run.smithi031.stdout:/usr/bin/ceph: stderr
2024-04-24T23:04:48.182+0000 7fce0659c700 1 --2- 172.21.15.31:0/3902532741 >> [v2:172.21.15.31:3300/0,v1:172.21.15.31:6789/0] conn(0x7fce08071290 0x7fce08107890 secure :-1 s=READY pgs=80 cs=0 l=1 rev1=1 crypto rx=0x7fcdf80098e0 tx=0x7fcdf8009250 comp rx=0 tx=0).ready entity=mon.0 client_cookie=4032ad9cfd7e8d2f server_cookie=0 in_seq=0 out_seq=0
2024-04-24T23:04:49.008 INFO:teuthology.orchestra.run.smithi031.stdout:/usr/bin/ceph: stderr
2024-04-24T23:04:48.182+0000 7fce0559a700 1 -- 172.21.15.31:0/3902532741 <== mon.0 v2:172.21.15.31:3300/0 1 ==== mon_map magic: 0 v1 ==== 229+0+0 (secure 0 0 0) 0x7fcdf800b860 con 0x7fce08071290
2024-04-24T23:04:49.008 INFO:teuthology.orchestra.run.smithi031.stdout:/usr/bin/ceph: stderr
2024-04-24T23:04:48.182+0000 7fce0559a700 1 -- 172.21.15.31:0/3902532741 <== mon.0 v2:172.21.15.31:3300/0 2 ==== config(27 keys) v1 ==== 1109+0+0 (secure 0 0 0) 0x7fcdf800be90 con 0x7fce08071290
2024-04-24T23:04:49.008 INFO:teuthology.orchestra.run.smithi031.stdout:/usr/bin/ceph: stderr
2024-04-24T23:04:48.182+0000 7fce0559a700 1 -- 172.21.15.31:0/3902532741 <== mon.0 v2:172.21.15.31:3300/0 3 ==== mon_map magic: 0 v1 ==== 229+0+0 (secure 0 0 0) 0x7fcdf80103c0 con 0x7fce08071290
2024-04-24T23:04:49.008 INFO:teuthology.orchestra.run.smithi031.stdout:/usr/bin/ceph: stderr
2024-04-24T23:04:48.183+0000 7fce0c84c700 1 -- 172.21.15.31:0/3902532741 >> [v2:172.21.15.31:3300/0,v1:172.21.15.31:6789/0] conn(0x7fce08071290 msgr2=0x7fce08107890 secure :-1 s=STATE_CONNECTION_ESTABLISHED l=1).mark_down
2024-04-24T23:04:49.008 INFO:teuthology.orchestra.run.smithi031.stdout:/usr/bin/ceph: stderr
2024-04-24T23:04:48.183+0000 7fce0c84c700 1 --2- 172.21.15.31:0/3902532741 >> [v2:172.21.15.31:3300/0,v1:172.21.15.31:6789/0] conn(0x7fce08071290 0x7fce08107890 secure :-1 s=READY pgs=80 cs=0 l=1 rev1=1 crypto rx=0x7fcdf80098e0 tx=0x7fcdf8009250 comp rx=0 tx=0).stop
2024-04-24T23:04:49.008 INFO:teuthology.orchestra.run.smithi031.stdout:/usr/bin/ceph: stderr
2024-04-24T23:04:48.183+0000 7fce0c84c700 1 -- 172.21.15.31:0/3902532741 shutdown_connections
2024-04-24T23:04:49.009 INFO:teuthology.orchestra.run.smithi031.stdout:/usr/bin/ceph: stderr
2024-04-24T23:04:48.183+0000 7fce0c84c700 1 --2- 172.21.15.31:0/3902532741 >> [v2:172.21.15.31:3300/0,v1:172.21.15.31:6789/0] conn(0x7fce08071290 0x7fce08107890 unknown :-1 s=CLOSED pgs=80 cs=0 l=1 rev1=1 crypto rx=0 tx=0 comp rx=0 tx=0).stop
2024-04-24T23:04:49.009 INFO:teuthology.orchestra.run.smithi031.stdout:/usr/bin/ceph: stderr
2024-04-24T23:04:48.183+0000 7fce0c84c700 1 -- 172.21.15.31:0/3902532741 >> 172.21.15.31:0/3902532741 conn(0x7fce080fcec0 msgr2=0x7fce080ff2d0 unknown :-1 s=STATE_NONE l=0).mark_down
2024-04-24T23:04:49.009 INFO:teuthology.orchestra.run.smithi031.stdout:/usr/bin/ceph: stderr
2024-04-24T23:04:48.183+0000 7fce0c84c700 1 -- 172.21.15.31:0/3902532741 shutdown_connections
2024-04-24T23:04:49.009 INFO:teuthology.orchestra.run.smithi031.stdout:/usr/bin/ceph: stderr
2024-04-24T23:04:48.183+0000 7fce0c84c700 1 -- 172.21.15.31:0/3902532741 wait complete.
2024-04-24T23:04:49.009 INFO:teuthology.orchestra.run.smithi031.stdout:/usr/bin/ceph: stderr
2024-04-24T23:04:48.183+0000 7fce0c84c700 1 Processor -- start
2024-04-24T23:04:49.009 INFO:teuthology.orchestra.run.smithi031.stdout:/usr/bin/ceph: stderr
2024-04-24T23:04:48.183+0000 7fce0c84c700 1 -- start start
2024-04-24T23:04:49.009 INFO:teuthology.orchestra.run.smithi031.stdout:/usr/bin/ceph: stderr
2024-04-24T23:04:48.184+0000 7fce0c84c700 1 --2- >> [v2:172.21.15.31:3300/0,v1:172.21.15.31:6789/0] conn(0x7fce08071290 0x7fce08113800 unknown :-1 s=NONE pgs=0 cs=0 l=1 rev1=0 crypto rx=0 tx=0 comp rx=0 tx=0).connect
2024-04-24T23:04:49.009 INFO:teuthology.orchestra.run.smithi031.stdout:/usr/bin/ceph: stderr
2024-04-24T23:04:48.184+0000 7fce0c84c700 1 -- --> [v2:172.21.15.31:3300/0,v1:172.21.15.31:6789/0] -- mon_getmap magic: 0 v1 -- 0x7fce08113d40 con 0x7fce08071290
2024-04-24T23:04:49.009 INFO:teuthology.orchestra.run.smithi031.stdout:/usr/bin/ceph: stderr
2024-04-24T23:04:48.184+0000 7fce0659c700 1 --2- >> [v2:172.21.15.31:3300/0,v1:172.21.15.31:6789/0] conn(0x7fce08071290 0x7fce08113800 unknown :-1 s=BANNER_CONNECTING pgs=0 cs=0 l=1 rev1=0 crypto rx=0 tx=0 comp rx=0 tx=0)._handle_peer_banner_payload supported=3 required=0
2024-04-24T23:04:49.009 INFO:teuthology.orchestra.run.smithi031.stdout:/usr/bin/ceph: stderr
2024-04-24T23:04:48.184+0000 7fce0659c700 1 --2- >> [v2:172.21.15.31:3300/0,v1:172.21.15.31:6789/0] conn(0x7fce08071290 0x7fce08113800 unknown :-1 s=HELLO_CONNECTING pgs=0 cs=0 l=1 rev1=1 crypto rx=0 tx=0 comp rx=0 tx=0).handle_hello peer v2:172.21.15.31:3300/0 says I am v2:172.21.15.31:40968/0 (socket says 172.21.15.31:40968)
2024-04-24T23:04:49.009 INFO:teuthology.orchestra.run.smithi031.stdout:/usr/bin/ceph: stderr
2024-04-24T23:04:48.184+0000 7fce0659c700 1 -- 172.21.15.31:0/3353288520 learned_addr learned my addr 172.21.15.31:0/3353288520 (peer_addr_for_me v2:172.21.15.31:0/0)
2024-04-24T23:04:49.009 INFO:teuthology.orchestra.run.smithi031.stdout:/usr/bin/ceph: stderr
2024-04-24T23:04:48.184+0000 7fce0659c700 1 -- 172.21.15.31:0/3353288520 --> [v2:172.21.15.31:3300/0,v1:172.21.15.31:6789/0] -- mon_subscribe({config=0+,monmap=0+}) v3 -- 0x7fcdf80094f0 con 0x7fce08071290
2024-04-24T23:04:49.009 INFO:teuthology.orchestra.run.smithi031.stdout:/usr/bin/ceph: stderr
2024-04-24T23:04:48.184+0000 7fce0659c700 1 --2- 172.21.15.31:0/3353288520 >> [v2:172.21.15.31:3300/0,v1:172.21.15.31:6789/0] conn(0x7fce08071290 0x7fce08113800 secure :-1 s=READY pgs=81 cs=0 l=1 rev1=1 crypto rx=0x7fcdf8006d40 tx=0x7fcdf8009250 comp rx=0 tx=0).ready entity=mon.0 client_cookie=0 server_cookie=0 in_seq=0 out_seq=0
2024-04-24T23:04:49.009 INFO:teuthology.orchestra.run.smithi031.stdout:/usr/bin/ceph: stderr
2024-04-24T23:04:48.184+0000 7fcdf6ffd700 1 -- 172.21.15.31:0/3353288520 <== mon.0 v2:172.21.15.31:3300/0 1 ==== mon_map magic: 0 v1 ==== 229+0+0 (secure 0 0 0) 0x7fcdf8010840 con 0x7fce08071290
2024-04-24T23:04:49.009 INFO:teuthology.orchestra.run.smithi031.stdout:/usr/bin/ceph: stderr
2024-04-24T23:04:48.184+0000 7fcdf6ffd700 1 -- 172.21.15.31:0/3353288520 <== mon.0 v2:172.21.15.31:3300/0 2 ==== config(27 keys) v1 ==== 1109+0+0 (secure 0 0 0) 0x7fcdf8010e70 con 0x7fce08071290
2024-04-24T23:04:49.010 INFO:teuthology.orchestra.run.smithi031.stdout:/usr/bin/ceph: stderr
2024-04-24T23:04:48.184+0000 7fce0c84c700 1 -- 172.21.15.31:0/3353288520 --> [v2:172.21.15.31:3300/0,v1:172.21.15.31:6789/0] -- mon_subscribe({mgrmap=0+}) v3 -- 0x7fce08113f40 con 0x7fce08071290
2024-04-24T23:04:49.010 INFO:teuthology.orchestra.run.smithi031.stdout:/usr/bin/ceph: stderr
2024-04-24T23:04:48.184+0000 7fcdf6ffd700 1 -- 172.21.15.31:0/3353288520 <== mon.0 v2:172.21.15.31:3300/0 3 ==== mon_map magic: 0 v1 ==== 229+0+0 (secure 0 0 0) 0x7fcdf8024ea0 con 0x7fce08071290
2024-04-24T23:04:49.010 INFO:teuthology.orchestra.run.smithi031.stdout:/usr/bin/ceph: stderr
2024-04-24T23:04:48.184+0000 7fce0c84c700 1 -- 172.21.15.31:0/3353288520 --> [v2:172.21.15.31:3300/0,v1:172.21.15.31:6789/0] -- mon_subscribe({osdmap=0}) v3 -- 0x7fce08114ab0 con 0x7fce08071290
2024-04-24T23:04:49.010 INFO:teuthology.orchestra.run.smithi031.stdout:/usr/bin/ceph: stderr
2024-04-24T23:04:48.185+0000 7fcdf6ffd700 1 -- 172.21.15.31:0/3353288520 <== mon.0 v2:172.21.15.31:3300/0 4 ==== mgrmap(e 11) v1 ==== 43283+0+0 (secure 0 0 0) 0x7fcdf801a4c0 con 0x7fce08071290
2024-04-24T23:04:49.010 INFO:teuthology.orchestra.run.smithi031.stdout:/usr/bin/ceph: stderr
2024-04-24T23:04:48.185+0000 7fcdf6ffd700 1 --2- 172.21.15.31:0/3353288520 >> [v2:172.21.15.31:6800/1555170645,v1:172.21.15.31:6801/1555170645] conn(0x7fcdf0036770 0x7fcdf0038c20 unknown :-1 s=NONE pgs=0 cs=0 l=1 rev1=0 crypto rx=0 tx=0 comp rx=0 tx=0).connect
2024-04-24T23:04:49.010 INFO:teuthology.orchestra.run.smithi031.stdout:/usr/bin/ceph: stderr
2024-04-24T23:04:48.186+0000 7fcdf6ffd700 1 -- 172.21.15.31:0/3353288520 <== mon.0 v2:172.21.15.31:3300/0 5 ==== osd_map(3..3 src has 1..3) v4 ==== 1151+0+0 (secure 0 0 0) 0x7fcdf804a6e0 con 0x7fce08071290
2024-04-24T23:04:49.010 INFO:teuthology.orchestra.run.smithi031.stdout:/usr/bin/ceph: stderr
2024-04-24T23:04:48.185+0000 7fce0c84c700 1 -- 172.21.15.31:0/3353288520 --> [v2:172.21.15.31:3300/0,v1:172.21.15.31:6789/0] -- mon_command({"prefix": "get_command_descriptions"} v 0) v1 -- 0x7fce0805f5c0 con 0x7fce08071290
2024-04-24T23:04:49.010 INFO:teuthology.orchestra.run.smithi031.stdout:/usr/bin/ceph: stderr
2024-04-24T23:04:48.186+0000 7fce05d9b700 1 --2- 172.21.15.31:0/3353288520 >> [v2:172.21.15.31:6800/1555170645,v1:172.21.15.31:6801/1555170645] conn(0x7fcdf0036770 0x7fcdf0038c20 unknown :-1 s=BANNER_CONNECTING pgs=0 cs=0 l=1 rev1=0 crypto rx=0 tx=0 comp rx=0 tx=0)._handle_peer_banner_payload supported=3 required=0
2024-04-24T23:04:49.010 INFO:teuthology.orchestra.run.smithi031.stdout:/usr/bin/ceph: stderr
2024-04-24T23:04:48.186+0000 7fce05d9b700 1 --2- 172.21.15.31:0/3353288520 >> [v2:172.21.15.31:6800/1555170645,v1:172.21.15.31:6801/1555170645] conn(0x7fcdf0036770 0x7fcdf0038c20 secure :-1 s=READY pgs=7 cs=0 l=1 rev1=1 crypto rx=0x7fcdfc009990 tx=0x7fcdfc006e40 comp rx=0 tx=0).ready entity=mgr.14162 client_cookie=0 server_cookie=0 in_seq=0 out_seq=0
2024-04-24T23:04:49.010 INFO:teuthology.orchestra.run.smithi031.stdout:/usr/bin/ceph: stderr
2024-04-24T23:04:48.191+0000 7fcdf6ffd700 1 -- 172.21.15.31:0/3353288520 <== mon.0 v2:172.21.15.31:3300/0 6 ==== mon_command_ack([{"prefix": "get_command_descriptions"}]=0 v0) v1 ==== 72+0+176702 (secure 0 0 0) 0x7fcdf8018940 con 0x7fce08071290
2024-04-24T23:04:49.010 INFO:teuthology.orchestra.run.smithi031.stdout:/usr/bin/ceph: stderr
2024-04-24T23:04:48.398+0000 7fce0c84c700 1 -- 172.21.15.31:0/3353288520 --> [v2:172.21.15.31:6800/1555170645,v1:172.21.15.31:6801/1555170645] -- mgr_command(tid 0: {"prefix": "dashboard create-self-signed-cert", "target": ["mon-mgr", ""]}) v1 -- 0x7fce080fe120 con 0x7fcdf0036770
2024-04-24T23:04:49.010 INFO:teuthology.orchestra.run.smithi031.stdout:/usr/bin/ceph: stderr
2024-04-24T23:04:48.441+0000 7fcdf6ffd700 1 -- 172.21.15.31:0/3353288520 <== mgr.14162 v2:172.21.15.31:6800/1555170645 1 ==== mgr_command_reply(tid 0: 0 ) v1 ==== 8+0+32 (secure 0 0 0) 0x7fce080fe120 con 0x7fcdf0036770
2024-04-24T23:04:49.010 INFO:teuthology.orchestra.run.smithi031.stdout:/usr/bin/ceph: stderr
2024-04-24T23:04:48.444+0000 7fce0c84c700 1 -- 172.21.15.31:0/3353288520 >> [v2:172.21.15.31:6800/1555170645,v1:172.21.15.31:6801/1555170645] conn(0x7fcdf0036770 msgr2=0x7fcdf0038c20 secure :-1 s=STATE_CONNECTION_ESTABLISHED l=1).mark_down
2024-04-24T23:04:49.011 INFO:teuthology.orchestra.run.smithi031.stdout:/usr/bin/ceph: stderr
2024-04-24T23:04:48.444+0000 7fce0c84c700 1 --2- 172.21.15.31:0/3353288520 >> [v2:172.21.15.31:6800/1555170645,v1:172.21.15.31:6801/1555170645] conn(0x7fcdf0036770 0x7fcdf0038c20 secure :-1 s=READY pgs=7 cs=0 l=1 rev1=1 crypto rx=0x7fcdfc009990 tx=0x7fcdfc006e40 comp rx=0 tx=0).stop
2024-04-24T23:04:49.011 INFO:teuthology.orchestra.run.smithi031.stdout:/usr/bin/ceph: stderr
2024-04-24T23:04:48.444+0000 7fce0c84c700 1 -- 172.21.15.31:0/3353288520 >> [v2:172.21.15.31:3300/0,v1:172.21.15.31:6789/0] conn(0x7fce08071290 msgr2=0x7fce08113800 secure :-1 s=STATE_CONNECTION_ESTABLISHED l=1).mark_down
2024-04-24T23:04:49.011 INFO:teuthology.orchestra.run.smithi031.stdout:/usr/bin/ceph: stderr
2024-04-24T23:04:48.444+0000 7fce0c84c700 1 --2- 172.21.15.31:0/3353288520 >> [v2:172.21.15.31:3300/0,v1:172.21.15.31:6789/0] conn(0x7fce08071290 0x7fce08113800 secure :-1 s=READY pgs=81 cs=0 l=1 rev1=1 crypto rx=0x7fcdf8006d40 tx=0x7fcdf8009250 comp rx=0 tx=0).stop
2024-04-24T23:04:49.011 INFO:teuthology.orchestra.run.smithi031.stdout:/usr/bin/ceph: stderr
2024-04-24T23:04:48.444+0000 7fce0c84c700 1 -- 172.21.15.31:0/3353288520 shutdown_connections
2024-04-24T23:04:49.011 INFO:teuthology.orchestra.run.smithi031.stdout:/usr/bin/ceph: stderr
2024-04-24T23:04:48.444+0000 7fce0c84c700 1 --2- 172.21.15.31:0/3353288520 >> [v2:172.21.15.31:6800/1555170645,v1:172.21.15.31:6801/1555170645] conn(0x7fcdf0036770 0x7fcdf0038c20 unknown :-1 s=CLOSED pgs=7 cs=0 l=1 rev1=1 crypto rx=0 tx=0 comp rx=0 tx=0).stop
2024-04-24T23:04:49.011 INFO:teuthology.orchestra.run.smithi031.stdout:/usr/bin/ceph: stderr
2024-04-24T23:04:48.444+0000 7fce0c84c700 1 --2- 172.21.15.31:0/3353288520 >> [v2:172.21.15.31:3300/0,v1:172.21.15.31:6789/0] conn(0x7fce08071290 0x7fce08113800 unknown :-1 s=CLOSED pgs=81 cs=0 l=1 rev1=1 crypto rx=0 tx=0 comp rx=0 tx=0).stop
2024-04-24T23:04:49.011 INFO:teuthology.orchestra.run.smithi031.stdout:/usr/bin/ceph: stderr
2024-04-24T23:04:48.444+0000 7fce0c84c700 1 -- 172.21.15.31:0/3353288520 >> 172.21.15.31:0/3353288520 conn(0x7fce080fcec0 msgr2=0x7fce080fda10 unknown :-1 s=STATE_NONE l=0).mark_down
2024-04-24T23:04:49.011 INFO:teuthology.orchestra.run.smithi031.stdout:/usr/bin/ceph: stderr
2024-04-24T23:04:48.444+0000 7fce0c84c700 1 -- 172.21.15.31:0/3353288520 shutdown_connections
2024-04-24T23:04:49.011 INFO:teuthology.orchestra.run.smithi031.stdout:/usr/bin/ceph: stderr
2024-04-24T23:04:48.444+0000 7fce0c84c700 1 -- 172.21.15.31:0/3353288520 wait complete.
2024-04-24T23:04:49.011 INFO:teuthology.orchestra.run.smithi031.stdout:Creating initial admin user...
2024-04-24T23:04:49.249 INFO:journalctl@ceph.mon.smithi031.smithi031.stdout:Apr 24 23:04:49 smithi031 ceph-mon[26411]: from='mgr.14162 172.21.15.31:0/3793171661' entity='mgr.smithi031.rrnmwr'
2024-04-24T23:04:49.249 INFO:journalctl@ceph.mon.smithi031.smithi031.stdout:Apr 24 23:04:49 smithi031 ceph-mon[26411]: from='mgr.14162 172.21.15.31:0/3793171661' entity='mgr.smithi031.rrnmwr'
2024-04-24T23:04:49.249 INFO:journalctl@ceph.mon.smithi031.smithi031.stdout:Apr 24 23:04:49 smithi031 ceph-mon[26411]: from='mgr.14162 172.21.15.31:0/3793171661' entity='mgr.smithi031.rrnmwr'
2024-04-24T23:04:50.249 INFO:journalctl@ceph.mon.smithi031.smithi031.stdout:Apr 24 23:04:50 smithi031 ceph-mon[26411]: from='client.14174 -' entity='client.admin' cmd=[{"prefix": "dashboard create-self-signed-cert", "target": ["mon-mgr", ""]}]: dispatch
2024-04-24T23:04:50.249 INFO:journalctl@ceph.mon.smithi031.smithi031.stdout:Apr 24 23:04:50 smithi031 ceph-mon[26411]: mgrmap e12: smithi031.rrnmwr(active, since 2s)
2024-04-24T23:04:50.249 INFO:journalctl@ceph.mon.smithi031.smithi031.stdout:Apr 24 23:04:50 smithi031 ceph-mon[26411]: from='mgr.14162 172.21.15.31:0/3793171661' entity='mgr.smithi031.rrnmwr'
2024-04-24T23:04:50.249 INFO:journalctl@ceph.mon.smithi031.smithi031.stdout:Apr 24 23:04:50 smithi031 ceph-mon[26411]: from='mgr.14162 172.21.15.31:0/3793171661' entity='mgr.smithi031.rrnmwr'
2024-04-24T23:04:50.644 INFO:teuthology.orchestra.run.smithi031.stdout:/usr/bin/ceph: stdout {"username": "admin", "password": "$2b$12$1xlpkVXVwR.NG/C8VV9HXuXV4BclGgi0L0eM9lp4a/Rqx0lVPLso2", "roles": ["administrator"], "name": null, "email": null, "lastUpdate": 1713999889, "enabled": true, "pwdExpirationDate": null, "pwdUpdateRequired": true}
2024-04-24T23:04:50.645 INFO:teuthology.orchestra.run.smithi031.stdout:/usr/bin/ceph: stderr
2024-04-24T23:04:49.472+0000 7f49ae8d4700 1 Processor -- start
2024-04-24T23:04:50.645 INFO:teuthology.orchestra.run.smithi031.stdout:/usr/bin/ceph: stderr
2024-04-24T23:04:49.472+0000 7f49ae8d4700 1 -- start start
2024-04-24T23:04:50.645 INFO:teuthology.orchestra.run.smithi031.stdout:/usr/bin/ceph: stderr
2024-04-24T23:04:49.472+0000 7f49ae8d4700 1 --2- >> [v2:172.21.15.31:3300/0,v1:172.21.15.31:6789/0] conn(0x7f49a8101730 0x7f49a8101b40 unknown :-1 s=NONE pgs=0 cs=0 l=0 rev1=0 crypto rx=0 tx=0 comp rx=0 tx=0).connect
2024-04-24T23:04:50.645 INFO:teuthology.orchestra.run.smithi031.stdout:/usr/bin/ceph: stderr
2024-04-24T23:04:49.472+0000 7f49ae8d4700 1 -- --> [v2:172.21.15.31:3300/0,v1:172.21.15.31:6789/0] -- mon_getmap magic: 0 v1 -- 0x7f49a8102080 con 0x7f49a8101730
2024-04-24T23:04:50.645 INFO:teuthology.orchestra.run.smithi031.stdout:/usr/bin/ceph: stderr
2024-04-24T23:04:49.472+0000 7f49a7fff700 1 --2- >> [v2:172.21.15.31:3300/0,v1:172.21.15.31:6789/0] conn(0x7f49a8101730 0x7f49a8101b40 unknown :-1 s=BANNER_CONNECTING pgs=0 cs=0 l=0 rev1=0 crypto rx=0 tx=0 comp rx=0 tx=0)._handle_peer_banner_payload supported=3 required=0
2024-04-24T23:04:50.645 INFO:teuthology.orchestra.run.smithi031.stdout:/usr/bin/ceph: stderr
2024-04-24T23:04:49.472+0000 7f49a7fff700 1 --2- >> [v2:172.21.15.31:3300/0,v1:172.21.15.31:6789/0] conn(0x7f49a8101730 0x7f49a8101b40 unknown :-1 s=HELLO_CONNECTING pgs=0 cs=0 l=0 rev1=1 crypto rx=0 tx=0 comp rx=0 tx=0).handle_hello peer v2:172.21.15.31:3300/0 says I am v2:172.21.15.31:47652/0 (socket says 172.21.15.31:47652)
2024-04-24T23:04:50.645 INFO:teuthology.orchestra.run.smithi031.stdout:/usr/bin/ceph: stderr
2024-04-24T23:04:49.472+0000 7f49a7fff700 1 -- 172.21.15.31:0/1031870639 learned_addr learned my addr 172.21.15.31:0/1031870639 (peer_addr_for_me v2:172.21.15.31:0/0)
2024-04-24T23:04:50.645 INFO:teuthology.orchestra.run.smithi031.stdout:/usr/bin/ceph: stderr
2024-04-24T23:04:49.473+0000 7f49a7fff700 1 -- 172.21.15.31:0/1031870639 --> [v2:172.21.15.31:3300/0,v1:172.21.15.31:6789/0] -- mon_subscribe({config=0+,monmap=0+}) v3 -- 0x7f49a81021c0 con 0x7f49a8101730
2024-04-24T23:04:50.645 INFO:teuthology.orchestra.run.smithi031.stdout:/usr/bin/ceph: stderr
2024-04-24T23:04:49.473+0000 7f49a7fff700 1 --2- 172.21.15.31:0/1031870639 >> [v2:172.21.15.31:3300/0,v1:172.21.15.31:6789/0] conn(0x7f49a8101730 0x7f49a8101b40 secure :-1 s=READY pgs=82 cs=0 l=1 rev1=1 crypto rx=0x7f49980098e0 tx=0x7f4998009250 comp rx=0 tx=0).ready entity=mon.0 client_cookie=d84461da01da4557 server_cookie=0 in_seq=0 out_seq=0
2024-04-24T23:04:50.645 INFO:teuthology.orchestra.run.smithi031.stdout:/usr/bin/ceph: stderr
2024-04-24T23:04:49.473+0000 7f49a6ffd700 1 -- 172.21.15.31:0/1031870639 <== mon.0 v2:172.21.15.31:3300/0 1 ==== mon_map magic: 0 v1 ==== 229+0+0 (secure 0 0 0) 0x7f499800b860 con 0x7f49a8101730
2024-04-24T23:04:50.645 INFO:teuthology.orchestra.run.smithi031.stdout:/usr/bin/ceph: stderr
2024-04-24T23:04:49.473+0000 7f49a6ffd700 1 -- 172.21.15.31:0/1031870639 <== mon.0 v2:172.21.15.31:3300/0 2 ==== config(27 keys) v1 ==== 1109+0+0 (secure 0 0 0) 0x7f499800be90 con 0x7f49a8101730
2024-04-24T23:04:50.645 INFO:teuthology.orchestra.run.smithi031.stdout:/usr/bin/ceph: stderr
2024-04-24T23:04:49.473+0000 7f49a6ffd700 1 -- 172.21.15.31:0/1031870639 <== mon.0 v2:172.21.15.31:3300/0 3 ==== mon_map magic: 0 v1 ==== 229+0+0 (secure 0 0 0) 0x7f49980103c0 con 0x7f49a8101730
2024-04-24T23:04:50.645 INFO:teuthology.orchestra.run.smithi031.stdout:/usr/bin/ceph: stderr
2024-04-24T23:04:49.473+0000 7f49ae8d4700 1 -- 172.21.15.31:0/1031870639 >> [v2:172.21.15.31:3300/0,v1:172.21.15.31:6789/0] conn(0x7f49a8101730 msgr2=0x7f49a8101b40 secure :-1 s=STATE_CONNECTION_ESTABLISHED l=1).mark_down
2024-04-24T23:04:50.645 INFO:teuthology.orchestra.run.smithi031.stdout:/usr/bin/ceph: stderr
2024-04-24T23:04:49.473+0000 7f49ae8d4700 1 --2- 172.21.15.31:0/1031870639 >> [v2:172.21.15.31:3300/0,v1:172.21.15.31:6789/0] conn(0x7f49a8101730 0x7f49a8101b40 secure :-1 s=READY pgs=82 cs=0 l=1 rev1=1 crypto rx=0x7f49980098e0 tx=0x7f4998009250 comp rx=0 tx=0).stop
2024-04-24T23:04:50.646 INFO:teuthology.orchestra.run.smithi031.stdout:/usr/bin/ceph: stderr
2024-04-24T23:04:49.473+0000 7f49ae8d4700 1 -- 172.21.15.31:0/1031870639 shutdown_connections
2024-04-24T23:04:50.646 INFO:teuthology.orchestra.run.smithi031.stdout:/usr/bin/ceph: stderr
2024-04-24T23:04:49.473+0000 7f49ae8d4700 1 --2- 172.21.15.31:0/1031870639 >> [v2:172.21.15.31:3300/0,v1:172.21.15.31:6789/0] conn(0x7f49a8101730 0x7f49a8101b40 unknown :-1 s=CLOSED pgs=82 cs=0 l=1 rev1=1 crypto rx=0 tx=0 comp rx=0 tx=0).stop
2024-04-24T23:04:50.646 INFO:teuthology.orchestra.run.smithi031.stdout:/usr/bin/ceph: stderr
2024-04-24T23:04:49.474+0000 7f49ae8d4700 1 -- 172.21.15.31:0/1031870639 >> 172.21.15.31:0/1031870639 conn(0x7f49a80fcef0 msgr2=0x7f49a80ff300 unknown :-1 s=STATE_NONE l=0).mark_down
2024-04-24T23:04:50.646 INFO:teuthology.orchestra.run.smithi031.stdout:/usr/bin/ceph: stderr
2024-04-24T23:04:49.474+0000 7f49ae8d4700 1 -- 172.21.15.31:0/1031870639 shutdown_connections
2024-04-24T23:04:50.646 INFO:teuthology.orchestra.run.smithi031.stdout:/usr/bin/ceph: stderr
2024-04-24T23:04:49.474+0000 7f49ae8d4700 1 -- 172.21.15.31:0/1031870639 wait complete.
2024-04-24T23:04:50.646 INFO:teuthology.orchestra.run.smithi031.stdout:/usr/bin/ceph: stderr
2024-04-24T23:04:49.474+0000 7f49ae8d4700 1 Processor -- start
2024-04-24T23:04:50.646 INFO:teuthology.orchestra.run.smithi031.stdout:/usr/bin/ceph: stderr
2024-04-24T23:04:49.474+0000 7f49ae8d4700 1 -- start start
2024-04-24T23:04:50.646 INFO:teuthology.orchestra.run.smithi031.stdout:/usr/bin/ceph: stderr
2024-04-24T23:04:49.475+0000 7f49ae8d4700 1 --2- >> [v2:172.21.15.31:3300/0,v1:172.21.15.31:6789/0] conn(0x7f49a8101730 0x7f49a8076b60 unknown :-1 s=NONE pgs=0 cs=0 l=1 rev1=0 crypto rx=0 tx=0 comp rx=0 tx=0).connect
2024-04-24T23:04:50.646 INFO:teuthology.orchestra.run.smithi031.stdout:/usr/bin/ceph: stderr
2024-04-24T23:04:49.475+0000 7f49ae8d4700 1 -- --> [v2:172.21.15.31:3300/0,v1:172.21.15.31:6789/0] -- mon_getmap magic: 0 v1 -- 0x7f49a81142b0 con 0x7f49a8101730
2024-04-24T23:04:50.646 INFO:teuthology.orchestra.run.smithi031.stdout:/usr/bin/ceph: stderr
2024-04-24T23:04:49.475+0000 7f49a7fff700 1 --2- >> [v2:172.21.15.31:3300/0,v1:172.21.15.31:6789/0] conn(0x7f49a8101730 0x7f49a8076b60 unknown :-1 s=BANNER_CONNECTING pgs=0 cs=0 l=1 rev1=0 crypto rx=0 tx=0 comp rx=0 tx=0)._handle_peer_banner_payload supported=3 required=0
2024-04-24T23:04:50.646 INFO:teuthology.orchestra.run.smithi031.stdout:/usr/bin/ceph: stderr
2024-04-24T23:04:49.475+0000 7f49a7fff700 1 --2- >> [v2:172.21.15.31:3300/0,v1:172.21.15.31:6789/0] conn(0x7f49a8101730 0x7f49a8076b60 unknown :-1 s=HELLO_CONNECTING pgs=0 cs=0 l=1 rev1=1 crypto rx=0 tx=0 comp rx=0 tx=0).handle_hello peer v2:172.21.15.31:3300/0 says I am v2:172.21.15.31:47658/0 (socket says 172.21.15.31:47658)
2024-04-24T23:04:50.646 INFO:teuthology.orchestra.run.smithi031.stdout:/usr/bin/ceph: stderr
2024-04-24T23:04:49.475+0000 7f49a7fff700 1 -- 172.21.15.31:0/814083968 learned_addr learned my addr 172.21.15.31:0/814083968 (peer_addr_for_me v2:172.21.15.31:0/0)
2024-04-24T23:04:50.646 INFO:teuthology.orchestra.run.smithi031.stdout:/usr/bin/ceph: stderr
2024-04-24T23:04:49.475+0000 7f49a7fff700 1 -- 172.21.15.31:0/814083968 --> [v2:172.21.15.31:3300/0,v1:172.21.15.31:6789/0] -- mon_subscribe({config=0+,monmap=0+}) v3 -- 0x7f49980094f0 con 0x7f49a8101730
