2024-04-24T23:04:28.344 INFO:journalctl@ceph.mon.smithi031.smithi031.stdout:Apr 24 23:04:28 smithi031 ceph-mon[26411]: Saving service mgr spec with placement count:2
2024-04-24T23:04:28.344 INFO:journalctl@ceph.mon.smithi031.smithi031.stdout:Apr 24 23:04:28 smithi031 ceph-mon[26411]: from='mgr.14120 172.21.15.31:0/1771444548' entity='mgr.smithi031.rrnmwr'
2024-04-24T23:04:29.217 INFO:teuthology.orchestra.run.smithi031.stdout:/usr/bin/ceph: stdout Scheduled crash update...
2024-04-24T23:04:29.217 INFO:teuthology.orchestra.run.smithi031.stdout:/usr/bin/ceph: stderr
2024-04-24T23:04:28.123+0000 7fbc062a1700 1 Processor -- start
2024-04-24T23:04:29.217 INFO:teuthology.orchestra.run.smithi031.stdout:/usr/bin/ceph: stderr
2024-04-24T23:04:28.123+0000 7fbc062a1700 1 -- start start
2024-04-24T23:04:29.217 INFO:teuthology.orchestra.run.smithi031.stdout:/usr/bin/ceph: stderr
2024-04-24T23:04:28.124+0000 7fbc062a1700 1 --2- >> [v2:172.21.15.31:3300/0,v1:172.21.15.31:6789/0] conn(0x7fbc001028b0 0x7fbc00102cc0 unknown :-1 s=NONE pgs=0 cs=0 l=0 rev1=0 crypto rx=0 tx=0 comp rx=0 tx=0).connect
2024-04-24T23:04:29.217 INFO:teuthology.orchestra.run.smithi031.stdout:/usr/bin/ceph: stderr
2024-04-24T23:04:28.124+0000 7fbc062a1700 1 -- --> [v2:172.21.15.31:3300/0,v1:172.21.15.31:6789/0] -- mon_getmap magic: 0 v1 -- 0x7fbc00103200 con 0x7fbc001028b0
2024-04-24T23:04:29.217 INFO:teuthology.orchestra.run.smithi031.stdout:/usr/bin/ceph: stderr
2024-04-24T23:04:28.124+0000 7fbbfffff700 1 --2- >> [v2:172.21.15.31:3300/0,v1:172.21.15.31:6789/0] conn(0x7fbc001028b0 0x7fbc00102cc0 unknown :-1 s=BANNER_CONNECTING pgs=0 cs=0 l=0 rev1=0 crypto rx=0 tx=0 comp rx=0 tx=0)._handle_peer_banner_payload supported=3 required=0
2024-04-24T23:04:29.217 INFO:teuthology.orchestra.run.smithi031.stdout:/usr/bin/ceph: stderr
2024-04-24T23:04:28.124+0000 7fbbfffff700 1 --2- >> [v2:172.21.15.31:3300/0,v1:172.21.15.31:6789/0] conn(0x7fbc001028b0 0x7fbc00102cc0 unknown :-1 s=HELLO_CONNECTING pgs=0 cs=0 l=0 rev1=1 crypto rx=0 tx=0 comp rx=0 tx=0).handle_hello peer v2:172.21.15.31:3300/0 says I am v2:172.21.15.31:41450/0 (socket says 172.21.15.31:41450)
2024-04-24T23:04:29.217 INFO:teuthology.orchestra.run.smithi031.stdout:/usr/bin/ceph: stderr
2024-04-24T23:04:28.124+0000 7fbbfffff700 1 -- 172.21.15.31:0/244812032 learned_addr learned my addr 172.21.15.31:0/244812032 (peer_addr_for_me v2:172.21.15.31:0/0)
2024-04-24T23:04:29.217 INFO:teuthology.orchestra.run.smithi031.stdout:/usr/bin/ceph: stderr
2024-04-24T23:04:28.124+0000 7fbbfffff700 1 -- 172.21.15.31:0/244812032 --> [v2:172.21.15.31:3300/0,v1:172.21.15.31:6789/0] -- mon_subscribe({config=0+,monmap=0+}) v3 -- 0x7fbc00103340 con 0x7fbc001028b0
2024-04-24T23:04:29.218 INFO:teuthology.orchestra.run.smithi031.stdout:/usr/bin/ceph: stderr
2024-04-24T23:04:28.124+0000 7fbbfffff700 1 --2- 172.21.15.31:0/244812032 >> [v2:172.21.15.31:3300/0,v1:172.21.15.31:6789/0] conn(0x7fbc001028b0 0x7fbc00102cc0 secure :-1 s=READY pgs=51 cs=0 l=1 rev1=1 crypto rx=0x7fbbf00098e0 tx=0x7fbbf0009250 comp rx=0 tx=0).ready entity=mon.0 client_cookie=f582926948ae1cf7 server_cookie=0 in_seq=0 out_seq=0
2024-04-24T23:04:29.218 INFO:teuthology.orchestra.run.smithi031.stdout:/usr/bin/ceph: stderr
2024-04-24T23:04:28.124+0000 7fbbfeffd700 1 -- 172.21.15.31:0/244812032 <== mon.0 v2:172.21.15.31:3300/0 1 ==== mon_map magic: 0 v1 ==== 229+0+0 (secure 0 0 0) 0x7fbbf000b860 con 0x7fbc001028b0
2024-04-24T23:04:29.218 INFO:teuthology.orchestra.run.smithi031.stdout:/usr/bin/ceph: stderr
2024-04-24T23:04:28.124+0000 7fbbfeffd700 1 -- 172.21.15.31:0/244812032 <== mon.0 v2:172.21.15.31:3300/0 2 ==== config(27 keys) v1 ==== 1044+0+0 (secure 0 0 0) 0x7fbbf000be50 con 0x7fbc001028b0
2024-04-24T23:04:29.218 INFO:teuthology.orchestra.run.smithi031.stdout:/usr/bin/ceph: stderr
2024-04-24T23:04:28.125+0000 7fbbfeffd700 1 -- 172.21.15.31:0/244812032 <== mon.0 v2:172.21.15.31:3300/0 3 ==== mon_map magic: 0 v1 ==== 229+0+0 (secure 0 0 0) 0x7fbbf0010380 con 0x7fbc001028b0
2024-04-24T23:04:29.218 INFO:teuthology.orchestra.run.smithi031.stdout:/usr/bin/ceph: stderr
2024-04-24T23:04:28.125+0000 7fbc062a1700 1 -- 172.21.15.31:0/244812032 >> [v2:172.21.15.31:3300/0,v1:172.21.15.31:6789/0] conn(0x7fbc001028b0 msgr2=0x7fbc00102cc0 secure :-1 s=STATE_CONNECTION_ESTABLISHED l=1).mark_down
2024-04-24T23:04:29.218 INFO:teuthology.orchestra.run.smithi031.stdout:/usr/bin/ceph: stderr
2024-04-24T23:04:28.125+0000 7fbc062a1700 1 --2- 172.21.15.31:0/244812032 >> [v2:172.21.15.31:3300/0,v1:172.21.15.31:6789/0] conn(0x7fbc001028b0 0x7fbc00102cc0 secure :-1 s=READY pgs=51 cs=0 l=1 rev1=1 crypto rx=0x7fbbf00098e0 tx=0x7fbbf0009250 comp rx=0 tx=0).stop
2024-04-24T23:04:29.218 INFO:teuthology.orchestra.run.smithi031.stdout:/usr/bin/ceph: stderr
2024-04-24T23:04:28.125+0000 7fbc062a1700 1 -- 172.21.15.31:0/244812032 shutdown_connections
2024-04-24T23:04:29.218 INFO:teuthology.orchestra.run.smithi031.stdout:/usr/bin/ceph: stderr
2024-04-24T23:04:28.125+0000 7fbc062a1700 1 --2- 172.21.15.31:0/244812032 >> [v2:172.21.15.31:3300/0,v1:172.21.15.31:6789/0] conn(0x7fbc001028b0 0x7fbc00102cc0 unknown :-1 s=CLOSED pgs=51 cs=0 l=1 rev1=1 crypto rx=0 tx=0 comp rx=0 tx=0).stop
2024-04-24T23:04:29.218 INFO:teuthology.orchestra.run.smithi031.stdout:/usr/bin/ceph: stderr
2024-04-24T23:04:28.125+0000 7fbc062a1700 1 -- 172.21.15.31:0/244812032 >> 172.21.15.31:0/244812032 conn(0x7fbc000fdff0 msgr2=0x7fbc00100440 unknown :-1 s=STATE_NONE l=0).mark_down
2024-04-24T23:04:29.218 INFO:teuthology.orchestra.run.smithi031.stdout:/usr/bin/ceph: stderr
2024-04-24T23:04:28.125+0000 7fbc062a1700 1 -- 172.21.15.31:0/244812032 shutdown_connections
2024-04-24T23:04:29.218 INFO:teuthology.orchestra.run.smithi031.stdout:/usr/bin/ceph: stderr
2024-04-24T23:04:28.125+0000 7fbc062a1700 1 -- 172.21.15.31:0/244812032 wait complete.
2024-04-24T23:04:29.218 INFO:teuthology.orchestra.run.smithi031.stdout:/usr/bin/ceph: stderr
2024-04-24T23:04:28.126+0000 7fbc062a1700 1 Processor -- start
2024-04-24T23:04:29.218 INFO:teuthology.orchestra.run.smithi031.stdout:/usr/bin/ceph: stderr
2024-04-24T23:04:28.126+0000 7fbc062a1700 1 -- start start
2024-04-24T23:04:29.219 INFO:teuthology.orchestra.run.smithi031.stdout:/usr/bin/ceph: stderr
2024-04-24T23:04:28.126+0000 7fbc062a1700 1 --2- >> [v2:172.21.15.31:3300/0,v1:172.21.15.31:6789/0] conn(0x7fbc001028b0 0x7fbc001115e0 unknown :-1 s=NONE pgs=0 cs=0 l=1 rev1=0 crypto rx=0 tx=0 comp rx=0 tx=0).connect
2024-04-24T23:04:29.219 INFO:teuthology.orchestra.run.smithi031.stdout:/usr/bin/ceph: stderr
2024-04-24T23:04:28.126+0000 7fbc062a1700 1 -- --> [v2:172.21.15.31:3300/0,v1:172.21.15.31:6789/0] -- mon_getmap magic: 0 v1 -- 0x7fbc00111b20 con 0x7fbc001028b0
2024-04-24T23:04:29.219 INFO:teuthology.orchestra.run.smithi031.stdout:/usr/bin/ceph: stderr
2024-04-24T23:04:28.126+0000 7fbbfffff700 1 --2- >> [v2:172.21.15.31:3300/0,v1:172.21.15.31:6789/0] conn(0x7fbc001028b0 0x7fbc001115e0 unknown :-1 s=BANNER_CONNECTING pgs=0 cs=0 l=1 rev1=0 crypto rx=0 tx=0 comp rx=0 tx=0)._handle_peer_banner_payload supported=3 required=0
2024-04-24T23:04:29.219 INFO:teuthology.orchestra.run.smithi031.stdout:/usr/bin/ceph: stderr
2024-04-24T23:04:28.126+0000 7fbbfffff700 1 --2- >> [v2:172.21.15.31:3300/0,v1:172.21.15.31:6789/0] conn(0x7fbc001028b0 0x7fbc001115e0 unknown :-1 s=HELLO_CONNECTING pgs=0 cs=0 l=1 rev1=1 crypto rx=0 tx=0 comp rx=0 tx=0).handle_hello peer v2:172.21.15.31:3300/0 says I am v2:172.21.15.31:41452/0 (socket says 172.21.15.31:41452)
2024-04-24T23:04:29.219 INFO:teuthology.orchestra.run.smithi031.stdout:/usr/bin/ceph: stderr
2024-04-24T23:04:28.126+0000 7fbbfffff700 1 -- 172.21.15.31:0/3780704163 learned_addr learned my addr 172.21.15.31:0/3780704163 (peer_addr_for_me v2:172.21.15.31:0/0)
2024-04-24T23:04:29.219 INFO:teuthology.orchestra.run.smithi031.stdout:/usr/bin/ceph: stderr
2024-04-24T23:04:28.126+0000 7fbbfffff700 1 -- 172.21.15.31:0/3780704163 --> [v2:172.21.15.31:3300/0,v1:172.21.15.31:6789/0] -- mon_subscribe({config=0+,monmap=0+}) v3 -- 0x7fbbf00094f0 con 0x7fbc001028b0
2024-04-24T23:04:29.219 INFO:teuthology.orchestra.run.smithi031.stdout:/usr/bin/ceph: stderr
2024-04-24T23:04:28.127+0000 7fbbfffff700 1 --2- 172.21.15.31:0/3780704163 >> [v2:172.21.15.31:3300/0,v1:172.21.15.31:6789/0] conn(0x7fbc001028b0 0x7fbc001115e0 secure :-1 s=READY pgs=52 cs=0 l=1 rev1=1 crypto rx=0x7fbbf0000c00 tx=0x7fbbf0009250 comp rx=0 tx=0).ready entity=mon.0 client_cookie=0 server_cookie=0 in_seq=0 out_seq=0
2024-04-24T23:04:29.219 INFO:teuthology.orchestra.run.smithi031.stdout:/usr/bin/ceph: stderr
2024-04-24T23:04:28.127+0000 7fbbfcff9700 1 -- 172.21.15.31:0/3780704163 <== mon.0 v2:172.21.15.31:3300/0 1 ==== mon_map magic: 0 v1 ==== 229+0+0 (secure 0 0 0) 0x7fbbf00107c0 con 0x7fbc001028b0
2024-04-24T23:04:29.219 INFO:teuthology.orchestra.run.smithi031.stdout:/usr/bin/ceph: stderr
2024-04-24T23:04:28.127+0000 7fbc062a1700 1 -- 172.21.15.31:0/3780704163 --> [v2:172.21.15.31:3300/0,v1:172.21.15.31:6789/0] -- mon_subscribe({mgrmap=0+}) v3 -- 0x7fbc00111d20 con 0x7fbc001028b0
2024-04-24T23:04:29.219 INFO:teuthology.orchestra.run.smithi031.stdout:/usr/bin/ceph: stderr
2024-04-24T23:04:28.127+0000 7fbbfcff9700 1 -- 172.21.15.31:0/3780704163 <== mon.0 v2:172.21.15.31:3300/0 2 ==== config(27 keys) v1 ==== 1044+0+0 (secure 0 0 0) 0x7fbbf0010db0 con 0x7fbc001028b0
2024-04-24T23:04:29.219 INFO:teuthology.orchestra.run.smithi031.stdout:/usr/bin/ceph: stderr
2024-04-24T23:04:28.127+0000 7fbbfcff9700 1 -- 172.21.15.31:0/3780704163 <== mon.0 v2:172.21.15.31:3300/0 3 ==== mon_map magic: 0 v1 ==== 229+0+0 (secure 0 0 0) 0x7fbbf001ad00 con 0x7fbc001028b0
2024-04-24T23:04:29.219 INFO:teuthology.orchestra.run.smithi031.stdout:/usr/bin/ceph: stderr
2024-04-24T23:04:28.127+0000 7fbc062a1700 1 -- 172.21.15.31:0/3780704163 --> [v2:172.21.15.31:3300/0,v1:172.21.15.31:6789/0] -- mon_subscribe({osdmap=0}) v3 -- 0x7fbc00112890 con 0x7fbc001028b0
2024-04-24T23:04:29.219 INFO:teuthology.orchestra.run.smithi031.stdout:/usr/bin/ceph: stderr
2024-04-24T23:04:28.128+0000 7fbbfcff9700 1 -- 172.21.15.31:0/3780704163 <== mon.0 v2:172.21.15.31:3300/0 4 ==== mgrmap(e 8) v1 ==== 43376+0+0 (secure 0 0 0) 0x7fbbf00193c0 con 0x7fbc001028b0
2024-04-24T23:04:29.219 INFO:teuthology.orchestra.run.smithi031.stdout:/usr/bin/ceph: stderr
2024-04-24T23:04:28.128+0000 7fbbfcff9700 1 --2- 172.21.15.31:0/3780704163 >> [v2:172.21.15.31:6800/2092175909,v1:172.21.15.31:6801/2092175909] conn(0x7fbbe8036850 0x7fbbe8038d00 unknown :-1 s=NONE pgs=0 cs=0 l=1 rev1=0 crypto rx=0 tx=0 comp rx=0 tx=0).connect
2024-04-24T23:04:29.220 INFO:teuthology.orchestra.run.smithi031.stdout:/usr/bin/ceph: stderr
2024-04-24T23:04:28.128+0000 7fbc062a1700 1 -- 172.21.15.31:0/3780704163 --> [v2:172.21.15.31:3300/0,v1:172.21.15.31:6789/0] -- mon_command({"prefix": "get_command_descriptions"} v 0) v1 -- 0x7fbc001121b0 con 0x7fbc001028b0
2024-04-24T23:04:29.220 INFO:teuthology.orchestra.run.smithi031.stdout:/usr/bin/ceph: stderr
2024-04-24T23:04:28.128+0000 7fbbfcff9700 1 -- 172.21.15.31:0/3780704163 <== mon.0 v2:172.21.15.31:3300/0 5 ==== osd_map(2..2 src has 1..2) v4 ==== 936+0+0 (secure 0 0 0) 0x7fbbf004a820 con 0x7fbc001028b0
2024-04-24T23:04:29.220 INFO:teuthology.orchestra.run.smithi031.stdout:/usr/bin/ceph: stderr
2024-04-24T23:04:28.128+0000 7fbbff7fe700 1 --2- 172.21.15.31:0/3780704163 >> [v2:172.21.15.31:6800/2092175909,v1:172.21.15.31:6801/2092175909] conn(0x7fbbe8036850 0x7fbbe8038d00 unknown :-1 s=BANNER_CONNECTING pgs=0 cs=0 l=1 rev1=0 crypto rx=0 tx=0 comp rx=0 tx=0)._handle_peer_banner_payload supported=3 required=0
2024-04-24T23:04:29.220 INFO:teuthology.orchestra.run.smithi031.stdout:/usr/bin/ceph: stderr
2024-04-24T23:04:28.129+0000 7fbbff7fe700 1 --2- 172.21.15.31:0/3780704163 >> [v2:172.21.15.31:6800/2092175909,v1:172.21.15.31:6801/2092175909] conn(0x7fbbe8036850 0x7fbbe8038d00 secure :-1 s=READY pgs=14 cs=0 l=1 rev1=1 crypto rx=0x7fbbf4009990 tx=0x7fbbf4006e40 comp rx=0 tx=0).ready entity=mgr.14120 client_cookie=0 server_cookie=0 in_seq=0 out_seq=0
2024-04-24T23:04:29.220 INFO:teuthology.orchestra.run.smithi031.stdout:/usr/bin/ceph: stderr
2024-04-24T23:04:28.133+0000 7fbbfcff9700 1 -- 172.21.15.31:0/3780704163 <== mon.0 v2:172.21.15.31:3300/0 6 ==== mon_command_ack([{"prefix": "get_command_descriptions"}]=0 v0) v1 ==== 72+0+176702 (secure 0 0 0) 0x7fbbf0022930 con 0x7fbc001028b0
2024-04-24T23:04:29.220 INFO:teuthology.orchestra.run.smithi031.stdout:/usr/bin/ceph: stderr
2024-04-24T23:04:28.342+0000 7fbc062a1700 1 -- 172.21.15.31:0/3780704163 --> [v2:172.21.15.31:6800/2092175909,v1:172.21.15.31:6801/2092175909] -- mgr_command(tid 0: {"prefix": "orch apply", "service_type": "crash", "target": ["mon-mgr", ""]}) v1 -- 0x7fbc000ff200 con 0x7fbbe8036850
2024-04-24T23:04:29.220 INFO:teuthology.orchestra.run.smithi031.stdout:/usr/bin/ceph: stderr
2024-04-24T23:04:28.346+0000 7fbbfcff9700 1 -- 172.21.15.31:0/3780704163 <== mgr.14120 v2:172.21.15.31:6800/2092175909 1 ==== mgr_command_reply(tid 0: 0 ) v1 ==== 8+0+26 (secure 0 0 0) 0x7fbc000ff200 con 0x7fbbe8036850
2024-04-24T23:04:29.220 INFO:teuthology.orchestra.run.smithi031.stdout:/usr/bin/ceph: stderr
2024-04-24T23:04:28.348+0000 7fbc062a1700 1 -- 172.21.15.31:0/3780704163 >> [v2:172.21.15.31:6800/2092175909,v1:172.21.15.31:6801/2092175909] conn(0x7fbbe8036850 msgr2=0x7fbbe8038d00 secure :-1 s=STATE_CONNECTION_ESTABLISHED l=1).mark_down
2024-04-24T23:04:29.220 INFO:teuthology.orchestra.run.smithi031.stdout:/usr/bin/ceph: stderr
2024-04-24T23:04:28.348+0000 7fbc062a1700 1 --2- 172.21.15.31:0/3780704163 >> [v2:172.21.15.31:6800/2092175909,v1:172.21.15.31:6801/2092175909] conn(0x7fbbe8036850 0x7fbbe8038d00 secure :-1 s=READY pgs=14 cs=0 l=1 rev1=1 crypto rx=0x7fbbf4009990 tx=0x7fbbf4006e40 comp rx=0 tx=0).stop
2024-04-24T23:04:29.220 INFO:teuthology.orchestra.run.smithi031.stdout:/usr/bin/ceph: stderr
2024-04-24T23:04:28.348+0000 7fbc062a1700 1 -- 172.21.15.31:0/3780704163 >> [v2:172.21.15.31:3300/0,v1:172.21.15.31:6789/0] conn(0x7fbc001028b0 msgr2=0x7fbc001115e0 secure :-1 s=STATE_CONNECTION_ESTABLISHED l=1).mark_down
2024-04-24T23:04:29.220 INFO:teuthology.orchestra.run.smithi031.stdout:/usr/bin/ceph: stderr
2024-04-24T23:04:28.348+0000 7fbc062a1700 1 --2- 172.21.15.31:0/3780704163 >> [v2:172.21.15.31:3300/0,v1:172.21.15.31:6789/0] conn(0x7fbc001028b0 0x7fbc001115e0 secure :-1 s=READY pgs=52 cs=0 l=1 rev1=1 crypto rx=0x7fbbf0000c00 tx=0x7fbbf0009250 comp rx=0 tx=0).stop
2024-04-24T23:04:29.220 INFO:teuthology.orchestra.run.smithi031.stdout:/usr/bin/ceph: stderr
2024-04-24T23:04:28.349+0000 7fbc062a1700 1 -- 172.21.15.31:0/3780704163 shutdown_connections
2024-04-24T23:04:29.220 INFO:teuthology.orchestra.run.smithi031.stdout:/usr/bin/ceph: stderr
2024-04-24T23:04:28.349+0000 7fbc062a1700 1 --2- 172.21.15.31:0/3780704163 >> [v2:172.21.15.31:6800/2092175909,v1:172.21.15.31:6801/2092175909] conn(0x7fbbe8036850 0x7fbbe8038d00 unknown :-1 s=CLOSED pgs=14 cs=0 l=1 rev1=1 crypto rx=0 tx=0 comp rx=0 tx=0).stop
2024-04-24T23:04:29.221 INFO:teuthology.orchestra.run.smithi031.stdout:/usr/bin/ceph: stderr
2024-04-24T23:04:28.349+0000 7fbc062a1700 1 --2- 172.21.15.31:0/3780704163 >> [v2:172.21.15.31:3300/0,v1:172.21.15.31:6789/0] conn(0x7fbc001028b0 0x7fbc001115e0 unknown :-1 s=CLOSED pgs=52 cs=0 l=1 rev1=1 crypto rx=0 tx=0 comp rx=0 tx=0).stop
2024-04-24T23:04:29.221 INFO:teuthology.orchestra.run.smithi031.stdout:/usr/bin/ceph: stderr
2024-04-24T23:04:28.349+0000 7fbc062a1700 1 -- 172.21.15.31:0/3780704163 >> 172.21.15.31:0/3780704163 conn(0x7fbc000fdff0 msgr2=0x7fbc000feaf0 unknown :-1 s=STATE_NONE l=0).mark_down
2024-04-24T23:04:29.221 INFO:teuthology.orchestra.run.smithi031.stdout:/usr/bin/ceph: stderr
2024-04-24T23:04:28.349+0000 7fbc062a1700 1 -- 172.21.15.31:0/3780704163 shutdown_connections
2024-04-24T23:04:29.221 INFO:teuthology.orchestra.run.smithi031.stdout:/usr/bin/ceph: stderr
2024-04-24T23:04:28.349+0000 7fbc062a1700 1 -- 172.21.15.31:0/3780704163 wait complete.
2024-04-24T23:04:29.221 INFO:teuthology.orchestra.run.smithi031.stdout:Deploying prometheus service with default placement...
2024-04-24T23:04:29.459 INFO:journalctl@ceph.mon.smithi031.smithi031.stdout:Apr 24 23:04:29 smithi031 ceph-mon[26411]: from='client.14146 -' entity='client.admin' cmd=[{"prefix": "orch apply", "service_type": "crash", "target": ["mon-mgr", ""]}]: dispatch
2024-04-24T23:04:29.459 INFO:journalctl@ceph.mon.smithi031.smithi031.stdout:Apr 24 23:04:29 smithi031 ceph-mon[26411]: Saving service crash spec with placement *
2024-04-24T23:04:29.459 INFO:journalctl@ceph.mon.smithi031.smithi031.stdout:Apr 24 23:04:29 smithi031 ceph-mon[26411]: from='mgr.14120 172.21.15.31:0/1771444548' entity='mgr.smithi031.rrnmwr'
2024-04-24T23:04:29.459 INFO:journalctl@ceph.mon.smithi031.smithi031.stdout:Apr 24 23:04:29 smithi031 ceph-mon[26411]: from='mgr.14120 172.21.15.31:0/1771444548' entity='mgr.smithi031.rrnmwr'
2024-04-24T23:04:29.460 INFO:journalctl@ceph.mon.smithi031.smithi031.stdout:Apr 24 23:04:29 smithi031 ceph-mon[26411]: from='mgr.14120 172.21.15.31:0/1771444548' entity='mgr.smithi031.rrnmwr'
2024-04-24T23:04:30.873 INFO:teuthology.orchestra.run.smithi031.stdout:/usr/bin/ceph: stdout Scheduled prometheus update...
2024-04-24T23:04:30.878 INFO:teuthology.orchestra.run.smithi031.stdout:/usr/bin/ceph: stderr
2024-04-24T23:04:29.639+0000 7f05b3921700 1 Processor -- start
2024-04-24T23:04:30.878 INFO:teuthology.orchestra.run.smithi031.stdout:/usr/bin/ceph: stderr
2024-04-24T23:04:29.639+0000 7f05b3921700 1 -- start start
2024-04-24T23:04:30.879 INFO:teuthology.orchestra.run.smithi031.stdout:/usr/bin/ceph: stderr
2024-04-24T23:04:29.639+0000 7f05b3921700 1 --2- >> [v2:172.21.15.31:3300/0,v1:172.21.15.31:6789/0] conn(0x7f05ac101760 0x7f05ac101b70 unknown :-1 s=NONE pgs=0 cs=0 l=0 rev1=0 crypto rx=0 tx=0 comp rx=0 tx=0).connect
2024-04-24T23:04:30.879 INFO:teuthology.orchestra.run.smithi031.stdout:/usr/bin/ceph: stderr
2024-04-24T23:04:29.639+0000 7f05b3921700 1 -- --> [v2:172.21.15.31:3300/0,v1:172.21.15.31:6789/0] -- mon_getmap magic: 0 v1 -- 0x7f05ac1020b0 con 0x7f05ac101760
2024-04-24T23:04:30.879 INFO:teuthology.orchestra.run.smithi031.stdout:/usr/bin/ceph: stderr
2024-04-24T23:04:29.639+0000 7f05b16bd700 1 --2- >> [v2:172.21.15.31:3300/0,v1:172.21.15.31:6789/0] conn(0x7f05ac101760 0x7f05ac101b70 unknown :-1 s=BANNER_CONNECTING pgs=0 cs=0 l=0 rev1=0 crypto rx=0 tx=0 comp rx=0 tx=0)._handle_peer_banner_payload supported=3 required=0
2024-04-24T23:04:30.879 INFO:teuthology.orchestra.run.smithi031.stdout:/usr/bin/ceph: stderr
2024-04-24T23:04:29.639+0000 7f05b16bd700 1 --2- >> [v2:172.21.15.31:3300/0,v1:172.21.15.31:6789/0] conn(0x7f05ac101760 0x7f05ac101b70 unknown :-1 s=HELLO_CONNECTING pgs=0 cs=0 l=0 rev1=1 crypto rx=0 tx=0 comp rx=0 tx=0).handle_hello peer v2:172.21.15.31:3300/0 says I am v2:172.21.15.31:55092/0 (socket says 172.21.15.31:55092)
2024-04-24T23:04:30.879 INFO:teuthology.orchestra.run.smithi031.stdout:/usr/bin/ceph: stderr
2024-04-24T23:04:29.639+0000 7f05b16bd700 1 -- 172.21.15.31:0/1190287890 learned_addr learned my addr 172.21.15.31:0/1190287890 (peer_addr_for_me v2:172.21.15.31:0/0)
2024-04-24T23:04:30.879 INFO:teuthology.orchestra.run.smithi031.stdout:/usr/bin/ceph: stderr
2024-04-24T23:04:29.640+0000 7f05b16bd700 1 -- 172.21.15.31:0/1190287890 --> [v2:172.21.15.31:3300/0,v1:172.21.15.31:6789/0] -- mon_subscribe({config=0+,monmap=0+}) v3 -- 0x7f05ac1021f0 con 0x7f05ac101760
2024-04-24T23:04:30.879 INFO:teuthology.orchestra.run.smithi031.stdout:/usr/bin/ceph: stderr
2024-04-24T23:04:29.640+0000 7f05b16bd700 1 --2- 172.21.15.31:0/1190287890 >> [v2:172.21.15.31:3300/0,v1:172.21.15.31:6789/0] conn(0x7f05ac101760 0x7f05ac101b70 secure :-1 s=READY pgs=53 cs=0 l=1 rev1=1 crypto rx=0x7f05a800bb80 tx=0x7f05a800b4f0 comp rx=0 tx=0).ready entity=mon.0 client_cookie=cd4a0ea1bce8423f server_cookie=0 in_seq=0 out_seq=0
2024-04-24T23:04:30.883 INFO:teuthology.orchestra.run.smithi031.stdout:/usr/bin/ceph: stderr
2024-04-24T23:04:29.640+0000 7f05a3fff700 1 -- 172.21.15.31:0/1190287890 <== mon.0 v2:172.21.15.31:3300/0 1 ==== mon_map magic: 0 v1 ==== 229+0+0 (secure 0 0 0) 0x7f05a800dd00 con 0x7f05ac101760
2024-04-24T23:04:30.883 INFO:teuthology.orchestra.run.smithi031.stdout:/usr/bin/ceph: stderr
2024-04-24T23:04:29.640+0000 7f05a3fff700 1 -- 172.21.15.31:0/1190287890 <== mon.0 v2:172.21.15.31:3300/0 2 ==== config(27 keys) v1 ==== 1109+0+0 (secure 0 0 0) 0x7f05a800de60 con 0x7f05ac101760
2024-04-24T23:04:30.883 INFO:teuthology.orchestra.run.smithi031.stdout:/usr/bin/ceph: stderr
2024-04-24T23:04:29.640+0000 7f05a3fff700 1 -- 172.21.15.31:0/1190287890 <== mon.0 v2:172.21.15.31:3300/0 3 ==== mon_map magic: 0 v1 ==== 229+0+0 (secure 0 0 0) 0x7f05a8018920 con 0x7f05ac101760
2024-04-24T23:04:30.883 INFO:teuthology.orchestra.run.smithi031.stdout:/usr/bin/ceph: stderr
2024-04-24T23:04:29.640+0000 7f05b3921700 1 -- 172.21.15.31:0/1190287890 >> [v2:172.21.15.31:3300/0,v1:172.21.15.31:6789/0] conn(0x7f05ac101760 msgr2=0x7f05ac101b70 secure :-1 s=STATE_CONNECTION_ESTABLISHED l=1).mark_down
2024-04-24T23:04:30.884 INFO:teuthology.orchestra.run.smithi031.stdout:/usr/bin/ceph: stderr
2024-04-24T23:04:29.641+0000 7f05b3921700 1 --2- 172.21.15.31:0/1190287890 >> [v2:172.21.15.31:3300/0,v1:172.21.15.31:6789/0] conn(0x7f05ac101760 0x7f05ac101b70 secure :-1 s=READY pgs=53 cs=0 l=1 rev1=1 crypto rx=0x7f05a800bb80 tx=0x7f05a800b4f0 comp rx=0 tx=0).stop
2024-04-24T23:04:30.884 INFO:teuthology.orchestra.run.smithi031.stdout:/usr/bin/ceph: stderr
2024-04-24T23:04:29.641+0000 7f05b3921700 1 -- 172.21.15.31:0/1190287890 shutdown_connections
2024-04-24T23:04:30.884 INFO:teuthology.orchestra.run.smithi031.stdout:/usr/bin/ceph: stderr
2024-04-24T23:04:29.641+0000 7f05b3921700 1 --2- 172.21.15.31:0/1190287890 >> [v2:172.21.15.31:3300/0,v1:172.21.15.31:6789/0] conn(0x7f05ac101760 0x7f05ac101b70 unknown :-1 s=CLOSED pgs=53 cs=0 l=1 rev1=1 crypto rx=0 tx=0 comp rx=0 tx=0).stop
2024-04-24T23:04:30.884 INFO:teuthology.orchestra.run.smithi031.stdout:/usr/bin/ceph: stderr
2024-04-24T23:04:29.641+0000 7f05b3921700 1 -- 172.21.15.31:0/1190287890 >> 172.21.15.31:0/1190287890 conn(0x7f05ac0fcea0 msgr2=0x7f05ac0ff2f0 unknown :-1 s=STATE_NONE l=0).mark_down
2024-04-24T23:04:30.884 INFO:teuthology.orchestra.run.smithi031.stdout:/usr/bin/ceph: stderr
2024-04-24T23:04:29.641+0000 7f05b3921700 1 -- 172.21.15.31:0/1190287890 shutdown_connections
2024-04-24T23:04:30.884 INFO:teuthology.orchestra.run.smithi031.stdout:/usr/bin/ceph: stderr
2024-04-24T23:04:29.641+0000 7f05b3921700 1 -- 172.21.15.31:0/1190287890 wait complete.
2024-04-24T23:04:30.884 INFO:teuthology.orchestra.run.smithi031.stdout:/usr/bin/ceph: stderr
2024-04-24T23:04:29.641+0000 7f05b3921700 1 Processor -- start
2024-04-24T23:04:30.884 INFO:teuthology.orchestra.run.smithi031.stdout:/usr/bin/ceph: stderr
2024-04-24T23:04:29.641+0000 7f05b3921700 1 -- start start
2024-04-24T23:04:30.884 INFO:teuthology.orchestra.run.smithi031.stdout:/usr/bin/ceph: stderr
2024-04-24T23:04:29.642+0000 7f05b3921700 1 --2- >> [v2:172.21.15.31:3300/0,v1:172.21.15.31:6789/0] conn(0x7f05ac101760 0x7f05ac10f370 unknown :-1 s=NONE pgs=0 cs=0 l=1 rev1=0 crypto rx=0 tx=0 comp rx=0 tx=0).connect
2024-04-24T23:04:30.884 INFO:teuthology.orchestra.run.smithi031.stdout:/usr/bin/ceph: stderr
2024-04-24T23:04:29.642+0000 7f05b3921700 1 -- --> [v2:172.21.15.31:3300/0,v1:172.21.15.31:6789/0] -- mon_getmap magic: 0 v1 -- 0x7f05ac10f8b0 con 0x7f05ac101760
2024-04-24T23:04:30.884 INFO:teuthology.orchestra.run.smithi031.stdout:/usr/bin/ceph: stderr
2024-04-24T23:04:29.642+0000 7f05b16bd700 1 --2- >> [v2:172.21.15.31:3300/0,v1:172.21.15.31:6789/0] conn(0x7f05ac101760 0x7f05ac10f370 unknown :-1 s=BANNER_CONNECTING pgs=0 cs=0 l=1 rev1=0 crypto rx=0 tx=0 comp rx=0 tx=0)._handle_peer_banner_payload supported=3 required=0
2024-04-24T23:04:30.884 INFO:teuthology.orchestra.run.smithi031.stdout:/usr/bin/ceph: stderr
2024-04-24T23:04:29.642+0000 7f05b16bd700 1 --2- >> [v2:172.21.15.31:3300/0,v1:172.21.15.31:6789/0] conn(0x7f05ac101760 0x7f05ac10f370 unknown :-1 s=HELLO_CONNECTING pgs=0 cs=0 l=1 rev1=1 crypto rx=0 tx=0 comp rx=0 tx=0).handle_hello peer v2:172.21.15.31:3300/0 says I am v2:172.21.15.31:55104/0 (socket says 172.21.15.31:55104)
2024-04-24T23:04:30.884 INFO:teuthology.orchestra.run.smithi031.stdout:/usr/bin/ceph: stderr
2024-04-24T23:04:29.642+0000 7f05b16bd700 1 -- 172.21.15.31:0/3877125146 learned_addr learned my addr 172.21.15.31:0/3877125146 (peer_addr_for_me v2:172.21.15.31:0/0)
2024-04-24T23:04:30.884 INFO:teuthology.orchestra.run.smithi031.stdout:/usr/bin/ceph: stderr
2024-04-24T23:04:29.642+0000 7f05b16bd700 1 -- 172.21.15.31:0/3877125146 --> [v2:172.21.15.31:3300/0,v1:172.21.15.31:6789/0] -- mon_subscribe({config=0+,monmap=0+}) v3 -- 0x7f05a800b790 con 0x7f05ac101760
2024-04-24T23:04:30.885 INFO:teuthology.orchestra.run.smithi031.stdout:/usr/bin/ceph: stderr
2024-04-24T23:04:29.642+0000 7f05b16bd700 1 --2- 172.21.15.31:0/3877125146 >> [v2:172.21.15.31:3300/0,v1:172.21.15.31:6789/0] conn(0x7f05ac101760 0x7f05ac10f370 secure :-1 s=READY pgs=54 cs=0 l=1 rev1=1 crypto rx=0x7f05a8006d40 tx=0x7f05a800b4f0 comp rx=0 tx=0).ready entity=mon.0 client_cookie=0 server_cookie=0 in_seq=0 out_seq=0
2024-04-24T23:04:30.885 INFO:teuthology.orchestra.run.smithi031.stdout:/usr/bin/ceph: stderr
2024-04-24T23:04:29.642+0000 7f05a1ffb700 1 -- 172.21.15.31:0/3877125146 <== mon.0 v2:172.21.15.31:3300/0 1 ==== mon_map magic: 0 v1 ==== 229+0+0 (secure 0 0 0) 0x7f05a800dc70 con 0x7f05ac101760
2024-04-24T23:04:30.885 INFO:teuthology.orchestra.run.smithi031.stdout:/usr/bin/ceph: stderr
2024-04-24T23:04:29.642+0000 7f05a1ffb700 1 -- 172.21.15.31:0/3877125146 <== mon.0 v2:172.21.15.31:3300/0 2 ==== config(27 keys) v1 ==== 1109+0+0 (secure 0 0 0) 0x7f05a801d050 con 0x7f05ac101760
2024-04-24T23:04:30.885 INFO:teuthology.orchestra.run.smithi031.stdout:/usr/bin/ceph: stderr
2024-04-24T23:04:29.642+0000 7f05b3921700 1 -- 172.21.15.31:0/3877125146 --> [v2:172.21.15.31:3300/0,v1:172.21.15.31:6789/0] -- mon_subscribe({mgrmap=0+}) v3 -- 0x7f05ac10fab0 con 0x7f05ac101760
2024-04-24T23:04:30.885 INFO:teuthology.orchestra.run.smithi031.stdout:/usr/bin/ceph: stderr
2024-04-24T23:04:29.642+0000 7f05a1ffb700 1 -- 172.21.15.31:0/3877125146 <== mon.0 v2:172.21.15.31:3300/0 3 ==== mon_map magic: 0 v1 ==== 229+0+0 (secure 0 0 0) 0x7f05a80223d0 con 0x7f05ac101760
2024-04-24T23:04:30.885 INFO:teuthology.orchestra.run.smithi031.stdout:/usr/bin/ceph: stderr
2024-04-24T23:04:29.643+0000 7f05b3921700 1 -- 172.21.15.31:0/3877125146 --> [v2:172.21.15.31:3300/0,v1:172.21.15.31:6789/0] -- mon_subscribe({osdmap=0}) v3 -- 0x7f05ac110620 con 0x7f05ac101760
2024-04-24T23:04:30.885 INFO:teuthology.orchestra.run.smithi031.stdout:/usr/bin/ceph: stderr
2024-04-24T23:04:29.643+0000 7f05a1ffb700 1 -- 172.21.15.31:0/3877125146 <== mon.0 v2:172.21.15.31:3300/0 4 ==== mgrmap(e 8) v1 ==== 43376+0+0 (secure 0 0 0) 0x7f05a8022650 con 0x7f05ac101760
2024-04-24T23:04:30.885 INFO:teuthology.orchestra.run.smithi031.stdout:/usr/bin/ceph: stderr
2024-04-24T23:04:29.644+0000 7f05a1ffb700 1 --2- 172.21.15.31:0/3877125146 >> [v2:172.21.15.31:6800/2092175909,v1:172.21.15.31:6801/2092175909] conn(0x7f0598036850 0x7f0598038d00 unknown :-1 s=NONE pgs=0 cs=0 l=1 rev1=0 crypto rx=0 tx=0 comp rx=0 tx=0).connect
2024-04-24T23:04:30.885 INFO:teuthology.orchestra.run.smithi031.stdout:/usr/bin/ceph: stderr
2024-04-24T23:04:29.644+0000 7f05a1ffb700 1 -- 172.21.15.31:0/3877125146 <== mon.0 v2:172.21.15.31:3300/0 5 ==== osd_map(2..2 src has 1..2) v4 ==== 936+0+0 (secure 0 0 0) 0x7f05a8014070 con 0x7f05ac101760
2024-04-24T23:04:30.885 INFO:teuthology.orchestra.run.smithi031.stdout:/usr/bin/ceph: stderr
2024-04-24T23:04:29.644+0000 7f05b3921700 1 -- 172.21.15.31:0/3877125146 --> [v2:172.21.15.31:3300/0,v1:172.21.15.31:6789/0] -- mon_command({"prefix": "get_command_descriptions"} v 0) v1 -- 0x7f05ac05f5c0 con 0x7f05ac101760
2024-04-24T23:04:30.885 INFO:teuthology.orchestra.run.smithi031.stdout:/usr/bin/ceph: stderr
2024-04-24T23:04:29.644+0000 7f05b0ebc700 1 --2- 172.21.15.31:0/3877125146 >> [v2:172.21.15.31:6800/2092175909,v1:172.21.15.31:6801/2092175909] conn(0x7f0598036850 0x7f0598038d00 unknown :-1 s=BANNER_CONNECTING pgs=0 cs=0 l=1 rev1=0 crypto rx=0 tx=0 comp rx=0 tx=0)._handle_peer_banner_payload supported=3 required=0
2024-04-24T23:04:30.885 INFO:teuthology.orchestra.run.smithi031.stdout:/usr/bin/ceph: stderr
2024-04-24T23:04:29.644+0000 7f05b0ebc700 1 --2- 172.21.15.31:0/3877125146 >> [v2:172.21.15.31:6800/2092175909,v1:172.21.15.31:6801/2092175909] conn(0x7f0598036850 0x7f0598038d00 secure :-1 s=READY pgs=15 cs=0 l=1 rev1=1 crypto rx=0x7f059c009990 tx=0x7f059c006e40 comp rx=0 tx=0).ready entity=mgr.14120 client_cookie=0 server_cookie=0 in_seq=0 out_seq=0
2024-04-24T23:04:30.885 INFO:teuthology.orchestra.run.smithi031.stdout:/usr/bin/ceph: stderr
2024-04-24T23:04:29.653+0000 7f05a1ffb700 1 -- 172.21.15.31:0/3877125146 <== mon.0 v2:172.21.15.31:3300/0 6 ==== mon_command_ack([{"prefix": "get_command_descriptions"}]=0 v0) v1 ==== 72+0+176702 (secure 0 0 0) 0x7f05a800eb70 con 0x7f05ac101760
2024-04-24T23:04:30.885 INFO:teuthology.orchestra.run.smithi031.stdout:/usr/bin/ceph: stderr
2024-04-24T23:04:29.867+0000 7f05b3921700 1 -- 172.21.15.31:0/3877125146 --> [v2:172.21.15.31:6800/2092175909,v1:172.21.15.31:6801/2092175909] -- mgr_command(tid 0: {"prefix": "orch apply", "service_type": "prometheus", "target": ["mon-mgr", ""]}) v1 -- 0x7f05ac107380 con 0x7f0598036850
2024-04-24T23:04:30.886 INFO:teuthology.orchestra.run.smithi031.stdout:/usr/bin/ceph: stderr
2024-04-24T23:04:29.872+0000 7f05a1ffb700 1 -- 172.21.15.31:0/3877125146 <== mgr.14120 v2:172.21.15.31:6800/2092175909 1 ==== mgr_command_reply(tid 0: 0 ) v1 ==== 8+0+31 (secure 0 0 0) 0x7f05ac107380 con 0x7f0598036850
2024-04-24T23:04:30.886 INFO:teuthology.orchestra.run.smithi031.stdout:/usr/bin/ceph: stderr
2024-04-24T23:04:29.874+0000 7f05b3921700 1 -- 172.21.15.31:0/3877125146 >> [v2:172.21.15.31:6800/2092175909,v1:172.21.15.31:6801/2092175909] conn(0x7f0598036850 msgr2=0x7f0598038d00 secure :-1 s=STATE_CONNECTION_ESTABLISHED l=1).mark_down
2024-04-24T23:04:30.886 INFO:teuthology.orchestra.run.smithi031.stdout:/usr/bin/ceph: stderr
2024-04-24T23:04:29.874+0000 7f05b3921700 1 --2- 172.21.15.31:0/3877125146 >> [v2:172.21.15.31:6800/2092175909,v1:172.21.15.31:6801/2092175909] conn(0x7f0598036850 0x7f0598038d00 secure :-1 s=READY pgs=15 cs=0 l=1 rev1=1 crypto rx=0x7f059c009990 tx=0x7f059c006e40 comp rx=0 tx=0).stop
2024-04-24T23:04:30.886 INFO:teuthology.orchestra.run.smithi031.stdout:/usr/bin/ceph: stderr
2024-04-24T23:04:29.874+0000 7f05b3921700 1 -- 172.21.15.31:0/3877125146 >> [v2:172.21.15.31:3300/0,v1:172.21.15.31:6789/0] conn(0x7f05ac101760 msgr2=0x7f05ac10f370 secure :-1 s=STATE_CONNECTION_ESTABLISHED l=1).mark_down
2024-04-24T23:04:30.886 INFO:teuthology.orchestra.run.smithi031.stdout:/usr/bin/ceph: stderr
2024-04-24T23:04:29.874+0000 7f05b3921700 1 --2- 172.21.15.31:0/3877125146 >> [v2:172.21.15.31:3300/0,v1:172.21.15.31:6789/0] conn(0x7f05ac101760 0x7f05ac10f370 secure :-1 s=READY pgs=54 cs=0 l=1 rev1=1 crypto rx=0x7f05a8006d40 tx=0x7f05a800b4f0 comp rx=0 tx=0).stop
2024-04-24T23:04:30.886 INFO:teuthology.orchestra.run.smithi031.stdout:/usr/bin/ceph: stderr
2024-04-24T23:04:29.874+0000 7f05b3921700 1 -- 172.21.15.31:0/3877125146 shutdown_connections
2024-04-24T23:04:30.886 INFO:teuthology.orchestra.run.smithi031.stdout:/usr/bin/ceph: stderr
2024-04-24T23:04:29.874+0000 7f05b3921700 1 --2- 172.21.15.31:0/3877125146 >> [v2:172.21.15.31:6800/2092175909,v1:172.21.15.31:6801/2092175909] conn(0x7f0598036850 0x7f0598038d00 unknown :-1 s=CLOSED pgs=15 cs=0 l=1 rev1=1 crypto rx=0 tx=0 comp rx=0 tx=0).stop
2024-04-24T23:04:30.886 INFO:teuthology.orchestra.run.smithi031.stdout:/usr/bin/ceph: stderr
2024-04-24T23:04:29.874+0000 7f05b3921700 1 --2- 172.21.15.31:0/3877125146 >> [v2:172.21.15.31:3300/0,v1:172.21.15.31:6789/0] conn(0x7f05ac101760 0x7f05ac10f370 unknown :-1 s=CLOSED pgs=54 cs=0 l=1 rev1=1 crypto rx=0 tx=0 comp rx=0 tx=0).stop
2024-04-24T23:04:30.886 INFO:teuthology.orchestra.run.smithi031.stdout:/usr/bin/ceph: stderr
2024-04-24T23:04:29.874+0000 7f05b3921700 1 -- 172.21.15.31:0/3877125146 >> 172.21.15.31:0/3877125146 conn(0x7f05ac0fcea0 msgr2=0x7f05ac105ba0 unknown :-1 s=STATE_NONE l=0).mark_down
2024-04-24T23:04:30.886 INFO:teuthology.orchestra.run.smithi031.stdout:/usr/bin/ceph: stderr
2024-04-24T23:04:29.874+0000 7f05b3921700 1 -- 172.21.15.31:0/3877125146 shutdown_connections
2024-04-24T23:04:30.886 INFO:teuthology.orchestra.run.smithi031.stdout:/usr/bin/ceph: stderr
2024-04-24T23:04:29.874+0000 7f05b3921700 1 -- 172.21.15.31:0/3877125146 wait complete.
2024-04-24T23:04:30.886 INFO:teuthology.orchestra.run.smithi031.stdout:Deploying grafana service with default placement...
2024-04-24T23:04:31.235 INFO:journalctl@ceph.mon.smithi031.smithi031.stdout:Apr 24 23:04:30 smithi031 ceph-mon[26411]: from='client.14148 -' entity='client.admin' cmd=[{"prefix": "orch apply", "service_type": "prometheus", "target": ["mon-mgr", ""]}]: dispatch
2024-04-24T23:04:31.235 INFO:journalctl@ceph.mon.smithi031.smithi031.stdout:Apr 24 23:04:30 smithi031 ceph-mon[26411]: Saving service prometheus spec with placement count:1
2024-04-24T23:04:31.235 INFO:journalctl@ceph.mon.smithi031.smithi031.stdout:Apr 24 23:04:30 smithi031 ceph-mon[26411]: from='mgr.14120 172.21.15.31:0/1771444548' entity='mgr.smithi031.rrnmwr'
2024-04-24T23:04:31.235 INFO:journalctl@ceph.mon.smithi031.smithi031.stdout:Apr 24 23:04:30 smithi031 ceph-mon[26411]: from='mgr.14120 172.21.15.31:0/1771444548' entity='mgr.smithi031.rrnmwr'
2024-04-24T23:04:32.145 INFO:teuthology.orchestra.run.smithi031.stdout:/usr/bin/ceph: stdout Scheduled grafana update...
2024-04-24T23:04:32.145 INFO:teuthology.orchestra.run.smithi031.stdout:/usr/bin/ceph: stderr
2024-04-24T23:04:31.340+0000 7ff4d6810700 1 Processor -- start
2024-04-24T23:04:32.145 INFO:teuthology.orchestra.run.smithi031.stdout:/usr/bin/ceph: stderr
2024-04-24T23:04:31.340+0000 7ff4d6810700 1 -- start start
2024-04-24T23:04:32.145 INFO:teuthology.orchestra.run.smithi031.stdout:/usr/bin/ceph: stderr
2024-04-24T23:04:31.340+0000 7ff4d6810700 1 --2- >> [v2:172.21.15.31:3300/0,v1:172.21.15.31:6789/0] conn(0x7ff4d0101de0 0x7ff4d01021f0 unknown :-1 s=NONE pgs=0 cs=0 l=0 rev1=0 crypto rx=0 tx=0 comp rx=0 tx=0).connect
2024-04-24T23:04:32.145 INFO:teuthology.orchestra.run.smithi031.stdout:/usr/bin/ceph: stderr
2024-04-24T23:04:31.340+0000 7ff4d6810700 1 -- --> [v2:172.21.15.31:3300/0,v1:172.21.15.31:6789/0] -- mon_getmap magic: 0 v1 -- 0x7ff4d0102730 con 0x7ff4d0101de0
2024-04-24T23:04:32.145 INFO:teuthology.orchestra.run.smithi031.stdout:/usr/bin/ceph: stderr
2024-04-24T23:04:31.341+0000 7ff4cffff700 1 --2- >> [v2:172.21.15.31:3300/0,v1:172.21.15.31:6789/0] conn(0x7ff4d0101de0 0x7ff4d01021f0 unknown :-1 s=BANNER_CONNECTING pgs=0 cs=0 l=0 rev1=0 crypto rx=0 tx=0 comp rx=0 tx=0)._handle_peer_banner_payload supported=3 required=0
2024-04-24T23:04:32.145 INFO:teuthology.orchestra.run.smithi031.stdout:/usr/bin/ceph: stderr
2024-04-24T23:04:31.341+0000 7ff4cffff700 1 --2- >> [v2:172.21.15.31:3300/0,v1:172.21.15.31:6789/0] conn(0x7ff4d0101de0 0x7ff4d01021f0 unknown :-1 s=HELLO_CONNECTING pgs=0 cs=0 l=0 rev1=1 crypto rx=0 tx=0 comp rx=0 tx=0).handle_hello peer v2:172.21.15.31:3300/0 says I am v2:172.21.15.31:55110/0 (socket says 172.21.15.31:55110)
2024-04-24T23:04:32.145 INFO:teuthology.orchestra.run.smithi031.stdout:/usr/bin/ceph: stderr
2024-04-24T23:04:31.341+0000 7ff4cffff700 1 -- 172.21.15.31:0/1923642605 learned_addr learned my addr 172.21.15.31:0/1923642605 (peer_addr_for_me v2:172.21.15.31:0/0)
2024-04-24T23:04:32.145 INFO:teuthology.orchestra.run.smithi031.stdout:/usr/bin/ceph: stderr
2024-04-24T23:04:31.341+0000 7ff4cffff700 1 -- 172.21.15.31:0/1923642605 --> [v2:172.21.15.31:3300/0,v1:172.21.15.31:6789/0] -- mon_subscribe({config=0+,monmap=0+}) v3 -- 0x7ff4d0102870 con 0x7ff4d0101de0
2024-04-24T23:04:32.145 INFO:teuthology.orchestra.run.smithi031.stdout:/usr/bin/ceph: stderr
2024-04-24T23:04:31.341+0000 7ff4cffff700 1 --2- 172.21.15.31:0/1923642605 >> [v2:172.21.15.31:3300/0,v1:172.21.15.31:6789/0] conn(0x7ff4d0101de0 0x7ff4d01021f0 secure :-1 s=READY pgs=55 cs=0 l=1 rev1=1 crypto rx=0x7ff4c00098e0 tx=0x7ff4c0009250 comp rx=0 tx=0).ready entity=mon.0 client_cookie=2e035f5786c4084a server_cookie=0 in_seq=0 out_seq=0
2024-04-24T23:04:32.145 INFO:teuthology.orchestra.run.smithi031.stdout:/usr/bin/ceph: stderr
2024-04-24T23:04:31.341+0000 7ff4ceffd700 1 -- 172.21.15.31:0/1923642605 <== mon.0 v2:172.21.15.31:3300/0 1 ==== mon_map magic: 0 v1 ==== 229+0+0 (secure 0 0 0) 0x7ff4c000b860 con 0x7ff4d0101de0
2024-04-24T23:04:32.145 INFO:teuthology.orchestra.run.smithi031.stdout:/usr/bin/ceph: stderr
2024-04-24T23:04:31.341+0000 7ff4ceffd700 1 -- 172.21.15.31:0/1923642605 <== mon.0 v2:172.21.15.31:3300/0 2 ==== config(27 keys) v1 ==== 1109+0+0 (secure 0 0 0) 0x7ff4c000be90 con 0x7ff4d0101de0
2024-04-24T23:04:32.146 INFO:teuthology.orchestra.run.smithi031.stdout:/usr/bin/ceph: stderr
2024-04-24T23:04:31.341+0000 7ff4ceffd700 1 -- 172.21.15.31:0/1923642605 <== mon.0 v2:172.21.15.31:3300/0 3 ==== mon_map magic: 0 v1 ==== 229+0+0 (secure 0 0 0) 0x7ff4c00103c0 con 0x7ff4d0101de0
2024-04-24T23:04:32.146 INFO:teuthology.orchestra.run.smithi031.stdout:/usr/bin/ceph: stderr
2024-04-24T23:04:31.342+0000 7ff4d6810700 1 -- 172.21.15.31:0/1923642605 >> [v2:172.21.15.31:3300/0,v1:172.21.15.31:6789/0] conn(0x7ff4d0101de0 msgr2=0x7ff4d01021f0 secure :-1 s=STATE_CONNECTION_ESTABLISHED l=1).mark_down
2024-04-24T23:04:32.146 INFO:teuthology.orchestra.run.smithi031.stdout:/usr/bin/ceph: stderr
2024-04-24T23:04:31.342+0000 7ff4d6810700 1 --2- 172.21.15.31:0/1923642605 >> [v2:172.21.15.31:3300/0,v1:172.21.15.31:6789/0] conn(0x7ff4d0101de0 0x7ff4d01021f0 secure :-1 s=READY pgs=55 cs=0 l=1 rev1=1 crypto rx=0x7ff4c00098e0 tx=0x7ff4c0009250 comp rx=0 tx=0).stop
2024-04-24T23:04:32.146 INFO:teuthology.orchestra.run.smithi031.stdout:/usr/bin/ceph: stderr
2024-04-24T23:04:31.342+0000 7ff4d6810700 1 -- 172.21.15.31:0/1923642605 shutdown_connections
2024-04-24T23:04:32.146 INFO:teuthology.orchestra.run.smithi031.stdout:/usr/bin/ceph: stderr
2024-04-24T23:04:31.342+0000 7ff4d6810700 1 --2- 172.21.15.31:0/1923642605 >> [v2:172.21.15.31:3300/0,v1:172.21.15.31:6789/0] conn(0x7ff4d0101de0 0x7ff4d01021f0 unknown :-1 s=CLOSED pgs=55 cs=0 l=1 rev1=1 crypto rx=0 tx=0 comp rx=0 tx=0).stop
2024-04-24T23:04:32.146 INFO:teuthology.orchestra.run.smithi031.stdout:/usr/bin/ceph: stderr
2024-04-24T23:04:31.342+0000 7ff4d6810700 1 -- 172.21.15.31:0/1923642605 >> 172.21.15.31:0/1923642605 conn(0x7ff4d00fc690 msgr2=0x7ff4d00feac0 unknown :-1 s=STATE_NONE l=0).mark_down
2024-04-24T23:04:32.146 INFO:teuthology.orchestra.run.smithi031.stdout:/usr/bin/ceph: stderr
2024-04-24T23:04:31.342+0000 7ff4d6810700 1 -- 172.21.15.31:0/1923642605 shutdown_connections
2024-04-24T23:04:32.146 INFO:teuthology.orchestra.run.smithi031.stdout:/usr/bin/ceph: stderr
2024-04-24T23:04:31.342+0000 7ff4d6810700 1 -- 172.21.15.31:0/1923642605 wait complete.
2024-04-24T23:04:32.146 INFO:teuthology.orchestra.run.smithi031.stdout:/usr/bin/ceph: stderr
2024-04-24T23:04:31.343+0000 7ff4d6810700 1 Processor -- start
2024-04-24T23:04:32.146 INFO:teuthology.orchestra.run.smithi031.stdout:/usr/bin/ceph: stderr
2024-04-24T23:04:31.343+0000 7ff4d6810700 1 -- start start
2024-04-24T23:04:32.146 INFO:teuthology.orchestra.run.smithi031.stdout:/usr/bin/ceph: stderr
2024-04-24T23:04:31.343+0000 7ff4d6810700 1 --2- >> [v2:172.21.15.31:3300/0,v1:172.21.15.31:6789/0] conn(0x7ff4d0101de0 0x7ff4d010f460 unknown :-1 s=NONE pgs=0 cs=0 l=1 rev1=0 crypto rx=0 tx=0 comp rx=0 tx=0).connect
2024-04-24T23:04:32.146 INFO:teuthology.orchestra.run.smithi031.stdout:/usr/bin/ceph: stderr
2024-04-24T23:04:31.343+0000 7ff4d6810700 1 -- --> [v2:172.21.15.31:3300/0,v1:172.21.15.31:6789/0] -- mon_getmap magic: 0 v1 -- 0x7ff4d010f9a0 con 0x7ff4d0101de0
2024-04-24T23:04:32.146 INFO:teuthology.orchestra.run.smithi031.stdout:/usr/bin/ceph: stderr
2024-04-24T23:04:31.343+0000 7ff4cffff700 1 --2- >> [v2:172.21.15.31:3300/0,v1:172.21.15.31:6789/0] conn(0x7ff4d0101de0 0x7ff4d010f460 unknown :-1 s=BANNER_CONNECTING pgs=0 cs=0 l=1 rev1=0 crypto rx=0 tx=0 comp rx=0 tx=0)._handle_peer_banner_payload supported=3 required=0
2024-04-24T23:04:32.146 INFO:teuthology.orchestra.run.smithi031.stdout:/usr/bin/ceph: stderr
2024-04-24T23:04:31.343+0000 7ff4cffff700 1 --2- >> [v2:172.21.15.31:3300/0,v1:172.21.15.31:6789/0] conn(0x7ff4d0101de0 0x7ff4d010f460 unknown :-1 s=HELLO_CONNECTING pgs=0 cs=0 l=1 rev1=1 crypto rx=0 tx=0 comp rx=0 tx=0).handle_hello peer v2:172.21.15.31:3300/0 says I am v2:172.21.15.31:55114/0 (socket says 172.21.15.31:55114)
2024-04-24T23:04:32.147 INFO:teuthology.orchestra.run.smithi031.stdout:/usr/bin/ceph: stderr
2024-04-24T23:04:31.343+0000 7ff4cffff700 1 -- 172.21.15.31:0/2158303107 learned_addr learned my addr 172.21.15.31:0/2158303107 (peer_addr_for_me v2:172.21.15.31:0/0)
2024-04-24T23:04:32.147 INFO:teuthology.orchestra.run.smithi031.stdout:/usr/bin/ceph: stderr
2024-04-24T23:04:31.344+0000 7ff4cffff700 1 -- 172.21.15.31:0/2158303107 --> [v2:172.21.15.31:3300/0,v1:172.21.15.31:6789/0] -- mon_subscribe({config=0+,monmap=0+}) v3 -- 0x7ff4c00094f0 con 0x7ff4d0101de0
2024-04-24T23:04:32.147 INFO:teuthology.orchestra.run.smithi031.stdout:/usr/bin/ceph: stderr
2024-04-24T23:04:31.344+0000 7ff4cffff700 1 --2- 172.21.15.31:0/2158303107 >> [v2:172.21.15.31:3300/0,v1:172.21.15.31:6789/0] conn(0x7ff4d0101de0 0x7ff4d010f460 secure :-1 s=READY pgs=56 cs=0 l=1 rev1=1 crypto rx=0x7ff4c0006d40 tx=0x7ff4c0009250 comp rx=0 tx=0).ready entity=mon.0 client_cookie=0 server_cookie=0 in_seq=0 out_seq=0
2024-04-24T23:04:32.147 INFO:teuthology.orchestra.run.smithi031.stdout:/usr/bin/ceph: stderr
2024-04-24T23:04:31.344+0000 7ff4ccff9700 1 -- 172.21.15.31:0/2158303107 <== mon.0 v2:172.21.15.31:3300/0 1 ==== mon_map magic: 0 v1 ==== 229+0+0 (secure 0 0 0) 0x7ff4c0010840 con 0x7ff4d0101de0
2024-04-24T23:04:32.147 INFO:teuthology.orchestra.run.smithi031.stdout:/usr/bin/ceph: stderr
2024-04-24T23:04:31.344+0000 7ff4ccff9700 1 -- 172.21.15.31:0/2158303107 <== mon.0 v2:172.21.15.31:3300/0 2 ==== config(27 keys) v1 ==== 1109+0+0 (secure 0 0 0) 0x7ff4c0010e70 con 0x7ff4d0101de0
2024-04-24T23:04:32.147 INFO:teuthology.orchestra.run.smithi031.stdout:/usr/bin/ceph: stderr
2024-04-24T23:04:31.344+0000 7ff4d6810700 1 -- 172.21.15.31:0/2158303107 --> [v2:172.21.15.31:3300/0,v1:172.21.15.31:6789/0] -- mon_subscribe({mgrmap=0+}) v3 -- 0x7ff4d010fba0 con 0x7ff4d0101de0
2024-04-24T23:04:32.147 INFO:teuthology.orchestra.run.smithi031.stdout:/usr/bin/ceph: stderr
2024-04-24T23:04:31.344+0000 7ff4d6810700 1 -- 172.21.15.31:0/2158303107 --> [v2:172.21.15.31:3300/0,v1:172.21.15.31:6789/0] -- mon_subscribe({osdmap=0}) v3 -- 0x7ff4d0110710 con 0x7ff4d0101de0
2024-04-24T23:04:32.147 INFO:teuthology.orchestra.run.smithi031.stdout:/usr/bin/ceph: stderr
2024-04-24T23:04:31.344+0000 7ff4ccff9700 1 -- 172.21.15.31:0/2158303107 <== mon.0 v2:172.21.15.31:3300/0 3 ==== mon_map magic: 0 v1 ==== 229+0+0 (secure 0 0 0) 0x7ff4c0024ea0 con 0x7ff4d0101de0
2024-04-24T23:04:32.147 INFO:teuthology.orchestra.run.smithi031.stdout:/usr/bin/ceph: stderr
2024-04-24T23:04:31.345+0000 7ff4ccff9700 1 -- 172.21.15.31:0/2158303107 <== mon.0 v2:172.21.15.31:3300/0 4 ==== mgrmap(e 8) v1 ==== 43376+0+0 (secure 0 0 0) 0x7ff4c001a500 con 0x7ff4d0101de0
2024-04-24T23:04:32.147 INFO:teuthology.orchestra.run.smithi031.stdout:/usr/bin/ceph: stderr
2024-04-24T23:04:31.345+0000 7ff4ccff9700 1 --2- 172.21.15.31:0/2158303107 >> [v2:172.21.15.31:6800/2092175909,v1:172.21.15.31:6801/2092175909] conn(0x7ff4b8038a90 0x7ff4b803af40 unknown :-1 s=NONE pgs=0 cs=0 l=1 rev1=0 crypto rx=0 tx=0 comp rx=0 tx=0).connect
2024-04-24T23:04:32.147 INFO:teuthology.orchestra.run.smithi031.stdout:/usr/bin/ceph: stderr
2024-04-24T23:04:31.345+0000 7ff4ccff9700 1 -- 172.21.15.31:0/2158303107 <== mon.0 v2:172.21.15.31:3300/0 5 ==== osd_map(2..2 src has 1..2) v4 ==== 936+0+0 (secure 0 0 0) 0x7ff4c004b710 con 0x7ff4d0101de0
2024-04-24T23:04:32.147 INFO:teuthology.orchestra.run.smithi031.stdout:/usr/bin/ceph: stderr
2024-04-24T23:04:31.345+0000 7ff4d6810700 1 -- 172.21.15.31:0/2158303107 --> [v2:172.21.15.31:3300/0,v1:172.21.15.31:6789/0] -- mon_command({"prefix": "get_command_descriptions"} v 0) v1 -- 0x7ff4bc0052e0 con 0x7ff4d0101de0
2024-04-24T23:04:32.147 INFO:teuthology.orchestra.run.smithi031.stdout:/usr/bin/ceph: stderr
2024-04-24T23:04:31.345+0000 7ff4cf7fe700 1 --2- 172.21.15.31:0/2158303107 >> [v2:172.21.15.31:6800/2092175909,v1:172.21.15.31:6801/2092175909] conn(0x7ff4b8038a90 0x7ff4b803af40 unknown :-1 s=BANNER_CONNECTING pgs=0 cs=0 l=1 rev1=0 crypto rx=0 tx=0 comp rx=0 tx=0)._handle_peer_banner_payload supported=3 required=0
2024-04-24T23:04:32.147 INFO:teuthology.orchestra.run.smithi031.stdout:/usr/bin/ceph: stderr
2024-04-24T23:04:31.346+0000 7ff4cf7fe700 1 --2- 172.21.15.31:0/2158303107 >> [v2:172.21.15.31:6800/2092175909,v1:172.21.15.31:6801/2092175909] conn(0x7ff4b8038a90 0x7ff4b803af40 secure :-1 s=READY pgs=16 cs=0 l=1 rev1=1 crypto rx=0x7ff4c4009990 tx=0x7ff4c4006e40 comp rx=0 tx=0).ready entity=mgr.14120 client_cookie=0 server_cookie=0 in_seq=0 out_seq=0
2024-04-24T23:04:32.148 INFO:teuthology.orchestra.run.smithi031.stdout:/usr/bin/ceph: stderr
2024-04-24T23:04:31.351+0000 7ff4ccff9700 1 -- 172.21.15.31:0/2158303107 <== mon.0 v2:172.21.15.31:3300/0 6 ==== mon_command_ack([{"prefix": "get_command_descriptions"}]=0 v0) v1 ==== 72+0+176702 (secure 0 0 0) 0x7ff4c0018940 con 0x7ff4d0101de0
2024-04-24T23:04:32.148 INFO:teuthology.orchestra.run.smithi031.stdout:/usr/bin/ceph: stderr
2024-04-24T23:04:31.567+0000 7ff4d6810700 1 -- 172.21.15.31:0/2158303107 --> [v2:172.21.15.31:6800/2092175909,v1:172.21.15.31:6801/2092175909] -- mgr_command(tid 0: {"prefix": "orch apply", "service_type": "grafana", "target": ["mon-mgr", ""]}) v1 -- 0x7ff4bc000bf0 con 0x7ff4b8038a90
2024-04-24T23:04:32.148 INFO:teuthology.orchestra.run.smithi031.stdout:/usr/bin/ceph: stderr
2024-04-24T23:04:31.572+0000 7ff4ccff9700 1 -- 172.21.15.31:0/2158303107 <== mgr.14120 v2:172.21.15.31:6800/2092175909 1 ==== mgr_command_reply(tid 0: 0 ) v1 ==== 8+0+28 (secure 0 0 0) 0x7ff4bc000bf0 con 0x7ff4b8038a90
2024-04-24T23:04:32.148 INFO:teuthology.orchestra.run.smithi031.stdout:/usr/bin/ceph: stderr
2024-04-24T23:04:31.575+0000 7ff4d6810700 1 -- 172.21.15.31:0/2158303107 >> [v2:172.21.15.31:6800/2092175909,v1:172.21.15.31:6801/2092175909] conn(0x7ff4b8038a90 msgr2=0x7ff4b803af40 secure :-1 s=STATE_CONNECTION_ESTABLISHED l=1).mark_down
2024-04-24T23:04:32.148 INFO:teuthology.orchestra.run.smithi031.stdout:/usr/bin/ceph: stderr
2024-04-24T23:04:31.575+0000 7ff4d6810700 1 --2- 172.21.15.31:0/2158303107 >> [v2:172.21.15.31:6800/2092175909,v1:172.21.15.31:6801/2092175909] conn(0x7ff4b8038a90 0x7ff4b803af40 secure :-1 s=READY pgs=16 cs=0 l=1 rev1=1 crypto rx=0x7ff4c4009990 tx=0x7ff4c4006e40 comp rx=0 tx=0).stop
2024-04-24T23:04:32.148 INFO:teuthology.orchestra.run.smithi031.stdout:/usr/bin/ceph: stderr
2024-04-24T23:04:31.575+0000 7ff4d6810700 1 -- 172.21.15.31:0/2158303107 >> [v2:172.21.15.31:3300/0,v1:172.21.15.31:6789/0] conn(0x7ff4d0101de0 msgr2=0x7ff4d010f460 secure :-1 s=STATE_CONNECTION_ESTABLISHED l=1).mark_down
2024-04-24T23:04:32.148 INFO:teuthology.orchestra.run.smithi031.stdout:/usr/bin/ceph: stderr
2024-04-24T23:04:31.575+0000 7ff4d6810700 1 --2- 172.21.15.31:0/2158303107 >> [v2:172.21.15.31:3300/0,v1:172.21.15.31:6789/0] conn(0x7ff4d0101de0 0x7ff4d010f460 secure :-1 s=READY pgs=56 cs=0 l=1 rev1=1 crypto rx=0x7ff4c0006d40 tx=0x7ff4c0009250 comp rx=0 tx=0).stop
2024-04-24T23:04:32.148 INFO:teuthology.orchestra.run.smithi031.stdout:/usr/bin/ceph: stderr
2024-04-24T23:04:31.575+0000 7ff4d6810700 1 -- 172.21.15.31:0/2158303107 shutdown_connections
2024-04-24T23:04:32.148 INFO:teuthology.orchestra.run.smithi031.stdout:/usr/bin/ceph: stderr
2024-04-24T23:04:31.575+0000 7ff4d6810700 1 --2- 172.21.15.31:0/2158303107 >> [v2:172.21.15.31:6800/2092175909,v1:172.21.15.31:6801/2092175909] conn(0x7ff4b8038a90 0x7ff4b803af40 unknown :-1 s=CLOSED pgs=16 cs=0 l=1 rev1=1 crypto rx=0 tx=0 comp rx=0 tx=0).stop
2024-04-24T23:04:32.148 INFO:teuthology.orchestra.run.smithi031.stdout:/usr/bin/ceph: stderr
2024-04-24T23:04:31.575+0000 7ff4d6810700 1 --2- 172.21.15.31:0/2158303107 >> [v2:172.21.15.31:3300/0,v1:172.21.15.31:6789/0] conn(0x7ff4d0101de0 0x7ff4d010f460 unknown :-1 s=CLOSED pgs=56 cs=0 l=1 rev1=1 crypto rx=0 tx=0 comp rx=0 tx=0).stop
2024-04-24T23:04:32.148 INFO:teuthology.orchestra.run.smithi031.stdout:/usr/bin/ceph: stderr
2024-04-24T23:04:31.575+0000 7ff4d6810700 1 -- 172.21.15.31:0/2158303107 >> 172.21.15.31:0/2158303107 conn(0x7ff4d00fc690 msgr2=0x7ff4d00fd230 unknown :-1 s=STATE_NONE l=0).mark_down
2024-04-24T23:04:32.148 INFO:teuthology.orchestra.run.smithi031.stdout:/usr/bin/ceph: stderr
2024-04-24T23:04:31.575+0000 7ff4d6810700 1 -- 172.21.15.31:0/2158303107 shutdown_connections
2024-04-24T23:04:32.148 INFO:teuthology.orchestra.run.smithi031.stdout:/usr/bin/ceph: stderr
2024-04-24T23:04:31.575+0000 7ff4d6810700 1 -- 172.21.15.31:0/2158303107 wait complete.
2024-04-24T23:04:32.148 INFO:teuthology.orchestra.run.smithi031.stdout:Deploying node-exporter service with default placement...
2024-04-24T23:04:32.517 INFO:journalctl@ceph.mon.smithi031.smithi031.stdout:Apr 24 23:04:32 smithi031 ceph-mon[26411]: from='mgr.14120 172.21.15.31:0/1771444548' entity='mgr.smithi031.rrnmwr'
2024-04-24T23:04:32.518 INFO:journalctl@ceph.mon.smithi031.smithi031.stdout:Apr 24 23:04:32 smithi031 ceph-mon[26411]: from='client.14150 -' entity='client.admin' cmd=[{"prefix": "orch apply", "service_type": "grafana", "target": ["mon-mgr", ""]}]: dispatch
2024-04-24T23:04:32.518 INFO:journalctl@ceph.mon.smithi031.smithi031.stdout:Apr 24 23:04:32 smithi031 ceph-mon[26411]: Saving service grafana spec with placement count:1
