2024-04-24T23:05:25.320+0000 7fdf33fff700 1 --2- 172.21.15.112:0/3550697407 >> [v2:172.21.15.112:6800/2319978079,v1:172.21.15.112:6801/2319978079] conn(0x7fdf24039050 0x7fdf2403b510 unknown :-1 s=START_CONNECT pgs=0 cs=0 l=1 rev1=0 crypto rx=0 tx=0 comp rx=0 tx=0)._fault waiting 3.200000
2024-04-24T23:05:28.288 INFO:teuthology.orchestra.run.smithi112.stdout:/usr/bin/ceph: stderr
2024-04-24T23:05:26.704+0000 7fdf31ffb700 1 -- 172.21.15.112:0/3550697407 <== mon.0 v2:172.21.15.112:3300/0 6 ==== mgrmap(e 10) ==== 46067+0+0 (secure 0 0 0) 0x7fdf2802d960 con 0x7fdf34108780
2024-04-24T23:05:28.288 INFO:teuthology.orchestra.run.smithi112.stdout:/usr/bin/ceph: stderr
2024-04-24T23:05:26.704+0000 7fdf31ffb700 1 -- 172.21.15.112:0/3550697407 >> [v2:172.21.15.112:6800/2319978079,v1:172.21.15.112:6801/2319978079] conn(0x7fdf24039050 msgr2=0x7fdf2403b510 unknown :-1 s=STATE_CONNECTING l=1).mark_down
2024-04-24T23:05:28.288 INFO:teuthology.orchestra.run.smithi112.stdout:/usr/bin/ceph: stderr
2024-04-24T23:05:26.704+0000 7fdf31ffb700 1 --2- 172.21.15.112:0/3550697407 >> [v2:172.21.15.112:6800/2319978079,v1:172.21.15.112:6801/2319978079] conn(0x7fdf24039050 0x7fdf2403b510 unknown :-1 s=START_CONNECT pgs=0 cs=0 l=1 rev1=0 crypto rx=0 tx=0 comp rx=0 tx=0).stop
2024-04-24T23:05:28.288 INFO:teuthology.orchestra.run.smithi112.stdout:/usr/bin/ceph: stderr
2024-04-24T23:05:27.705+0000 7fdf31ffb700 1 -- 172.21.15.112:0/3550697407 <== mon.0 v2:172.21.15.112:3300/0 7 ==== mgrmap(e 11) ==== 46194+0+0 (secure 0 0 0) 0x7fdf28019d20 con 0x7fdf34108780
2024-04-24T23:05:28.288 INFO:teuthology.orchestra.run.smithi112.stdout:/usr/bin/ceph: stderr
2024-04-24T23:05:27.705+0000 7fdf31ffb700 1 --2- 172.21.15.112:0/3550697407 >> [v2:172.21.15.112:6800/2191305617,v1:172.21.15.112:6801/2191305617] conn(0x7fdf2403cb10 0x7fdf2403ef00 unknown :-1 s=NONE pgs=0 cs=0 l=1 rev1=0 crypto rx=0 tx=0 comp rx=0 tx=0).connect
2024-04-24T23:05:28.288 INFO:teuthology.orchestra.run.smithi112.stdout:/usr/bin/ceph: stderr
2024-04-24T23:05:27.705+0000 7fdf31ffb700 1 -- 172.21.15.112:0/3550697407 --> [v2:172.21.15.112:6800/2191305617,v1:172.21.15.112:6801/2191305617] -- command(tid 0: {"prefix": "get_command_descriptions"}) -- 0x7fdf28001d30 con 0x7fdf2403cb10
2024-04-24T23:05:28.288 INFO:teuthology.orchestra.run.smithi112.stdout:/usr/bin/ceph: stderr
2024-04-24T23:05:27.705+0000 7fdf33fff700 1 --2- 172.21.15.112:0/3550697407 >> [v2:172.21.15.112:6800/2191305617,v1:172.21.15.112:6801/2191305617] conn(0x7fdf2403cb10 0x7fdf2403ef00 unknown :-1 s=BANNER_CONNECTING pgs=0 cs=0 l=1 rev1=0 crypto rx=0 tx=0 comp rx=0 tx=0)._handle_peer_banner_payload supported=3 required=0
2024-04-24T23:05:28.288 INFO:teuthology.orchestra.run.smithi112.stdout:/usr/bin/ceph: stderr
2024-04-24T23:05:27.706+0000 7fdf33fff700 1 --2- 172.21.15.112:0/3550697407 >> [v2:172.21.15.112:6800/2191305617,v1:172.21.15.112:6801/2191305617] conn(0x7fdf2403cb10 0x7fdf2403ef00 secure :-1 s=READY pgs=1 cs=0 l=1 rev1=1 crypto rx=0x7fdf20003a10 tx=0x7fdf200092b0 comp rx=0 tx=0).ready entity=mgr.14150 client_cookie=0 server_cookie=0 in_seq=0 out_seq=0
2024-04-24T23:05:28.289 INFO:teuthology.orchestra.run.smithi112.stdout:/usr/bin/ceph: stderr
2024-04-24T23:05:27.707+0000 7fdf31ffb700 1 -- 172.21.15.112:0/3550697407 <== mgr.14150 v2:172.21.15.112:6800/2191305617 1 ==== command_reply(tid 0: 0 ) ==== 8+0+7774 (secure 0 0 0) 0x7fdf28001d30 con 0x7fdf2403cb10
2024-04-24T23:05:28.289 INFO:teuthology.orchestra.run.smithi112.stdout:/usr/bin/ceph: stderr
2024-04-24T23:05:27.713+0000 7fdf3af71700 1 -- 172.21.15.112:0/3550697407 --> [v2:172.21.15.112:6800/2191305617,v1:172.21.15.112:6801/2191305617] -- command(tid 1: {"prefix": "mgr_status"}) -- 0x7fdf34063890 con 0x7fdf2403cb10
2024-04-24T23:05:28.289 INFO:teuthology.orchestra.run.smithi112.stdout:/usr/bin/ceph: stderr
2024-04-24T23:05:27.713+0000 7fdf31ffb700 1 -- 172.21.15.112:0/3550697407 <== mgr.14150 v2:172.21.15.112:6800/2191305617 2 ==== command_reply(tid 1: 0 ) ==== 8+0+52 (secure 0 0 0) 0x7fdf34063890 con 0x7fdf2403cb10
2024-04-24T23:05:28.289 INFO:teuthology.orchestra.run.smithi112.stdout:/usr/bin/ceph: stderr
2024-04-24T23:05:27.714+0000 7fdf3af71700 1 -- 172.21.15.112:0/3550697407 >> [v2:172.21.15.112:6800/2191305617,v1:172.21.15.112:6801/2191305617] conn(0x7fdf2403cb10 msgr2=0x7fdf2403ef00 secure :-1 s=STATE_CONNECTION_ESTABLISHED l=1).mark_down
2024-04-24T23:05:28.289 INFO:teuthology.orchestra.run.smithi112.stdout:/usr/bin/ceph: stderr
2024-04-24T23:05:27.714+0000 7fdf3af71700 1 --2- 172.21.15.112:0/3550697407 >> [v2:172.21.15.112:6800/2191305617,v1:172.21.15.112:6801/2191305617] conn(0x7fdf2403cb10 0x7fdf2403ef00 secure :-1 s=READY pgs=1 cs=0 l=1 rev1=1 crypto rx=0x7fdf20003a10 tx=0x7fdf200092b0 comp rx=0 tx=0).stop
2024-04-24T23:05:28.289 INFO:teuthology.orchestra.run.smithi112.stdout:/usr/bin/ceph: stderr
2024-04-24T23:05:27.714+0000 7fdf3af71700 1 -- 172.21.15.112:0/3550697407 >> [v2:172.21.15.112:3300/0,v1:172.21.15.112:6789/0] conn(0x7fdf34108780 msgr2=0x7fdf3419bc90 secure :-1 s=STATE_CONNECTION_ESTABLISHED l=1).mark_down
2024-04-24T23:05:28.289 INFO:teuthology.orchestra.run.smithi112.stdout:/usr/bin/ceph: stderr
2024-04-24T23:05:27.714+0000 7fdf3af71700 1 --2- 172.21.15.112:0/3550697407 >> [v2:172.21.15.112:3300/0,v1:172.21.15.112:6789/0] conn(0x7fdf34108780 0x7fdf3419bc90 secure :-1 s=READY pgs=60 cs=0 l=1 rev1=1 crypto rx=0x7fdf28011690 tx=0x7fdf28011ca0 comp rx=0 tx=0).stop
2024-04-24T23:05:28.289 INFO:teuthology.orchestra.run.smithi112.stdout:/usr/bin/ceph: stderr
2024-04-24T23:05:27.714+0000 7fdf3af71700 1 -- 172.21.15.112:0/3550697407 shutdown_connections
2024-04-24T23:05:28.289 INFO:teuthology.orchestra.run.smithi112.stdout:/usr/bin/ceph: stderr
2024-04-24T23:05:27.714+0000 7fdf3af71700 1 --2- 172.21.15.112:0/3550697407 >> [v2:172.21.15.112:3300/0,v1:172.21.15.112:6789/0] conn(0x7fdf34108780 0x7fdf3419bc90 unknown :-1 s=CLOSED pgs=60 cs=0 l=1 rev1=1 crypto rx=0 tx=0 comp rx=0 tx=0).stop
2024-04-24T23:05:28.289 INFO:teuthology.orchestra.run.smithi112.stdout:/usr/bin/ceph: stderr
2024-04-24T23:05:27.714+0000 7fdf3af71700 1 --2- 172.21.15.112:0/3550697407 >> [v2:172.21.15.112:6800/2191305617,v1:172.21.15.112:6801/2191305617] conn(0x7fdf2403cb10 0x7fdf2403ef00 unknown :-1 s=CLOSED pgs=1 cs=0 l=1 rev1=1 crypto rx=0 tx=0 comp rx=0 tx=0).stop
2024-04-24T23:05:28.289 INFO:teuthology.orchestra.run.smithi112.stdout:/usr/bin/ceph: stderr
2024-04-24T23:05:27.714+0000 7fdf3af71700 1 --2- 172.21.15.112:0/3550697407 >> [v2:172.21.15.112:6800/2319978079,v1:172.21.15.112:6801/2319978079] conn(0x7fdf24039050 0x7fdf2403b510 unknown :-1 s=CLOSED pgs=0 cs=0 l=1 rev1=0 crypto rx=0 tx=0 comp rx=0 tx=0).stop
2024-04-24T23:05:28.289 INFO:teuthology.orchestra.run.smithi112.stdout:/usr/bin/ceph: stderr
2024-04-24T23:05:27.714+0000 7fdf3af71700 1 -- 172.21.15.112:0/3550697407 >> 172.21.15.112:0/3550697407 conn(0x7fdf34102190 msgr2=0x7fdf34102c30 unknown :-1 s=STATE_NONE l=0).mark_down
2024-04-24T23:05:28.290 INFO:teuthology.orchestra.run.smithi112.stdout:/usr/bin/ceph: stderr
2024-04-24T23:05:27.714+0000 7fdf3af71700 1 -- 172.21.15.112:0/3550697407 shutdown_connections
2024-04-24T23:05:28.290 INFO:teuthology.orchestra.run.smithi112.stdout:/usr/bin/ceph: stderr
2024-04-24T23:05:27.714+0000 7fdf3af71700 1 -- 172.21.15.112:0/3550697407 wait complete.
2024-04-24T23:05:28.290 INFO:teuthology.orchestra.run.smithi112.stdout:mgr epoch 9 is available
2024-04-24T23:05:28.290 INFO:teuthology.orchestra.run.smithi112.stdout:Generating a dashboard self-signed certificate...
2024-04-24T23:05:28.943 INFO:journalctl@ceph.mon.a.smithi112.stdout:Apr 24 23:05:28 smithi112 ceph-mon[29186]: [24/Apr/2024:23:05:27] ENGINE Serving on http://172.21.15.112:8765
2024-04-24T23:05:28.943 INFO:journalctl@ceph.mon.a.smithi112.stdout:Apr 24 23:05:28 smithi112 ceph-mon[29186]: [24/Apr/2024:23:05:27] ENGINE Serving on https://172.21.15.112:7150
2024-04-24T23:05:28.943 INFO:journalctl@ceph.mon.a.smithi112.stdout:Apr 24 23:05:28 smithi112 ceph-mon[29186]: [24/Apr/2024:23:05:27] ENGINE Bus STARTED
2024-04-24T23:05:28.943 INFO:journalctl@ceph.mon.a.smithi112.stdout:Apr 24 23:05:28 smithi112 ceph-mon[29186]: from='client.14154 -' entity='client.admin' cmd=[{"prefix": "get_command_descriptions"}]: dispatch
2024-04-24T23:05:28.943 INFO:journalctl@ceph.mon.a.smithi112.stdout:Apr 24 23:05:28 smithi112 ceph-mon[29186]: from='client.14154 -' entity='client.admin' cmd=[{"prefix": "mgr_status"}]: dispatch
2024-04-24T23:05:28.943 INFO:journalctl@ceph.mon.a.smithi112.stdout:Apr 24 23:05:28 smithi112 ceph-mon[29186]: from='mgr.14150 172.21.15.112:0/2803439816' entity='mgr.x'
2024-04-24T23:05:29.871 INFO:teuthology.orchestra.run.smithi112.stdout:/usr/bin/ceph: stdout Self-signed certificate created
2024-04-24T23:05:29.872 INFO:teuthology.orchestra.run.smithi112.stdout:/usr/bin/ceph: stderr
2024-04-24T23:05:28.968+0000 7faf30f09700 1 Processor -- start
2024-04-24T23:05:29.872 INFO:teuthology.orchestra.run.smithi112.stdout:/usr/bin/ceph: stderr
2024-04-24T23:05:28.968+0000 7faf30f09700 1 -- start start
2024-04-24T23:05:29.872 INFO:teuthology.orchestra.run.smithi112.stdout:/usr/bin/ceph: stderr
2024-04-24T23:05:28.968+0000 7faf30f09700 1 --2- >> [v2:172.21.15.112:3300/0,v1:172.21.15.112:6789/0] conn(0x7faf2c108140 0x7faf2c108560 unknown :-1 s=NONE pgs=0 cs=0 l=0 rev1=0 crypto rx=0 tx=0 comp rx=0 tx=0).connect
2024-04-24T23:05:29.872 INFO:teuthology.orchestra.run.smithi112.stdout:/usr/bin/ceph: stderr
2024-04-24T23:05:28.968+0000 7faf30f09700 1 -- --> [v2:172.21.15.112:3300/0,v1:172.21.15.112:6789/0] -- mon_getmap magic: 0 -- 0x7faf2c108b30 con 0x7faf2c108140
2024-04-24T23:05:29.872 INFO:teuthology.orchestra.run.smithi112.stdout:/usr/bin/ceph: stderr
2024-04-24T23:05:28.969+0000 7faf2a59c700 1 --2- >> [v2:172.21.15.112:3300/0,v1:172.21.15.112:6789/0] conn(0x7faf2c108140 0x7faf2c108560 unknown :-1 s=BANNER_CONNECTING pgs=0 cs=0 l=0 rev1=0 crypto rx=0 tx=0 comp rx=0 tx=0)._handle_peer_banner_payload supported=3 required=0
2024-04-24T23:05:29.872 INFO:teuthology.orchestra.run.smithi112.stdout:/usr/bin/ceph: stderr
2024-04-24T23:05:28.969+0000 7faf2a59c700 1 --2- >> [v2:172.21.15.112:3300/0,v1:172.21.15.112:6789/0] conn(0x7faf2c108140 0x7faf2c108560 unknown :-1 s=HELLO_CONNECTING pgs=0 cs=0 l=0 rev1=1 crypto rx=0 tx=0 comp rx=0 tx=0).handle_hello peer v2:172.21.15.112:3300/0 says I am v2:172.21.15.112:56850/0 (socket says 172.21.15.112:56850)
2024-04-24T23:05:29.872 INFO:teuthology.orchestra.run.smithi112.stdout:/usr/bin/ceph: stderr
2024-04-24T23:05:28.969+0000 7faf2a59c700 1 -- 172.21.15.112:0/254762370 learned_addr learned my addr 172.21.15.112:0/254762370 (peer_addr_for_me v2:172.21.15.112:0/0)
2024-04-24T23:05:29.872 INFO:teuthology.orchestra.run.smithi112.stdout:/usr/bin/ceph: stderr
2024-04-24T23:05:28.969+0000 7faf2a59c700 1 -- 172.21.15.112:0/254762370 --> [v2:172.21.15.112:3300/0,v1:172.21.15.112:6789/0] -- mon_subscribe({config=0+,monmap=0+}) -- 0x7faf2c106da0 con 0x7faf2c108140
2024-04-24T23:05:29.872 INFO:teuthology.orchestra.run.smithi112.stdout:/usr/bin/ceph: stderr
2024-04-24T23:05:28.969+0000 7faf2a59c700 1 --2- 172.21.15.112:0/254762370 >> [v2:172.21.15.112:3300/0,v1:172.21.15.112:6789/0] conn(0x7faf2c108140 0x7faf2c108560 secure :-1 s=READY pgs=68 cs=0 l=1 rev1=1 crypto rx=0x7faf200098a0 tx=0x7faf20009bb0 comp rx=0 tx=0).ready entity=mon.0 client_cookie=d0608c5fa3c0d856 server_cookie=0 in_seq=0 out_seq=0
2024-04-24T23:05:29.872 INFO:teuthology.orchestra.run.smithi112.stdout:/usr/bin/ceph: stderr
2024-04-24T23:05:28.969+0000 7faf2959a700 1 -- 172.21.15.112:0/254762370 <== mon.0 v2:172.21.15.112:3300/0 1 ==== mon_map magic: 0 ==== 205+0+0 (secure 0 0 0) 0x7faf20004160 con 0x7faf2c108140
2024-04-24T23:05:29.872 INFO:teuthology.orchestra.run.smithi112.stdout:/usr/bin/ceph: stderr
2024-04-24T23:05:28.969+0000 7faf2959a700 1 -- 172.21.15.112:0/254762370 <== mon.0 v2:172.21.15.112:3300/0 2 ==== config(28 keys) ==== 1174+0+0 (secure 0 0 0) 0x7faf20004300 con 0x7faf2c108140
2024-04-24T23:05:29.872 INFO:teuthology.orchestra.run.smithi112.stdout:/usr/bin/ceph: stderr
2024-04-24T23:05:28.969+0000 7faf2959a700 1 -- 172.21.15.112:0/254762370 <== mon.0 v2:172.21.15.112:3300/0 3 ==== mon_map magic: 0 ==== 205+0+0 (secure 0 0 0) 0x7faf20011bb0 con 0x7faf2c108140
2024-04-24T23:05:29.872 INFO:teuthology.orchestra.run.smithi112.stdout:/usr/bin/ceph: stderr
2024-04-24T23:05:28.970+0000 7faf30f09700 1 -- 172.21.15.112:0/254762370 >> [v2:172.21.15.112:3300/0,v1:172.21.15.112:6789/0] conn(0x7faf2c108140 msgr2=0x7faf2c108560 secure :-1 s=STATE_CONNECTION_ESTABLISHED l=1).mark_down
2024-04-24T23:05:29.873 INFO:teuthology.orchestra.run.smithi112.stdout:/usr/bin/ceph: stderr
2024-04-24T23:05:28.970+0000 7faf30f09700 1 --2- 172.21.15.112:0/254762370 >> [v2:172.21.15.112:3300/0,v1:172.21.15.112:6789/0] conn(0x7faf2c108140 0x7faf2c108560 secure :-1 s=READY pgs=68 cs=0 l=1 rev1=1 crypto rx=0x7faf200098a0 tx=0x7faf20009bb0 comp rx=0 tx=0).stop
2024-04-24T23:05:29.873 INFO:teuthology.orchestra.run.smithi112.stdout:/usr/bin/ceph: stderr
2024-04-24T23:05:28.970+0000 7faf30f09700 1 -- 172.21.15.112:0/254762370 shutdown_connections
2024-04-24T23:05:29.873 INFO:teuthology.orchestra.run.smithi112.stdout:/usr/bin/ceph: stderr
2024-04-24T23:05:28.970+0000 7faf30f09700 1 --2- 172.21.15.112:0/254762370 >> [v2:172.21.15.112:3300/0,v1:172.21.15.112:6789/0] conn(0x7faf2c108140 0x7faf2c108560 unknown :-1 s=CLOSED pgs=68 cs=0 l=1 rev1=1 crypto rx=0 tx=0 comp rx=0 tx=0).stop
2024-04-24T23:05:29.873 INFO:teuthology.orchestra.run.smithi112.stdout:/usr/bin/ceph: stderr
2024-04-24T23:05:28.970+0000 7faf30f09700 1 -- 172.21.15.112:0/254762370 >> 172.21.15.112:0/254762370 conn(0x7faf2c101930 msgr2=0x7faf2c103d50 unknown :-1 s=STATE_NONE l=0).mark_down
2024-04-24T23:05:29.873 INFO:teuthology.orchestra.run.smithi112.stdout:/usr/bin/ceph: stderr
2024-04-24T23:05:28.970+0000 7faf30f09700 1 -- 172.21.15.112:0/254762370 shutdown_connections
2024-04-24T23:05:29.873 INFO:teuthology.orchestra.run.smithi112.stdout:/usr/bin/ceph: stderr
2024-04-24T23:05:28.970+0000 7faf30f09700 1 -- 172.21.15.112:0/254762370 wait complete.
2024-04-24T23:05:29.873 INFO:teuthology.orchestra.run.smithi112.stdout:/usr/bin/ceph: stderr
2024-04-24T23:05:28.971+0000 7faf30f09700 1 Processor -- start
2024-04-24T23:05:29.873 INFO:teuthology.orchestra.run.smithi112.stdout:/usr/bin/ceph: stderr
2024-04-24T23:05:28.971+0000 7faf30f09700 1 -- start start
2024-04-24T23:05:29.873 INFO:teuthology.orchestra.run.smithi112.stdout:/usr/bin/ceph: stderr
2024-04-24T23:05:28.971+0000 7faf30f09700 1 --2- >> [v2:172.21.15.112:3300/0,v1:172.21.15.112:6789/0] conn(0x7faf2c108140 0x7faf2c19bd10 unknown :-1 s=NONE pgs=0 cs=0 l=1 rev1=0 crypto rx=0 tx=0 comp rx=0 tx=0).connect
2024-04-24T23:05:29.873 INFO:teuthology.orchestra.run.smithi112.stdout:/usr/bin/ceph: stderr
2024-04-24T23:05:28.971+0000 7faf30f09700 1 -- --> [v2:172.21.15.112:3300/0,v1:172.21.15.112:6789/0] -- mon_getmap magic: 0 -- 0x7faf2c10b160 con 0x7faf2c108140
2024-04-24T23:05:29.873 INFO:teuthology.orchestra.run.smithi112.stdout:/usr/bin/ceph: stderr
2024-04-24T23:05:28.971+0000 7faf2a59c700 1 --2- >> [v2:172.21.15.112:3300/0,v1:172.21.15.112:6789/0] conn(0x7faf2c108140 0x7faf2c19bd10 unknown :-1 s=BANNER_CONNECTING pgs=0 cs=0 l=1 rev1=0 crypto rx=0 tx=0 comp rx=0 tx=0)._handle_peer_banner_payload supported=3 required=0
2024-04-24T23:05:29.873 INFO:teuthology.orchestra.run.smithi112.stdout:/usr/bin/ceph: stderr
2024-04-24T23:05:28.971+0000 7faf2a59c700 1 --2- >> [v2:172.21.15.112:3300/0,v1:172.21.15.112:6789/0] conn(0x7faf2c108140 0x7faf2c19bd10 unknown :-1 s=HELLO_CONNECTING pgs=0 cs=0 l=1 rev1=1 crypto rx=0 tx=0 comp rx=0 tx=0).handle_hello peer v2:172.21.15.112:3300/0 says I am v2:172.21.15.112:56860/0 (socket says 172.21.15.112:56860)
2024-04-24T23:05:29.873 INFO:teuthology.orchestra.run.smithi112.stdout:/usr/bin/ceph: stderr
2024-04-24T23:05:28.971+0000 7faf2a59c700 1 -- 172.21.15.112:0/4056582989 learned_addr learned my addr 172.21.15.112:0/4056582989 (peer_addr_for_me v2:172.21.15.112:0/0)
2024-04-24T23:05:29.873 INFO:teuthology.orchestra.run.smithi112.stdout:/usr/bin/ceph: stderr
2024-04-24T23:05:28.972+0000 7faf2a59c700 1 -- 172.21.15.112:0/4056582989 --> [v2:172.21.15.112:3300/0,v1:172.21.15.112:6789/0] -- mon_subscribe({config=0+,monmap=0+}) -- 0x7faf2c19c250 con 0x7faf2c108140
2024-04-24T23:05:29.874 INFO:teuthology.orchestra.run.smithi112.stdout:/usr/bin/ceph: stderr
2024-04-24T23:05:28.972+0000 7faf2a59c700 1 --2- 172.21.15.112:0/4056582989 >> [v2:172.21.15.112:3300/0,v1:172.21.15.112:6789/0] conn(0x7faf2c108140 0x7faf2c19bd10 secure :-1 s=READY pgs=69 cs=0 l=1 rev1=1 crypto rx=0x7faf20000c00 tx=0x7faf20011c30 comp rx=0 tx=0).ready entity=mon.0 client_cookie=0 server_cookie=0 in_seq=0 out_seq=0
2024-04-24T23:05:29.874 INFO:teuthology.orchestra.run.smithi112.stdout:/usr/bin/ceph: stderr
2024-04-24T23:05:28.972+0000 7faf1b7fe700 1 -- 172.21.15.112:0/4056582989 <== mon.0 v2:172.21.15.112:3300/0 1 ==== mon_map magic: 0 ==== 205+0+0 (secure 0 0 0) 0x7faf20011e60 con 0x7faf2c108140
2024-04-24T23:05:29.874 INFO:teuthology.orchestra.run.smithi112.stdout:/usr/bin/ceph: stderr
2024-04-24T23:05:28.972+0000 7faf1b7fe700 1 -- 172.21.15.112:0/4056582989 <== mon.0 v2:172.21.15.112:3300/0 2 ==== config(28 keys) ==== 1174+0+0 (secure 0 0 0) 0x7faf200039f0 con 0x7faf2c108140
2024-04-24T23:05:29.874 INFO:teuthology.orchestra.run.smithi112.stdout:/usr/bin/ceph: stderr
2024-04-24T23:05:28.972+0000 7faf30f09700 1 -- 172.21.15.112:0/4056582989 --> [v2:172.21.15.112:3300/0,v1:172.21.15.112:6789/0] -- mon_subscribe({mgrmap=0+}) -- 0x7faf2c19c4e0 con 0x7faf2c108140
2024-04-24T23:05:29.874 INFO:teuthology.orchestra.run.smithi112.stdout:/usr/bin/ceph: stderr
2024-04-24T23:05:28.972+0000 7faf30f09700 1 -- 172.21.15.112:0/4056582989 --> [v2:172.21.15.112:3300/0,v1:172.21.15.112:6789/0] -- mon_subscribe({osdmap=0}) -- 0x7faf2c19c940 con 0x7faf2c108140
2024-04-24T23:05:29.874 INFO:teuthology.orchestra.run.smithi112.stdout:/usr/bin/ceph: stderr
2024-04-24T23:05:28.972+0000 7faf1b7fe700 1 -- 172.21.15.112:0/4056582989 <== mon.0 v2:172.21.15.112:3300/0 3 ==== mon_map magic: 0 ==== 205+0+0 (secure 0 0 0) 0x7faf2001a5a0 con 0x7faf2c108140
2024-04-24T23:05:29.874 INFO:teuthology.orchestra.run.smithi112.stdout:/usr/bin/ceph: stderr
2024-04-24T23:05:28.973+0000 7faf1b7fe700 1 -- 172.21.15.112:0/4056582989 <== mon.0 v2:172.21.15.112:3300/0 4 ==== mgrmap(e 11) ==== 46194+0+0 (secure 0 0 0) 0x7faf2001a8c0 con 0x7faf2c108140
2024-04-24T23:05:29.874 INFO:teuthology.orchestra.run.smithi112.stdout:/usr/bin/ceph: stderr
2024-04-24T23:05:28.973+0000 7faf30f09700 1 -- 172.21.15.112:0/4056582989 --> [v2:172.21.15.112:3300/0,v1:172.21.15.112:6789/0] -- mon_command({"prefix": "get_command_descriptions"} v 0) -- 0x7faf0c005360 con 0x7faf2c108140
2024-04-24T23:05:29.874 INFO:teuthology.orchestra.run.smithi112.stdout:/usr/bin/ceph: stderr
2024-04-24T23:05:28.973+0000 7faf1b7fe700 1 --2- 172.21.15.112:0/4056582989 >> [v2:172.21.15.112:6800/2191305617,v1:172.21.15.112:6801/2191305617] conn(0x7faf14038f30 0x7faf1403b3f0 unknown :-1 s=NONE pgs=0 cs=0 l=1 rev1=0 crypto rx=0 tx=0 comp rx=0 tx=0).connect
2024-04-24T23:05:29.874 INFO:teuthology.orchestra.run.smithi112.stdout:/usr/bin/ceph: stderr
2024-04-24T23:05:28.973+0000 7faf1b7fe700 1 -- 172.21.15.112:0/4056582989 <== mon.0 v2:172.21.15.112:3300/0 5 ==== osd_map(3..3 src has 1..3) ==== 1155+0+0 (secure 0 0 0) 0x7faf2004d0f0 con 0x7faf2c108140
2024-04-24T23:05:29.874 INFO:teuthology.orchestra.run.smithi112.stdout:/usr/bin/ceph: stderr
2024-04-24T23:05:28.973+0000 7faf29d9b700 1 --2- 172.21.15.112:0/4056582989 >> [v2:172.21.15.112:6800/2191305617,v1:172.21.15.112:6801/2191305617] conn(0x7faf14038f30 0x7faf1403b3f0 unknown :-1 s=BANNER_CONNECTING pgs=0 cs=0 l=1 rev1=0 crypto rx=0 tx=0 comp rx=0 tx=0)._handle_peer_banner_payload supported=3 required=0
2024-04-24T23:05:29.874 INFO:teuthology.orchestra.run.smithi112.stdout:/usr/bin/ceph: stderr
2024-04-24T23:05:28.974+0000 7faf29d9b700 1 --2- 172.21.15.112:0/4056582989 >> [v2:172.21.15.112:6800/2191305617,v1:172.21.15.112:6801/2191305617] conn(0x7faf14038f30 0x7faf1403b3f0 secure :-1 s=READY pgs=7 cs=0 l=1 rev1=1 crypto rx=0x7faf1c006fd0 tx=0x7faf1c006e40 comp rx=0 tx=0).ready entity=mgr.14150 client_cookie=0 server_cookie=0 in_seq=0 out_seq=0
2024-04-24T23:05:29.874 INFO:teuthology.orchestra.run.smithi112.stdout:/usr/bin/ceph: stderr
2024-04-24T23:05:28.978+0000 7faf1b7fe700 1 -- 172.21.15.112:0/4056582989 <== mon.0 v2:172.21.15.112:3300/0 6 ==== mon_command_ack([{"prefix": "get_command_descriptions"}]=0 v0) ==== 72+0+186147 (secure 0 0 0) 0x7faf20020240 con 0x7faf2c108140
2024-04-24T23:05:29.874 INFO:teuthology.orchestra.run.smithi112.stdout:/usr/bin/ceph: stderr
2024-04-24T23:05:29.191+0000 7faf30f09700 1 -- 172.21.15.112:0/4056582989 --> [v2:172.21.15.112:6800/2191305617,v1:172.21.15.112:6801/2191305617] -- mgr_command(tid 0: {"prefix": "dashboard create-self-signed-cert", "target": ["mon-mgr", ""]}) -- 0x7faf0c000bf0 con 0x7faf14038f30
2024-04-24T23:05:29.875 INFO:teuthology.orchestra.run.smithi112.stdout:/usr/bin/ceph: stderr
2024-04-24T23:05:29.288+0000 7faf1b7fe700 1 -- 172.21.15.112:0/4056582989 <== mgr.14150 v2:172.21.15.112:6800/2191305617 1 ==== mgr_command_reply(tid 0: 0 ) ==== 8+0+32 (secure 0 0 0) 0x7faf0c000bf0 con 0x7faf14038f30
2024-04-24T23:05:29.875 INFO:teuthology.orchestra.run.smithi112.stdout:/usr/bin/ceph: stderr
2024-04-24T23:05:29.290+0000 7faf30f09700 1 -- 172.21.15.112:0/4056582989 >> [v2:172.21.15.112:6800/2191305617,v1:172.21.15.112:6801/2191305617] conn(0x7faf14038f30 msgr2=0x7faf1403b3f0 secure :-1 s=STATE_CONNECTION_ESTABLISHED l=1).mark_down
2024-04-24T23:05:29.875 INFO:teuthology.orchestra.run.smithi112.stdout:/usr/bin/ceph: stderr
2024-04-24T23:05:29.290+0000 7faf30f09700 1 --2- 172.21.15.112:0/4056582989 >> [v2:172.21.15.112:6800/2191305617,v1:172.21.15.112:6801/2191305617] conn(0x7faf14038f30 0x7faf1403b3f0 secure :-1 s=READY pgs=7 cs=0 l=1 rev1=1 crypto rx=0x7faf1c006fd0 tx=0x7faf1c006e40 comp rx=0 tx=0).stop
2024-04-24T23:05:29.875 INFO:teuthology.orchestra.run.smithi112.stdout:/usr/bin/ceph: stderr
2024-04-24T23:05:29.290+0000 7faf30f09700 1 -- 172.21.15.112:0/4056582989 >> [v2:172.21.15.112:3300/0,v1:172.21.15.112:6789/0] conn(0x7faf2c108140 msgr2=0x7faf2c19bd10 secure :-1 s=STATE_CONNECTION_ESTABLISHED l=1).mark_down
2024-04-24T23:05:29.875 INFO:teuthology.orchestra.run.smithi112.stdout:/usr/bin/ceph: stderr
2024-04-24T23:05:29.290+0000 7faf30f09700 1 --2- 172.21.15.112:0/4056582989 >> [v2:172.21.15.112:3300/0,v1:172.21.15.112:6789/0] conn(0x7faf2c108140 0x7faf2c19bd10 secure :-1 s=READY pgs=69 cs=0 l=1 rev1=1 crypto rx=0x7faf20000c00 tx=0x7faf20011c30 comp rx=0 tx=0).stop
2024-04-24T23:05:29.875 INFO:teuthology.orchestra.run.smithi112.stdout:/usr/bin/ceph: stderr
2024-04-24T23:05:29.290+0000 7faf30f09700 1 -- 172.21.15.112:0/4056582989 shutdown_connections
2024-04-24T23:05:29.875 INFO:teuthology.orchestra.run.smithi112.stdout:/usr/bin/ceph: stderr
2024-04-24T23:05:29.290+0000 7faf30f09700 1 --2- 172.21.15.112:0/4056582989 >> [v2:172.21.15.112:6800/2191305617,v1:172.21.15.112:6801/2191305617] conn(0x7faf14038f30 0x7faf1403b3f0 unknown :-1 s=CLOSED pgs=7 cs=0 l=1 rev1=1 crypto rx=0 tx=0 comp rx=0 tx=0).stop
2024-04-24T23:05:29.875 INFO:teuthology.orchestra.run.smithi112.stdout:/usr/bin/ceph: stderr
2024-04-24T23:05:29.290+0000 7faf30f09700 1 --2- 172.21.15.112:0/4056582989 >> [v2:172.21.15.112:3300/0,v1:172.21.15.112:6789/0] conn(0x7faf2c108140 0x7faf2c19bd10 unknown :-1 s=CLOSED pgs=69 cs=0 l=1 rev1=1 crypto rx=0 tx=0 comp rx=0 tx=0).stop
2024-04-24T23:05:29.875 INFO:teuthology.orchestra.run.smithi112.stdout:/usr/bin/ceph: stderr
2024-04-24T23:05:29.290+0000 7faf30f09700 1 -- 172.21.15.112:0/4056582989 >> 172.21.15.112:0/4056582989 conn(0x7faf2c101930 msgr2=0x7faf2c102420 unknown :-1 s=STATE_NONE l=0).mark_down
2024-04-24T23:05:29.875 INFO:teuthology.orchestra.run.smithi112.stdout:/usr/bin/ceph: stderr
2024-04-24T23:05:29.290+0000 7faf30f09700 1 -- 172.21.15.112:0/4056582989 shutdown_connections
2024-04-24T23:05:29.875 INFO:teuthology.orchestra.run.smithi112.stdout:/usr/bin/ceph: stderr
2024-04-24T23:05:29.290+0000 7faf30f09700 1 -- 172.21.15.112:0/4056582989 wait complete.
2024-04-24T23:05:29.875 INFO:teuthology.orchestra.run.smithi112.stdout:Creating initial admin user...
2024-04-24T23:05:30.528 INFO:journalctl@ceph.mon.a.smithi112.stdout:Apr 24 23:05:30 smithi112 ceph-mon[29186]: from='client.14162 -' entity='client.admin' cmd=[{"prefix": "dashboard create-self-signed-cert", "target": ["mon-mgr", ""]}]: dispatch
2024-04-24T23:05:30.529 INFO:journalctl@ceph.mon.a.smithi112.stdout:Apr 24 23:05:30 smithi112 ceph-mon[29186]: from='mgr.14150 172.21.15.112:0/2803439816' entity='mgr.x'
2024-04-24T23:05:30.529 INFO:journalctl@ceph.mon.a.smithi112.stdout:Apr 24 23:05:30 smithi112 ceph-mon[29186]: from='mgr.14150 172.21.15.112:0/2803439816' entity='mgr.x'
2024-04-24T23:05:30.529 INFO:journalctl@ceph.mon.a.smithi112.stdout:Apr 24 23:05:30 smithi112 ceph-mon[29186]: mgrmap e12: x(active, since 2s)
2024-04-24T23:05:30.529 INFO:journalctl@ceph.mon.a.smithi112.stdout:Apr 24 23:05:30 smithi112 ceph-mon[29186]: from='mgr.14150 172.21.15.112:0/2803439816' entity='mgr.x'
2024-04-24T23:05:31.779 INFO:journalctl@ceph.mon.a.smithi112.stdout:Apr 24 23:05:31 smithi112 ceph-mon[29186]: from='client.14164 -' entity='client.admin' cmd=[{"prefix": "dashboard ac-user-create", "username": "admin", "rolename": "administrator", "force_password": true, "pwd_update_required": true, "target": ["mon-mgr", ""]}]: dispatch
2024-04-24T23:05:31.779 INFO:journalctl@ceph.mon.a.smithi112.stdout:Apr 24 23:05:31 smithi112 ceph-mon[29186]: from='mgr.14150 172.21.15.112:0/2803439816' entity='mgr.x'
2024-04-24T23:05:31.851 INFO:teuthology.orchestra.run.smithi112.stdout:/usr/bin/ceph: stdout {"username": "admin", "password": "$2b$12$K1VINK5gNE2POBulzNVCYur2qeWgpivctGRyUYCxB/yZoJTAVn9cS", "roles": ["administrator"], "name": null, "email": null, "lastUpdate": 1713999930, "enabled": true, "pwdExpirationDate": null, "pwdUpdateRequired": true}
2024-04-24T23:05:31.851 INFO:teuthology.orchestra.run.smithi112.stdout:/usr/bin/ceph: stderr
2024-04-24T23:05:30.261+0000 7fe52bbb1700 1 Processor -- start
2024-04-24T23:05:31.851 INFO:teuthology.orchestra.run.smithi112.stdout:/usr/bin/ceph: stderr
2024-04-24T23:05:30.261+0000 7fe52bbb1700 1 -- start start
2024-04-24T23:05:31.851 INFO:teuthology.orchestra.run.smithi112.stdout:/usr/bin/ceph: stderr
2024-04-24T23:05:30.262+0000 7fe52bbb1700 1 --2- >> [v2:172.21.15.112:3300/0,v1:172.21.15.112:6789/0] conn(0x7fe524106bd0 0x7fe524106ff0 unknown :-1 s=NONE pgs=0 cs=0 l=0 rev1=0 crypto rx=0 tx=0 comp rx=0 tx=0).connect
2024-04-24T23:05:31.852 INFO:teuthology.orchestra.run.smithi112.stdout:/usr/bin/ceph: stderr
2024-04-24T23:05:30.262+0000 7fe52bbb1700 1 -- --> [v2:172.21.15.112:3300/0,v1:172.21.15.112:6789/0] -- mon_getmap magic: 0 -- 0x7fe5241075c0 con 0x7fe524106bd0
2024-04-24T23:05:31.852 INFO:teuthology.orchestra.run.smithi112.stdout:/usr/bin/ceph: stderr
2024-04-24T23:05:30.262+0000 7fe52994d700 1 --2- >> [v2:172.21.15.112:3300/0,v1:172.21.15.112:6789/0] conn(0x7fe524106bd0 0x7fe524106ff0 unknown :-1 s=BANNER_CONNECTING pgs=0 cs=0 l=0 rev1=0 crypto rx=0 tx=0 comp rx=0 tx=0)._handle_peer_banner_payload supported=3 required=0
2024-04-24T23:05:31.852 INFO:teuthology.orchestra.run.smithi112.stdout:/usr/bin/ceph: stderr
2024-04-24T23:05:30.262+0000 7fe52994d700 1 --2- >> [v2:172.21.15.112:3300/0,v1:172.21.15.112:6789/0] conn(0x7fe524106bd0 0x7fe524106ff0 unknown :-1 s=HELLO_CONNECTING pgs=0 cs=0 l=0 rev1=1 crypto rx=0 tx=0 comp rx=0 tx=0).handle_hello peer v2:172.21.15.112:3300/0 says I am v2:172.21.15.112:56868/0 (socket says 172.21.15.112:56868)
2024-04-24T23:05:31.852 INFO:teuthology.orchestra.run.smithi112.stdout:/usr/bin/ceph: stderr
2024-04-24T23:05:30.262+0000 7fe52994d700 1 -- 172.21.15.112:0/2422319283 learned_addr learned my addr 172.21.15.112:0/2422319283 (peer_addr_for_me v2:172.21.15.112:0/0)
2024-04-24T23:05:31.852 INFO:teuthology.orchestra.run.smithi112.stdout:/usr/bin/ceph: stderr
2024-04-24T23:05:30.262+0000 7fe52994d700 1 -- 172.21.15.112:0/2422319283 --> [v2:172.21.15.112:3300/0,v1:172.21.15.112:6789/0] -- mon_subscribe({config=0+,monmap=0+}) -- 0x7fe524107dd0 con 0x7fe524106bd0
2024-04-24T23:05:31.852 INFO:teuthology.orchestra.run.smithi112.stdout:/usr/bin/ceph: stderr
2024-04-24T23:05:30.262+0000 7fe52994d700 1 --2- 172.21.15.112:0/2422319283 >> [v2:172.21.15.112:3300/0,v1:172.21.15.112:6789/0] conn(0x7fe524106bd0 0x7fe524106ff0 secure :-1 s=READY pgs=70 cs=0 l=1 rev1=1 crypto rx=0x7fe5200098a0 tx=0x7fe520009bb0 comp rx=0 tx=0).ready entity=mon.0 client_cookie=8f355f02b50e1ca9 server_cookie=0 in_seq=0 out_seq=0
2024-04-24T23:05:31.852 INFO:teuthology.orchestra.run.smithi112.stdout:/usr/bin/ceph: stderr
2024-04-24T23:05:30.262+0000 7fe52894b700 1 -- 172.21.15.112:0/2422319283 <== mon.0 v2:172.21.15.112:3300/0 1 ==== mon_map magic: 0 ==== 205+0+0 (secure 0 0 0) 0x7fe520004160 con 0x7fe524106bd0
2024-04-24T23:05:31.852 INFO:teuthology.orchestra.run.smithi112.stdout:/usr/bin/ceph: stderr
2024-04-24T23:05:30.262+0000 7fe52894b700 1 -- 172.21.15.112:0/2422319283 <== mon.0 v2:172.21.15.112:3300/0 2 ==== config(28 keys) ==== 1174+0+0 (secure 0 0 0) 0x7fe520004300 con 0x7fe524106bd0
2024-04-24T23:05:31.852 INFO:teuthology.orchestra.run.smithi112.stdout:/usr/bin/ceph: stderr
2024-04-24T23:05:30.262+0000 7fe52894b700 1 -- 172.21.15.112:0/2422319283 <== mon.0 v2:172.21.15.112:3300/0 3 ==== mon_map magic: 0 ==== 205+0+0 (secure 0 0 0) 0x7fe520011bb0 con 0x7fe524106bd0
2024-04-24T23:05:31.852 INFO:teuthology.orchestra.run.smithi112.stdout:/usr/bin/ceph: stderr
2024-04-24T23:05:30.263+0000 7fe52bbb1700 1 -- 172.21.15.112:0/2422319283 >> [v2:172.21.15.112:3300/0,v1:172.21.15.112:6789/0] conn(0x7fe524106bd0 msgr2=0x7fe524106ff0 secure :-1 s=STATE_CONNECTION_ESTABLISHED l=1).mark_down
2024-04-24T23:05:31.852 INFO:teuthology.orchestra.run.smithi112.stdout:/usr/bin/ceph: stderr
2024-04-24T23:05:30.263+0000 7fe52bbb1700 1 --2- 172.21.15.112:0/2422319283 >> [v2:172.21.15.112:3300/0,v1:172.21.15.112:6789/0] conn(0x7fe524106bd0 0x7fe524106ff0 secure :-1 s=READY pgs=70 cs=0 l=1 rev1=1 crypto rx=0x7fe5200098a0 tx=0x7fe520009bb0 comp rx=0 tx=0).stop
2024-04-24T23:05:31.852 INFO:teuthology.orchestra.run.smithi112.stdout:/usr/bin/ceph: stderr
2024-04-24T23:05:30.263+0000 7fe52bbb1700 1 -- 172.21.15.112:0/2422319283 shutdown_connections
2024-04-24T23:05:31.852 INFO:teuthology.orchestra.run.smithi112.stdout:/usr/bin/ceph: stderr
2024-04-24T23:05:30.263+0000 7fe52bbb1700 1 --2- 172.21.15.112:0/2422319283 >> [v2:172.21.15.112:3300/0,v1:172.21.15.112:6789/0] conn(0x7fe524106bd0 0x7fe524106ff0 unknown :-1 s=CLOSED pgs=70 cs=0 l=1 rev1=1 crypto rx=0 tx=0 comp rx=0 tx=0).stop
2024-04-24T23:05:31.853 INFO:teuthology.orchestra.run.smithi112.stdout:/usr/bin/ceph: stderr
2024-04-24T23:05:30.263+0000 7fe52bbb1700 1 -- 172.21.15.112:0/2422319283 >> 172.21.15.112:0/2422319283 conn(0x7fe524102190 msgr2=0x7fe5241045b0 unknown :-1 s=STATE_NONE l=0).mark_down
2024-04-24T23:05:31.853 INFO:teuthology.orchestra.run.smithi112.stdout:/usr/bin/ceph: stderr
2024-04-24T23:05:30.263+0000 7fe52bbb1700 1 -- 172.21.15.112:0/2422319283 shutdown_connections
2024-04-24T23:05:31.853 INFO:teuthology.orchestra.run.smithi112.stdout:/usr/bin/ceph: stderr
2024-04-24T23:05:30.263+0000 7fe52bbb1700 1 -- 172.21.15.112:0/2422319283 wait complete.
2024-04-24T23:05:31.853 INFO:teuthology.orchestra.run.smithi112.stdout:/usr/bin/ceph: stderr
2024-04-24T23:05:30.264+0000 7fe52bbb1700 1 Processor -- start
2024-04-24T23:05:31.853 INFO:teuthology.orchestra.run.smithi112.stdout:/usr/bin/ceph: stderr
2024-04-24T23:05:30.264+0000 7fe52bbb1700 1 -- start start
2024-04-24T23:05:31.853 INFO:teuthology.orchestra.run.smithi112.stdout:/usr/bin/ceph: stderr
2024-04-24T23:05:30.264+0000 7fe52bbb1700 1 --2- >> [v2:172.21.15.112:3300/0,v1:172.21.15.112:6789/0] conn(0x7fe524106bd0 0x7fe52419bd30 unknown :-1 s=NONE pgs=0 cs=0 l=1 rev1=0 crypto rx=0 tx=0 comp rx=0 tx=0).connect
2024-04-24T23:05:31.853 INFO:teuthology.orchestra.run.smithi112.stdout:/usr/bin/ceph: stderr
2024-04-24T23:05:30.264+0000 7fe52bbb1700 1 -- --> [v2:172.21.15.112:3300/0,v1:172.21.15.112:6789/0] -- mon_getmap magic: 0 -- 0x7fe52410b180 con 0x7fe524106bd0
2024-04-24T23:05:31.853 INFO:teuthology.orchestra.run.smithi112.stdout:/usr/bin/ceph: stderr
2024-04-24T23:05:30.264+0000 7fe52994d700 1 --2- >> [v2:172.21.15.112:3300/0,v1:172.21.15.112:6789/0] conn(0x7fe524106bd0 0x7fe52419bd30 unknown :-1 s=BANNER_CONNECTING pgs=0 cs=0 l=1 rev1=0 crypto rx=0 tx=0 comp rx=0 tx=0)._handle_peer_banner_payload supported=3 required=0
2024-04-24T23:05:31.853 INFO:teuthology.orchestra.run.smithi112.stdout:/usr/bin/ceph: stderr
2024-04-24T23:05:30.264+0000 7fe52994d700 1 --2- >> [v2:172.21.15.112:3300/0,v1:172.21.15.112:6789/0] conn(0x7fe524106bd0 0x7fe52419bd30 unknown :-1 s=HELLO_CONNECTING pgs=0 cs=0 l=1 rev1=1 crypto rx=0 tx=0 comp rx=0 tx=0).handle_hello peer v2:172.21.15.112:3300/0 says I am v2:172.21.15.112:56872/0 (socket says 172.21.15.112:56872)
2024-04-24T23:05:31.853 INFO:teuthology.orchestra.run.smithi112.stdout:/usr/bin/ceph: stderr
2024-04-24T23:05:30.264+0000 7fe52994d700 1 -- 172.21.15.112:0/2198252109 learned_addr learned my addr 172.21.15.112:0/2198252109 (peer_addr_for_me v2:172.21.15.112:0/0)
2024-04-24T23:05:31.853 INFO:teuthology.orchestra.run.smithi112.stdout:/usr/bin/ceph: stderr
2024-04-24T23:05:30.264+0000 7fe52994d700 1 -- 172.21.15.112:0/2198252109 --> [v2:172.21.15.112:3300/0,v1:172.21.15.112:6789/0] -- mon_subscribe({config=0+,monmap=0+}) -- 0x7fe52419c270 con 0x7fe524106bd0
2024-04-24T23:05:31.853 INFO:teuthology.orchestra.run.smithi112.stdout:/usr/bin/ceph: stderr
2024-04-24T23:05:30.265+0000 7fe52994d700 1 --2- 172.21.15.112:0/2198252109 >> [v2:172.21.15.112:3300/0,v1:172.21.15.112:6789/0] conn(0x7fe524106bd0 0x7fe52419bd30 secure :-1 s=READY pgs=71 cs=0 l=1 rev1=1 crypto rx=0x7fe520009520 tx=0x7fe520011c30 comp rx=0 tx=0).ready entity=mon.0 client_cookie=0 server_cookie=0 in_seq=0 out_seq=0
2024-04-24T23:05:31.853 INFO:teuthology.orchestra.run.smithi112.stdout:/usr/bin/ceph: stderr
2024-04-24T23:05:30.265+0000 7fe516ffd700 1 -- 172.21.15.112:0/2198252109 <== mon.0 v2:172.21.15.112:3300/0 1 ==== mon_map magic: 0 ==== 205+0+0 (secure 0 0 0) 0x7fe520011e60 con 0x7fe524106bd0
2024-04-24T23:05:31.853 INFO:teuthology.orchestra.run.smithi112.stdout:/usr/bin/ceph: stderr
2024-04-24T23:05:30.265+0000 7fe516ffd700 1 -- 172.21.15.112:0/2198252109 <== mon.0 v2:172.21.15.112:3300/0 2 ==== config(28 keys) ==== 1174+0+0 (secure 0 0 0) 0x7fe5200039c0 con 0x7fe524106bd0
2024-04-24T23:05:31.854 INFO:teuthology.orchestra.run.smithi112.stdout:/usr/bin/ceph: stderr
2024-04-24T23:05:30.265+0000 7fe52bbb1700 1 -- 172.21.15.112:0/2198252109 --> [v2:172.21.15.112:3300/0,v1:172.21.15.112:6789/0] -- mon_subscribe({mgrmap=0+}) -- 0x7fe52419c500 con 0x7fe524106bd0
2024-04-24T23:05:31.854 INFO:teuthology.orchestra.run.smithi112.stdout:/usr/bin/ceph: stderr
2024-04-24T23:05:30.265+0000 7fe52bbb1700 1 -- 172.21.15.112:0/2198252109 --> [v2:172.21.15.112:3300/0,v1:172.21.15.112:6789/0] -- mon_subscribe({osdmap=0}) -- 0x7fe52419c960 con 0x7fe524106bd0
2024-04-24T23:05:31.854 INFO:teuthology.orchestra.run.smithi112.stdout:/usr/bin/ceph: stderr
2024-04-24T23:05:30.265+0000 7fe516ffd700 1 -- 172.21.15.112:0/2198252109 <== mon.0 v2:172.21.15.112:3300/0 3 ==== mon_map magic: 0 ==== 205+0+0 (secure 0 0 0) 0x7fe52001a5a0 con 0x7fe524106bd0
2024-04-24T23:05:31.854 INFO:teuthology.orchestra.run.smithi112.stdout:/usr/bin/ceph: stderr
2024-04-24T23:05:30.266+0000 7fe516ffd700 1 -- 172.21.15.112:0/2198252109 <== mon.0 v2:172.21.15.112:3300/0 4 ==== mgrmap(e 12) ==== 46300+0+0 (secure 0 0 0) 0x7fe52001a880 con 0x7fe524106bd0
2024-04-24T23:05:31.854 INFO:teuthology.orchestra.run.smithi112.stdout:/usr/bin/ceph: stderr
2024-04-24T23:05:30.266+0000 7fe52bbb1700 1 -- 172.21.15.112:0/2198252109 --> [v2:172.21.15.112:3300/0,v1:172.21.15.112:6789/0] -- mon_command({"prefix": "get_command_descriptions"} v 0) -- 0x7fe524063890 con 0x7fe524106bd0
2024-04-24T23:05:31.854 INFO:teuthology.orchestra.run.smithi112.stdout:/usr/bin/ceph: stderr
2024-04-24T23:05:30.266+0000 7fe516ffd700 1 --2- 172.21.15.112:0/2198252109 >> [v2:172.21.15.112:6800/2191305617,v1:172.21.15.112:6801/2191305617] conn(0x7fe5100390a0 0x7fe51003b560 unknown :-1 s=NONE pgs=0 cs=0 l=1 rev1=0 crypto rx=0 tx=0 comp rx=0 tx=0).connect
2024-04-24T23:05:31.854 INFO:teuthology.orchestra.run.smithi112.stdout:/usr/bin/ceph: stderr
2024-04-24T23:05:30.266+0000 7fe516ffd700 1 -- 172.21.15.112:0/2198252109 <== mon.0 v2:172.21.15.112:3300/0 5 ==== osd_map(3..3 src has 1..3) ==== 1155+0+0 (secure 0 0 0) 0x7fe52004d490 con 0x7fe524106bd0
2024-04-24T23:05:31.854 INFO:teuthology.orchestra.run.smithi112.stdout:/usr/bin/ceph: stderr
2024-04-24T23:05:30.266+0000 7fe52914c700 1 --2- 172.21.15.112:0/2198252109 >> [v2:172.21.15.112:6800/2191305617,v1:172.21.15.112:6801/2191305617] conn(0x7fe5100390a0 0x7fe51003b560 unknown :-1 s=BANNER_CONNECTING pgs=0 cs=0 l=1 rev1=0 crypto rx=0 tx=0 comp rx=0 tx=0)._handle_peer_banner_payload supported=3 required=0
2024-04-24T23:05:31.854 INFO:teuthology.orchestra.run.smithi112.stdout:/usr/bin/ceph: stderr
2024-04-24T23:05:30.266+0000 7fe52914c700 1 --2- 172.21.15.112:0/2198252109 >> [v2:172.21.15.112:6800/2191305617,v1:172.21.15.112:6801/2191305617] conn(0x7fe5100390a0 0x7fe51003b560 secure :-1 s=READY pgs=8 cs=0 l=1 rev1=1 crypto rx=0x7fe518006fd0 tx=0x7fe518006e40 comp rx=0 tx=0).ready entity=mgr.14150 client_cookie=0 server_cookie=0 in_seq=0 out_seq=0
2024-04-24T23:05:31.854 INFO:teuthology.orchestra.run.smithi112.stdout:/usr/bin/ceph: stderr
2024-04-24T23:05:30.271+0000 7fe516ffd700 1 -- 172.21.15.112:0/2198252109 <== mon.0 v2:172.21.15.112:3300/0 6 ==== mon_command_ack([{"prefix": "get_command_descriptions"}]=0 v0) ==== 72+0+186147 (secure 0 0 0) 0x7fe52000fdd0 con 0x7fe524106bd0
2024-04-24T23:05:31.854 INFO:teuthology.orchestra.run.smithi112.stdout:/usr/bin/ceph: stderr
2024-04-24T23:05:30.498+0000 7fe52bbb1700 1 -- 172.21.15.112:0/2198252109 --> [v2:172.21.15.112:6800/2191305617,v1:172.21.15.112:6801/2191305617] -- mgr_command(tid 0: {"prefix": "dashboard ac-user-create", "username": "admin", "rolename": "administrator", "force_password": true, "pwd_update_required": true, "target": ["mon-mgr", ""]}) -- 0x7fe524195d40 con 0x7fe5100390a0
2024-04-24T23:05:31.854 INFO:teuthology.orchestra.run.smithi112.stdout:/usr/bin/ceph: stderr
2024-04-24T23:05:30.723+0000 7fe516ffd700 1 -- 172.21.15.112:0/2198252109 <== mgr.14150 v2:172.21.15.112:6800/2191305617 1 ==== mgr_command_reply(tid 0: 0 ) ==== 8+0+252 (secure 0 0 0) 0x7fe524195d40 con 0x7fe5100390a0
2024-04-24T23:05:31.854 INFO:teuthology.orchestra.run.smithi112.stdout:/usr/bin/ceph: stderr
2024-04-24T23:05:30.725+0000 7fe52bbb1700 1 -- 172.21.15.112:0/2198252109 >> [v2:172.21.15.112:6800/2191305617,v1:172.21.15.112:6801/2191305617] conn(0x7fe5100390a0 msgr2=0x7fe51003b560 secure :-1 s=STATE_CONNECTION_ESTABLISHED l=1).mark_down
2024-04-24T23:05:31.854 INFO:teuthology.orchestra.run.smithi112.stdout:/usr/bin/ceph: stderr
2024-04-24T23:05:30.725+0000 7fe52bbb1700 1 --2- 172.21.15.112:0/2198252109 >> [v2:172.21.15.112:6800/2191305617,v1:172.21.15.112:6801/2191305617] conn(0x7fe5100390a0 0x7fe51003b560 secure :-1 s=READY pgs=8 cs=0 l=1 rev1=1 crypto rx=0x7fe518006fd0 tx=0x7fe518006e40 comp rx=0 tx=0).stop
2024-04-24T23:05:31.855 INFO:teuthology.orchestra.run.smithi112.stdout:/usr/bin/ceph: stderr
2024-04-24T23:05:30.725+0000 7fe52bbb1700 1 -- 172.21.15.112:0/2198252109 >> [v2:172.21.15.112:3300/0,v1:172.21.15.112:6789/0] conn(0x7fe524106bd0 msgr2=0x7fe52419bd30 secure :-1 s=STATE_CONNECTION_ESTABLISHED l=1).mark_down
2024-04-24T23:05:31.855 INFO:teuthology.orchestra.run.smithi112.stdout:/usr/bin/ceph: stderr
2024-04-24T23:05:30.725+0000 7fe52bbb1700 1 --2- 172.21.15.112:0/2198252109 >> [v2:172.21.15.112:3300/0,v1:172.21.15.112:6789/0] conn(0x7fe524106bd0 0x7fe52419bd30 secure :-1 s=READY pgs=71 cs=0 l=1 rev1=1 crypto rx=0x7fe520009520 tx=0x7fe520011c30 comp rx=0 tx=0).stop
2024-04-24T23:05:31.855 INFO:teuthology.orchestra.run.smithi112.stdout:/usr/bin/ceph: stderr
2024-04-24T23:05:30.725+0000 7fe52bbb1700 1 -- 172.21.15.112:0/2198252109 shutdown_connections
2024-04-24T23:05:31.855 INFO:teuthology.orchestra.run.smithi112.stdout:/usr/bin/ceph: stderr
2024-04-24T23:05:30.725+0000 7fe52bbb1700 1 --2- 172.21.15.112:0/2198252109 >> [v2:172.21.15.112:6800/2191305617,v1:172.21.15.112:6801/2191305617] conn(0x7fe5100390a0 0x7fe51003b560 unknown :-1 s=CLOSED pgs=8 cs=0 l=1 rev1=1 crypto rx=0 tx=0 comp rx=0 tx=0).stop
2024-04-24T23:05:31.855 INFO:teuthology.orchestra.run.smithi112.stdout:/usr/bin/ceph: stderr
2024-04-24T23:05:30.725+0000 7fe52bbb1700 1 --2- 172.21.15.112:0/2198252109 >> [v2:172.21.15.112:3300/0,v1:172.21.15.112:6789/0] conn(0x7fe524106bd0 0x7fe52419bd30 unknown :-1 s=CLOSED pgs=71 cs=0 l=1 rev1=1 crypto rx=0 tx=0 comp rx=0 tx=0).stop
2024-04-24T23:05:31.855 INFO:teuthology.orchestra.run.smithi112.stdout:/usr/bin/ceph: stderr
2024-04-24T23:05:30.725+0000 7fe52bbb1700 1 -- 172.21.15.112:0/2198252109 >> 172.21.15.112:0/2198252109 conn(0x7fe524102190 msgr2=0x7fe524103010 unknown :-1 s=STATE_NONE l=0).mark_down
2024-04-24T23:05:31.855 INFO:teuthology.orchestra.run.smithi112.stdout:/usr/bin/ceph: stderr
2024-04-24T23:05:30.725+0000 7fe52bbb1700 1 -- 172.21.15.112:0/2198252109 shutdown_connections
2024-04-24T23:05:31.855 INFO:teuthology.orchestra.run.smithi112.stdout:/usr/bin/ceph: stderr
2024-04-24T23:05:30.725+0000 7fe52bbb1700 1 -- 172.21.15.112:0/2198252109 wait complete.
2024-04-24T23:05:31.855 INFO:teuthology.orchestra.run.smithi112.stdout:Fetching dashboard port number...
2024-04-24T23:05:33.028 INFO:journalctl@ceph.mon.a.smithi112.stdout:Apr 24 23:05:32 smithi112 ceph-mon[29186]: from='client.? 172.21.15.112:0/3546606342' entity='client.admin' cmd=[{"prefix": "config get", "who": "mgr", "key": "mgr/dashboard/ssl_server_port"}]: dispatch
2024-04-24T23:05:33.064 INFO:teuthology.orchestra.run.smithi112.stdout:/usr/bin/ceph: stdout 8443
2024-04-24T23:05:33.064 INFO:teuthology.orchestra.run.smithi112.stdout:/usr/bin/ceph: stderr
2024-04-24T23:05:32.268+0000 7eff245a6700 1 Processor -- start
2024-04-24T23:05:33.064 INFO:teuthology.orchestra.run.smithi112.stdout:/usr/bin/ceph: stderr
2024-04-24T23:05:32.268+0000 7eff245a6700 1 -- start start
2024-04-24T23:05:33.065 INFO:teuthology.orchestra.run.smithi112.stdout:/usr/bin/ceph: stderr
2024-04-24T23:05:32.268+0000 7eff245a6700 1 --2- >> [v2:172.21.15.112:3300/0,v1:172.21.15.112:6789/0] conn(0x7eff1c105f90 0x7eff1c1063b0 unknown :-1 s=NONE pgs=0 cs=0 l=0 rev1=0 crypto rx=0 tx=0 comp rx=0 tx=0).connect
2024-04-24T23:05:33.065 INFO:teuthology.orchestra.run.smithi112.stdout:/usr/bin/ceph: stderr
2024-04-24T23:05:32.268+0000 7eff245a6700 1 -- --> [v2:172.21.15.112:3300/0,v1:172.21.15.112:6789/0] -- mon_getmap magic: 0 -- 0x7eff1c106980 con 0x7eff1c105f90
2024-04-24T23:05:33.065 INFO:teuthology.orchestra.run.smithi112.stdout:/usr/bin/ceph: stderr
2024-04-24T23:05:32.268+0000 7eff22342700 1 --2- >> [v2:172.21.15.112:3300/0,v1:172.21.15.112:6789/0] conn(0x7eff1c105f90 0x7eff1c1063b0 unknown :-1 s=BANNER_CONNECTING pgs=0 cs=0 l=0 rev1=0 crypto rx=0 tx=0 comp rx=0 tx=0)._handle_peer_banner_payload supported=3 required=0
2024-04-24T23:05:33.065 INFO:teuthology.orchestra.run.smithi112.stdout:/usr/bin/ceph: stderr
2024-04-24T23:05:32.268+0000 7eff22342700 1 --2- >> [v2:172.21.15.112:3300/0,v1:172.21.15.112:6789/0] conn(0x7eff1c105f90 0x7eff1c1063b0 unknown :-1 s=HELLO_CONNECTING pgs=0 cs=0 l=0 rev1=1 crypto rx=0 tx=0 comp rx=0 tx=0).handle_hello peer v2:172.21.15.112:3300/0 says I am v2:172.21.15.112:52574/0 (socket says 172.21.15.112:52574)
2024-04-24T23:05:33.065 INFO:teuthology.orchestra.run.smithi112.stdout:/usr/bin/ceph: stderr
2024-04-24T23:05:32.268+0000 7eff22342700 1 -- 172.21.15.112:0/4259015199 learned_addr learned my addr 172.21.15.112:0/4259015199 (peer_addr_for_me v2:172.21.15.112:0/0)
2024-04-24T23:05:33.065 INFO:teuthology.orchestra.run.smithi112.stdout:/usr/bin/ceph: stderr
2024-04-24T23:05:32.268+0000 7eff22342700 1 -- 172.21.15.112:0/4259015199 --> [v2:172.21.15.112:3300/0,v1:172.21.15.112:6789/0] -- mon_subscribe({config=0+,monmap=0+}) -- 0x7eff1c108f20 con 0x7eff1c105f90
2024-04-24T23:05:33.065 INFO:teuthology.orchestra.run.smithi112.stdout:/usr/bin/ceph: stderr
2024-04-24T23:05:32.269+0000 7eff22342700 1 --2- 172.21.15.112:0/4259015199 >> [v2:172.21.15.112:3300/0,v1:172.21.15.112:6789/0] conn(0x7eff1c105f90 0x7eff1c1063b0 secure :-1 s=READY pgs=72 cs=0 l=1 rev1=1 crypto rx=0x7eff180098a0 tx=0x7eff18009bb0 comp rx=0 tx=0).ready entity=mon.0 client_cookie=9e76c1f513971f8e server_cookie=0 in_seq=0 out_seq=0
2024-04-24T23:05:33.065 INFO:teuthology.orchestra.run.smithi112.stdout:/usr/bin/ceph: stderr
2024-04-24T23:05:32.269+0000 7eff21340700 1 -- 172.21.15.112:0/4259015199 <== mon.0 v2:172.21.15.112:3300/0 1 ==== mon_map magic: 0 ==== 205+0+0 (secure 0 0 0) 0x7eff18004160 con 0x7eff1c105f90
2024-04-24T23:05:33.065 INFO:teuthology.orchestra.run.smithi112.stdout:/usr/bin/ceph: stderr
2024-04-24T23:05:32.269+0000 7eff21340700 1 -- 172.21.15.112:0/4259015199 <== mon.0 v2:172.21.15.112:3300/0 2 ==== config(28 keys) ==== 1174+0+0 (secure 0 0 0) 0x7eff18004300 con 0x7eff1c105f90
2024-04-24T23:05:33.065 INFO:teuthology.orchestra.run.smithi112.stdout:/usr/bin/ceph: stderr
2024-04-24T23:05:32.269+0000 7eff21340700 1 -- 172.21.15.112:0/4259015199 <== mon.0 v2:172.21.15.112:3300/0 3 ==== mon_map magic: 0 ==== 205+0+0 (secure 0 0 0) 0x7eff18011bb0 con 0x7eff1c105f90
2024-04-24T23:05:33.065 INFO:teuthology.orchestra.run.smithi112.stdout:/usr/bin/ceph: stderr
2024-04-24T23:05:32.269+0000 7eff245a6700 1 -- 172.21.15.112:0/4259015199 >> [v2:172.21.15.112:3300/0,v1:172.21.15.112:6789/0] conn(0x7eff1c105f90 msgr2=0x7eff1c1063b0 secure :-1 s=STATE_CONNECTION_ESTABLISHED l=1).mark_down
2024-04-24T23:05:33.065 INFO:teuthology.orchestra.run.smithi112.stdout:/usr/bin/ceph: stderr
2024-04-24T23:05:32.269+0000 7eff245a6700 1 --2- 172.21.15.112:0/4259015199 >> [v2:172.21.15.112:3300/0,v1:172.21.15.112:6789/0] conn(0x7eff1c105f90 0x7eff1c1063b0 secure :-1 s=READY pgs=72 cs=0 l=1 rev1=1 crypto rx=0x7eff180098a0 tx=0x7eff18009bb0 comp rx=0 tx=0).stop
2024-04-24T23:05:33.065 INFO:teuthology.orchestra.run.smithi112.stdout:/usr/bin/ceph: stderr
2024-04-24T23:05:32.269+0000 7eff245a6700 1 -- 172.21.15.112:0/4259015199 shutdown_connections
2024-04-24T23:05:33.066 INFO:teuthology.orchestra.run.smithi112.stdout:/usr/bin/ceph: stderr
2024-04-24T23:05:32.269+0000 7eff245a6700 1 --2- 172.21.15.112:0/4259015199 >> [v2:172.21.15.112:3300/0,v1:172.21.15.112:6789/0] conn(0x7eff1c105f90 0x7eff1c1063b0 unknown :-1 s=CLOSED pgs=72 cs=0 l=1 rev1=1 crypto rx=0 tx=0 comp rx=0 tx=0).stop
2024-04-24T23:05:33.066 INFO:teuthology.orchestra.run.smithi112.stdout:/usr/bin/ceph: stderr
2024-04-24T23:05:32.269+0000 7eff245a6700 1 -- 172.21.15.112:0/4259015199 >> 172.21.15.112:0/4259015199 conn(0x7eff1c101900 msgr2=0x7eff1c103d20 unknown :-1 s=STATE_NONE l=0).mark_down
2024-04-24T23:05:33.066 INFO:teuthology.orchestra.run.smithi112.stdout:/usr/bin/ceph: stderr
2024-04-24T23:05:32.269+0000 7eff245a6700 1 -- 172.21.15.112:0/4259015199 shutdown_connections
2024-04-24T23:05:33.066 INFO:teuthology.orchestra.run.smithi112.stdout:/usr/bin/ceph: stderr
2024-04-24T23:05:32.269+0000 7eff245a6700 1 -- 172.21.15.112:0/4259015199 wait complete.
2024-04-24T23:05:33.066 INFO:teuthology.orchestra.run.smithi112.stdout:/usr/bin/ceph: stderr
2024-04-24T23:05:32.270+0000 7eff245a6700 1 Processor -- start
2024-04-24T23:05:33.066 INFO:teuthology.orchestra.run.smithi112.stdout:/usr/bin/ceph: stderr
2024-04-24T23:05:32.270+0000 7eff245a6700 1 -- start start
2024-04-24T23:05:33.066 INFO:teuthology.orchestra.run.smithi112.stdout:/usr/bin/ceph: stderr
2024-04-24T23:05:32.270+0000 7eff245a6700 1 --2- >> [v2:172.21.15.112:3300/0,v1:172.21.15.112:6789/0] conn(0x7eff1c105f90 0x7eff1c1087a0 unknown :-1 s=NONE pgs=0 cs=0 l=1 rev1=0 crypto rx=0 tx=0 comp rx=0 tx=0).connect
2024-04-24T23:05:33.066 INFO:teuthology.orchestra.run.smithi112.stdout:/usr/bin/ceph: stderr
2024-04-24T23:05:32.270+0000 7eff245a6700 1 -- --> [v2:172.21.15.112:3300/0,v1:172.21.15.112:6789/0] -- mon_getmap magic: 0 -- 0x7eff1c10c2d0 con 0x7eff1c105f90
2024-04-24T23:05:33.066 INFO:teuthology.orchestra.run.smithi112.stdout:/usr/bin/ceph: stderr
2024-04-24T23:05:32.270+0000 7eff22342700 1 --2- >> [v2:172.21.15.112:3300/0,v1:172.21.15.112:6789/0] conn(0x7eff1c105f90 0x7eff1c1087a0 unknown :-1 s=BANNER_CONNECTING pgs=0 cs=0 l=1 rev1=0 crypto rx=0 tx=0 comp rx=0 tx=0)._handle_peer_banner_payload supported=3 required=0
2024-04-24T23:05:33.066 INFO:teuthology.orchestra.run.smithi112.stdout:/usr/bin/ceph: stderr
2024-04-24T23:05:32.270+0000 7eff22342700 1 --2- >> [v2:172.21.15.112:3300/0,v1:172.21.15.112:6789/0] conn(0x7eff1c105f90 0x7eff1c1087a0 unknown :-1 s=HELLO_CONNECTING pgs=0 cs=0 l=1 rev1=1 crypto rx=0 tx=0 comp rx=0 tx=0).handle_hello peer v2:172.21.15.112:3300/0 says I am v2:172.21.15.112:52588/0 (socket says 172.21.15.112:52588)
2024-04-24T23:05:33.066 INFO:teuthology.orchestra.run.smithi112.stdout:/usr/bin/ceph: stderr
2024-04-24T23:05:32.270+0000 7eff22342700 1 -- 172.21.15.112:0/3546606342 learned_addr learned my addr 172.21.15.112:0/3546606342 (peer_addr_for_me v2:172.21.15.112:0/0)
2024-04-24T23:05:33.066 INFO:teuthology.orchestra.run.smithi112.stdout:/usr/bin/ceph: stderr
2024-04-24T23:05:32.270+0000 7eff22342700 1 -- 172.21.15.112:0/3546606342 --> [v2:172.21.15.112:3300/0,v1:172.21.15.112:6789/0] -- mon_subscribe({config=0+,monmap=0+}) -- 0x7eff1c108ce0 con 0x7eff1c105f90
2024-04-24T23:05:33.066 INFO:teuthology.orchestra.run.smithi112.stdout:/usr/bin/ceph: stderr
