2024-04-24T23:19:57.012+0000 7f13677fe700 1 -- 172.21.15.80:0/2636352933 <== mon.0 v2:172.21.15.80:3300/0 2 ==== config(27 keys) ==== 1140+0+0 (secure 0 0 0) 0x7f136c01a910 con 0x7f137807dde0
2024-04-24T23:19:58.339 INFO:teuthology.orchestra.run.smithi080.stdout:/usr/bin/ceph: stderr
2024-04-24T23:19:57.012+0000 7f137ce21700 1 -- 172.21.15.80:0/2636352933 --> [v2:172.21.15.80:3300/0,v1:172.21.15.80:6789/0] -- mon_subscribe({mgrmap=0+}) -- 0x7f137819e490 con 0x7f137807dde0
2024-04-24T23:19:58.339 INFO:teuthology.orchestra.run.smithi080.stdout:/usr/bin/ceph: stderr
2024-04-24T23:19:57.012+0000 7f13677fe700 1 -- 172.21.15.80:0/2636352933 <== mon.0 v2:172.21.15.80:3300/0 3 ==== mon_map magic: 0 ==== 205+0+0 (secure 0 0 0) 0x7f136c024970 con 0x7f137807dde0
2024-04-24T23:19:58.339 INFO:teuthology.orchestra.run.smithi080.stdout:/usr/bin/ceph: stderr
2024-04-24T23:19:57.012+0000 7f137ce21700 1 -- 172.21.15.80:0/2636352933 --> [v2:172.21.15.80:3300/0,v1:172.21.15.80:6789/0] -- mon_subscribe({osdmap=0}) -- 0x7f137819e8f0 con 0x7f137807dde0
2024-04-24T23:19:58.339 INFO:teuthology.orchestra.run.smithi080.stdout:/usr/bin/ceph: stderr
2024-04-24T23:19:57.013+0000 7f13677fe700 1 -- 172.21.15.80:0/2636352933 <== mon.0 v2:172.21.15.80:3300/0 4 ==== mgrmap(e 8) ==== 46287+0+0 (secure 0 0 0) 0x7f136c022020 con 0x7f137807dde0
2024-04-24T23:19:58.339 INFO:teuthology.orchestra.run.smithi080.stdout:/usr/bin/ceph: stderr
2024-04-24T23:19:57.013+0000 7f13677fe700 1 --2- 172.21.15.80:0/2636352933 >> [v2:172.21.15.80:6800/233364790,v1:172.21.15.80:6801/233364790] conn(0x7f1360039050 0x7f136003b510 unknown :-1 s=NONE pgs=0 cs=0 l=1 rev1=0 crypto rx=0 tx=0 comp rx=0 tx=0).connect
2024-04-24T23:19:58.339 INFO:teuthology.orchestra.run.smithi080.stdout:/usr/bin/ceph: stderr
2024-04-24T23:19:57.013+0000 7f137ce21700 1 -- 172.21.15.80:0/2636352933 --> [v2:172.21.15.80:3300/0,v1:172.21.15.80:6789/0] -- mon_command({"prefix": "get_command_descriptions"} v 0) -- 0x7f1378063890 con 0x7f137807dde0
2024-04-24T23:19:58.339 INFO:teuthology.orchestra.run.smithi080.stdout:/usr/bin/ceph: stderr
2024-04-24T23:19:57.013+0000 7f13677fe700 1 -- 172.21.15.80:0/2636352933 <== mon.0 v2:172.21.15.80:3300/0 5 ==== osd_map(2..2 src has 1..2) ==== 940+0+0 (secure 0 0 0) 0x7f136c04d380 con 0x7f137807dde0
2024-04-24T23:19:58.339 INFO:teuthology.orchestra.run.smithi080.stdout:/usr/bin/ceph: stderr
2024-04-24T23:19:57.013+0000 7f1375d9b700 1 --2- 172.21.15.80:0/2636352933 >> [v2:172.21.15.80:6800/233364790,v1:172.21.15.80:6801/233364790] conn(0x7f1360039050 0x7f136003b510 unknown :-1 s=BANNER_CONNECTING pgs=0 cs=0 l=1 rev1=0 crypto rx=0 tx=0 comp rx=0 tx=0)._handle_peer_banner_payload supported=3 required=0
2024-04-24T23:19:58.339 INFO:teuthology.orchestra.run.smithi080.stdout:/usr/bin/ceph: stderr
2024-04-24T23:19:57.014+0000 7f1375d9b700 1 --2- 172.21.15.80:0/2636352933 >> [v2:172.21.15.80:6800/233364790,v1:172.21.15.80:6801/233364790] conn(0x7f1360039050 0x7f136003b510 secure :-1 s=READY pgs=15 cs=0 l=1 rev1=1 crypto rx=0x7f1368006fd0 tx=0x7f1368006e40 comp rx=0 tx=0).ready entity=mgr.14120 client_cookie=0 server_cookie=0 in_seq=0 out_seq=0
2024-04-24T23:19:58.339 INFO:teuthology.orchestra.run.smithi080.stdout:/usr/bin/ceph: stderr
2024-04-24T23:19:57.018+0000 7f13677fe700 1 -- 172.21.15.80:0/2636352933 <== mon.0 v2:172.21.15.80:3300/0 6 ==== mon_command_ack([{"prefix": "get_command_descriptions"}]=0 v0) ==== 72+0+186147 (secure 0 0 0) 0x7f136c011e20 con 0x7f137807dde0
2024-04-24T23:19:58.340 INFO:teuthology.orchestra.run.smithi080.stdout:/usr/bin/ceph: stderr
2024-04-24T23:19:57.238+0000 7f137ce21700 1 -- 172.21.15.80:0/2636352933 --> [v2:172.21.15.80:3300/0,v1:172.21.15.80:6789/0] -- mon_command([{prefix=config set, name=mgr/dashboard/ssl_server_port}] v 0) -- 0x7f13781a1360 con 0x7f137807dde0
2024-04-24T23:19:58.340 INFO:teuthology.orchestra.run.smithi080.stdout:/usr/bin/ceph: stderr
2024-04-24T23:19:57.241+0000 7f13677fe700 1 -- 172.21.15.80:0/2636352933 <== mon.0 v2:172.21.15.80:3300/0 7 ==== mon_command_ack([{prefix=config set, name=mgr/dashboard/ssl_server_port}]=0 v8)=0 v8) ==== 130+0+0 (secure 0 0 0) 0x7f136c00ba00 con 0x7f137807dde0
2024-04-24T23:19:58.340 INFO:teuthology.orchestra.run.smithi080.stdout:/usr/bin/ceph: stderr
2024-04-24T23:19:57.243+0000 7f137ce21700 1 -- 172.21.15.80:0/2636352933 >> [v2:172.21.15.80:6800/233364790,v1:172.21.15.80:6801/233364790] conn(0x7f1360039050 msgr2=0x7f136003b510 secure :-1 s=STATE_CONNECTION_ESTABLISHED l=1).mark_down
2024-04-24T23:19:58.340 INFO:teuthology.orchestra.run.smithi080.stdout:/usr/bin/ceph: stderr
2024-04-24T23:19:57.243+0000 7f137ce21700 1 --2- 172.21.15.80:0/2636352933 >> [v2:172.21.15.80:6800/233364790,v1:172.21.15.80:6801/233364790] conn(0x7f1360039050 0x7f136003b510 secure :-1 s=READY pgs=15 cs=0 l=1 rev1=1 crypto rx=0x7f1368006fd0 tx=0x7f1368006e40 comp rx=0 tx=0).stop
2024-04-24T23:19:58.340 INFO:teuthology.orchestra.run.smithi080.stdout:/usr/bin/ceph: stderr
2024-04-24T23:19:57.243+0000 7f137ce21700 1 -- 172.21.15.80:0/2636352933 >> [v2:172.21.15.80:3300/0,v1:172.21.15.80:6789/0] conn(0x7f137807dde0 msgr2=0x7f137819dcc0 secure :-1 s=STATE_CONNECTION_ESTABLISHED l=1).mark_down
2024-04-24T23:19:58.340 INFO:teuthology.orchestra.run.smithi080.stdout:/usr/bin/ceph: stderr
2024-04-24T23:19:57.243+0000 7f137ce21700 1 --2- 172.21.15.80:0/2636352933 >> [v2:172.21.15.80:3300/0,v1:172.21.15.80:6789/0] conn(0x7f137807dde0 0x7f137819dcc0 secure :-1 s=READY pgs=54 cs=0 l=1 rev1=1 crypto rx=0x7f136c0117e0 tx=0x7f136c011c10 comp rx=0 tx=0).stop
2024-04-24T23:19:58.340 INFO:teuthology.orchestra.run.smithi080.stdout:/usr/bin/ceph: stderr
2024-04-24T23:19:57.243+0000 7f137ce21700 1 -- 172.21.15.80:0/2636352933 shutdown_connections
2024-04-24T23:19:58.340 INFO:teuthology.orchestra.run.smithi080.stdout:/usr/bin/ceph: stderr
2024-04-24T23:19:57.243+0000 7f137ce21700 1 --2- 172.21.15.80:0/2636352933 >> [v2:172.21.15.80:6800/233364790,v1:172.21.15.80:6801/233364790] conn(0x7f1360039050 0x7f136003b510 unknown :-1 s=CLOSED pgs=15 cs=0 l=1 rev1=1 crypto rx=0 tx=0 comp rx=0 tx=0).stop
2024-04-24T23:19:58.340 INFO:teuthology.orchestra.run.smithi080.stdout:/usr/bin/ceph: stderr
2024-04-24T23:19:57.243+0000 7f137ce21700 1 --2- 172.21.15.80:0/2636352933 >> [v2:172.21.15.80:3300/0,v1:172.21.15.80:6789/0] conn(0x7f137807dde0 0x7f137819dcc0 unknown :-1 s=CLOSED pgs=54 cs=0 l=1 rev1=1 crypto rx=0 tx=0 comp rx=0 tx=0).stop
2024-04-24T23:19:58.340 INFO:teuthology.orchestra.run.smithi080.stdout:/usr/bin/ceph: stderr
2024-04-24T23:19:57.243+0000 7f137ce21700 1 -- 172.21.15.80:0/2636352933 >> 172.21.15.80:0/2636352933 conn(0x7f13781031a0 msgr2=0x7f1378103c40 unknown :-1 s=STATE_NONE l=0).mark_down
2024-04-24T23:19:58.340 INFO:teuthology.orchestra.run.smithi080.stdout:/usr/bin/ceph: stderr
2024-04-24T23:19:57.243+0000 7f137ce21700 1 -- 172.21.15.80:0/2636352933 shutdown_connections
2024-04-24T23:19:58.340 INFO:teuthology.orchestra.run.smithi080.stdout:/usr/bin/ceph: stderr
2024-04-24T23:19:57.243+0000 7f137ce21700 1 -- 172.21.15.80:0/2636352933 wait complete.
2024-04-24T23:19:58.340 INFO:teuthology.orchestra.run.smithi080.stdout:Enabling the dashboard module...
2024-04-24T23:19:58.355 INFO:journalctl@ceph.mon.a.smithi080.stdout:Apr 24 23:19:58 smithi080 ceph-mon[29152]: from='client.? 172.21.15.80:0/2636352933' entity='client.admin'
2024-04-24T23:19:58.356 INFO:journalctl@ceph.mon.a.smithi080.stdout:Apr 24 23:19:58 smithi080 ceph-mon[29152]: from='mgr.14120 172.21.15.80:0/1767820559' entity='mgr.x'
2024-04-24T23:20:00.208 INFO:journalctl@ceph.mon.a.smithi080.stdout:Apr 24 23:20:00 smithi080 ceph-mon[29152]: from='mgr.14120 172.21.15.80:0/1767820559' entity='mgr.x'
2024-04-24T23:20:00.208 INFO:journalctl@ceph.mon.a.smithi080.stdout:Apr 24 23:20:00 smithi080 ceph-mon[29152]: from='client.? 172.21.15.80:0/4178028968' entity='client.admin' cmd=[{"prefix": "mgr module enable", "module": "dashboard"}]: dispatch
2024-04-24T23:20:00.208 INFO:journalctl@ceph.mgr.x.smithi080.stdout:Apr 24 23:20:00 smithi080 ceph-ec7885aa-0290-11ef-bc93-c7b262605968-mgr-x[29381]: ignoring --setuser ceph since I am not root
2024-04-24T23:20:00.208 INFO:journalctl@ceph.mgr.x.smithi080.stdout:Apr 24 23:20:00 smithi080 ceph-ec7885aa-0290-11ef-bc93-c7b262605968-mgr-x[29381]: ignoring --setgroup ceph since I am not root
2024-04-24T23:20:00.522 INFO:journalctl@ceph.mgr.x.smithi080.stdout:Apr 24 23:20:00 smithi080 ceph-ec7885aa-0290-11ef-bc93-c7b262605968-mgr-x[29381]:
2024-04-24T23:20:00.238+0000 7f5db40a6200 -1 mgr[py] Module balancer has missing NOTIFY_TYPES member
2024-04-24T23:20:00.522 INFO:journalctl@ceph.mgr.x.smithi080.stdout:Apr 24 23:20:00 smithi080 ceph-ec7885aa-0290-11ef-bc93-c7b262605968-mgr-x[29381]:
2024-04-24T23:20:00.419+0000 7f5db40a6200 -1 mgr[py] Module orchestrator has missing NOTIFY_TYPES member
2024-04-24T23:20:00.523 INFO:journalctl@ceph.mgr.x.smithi080.stdout:Apr 24 23:20:00 smithi080 ceph-ec7885aa-0290-11ef-bc93-c7b262605968-mgr-x[29381]:
2024-04-24T23:20:00.520+0000 7f5db40a6200 -1 mgr[py] Module snap_schedule has missing NOTIFY_TYPES member
2024-04-24T23:20:01.101 INFO:journalctl@ceph.mon.a.smithi080.stdout:Apr 24 23:20:01 smithi080 ceph-mon[29152]: from='client.? 172.21.15.80:0/4178028968' entity='client.admin' cmd='[{"prefix": "mgr module enable", "module": "dashboard"}]': finished
2024-04-24T23:20:01.101 INFO:journalctl@ceph.mon.a.smithi080.stdout:Apr 24 23:20:01 smithi080 ceph-mon[29152]: mgrmap e9: x(active, since 19s)
2024-04-24T23:20:01.101 INFO:journalctl@ceph.mgr.x.smithi080.stdout:Apr 24 23:20:00 smithi080 ceph-ec7885aa-0290-11ef-bc93-c7b262605968-mgr-x[29381]:
2024-04-24T23:20:00.829+0000 7f5db40a6200 -1 mgr[py] Module progress has missing NOTIFY_TYPES member
2024-04-24T23:20:01.101 INFO:journalctl@ceph.mgr.x.smithi080.stdout:Apr 24 23:20:00 smithi080 ceph-ec7885aa-0290-11ef-bc93-c7b262605968-mgr-x[29381]:
2024-04-24T23:20:00.913+0000 7f5db40a6200 -1 mgr[py] Module influx has missing NOTIFY_TYPES member
2024-04-24T23:20:01.109 INFO:teuthology.orchestra.run.smithi080.stdout:/usr/bin/ceph: stderr
2024-04-24T23:19:58.877+0000 7f656bad1700 1 Processor -- start
2024-04-24T23:20:01.109 INFO:teuthology.orchestra.run.smithi080.stdout:/usr/bin/ceph: stderr
2024-04-24T23:19:58.877+0000 7f656bad1700 1 -- start start
2024-04-24T23:20:01.109 INFO:teuthology.orchestra.run.smithi080.stdout:/usr/bin/ceph: stderr
2024-04-24T23:19:58.877+0000 7f656bad1700 1 --2- >> [v2:172.21.15.80:3300/0,v1:172.21.15.80:6789/0] conn(0x7f65641086a0 0x7f656410aa90 unknown :-1 s=NONE pgs=0 cs=0 l=0 rev1=0 crypto rx=0 tx=0 comp rx=0 tx=0).connect
2024-04-24T23:20:01.109 INFO:teuthology.orchestra.run.smithi080.stdout:/usr/bin/ceph: stderr
2024-04-24T23:19:58.877+0000 7f656bad1700 1 -- --> [v2:172.21.15.80:3300/0,v1:172.21.15.80:6789/0] -- mon_getmap magic: 0 -- 0x7f656407bee0 con 0x7f65641086a0
2024-04-24T23:20:01.109 INFO:teuthology.orchestra.run.smithi080.stdout:/usr/bin/ceph: stderr
2024-04-24T23:19:58.878+0000 7f656986d700 1 --2- >> [v2:172.21.15.80:3300/0,v1:172.21.15.80:6789/0] conn(0x7f65641086a0 0x7f656410aa90 unknown :-1 s=BANNER_CONNECTING pgs=0 cs=0 l=0 rev1=0 crypto rx=0 tx=0 comp rx=0 tx=0)._handle_peer_banner_payload supported=3 required=0
2024-04-24T23:20:01.109 INFO:teuthology.orchestra.run.smithi080.stdout:/usr/bin/ceph: stderr
2024-04-24T23:19:58.878+0000 7f656986d700 1 --2- >> [v2:172.21.15.80:3300/0,v1:172.21.15.80:6789/0] conn(0x7f65641086a0 0x7f656410aa90 unknown :-1 s=HELLO_CONNECTING pgs=0 cs=0 l=0 rev1=1 crypto rx=0 tx=0 comp rx=0 tx=0).handle_hello peer v2:172.21.15.80:3300/0 says I am v2:172.21.15.80:41338/0 (socket says 172.21.15.80:41338)
2024-04-24T23:20:01.110 INFO:teuthology.orchestra.run.smithi080.stdout:/usr/bin/ceph: stderr
2024-04-24T23:19:58.878+0000 7f656986d700 1 -- 172.21.15.80:0/885067182 learned_addr learned my addr 172.21.15.80:0/885067182 (peer_addr_for_me v2:172.21.15.80:0/0)
2024-04-24T23:20:01.110 INFO:teuthology.orchestra.run.smithi080.stdout:/usr/bin/ceph: stderr
2024-04-24T23:19:58.878+0000 7f656986d700 1 -- 172.21.15.80:0/885067182 --> [v2:172.21.15.80:3300/0,v1:172.21.15.80:6789/0] -- mon_subscribe({config=0+,monmap=0+}) -- 0x7f656410afd0 con 0x7f65641086a0
2024-04-24T23:20:01.110 INFO:teuthology.orchestra.run.smithi080.stdout:/usr/bin/ceph: stderr
2024-04-24T23:19:58.878+0000 7f656986d700 1 --2- 172.21.15.80:0/885067182 >> [v2:172.21.15.80:3300/0,v1:172.21.15.80:6789/0] conn(0x7f65641086a0 0x7f656410aa90 secure :-1 s=READY pgs=55 cs=0 l=1 rev1=1 crypto rx=0x7f65540098a0 tx=0x7f6554009bb0 comp rx=0 tx=0).ready entity=mon.0 client_cookie=16cadca0e58a8292 server_cookie=0 in_seq=0 out_seq=0
2024-04-24T23:20:01.110 INFO:teuthology.orchestra.run.smithi080.stdout:/usr/bin/ceph: stderr
2024-04-24T23:19:58.878+0000 7f656886b700 1 -- 172.21.15.80:0/885067182 <== mon.0 v2:172.21.15.80:3300/0 1 ==== mon_map magic: 0 ==== 205+0+0 (secure 0 0 0) 0x7f6554004160 con 0x7f65641086a0
2024-04-24T23:20:01.110 INFO:teuthology.orchestra.run.smithi080.stdout:/usr/bin/ceph: stderr
2024-04-24T23:19:58.878+0000 7f656886b700 1 -- 172.21.15.80:0/885067182 <== mon.0 v2:172.21.15.80:3300/0 2 ==== config(27 keys) ==== 1140+0+0 (secure 0 0 0) 0x7f6554004300 con 0x7f65641086a0
2024-04-24T23:20:01.110 INFO:teuthology.orchestra.run.smithi080.stdout:/usr/bin/ceph: stderr
2024-04-24T23:19:58.878+0000 7f656886b700 1 -- 172.21.15.80:0/885067182 <== mon.0 v2:172.21.15.80:3300/0 3 ==== mon_map magic: 0 ==== 205+0+0 (secure 0 0 0) 0x7f6554011b20 con 0x7f65641086a0
2024-04-24T23:20:01.110 INFO:teuthology.orchestra.run.smithi080.stdout:/usr/bin/ceph: stderr
2024-04-24T23:19:58.879+0000 7f656bad1700 1 -- 172.21.15.80:0/885067182 >> [v2:172.21.15.80:3300/0,v1:172.21.15.80:6789/0] conn(0x7f65641086a0 msgr2=0x7f656410aa90 secure :-1 s=STATE_CONNECTION_ESTABLISHED l=1).mark_down
2024-04-24T23:20:01.110 INFO:teuthology.orchestra.run.smithi080.stdout:/usr/bin/ceph: stderr
2024-04-24T23:19:58.879+0000 7f656bad1700 1 --2- 172.21.15.80:0/885067182 >> [v2:172.21.15.80:3300/0,v1:172.21.15.80:6789/0] conn(0x7f65641086a0 0x7f656410aa90 secure :-1 s=READY pgs=55 cs=0 l=1 rev1=1 crypto rx=0x7f65540098a0 tx=0x7f6554009bb0 comp rx=0 tx=0).stop
2024-04-24T23:20:01.110 INFO:teuthology.orchestra.run.smithi080.stdout:/usr/bin/ceph: stderr
2024-04-24T23:19:58.879+0000 7f656bad1700 1 -- 172.21.15.80:0/885067182 shutdown_connections
2024-04-24T23:20:01.110 INFO:teuthology.orchestra.run.smithi080.stdout:/usr/bin/ceph: stderr
2024-04-24T23:19:58.879+0000 7f656bad1700 1 --2- 172.21.15.80:0/885067182 >> [v2:172.21.15.80:3300/0,v1:172.21.15.80:6789/0] conn(0x7f65641086a0 0x7f656410aa90 unknown :-1 s=CLOSED pgs=55 cs=0 l=1 rev1=1 crypto rx=0 tx=0 comp rx=0 tx=0).stop
2024-04-24T23:20:01.110 INFO:teuthology.orchestra.run.smithi080.stdout:/usr/bin/ceph: stderr
2024-04-24T23:19:58.879+0000 7f656bad1700 1 -- 172.21.15.80:0/885067182 >> 172.21.15.80:0/885067182 conn(0x7f65641020b0 msgr2=0x7f65641044d0 unknown :-1 s=STATE_NONE l=0).mark_down
2024-04-24T23:20:01.110 INFO:teuthology.orchestra.run.smithi080.stdout:/usr/bin/ceph: stderr
2024-04-24T23:19:58.879+0000 7f656bad1700 1 -- 172.21.15.80:0/885067182 shutdown_connections
2024-04-24T23:20:01.110 INFO:teuthology.orchestra.run.smithi080.stdout:/usr/bin/ceph: stderr
2024-04-24T23:19:58.879+0000 7f656bad1700 1 -- 172.21.15.80:0/885067182 wait complete.
2024-04-24T23:20:01.111 INFO:teuthology.orchestra.run.smithi080.stdout:/usr/bin/ceph: stderr
2024-04-24T23:19:58.880+0000 7f656bad1700 1 Processor -- start
2024-04-24T23:20:01.111 INFO:teuthology.orchestra.run.smithi080.stdout:/usr/bin/ceph: stderr
2024-04-24T23:19:58.880+0000 7f656bad1700 1 -- start start
2024-04-24T23:20:01.111 INFO:teuthology.orchestra.run.smithi080.stdout:/usr/bin/ceph: stderr
2024-04-24T23:19:58.880+0000 7f656bad1700 1 --2- >> [v2:172.21.15.80:3300/0,v1:172.21.15.80:6789/0] conn(0x7f65641086a0 0x7f656419bc50 unknown :-1 s=NONE pgs=0 cs=0 l=1 rev1=0 crypto rx=0 tx=0 comp rx=0 tx=0).connect
2024-04-24T23:20:01.111 INFO:teuthology.orchestra.run.smithi080.stdout:/usr/bin/ceph: stderr
2024-04-24T23:19:58.880+0000 7f656bad1700 1 -- --> [v2:172.21.15.80:3300/0,v1:172.21.15.80:6789/0] -- mon_getmap magic: 0 -- 0x7f656410c0f0 con 0x7f65641086a0
2024-04-24T23:20:01.111 INFO:teuthology.orchestra.run.smithi080.stdout:/usr/bin/ceph: stderr
2024-04-24T23:19:58.880+0000 7f656986d700 1 --2- >> [v2:172.21.15.80:3300/0,v1:172.21.15.80:6789/0] conn(0x7f65641086a0 0x7f656419bc50 unknown :-1 s=BANNER_CONNECTING pgs=0 cs=0 l=1 rev1=0 crypto rx=0 tx=0 comp rx=0 tx=0)._handle_peer_banner_payload supported=3 required=0
2024-04-24T23:20:01.111 INFO:teuthology.orchestra.run.smithi080.stdout:/usr/bin/ceph: stderr
2024-04-24T23:19:58.880+0000 7f656986d700 1 --2- >> [v2:172.21.15.80:3300/0,v1:172.21.15.80:6789/0] conn(0x7f65641086a0 0x7f656419bc50 unknown :-1 s=HELLO_CONNECTING pgs=0 cs=0 l=1 rev1=1 crypto rx=0 tx=0 comp rx=0 tx=0).handle_hello peer v2:172.21.15.80:3300/0 says I am v2:172.21.15.80:41350/0 (socket says 172.21.15.80:41350)
2024-04-24T23:20:01.111 INFO:teuthology.orchestra.run.smithi080.stdout:/usr/bin/ceph: stderr
2024-04-24T23:19:58.880+0000 7f656986d700 1 -- 172.21.15.80:0/4178028968 learned_addr learned my addr 172.21.15.80:0/4178028968 (peer_addr_for_me v2:172.21.15.80:0/0)
2024-04-24T23:20:01.111 INFO:teuthology.orchestra.run.smithi080.stdout:/usr/bin/ceph: stderr
2024-04-24T23:19:58.880+0000 7f656986d700 1 -- 172.21.15.80:0/4178028968 --> [v2:172.21.15.80:3300/0,v1:172.21.15.80:6789/0] -- mon_subscribe({config=0+,monmap=0+}) -- 0x7f656419c190 con 0x7f65641086a0
2024-04-24T23:20:01.111 INFO:teuthology.orchestra.run.smithi080.stdout:/usr/bin/ceph: stderr
2024-04-24T23:19:58.881+0000 7f656986d700 1 --2- 172.21.15.80:0/4178028968 >> [v2:172.21.15.80:3300/0,v1:172.21.15.80:6789/0] conn(0x7f65641086a0 0x7f656419bc50 secure :-1 s=READY pgs=56 cs=0 l=1 rev1=1 crypto rx=0x7f65540116a0 tx=0x7f6554011ba0 comp rx=0 tx=0).ready entity=mon.0 client_cookie=0 server_cookie=0 in_seq=0 out_seq=0
2024-04-24T23:20:01.111 INFO:teuthology.orchestra.run.smithi080.stdout:/usr/bin/ceph: stderr
2024-04-24T23:19:58.881+0000 7f655affd700 1 -- 172.21.15.80:0/4178028968 <== mon.0 v2:172.21.15.80:3300/0 1 ==== mon_map magic: 0 ==== 205+0+0 (secure 0 0 0) 0x7f6554003a40 con 0x7f65641086a0
2024-04-24T23:20:01.111 INFO:teuthology.orchestra.run.smithi080.stdout:/usr/bin/ceph: stderr
2024-04-24T23:19:58.881+0000 7f656bad1700 1 -- 172.21.15.80:0/4178028968 --> [v2:172.21.15.80:3300/0,v1:172.21.15.80:6789/0] -- mon_subscribe({mgrmap=0+}) -- 0x7f656419c420 con 0x7f65641086a0
2024-04-24T23:20:01.111 INFO:teuthology.orchestra.run.smithi080.stdout:/usr/bin/ceph: stderr
2024-04-24T23:19:58.881+0000 7f656bad1700 1 -- 172.21.15.80:0/4178028968 --> [v2:172.21.15.80:3300/0,v1:172.21.15.80:6789/0] -- mon_subscribe({osdmap=0}) -- 0x7f656419c880 con 0x7f65641086a0
2024-04-24T23:20:01.111 INFO:teuthology.orchestra.run.smithi080.stdout:/usr/bin/ceph: stderr
2024-04-24T23:19:58.881+0000 7f655affd700 1 -- 172.21.15.80:0/4178028968 <== mon.0 v2:172.21.15.80:3300/0 2 ==== config(27 keys) ==== 1140+0+0 (secure 0 0 0) 0x7f6554003be0 con 0x7f65641086a0
2024-04-24T23:20:01.111 INFO:teuthology.orchestra.run.smithi080.stdout:/usr/bin/ceph: stderr
2024-04-24T23:19:58.881+0000 7f655affd700 1 -- 172.21.15.80:0/4178028968 <== mon.0 v2:172.21.15.80:3300/0 3 ==== mon_map magic: 0 ==== 205+0+0 (secure 0 0 0) 0x7f655401a750 con 0x7f65641086a0
2024-04-24T23:20:01.112 INFO:teuthology.orchestra.run.smithi080.stdout:/usr/bin/ceph: stderr
2024-04-24T23:19:58.882+0000 7f655affd700 1 -- 172.21.15.80:0/4178028968 <== mon.0 v2:172.21.15.80:3300/0 4 ==== mgrmap(e 8) ==== 46287+0+0 (secure 0 0 0) 0x7f655401aa80 con 0x7f65641086a0
2024-04-24T23:20:01.112 INFO:teuthology.orchestra.run.smithi080.stdout:/usr/bin/ceph: stderr
2024-04-24T23:19:58.882+0000 7f656bad1700 1 -- 172.21.15.80:0/4178028968 --> [v2:172.21.15.80:3300/0,v1:172.21.15.80:6789/0] -- mon_command({"prefix": "get_command_descriptions"} v 0) -- 0x7f6548005360 con 0x7f65641086a0
2024-04-24T23:20:01.112 INFO:teuthology.orchestra.run.smithi080.stdout:/usr/bin/ceph: stderr
2024-04-24T23:19:58.882+0000 7f655affd700 1 --2- 172.21.15.80:0/4178028968 >> [v2:172.21.15.80:6800/233364790,v1:172.21.15.80:6801/233364790] conn(0x7f6550039050 0x7f655003b510 unknown :-1 s=NONE pgs=0 cs=0 l=1 rev1=0 crypto rx=0 tx=0 comp rx=0 tx=0).connect
2024-04-24T23:20:01.112 INFO:teuthology.orchestra.run.smithi080.stdout:/usr/bin/ceph: stderr
2024-04-24T23:19:58.882+0000 7f655affd700 1 -- 172.21.15.80:0/4178028968 <== mon.0 v2:172.21.15.80:3300/0 5 ==== osd_map(2..2 src has 1..2) ==== 940+0+0 (secure 0 0 0) 0x7f655404d600 con 0x7f65641086a0
2024-04-24T23:20:01.112 INFO:teuthology.orchestra.run.smithi080.stdout:/usr/bin/ceph: stderr
2024-04-24T23:19:58.882+0000 7f656906c700 1 --2- 172.21.15.80:0/4178028968 >> [v2:172.21.15.80:6800/233364790,v1:172.21.15.80:6801/233364790] conn(0x7f6550039050 0x7f655003b510 unknown :-1 s=BANNER_CONNECTING pgs=0 cs=0 l=1 rev1=0 crypto rx=0 tx=0 comp rx=0 tx=0)._handle_peer_banner_payload supported=3 required=0
2024-04-24T23:20:01.112 INFO:teuthology.orchestra.run.smithi080.stdout:/usr/bin/ceph: stderr
2024-04-24T23:19:58.882+0000 7f656906c700 1 --2- 172.21.15.80:0/4178028968 >> [v2:172.21.15.80:6800/233364790,v1:172.21.15.80:6801/233364790] conn(0x7f6550039050 0x7f655003b510 secure :-1 s=READY pgs=16 cs=0 l=1 rev1=1 crypto rx=0x7f6560006fd0 tx=0x7f6560006e40 comp rx=0 tx=0).ready entity=mgr.14120 client_cookie=0 server_cookie=0 in_seq=0 out_seq=0
2024-04-24T23:20:01.112 INFO:teuthology.orchestra.run.smithi080.stdout:/usr/bin/ceph: stderr
2024-04-24T23:19:58.887+0000 7f655affd700 1 -- 172.21.15.80:0/4178028968 <== mon.0 v2:172.21.15.80:3300/0 6 ==== mon_command_ack([{"prefix": "get_command_descriptions"}]=0 v0) ==== 72+0+186147 (secure 0 0 0) 0x7f6554011e20 con 0x7f65641086a0
2024-04-24T23:20:01.112 INFO:teuthology.orchestra.run.smithi080.stdout:/usr/bin/ceph: stderr
2024-04-24T23:19:59.156+0000 7f656bad1700 1 -- 172.21.15.80:0/4178028968 --> [v2:172.21.15.80:3300/0,v1:172.21.15.80:6789/0] -- mon_command({"prefix": "mgr module enable", "module": "dashboard"} v 0) -- 0x7f6548005650 con 0x7f65641086a0
2024-04-24T23:20:01.112 INFO:teuthology.orchestra.run.smithi080.stdout:/usr/bin/ceph: stderr
2024-04-24T23:20:00.060+0000 7f655affd700 1 -- 172.21.15.80:0/4178028968 <== mon.0 v2:172.21.15.80:3300/0 7 ==== mon_command_ack([{"prefix": "mgr module enable", "module": "dashboard"}]=0 v9) ==== 88+0+0 (secure 0 0 0) 0x7f6554019c70 con 0x7f65641086a0
2024-04-24T23:20:01.112 INFO:teuthology.orchestra.run.smithi080.stdout:/usr/bin/ceph: stderr
2024-04-24T23:20:00.062+0000 7f655affd700 1 -- 172.21.15.80:0/4178028968 <== mon.0 v2:172.21.15.80:3300/0 8 ==== mgrmap(e 9) ==== 46300+0+0 (secure 0 0 0) 0x7f655402d3f0 con 0x7f65641086a0
2024-04-24T23:20:01.112 INFO:teuthology.orchestra.run.smithi080.stdout:/usr/bin/ceph: stderr
2024-04-24T23:20:00.063+0000 7f656bad1700 1 -- 172.21.15.80:0/4178028968 >> [v2:172.21.15.80:6800/233364790,v1:172.21.15.80:6801/233364790] conn(0x7f6550039050 msgr2=0x7f655003b510 secure :-1 s=STATE_CONNECTION_ESTABLISHED l=1).mark_down
2024-04-24T23:20:01.112 INFO:teuthology.orchestra.run.smithi080.stdout:/usr/bin/ceph: stderr
2024-04-24T23:20:00.063+0000 7f656bad1700 1 --2- 172.21.15.80:0/4178028968 >> [v2:172.21.15.80:6800/233364790,v1:172.21.15.80:6801/233364790] conn(0x7f6550039050 0x7f655003b510 secure :-1 s=READY pgs=16 cs=0 l=1 rev1=1 crypto rx=0x7f6560006fd0 tx=0x7f6560006e40 comp rx=0 tx=0).stop
2024-04-24T23:20:01.113 INFO:teuthology.orchestra.run.smithi080.stdout:/usr/bin/ceph: stderr
2024-04-24T23:20:00.063+0000 7f656bad1700 1 -- 172.21.15.80:0/4178028968 >> [v2:172.21.15.80:3300/0,v1:172.21.15.80:6789/0] conn(0x7f65641086a0 msgr2=0x7f656419bc50 secure :-1 s=STATE_CONNECTION_ESTABLISHED l=1).mark_down
2024-04-24T23:20:01.113 INFO:teuthology.orchestra.run.smithi080.stdout:/usr/bin/ceph: stderr
2024-04-24T23:20:00.063+0000 7f656bad1700 1 --2- 172.21.15.80:0/4178028968 >> [v2:172.21.15.80:3300/0,v1:172.21.15.80:6789/0] conn(0x7f65641086a0 0x7f656419bc50 secure :-1 s=READY pgs=56 cs=0 l=1 rev1=1 crypto rx=0x7f65540116a0 tx=0x7f6554011ba0 comp rx=0 tx=0).stop
2024-04-24T23:20:01.113 INFO:teuthology.orchestra.run.smithi080.stdout:/usr/bin/ceph: stderr
2024-04-24T23:20:00.063+0000 7f656bad1700 1 -- 172.21.15.80:0/4178028968 shutdown_connections
2024-04-24T23:20:01.113 INFO:teuthology.orchestra.run.smithi080.stdout:/usr/bin/ceph: stderr
2024-04-24T23:20:00.063+0000 7f656bad1700 1 --2- 172.21.15.80:0/4178028968 >> [v2:172.21.15.80:6800/233364790,v1:172.21.15.80:6801/233364790] conn(0x7f6550039050 0x7f655003b510 unknown :-1 s=CLOSED pgs=16 cs=0 l=1 rev1=1 crypto rx=0 tx=0 comp rx=0 tx=0).stop
2024-04-24T23:20:01.113 INFO:teuthology.orchestra.run.smithi080.stdout:/usr/bin/ceph: stderr
2024-04-24T23:20:00.063+0000 7f656bad1700 1 --2- 172.21.15.80:0/4178028968 >> [v2:172.21.15.80:3300/0,v1:172.21.15.80:6789/0] conn(0x7f65641086a0 0x7f656419bc50 unknown :-1 s=CLOSED pgs=56 cs=0 l=1 rev1=1 crypto rx=0 tx=0 comp rx=0 tx=0).stop
2024-04-24T23:20:01.113 INFO:teuthology.orchestra.run.smithi080.stdout:/usr/bin/ceph: stderr
2024-04-24T23:20:00.063+0000 7f656bad1700 1 -- 172.21.15.80:0/4178028968 >> 172.21.15.80:0/4178028968 conn(0x7f65641020b0 msgr2=0x7f6564102be0 unknown :-1 s=STATE_NONE l=0).mark_down
2024-04-24T23:20:01.113 INFO:teuthology.orchestra.run.smithi080.stdout:/usr/bin/ceph: stderr
2024-04-24T23:20:00.063+0000 7f656bad1700 1 -- 172.21.15.80:0/4178028968 shutdown_connections
2024-04-24T23:20:01.113 INFO:teuthology.orchestra.run.smithi080.stdout:/usr/bin/ceph: stderr
2024-04-24T23:20:00.063+0000 7f656bad1700 1 -- 172.21.15.80:0/4178028968 wait complete.
2024-04-24T23:20:02.400 INFO:journalctl@ceph.mon.a.smithi080.stdout:Apr 24 23:20:02 smithi080 ceph-mon[29152]: from='client.? 172.21.15.80:0/1964661900' entity='client.admin' cmd=[{"prefix": "mgr stat"}]: dispatch
2024-04-24T23:20:02.400 INFO:journalctl@ceph.mgr.x.smithi080.stdout:Apr 24 23:20:02 smithi080 ceph-ec7885aa-0290-11ef-bc93-c7b262605968-mgr-x[29381]:
2024-04-24T23:20:02.111+0000 7f5db40a6200 -1 mgr[py] Module telegraf has missing NOTIFY_TYPES member
2024-04-24T23:20:02.401 INFO:journalctl@ceph.mgr.x.smithi080.stdout:Apr 24 23:20:02 smithi080 ceph-ec7885aa-0290-11ef-bc93-c7b262605968-mgr-x[29381]:
2024-04-24T23:20:02.282+0000 7f5db40a6200 -1 mgr[py] Module osd_support has missing NOTIFY_TYPES member
2024-04-24T23:20:02.409 INFO:teuthology.orchestra.run.smithi080.stdout:/usr/bin/ceph: stdout {
2024-04-24T23:20:02.409 INFO:teuthology.orchestra.run.smithi080.stdout:/usr/bin/ceph: stdout "epoch": 9,
2024-04-24T23:20:02.409 INFO:teuthology.orchestra.run.smithi080.stdout:/usr/bin/ceph: stdout "available": true,
2024-04-24T23:20:02.410 INFO:teuthology.orchestra.run.smithi080.stdout:/usr/bin/ceph: stdout "active_name": "x",
2024-04-24T23:20:02.410 INFO:teuthology.orchestra.run.smithi080.stdout:/usr/bin/ceph: stdout "num_standby": 0
2024-04-24T23:20:02.410 INFO:teuthology.orchestra.run.smithi080.stdout:/usr/bin/ceph: stdout }
2024-04-24T23:20:02.410 INFO:teuthology.orchestra.run.smithi080.stdout:/usr/bin/ceph: stderr
2024-04-24T23:20:01.534+0000 7fdea5c0a700 1 Processor -- start
2024-04-24T23:20:02.410 INFO:teuthology.orchestra.run.smithi080.stdout:/usr/bin/ceph: stderr
2024-04-24T23:20:01.534+0000 7fdea5c0a700 1 -- start start
2024-04-24T23:20:02.410 INFO:teuthology.orchestra.run.smithi080.stdout:/usr/bin/ceph: stderr
2024-04-24T23:20:01.534+0000 7fdea5c0a700 1 --2- >> [v2:172.21.15.80:3300/0,v1:172.21.15.80:6789/0] conn(0x7fdea0107c10 0x7fdea0108030 unknown :-1 s=NONE pgs=0 cs=0 l=0 rev1=0 crypto rx=0 tx=0 comp rx=0 tx=0).connect
2024-04-24T23:20:02.410 INFO:teuthology.orchestra.run.smithi080.stdout:/usr/bin/ceph: stderr
2024-04-24T23:20:01.534+0000 7fdea5c0a700 1 -- --> [v2:172.21.15.80:3300/0,v1:172.21.15.80:6789/0] -- mon_getmap magic: 0 -- 0x7fdea0108600 con 0x7fdea0107c10
2024-04-24T23:20:02.410 INFO:teuthology.orchestra.run.smithi080.stdout:/usr/bin/ceph: stderr
2024-04-24T23:20:01.534+0000 7fde9f7fe700 1 --2- >> [v2:172.21.15.80:3300/0,v1:172.21.15.80:6789/0] conn(0x7fdea0107c10 0x7fdea0108030 unknown :-1 s=BANNER_CONNECTING pgs=0 cs=0 l=0 rev1=0 crypto rx=0 tx=0 comp rx=0 tx=0)._handle_peer_banner_payload supported=3 required=0
2024-04-24T23:20:02.410 INFO:teuthology.orchestra.run.smithi080.stdout:/usr/bin/ceph: stderr
2024-04-24T23:20:01.534+0000 7fde9f7fe700 1 --2- >> [v2:172.21.15.80:3300/0,v1:172.21.15.80:6789/0] conn(0x7fdea0107c10 0x7fdea0108030 unknown :-1 s=HELLO_CONNECTING pgs=0 cs=0 l=0 rev1=1 crypto rx=0 tx=0 comp rx=0 tx=0).handle_hello peer v2:172.21.15.80:3300/0 says I am v2:172.21.15.80:41380/0 (socket says 172.21.15.80:41380)
2024-04-24T23:20:02.410 INFO:teuthology.orchestra.run.smithi080.stdout:/usr/bin/ceph: stderr
2024-04-24T23:20:01.534+0000 7fde9f7fe700 1 -- 172.21.15.80:0/1140905372 learned_addr learned my addr 172.21.15.80:0/1140905372 (peer_addr_for_me v2:172.21.15.80:0/0)
2024-04-24T23:20:02.410 INFO:teuthology.orchestra.run.smithi080.stdout:/usr/bin/ceph: stderr
2024-04-24T23:20:01.534+0000 7fde9f7fe700 1 -- 172.21.15.80:0/1140905372 --> [v2:172.21.15.80:3300/0,v1:172.21.15.80:6789/0] -- mon_subscribe({config=0+,monmap=0+}) -- 0x7fdea0108dc0 con 0x7fdea0107c10
2024-04-24T23:20:02.411 INFO:teuthology.orchestra.run.smithi080.stdout:/usr/bin/ceph: stderr
2024-04-24T23:20:01.535+0000 7fde9f7fe700 1 --2- 172.21.15.80:0/1140905372 >> [v2:172.21.15.80:3300/0,v1:172.21.15.80:6789/0] conn(0x7fdea0107c10 0x7fdea0108030 secure :-1 s=READY pgs=59 cs=0 l=1 rev1=1 crypto rx=0x7fde900098a0 tx=0x7fde90009bb0 comp rx=0 tx=0).ready entity=mon.0 client_cookie=19d1d14554bd6aba server_cookie=0 in_seq=0 out_seq=0
2024-04-24T23:20:02.411 INFO:teuthology.orchestra.run.smithi080.stdout:/usr/bin/ceph: stderr
2024-04-24T23:20:01.535+0000 7fde9e7fc700 1 -- 172.21.15.80:0/1140905372 <== mon.0 v2:172.21.15.80:3300/0 1 ==== mon_map magic: 0 ==== 205+0+0 (secure 0 0 0) 0x7fde90004160 con 0x7fdea0107c10
2024-04-24T23:20:02.411 INFO:teuthology.orchestra.run.smithi080.stdout:/usr/bin/ceph: stderr
2024-04-24T23:20:01.535+0000 7fde9e7fc700 1 -- 172.21.15.80:0/1140905372 <== mon.0 v2:172.21.15.80:3300/0 2 ==== config(27 keys) ==== 1140+0+0 (secure 0 0 0) 0x7fde90004300 con 0x7fdea0107c10
2024-04-24T23:20:02.411 INFO:teuthology.orchestra.run.smithi080.stdout:/usr/bin/ceph: stderr
2024-04-24T23:20:01.535+0000 7fde9e7fc700 1 -- 172.21.15.80:0/1140905372 <== mon.0 v2:172.21.15.80:3300/0 3 ==== mon_map magic: 0 ==== 205+0+0 (secure 0 0 0) 0x7fde90011b20 con 0x7fdea0107c10
2024-04-24T23:20:02.411 INFO:teuthology.orchestra.run.smithi080.stdout:/usr/bin/ceph: stderr
2024-04-24T23:20:01.535+0000 7fdea5c0a700 1 -- 172.21.15.80:0/1140905372 >> [v2:172.21.15.80:3300/0,v1:172.21.15.80:6789/0] conn(0x7fdea0107c10 msgr2=0x7fdea0108030 secure :-1 s=STATE_CONNECTION_ESTABLISHED l=1).mark_down
2024-04-24T23:20:02.411 INFO:teuthology.orchestra.run.smithi080.stdout:/usr/bin/ceph: stderr
2024-04-24T23:20:01.535+0000 7fdea5c0a700 1 --2- 172.21.15.80:0/1140905372 >> [v2:172.21.15.80:3300/0,v1:172.21.15.80:6789/0] conn(0x7fdea0107c10 0x7fdea0108030 secure :-1 s=READY pgs=59 cs=0 l=1 rev1=1 crypto rx=0x7fde900098a0 tx=0x7fde90009bb0 comp rx=0 tx=0).stop
2024-04-24T23:20:02.411 INFO:teuthology.orchestra.run.smithi080.stdout:/usr/bin/ceph: stderr
2024-04-24T23:20:01.535+0000 7fdea5c0a700 1 -- 172.21.15.80:0/1140905372 shutdown_connections
2024-04-24T23:20:02.411 INFO:teuthology.orchestra.run.smithi080.stdout:/usr/bin/ceph: stderr
2024-04-24T23:20:01.535+0000 7fdea5c0a700 1 --2- 172.21.15.80:0/1140905372 >> [v2:172.21.15.80:3300/0,v1:172.21.15.80:6789/0] conn(0x7fdea0107c10 0x7fdea0108030 unknown :-1 s=CLOSED pgs=59 cs=0 l=1 rev1=1 crypto rx=0 tx=0 comp rx=0 tx=0).stop
2024-04-24T23:20:02.411 INFO:teuthology.orchestra.run.smithi080.stdout:/usr/bin/ceph: stderr
2024-04-24T23:20:01.535+0000 7fdea5c0a700 1 -- 172.21.15.80:0/1140905372 >> 172.21.15.80:0/1140905372 conn(0x7fdea01031d0 msgr2=0x7fdea01055f0 unknown :-1 s=STATE_NONE l=0).mark_down
2024-04-24T23:20:02.411 INFO:teuthology.orchestra.run.smithi080.stdout:/usr/bin/ceph: stderr
2024-04-24T23:20:01.536+0000 7fdea5c0a700 1 -- 172.21.15.80:0/1140905372 shutdown_connections
2024-04-24T23:20:02.411 INFO:teuthology.orchestra.run.smithi080.stdout:/usr/bin/ceph: stderr
2024-04-24T23:20:01.536+0000 7fdea5c0a700 1 -- 172.21.15.80:0/1140905372 wait complete.
2024-04-24T23:20:02.412 INFO:teuthology.orchestra.run.smithi080.stdout:/usr/bin/ceph: stderr
2024-04-24T23:20:01.536+0000 7fdea5c0a700 1 Processor -- start
2024-04-24T23:20:02.412 INFO:teuthology.orchestra.run.smithi080.stdout:/usr/bin/ceph: stderr
2024-04-24T23:20:01.536+0000 7fdea5c0a700 1 -- start start
2024-04-24T23:20:02.412 INFO:teuthology.orchestra.run.smithi080.stdout:/usr/bin/ceph: stderr
2024-04-24T23:20:01.536+0000 7fdea5c0a700 1 --2- >> [v2:172.21.15.80:3300/0,v1:172.21.15.80:6789/0] conn(0x7fdea0107c10 0x7fdea019bb70 unknown :-1 s=NONE pgs=0 cs=0 l=1 rev1=0 crypto rx=0 tx=0 comp rx=0 tx=0).connect
2024-04-24T23:20:02.412 INFO:teuthology.orchestra.run.smithi080.stdout:/usr/bin/ceph: stderr
2024-04-24T23:20:01.536+0000 7fdea5c0a700 1 -- --> [v2:172.21.15.80:3300/0,v1:172.21.15.80:6789/0] -- mon_getmap magic: 0 -- 0x7fdea010c170 con 0x7fdea0107c10
2024-04-24T23:20:02.412 INFO:teuthology.orchestra.run.smithi080.stdout:/usr/bin/ceph: stderr
2024-04-24T23:20:01.537+0000 7fde9f7fe700 1 --2- >> [v2:172.21.15.80:3300/0,v1:172.21.15.80:6789/0] conn(0x7fdea0107c10 0x7fdea019bb70 unknown :-1 s=BANNER_CONNECTING pgs=0 cs=0 l=1 rev1=0 crypto rx=0 tx=0 comp rx=0 tx=0)._handle_peer_banner_payload supported=3 required=0
2024-04-24T23:20:02.412 INFO:teuthology.orchestra.run.smithi080.stdout:/usr/bin/ceph: stderr
2024-04-24T23:20:01.537+0000 7fde9f7fe700 1 --2- >> [v2:172.21.15.80:3300/0,v1:172.21.15.80:6789/0] conn(0x7fdea0107c10 0x7fdea019bb70 unknown :-1 s=HELLO_CONNECTING pgs=0 cs=0 l=1 rev1=1 crypto rx=0 tx=0 comp rx=0 tx=0).handle_hello peer v2:172.21.15.80:3300/0 says I am v2:172.21.15.80:41384/0 (socket says 172.21.15.80:41384)
2024-04-24T23:20:02.412 INFO:teuthology.orchestra.run.smithi080.stdout:/usr/bin/ceph: stderr
2024-04-24T23:20:01.537+0000 7fde9f7fe700 1 -- 172.21.15.80:0/1964661900 learned_addr learned my addr 172.21.15.80:0/1964661900 (peer_addr_for_me v2:172.21.15.80:0/0)
2024-04-24T23:20:02.412 INFO:teuthology.orchestra.run.smithi080.stdout:/usr/bin/ceph: stderr
2024-04-24T23:20:01.537+0000 7fde9f7fe700 1 -- 172.21.15.80:0/1964661900 --> [v2:172.21.15.80:3300/0,v1:172.21.15.80:6789/0] -- mon_subscribe({config=0+,monmap=0+}) -- 0x7fdea019c0b0 con 0x7fdea0107c10
2024-04-24T23:20:02.412 INFO:teuthology.orchestra.run.smithi080.stdout:/usr/bin/ceph: stderr
2024-04-24T23:20:01.537+0000 7fde9f7fe700 1 --2- 172.21.15.80:0/1964661900 >> [v2:172.21.15.80:3300/0,v1:172.21.15.80:6789/0] conn(0x7fdea0107c10 0x7fdea019bb70 secure :-1 s=READY pgs=60 cs=0 l=1 rev1=1 crypto rx=0x7fde900116a0 tx=0x7fde90011ba0 comp rx=0 tx=0).ready entity=mon.0 client_cookie=0 server_cookie=0 in_seq=0 out_seq=0
2024-04-24T23:20:02.412 INFO:teuthology.orchestra.run.smithi080.stdout:/usr/bin/ceph: stderr
2024-04-24T23:20:01.537+0000 7fde9cff9700 1 -- 172.21.15.80:0/1964661900 <== mon.0 v2:172.21.15.80:3300/0 1 ==== mon_map magic: 0 ==== 205+0+0 (secure 0 0 0) 0x7fde90003a40 con 0x7fdea0107c10
2024-04-24T23:20:02.412 INFO:teuthology.orchestra.run.smithi080.stdout:/usr/bin/ceph: stderr
2024-04-24T23:20:01.537+0000 7fdea5c0a700 1 -- 172.21.15.80:0/1964661900 --> [v2:172.21.15.80:3300/0,v1:172.21.15.80:6789/0] -- mon_subscribe({mgrmap=0+}) -- 0x7fdea019c340 con 0x7fdea0107c10
2024-04-24T23:20:02.412 INFO:teuthology.orchestra.run.smithi080.stdout:/usr/bin/ceph: stderr
2024-04-24T23:20:01.537+0000 7fde9cff9700 1 -- 172.21.15.80:0/1964661900 <== mon.0 v2:172.21.15.80:3300/0 2 ==== config(27 keys) ==== 1140+0+0 (secure 0 0 0) 0x7fde90003be0 con 0x7fdea0107c10
2024-04-24T23:20:02.413 INFO:teuthology.orchestra.run.smithi080.stdout:/usr/bin/ceph: stderr
2024-04-24T23:20:01.537+0000 7fde9cff9700 1 -- 172.21.15.80:0/1964661900 <== mon.0 v2:172.21.15.80:3300/0 3 ==== mon_map magic: 0 ==== 205+0+0 (secure 0 0 0) 0x7fde9001a720 con 0x7fdea0107c10
2024-04-24T23:20:02.413 INFO:teuthology.orchestra.run.smithi080.stdout:/usr/bin/ceph: stderr
2024-04-24T23:20:01.537+0000 7fdea5c0a700 1 -- 172.21.15.80:0/1964661900 --> [v2:172.21.15.80:3300/0,v1:172.21.15.80:6789/0] -- mon_subscribe({osdmap=0}) -- 0x7fdea019c7a0 con 0x7fdea0107c10
2024-04-24T23:20:02.413 INFO:teuthology.orchestra.run.smithi080.stdout:/usr/bin/ceph: stderr
2024-04-24T23:20:01.538+0000 7fde9cff9700 1 -- 172.21.15.80:0/1964661900 <== mon.0 v2:172.21.15.80:3300/0 4 ==== mgrmap(e 9) ==== 46300+0+0 (secure 0 0 0) 0x7fde9001aa20 con 0x7fdea0107c10
2024-04-24T23:20:02.413 INFO:teuthology.orchestra.run.smithi080.stdout:/usr/bin/ceph: stderr
2024-04-24T23:20:01.538+0000 7fde9cff9700 1 --2- 172.21.15.80:0/1964661900 >> [v2:172.21.15.80:6800/233364790,v1:172.21.15.80:6801/233364790] conn(0x7fde8c039050 0x7fde8c03b510 unknown :-1 s=NONE pgs=0 cs=0 l=1 rev1=0 crypto rx=0 tx=0 comp rx=0 tx=0).connect
2024-04-24T23:20:02.413 INFO:teuthology.orchestra.run.smithi080.stdout:/usr/bin/ceph: stderr
2024-04-24T23:20:01.538+0000 7fde9cff9700 1 -- 172.21.15.80:0/1964661900 <== mon.0 v2:172.21.15.80:3300/0 5 ==== osd_map(2..2 src has 1..2) ==== 940+0+0 (secure 0 0 0) 0x7fde9004d800 con 0x7fdea0107c10
2024-04-24T23:20:02.413 INFO:teuthology.orchestra.run.smithi080.stdout:/usr/bin/ceph: stderr
2024-04-24T23:20:01.538+0000 7fde9effd700 1 -- 172.21.15.80:0/1964661900 >> [v2:172.21.15.80:6800/233364790,v1:172.21.15.80:6801/233364790] conn(0x7fde8c039050 msgr2=0x7fde8c03b510 unknown :-1 s=STATE_CONNECTING_RE l=1).process reconnect failed to v2:172.21.15.80:6800/233364790
2024-04-24T23:20:02.413 INFO:teuthology.orchestra.run.smithi080.stdout:/usr/bin/ceph: stderr
2024-04-24T23:20:01.538+0000 7fde9effd700 1 --2- 172.21.15.80:0/1964661900 >> [v2:172.21.15.80:6800/233364790,v1:172.21.15.80:6801/233364790] conn(0x7fde8c039050 0x7fde8c03b510 unknown :-1 s=START_CONNECT pgs=0 cs=0 l=1 rev1=0 crypto rx=0 tx=0 comp rx=0 tx=0)._fault waiting 0.200000
2024-04-24T23:20:02.413 INFO:teuthology.orchestra.run.smithi080.stdout:/usr/bin/ceph: stderr
2024-04-24T23:20:01.539+0000 7fdea5c0a700 1 -- 172.21.15.80:0/1964661900 --> [v2:172.21.15.80:3300/0,v1:172.21.15.80:6789/0] -- mon_command({"prefix": "get_command_descriptions"} v 0) -- 0x7fdea0063890 con 0x7fdea0107c10
2024-04-24T23:20:02.413 INFO:teuthology.orchestra.run.smithi080.stdout:/usr/bin/ceph: stderr
2024-04-24T23:20:01.548+0000 7fde9cff9700 1 -- 172.21.15.80:0/1964661900 <== mon.0 v2:172.21.15.80:3300/0 6 ==== mon_command_ack([{"prefix": "get_command_descriptions"}]=0 v0) ==== 72+0+186147 (secure 0 0 0) 0x7fde90011e20 con 0x7fdea0107c10
2024-04-24T23:20:02.413 INFO:teuthology.orchestra.run.smithi080.stdout:/usr/bin/ceph: stderr
2024-04-24T23:20:01.739+0000 7fde9effd700 1 -- 172.21.15.80:0/1964661900 >> [v2:172.21.15.80:6800/233364790,v1:172.21.15.80:6801/233364790] conn(0x7fde8c039050 msgr2=0x7fde8c03b510 unknown :-1 s=STATE_CONNECTING_RE l=1).process reconnect failed to v2:172.21.15.80:6800/233364790
2024-04-24T23:20:02.413 INFO:teuthology.orchestra.run.smithi080.stdout:/usr/bin/ceph: stderr
2024-04-24T23:20:01.739+0000 7fde9effd700 1 --2- 172.21.15.80:0/1964661900 >> [v2:172.21.15.80:6800/233364790,v1:172.21.15.80:6801/233364790] conn(0x7fde8c039050 0x7fde8c03b510 unknown :-1 s=START_CONNECT pgs=0 cs=0 l=1 rev1=0 crypto rx=0 tx=0 comp rx=0 tx=0)._fault waiting 0.400000
2024-04-24T23:20:02.413 INFO:teuthology.orchestra.run.smithi080.stdout:/usr/bin/ceph: stderr
2024-04-24T23:20:01.802+0000 7fdea5c0a700 1 -- 172.21.15.80:0/1964661900 --> [v2:172.21.15.80:3300/0,v1:172.21.15.80:6789/0] -- mon_command({"prefix": "mgr stat"} v 0) -- 0x7fdea019f0d0 con 0x7fdea0107c10
2024-04-24T23:20:02.414 INFO:teuthology.orchestra.run.smithi080.stdout:/usr/bin/ceph: stderr
2024-04-24T23:20:01.802+0000 7fde9cff9700 1 -- 172.21.15.80:0/1964661900 <== mon.0 v2:172.21.15.80:3300/0 7 ==== mon_command_ack([{"prefix": "mgr stat"}]=0 v9) ==== 56+0+88 (secure 0 0 0) 0x7fde9004d130 con 0x7fdea0107c10
2024-04-24T23:20:02.414 INFO:teuthology.orchestra.run.smithi080.stdout:/usr/bin/ceph: stderr
2024-04-24T23:20:01.805+0000 7fdea5c0a700 1 -- 172.21.15.80:0/1964661900 >> [v2:172.21.15.80:6800/233364790,v1:172.21.15.80:6801/233364790] conn(0x7fde8c039050 msgr2=0x7fde8c03b510 unknown :-1 s=STATE_CONNECTING l=1).mark_down
2024-04-24T23:20:02.414 INFO:teuthology.orchestra.run.smithi080.stdout:/usr/bin/ceph: stderr
2024-04-24T23:20:01.805+0000 7fdea5c0a700 1 --2- 172.21.15.80:0/1964661900 >> [v2:172.21.15.80:6800/233364790,v1:172.21.15.80:6801/233364790] conn(0x7fde8c039050 0x7fde8c03b510 unknown :-1 s=START_CONNECT pgs=0 cs=0 l=1 rev1=0 crypto rx=0 tx=0 comp rx=0 tx=0).stop
2024-04-24T23:20:02.414 INFO:teuthology.orchestra.run.smithi080.stdout:/usr/bin/ceph: stderr
2024-04-24T23:20:01.805+0000 7fdea5c0a700 1 -- 172.21.15.80:0/1964661900 >> [v2:172.21.15.80:3300/0,v1:172.21.15.80:6789/0] conn(0x7fdea0107c10 msgr2=0x7fdea019bb70 secure :-1 s=STATE_CONNECTION_ESTABLISHED l=1).mark_down
2024-04-24T23:20:02.414 INFO:teuthology.orchestra.run.smithi080.stdout:/usr/bin/ceph: stderr
2024-04-24T23:20:01.805+0000 7fdea5c0a700 1 --2- 172.21.15.80:0/1964661900 >> [v2:172.21.15.80:3300/0,v1:172.21.15.80:6789/0] conn(0x7fdea0107c10 0x7fdea019bb70 secure :-1 s=READY pgs=60 cs=0 l=1 rev1=1 crypto rx=0x7fde900116a0 tx=0x7fde90011ba0 comp rx=0 tx=0).stop
2024-04-24T23:20:02.414 INFO:teuthology.orchestra.run.smithi080.stdout:/usr/bin/ceph: stderr
2024-04-24T23:20:01.805+0000 7fdea5c0a700 1 -- 172.21.15.80:0/1964661900 shutdown_connections
2024-04-24T23:20:02.414 INFO:teuthology.orchestra.run.smithi080.stdout:/usr/bin/ceph: stderr
2024-04-24T23:20:01.805+0000 7fdea5c0a700 1 --2- 172.21.15.80:0/1964661900 >> [v2:172.21.15.80:6800/233364790,v1:172.21.15.80:6801/233364790] conn(0x7fde8c039050 0x7fde8c03b510 unknown :-1 s=CLOSED pgs=0 cs=0 l=1 rev1=0 crypto rx=0 tx=0 comp rx=0 tx=0).stop
2024-04-24T23:20:02.414 INFO:teuthology.orchestra.run.smithi080.stdout:/usr/bin/ceph: stderr
2024-04-24T23:20:01.805+0000 7fdea5c0a700 1 --2- 172.21.15.80:0/1964661900 >> [v2:172.21.15.80:3300/0,v1:172.21.15.80:6789/0] conn(0x7fdea0107c10 0x7fdea019bb70 unknown :-1 s=CLOSED pgs=60 cs=0 l=1 rev1=1 crypto rx=0 tx=0 comp rx=0 tx=0).stop
2024-04-24T23:20:02.414 INFO:teuthology.orchestra.run.smithi080.stdout:/usr/bin/ceph: stderr
2024-04-24T23:20:01.805+0000 7fdea5c0a700 1 -- 172.21.15.80:0/1964661900 >> 172.21.15.80:0/1964661900 conn(0x7fdea01031d0 msgr2=0x7fdea0103cc0 unknown :-1 s=STATE_NONE l=0).mark_down
2024-04-24T23:20:02.414 INFO:teuthology.orchestra.run.smithi080.stdout:/usr/bin/ceph: stderr
2024-04-24T23:20:01.805+0000 7fdea5c0a700 1 -- 172.21.15.80:0/1964661900 shutdown_connections
2024-04-24T23:20:02.414 INFO:teuthology.orchestra.run.smithi080.stdout:/usr/bin/ceph: stderr
2024-04-24T23:20:01.805+0000 7fdea5c0a700 1 -- 172.21.15.80:0/1964661900 wait complete.
2024-04-24T23:20:02.414 INFO:teuthology.orchestra.run.smithi080.stdout:Waiting for the mgr to restart...
2024-04-24T23:20:02.414 INFO:teuthology.orchestra.run.smithi080.stdout:Waiting for mgr epoch 9...
2024-04-24T23:20:02.744 INFO:journalctl@ceph.mgr.x.smithi080.stdout:Apr 24 23:20:02 smithi080 ceph-ec7885aa-0290-11ef-bc93-c7b262605968-mgr-x[29381]:
2024-04-24T23:20:02.456+0000 7f5db40a6200 -1 mgr[py] Module iostat has missing NOTIFY_TYPES member
2024-04-24T23:20:03.039 INFO:journalctl@ceph.mgr.x.smithi080.stdout:Apr 24 23:20:02 smithi080 ceph-ec7885aa-0290-11ef-bc93-c7b262605968-mgr-x[29381]:
2024-04-24T23:20:02.747+0000 7f5db40a6200 -1 mgr[py] Module alerts has missing NOTIFY_TYPES member
2024-04-24T23:20:03.039 INFO:journalctl@ceph.mgr.x.smithi080.stdout:Apr 24 23:20:02 smithi080 ceph-ec7885aa-0290-11ef-bc93-c7b262605968-mgr-x[29381]:
2024-04-24T23:20:02.843+0000 7f5db40a6200 -1 mgr[py] Module selftest has missing NOTIFY_TYPES member
2024-04-24T23:20:03.451 INFO:journalctl@ceph.mgr.x.smithi080.stdout:Apr 24 23:20:03 smithi080 ceph-ec7885aa-0290-11ef-bc93-c7b262605968-mgr-x[29381]:
2024-04-24T23:20:03.043+0000 7f5db40a6200 -1 mgr[py] Module pg_autoscaler has missing NOTIFY_TYPES member
2024-04-24T23:20:03.451 INFO:journalctl@ceph.mgr.x.smithi080.stdout:Apr 24 23:20:03 smithi080 ceph-ec7885aa-0290-11ef-bc93-c7b262605968-mgr-x[29381]:
2024-04-24T23:20:03.234+0000 7f5db40a6200 -1 mgr[py] Module test_orchestrator has missing NOTIFY_TYPES member
2024-04-24T23:20:04.232 INFO:journalctl@ceph.mgr.x.smithi080.stdout:Apr 24 23:20:03 smithi080 ceph-ec7885aa-0290-11ef-bc93-c7b262605968-mgr-x[29381]:
2024-04-24T23:20:03.818+0000 7f5db40a6200 -1 mgr[py] Module rook has missing NOTIFY_TYPES member
2024-04-24T23:20:04.232 INFO:journalctl@ceph.mgr.x.smithi080.stdout:Apr 24 23:20:04 smithi080 ceph-ec7885aa-0290-11ef-bc93-c7b262605968-mgr-x[29381]:
2024-04-24T23:20:04.230+0000 7f5db40a6200 -1 mgr[py] Module volumes has missing NOTIFY_TYPES member
2024-04-24T23:20:04.524 INFO:journalctl@ceph.mgr.x.smithi080.stdout:Apr 24 23:20:04 smithi080 ceph-ec7885aa-0290-11ef-bc93-c7b262605968-mgr-x[29381]:
2024-04-24T23:20:04.325+0000 7f5db40a6200 -1 mgr[py] Module crash has missing NOTIFY_TYPES member
2024-04-24T23:20:04.524 INFO:journalctl@ceph.mgr.x.smithi080.stdout:Apr 24 23:20:04 smithi080 ceph-ec7885aa-0290-11ef-bc93-c7b262605968-mgr-x[29381]:
2024-04-24T23:20:04.522+0000 7f5db40a6200 -1 mgr[py] Module rgw has missing NOTIFY_TYPES member
2024-04-24T23:20:05.289 INFO:journalctl@ceph.mgr.x.smithi080.stdout:Apr 24 23:20:05 smithi080 ceph-ec7885aa-0290-11ef-bc93-c7b262605968-mgr-x[29381]:
2024-04-24T23:20:05.032+0000 7f5db40a6200 -1 mgr[py] Module prometheus has missing NOTIFY_TYPES member
2024-04-24T23:20:05.289 INFO:journalctl@ceph.mgr.x.smithi080.stdout:Apr 24 23:20:05 smithi080 ceph-ec7885aa-0290-11ef-bc93-c7b262605968-mgr-x[29381]:
2024-04-24T23:20:05.122+0000 7f5db40a6200 -1 mgr[py] Module devicehealth has missing NOTIFY_TYPES member
2024-04-24T23:20:05.697 INFO:journalctl@ceph.mgr.x.smithi080.stdout:Apr 24 23:20:05 smithi080 ceph-ec7885aa-0290-11ef-bc93-c7b262605968-mgr-x[29381]:
2024-04-24T23:20:05.359+0000 7f5db40a6200 -1 mgr[py] Module telemetry has missing NOTIFY_TYPES member
2024-04-24T23:20:05.697 INFO:journalctl@ceph.mgr.x.smithi080.stdout:Apr 24 23:20:05 smithi080 ceph-ec7885aa-0290-11ef-bc93-c7b262605968-mgr-x[29381]:
2024-04-24T23:20:05.489+0000 7f5db40a6200 -1 mgr[py] Module diskprediction_local has missing NOTIFY_TYPES member
2024-04-24T23:20:05.697 INFO:journalctl@ceph.mgr.x.smithi080.stdout:Apr 24 23:20:05 smithi080 ceph-ec7885aa-0290-11ef-bc93-c7b262605968-mgr-x[29381]:
2024-04-24T23:20:05.582+0000 7f5db40a6200 -1 mgr[py] Module osd_perf_query has missing NOTIFY_TYPES member
2024-04-24T23:20:05.697 INFO:journalctl@ceph.mgr.x.smithi080.stdout:Apr 24 23:20:05 smithi080 ceph-ec7885aa-0290-11ef-bc93-c7b262605968-mgr-x[29381]:
2024-04-24T23:20:05.694+0000 7f5db40a6200 -1 mgr[py] Module rbd_support has missing NOTIFY_TYPES member
2024-04-24T23:20:06.039 INFO:journalctl@ceph.mgr.x.smithi080.stdout:Apr 24 23:20:05 smithi080 ceph-ec7885aa-0290-11ef-bc93-c7b262605968-mgr-x[29381]:
2024-04-24T23:20:05.784+0000 7f5db40a6200 -1 mgr[py] Module zabbix has missing NOTIFY_TYPES member
2024-04-24T23:20:06.846 INFO:journalctl@ceph.mgr.x.smithi080.stdout:Apr 24 23:20:06 smithi080 ceph-ec7885aa-0290-11ef-bc93-c7b262605968-mgr-x[29381]:
2024-04-24T23:20:06.578+0000 7f5db40a6200 -1 mgr[py] Module status has missing NOTIFY_TYPES member
2024-04-24T23:20:06.846 INFO:journalctl@ceph.mgr.x.smithi080.stdout:Apr 24 23:20:06 smithi080 ceph-ec7885aa-0290-11ef-bc93-c7b262605968-mgr-x[29381]:
2024-04-24T23:20:06.791+0000 7f5db40a6200 -1 mgr[py] Module nfs has missing NOTIFY_TYPES member
2024-04-24T23:20:07.289 INFO:journalctl@ceph.mon.a.smithi080.stdout:Apr 24 23:20:06 smithi080 ceph-mon[29152]: Active manager daemon x restarted
2024-04-24T23:20:07.289 INFO:journalctl@ceph.mon.a.smithi080.stdout:Apr 24 23:20:06 smithi080 ceph-mon[29152]: Activating manager daemon x
2024-04-24T23:20:07.289 INFO:journalctl@ceph.mon.a.smithi080.stdout:Apr 24 23:20:06 smithi080 ceph-mon[29152]: osdmap e3: 0 total, 0 up, 0 in
2024-04-24T23:20:07.290 INFO:journalctl@ceph.mon.a.smithi080.stdout:Apr 24 23:20:06 smithi080 ceph-mon[29152]: mgrmap e10: x(active, starting, since 0.00378326s)
2024-04-24T23:20:07.290 INFO:journalctl@ceph.mon.a.smithi080.stdout:Apr 24 23:20:06 smithi080 ceph-mon[29152]: from='mgr.14152 172.21.15.80:0/573784130' entity='mgr.x' cmd=[{"prefix": "mon metadata", "id": "a"}]: dispatch
2024-04-24T23:20:07.290 INFO:journalctl@ceph.mon.a.smithi080.stdout:Apr 24 23:20:06 smithi080 ceph-mon[29152]: from='mgr.14152 172.21.15.80:0/573784130' entity='mgr.x' cmd=[{"prefix": "mgr metadata", "who": "x", "id": "x"}]: dispatch
2024-04-24T23:20:07.290 INFO:journalctl@ceph.mon.a.smithi080.stdout:Apr 24 23:20:06 smithi080 ceph-mon[29152]: from='mgr.14152 172.21.15.80:0/573784130' entity='mgr.x' cmd=[{"prefix": "mds metadata"}]: dispatch
2024-04-24T23:20:07.290 INFO:journalctl@ceph.mon.a.smithi080.stdout:Apr 24 23:20:06 smithi080 ceph-mon[29152]: from='mgr.14152 172.21.15.80:0/573784130' entity='mgr.x' cmd=[{"prefix": "osd metadata"}]: dispatch
2024-04-24T23:20:07.290 INFO:journalctl@ceph.mon.a.smithi080.stdout:Apr 24 23:20:06 smithi080 ceph-mon[29152]: from='mgr.14152 172.21.15.80:0/573784130' entity='mgr.x' cmd=[{"prefix": "mon metadata"}]: dispatch
2024-04-24T23:20:07.290 INFO:journalctl@ceph.mon.a.smithi080.stdout:Apr 24 23:20:06 smithi080 ceph-mon[29152]: Manager daemon x is now available
2024-04-24T23:20:07.290 INFO:journalctl@ceph.mon.a.smithi080.stdout:Apr 24 23:20:06 smithi080 ceph-mon[29152]: from='mgr.14152 172.21.15.80:0/573784130' entity='mgr.x' cmd=[{"prefix": "config dump", "format": "json"}]: dispatch
