2024-04-24T23:19:44.878+0000 7f0a8ffff700 1 --2- >> [v2:172.21.15.80:3300/0,v1:172.21.15.80:6789/0] conn(0x7f0a90106200 0x7f0a9019bae0 unknown :-1 s=BANNER_CONNECTING pgs=0 cs=0 l=1 rev1=0 crypto rx=0 tx=0 comp rx=0 tx=0)._handle_peer_banner_payload supported=3 required=0
2024-04-24T23:19:45.915 INFO:teuthology.orchestra.run.smithi080.stdout:/usr/bin/ceph: stderr
2024-04-24T23:19:44.878+0000 7f0a8ffff700 1 --2- >> [v2:172.21.15.80:3300/0,v1:172.21.15.80:6789/0] conn(0x7f0a90106200 0x7f0a9019bae0 unknown :-1 s=HELLO_CONNECTING pgs=0 cs=0 l=1 rev1=1 crypto rx=0 tx=0 comp rx=0 tx=0).handle_hello peer v2:172.21.15.80:3300/0 says I am v2:172.21.15.80:43324/0 (socket says 172.21.15.80:43324)
2024-04-24T23:19:45.915 INFO:teuthology.orchestra.run.smithi080.stdout:/usr/bin/ceph: stderr
2024-04-24T23:19:44.878+0000 7f0a8ffff700 1 -- 172.21.15.80:0/863802024 learned_addr learned my addr 172.21.15.80:0/863802024 (peer_addr_for_me v2:172.21.15.80:0/0)
2024-04-24T23:19:45.915 INFO:teuthology.orchestra.run.smithi080.stdout:/usr/bin/ceph: stderr
2024-04-24T23:19:44.879+0000 7f0a8ffff700 1 -- 172.21.15.80:0/863802024 --> [v2:172.21.15.80:3300/0,v1:172.21.15.80:6789/0] -- mon_subscribe({config=0+,monmap=0+}) -- 0x7f0a9019c020 con 0x7f0a90106200
2024-04-24T23:19:45.915 INFO:teuthology.orchestra.run.smithi080.stdout:/usr/bin/ceph: stderr
2024-04-24T23:19:44.879+0000 7f0a8ffff700 1 --2- 172.21.15.80:0/863802024 >> [v2:172.21.15.80:3300/0,v1:172.21.15.80:6789/0] conn(0x7f0a90106200 0x7f0a9019bae0 secure :-1 s=READY pgs=42 cs=0 l=1 rev1=1 crypto rx=0x7f0a8000afd0 tx=0x7f0a80006c80 comp rx=0 tx=0).ready entity=mon.0 client_cookie=0 server_cookie=0 in_seq=0 out_seq=0
2024-04-24T23:19:45.915 INFO:teuthology.orchestra.run.smithi080.stdout:/usr/bin/ceph: stderr
2024-04-24T23:19:44.879+0000 7f0a8d7fa700 1 -- 172.21.15.80:0/863802024 <== mon.0 v2:172.21.15.80:3300/0 1 ==== mon_map magic: 0 ==== 205+0+0 (secure 0 0 0) 0x7f0a80025070 con 0x7f0a90106200
2024-04-24T23:19:45.916 INFO:teuthology.orchestra.run.smithi080.stdout:/usr/bin/ceph: stderr
2024-04-24T23:19:44.879+0000 7f0a96a17700 1 -- 172.21.15.80:0/863802024 --> [v2:172.21.15.80:3300/0,v1:172.21.15.80:6789/0] -- mon_subscribe({mgrmap=0+}) -- 0x7f0a9019c2b0 con 0x7f0a90106200
2024-04-24T23:19:45.916 INFO:teuthology.orchestra.run.smithi080.stdout:/usr/bin/ceph: stderr
2024-04-24T23:19:44.879+0000 7f0a8d7fa700 1 -- 172.21.15.80:0/863802024 <== mon.0 v2:172.21.15.80:3300/0 2 ==== config(27 keys) ==== 1109+0+0 (secure 0 0 0) 0x7f0a80004340 con 0x7f0a90106200
2024-04-24T23:19:45.916 INFO:teuthology.orchestra.run.smithi080.stdout:/usr/bin/ceph: stderr
2024-04-24T23:19:44.879+0000 7f0a8d7fa700 1 -- 172.21.15.80:0/863802024 <== mon.0 v2:172.21.15.80:3300/0 3 ==== mon_map magic: 0 ==== 205+0+0 (secure 0 0 0) 0x7f0a80010740 con 0x7f0a90106200
2024-04-24T23:19:45.916 INFO:teuthology.orchestra.run.smithi080.stdout:/usr/bin/ceph: stderr
2024-04-24T23:19:44.879+0000 7f0a96a17700 1 -- 172.21.15.80:0/863802024 --> [v2:172.21.15.80:3300/0,v1:172.21.15.80:6789/0] -- mon_subscribe({osdmap=0}) -- 0x7f0a9019efa0 con 0x7f0a90106200
2024-04-24T23:19:45.916 INFO:teuthology.orchestra.run.smithi080.stdout:/usr/bin/ceph: stderr
2024-04-24T23:19:44.880+0000 7f0a8d7fa700 1 -- 172.21.15.80:0/863802024 <== mon.0 v2:172.21.15.80:3300/0 4 ==== mgrmap(e 8) ==== 46287+0+0 (secure 0 0 0) 0x7f0a80028070 con 0x7f0a90106200
2024-04-24T23:19:45.916 INFO:teuthology.orchestra.run.smithi080.stdout:/usr/bin/ceph: stderr
2024-04-24T23:19:44.880+0000 7f0a96a17700 1 -- 172.21.15.80:0/863802024 --> [v2:172.21.15.80:3300/0,v1:172.21.15.80:6789/0] -- mon_command({"prefix": "get_command_descriptions"} v 0) -- 0x7f0a90063890 con 0x7f0a90106200
2024-04-24T23:19:45.916 INFO:teuthology.orchestra.run.smithi080.stdout:/usr/bin/ceph: stderr
2024-04-24T23:19:44.880+0000 7f0a8d7fa700 1 --2- 172.21.15.80:0/863802024 >> [v2:172.21.15.80:6800/233364790,v1:172.21.15.80:6801/233364790] conn(0x7f0a780390a0 0x7f0a7803b560 unknown :-1 s=NONE pgs=0 cs=0 l=1 rev1=0 crypto rx=0 tx=0 comp rx=0 tx=0).connect
2024-04-24T23:19:45.916 INFO:teuthology.orchestra.run.smithi080.stdout:/usr/bin/ceph: stderr
2024-04-24T23:19:44.880+0000 7f0a8d7fa700 1 -- 172.21.15.80:0/863802024 <== mon.0 v2:172.21.15.80:3300/0 5 ==== osd_map(2..2 src has 1..2) ==== 940+0+0 (secure 0 0 0) 0x7f0a8004ce40 con 0x7f0a90106200
2024-04-24T23:19:45.917 INFO:teuthology.orchestra.run.smithi080.stdout:/usr/bin/ceph: stderr
2024-04-24T23:19:44.880+0000 7f0a8f7fe700 1 --2- 172.21.15.80:0/863802024 >> [v2:172.21.15.80:6800/233364790,v1:172.21.15.80:6801/233364790] conn(0x7f0a780390a0 0x7f0a7803b560 unknown :-1 s=BANNER_CONNECTING pgs=0 cs=0 l=1 rev1=0 crypto rx=0 tx=0 comp rx=0 tx=0)._handle_peer_banner_payload supported=3 required=0
2024-04-24T23:19:45.917 INFO:teuthology.orchestra.run.smithi080.stdout:/usr/bin/ceph: stderr
2024-04-24T23:19:44.881+0000 7f0a8f7fe700 1 --2- 172.21.15.80:0/863802024 >> [v2:172.21.15.80:6800/233364790,v1:172.21.15.80:6801/233364790] conn(0x7f0a780390a0 0x7f0a7803b560 secure :-1 s=READY pgs=9 cs=0 l=1 rev1=1 crypto rx=0x7f0a84006fd0 tx=0x7f0a84006e40 comp rx=0 tx=0).ready entity=mgr.14120 client_cookie=0 server_cookie=0 in_seq=0 out_seq=0
2024-04-24T23:19:45.917 INFO:teuthology.orchestra.run.smithi080.stdout:/usr/bin/ceph: stderr
2024-04-24T23:19:44.885+0000 7f0a8d7fa700 1 -- 172.21.15.80:0/863802024 <== mon.0 v2:172.21.15.80:3300/0 6 ==== mon_command_ack([{"prefix": "get_command_descriptions"}]=0 v0) ==== 72+0+186147 (secure 0 0 0) 0x7f0a80014070 con 0x7f0a90106200
2024-04-24T23:19:45.917 INFO:teuthology.orchestra.run.smithi080.stdout:/usr/bin/ceph: stderr
2024-04-24T23:19:45.081+0000 7f0a96a17700 1 -- 172.21.15.80:0/863802024 --> [v2:172.21.15.80:6800/233364790,v1:172.21.15.80:6801/233364790] -- mgr_command(tid 0: {"prefix": "cephadm generate-key", "target": ["mon-mgr", ""]}) -- 0x7f0a900008d0 con 0x7f0a780390a0
2024-04-24T23:19:45.917 INFO:teuthology.orchestra.run.smithi080.stdout:/usr/bin/ceph: stderr
2024-04-24T23:19:45.383+0000 7f0a8d7fa700 1 -- 172.21.15.80:0/863802024 <== mgr.14120 v2:172.21.15.80:6800/233364790 1 ==== mgr_command_reply(tid 0: 0 ) ==== 8+0+0 (secure 0 0 0) 0x7f0a900008d0 con 0x7f0a780390a0
2024-04-24T23:19:45.917 INFO:teuthology.orchestra.run.smithi080.stdout:/usr/bin/ceph: stderr
2024-04-24T23:19:45.385+0000 7f0a96a17700 1 -- 172.21.15.80:0/863802024 >> [v2:172.21.15.80:6800/233364790,v1:172.21.15.80:6801/233364790] conn(0x7f0a780390a0 msgr2=0x7f0a7803b560 secure :-1 s=STATE_CONNECTION_ESTABLISHED l=1).mark_down
2024-04-24T23:19:45.917 INFO:teuthology.orchestra.run.smithi080.stdout:/usr/bin/ceph: stderr
2024-04-24T23:19:45.385+0000 7f0a96a17700 1 --2- 172.21.15.80:0/863802024 >> [v2:172.21.15.80:6800/233364790,v1:172.21.15.80:6801/233364790] conn(0x7f0a780390a0 0x7f0a7803b560 secure :-1 s=READY pgs=9 cs=0 l=1 rev1=1 crypto rx=0x7f0a84006fd0 tx=0x7f0a84006e40 comp rx=0 tx=0).stop
2024-04-24T23:19:45.917 INFO:teuthology.orchestra.run.smithi080.stdout:/usr/bin/ceph: stderr
2024-04-24T23:19:45.385+0000 7f0a96a17700 1 -- 172.21.15.80:0/863802024 >> [v2:172.21.15.80:3300/0,v1:172.21.15.80:6789/0] conn(0x7f0a90106200 msgr2=0x7f0a9019bae0 secure :-1 s=STATE_CONNECTION_ESTABLISHED l=1).mark_down
2024-04-24T23:19:45.917 INFO:teuthology.orchestra.run.smithi080.stdout:/usr/bin/ceph: stderr
2024-04-24T23:19:45.385+0000 7f0a96a17700 1 --2- 172.21.15.80:0/863802024 >> [v2:172.21.15.80:3300/0,v1:172.21.15.80:6789/0] conn(0x7f0a90106200 0x7f0a9019bae0 secure :-1 s=READY pgs=42 cs=0 l=1 rev1=1 crypto rx=0x7f0a8000afd0 tx=0x7f0a80006c80 comp rx=0 tx=0).stop
2024-04-24T23:19:45.917 INFO:teuthology.orchestra.run.smithi080.stdout:/usr/bin/ceph: stderr
2024-04-24T23:19:45.385+0000 7f0a96a17700 1 -- 172.21.15.80:0/863802024 shutdown_connections
2024-04-24T23:19:45.917 INFO:teuthology.orchestra.run.smithi080.stdout:/usr/bin/ceph: stderr
2024-04-24T23:19:45.385+0000 7f0a96a17700 1 --2- 172.21.15.80:0/863802024 >> [v2:172.21.15.80:6800/233364790,v1:172.21.15.80:6801/233364790] conn(0x7f0a780390a0 0x7f0a7803b560 unknown :-1 s=CLOSED pgs=9 cs=0 l=1 rev1=1 crypto rx=0 tx=0 comp rx=0 tx=0).stop
2024-04-24T23:19:45.917 INFO:teuthology.orchestra.run.smithi080.stdout:/usr/bin/ceph: stderr
2024-04-24T23:19:45.385+0000 7f0a96a17700 1 --2- 172.21.15.80:0/863802024 >> [v2:172.21.15.80:3300/0,v1:172.21.15.80:6789/0] conn(0x7f0a90106200 0x7f0a9019bae0 unknown :-1 s=CLOSED pgs=42 cs=0 l=1 rev1=1 crypto rx=0 tx=0 comp rx=0 tx=0).stop
2024-04-24T23:19:45.917 INFO:teuthology.orchestra.run.smithi080.stdout:/usr/bin/ceph: stderr
2024-04-24T23:19:45.385+0000 7f0a96a17700 1 -- 172.21.15.80:0/863802024 >> 172.21.15.80:0/863802024 conn(0x7f0a90101780 msgr2=0x7f0a901926d0 unknown :-1 s=STATE_NONE l=0).mark_down
2024-04-24T23:19:45.917 INFO:teuthology.orchestra.run.smithi080.stdout:/usr/bin/ceph: stderr
2024-04-24T23:19:45.385+0000 7f0a96a17700 1 -- 172.21.15.80:0/863802024 shutdown_connections
2024-04-24T23:19:45.917 INFO:teuthology.orchestra.run.smithi080.stdout:/usr/bin/ceph: stderr
2024-04-24T23:19:45.385+0000 7f0a96a17700 1 -- 172.21.15.80:0/863802024 wait complete.
2024-04-24T23:19:46.789 INFO:journalctl@ceph.mon.a.smithi080.stdout:Apr 24 23:19:46 smithi080 ceph-mon[29152]: from='client.14136 -' entity='client.admin' cmd=[{"prefix": "cephadm generate-key", "target": ["mon-mgr", ""]}]: dispatch
2024-04-24T23:19:46.796 INFO:journalctl@ceph.mon.a.smithi080.stdout:Apr 24 23:19:46 smithi080 ceph-mon[29152]: Generating ssh key...
2024-04-24T23:19:46.796 INFO:journalctl@ceph.mon.a.smithi080.stdout:Apr 24 23:19:46 smithi080 ceph-mon[29152]: from='mgr.14120 172.21.15.80:0/1767820559' entity='mgr.x'
2024-04-24T23:19:46.797 INFO:journalctl@ceph.mon.a.smithi080.stdout:Apr 24 23:19:46 smithi080 ceph-mon[29152]: from='mgr.14120 172.21.15.80:0/1767820559' entity='mgr.x'
2024-04-24T23:19:47.052 INFO:teuthology.orchestra.run.smithi080.stdout:/usr/bin/ceph: stdout ssh-rsa AAAAB3NzaC1yc2EAAAADAQABAAABgQDbNYYWP8+Aw48kkQl7GjpK+h7iccwwpwIixWyTdY4ltK8vJHs+d5mPs9p75pmCGMWht6/+QHNE8RcZcRP+w5k5tz6QxN8FaOwONv6M0vqSuGLA9twcdK1J3NtnUYULZEeCrr8+Hzq89pr5pHHVMEckiJVRu+REn0mcBbJZNKDnAridhebH0g6XaSujuKxNjhgm3mA7/DBpP7hzZJqD7V1umVkQLbaTNJ/0LZ9yH82D4X05UgAq7W1cDQl4DZEpyjZHiWWvcwkQNmMeQYfqcncS9ZSRoRY2Iz/mJZbuQNvqLb/QluOHe1mR9OeLH9QRsxyu5KaMNar0B3rtJBJa5GNDoFwDaYHkkxywRt/IMPzr9jYOvM14xorPMpHpjwV0OI59kx3EtM7wLJNGb1KKc6vM9morpK3KHWL5QoKZwveV0rl8sUkHcQLUV3H83flTCBEcS6XrjXng2aqscbmio6WrPhXGVwDl5QGrnsqjK5k7gQVcXToIeLhEzuEQSLzlvpM= ceph-ec7885aa-0290-11ef-bc93-c7b262605968
2024-04-24T23:19:47.052 INFO:teuthology.orchestra.run.smithi080.stdout:/usr/bin/ceph: stderr
2024-04-24T23:19:46.312+0000 7f4b94e81700 1 Processor -- start
2024-04-24T23:19:47.052 INFO:teuthology.orchestra.run.smithi080.stdout:/usr/bin/ceph: stderr
2024-04-24T23:19:46.312+0000 7f4b94e81700 1 -- start start
2024-04-24T23:19:47.052 INFO:teuthology.orchestra.run.smithi080.stdout:/usr/bin/ceph: stderr
2024-04-24T23:19:46.313+0000 7f4b94e81700 1 --2- >> [v2:172.21.15.80:3300/0,v1:172.21.15.80:6789/0] conn(0x7f4b90108190 0x7f4b901085b0 unknown :-1 s=NONE pgs=0 cs=0 l=0 rev1=0 crypto rx=0 tx=0 comp rx=0 tx=0).connect
2024-04-24T23:19:47.052 INFO:teuthology.orchestra.run.smithi080.stdout:/usr/bin/ceph: stderr
2024-04-24T23:19:46.313+0000 7f4b94e81700 1 -- --> [v2:172.21.15.80:3300/0,v1:172.21.15.80:6789/0] -- mon_getmap magic: 0 -- 0x7f4b901066d0 con 0x7f4b90108190
2024-04-24T23:19:47.052 INFO:teuthology.orchestra.run.smithi080.stdout:/usr/bin/ceph: stderr
2024-04-24T23:19:46.313+0000 7f4b8e59c700 1 --2- >> [v2:172.21.15.80:3300/0,v1:172.21.15.80:6789/0] conn(0x7f4b90108190 0x7f4b901085b0 unknown :-1 s=BANNER_CONNECTING pgs=0 cs=0 l=0 rev1=0 crypto rx=0 tx=0 comp rx=0 tx=0)._handle_peer_banner_payload supported=3 required=0
2024-04-24T23:19:47.052 INFO:teuthology.orchestra.run.smithi080.stdout:/usr/bin/ceph: stderr
2024-04-24T23:19:46.313+0000 7f4b8e59c700 1 --2- >> [v2:172.21.15.80:3300/0,v1:172.21.15.80:6789/0] conn(0x7f4b90108190 0x7f4b901085b0 unknown :-1 s=HELLO_CONNECTING pgs=0 cs=0 l=0 rev1=1 crypto rx=0 tx=0 comp rx=0 tx=0).handle_hello peer v2:172.21.15.80:3300/0 says I am v2:172.21.15.80:43338/0 (socket says 172.21.15.80:43338)
2024-04-24T23:19:47.052 INFO:teuthology.orchestra.run.smithi080.stdout:/usr/bin/ceph: stderr
2024-04-24T23:19:46.313+0000 7f4b8e59c700 1 -- 172.21.15.80:0/1873636896 learned_addr learned my addr 172.21.15.80:0/1873636896 (peer_addr_for_me v2:172.21.15.80:0/0)
2024-04-24T23:19:47.053 INFO:teuthology.orchestra.run.smithi080.stdout:/usr/bin/ceph: stderr
2024-04-24T23:19:46.313+0000 7f4b8e59c700 1 -- 172.21.15.80:0/1873636896 --> [v2:172.21.15.80:3300/0,v1:172.21.15.80:6789/0] -- mon_subscribe({config=0+,monmap=0+}) -- 0x7f4b90106850 con 0x7f4b90108190
2024-04-24T23:19:47.053 INFO:teuthology.orchestra.run.smithi080.stdout:/usr/bin/ceph: stderr
2024-04-24T23:19:46.313+0000 7f4b8e59c700 1 --2- 172.21.15.80:0/1873636896 >> [v2:172.21.15.80:3300/0,v1:172.21.15.80:6789/0] conn(0x7f4b90108190 0x7f4b901085b0 secure :-1 s=READY pgs=43 cs=0 l=1 rev1=1 crypto rx=0x7f4b800098a0 tx=0x7f4b80009bb0 comp rx=0 tx=0).ready entity=mon.0 client_cookie=bb9d1bef20b86f5e server_cookie=0 in_seq=0 out_seq=0
2024-04-24T23:19:47.053 INFO:teuthology.orchestra.run.smithi080.stdout:/usr/bin/ceph: stderr
2024-04-24T23:19:46.313+0000 7f4b8d59a700 1 -- 172.21.15.80:0/1873636896 <== mon.0 v2:172.21.15.80:3300/0 1 ==== mon_map magic: 0 ==== 205+0+0 (secure 0 0 0) 0x7f4b80004160 con 0x7f4b90108190
2024-04-24T23:19:47.053 INFO:teuthology.orchestra.run.smithi080.stdout:/usr/bin/ceph: stderr
2024-04-24T23:19:46.313+0000 7f4b8d59a700 1 -- 172.21.15.80:0/1873636896 <== mon.0 v2:172.21.15.80:3300/0 2 ==== config(27 keys) ==== 1109+0+0 (secure 0 0 0) 0x7f4b80004300 con 0x7f4b90108190
2024-04-24T23:19:47.053 INFO:teuthology.orchestra.run.smithi080.stdout:/usr/bin/ceph: stderr
2024-04-24T23:19:46.313+0000 7f4b8d59a700 1 -- 172.21.15.80:0/1873636896 <== mon.0 v2:172.21.15.80:3300/0 3 ==== mon_map magic: 0 ==== 205+0+0 (secure 0 0 0) 0x7f4b80011b50 con 0x7f4b90108190
2024-04-24T23:19:47.053 INFO:teuthology.orchestra.run.smithi080.stdout:/usr/bin/ceph: stderr
2024-04-24T23:19:46.314+0000 7f4b94e81700 1 -- 172.21.15.80:0/1873636896 >> [v2:172.21.15.80:3300/0,v1:172.21.15.80:6789/0] conn(0x7f4b90108190 msgr2=0x7f4b901085b0 secure :-1 s=STATE_CONNECTION_ESTABLISHED l=1).mark_down
2024-04-24T23:19:47.053 INFO:teuthology.orchestra.run.smithi080.stdout:/usr/bin/ceph: stderr
2024-04-24T23:19:46.314+0000 7f4b94e81700 1 --2- 172.21.15.80:0/1873636896 >> [v2:172.21.15.80:3300/0,v1:172.21.15.80:6789/0] conn(0x7f4b90108190 0x7f4b901085b0 secure :-1 s=READY pgs=43 cs=0 l=1 rev1=1 crypto rx=0x7f4b800098a0 tx=0x7f4b80009bb0 comp rx=0 tx=0).stop
2024-04-24T23:19:47.053 INFO:teuthology.orchestra.run.smithi080.stdout:/usr/bin/ceph: stderr
2024-04-24T23:19:46.314+0000 7f4b94e81700 1 -- 172.21.15.80:0/1873636896 shutdown_connections
2024-04-24T23:19:47.053 INFO:teuthology.orchestra.run.smithi080.stdout:/usr/bin/ceph: stderr
2024-04-24T23:19:46.314+0000 7f4b94e81700 1 --2- 172.21.15.80:0/1873636896 >> [v2:172.21.15.80:3300/0,v1:172.21.15.80:6789/0] conn(0x7f4b90108190 0x7f4b901085b0 unknown :-1 s=CLOSED pgs=43 cs=0 l=1 rev1=1 crypto rx=0 tx=0 comp rx=0 tx=0).stop
2024-04-24T23:19:47.053 INFO:teuthology.orchestra.run.smithi080.stdout:/usr/bin/ceph: stderr
2024-04-24T23:19:46.314+0000 7f4b94e81700 1 -- 172.21.15.80:0/1873636896 >> 172.21.15.80:0/1873636896 conn(0x7f4b90102030 msgr2=0x7f4b90104490 unknown :-1 s=STATE_NONE l=0).mark_down
2024-04-24T23:19:47.053 INFO:teuthology.orchestra.run.smithi080.stdout:/usr/bin/ceph: stderr
2024-04-24T23:19:46.314+0000 7f4b94e81700 1 -- 172.21.15.80:0/1873636896 shutdown_connections
2024-04-24T23:19:47.053 INFO:teuthology.orchestra.run.smithi080.stdout:/usr/bin/ceph: stderr
2024-04-24T23:19:46.314+0000 7f4b94e81700 1 -- 172.21.15.80:0/1873636896 wait complete.
2024-04-24T23:19:47.053 INFO:teuthology.orchestra.run.smithi080.stdout:/usr/bin/ceph: stderr
2024-04-24T23:19:46.315+0000 7f4b94e81700 1 Processor -- start
2024-04-24T23:19:47.053 INFO:teuthology.orchestra.run.smithi080.stdout:/usr/bin/ceph: stderr
2024-04-24T23:19:46.315+0000 7f4b94e81700 1 -- start start
2024-04-24T23:19:47.054 INFO:teuthology.orchestra.run.smithi080.stdout:/usr/bin/ceph: stderr
2024-04-24T23:19:46.315+0000 7f4b94e81700 1 --2- >> [v2:172.21.15.80:3300/0,v1:172.21.15.80:6789/0] conn(0x7f4b90108190 0x7f4b90191d70 unknown :-1 s=NONE pgs=0 cs=0 l=1 rev1=0 crypto rx=0 tx=0 comp rx=0 tx=0).connect
2024-04-24T23:19:47.054 INFO:teuthology.orchestra.run.smithi080.stdout:/usr/bin/ceph: stderr
2024-04-24T23:19:46.315+0000 7f4b94e81700 1 -- --> [v2:172.21.15.80:3300/0,v1:172.21.15.80:6789/0] -- mon_getmap magic: 0 -- 0x7f4b9010b060 con 0x7f4b90108190
2024-04-24T23:19:47.054 INFO:teuthology.orchestra.run.smithi080.stdout:/usr/bin/ceph: stderr
2024-04-24T23:19:46.315+0000 7f4b8e59c700 1 --2- >> [v2:172.21.15.80:3300/0,v1:172.21.15.80:6789/0] conn(0x7f4b90108190 0x7f4b90191d70 unknown :-1 s=BANNER_CONNECTING pgs=0 cs=0 l=1 rev1=0 crypto rx=0 tx=0 comp rx=0 tx=0)._handle_peer_banner_payload supported=3 required=0
2024-04-24T23:19:47.054 INFO:teuthology.orchestra.run.smithi080.stdout:/usr/bin/ceph: stderr
2024-04-24T23:19:46.315+0000 7f4b8e59c700 1 --2- >> [v2:172.21.15.80:3300/0,v1:172.21.15.80:6789/0] conn(0x7f4b90108190 0x7f4b90191d70 unknown :-1 s=HELLO_CONNECTING pgs=0 cs=0 l=1 rev1=1 crypto rx=0 tx=0 comp rx=0 tx=0).handle_hello peer v2:172.21.15.80:3300/0 says I am v2:172.21.15.80:43340/0 (socket says 172.21.15.80:43340)
2024-04-24T23:19:47.054 INFO:teuthology.orchestra.run.smithi080.stdout:/usr/bin/ceph: stderr
2024-04-24T23:19:46.315+0000 7f4b8e59c700 1 -- 172.21.15.80:0/2029264737 learned_addr learned my addr 172.21.15.80:0/2029264737 (peer_addr_for_me v2:172.21.15.80:0/0)
2024-04-24T23:19:47.054 INFO:teuthology.orchestra.run.smithi080.stdout:/usr/bin/ceph: stderr
2024-04-24T23:19:46.315+0000 7f4b8e59c700 1 -- 172.21.15.80:0/2029264737 --> [v2:172.21.15.80:3300/0,v1:172.21.15.80:6789/0] -- mon_subscribe({config=0+,monmap=0+}) -- 0x7f4b901922b0 con 0x7f4b90108190
2024-04-24T23:19:47.054 INFO:teuthology.orchestra.run.smithi080.stdout:/usr/bin/ceph: stderr
2024-04-24T23:19:46.315+0000 7f4b8e59c700 1 --2- 172.21.15.80:0/2029264737 >> [v2:172.21.15.80:3300/0,v1:172.21.15.80:6789/0] conn(0x7f4b90108190 0x7f4b90191d70 secure :-1 s=READY pgs=44 cs=0 l=1 rev1=1 crypto rx=0x7f4b80011670 tx=0x7f4b80011b60 comp rx=0 tx=0).ready entity=mon.0 client_cookie=0 server_cookie=0 in_seq=0 out_seq=0
2024-04-24T23:19:47.054 INFO:teuthology.orchestra.run.smithi080.stdout:/usr/bin/ceph: stderr
2024-04-24T23:19:46.316+0000 7f4b877fe700 1 -- 172.21.15.80:0/2029264737 <== mon.0 v2:172.21.15.80:3300/0 1 ==== mon_map magic: 0 ==== 205+0+0 (secure 0 0 0) 0x7f4b800039c0 con 0x7f4b90108190
2024-04-24T23:19:47.054 INFO:teuthology.orchestra.run.smithi080.stdout:/usr/bin/ceph: stderr
2024-04-24T23:19:46.316+0000 7f4b94e81700 1 -- 172.21.15.80:0/2029264737 --> [v2:172.21.15.80:3300/0,v1:172.21.15.80:6789/0] -- mon_subscribe({mgrmap=0+}) -- 0x7f4b901904a0 con 0x7f4b90108190
2024-04-24T23:19:47.054 INFO:teuthology.orchestra.run.smithi080.stdout:/usr/bin/ceph: stderr
2024-04-24T23:19:46.316+0000 7f4b877fe700 1 -- 172.21.15.80:0/2029264737 <== mon.0 v2:172.21.15.80:3300/0 2 ==== config(27 keys) ==== 1109+0+0 (secure 0 0 0) 0x7f4b80011e50 con 0x7f4b90108190
2024-04-24T23:19:47.054 INFO:teuthology.orchestra.run.smithi080.stdout:/usr/bin/ceph: stderr
2024-04-24T23:19:46.316+0000 7f4b877fe700 1 -- 172.21.15.80:0/2029264737 <== mon.0 v2:172.21.15.80:3300/0 3 ==== mon_map magic: 0 ==== 205+0+0 (secure 0 0 0) 0x7f4b8001a5c0 con 0x7f4b90108190
2024-04-24T23:19:47.054 INFO:teuthology.orchestra.run.smithi080.stdout:/usr/bin/ceph: stderr
2024-04-24T23:19:46.316+0000 7f4b94e81700 1 -- 172.21.15.80:0/2029264737 --> [v2:172.21.15.80:3300/0,v1:172.21.15.80:6789/0] -- mon_subscribe({osdmap=0}) -- 0x7f4b901909e0 con 0x7f4b90108190
2024-04-24T23:19:47.054 INFO:teuthology.orchestra.run.smithi080.stdout:/usr/bin/ceph: stderr
2024-04-24T23:19:46.317+0000 7f4b877fe700 1 -- 172.21.15.80:0/2029264737 <== mon.0 v2:172.21.15.80:3300/0 4 ==== mgrmap(e 8) ==== 46287+0+0 (secure 0 0 0) 0x7f4b8001a8c0 con 0x7f4b90108190
2024-04-24T23:19:47.054 INFO:teuthology.orchestra.run.smithi080.stdout:/usr/bin/ceph: stderr
2024-04-24T23:19:46.317+0000 7f4b94e81700 1 -- 172.21.15.80:0/2029264737 --> [v2:172.21.15.80:3300/0,v1:172.21.15.80:6789/0] -- mon_command({"prefix": "get_command_descriptions"} v 0) -- 0x7f4b90063890 con 0x7f4b90108190
2024-04-24T23:19:47.055 INFO:teuthology.orchestra.run.smithi080.stdout:/usr/bin/ceph: stderr
2024-04-24T23:19:46.317+0000 7f4b877fe700 1 --2- 172.21.15.80:0/2029264737 >> [v2:172.21.15.80:6800/233364790,v1:172.21.15.80:6801/233364790] conn(0x7f4b7c039000 0x7f4b7c03b4c0 unknown :-1 s=NONE pgs=0 cs=0 l=1 rev1=0 crypto rx=0 tx=0 comp rx=0 tx=0).connect
2024-04-24T23:19:47.055 INFO:teuthology.orchestra.run.smithi080.stdout:/usr/bin/ceph: stderr
2024-04-24T23:19:46.317+0000 7f4b877fe700 1 -- 172.21.15.80:0/2029264737 <== mon.0 v2:172.21.15.80:3300/0 5 ==== osd_map(2..2 src has 1..2) ==== 940+0+0 (secure 0 0 0) 0x7f4b8004d580 con 0x7f4b90108190
2024-04-24T23:19:47.055 INFO:teuthology.orchestra.run.smithi080.stdout:/usr/bin/ceph: stderr
2024-04-24T23:19:46.317+0000 7f4b8dd9b700 1 --2- 172.21.15.80:0/2029264737 >> [v2:172.21.15.80:6800/233364790,v1:172.21.15.80:6801/233364790] conn(0x7f4b7c039000 0x7f4b7c03b4c0 unknown :-1 s=BANNER_CONNECTING pgs=0 cs=0 l=1 rev1=0 crypto rx=0 tx=0 comp rx=0 tx=0)._handle_peer_banner_payload supported=3 required=0
2024-04-24T23:19:47.055 INFO:teuthology.orchestra.run.smithi080.stdout:/usr/bin/ceph: stderr
2024-04-24T23:19:46.317+0000 7f4b8dd9b700 1 --2- 172.21.15.80:0/2029264737 >> [v2:172.21.15.80:6800/233364790,v1:172.21.15.80:6801/233364790] conn(0x7f4b7c039000 0x7f4b7c03b4c0 secure :-1 s=READY pgs=10 cs=0 l=1 rev1=1 crypto rx=0x7f4b78006fd0 tx=0x7f4b78006e40 comp rx=0 tx=0).ready entity=mgr.14120 client_cookie=0 server_cookie=0 in_seq=0 out_seq=0
2024-04-24T23:19:47.055 INFO:teuthology.orchestra.run.smithi080.stdout:/usr/bin/ceph: stderr
2024-04-24T23:19:46.322+0000 7f4b877fe700 1 -- 172.21.15.80:0/2029264737 <== mon.0 v2:172.21.15.80:3300/0 6 ==== mon_command_ack([{"prefix": "get_command_descriptions"}]=0 v0) ==== 72+0+186147 (secure 0 0 0) 0x7f4b80019c70 con 0x7f4b90108190
2024-04-24T23:19:47.055 INFO:teuthology.orchestra.run.smithi080.stdout:/usr/bin/ceph: stderr
2024-04-24T23:19:46.520+0000 7f4b94e81700 1 -- 172.21.15.80:0/2029264737 --> [v2:172.21.15.80:6800/233364790,v1:172.21.15.80:6801/233364790] -- mgr_command(tid 0: {"prefix": "cephadm get-pub-key", "target": ["mon-mgr", ""]}) -- 0x7f4b90195a70 con 0x7f4b7c039000
2024-04-24T23:19:47.055 INFO:teuthology.orchestra.run.smithi080.stdout:/usr/bin/ceph: stderr
2024-04-24T23:19:46.520+0000 7f4b877fe700 1 -- 172.21.15.80:0/2029264737 <== mgr.14120 v2:172.21.15.80:6800/233364790 1 ==== mgr_command_reply(tid 0: 0 ) ==== 8+0+595 (secure 0 0 0) 0x7f4b90195a70 con 0x7f4b7c039000
2024-04-24T23:19:47.055 INFO:teuthology.orchestra.run.smithi080.stdout:/usr/bin/ceph: stderr
2024-04-24T23:19:46.522+0000 7f4b94e81700 1 -- 172.21.15.80:0/2029264737 >> [v2:172.21.15.80:6800/233364790,v1:172.21.15.80:6801/233364790] conn(0x7f4b7c039000 msgr2=0x7f4b7c03b4c0 secure :-1 s=STATE_CONNECTION_ESTABLISHED l=1).mark_down
2024-04-24T23:19:47.055 INFO:teuthology.orchestra.run.smithi080.stdout:/usr/bin/ceph: stderr
2024-04-24T23:19:46.522+0000 7f4b94e81700 1 --2- 172.21.15.80:0/2029264737 >> [v2:172.21.15.80:6800/233364790,v1:172.21.15.80:6801/233364790] conn(0x7f4b7c039000 0x7f4b7c03b4c0 secure :-1 s=READY pgs=10 cs=0 l=1 rev1=1 crypto rx=0x7f4b78006fd0 tx=0x7f4b78006e40 comp rx=0 tx=0).stop
2024-04-24T23:19:47.055 INFO:teuthology.orchestra.run.smithi080.stdout:/usr/bin/ceph: stderr
2024-04-24T23:19:46.522+0000 7f4b94e81700 1 -- 172.21.15.80:0/2029264737 >> [v2:172.21.15.80:3300/0,v1:172.21.15.80:6789/0] conn(0x7f4b90108190 msgr2=0x7f4b90191d70 secure :-1 s=STATE_CONNECTION_ESTABLISHED l=1).mark_down
2024-04-24T23:19:47.056 INFO:teuthology.orchestra.run.smithi080.stdout:/usr/bin/ceph: stderr
2024-04-24T23:19:46.522+0000 7f4b94e81700 1 --2- 172.21.15.80:0/2029264737 >> [v2:172.21.15.80:3300/0,v1:172.21.15.80:6789/0] conn(0x7f4b90108190 0x7f4b90191d70 secure :-1 s=READY pgs=44 cs=0 l=1 rev1=1 crypto rx=0x7f4b80011670 tx=0x7f4b80011b60 comp rx=0 tx=0).stop
2024-04-24T23:19:47.056 INFO:teuthology.orchestra.run.smithi080.stdout:/usr/bin/ceph: stderr
2024-04-24T23:19:46.522+0000 7f4b94e81700 1 -- 172.21.15.80:0/2029264737 shutdown_connections
2024-04-24T23:19:47.056 INFO:teuthology.orchestra.run.smithi080.stdout:/usr/bin/ceph: stderr
2024-04-24T23:19:46.522+0000 7f4b94e81700 1 --2- 172.21.15.80:0/2029264737 >> [v2:172.21.15.80:6800/233364790,v1:172.21.15.80:6801/233364790] conn(0x7f4b7c039000 0x7f4b7c03b4c0 unknown :-1 s=CLOSED pgs=10 cs=0 l=1 rev1=1 crypto rx=0 tx=0 comp rx=0 tx=0).stop
2024-04-24T23:19:47.056 INFO:teuthology.orchestra.run.smithi080.stdout:/usr/bin/ceph: stderr
2024-04-24T23:19:46.522+0000 7f4b94e81700 1 --2- 172.21.15.80:0/2029264737 >> [v2:172.21.15.80:3300/0,v1:172.21.15.80:6789/0] conn(0x7f4b90108190 0x7f4b90191d70 unknown :-1 s=CLOSED pgs=44 cs=0 l=1 rev1=1 crypto rx=0 tx=0 comp rx=0 tx=0).stop
2024-04-24T23:19:47.056 INFO:teuthology.orchestra.run.smithi080.stdout:/usr/bin/ceph: stderr
2024-04-24T23:19:46.522+0000 7f4b94e81700 1 -- 172.21.15.80:0/2029264737 >> 172.21.15.80:0/2029264737 conn(0x7f4b90102030 msgr2=0x7f4b90102f50 unknown :-1 s=STATE_NONE l=0).mark_down
2024-04-24T23:19:47.056 INFO:teuthology.orchestra.run.smithi080.stdout:/usr/bin/ceph: stderr
2024-04-24T23:19:46.523+0000 7f4b94e81700 1 -- 172.21.15.80:0/2029264737 shutdown_connections
2024-04-24T23:19:47.056 INFO:teuthology.orchestra.run.smithi080.stdout:/usr/bin/ceph: stderr
2024-04-24T23:19:46.523+0000 7f4b94e81700 1 -- 172.21.15.80:0/2029264737 wait complete.
2024-04-24T23:19:47.056 INFO:teuthology.orchestra.run.smithi080.stdout:Wrote public SSH key to /home/ubuntu/cephtest/ceph.pub
2024-04-24T23:19:47.056 INFO:teuthology.orchestra.run.smithi080.stdout:Adding key to root@localhost authorized_keys...
2024-04-24T23:19:47.056 INFO:teuthology.orchestra.run.smithi080.stdout:Adding host smithi080...
2024-04-24T23:19:47.654 INFO:journalctl@ceph.mon.a.smithi080.stdout:Apr 24 23:19:47 smithi080 ceph-mon[29152]: from='client.14138 -' entity='client.admin' cmd=[{"prefix": "cephadm get-pub-key", "target": ["mon-mgr", ""]}]: dispatch
2024-04-24T23:19:48.470 INFO:journalctl@ceph.mon.a.smithi080.stdout:Apr 24 23:19:48 smithi080 ceph-mon[29152]: from='client.14140 -' entity='client.admin' cmd=[{"prefix": "orch host add", "hostname": "smithi080", "addr": "172.21.15.80", "target": ["mon-mgr", ""]}]: dispatch
2024-04-24T23:19:49.789 INFO:journalctl@ceph.mon.a.smithi080.stdout:Apr 24 23:19:49 smithi080 ceph-mon[29152]: Deploying cephadm binary to smithi080
2024-04-24T23:19:52.253 INFO:teuthology.orchestra.run.smithi080.stdout:/usr/bin/ceph: stdout Added host 'smithi080' with addr '172.21.15.80'
2024-04-24T23:19:52.253 INFO:teuthology.orchestra.run.smithi080.stdout:/usr/bin/ceph: stderr
2024-04-24T23:19:47.445+0000 7f8134b86700 1 Processor -- start
2024-04-24T23:19:52.253 INFO:teuthology.orchestra.run.smithi080.stdout:/usr/bin/ceph: stderr
2024-04-24T23:19:47.445+0000 7f8134b86700 1 -- start start
2024-04-24T23:19:52.254 INFO:teuthology.orchestra.run.smithi080.stdout:/usr/bin/ceph: stderr
2024-04-24T23:19:47.446+0000 7f8134b86700 1 --2- >> [v2:172.21.15.80:3300/0,v1:172.21.15.80:6789/0] conn(0x7f8130106250 0x7f8130106670 unknown :-1 s=NONE pgs=0 cs=0 l=0 rev1=0 crypto rx=0 tx=0 comp rx=0 tx=0).connect
2024-04-24T23:19:52.254 INFO:teuthology.orchestra.run.smithi080.stdout:/usr/bin/ceph: stderr
2024-04-24T23:19:47.446+0000 7f8134b86700 1 -- --> [v2:172.21.15.80:3300/0,v1:172.21.15.80:6789/0] -- mon_getmap magic: 0 -- 0x7f8130106c40 con 0x7f8130106250
2024-04-24T23:19:52.254 INFO:teuthology.orchestra.run.smithi080.stdout:/usr/bin/ceph: stderr
2024-04-24T23:19:47.446+0000 7f812e59c700 1 --2- >> [v2:172.21.15.80:3300/0,v1:172.21.15.80:6789/0] conn(0x7f8130106250 0x7f8130106670 unknown :-1 s=BANNER_CONNECTING pgs=0 cs=0 l=0 rev1=0 crypto rx=0 tx=0 comp rx=0 tx=0)._handle_peer_banner_payload supported=3 required=0
2024-04-24T23:19:52.254 INFO:teuthology.orchestra.run.smithi080.stdout:/usr/bin/ceph: stderr
2024-04-24T23:19:47.446+0000 7f812e59c700 1 --2- >> [v2:172.21.15.80:3300/0,v1:172.21.15.80:6789/0] conn(0x7f8130106250 0x7f8130106670 unknown :-1 s=HELLO_CONNECTING pgs=0 cs=0 l=0 rev1=1 crypto rx=0 tx=0 comp rx=0 tx=0).handle_hello peer v2:172.21.15.80:3300/0 says I am v2:172.21.15.80:43352/0 (socket says 172.21.15.80:43352)
2024-04-24T23:19:52.254 INFO:teuthology.orchestra.run.smithi080.stdout:/usr/bin/ceph: stderr
2024-04-24T23:19:47.446+0000 7f812e59c700 1 -- 172.21.15.80:0/2882530236 learned_addr learned my addr 172.21.15.80:0/2882530236 (peer_addr_for_me v2:172.21.15.80:0/0)
2024-04-24T23:19:52.255 INFO:teuthology.orchestra.run.smithi080.stdout:/usr/bin/ceph: stderr
2024-04-24T23:19:47.446+0000 7f812e59c700 1 -- 172.21.15.80:0/2882530236 --> [v2:172.21.15.80:3300/0,v1:172.21.15.80:6789/0] -- mon_subscribe({config=0+,monmap=0+}) -- 0x7f8130107450 con 0x7f8130106250
2024-04-24T23:19:52.255 INFO:teuthology.orchestra.run.smithi080.stdout:/usr/bin/ceph: stderr
2024-04-24T23:19:47.446+0000 7f812e59c700 1 --2- 172.21.15.80:0/2882530236 >> [v2:172.21.15.80:3300/0,v1:172.21.15.80:6789/0] conn(0x7f8130106250 0x7f8130106670 secure :-1 s=READY pgs=45 cs=0 l=1 rev1=1 crypto rx=0x7f81200098a0 tx=0x7f8120009bb0 comp rx=0 tx=0).ready entity=mon.0 client_cookie=ef8171baf8a158dd server_cookie=0 in_seq=0 out_seq=0
2024-04-24T23:19:52.255 INFO:teuthology.orchestra.run.smithi080.stdout:/usr/bin/ceph: stderr
2024-04-24T23:19:47.446+0000 7f812d59a700 1 -- 172.21.15.80:0/2882530236 <== mon.0 v2:172.21.15.80:3300/0 1 ==== mon_map magic: 0 ==== 205+0+0 (secure 0 0 0) 0x7f8120004160 con 0x7f8130106250
2024-04-24T23:19:52.255 INFO:teuthology.orchestra.run.smithi080.stdout:/usr/bin/ceph: stderr
2024-04-24T23:19:47.446+0000 7f812d59a700 1 -- 172.21.15.80:0/2882530236 <== mon.0 v2:172.21.15.80:3300/0 2 ==== config(27 keys) ==== 1109+0+0 (secure 0 0 0) 0x7f8120004300 con 0x7f8130106250
2024-04-24T23:19:52.255 INFO:teuthology.orchestra.run.smithi080.stdout:/usr/bin/ceph: stderr
2024-04-24T23:19:47.446+0000 7f812d59a700 1 -- 172.21.15.80:0/2882530236 <== mon.0 v2:172.21.15.80:3300/0 3 ==== mon_map magic: 0 ==== 205+0+0 (secure 0 0 0) 0x7f8120011b50 con 0x7f8130106250
2024-04-24T23:19:52.255 INFO:teuthology.orchestra.run.smithi080.stdout:/usr/bin/ceph: stderr
2024-04-24T23:19:47.447+0000 7f8134b86700 1 -- 172.21.15.80:0/2882530236 >> [v2:172.21.15.80:3300/0,v1:172.21.15.80:6789/0] conn(0x7f8130106250 msgr2=0x7f8130106670 secure :-1 s=STATE_CONNECTION_ESTABLISHED l=1).mark_down
2024-04-24T23:19:52.255 INFO:teuthology.orchestra.run.smithi080.stdout:/usr/bin/ceph: stderr
2024-04-24T23:19:47.447+0000 7f8134b86700 1 --2- 172.21.15.80:0/2882530236 >> [v2:172.21.15.80:3300/0,v1:172.21.15.80:6789/0] conn(0x7f8130106250 0x7f8130106670 secure :-1 s=READY pgs=45 cs=0 l=1 rev1=1 crypto rx=0x7f81200098a0 tx=0x7f8120009bb0 comp rx=0 tx=0).stop
2024-04-24T23:19:52.255 INFO:teuthology.orchestra.run.smithi080.stdout:/usr/bin/ceph: stderr
2024-04-24T23:19:47.447+0000 7f8134b86700 1 -- 172.21.15.80:0/2882530236 shutdown_connections
2024-04-24T23:19:52.256 INFO:teuthology.orchestra.run.smithi080.stdout:/usr/bin/ceph: stderr
2024-04-24T23:19:47.447+0000 7f8134b86700 1 --2- 172.21.15.80:0/2882530236 >> [v2:172.21.15.80:3300/0,v1:172.21.15.80:6789/0] conn(0x7f8130106250 0x7f8130106670 unknown :-1 s=CLOSED pgs=45 cs=0 l=1 rev1=1 crypto rx=0 tx=0 comp rx=0 tx=0).stop
2024-04-24T23:19:52.256 INFO:teuthology.orchestra.run.smithi080.stdout:/usr/bin/ceph: stderr
2024-04-24T23:19:47.447+0000 7f8134b86700 1 -- 172.21.15.80:0/2882530236 >> 172.21.15.80:0/2882530236 conn(0x7f8130101830 msgr2=0x7f8130103c50 unknown :-1 s=STATE_NONE l=0).mark_down
2024-04-24T23:19:52.256 INFO:teuthology.orchestra.run.smithi080.stdout:/usr/bin/ceph: stderr
2024-04-24T23:19:47.447+0000 7f8134b86700 1 -- 172.21.15.80:0/2882530236 shutdown_connections
2024-04-24T23:19:52.256 INFO:teuthology.orchestra.run.smithi080.stdout:/usr/bin/ceph: stderr
2024-04-24T23:19:47.447+0000 7f8134b86700 1 -- 172.21.15.80:0/2882530236 wait complete.
2024-04-24T23:19:52.256 INFO:teuthology.orchestra.run.smithi080.stdout:/usr/bin/ceph: stderr
2024-04-24T23:19:47.448+0000 7f8134b86700 1 Processor -- start
2024-04-24T23:19:52.256 INFO:teuthology.orchestra.run.smithi080.stdout:/usr/bin/ceph: stderr
2024-04-24T23:19:47.448+0000 7f8134b86700 1 -- start start
2024-04-24T23:19:52.256 INFO:teuthology.orchestra.run.smithi080.stdout:/usr/bin/ceph: stderr
2024-04-24T23:19:47.448+0000 7f8134b86700 1 --2- >> [v2:172.21.15.80:3300/0,v1:172.21.15.80:6789/0] conn(0x7f8130106250 0x7f8130102c90 unknown :-1 s=NONE pgs=0 cs=0 l=1 rev1=0 crypto rx=0 tx=0 comp rx=0 tx=0).connect
2024-04-24T23:19:52.256 INFO:teuthology.orchestra.run.smithi080.stdout:/usr/bin/ceph: stderr
2024-04-24T23:19:47.448+0000 7f8134b86700 1 -- --> [v2:172.21.15.80:3300/0,v1:172.21.15.80:6789/0] -- mon_getmap magic: 0 -- 0x7f813010a800 con 0x7f8130106250
2024-04-24T23:19:52.256 INFO:teuthology.orchestra.run.smithi080.stdout:/usr/bin/ceph: stderr
2024-04-24T23:19:47.448+0000 7f812e59c700 1 --2- >> [v2:172.21.15.80:3300/0,v1:172.21.15.80:6789/0] conn(0x7f8130106250 0x7f8130102c90 unknown :-1 s=BANNER_CONNECTING pgs=0 cs=0 l=1 rev1=0 crypto rx=0 tx=0 comp rx=0 tx=0)._handle_peer_banner_payload supported=3 required=0
2024-04-24T23:19:52.257 INFO:teuthology.orchestra.run.smithi080.stdout:/usr/bin/ceph: stderr
2024-04-24T23:19:47.448+0000 7f812e59c700 1 --2- >> [v2:172.21.15.80:3300/0,v1:172.21.15.80:6789/0] conn(0x7f8130106250 0x7f8130102c90 unknown :-1 s=HELLO_CONNECTING pgs=0 cs=0 l=1 rev1=1 crypto rx=0 tx=0 comp rx=0 tx=0).handle_hello peer v2:172.21.15.80:3300/0 says I am v2:172.21.15.80:43360/0 (socket says 172.21.15.80:43360)
2024-04-24T23:19:52.257 INFO:teuthology.orchestra.run.smithi080.stdout:/usr/bin/ceph: stderr
2024-04-24T23:19:47.448+0000 7f812e59c700 1 -- 172.21.15.80:0/3478966485 learned_addr learned my addr 172.21.15.80:0/3478966485 (peer_addr_for_me v2:172.21.15.80:0/0)
2024-04-24T23:19:52.257 INFO:teuthology.orchestra.run.smithi080.stdout:/usr/bin/ceph: stderr
2024-04-24T23:19:47.448+0000 7f812e59c700 1 -- 172.21.15.80:0/3478966485 --> [v2:172.21.15.80:3300/0,v1:172.21.15.80:6789/0] -- mon_subscribe({config=0+,monmap=0+}) -- 0x7f813019e8f0 con 0x7f8130106250
2024-04-24T23:19:52.257 INFO:teuthology.orchestra.run.smithi080.stdout:/usr/bin/ceph: stderr
2024-04-24T23:19:47.448+0000 7f812e59c700 1 --2- 172.21.15.80:0/3478966485 >> [v2:172.21.15.80:3300/0,v1:172.21.15.80:6789/0] conn(0x7f8130106250 0x7f8130102c90 secure :-1 s=READY pgs=46 cs=0 l=1 rev1=1 crypto rx=0x7f8120011670 tx=0x7f8120011b60 comp rx=0 tx=0).ready entity=mon.0 client_cookie=0 server_cookie=0 in_seq=0 out_seq=0
2024-04-24T23:19:52.257 INFO:teuthology.orchestra.run.smithi080.stdout:/usr/bin/ceph: stderr
2024-04-24T23:19:47.449+0000 7f811f7fe700 1 -- 172.21.15.80:0/3478966485 <== mon.0 v2:172.21.15.80:3300/0 1 ==== mon_map magic: 0 ==== 205+0+0 (secure 0 0 0) 0x7f81200039c0 con 0x7f8130106250
2024-04-24T23:19:52.257 INFO:teuthology.orchestra.run.smithi080.stdout:/usr/bin/ceph: stderr
2024-04-24T23:19:47.449+0000 7f811f7fe700 1 -- 172.21.15.80:0/3478966485 <== mon.0 v2:172.21.15.80:3300/0 2 ==== config(27 keys) ==== 1109+0+0 (secure 0 0 0) 0x7f8120011e50 con 0x7f8130106250
2024-04-24T23:19:52.257 INFO:teuthology.orchestra.run.smithi080.stdout:/usr/bin/ceph: stderr
2024-04-24T23:19:47.449+0000 7f8134b86700 1 -- 172.21.15.80:0/3478966485 --> [v2:172.21.15.80:3300/0,v1:172.21.15.80:6789/0] -- mon_subscribe({mgrmap=0+}) -- 0x7f813019eac0 con 0x7f8130106250
2024-04-24T23:19:52.257 INFO:teuthology.orchestra.run.smithi080.stdout:/usr/bin/ceph: stderr
2024-04-24T23:19:47.449+0000 7f811f7fe700 1 -- 172.21.15.80:0/3478966485 <== mon.0 v2:172.21.15.80:3300/0 3 ==== mon_map magic: 0 ==== 205+0+0 (secure 0 0 0) 0x7f812001a5c0 con 0x7f8130106250
2024-04-24T23:19:52.257 INFO:teuthology.orchestra.run.smithi080.stdout:/usr/bin/ceph: stderr
2024-04-24T23:19:47.449+0000 7f8134b86700 1 -- 172.21.15.80:0/3478966485 --> [v2:172.21.15.80:3300/0,v1:172.21.15.80:6789/0] -- mon_subscribe({osdmap=0}) -- 0x7f813019ee60 con 0x7f8130106250
2024-04-24T23:19:52.257 INFO:teuthology.orchestra.run.smithi080.stdout:/usr/bin/ceph: stderr
2024-04-24T23:19:47.449+0000 7f811f7fe700 1 -- 172.21.15.80:0/3478966485 <== mon.0 v2:172.21.15.80:3300/0 4 ==== mgrmap(e 8) ==== 46287+0+0 (secure 0 0 0) 0x7f812001a8c0 con 0x7f8130106250
2024-04-24T23:19:52.258 INFO:teuthology.orchestra.run.smithi080.stdout:/usr/bin/ceph: stderr
2024-04-24T23:19:47.449+0000 7f8134b86700 1 -- 172.21.15.80:0/3478966485 --> [v2:172.21.15.80:3300/0,v1:172.21.15.80:6789/0] -- mon_command({"prefix": "get_command_descriptions"} v 0) -- 0x7f8110005330 con 0x7f8130106250
2024-04-24T23:19:52.258 INFO:teuthology.orchestra.run.smithi080.stdout:/usr/bin/ceph: stderr
2024-04-24T23:19:47.450+0000 7f811f7fe700 1 --2- 172.21.15.80:0/3478966485 >> [v2:172.21.15.80:6800/233364790,v1:172.21.15.80:6801/233364790] conn(0x7f8118039000 0x7f811803b4c0 unknown :-1 s=NONE pgs=0 cs=0 l=1 rev1=0 crypto rx=0 tx=0 comp rx=0 tx=0).connect
2024-04-24T23:19:52.258 INFO:teuthology.orchestra.run.smithi080.stdout:/usr/bin/ceph: stderr
2024-04-24T23:19:47.450+0000 7f811f7fe700 1 -- 172.21.15.80:0/3478966485 <== mon.0 v2:172.21.15.80:3300/0 5 ==== osd_map(2..2 src has 1..2) ==== 940+0+0 (secure 0 0 0) 0x7f812004d490 con 0x7f8130106250
2024-04-24T23:19:52.258 INFO:teuthology.orchestra.run.smithi080.stdout:/usr/bin/ceph: stderr
2024-04-24T23:19:47.450+0000 7f812dd9b700 1 --2- 172.21.15.80:0/3478966485 >> [v2:172.21.15.80:6800/233364790,v1:172.21.15.80:6801/233364790] conn(0x7f8118039000 0x7f811803b4c0 unknown :-1 s=BANNER_CONNECTING pgs=0 cs=0 l=1 rev1=0 crypto rx=0 tx=0 comp rx=0 tx=0)._handle_peer_banner_payload supported=3 required=0
2024-04-24T23:19:52.258 INFO:teuthology.orchestra.run.smithi080.stdout:/usr/bin/ceph: stderr
2024-04-24T23:19:47.450+0000 7f812dd9b700 1 --2- 172.21.15.80:0/3478966485 >> [v2:172.21.15.80:6800/233364790,v1:172.21.15.80:6801/233364790] conn(0x7f8118039000 0x7f811803b4c0 secure :-1 s=READY pgs=11 cs=0 l=1 rev1=1 crypto rx=0x7f8124006fd0 tx=0x7f8124006e40 comp rx=0 tx=0).ready entity=mgr.14120 client_cookie=0 server_cookie=0 in_seq=0 out_seq=0
2024-04-24T23:19:52.258 INFO:teuthology.orchestra.run.smithi080.stdout:/usr/bin/ceph: stderr
2024-04-24T23:19:47.454+0000 7f811f7fe700 1 -- 172.21.15.80:0/3478966485 <== mon.0 v2:172.21.15.80:3300/0 6 ==== mon_command_ack([{"prefix": "get_command_descriptions"}]=0 v0) ==== 72+0+186147 (secure 0 0 0) 0x7f8120019c70 con 0x7f8130106250
2024-04-24T23:19:52.258 INFO:teuthology.orchestra.run.smithi080.stdout:/usr/bin/ceph: stderr
2024-04-24T23:19:47.652+0000 7f8134b86700 1 -- 172.21.15.80:0/3478966485 --> [v2:172.21.15.80:6800/233364790,v1:172.21.15.80:6801/233364790] -- mgr_command(tid 0: {"prefix": "orch host add", "hostname": "smithi080", "addr": "172.21.15.80", "target": ["mon-mgr", ""]}) -- 0x7f8110000bc0 con 0x7f8118039000
2024-04-24T23:19:52.258 INFO:teuthology.orchestra.run.smithi080.stdout:/usr/bin/ceph: stderr
2024-04-24T23:19:51.660+0000 7f811f7fe700 1 -- 172.21.15.80:0/3478966485 <== mgr.14120 v2:172.21.15.80:6800/233364790 1 ==== mgr_command_reply(tid 0: 0 ) ==== 8+0+48 (secure 0 0 0) 0x7f8110000bc0 con 0x7f8118039000
2024-04-24T23:19:52.259 INFO:teuthology.orchestra.run.smithi080.stdout:/usr/bin/ceph: stderr
2024-04-24T23:19:51.663+0000 7f8134b86700 1 -- 172.21.15.80:0/3478966485 >> [v2:172.21.15.80:6800/233364790,v1:172.21.15.80:6801/233364790] conn(0x7f8118039000 msgr2=0x7f811803b4c0 secure :-1 s=STATE_CONNECTION_ESTABLISHED l=1).mark_down
2024-04-24T23:19:52.259 INFO:teuthology.orchestra.run.smithi080.stdout:/usr/bin/ceph: stderr
2024-04-24T23:19:51.663+0000 7f8134b86700 1 --2- 172.21.15.80:0/3478966485 >> [v2:172.21.15.80:6800/233364790,v1:172.21.15.80:6801/233364790] conn(0x7f8118039000 0x7f811803b4c0 secure :-1 s=READY pgs=11 cs=0 l=1 rev1=1 crypto rx=0x7f8124006fd0 tx=0x7f8124006e40 comp rx=0 tx=0).stop
2024-04-24T23:19:52.259 INFO:teuthology.orchestra.run.smithi080.stdout:/usr/bin/ceph: stderr
2024-04-24T23:19:51.663+0000 7f8134b86700 1 -- 172.21.15.80:0/3478966485 >> [v2:172.21.15.80:3300/0,v1:172.21.15.80:6789/0] conn(0x7f8130106250 msgr2=0x7f8130102c90 secure :-1 s=STATE_CONNECTION_ESTABLISHED l=1).mark_down
2024-04-24T23:19:52.259 INFO:teuthology.orchestra.run.smithi080.stdout:/usr/bin/ceph: stderr
2024-04-24T23:19:51.663+0000 7f8134b86700 1 --2- 172.21.15.80:0/3478966485 >> [v2:172.21.15.80:3300/0,v1:172.21.15.80:6789/0] conn(0x7f8130106250 0x7f8130102c90 secure :-1 s=READY pgs=46 cs=0 l=1 rev1=1 crypto rx=0x7f8120011670 tx=0x7f8120011b60 comp rx=0 tx=0).stop
2024-04-24T23:19:52.259 INFO:teuthology.orchestra.run.smithi080.stdout:/usr/bin/ceph: stderr
2024-04-24T23:19:51.663+0000 7f8134b86700 1 -- 172.21.15.80:0/3478966485 shutdown_connections
2024-04-24T23:19:52.259 INFO:teuthology.orchestra.run.smithi080.stdout:/usr/bin/ceph: stderr
2024-04-24T23:19:51.663+0000 7f8134b86700 1 --2- 172.21.15.80:0/3478966485 >> [v2:172.21.15.80:6800/233364790,v1:172.21.15.80:6801/233364790] conn(0x7f8118039000 0x7f811803b4c0 unknown :-1 s=CLOSED pgs=11 cs=0 l=1 rev1=1 crypto rx=0 tx=0 comp rx=0 tx=0).stop
2024-04-24T23:19:52.259 INFO:teuthology.orchestra.run.smithi080.stdout:/usr/bin/ceph: stderr
2024-04-24T23:19:51.663+0000 7f8134b86700 1 --2- 172.21.15.80:0/3478966485 >> [v2:172.21.15.80:3300/0,v1:172.21.15.80:6789/0] conn(0x7f8130106250 0x7f8130102c90 unknown :-1 s=CLOSED pgs=46 cs=0 l=1 rev1=1 crypto rx=0 tx=0 comp rx=0 tx=0).stop
2024-04-24T23:19:52.259 INFO:teuthology.orchestra.run.smithi080.stdout:/usr/bin/ceph: stderr
2024-04-24T23:19:51.663+0000 7f8134b86700 1 -- 172.21.15.80:0/3478966485 >> 172.21.15.80:0/3478966485 conn(0x7f8130101830 msgr2=0x7f8130109ec0 unknown :-1 s=STATE_NONE l=0).mark_down
2024-04-24T23:19:52.259 INFO:teuthology.orchestra.run.smithi080.stdout:/usr/bin/ceph: stderr
2024-04-24T23:19:51.663+0000 7f8134b86700 1 -- 172.21.15.80:0/3478966485 shutdown_connections
2024-04-24T23:19:52.259 INFO:teuthology.orchestra.run.smithi080.stdout:/usr/bin/ceph: stderr
2024-04-24T23:19:51.663+0000 7f8134b86700 1 -- 172.21.15.80:0/3478966485 wait complete.
2024-04-24T23:19:52.259 INFO:teuthology.orchestra.run.smithi080.stdout:Deploying unmanaged mon service...
2024-04-24T23:19:52.892 INFO:journalctl@ceph.mon.a.smithi080.stdout:Apr 24 23:19:52 smithi080 ceph-mon[29152]: from='mgr.14120 172.21.15.80:0/1767820559' entity='mgr.x'
2024-04-24T23:19:52.892 INFO:journalctl@ceph.mon.a.smithi080.stdout:Apr 24 23:19:52 smithi080 ceph-mon[29152]: Added host smithi080
2024-04-24T23:19:52.892 INFO:journalctl@ceph.mon.a.smithi080.stdout:Apr 24 23:19:52 smithi080 ceph-mon[29152]: from='mgr.14120 172.21.15.80:0/1767820559' entity='mgr.x' cmd=[{"prefix": "config dump", "format": "json"}]: dispatch
2024-04-24T23:19:53.520 INFO:teuthology.orchestra.run.smithi080.stdout:/usr/bin/ceph: stdout Scheduled mon update...
2024-04-24T23:19:53.521 INFO:teuthology.orchestra.run.smithi080.stdout:/usr/bin/ceph: stderr
2024-04-24T23:19:52.666+0000 7fe200598700 1 Processor -- start
2024-04-24T23:19:53.521 INFO:teuthology.orchestra.run.smithi080.stdout:/usr/bin/ceph: stderr
2024-04-24T23:19:52.666+0000 7fe200598700 1 -- start start
2024-04-24T23:19:53.521 INFO:teuthology.orchestra.run.smithi080.stdout:/usr/bin/ceph: stderr
2024-04-24T23:19:52.666+0000 7fe200598700 1 --2- >> [v2:172.21.15.80:3300/0,v1:172.21.15.80:6789/0] conn(0x7fe1f8106fb0 0x7fe1f81073d0 unknown :-1 s=NONE pgs=0 cs=0 l=0 rev1=0 crypto rx=0 tx=0 comp rx=0 tx=0).connect
2024-04-24T23:19:53.521 INFO:teuthology.orchestra.run.smithi080.stdout:/usr/bin/ceph: stderr
2024-04-24T23:19:52.666+0000 7fe200598700 1 -- --> [v2:172.21.15.80:3300/0,v1:172.21.15.80:6789/0] -- mon_getmap magic: 0 -- 0x7fe1f81079a0 con 0x7fe1f8106fb0
2024-04-24T23:19:53.521 INFO:teuthology.orchestra.run.smithi080.stdout:/usr/bin/ceph: stderr
2024-04-24T23:19:52.666+0000 7fe1fe334700 1 --2- >> [v2:172.21.15.80:3300/0,v1:172.21.15.80:6789/0] conn(0x7fe1f8106fb0 0x7fe1f81073d0 unknown :-1 s=BANNER_CONNECTING pgs=0 cs=0 l=0 rev1=0 crypto rx=0 tx=0 comp rx=0 tx=0)._handle_peer_banner_payload supported=3 required=0
2024-04-24T23:19:53.521 INFO:teuthology.orchestra.run.smithi080.stdout:/usr/bin/ceph: stderr
2024-04-24T23:19:52.666+0000 7fe1fe334700 1 --2- >> [v2:172.21.15.80:3300/0,v1:172.21.15.80:6789/0] conn(0x7fe1f8106fb0 0x7fe1f81073d0 unknown :-1 s=HELLO_CONNECTING pgs=0 cs=0 l=0 rev1=1 crypto rx=0 tx=0 comp rx=0 tx=0).handle_hello peer v2:172.21.15.80:3300/0 says I am v2:172.21.15.80:41280/0 (socket says 172.21.15.80:41280)
2024-04-24T23:19:53.521 INFO:teuthology.orchestra.run.smithi080.stdout:/usr/bin/ceph: stderr
2024-04-24T23:19:52.666+0000 7fe1fe334700 1 -- 172.21.15.80:0/211307600 learned_addr learned my addr 172.21.15.80:0/211307600 (peer_addr_for_me v2:172.21.15.80:0/0)
2024-04-24T23:19:53.521 INFO:teuthology.orchestra.run.smithi080.stdout:/usr/bin/ceph: stderr
2024-04-24T23:19:52.667+0000 7fe1fe334700 1 -- 172.21.15.80:0/211307600 --> [v2:172.21.15.80:3300/0,v1:172.21.15.80:6789/0] -- mon_subscribe({config=0+,monmap=0+}) -- 0x7fe1f8107cd0 con 0x7fe1f8106fb0
2024-04-24T23:19:53.521 INFO:teuthology.orchestra.run.smithi080.stdout:/usr/bin/ceph: stderr
2024-04-24T23:19:52.667+0000 7fe1fe334700 1 --2- 172.21.15.80:0/211307600 >> [v2:172.21.15.80:3300/0,v1:172.21.15.80:6789/0] conn(0x7fe1f8106fb0 0x7fe1f81073d0 secure :-1 s=READY pgs=47 cs=0 l=1 rev1=1 crypto rx=0x7fe1f40098a0 tx=0x7fe1f4009bb0 comp rx=0 tx=0).ready entity=mon.0 client_cookie=8f441a9ac34f604e server_cookie=0 in_seq=0 out_seq=0
2024-04-24T23:19:53.521 INFO:teuthology.orchestra.run.smithi080.stdout:/usr/bin/ceph: stderr
2024-04-24T23:19:52.667+0000 7fe1fd332700 1 -- 172.21.15.80:0/211307600 <== mon.0 v2:172.21.15.80:3300/0 1 ==== mon_map magic: 0 ==== 205+0+0 (secure 0 0 0) 0x7fe1f4004160 con 0x7fe1f8106fb0
2024-04-24T23:19:53.521 INFO:teuthology.orchestra.run.smithi080.stdout:/usr/bin/ceph: stderr
2024-04-24T23:19:52.667+0000 7fe1fd332700 1 -- 172.21.15.80:0/211307600 <== mon.0 v2:172.21.15.80:3300/0 2 ==== config(27 keys) ==== 1109+0+0 (secure 0 0 0) 0x7fe1f4004300 con 0x7fe1f8106fb0
2024-04-24T23:19:53.521 INFO:teuthology.orchestra.run.smithi080.stdout:/usr/bin/ceph: stderr
2024-04-24T23:19:52.667+0000 7fe1fd332700 1 -- 172.21.15.80:0/211307600 <== mon.0 v2:172.21.15.80:3300/0 3 ==== mon_map magic: 0 ==== 205+0+0 (secure 0 0 0) 0x7fe1f4011b50 con 0x7fe1f8106fb0
2024-04-24T23:19:53.522 INFO:teuthology.orchestra.run.smithi080.stdout:/usr/bin/ceph: stderr
2024-04-24T23:19:52.668+0000 7fe200598700 1 -- 172.21.15.80:0/211307600 >> [v2:172.21.15.80:3300/0,v1:172.21.15.80:6789/0] conn(0x7fe1f8106fb0 msgr2=0x7fe1f81073d0 secure :-1 s=STATE_CONNECTION_ESTABLISHED l=1).mark_down
2024-04-24T23:19:53.522 INFO:teuthology.orchestra.run.smithi080.stdout:/usr/bin/ceph: stderr
2024-04-24T23:19:52.668+0000 7fe200598700 1 --2- 172.21.15.80:0/211307600 >> [v2:172.21.15.80:3300/0,v1:172.21.15.80:6789/0] conn(0x7fe1f8106fb0 0x7fe1f81073d0 secure :-1 s=READY pgs=47 cs=0 l=1 rev1=1 crypto rx=0x7fe1f40098a0 tx=0x7fe1f4009bb0 comp rx=0 tx=0).stop
2024-04-24T23:19:53.522 INFO:teuthology.orchestra.run.smithi080.stdout:/usr/bin/ceph: stderr
2024-04-24T23:19:52.668+0000 7fe200598700 1 -- 172.21.15.80:0/211307600 shutdown_connections
2024-04-24T23:19:53.522 INFO:teuthology.orchestra.run.smithi080.stdout:/usr/bin/ceph: stderr
2024-04-24T23:19:52.668+0000 7fe200598700 1 --2- 172.21.15.80:0/211307600 >> [v2:172.21.15.80:3300/0,v1:172.21.15.80:6789/0] conn(0x7fe1f8106fb0 0x7fe1f81073d0 unknown :-1 s=CLOSED pgs=47 cs=0 l=1 rev1=1 crypto rx=0 tx=0 comp rx=0 tx=0).stop
2024-04-24T23:19:53.522 INFO:teuthology.orchestra.run.smithi080.stdout:/usr/bin/ceph: stderr
2024-04-24T23:19:52.668+0000 7fe200598700 1 -- 172.21.15.80:0/211307600 >> 172.21.15.80:0/211307600 conn(0x7fe1f8101810 msgr2=0x7fe1f8103c30 unknown :-1 s=STATE_NONE l=0).mark_down
2024-04-24T23:19:53.522 INFO:teuthology.orchestra.run.smithi080.stdout:/usr/bin/ceph: stderr
2024-04-24T23:19:52.668+0000 7fe200598700 1 -- 172.21.15.80:0/211307600 shutdown_connections
2024-04-24T23:19:53.522 INFO:teuthology.orchestra.run.smithi080.stdout:/usr/bin/ceph: stderr
2024-04-24T23:19:52.668+0000 7fe200598700 1 -- 172.21.15.80:0/211307600 wait complete.
2024-04-24T23:19:53.522 INFO:teuthology.orchestra.run.smithi080.stdout:/usr/bin/ceph: stderr
2024-04-24T23:19:52.668+0000 7fe200598700 1 Processor -- start
2024-04-24T23:19:53.522 INFO:teuthology.orchestra.run.smithi080.stdout:/usr/bin/ceph: stderr
2024-04-24T23:19:52.668+0000 7fe200598700 1 -- start start
2024-04-24T23:19:53.522 INFO:teuthology.orchestra.run.smithi080.stdout:/usr/bin/ceph: stderr
2024-04-24T23:19:52.668+0000 7fe200598700 1 --2- >> [v2:172.21.15.80:3300/0,v1:172.21.15.80:6789/0] conn(0x7fe1f8106fb0 0x7fe1f8191c40 unknown :-1 s=NONE pgs=0 cs=0 l=1 rev1=0 crypto rx=0 tx=0 comp rx=0 tx=0).connect
2024-04-24T23:19:53.522 INFO:teuthology.orchestra.run.smithi080.stdout:/usr/bin/ceph: stderr
2024-04-24T23:19:52.668+0000 7fe200598700 1 -- --> [v2:172.21.15.80:3300/0,v1:172.21.15.80:6789/0] -- mon_getmap magic: 0 -- 0x7fe1f810b080 con 0x7fe1f8106fb0
2024-04-24T23:19:53.522 INFO:teuthology.orchestra.run.smithi080.stdout:/usr/bin/ceph: stderr
2024-04-24T23:19:52.669+0000 7fe1fe334700 1 --2- >> [v2:172.21.15.80:3300/0,v1:172.21.15.80:6789/0] conn(0x7fe1f8106fb0 0x7fe1f8191c40 unknown :-1 s=BANNER_CONNECTING pgs=0 cs=0 l=1 rev1=0 crypto rx=0 tx=0 comp rx=0 tx=0)._handle_peer_banner_payload supported=3 required=0
2024-04-24T23:19:53.522 INFO:teuthology.orchestra.run.smithi080.stdout:/usr/bin/ceph: stderr
