2024-04-24T23:19:42.060 INFO:teuthology.orchestra.run.smithi080.stdout:/usr/bin/ceph: stderr
2024-04-24T23:19:40.491+0000 7f6488996700 1 -- 172.21.15.80:0/2052409655 >> [v2:172.21.15.80:6800/1614691410,v1:172.21.15.80:6801/1614691410] conn(0x7f646c039000 msgr2=0x7f646c03b4c0 unknown :-1 s=STATE_CONNECTING l=1).mark_down
2024-04-24T23:19:42.060 INFO:teuthology.orchestra.run.smithi080.stdout:/usr/bin/ceph: stderr
2024-04-24T23:19:40.491+0000 7f6488996700 1 --2- 172.21.15.80:0/2052409655 >> [v2:172.21.15.80:6800/1614691410,v1:172.21.15.80:6801/1614691410] conn(0x7f646c039000 0x7f646c03b4c0 unknown :-1 s=START_CONNECT pgs=0 cs=0 l=1 rev1=0 crypto rx=0 tx=0 comp rx=0 tx=0).stop
2024-04-24T23:19:42.060 INFO:teuthology.orchestra.run.smithi080.stdout:/usr/bin/ceph: stderr
2024-04-24T23:19:41.492+0000 7f6488996700 1 -- 172.21.15.80:0/2052409655 <== mon.0 v2:172.21.15.80:3300/0 7 ==== mgrmap(e 7) ==== 46181+0+0 (secure 0 0 0) 0x7f6478028350 con 0x7f64841078e0
2024-04-24T23:19:42.060 INFO:teuthology.orchestra.run.smithi080.stdout:/usr/bin/ceph: stderr
2024-04-24T23:19:41.493+0000 7f6488996700 1 --2- 172.21.15.80:0/2052409655 >> [v2:172.21.15.80:6800/233364790,v1:172.21.15.80:6801/233364790] conn(0x7f646c03c930 0x7f646c03ed20 unknown :-1 s=NONE pgs=0 cs=0 l=1 rev1=0 crypto rx=0 tx=0 comp rx=0 tx=0).connect
2024-04-24T23:19:42.060 INFO:teuthology.orchestra.run.smithi080.stdout:/usr/bin/ceph: stderr
2024-04-24T23:19:41.493+0000 7f6488996700 1 -- 172.21.15.80:0/2052409655 --> [v2:172.21.15.80:6800/233364790,v1:172.21.15.80:6801/233364790] -- command(tid 0: {"prefix": "get_command_descriptions"}) -- 0x7f647801de50 con 0x7f646c03c930
2024-04-24T23:19:42.060 INFO:teuthology.orchestra.run.smithi080.stdout:/usr/bin/ceph: stderr
2024-04-24T23:19:41.493+0000 7f64827fc700 1 --2- 172.21.15.80:0/2052409655 >> [v2:172.21.15.80:6800/233364790,v1:172.21.15.80:6801/233364790] conn(0x7f646c03c930 0x7f646c03ed20 unknown :-1 s=BANNER_CONNECTING pgs=0 cs=0 l=1 rev1=0 crypto rx=0 tx=0 comp rx=0 tx=0)._handle_peer_banner_payload supported=3 required=0
2024-04-24T23:19:42.060 INFO:teuthology.orchestra.run.smithi080.stdout:/usr/bin/ceph: stderr
2024-04-24T23:19:41.494+0000 7f64827fc700 1 --2- 172.21.15.80:0/2052409655 >> [v2:172.21.15.80:6800/233364790,v1:172.21.15.80:6801/233364790] conn(0x7f646c03c930 0x7f646c03ed20 secure :-1 s=READY pgs=2 cs=0 l=1 rev1=1 crypto rx=0x7f6474003a10 tx=0x7f6474009290 comp rx=0 tx=0).ready entity=mgr.14120 client_cookie=0 server_cookie=0 in_seq=0 out_seq=0
2024-04-24T23:19:42.060 INFO:teuthology.orchestra.run.smithi080.stdout:/usr/bin/ceph: stderr
2024-04-24T23:19:41.494+0000 7f6488996700 1 -- 172.21.15.80:0/2052409655 <== mgr.14120 v2:172.21.15.80:6800/233364790 1 ==== command_reply(tid 0: 0 ) ==== 8+0+7774 (secure 0 0 0) 0x7f647801de50 con 0x7f646c03c930
2024-04-24T23:19:42.060 INFO:teuthology.orchestra.run.smithi080.stdout:/usr/bin/ceph: stderr
2024-04-24T23:19:41.505+0000 7f6489998700 1 -- 172.21.15.80:0/2052409655 --> [v2:172.21.15.80:6800/233364790,v1:172.21.15.80:6801/233364790] -- command(tid 1: {"prefix": "mgr_status"}) -- 0x7f6470002630 con 0x7f646c03c930
2024-04-24T23:19:42.061 INFO:teuthology.orchestra.run.smithi080.stdout:/usr/bin/ceph: stderr
2024-04-24T23:19:41.506+0000 7f6488996700 1 -- 172.21.15.80:0/2052409655 <== mgr.14120 v2:172.21.15.80:6800/233364790 2 ==== command_reply(tid 1: 0 ) ==== 8+0+51 (secure 0 0 0) 0x7f6470002630 con 0x7f646c03c930
2024-04-24T23:19:42.061 INFO:teuthology.orchestra.run.smithi080.stdout:/usr/bin/ceph: stderr
2024-04-24T23:19:41.506+0000 7f6489998700 1 -- 172.21.15.80:0/2052409655 >> [v2:172.21.15.80:6800/233364790,v1:172.21.15.80:6801/233364790] conn(0x7f646c03c930 msgr2=0x7f646c03ed20 secure :-1 s=STATE_CONNECTION_ESTABLISHED l=1).mark_down
2024-04-24T23:19:42.061 INFO:teuthology.orchestra.run.smithi080.stdout:/usr/bin/ceph: stderr
2024-04-24T23:19:41.506+0000 7f6489998700 1 --2- 172.21.15.80:0/2052409655 >> [v2:172.21.15.80:6800/233364790,v1:172.21.15.80:6801/233364790] conn(0x7f646c03c930 0x7f646c03ed20 secure :-1 s=READY pgs=2 cs=0 l=1 rev1=1 crypto rx=0x7f6474003a10 tx=0x7f6474009290 comp rx=0 tx=0).stop
2024-04-24T23:19:42.061 INFO:teuthology.orchestra.run.smithi080.stdout:/usr/bin/ceph: stderr
2024-04-24T23:19:41.506+0000 7f6489998700 1 -- 172.21.15.80:0/2052409655 >> [v2:172.21.15.80:3300/0,v1:172.21.15.80:6789/0] conn(0x7f64841078e0 msgr2=0x7f6484199a80 secure :-1 s=STATE_CONNECTION_ESTABLISHED l=1).mark_down
2024-04-24T23:19:42.061 INFO:teuthology.orchestra.run.smithi080.stdout:/usr/bin/ceph: stderr
2024-04-24T23:19:41.506+0000 7f6489998700 1 --2- 172.21.15.80:0/2052409655 >> [v2:172.21.15.80:3300/0,v1:172.21.15.80:6789/0] conn(0x7f64841078e0 0x7f6484199a80 secure :-1 s=READY pgs=29 cs=0 l=1 rev1=1 crypto rx=0x7f647800bb10 tx=0x7f64780047c0 comp rx=0 tx=0).stop
2024-04-24T23:19:42.061 INFO:teuthology.orchestra.run.smithi080.stdout:/usr/bin/ceph: stderr
2024-04-24T23:19:41.506+0000 7f6489998700 1 -- 172.21.15.80:0/2052409655 shutdown_connections
2024-04-24T23:19:42.061 INFO:teuthology.orchestra.run.smithi080.stdout:/usr/bin/ceph: stderr
2024-04-24T23:19:41.506+0000 7f6489998700 1 --2- 172.21.15.80:0/2052409655 >> [v2:172.21.15.80:6800/233364790,v1:172.21.15.80:6801/233364790] conn(0x7f646c03c930 0x7f646c03ed20 unknown :-1 s=CLOSED pgs=2 cs=0 l=1 rev1=1 crypto rx=0 tx=0 comp rx=0 tx=0).stop
2024-04-24T23:19:42.061 INFO:teuthology.orchestra.run.smithi080.stdout:/usr/bin/ceph: stderr
2024-04-24T23:19:41.506+0000 7f6489998700 1 --2- 172.21.15.80:0/2052409655 >> [v2:172.21.15.80:3300/0,v1:172.21.15.80:6789/0] conn(0x7f64841078e0 0x7f6484199a80 unknown :-1 s=CLOSED pgs=29 cs=0 l=1 rev1=1 crypto rx=0 tx=0 comp rx=0 tx=0).stop
2024-04-24T23:19:42.061 INFO:teuthology.orchestra.run.smithi080.stdout:/usr/bin/ceph: stderr
2024-04-24T23:19:41.506+0000 7f6489998700 1 --2- 172.21.15.80:0/2052409655 >> [v2:172.21.15.80:6800/1614691410,v1:172.21.15.80:6801/1614691410] conn(0x7f646c039000 0x7f646c03b4c0 unknown :-1 s=CLOSED pgs=0 cs=0 l=1 rev1=0 crypto rx=0 tx=0 comp rx=0 tx=0).stop
2024-04-24T23:19:42.061 INFO:teuthology.orchestra.run.smithi080.stdout:/usr/bin/ceph: stderr
2024-04-24T23:19:41.506+0000 7f6489998700 1 -- 172.21.15.80:0/2052409655 >> 172.21.15.80:0/2052409655 conn(0x7f64841017a0 msgr2=0x7f64841906f0 unknown :-1 s=STATE_NONE l=0).mark_down
2024-04-24T23:19:42.061 INFO:teuthology.orchestra.run.smithi080.stdout:/usr/bin/ceph: stderr
2024-04-24T23:19:41.506+0000 7f6489998700 1 -- 172.21.15.80:0/2052409655 shutdown_connections
2024-04-24T23:19:42.061 INFO:teuthology.orchestra.run.smithi080.stdout:/usr/bin/ceph: stderr
2024-04-24T23:19:41.506+0000 7f6489998700 1 -- 172.21.15.80:0/2052409655 wait complete.
2024-04-24T23:19:42.061 INFO:teuthology.orchestra.run.smithi080.stdout:mgr epoch 5 is available
2024-04-24T23:19:42.061 INFO:teuthology.orchestra.run.smithi080.stdout:Setting orchestrator backend to cephadm...
2024-04-24T23:19:42.789 INFO:journalctl@ceph.mon.a.smithi080.stdout:Apr 24 23:19:42 smithi080 ceph-mon[29152]: from='client.14124 -' entity='client.admin' cmd=[{"prefix": "get_command_descriptions"}]: dispatch
2024-04-24T23:19:42.789 INFO:journalctl@ceph.mon.a.smithi080.stdout:Apr 24 23:19:42 smithi080 ceph-mon[29152]: from='client.14124 -' entity='client.admin' cmd=[{"prefix": "mgr_status"}]: dispatch
2024-04-24T23:19:42.789 INFO:journalctl@ceph.mon.a.smithi080.stdout:Apr 24 23:19:42 smithi080 ceph-mon[29152]: from='mgr.14120 172.21.15.80:0/1767820559' entity='mgr.x' cmd=[{"prefix": "config dump", "format": "json"}]: dispatch
2024-04-24T23:19:43.217 INFO:teuthology.orchestra.run.smithi080.stdout:/usr/bin/ceph: stderr
2024-04-24T23:19:42.468+0000 7f1d0be27700 1 Processor -- start
2024-04-24T23:19:43.217 INFO:teuthology.orchestra.run.smithi080.stdout:/usr/bin/ceph: stderr
2024-04-24T23:19:42.468+0000 7f1d0be27700 1 -- start start
2024-04-24T23:19:43.217 INFO:teuthology.orchestra.run.smithi080.stdout:/usr/bin/ceph: stderr
2024-04-24T23:19:42.469+0000 7f1d0be27700 1 --2- >> [v2:172.21.15.80:3300/0,v1:172.21.15.80:6789/0] conn(0x7f1d04108120 0x7f1d04108540 unknown :-1 s=NONE pgs=0 cs=0 l=0 rev1=0 crypto rx=0 tx=0 comp rx=0 tx=0).connect
2024-04-24T23:19:43.218 INFO:teuthology.orchestra.run.smithi080.stdout:/usr/bin/ceph: stderr
2024-04-24T23:19:42.469+0000 7f1d0be27700 1 -- --> [v2:172.21.15.80:3300/0,v1:172.21.15.80:6789/0] -- mon_getmap magic: 0 -- 0x7f1d04108b10 con 0x7f1d04108120
2024-04-24T23:19:43.218 INFO:teuthology.orchestra.run.smithi080.stdout:/usr/bin/ceph: stderr
2024-04-24T23:19:42.469+0000 7f1d09bc3700 1 --2- >> [v2:172.21.15.80:3300/0,v1:172.21.15.80:6789/0] conn(0x7f1d04108120 0x7f1d04108540 unknown :-1 s=BANNER_CONNECTING pgs=0 cs=0 l=0 rev1=0 crypto rx=0 tx=0 comp rx=0 tx=0)._handle_peer_banner_payload supported=3 required=0
2024-04-24T23:19:43.218 INFO:teuthology.orchestra.run.smithi080.stdout:/usr/bin/ceph: stderr
2024-04-24T23:19:42.469+0000 7f1d09bc3700 1 --2- >> [v2:172.21.15.80:3300/0,v1:172.21.15.80:6789/0] conn(0x7f1d04108120 0x7f1d04108540 unknown :-1 s=HELLO_CONNECTING pgs=0 cs=0 l=0 rev1=1 crypto rx=0 tx=0 comp rx=0 tx=0).handle_hello peer v2:172.21.15.80:3300/0 says I am v2:172.21.15.80:43276/0 (socket says 172.21.15.80:43276)
2024-04-24T23:19:43.218 INFO:teuthology.orchestra.run.smithi080.stdout:/usr/bin/ceph: stderr
2024-04-24T23:19:42.469+0000 7f1d09bc3700 1 -- 172.21.15.80:0/917345868 learned_addr learned my addr 172.21.15.80:0/917345868 (peer_addr_for_me v2:172.21.15.80:0/0)
2024-04-24T23:19:43.218 INFO:teuthology.orchestra.run.smithi080.stdout:/usr/bin/ceph: stderr
2024-04-24T23:19:42.469+0000 7f1d09bc3700 1 -- 172.21.15.80:0/917345868 --> [v2:172.21.15.80:3300/0,v1:172.21.15.80:6789/0] -- mon_subscribe({config=0+,monmap=0+}) -- 0x7f1d04105c20 con 0x7f1d04108120
2024-04-24T23:19:43.218 INFO:teuthology.orchestra.run.smithi080.stdout:/usr/bin/ceph: stderr
2024-04-24T23:19:42.469+0000 7f1d09bc3700 1 --2- 172.21.15.80:0/917345868 >> [v2:172.21.15.80:3300/0,v1:172.21.15.80:6789/0] conn(0x7f1d04108120 0x7f1d04108540 secure :-1 s=READY pgs=37 cs=0 l=1 rev1=1 crypto rx=0x7f1d000098a0 tx=0x7f1d00009bb0 comp rx=0 tx=0).ready entity=mon.0 client_cookie=6eb43b69ba81e2cb server_cookie=0 in_seq=0 out_seq=0
2024-04-24T23:19:43.218 INFO:teuthology.orchestra.run.smithi080.stdout:/usr/bin/ceph: stderr
2024-04-24T23:19:42.469+0000 7f1d08bc1700 1 -- 172.21.15.80:0/917345868 <== mon.0 v2:172.21.15.80:3300/0 1 ==== mon_map magic: 0 ==== 205+0+0 (secure 0 0 0) 0x7f1d00004160 con 0x7f1d04108120
2024-04-24T23:19:43.218 INFO:teuthology.orchestra.run.smithi080.stdout:/usr/bin/ceph: stderr
2024-04-24T23:19:42.469+0000 7f1d08bc1700 1 -- 172.21.15.80:0/917345868 <== mon.0 v2:172.21.15.80:3300/0 2 ==== config(27 keys) ==== 1109+0+0 (secure 0 0 0) 0x7f1d00004300 con 0x7f1d04108120
2024-04-24T23:19:43.218 INFO:teuthology.orchestra.run.smithi080.stdout:/usr/bin/ceph: stderr
2024-04-24T23:19:42.469+0000 7f1d08bc1700 1 -- 172.21.15.80:0/917345868 <== mon.0 v2:172.21.15.80:3300/0 3 ==== mon_map magic: 0 ==== 205+0+0 (secure 0 0 0) 0x7f1d00011b50 con 0x7f1d04108120
2024-04-24T23:19:43.218 INFO:teuthology.orchestra.run.smithi080.stdout:/usr/bin/ceph: stderr
2024-04-24T23:19:42.470+0000 7f1d0be27700 1 -- 172.21.15.80:0/917345868 >> [v2:172.21.15.80:3300/0,v1:172.21.15.80:6789/0] conn(0x7f1d04108120 msgr2=0x7f1d04108540 secure :-1 s=STATE_CONNECTION_ESTABLISHED l=1).mark_down
2024-04-24T23:19:43.218 INFO:teuthology.orchestra.run.smithi080.stdout:/usr/bin/ceph: stderr
2024-04-24T23:19:42.470+0000 7f1d0be27700 1 --2- 172.21.15.80:0/917345868 >> [v2:172.21.15.80:3300/0,v1:172.21.15.80:6789/0] conn(0x7f1d04108120 0x7f1d04108540 secure :-1 s=READY pgs=37 cs=0 l=1 rev1=1 crypto rx=0x7f1d000098a0 tx=0x7f1d00009bb0 comp rx=0 tx=0).stop
2024-04-24T23:19:43.218 INFO:teuthology.orchestra.run.smithi080.stdout:/usr/bin/ceph: stderr
2024-04-24T23:19:42.470+0000 7f1d0be27700 1 -- 172.21.15.80:0/917345868 shutdown_connections
2024-04-24T23:19:43.219 INFO:teuthology.orchestra.run.smithi080.stdout:/usr/bin/ceph: stderr
2024-04-24T23:19:42.470+0000 7f1d0be27700 1 --2- 172.21.15.80:0/917345868 >> [v2:172.21.15.80:3300/0,v1:172.21.15.80:6789/0] conn(0x7f1d04108120 0x7f1d04108540 unknown :-1 s=CLOSED pgs=37 cs=0 l=1 rev1=1 crypto rx=0 tx=0 comp rx=0 tx=0).stop
2024-04-24T23:19:43.219 INFO:teuthology.orchestra.run.smithi080.stdout:/usr/bin/ceph: stderr
2024-04-24T23:19:42.470+0000 7f1d0be27700 1 -- 172.21.15.80:0/917345868 >> 172.21.15.80:0/917345868 conn(0x7f1d041017e0 msgr2=0x7f1d04103c00 unknown :-1 s=STATE_NONE l=0).mark_down
2024-04-24T23:19:43.219 INFO:teuthology.orchestra.run.smithi080.stdout:/usr/bin/ceph: stderr
2024-04-24T23:19:42.470+0000 7f1d0be27700 1 -- 172.21.15.80:0/917345868 shutdown_connections
2024-04-24T23:19:43.219 INFO:teuthology.orchestra.run.smithi080.stdout:/usr/bin/ceph: stderr
2024-04-24T23:19:42.470+0000 7f1d0be27700 1 -- 172.21.15.80:0/917345868 wait complete.
2024-04-24T23:19:43.219 INFO:teuthology.orchestra.run.smithi080.stdout:/usr/bin/ceph: stderr
2024-04-24T23:19:42.470+0000 7f1d0be27700 1 Processor -- start
2024-04-24T23:19:43.219 INFO:teuthology.orchestra.run.smithi080.stdout:/usr/bin/ceph: stderr
2024-04-24T23:19:42.471+0000 7f1d0be27700 1 -- start start
2024-04-24T23:19:43.219 INFO:teuthology.orchestra.run.smithi080.stdout:/usr/bin/ceph: stderr
2024-04-24T23:19:42.471+0000 7f1d0be27700 1 --2- >> [v2:172.21.15.80:3300/0,v1:172.21.15.80:6789/0] conn(0x7f1d04108120 0x7f1d0419dd10 unknown :-1 s=NONE pgs=0 cs=0 l=1 rev1=0 crypto rx=0 tx=0 comp rx=0 tx=0).connect
2024-04-24T23:19:43.219 INFO:teuthology.orchestra.run.smithi080.stdout:/usr/bin/ceph: stderr
2024-04-24T23:19:42.471+0000 7f1d0be27700 1 -- --> [v2:172.21.15.80:3300/0,v1:172.21.15.80:6789/0] -- mon_getmap magic: 0 -- 0x7f1d04106ca0 con 0x7f1d04108120
2024-04-24T23:19:43.219 INFO:teuthology.orchestra.run.smithi080.stdout:/usr/bin/ceph: stderr
2024-04-24T23:19:42.471+0000 7f1d09bc3700 1 --2- >> [v2:172.21.15.80:3300/0,v1:172.21.15.80:6789/0] conn(0x7f1d04108120 0x7f1d0419dd10 unknown :-1 s=BANNER_CONNECTING pgs=0 cs=0 l=1 rev1=0 crypto rx=0 tx=0 comp rx=0 tx=0)._handle_peer_banner_payload supported=3 required=0
2024-04-24T23:19:43.219 INFO:teuthology.orchestra.run.smithi080.stdout:/usr/bin/ceph: stderr
2024-04-24T23:19:42.471+0000 7f1d09bc3700 1 --2- >> [v2:172.21.15.80:3300/0,v1:172.21.15.80:6789/0] conn(0x7f1d04108120 0x7f1d0419dd10 unknown :-1 s=HELLO_CONNECTING pgs=0 cs=0 l=1 rev1=1 crypto rx=0 tx=0 comp rx=0 tx=0).handle_hello peer v2:172.21.15.80:3300/0 says I am v2:172.21.15.80:43286/0 (socket says 172.21.15.80:43286)
2024-04-24T23:19:43.219 INFO:teuthology.orchestra.run.smithi080.stdout:/usr/bin/ceph: stderr
2024-04-24T23:19:42.471+0000 7f1d09bc3700 1 -- 172.21.15.80:0/712005158 learned_addr learned my addr 172.21.15.80:0/712005158 (peer_addr_for_me v2:172.21.15.80:0/0)
2024-04-24T23:19:43.219 INFO:teuthology.orchestra.run.smithi080.stdout:/usr/bin/ceph: stderr
2024-04-24T23:19:42.471+0000 7f1d09bc3700 1 -- 172.21.15.80:0/712005158 --> [v2:172.21.15.80:3300/0,v1:172.21.15.80:6789/0] -- mon_subscribe({config=0+,monmap=0+}) -- 0x7f1d0419e250 con 0x7f1d04108120
2024-04-24T23:19:43.219 INFO:teuthology.orchestra.run.smithi080.stdout:/usr/bin/ceph: stderr
2024-04-24T23:19:42.471+0000 7f1d09bc3700 1 --2- 172.21.15.80:0/712005158 >> [v2:172.21.15.80:3300/0,v1:172.21.15.80:6789/0] conn(0x7f1d04108120 0x7f1d0419dd10 secure :-1 s=READY pgs=38 cs=0 l=1 rev1=1 crypto rx=0x7f1d00011670 tx=0x7f1d00011b60 comp rx=0 tx=0).ready entity=mon.0 client_cookie=0 server_cookie=0 in_seq=0 out_seq=0
2024-04-24T23:19:43.220 INFO:teuthology.orchestra.run.smithi080.stdout:/usr/bin/ceph: stderr
2024-04-24T23:19:42.471+0000 7f1cfaffd700 1 -- 172.21.15.80:0/712005158 <== mon.0 v2:172.21.15.80:3300/0 1 ==== mon_map magic: 0 ==== 205+0+0 (secure 0 0 0) 0x7f1d000039c0 con 0x7f1d04108120
2024-04-24T23:19:43.220 INFO:teuthology.orchestra.run.smithi080.stdout:/usr/bin/ceph: stderr
2024-04-24T23:19:42.471+0000 7f1cfaffd700 1 -- 172.21.15.80:0/712005158 <== mon.0 v2:172.21.15.80:3300/0 2 ==== config(27 keys) ==== 1109+0+0 (secure 0 0 0) 0x7f1d00011e50 con 0x7f1d04108120
2024-04-24T23:19:43.220 INFO:teuthology.orchestra.run.smithi080.stdout:/usr/bin/ceph: stderr
2024-04-24T23:19:42.471+0000 7f1d0be27700 1 -- 172.21.15.80:0/712005158 --> [v2:172.21.15.80:3300/0,v1:172.21.15.80:6789/0] -- mon_subscribe({mgrmap=0+}) -- 0x7f1d0419e4e0 con 0x7f1d04108120
2024-04-24T23:19:43.220 INFO:teuthology.orchestra.run.smithi080.stdout:/usr/bin/ceph: stderr
2024-04-24T23:19:42.471+0000 7f1cfaffd700 1 -- 172.21.15.80:0/712005158 <== mon.0 v2:172.21.15.80:3300/0 3 ==== mon_map magic: 0 ==== 205+0+0 (secure 0 0 0) 0x7f1d0001a5c0 con 0x7f1d04108120
2024-04-24T23:19:43.220 INFO:teuthology.orchestra.run.smithi080.stdout:/usr/bin/ceph: stderr
2024-04-24T23:19:42.471+0000 7f1d0be27700 1 -- 172.21.15.80:0/712005158 --> [v2:172.21.15.80:3300/0,v1:172.21.15.80:6789/0] -- mon_subscribe({osdmap=0}) -- 0x7f1d041a11c0 con 0x7f1d04108120
2024-04-24T23:19:43.220 INFO:teuthology.orchestra.run.smithi080.stdout:/usr/bin/ceph: stderr
2024-04-24T23:19:42.472+0000 7f1cfaffd700 1 -- 172.21.15.80:0/712005158 <== mon.0 v2:172.21.15.80:3300/0 4 ==== mgrmap(e 7) ==== 46181+0+0 (secure 0 0 0) 0x7f1d0001a870 con 0x7f1d04108120
2024-04-24T23:19:43.220 INFO:teuthology.orchestra.run.smithi080.stdout:/usr/bin/ceph: stderr
2024-04-24T23:19:42.472+0000 7f1d0be27700 1 -- 172.21.15.80:0/712005158 --> [v2:172.21.15.80:3300/0,v1:172.21.15.80:6789/0] -- mon_command({"prefix": "get_command_descriptions"} v 0) -- 0x7f1d04063890 con 0x7f1d04108120
2024-04-24T23:19:43.220 INFO:teuthology.orchestra.run.smithi080.stdout:/usr/bin/ceph: stderr
2024-04-24T23:19:42.472+0000 7f1cfaffd700 1 --2- 172.21.15.80:0/712005158 >> [v2:172.21.15.80:6800/233364790,v1:172.21.15.80:6801/233364790] conn(0x7f1cf0038f40 0x7f1cf003b400 unknown :-1 s=NONE pgs=0 cs=0 l=1 rev1=0 crypto rx=0 tx=0 comp rx=0 tx=0).connect
2024-04-24T23:19:43.220 INFO:teuthology.orchestra.run.smithi080.stdout:/usr/bin/ceph: stderr
2024-04-24T23:19:42.472+0000 7f1cfaffd700 1 -- 172.21.15.80:0/712005158 <== mon.0 v2:172.21.15.80:3300/0 5 ==== osd_map(2..2 src has 1..2) ==== 940+0+0 (secure 0 0 0) 0x7f1d0004d1c0 con 0x7f1d04108120
2024-04-24T23:19:43.220 INFO:teuthology.orchestra.run.smithi080.stdout:/usr/bin/ceph: stderr
2024-04-24T23:19:42.472+0000 7f1d093c2700 1 --2- 172.21.15.80:0/712005158 >> [v2:172.21.15.80:6800/233364790,v1:172.21.15.80:6801/233364790] conn(0x7f1cf0038f40 0x7f1cf003b400 unknown :-1 s=BANNER_CONNECTING pgs=0 cs=0 l=1 rev1=0 crypto rx=0 tx=0 comp rx=0 tx=0)._handle_peer_banner_payload supported=3 required=0
2024-04-24T23:19:43.220 INFO:teuthology.orchestra.run.smithi080.stdout:/usr/bin/ceph: stderr
2024-04-24T23:19:42.473+0000 7f1d093c2700 1 --2- 172.21.15.80:0/712005158 >> [v2:172.21.15.80:6800/233364790,v1:172.21.15.80:6801/233364790] conn(0x7f1cf0038f40 0x7f1cf003b400 secure :-1 s=READY pgs=7 cs=0 l=1 rev1=1 crypto rx=0x7f1cf4006fd0 tx=0x7f1cf4006e40 comp rx=0 tx=0).ready entity=mgr.14120 client_cookie=0 server_cookie=0 in_seq=0 out_seq=0
2024-04-24T23:19:43.220 INFO:teuthology.orchestra.run.smithi080.stdout:/usr/bin/ceph: stderr
2024-04-24T23:19:42.477+0000 7f1cfaffd700 1 -- 172.21.15.80:0/712005158 <== mon.0 v2:172.21.15.80:3300/0 6 ==== mon_command_ack([{"prefix": "get_command_descriptions"}]=0 v0) ==== 72+0+186147 (secure 0 0 0) 0x7f1d0002cc00 con 0x7f1d04108120
2024-04-24T23:19:43.220 INFO:teuthology.orchestra.run.smithi080.stdout:/usr/bin/ceph: stderr
2024-04-24T23:19:42.549+0000 7f1cfaffd700 1 -- 172.21.15.80:0/712005158 <== mon.0 v2:172.21.15.80:3300/0 7 ==== mgrmap(e 8) ==== 46287+0+0 (secure 0 0 0) 0x7f1d0002d910 con 0x7f1d04108120
2024-04-24T23:19:43.220 INFO:teuthology.orchestra.run.smithi080.stdout:/usr/bin/ceph: stderr
2024-04-24T23:19:42.694+0000 7f1d0be27700 1 -- 172.21.15.80:0/712005158 --> [v2:172.21.15.80:6800/233364790,v1:172.21.15.80:6801/233364790] -- mgr_command(tid 0: {"prefix": "orch set backend", "module_name": "cephadm", "target": ["mon-mgr", ""]}) -- 0x7f1d04062670 con 0x7f1cf0038f40
2024-04-24T23:19:43.221 INFO:teuthology.orchestra.run.smithi080.stdout:/usr/bin/ceph: stderr
2024-04-24T23:19:42.702+0000 7f1cfaffd700 1 -- 172.21.15.80:0/712005158 <== mgr.14120 v2:172.21.15.80:6800/233364790 1 ==== mgr_command_reply(tid 0: 0 ) ==== 8+0+0 (secure 0 0 0) 0x7f1d04062670 con 0x7f1cf0038f40
2024-04-24T23:19:43.221 INFO:teuthology.orchestra.run.smithi080.stdout:/usr/bin/ceph: stderr
2024-04-24T23:19:42.704+0000 7f1d0be27700 1 -- 172.21.15.80:0/712005158 >> [v2:172.21.15.80:6800/233364790,v1:172.21.15.80:6801/233364790] conn(0x7f1cf0038f40 msgr2=0x7f1cf003b400 secure :-1 s=STATE_CONNECTION_ESTABLISHED l=1).mark_down
2024-04-24T23:19:43.221 INFO:teuthology.orchestra.run.smithi080.stdout:/usr/bin/ceph: stderr
2024-04-24T23:19:42.704+0000 7f1d0be27700 1 --2- 172.21.15.80:0/712005158 >> [v2:172.21.15.80:6800/233364790,v1:172.21.15.80:6801/233364790] conn(0x7f1cf0038f40 0x7f1cf003b400 secure :-1 s=READY pgs=7 cs=0 l=1 rev1=1 crypto rx=0x7f1cf4006fd0 tx=0x7f1cf4006e40 comp rx=0 tx=0).stop
2024-04-24T23:19:43.221 INFO:teuthology.orchestra.run.smithi080.stdout:/usr/bin/ceph: stderr
2024-04-24T23:19:42.704+0000 7f1d0be27700 1 -- 172.21.15.80:0/712005158 >> [v2:172.21.15.80:3300/0,v1:172.21.15.80:6789/0] conn(0x7f1d04108120 msgr2=0x7f1d0419dd10 secure :-1 s=STATE_CONNECTION_ESTABLISHED l=1).mark_down
2024-04-24T23:19:43.221 INFO:teuthology.orchestra.run.smithi080.stdout:/usr/bin/ceph: stderr
2024-04-24T23:19:42.704+0000 7f1d0be27700 1 --2- 172.21.15.80:0/712005158 >> [v2:172.21.15.80:3300/0,v1:172.21.15.80:6789/0] conn(0x7f1d04108120 0x7f1d0419dd10 secure :-1 s=READY pgs=38 cs=0 l=1 rev1=1 crypto rx=0x7f1d00011670 tx=0x7f1d00011b60 comp rx=0 tx=0).stop
2024-04-24T23:19:43.221 INFO:teuthology.orchestra.run.smithi080.stdout:/usr/bin/ceph: stderr
2024-04-24T23:19:42.704+0000 7f1d0be27700 1 -- 172.21.15.80:0/712005158 shutdown_connections
2024-04-24T23:19:43.221 INFO:teuthology.orchestra.run.smithi080.stdout:/usr/bin/ceph: stderr
2024-04-24T23:19:42.704+0000 7f1d0be27700 1 --2- 172.21.15.80:0/712005158 >> [v2:172.21.15.80:6800/233364790,v1:172.21.15.80:6801/233364790] conn(0x7f1cf0038f40 0x7f1cf003b400 unknown :-1 s=CLOSED pgs=7 cs=0 l=1 rev1=1 crypto rx=0 tx=0 comp rx=0 tx=0).stop
2024-04-24T23:19:43.221 INFO:teuthology.orchestra.run.smithi080.stdout:/usr/bin/ceph: stderr
2024-04-24T23:19:42.704+0000 7f1d0be27700 1 --2- 172.21.15.80:0/712005158 >> [v2:172.21.15.80:3300/0,v1:172.21.15.80:6789/0] conn(0x7f1d04108120 0x7f1d0419dd10 unknown :-1 s=CLOSED pgs=38 cs=0 l=1 rev1=1 crypto rx=0 tx=0 comp rx=0 tx=0).stop
2024-04-24T23:19:43.221 INFO:teuthology.orchestra.run.smithi080.stdout:/usr/bin/ceph: stderr
2024-04-24T23:19:42.704+0000 7f1d0be27700 1 -- 172.21.15.80:0/712005158 >> 172.21.15.80:0/712005158 conn(0x7f1d041017e0 msgr2=0x7f1d041943d0 unknown :-1 s=STATE_NONE l=0).mark_down
2024-04-24T23:19:43.221 INFO:teuthology.orchestra.run.smithi080.stdout:/usr/bin/ceph: stderr
2024-04-24T23:19:42.705+0000 7f1d0be27700 1 -- 172.21.15.80:0/712005158 shutdown_connections
2024-04-24T23:19:43.221 INFO:teuthology.orchestra.run.smithi080.stdout:/usr/bin/ceph: stderr
2024-04-24T23:19:42.705+0000 7f1d0be27700 1 -- 172.21.15.80:0/712005158 wait complete.
2024-04-24T23:19:43.595 INFO:journalctl@ceph.mon.a.smithi080.stdout:Apr 24 23:19:43 smithi080 ceph-mon[29152]: [24/Apr/2024:23:19:42] ENGINE Bus STARTING
2024-04-24T23:19:43.596 INFO:journalctl@ceph.mon.a.smithi080.stdout:Apr 24 23:19:43 smithi080 ceph-mon[29152]: [24/Apr/2024:23:19:42] ENGINE Serving on https://172.21.15.80:7150
2024-04-24T23:19:43.596 INFO:journalctl@ceph.mon.a.smithi080.stdout:Apr 24 23:19:43 smithi080 ceph-mon[29152]: [24/Apr/2024:23:19:42] ENGINE Serving on http://172.21.15.80:8765
2024-04-24T23:19:43.596 INFO:journalctl@ceph.mon.a.smithi080.stdout:Apr 24 23:19:43 smithi080 ceph-mon[29152]: [24/Apr/2024:23:19:42] ENGINE Bus STARTED
2024-04-24T23:19:43.596 INFO:journalctl@ceph.mon.a.smithi080.stdout:Apr 24 23:19:43 smithi080 ceph-mon[29152]: mgrmap e8: x(active, since 2s)
2024-04-24T23:19:43.596 INFO:journalctl@ceph.mon.a.smithi080.stdout:Apr 24 23:19:43 smithi080 ceph-mon[29152]: from='client.14132 -' entity='client.admin' cmd=[{"prefix": "orch set backend", "module_name": "cephadm", "target": ["mon-mgr", ""]}]: dispatch
2024-04-24T23:19:43.596 INFO:journalctl@ceph.mon.a.smithi080.stdout:Apr 24 23:19:43 smithi080 ceph-mon[29152]: from='mgr.14120 172.21.15.80:0/1767820559' entity='mgr.x'
2024-04-24T23:19:43.596 INFO:journalctl@ceph.mon.a.smithi080.stdout:Apr 24 23:19:43 smithi080 ceph-mon[29152]: from='mgr.14120 172.21.15.80:0/1767820559' entity='mgr.x' cmd=[{"prefix": "config dump", "format": "json"}]: dispatch
2024-04-24T23:19:44.431 INFO:teuthology.orchestra.run.smithi080.stdout:/usr/bin/ceph: stdout value unchanged
2024-04-24T23:19:44.431 INFO:teuthology.orchestra.run.smithi080.stdout:/usr/bin/ceph: stderr
2024-04-24T23:19:43.695+0000 7f9578b23700 1 Processor -- start
2024-04-24T23:19:44.431 INFO:teuthology.orchestra.run.smithi080.stdout:/usr/bin/ceph: stderr
2024-04-24T23:19:43.695+0000 7f9578b23700 1 -- start start
2024-04-24T23:19:44.431 INFO:teuthology.orchestra.run.smithi080.stdout:/usr/bin/ceph: stderr
2024-04-24T23:19:43.696+0000 7f9578b23700 1 --2- >> [v2:172.21.15.80:3300/0,v1:172.21.15.80:6789/0] conn(0x7f9574108660 0x7f957410aa50 unknown :-1 s=NONE pgs=0 cs=0 l=0 rev1=0 crypto rx=0 tx=0 comp rx=0 tx=0).connect
2024-04-24T23:19:44.431 INFO:teuthology.orchestra.run.smithi080.stdout:/usr/bin/ceph: stderr
2024-04-24T23:19:43.696+0000 7f9578b23700 1 -- --> [v2:172.21.15.80:3300/0,v1:172.21.15.80:6789/0] -- mon_getmap magic: 0 -- 0x7f957410af90 con 0x7f9574108660
2024-04-24T23:19:44.431 INFO:teuthology.orchestra.run.smithi080.stdout:/usr/bin/ceph: stderr
2024-04-24T23:19:43.696+0000 7f957259c700 1 --2- >> [v2:172.21.15.80:3300/0,v1:172.21.15.80:6789/0] conn(0x7f9574108660 0x7f957410aa50 unknown :-1 s=BANNER_CONNECTING pgs=0 cs=0 l=0 rev1=0 crypto rx=0 tx=0 comp rx=0 tx=0)._handle_peer_banner_payload supported=3 required=0
2024-04-24T23:19:44.431 INFO:teuthology.orchestra.run.smithi080.stdout:/usr/bin/ceph: stderr
2024-04-24T23:19:43.696+0000 7f957259c700 1 --2- >> [v2:172.21.15.80:3300/0,v1:172.21.15.80:6789/0] conn(0x7f9574108660 0x7f957410aa50 unknown :-1 s=HELLO_CONNECTING pgs=0 cs=0 l=0 rev1=1 crypto rx=0 tx=0 comp rx=0 tx=0).handle_hello peer v2:172.21.15.80:3300/0 says I am v2:172.21.15.80:43302/0 (socket says 172.21.15.80:43302)
2024-04-24T23:19:44.431 INFO:teuthology.orchestra.run.smithi080.stdout:/usr/bin/ceph: stderr
2024-04-24T23:19:43.696+0000 7f957259c700 1 -- 172.21.15.80:0/3846243649 learned_addr learned my addr 172.21.15.80:0/3846243649 (peer_addr_for_me v2:172.21.15.80:0/0)
2024-04-24T23:19:44.431 INFO:teuthology.orchestra.run.smithi080.stdout:/usr/bin/ceph: stderr
2024-04-24T23:19:43.696+0000 7f957259c700 1 -- 172.21.15.80:0/3846243649 --> [v2:172.21.15.80:3300/0,v1:172.21.15.80:6789/0] -- mon_subscribe({config=0+,monmap=0+}) -- 0x7f957410b110 con 0x7f9574108660
2024-04-24T23:19:44.431 INFO:teuthology.orchestra.run.smithi080.stdout:/usr/bin/ceph: stderr
2024-04-24T23:19:43.696+0000 7f957259c700 1 --2- 172.21.15.80:0/3846243649 >> [v2:172.21.15.80:3300/0,v1:172.21.15.80:6789/0] conn(0x7f9574108660 0x7f957410aa50 secure :-1 s=READY pgs=39 cs=0 l=1 rev1=1 crypto rx=0x7f95680098a0 tx=0x7f9568009bb0 comp rx=0 tx=0).ready entity=mon.0 client_cookie=d08bc4214dc73c97 server_cookie=0 in_seq=0 out_seq=0
2024-04-24T23:19:44.432 INFO:teuthology.orchestra.run.smithi080.stdout:/usr/bin/ceph: stderr
2024-04-24T23:19:43.696+0000 7f957159a700 1 -- 172.21.15.80:0/3846243649 <== mon.0 v2:172.21.15.80:3300/0 1 ==== mon_map magic: 0 ==== 205+0+0 (secure 0 0 0) 0x7f9568004160 con 0x7f9574108660
2024-04-24T23:19:44.432 INFO:teuthology.orchestra.run.smithi080.stdout:/usr/bin/ceph: stderr
2024-04-24T23:19:43.696+0000 7f957159a700 1 -- 172.21.15.80:0/3846243649 <== mon.0 v2:172.21.15.80:3300/0 2 ==== config(27 keys) ==== 1109+0+0 (secure 0 0 0) 0x7f9568004300 con 0x7f9574108660
2024-04-24T23:19:44.432 INFO:teuthology.orchestra.run.smithi080.stdout:/usr/bin/ceph: stderr
2024-04-24T23:19:43.696+0000 7f957159a700 1 -- 172.21.15.80:0/3846243649 <== mon.0 v2:172.21.15.80:3300/0 3 ==== mon_map magic: 0 ==== 205+0+0 (secure 0 0 0) 0x7f9568011b50 con 0x7f9574108660
2024-04-24T23:19:44.432 INFO:teuthology.orchestra.run.smithi080.stdout:/usr/bin/ceph: stderr
2024-04-24T23:19:43.697+0000 7f9578b23700 1 -- 172.21.15.80:0/3846243649 >> [v2:172.21.15.80:3300/0,v1:172.21.15.80:6789/0] conn(0x7f9574108660 msgr2=0x7f957410aa50 secure :-1 s=STATE_CONNECTION_ESTABLISHED l=1).mark_down
2024-04-24T23:19:44.432 INFO:teuthology.orchestra.run.smithi080.stdout:/usr/bin/ceph: stderr
2024-04-24T23:19:43.697+0000 7f9578b23700 1 --2- 172.21.15.80:0/3846243649 >> [v2:172.21.15.80:3300/0,v1:172.21.15.80:6789/0] conn(0x7f9574108660 0x7f957410aa50 secure :-1 s=READY pgs=39 cs=0 l=1 rev1=1 crypto rx=0x7f95680098a0 tx=0x7f9568009bb0 comp rx=0 tx=0).stop
2024-04-24T23:19:44.432 INFO:teuthology.orchestra.run.smithi080.stdout:/usr/bin/ceph: stderr
2024-04-24T23:19:43.697+0000 7f9578b23700 1 -- 172.21.15.80:0/3846243649 shutdown_connections
2024-04-24T23:19:44.432 INFO:teuthology.orchestra.run.smithi080.stdout:/usr/bin/ceph: stderr
2024-04-24T23:19:43.697+0000 7f9578b23700 1 --2- 172.21.15.80:0/3846243649 >> [v2:172.21.15.80:3300/0,v1:172.21.15.80:6789/0] conn(0x7f9574108660 0x7f957410aa50 unknown :-1 s=CLOSED pgs=39 cs=0 l=1 rev1=1 crypto rx=0 tx=0 comp rx=0 tx=0).stop
2024-04-24T23:19:44.432 INFO:teuthology.orchestra.run.smithi080.stdout:/usr/bin/ceph: stderr
2024-04-24T23:19:43.697+0000 7f9578b23700 1 -- 172.21.15.80:0/3846243649 >> 172.21.15.80:0/3846243649 conn(0x7f9574102090 msgr2=0x7f95741044b0 unknown :-1 s=STATE_NONE l=0).mark_down
2024-04-24T23:19:44.432 INFO:teuthology.orchestra.run.smithi080.stdout:/usr/bin/ceph: stderr
2024-04-24T23:19:43.697+0000 7f9578b23700 1 -- 172.21.15.80:0/3846243649 shutdown_connections
2024-04-24T23:19:44.432 INFO:teuthology.orchestra.run.smithi080.stdout:/usr/bin/ceph: stderr
2024-04-24T23:19:43.697+0000 7f9578b23700 1 -- 172.21.15.80:0/3846243649 wait complete.
2024-04-24T23:19:44.432 INFO:teuthology.orchestra.run.smithi080.stdout:/usr/bin/ceph: stderr
2024-04-24T23:19:43.698+0000 7f9578b23700 1 Processor -- start
2024-04-24T23:19:44.432 INFO:teuthology.orchestra.run.smithi080.stdout:/usr/bin/ceph: stderr
2024-04-24T23:19:43.698+0000 7f9578b23700 1 -- start start
2024-04-24T23:19:44.432 INFO:teuthology.orchestra.run.smithi080.stdout:/usr/bin/ceph: stderr
2024-04-24T23:19:43.698+0000 7f9578b23700 1 --2- >> [v2:172.21.15.80:3300/0,v1:172.21.15.80:6789/0] conn(0x7f9574108660 0x7f957419bc60 unknown :-1 s=NONE pgs=0 cs=0 l=1 rev1=0 crypto rx=0 tx=0 comp rx=0 tx=0).connect
2024-04-24T23:19:44.432 INFO:teuthology.orchestra.run.smithi080.stdout:/usr/bin/ceph: stderr
2024-04-24T23:19:43.698+0000 7f9578b23700 1 -- --> [v2:172.21.15.80:3300/0,v1:172.21.15.80:6789/0] -- mon_getmap magic: 0 -- 0x7f957410c0d0 con 0x7f9574108660
2024-04-24T23:19:44.433 INFO:teuthology.orchestra.run.smithi080.stdout:/usr/bin/ceph: stderr
2024-04-24T23:19:43.698+0000 7f957259c700 1 --2- >> [v2:172.21.15.80:3300/0,v1:172.21.15.80:6789/0] conn(0x7f9574108660 0x7f957419bc60 unknown :-1 s=BANNER_CONNECTING pgs=0 cs=0 l=1 rev1=0 crypto rx=0 tx=0 comp rx=0 tx=0)._handle_peer_banner_payload supported=3 required=0
2024-04-24T23:19:44.433 INFO:teuthology.orchestra.run.smithi080.stdout:/usr/bin/ceph: stderr
2024-04-24T23:19:43.698+0000 7f957259c700 1 --2- >> [v2:172.21.15.80:3300/0,v1:172.21.15.80:6789/0] conn(0x7f9574108660 0x7f957419bc60 unknown :-1 s=HELLO_CONNECTING pgs=0 cs=0 l=1 rev1=1 crypto rx=0 tx=0 comp rx=0 tx=0).handle_hello peer v2:172.21.15.80:3300/0 says I am v2:172.21.15.80:43308/0 (socket says 172.21.15.80:43308)
2024-04-24T23:19:44.433 INFO:teuthology.orchestra.run.smithi080.stdout:/usr/bin/ceph: stderr
2024-04-24T23:19:43.698+0000 7f957259c700 1 -- 172.21.15.80:0/1188761350 learned_addr learned my addr 172.21.15.80:0/1188761350 (peer_addr_for_me v2:172.21.15.80:0/0)
2024-04-24T23:19:44.433 INFO:teuthology.orchestra.run.smithi080.stdout:/usr/bin/ceph: stderr
2024-04-24T23:19:43.698+0000 7f957259c700 1 -- 172.21.15.80:0/1188761350 --> [v2:172.21.15.80:3300/0,v1:172.21.15.80:6789/0] -- mon_subscribe({config=0+,monmap=0+}) -- 0x7f957419c1a0 con 0x7f9574108660
2024-04-24T23:19:44.433 INFO:teuthology.orchestra.run.smithi080.stdout:/usr/bin/ceph: stderr
2024-04-24T23:19:43.698+0000 7f957259c700 1 --2- 172.21.15.80:0/1188761350 >> [v2:172.21.15.80:3300/0,v1:172.21.15.80:6789/0] conn(0x7f9574108660 0x7f957419bc60 secure :-1 s=READY pgs=40 cs=0 l=1 rev1=1 crypto rx=0x7f9568011b60 tx=0x7f9568011c40 comp rx=0 tx=0).ready entity=mon.0 client_cookie=0 server_cookie=0 in_seq=0 out_seq=0
2024-04-24T23:19:44.433 INFO:teuthology.orchestra.run.smithi080.stdout:/usr/bin/ceph: stderr
2024-04-24T23:19:43.698+0000 7f95637fe700 1 -- 172.21.15.80:0/1188761350 <== mon.0 v2:172.21.15.80:3300/0 1 ==== mon_map magic: 0 ==== 205+0+0 (secure 0 0 0) 0x7f9568003b20 con 0x7f9574108660
2024-04-24T23:19:44.433 INFO:teuthology.orchestra.run.smithi080.stdout:/usr/bin/ceph: stderr
2024-04-24T23:19:43.699+0000 7f9578b23700 1 -- 172.21.15.80:0/1188761350 --> [v2:172.21.15.80:3300/0,v1:172.21.15.80:6789/0] -- mon_subscribe({mgrmap=0+}) -- 0x7f957419c430 con 0x7f9574108660
2024-04-24T23:19:44.433 INFO:teuthology.orchestra.run.smithi080.stdout:/usr/bin/ceph: stderr
2024-04-24T23:19:43.699+0000 7f95637fe700 1 -- 172.21.15.80:0/1188761350 <== mon.0 v2:172.21.15.80:3300/0 2 ==== config(27 keys) ==== 1109+0+0 (secure 0 0 0) 0x7f9568003cc0 con 0x7f9574108660
2024-04-24T23:19:44.433 INFO:teuthology.orchestra.run.smithi080.stdout:/usr/bin/ceph: stderr
2024-04-24T23:19:43.699+0000 7f95637fe700 1 -- 172.21.15.80:0/1188761350 <== mon.0 v2:172.21.15.80:3300/0 3 ==== mon_map magic: 0 ==== 205+0+0 (secure 0 0 0) 0x7f9568024840 con 0x7f9574108660
2024-04-24T23:19:44.433 INFO:teuthology.orchestra.run.smithi080.stdout:/usr/bin/ceph: stderr
2024-04-24T23:19:43.699+0000 7f9578b23700 1 -- 172.21.15.80:0/1188761350 --> [v2:172.21.15.80:3300/0,v1:172.21.15.80:6789/0] -- mon_subscribe({osdmap=0}) -- 0x7f957419f120 con 0x7f9574108660
2024-04-24T23:19:44.433 INFO:teuthology.orchestra.run.smithi080.stdout:/usr/bin/ceph: stderr
2024-04-24T23:19:43.699+0000 7f95637fe700 1 -- 172.21.15.80:0/1188761350 <== mon.0 v2:172.21.15.80:3300/0 4 ==== mgrmap(e 8) ==== 46287+0+0 (secure 0 0 0) 0x7f9568022020 con 0x7f9574108660
2024-04-24T23:19:44.433 INFO:teuthology.orchestra.run.smithi080.stdout:/usr/bin/ceph: stderr
2024-04-24T23:19:43.699+0000 7f9578b23700 1 -- 172.21.15.80:0/1188761350 --> [v2:172.21.15.80:3300/0,v1:172.21.15.80:6789/0] -- mon_command({"prefix": "get_command_descriptions"} v 0) -- 0x7f9574063890 con 0x7f9574108660
2024-04-24T23:19:44.433 INFO:teuthology.orchestra.run.smithi080.stdout:/usr/bin/ceph: stderr
2024-04-24T23:19:43.700+0000 7f95637fe700 1 --2- 172.21.15.80:0/1188761350 >> [v2:172.21.15.80:6800/233364790,v1:172.21.15.80:6801/233364790] conn(0x7f955c039050 0x7f955c03b510 unknown :-1 s=NONE pgs=0 cs=0 l=1 rev1=0 crypto rx=0 tx=0 comp rx=0 tx=0).connect
2024-04-24T23:19:44.433 INFO:teuthology.orchestra.run.smithi080.stdout:/usr/bin/ceph: stderr
2024-04-24T23:19:43.700+0000 7f95637fe700 1 -- 172.21.15.80:0/1188761350 <== mon.0 v2:172.21.15.80:3300/0 5 ==== osd_map(2..2 src has 1..2) ==== 940+0+0 (secure 0 0 0) 0x7f9568011e00 con 0x7f9574108660
2024-04-24T23:19:44.434 INFO:teuthology.orchestra.run.smithi080.stdout:/usr/bin/ceph: stderr
2024-04-24T23:19:43.700+0000 7f9571d9b700 1 --2- 172.21.15.80:0/1188761350 >> [v2:172.21.15.80:6800/233364790,v1:172.21.15.80:6801/233364790] conn(0x7f955c039050 0x7f955c03b510 unknown :-1 s=BANNER_CONNECTING pgs=0 cs=0 l=1 rev1=0 crypto rx=0 tx=0 comp rx=0 tx=0)._handle_peer_banner_payload supported=3 required=0
2024-04-24T23:19:44.434 INFO:teuthology.orchestra.run.smithi080.stdout:/usr/bin/ceph: stderr
2024-04-24T23:19:43.700+0000 7f9571d9b700 1 --2- 172.21.15.80:0/1188761350 >> [v2:172.21.15.80:6800/233364790,v1:172.21.15.80:6801/233364790] conn(0x7f955c039050 0x7f955c03b510 secure :-1 s=READY pgs=8 cs=0 l=1 rev1=1 crypto rx=0x7f9564006fd0 tx=0x7f9564006e40 comp rx=0 tx=0).ready entity=mgr.14120 client_cookie=0 server_cookie=0 in_seq=0 out_seq=0
2024-04-24T23:19:44.434 INFO:teuthology.orchestra.run.smithi080.stdout:/usr/bin/ceph: stderr
2024-04-24T23:19:43.705+0000 7f95637fe700 1 -- 172.21.15.80:0/1188761350 <== mon.0 v2:172.21.15.80:3300/0 6 ==== mon_command_ack([{"prefix": "get_command_descriptions"}]=0 v0) ==== 72+0+186147 (secure 0 0 0) 0x7f95680172b0 con 0x7f9574108660
2024-04-24T23:19:44.434 INFO:teuthology.orchestra.run.smithi080.stdout:/usr/bin/ceph: stderr
2024-04-24T23:19:43.902+0000 7f9578b23700 1 -- 172.21.15.80:0/1188761350 --> [v2:172.21.15.80:6800/233364790,v1:172.21.15.80:6801/233364790] -- mgr_command(tid 0: {"prefix": "cephadm set-user", "user": "root", "target": ["mon-mgr", ""]}) -- 0x7f95741032b0 con 0x7f955c039050
2024-04-24T23:19:44.434 INFO:teuthology.orchestra.run.smithi080.stdout:/usr/bin/ceph: stderr
2024-04-24T23:19:43.903+0000 7f95637fe700 1 -- 172.21.15.80:0/1188761350 <== mgr.14120 v2:172.21.15.80:6800/233364790 1 ==== mgr_command_reply(tid 0: 0 ) ==== 8+0+16 (secure 0 0 0) 0x7f95741032b0 con 0x7f955c039050
2024-04-24T23:19:44.434 INFO:teuthology.orchestra.run.smithi080.stdout:/usr/bin/ceph: stderr
2024-04-24T23:19:43.906+0000 7f9578b23700 1 -- 172.21.15.80:0/1188761350 >> [v2:172.21.15.80:6800/233364790,v1:172.21.15.80:6801/233364790] conn(0x7f955c039050 msgr2=0x7f955c03b510 secure :-1 s=STATE_CONNECTION_ESTABLISHED l=1).mark_down
2024-04-24T23:19:44.434 INFO:teuthology.orchestra.run.smithi080.stdout:/usr/bin/ceph: stderr
2024-04-24T23:19:43.906+0000 7f9578b23700 1 --2- 172.21.15.80:0/1188761350 >> [v2:172.21.15.80:6800/233364790,v1:172.21.15.80:6801/233364790] conn(0x7f955c039050 0x7f955c03b510 secure :-1 s=READY pgs=8 cs=0 l=1 rev1=1 crypto rx=0x7f9564006fd0 tx=0x7f9564006e40 comp rx=0 tx=0).stop
2024-04-24T23:19:44.434 INFO:teuthology.orchestra.run.smithi080.stdout:/usr/bin/ceph: stderr
2024-04-24T23:19:43.906+0000 7f9578b23700 1 -- 172.21.15.80:0/1188761350 >> [v2:172.21.15.80:3300/0,v1:172.21.15.80:6789/0] conn(0x7f9574108660 msgr2=0x7f957419bc60 secure :-1 s=STATE_CONNECTION_ESTABLISHED l=1).mark_down
2024-04-24T23:19:44.434 INFO:teuthology.orchestra.run.smithi080.stdout:/usr/bin/ceph: stderr
2024-04-24T23:19:43.906+0000 7f9578b23700 1 --2- 172.21.15.80:0/1188761350 >> [v2:172.21.15.80:3300/0,v1:172.21.15.80:6789/0] conn(0x7f9574108660 0x7f957419bc60 secure :-1 s=READY pgs=40 cs=0 l=1 rev1=1 crypto rx=0x7f9568011b60 tx=0x7f9568011c40 comp rx=0 tx=0).stop
2024-04-24T23:19:44.434 INFO:teuthology.orchestra.run.smithi080.stdout:/usr/bin/ceph: stderr
2024-04-24T23:19:43.906+0000 7f9578b23700 1 -- 172.21.15.80:0/1188761350 shutdown_connections
2024-04-24T23:19:44.434 INFO:teuthology.orchestra.run.smithi080.stdout:/usr/bin/ceph: stderr
2024-04-24T23:19:43.906+0000 7f9578b23700 1 --2- 172.21.15.80:0/1188761350 >> [v2:172.21.15.80:6800/233364790,v1:172.21.15.80:6801/233364790] conn(0x7f955c039050 0x7f955c03b510 unknown :-1 s=CLOSED pgs=8 cs=0 l=1 rev1=1 crypto rx=0 tx=0 comp rx=0 tx=0).stop
2024-04-24T23:19:44.434 INFO:teuthology.orchestra.run.smithi080.stdout:/usr/bin/ceph: stderr
2024-04-24T23:19:43.906+0000 7f9578b23700 1 --2- 172.21.15.80:0/1188761350 >> [v2:172.21.15.80:3300/0,v1:172.21.15.80:6789/0] conn(0x7f9574108660 0x7f957419bc60 unknown :-1 s=CLOSED pgs=40 cs=0 l=1 rev1=1 crypto rx=0 tx=0 comp rx=0 tx=0).stop
2024-04-24T23:19:44.434 INFO:teuthology.orchestra.run.smithi080.stdout:/usr/bin/ceph: stderr
2024-04-24T23:19:43.906+0000 7f9578b23700 1 -- 172.21.15.80:0/1188761350 >> 172.21.15.80:0/1188761350 conn(0x7f9574102090 msgr2=0x7f9574102ba0 unknown :-1 s=STATE_NONE l=0).mark_down
2024-04-24T23:19:44.435 INFO:teuthology.orchestra.run.smithi080.stdout:/usr/bin/ceph: stderr
2024-04-24T23:19:43.906+0000 7f9578b23700 1 -- 172.21.15.80:0/1188761350 shutdown_connections
2024-04-24T23:19:44.435 INFO:teuthology.orchestra.run.smithi080.stdout:/usr/bin/ceph: stderr
2024-04-24T23:19:43.906+0000 7f9578b23700 1 -- 172.21.15.80:0/1188761350 wait complete.
2024-04-24T23:19:44.435 INFO:teuthology.orchestra.run.smithi080.stdout:Generating ssh key...
2024-04-24T23:19:45.084 INFO:journalctl@ceph.mon.a.smithi080.stdout:Apr 24 23:19:44 smithi080 ceph-mon[29152]: from='client.14134 -' entity='client.admin' cmd=[{"prefix": "cephadm set-user", "user": "root", "target": ["mon-mgr", ""]}]: dispatch
2024-04-24T23:19:45.670 INFO:journalctl@ceph.mgr.x.smithi080.stdout:Apr 24 23:19:45 smithi080 ceph-ec7885aa-0290-11ef-bc93-c7b262605968-mgr-x[29381]: Generating public/private rsa key pair.
2024-04-24T23:19:45.670 INFO:journalctl@ceph.mgr.x.smithi080.stdout:Apr 24 23:19:45 smithi080 ceph-ec7885aa-0290-11ef-bc93-c7b262605968-mgr-x[29381]: Your identification has been saved in /tmp/tmpzro1ximq/key.
2024-04-24T23:19:45.670 INFO:journalctl@ceph.mgr.x.smithi080.stdout:Apr 24 23:19:45 smithi080 ceph-ec7885aa-0290-11ef-bc93-c7b262605968-mgr-x[29381]: Your public key has been saved in /tmp/tmpzro1ximq/key.pub.
2024-04-24T23:19:45.670 INFO:journalctl@ceph.mgr.x.smithi080.stdout:Apr 24 23:19:45 smithi080 ceph-ec7885aa-0290-11ef-bc93-c7b262605968-mgr-x[29381]: The key fingerprint is:
2024-04-24T23:19:45.670 INFO:journalctl@ceph.mgr.x.smithi080.stdout:Apr 24 23:19:45 smithi080 ceph-ec7885aa-0290-11ef-bc93-c7b262605968-mgr-x[29381]: SHA256:aKMdmG5ejE8t08bqPgMMN0YxAlZQYxno1PxaaS6xskA ceph-ec7885aa-0290-11ef-bc93-c7b262605968
2024-04-24T23:19:45.670 INFO:journalctl@ceph.mgr.x.smithi080.stdout:Apr 24 23:19:45 smithi080 ceph-ec7885aa-0290-11ef-bc93-c7b262605968-mgr-x[29381]: The key's randomart image is:
2024-04-24T23:19:45.671 INFO:journalctl@ceph.mgr.x.smithi080.stdout:Apr 24 23:19:45 smithi080 ceph-ec7885aa-0290-11ef-bc93-c7b262605968-mgr-x[29381]: +---[RSA 3072]----+
2024-04-24T23:19:45.671 INFO:journalctl@ceph.mgr.x.smithi080.stdout:Apr 24 23:19:45 smithi080 ceph-ec7885aa-0290-11ef-bc93-c7b262605968-mgr-x[29381]: |.+O*=. |
2024-04-24T23:19:45.671 INFO:journalctl@ceph.mgr.x.smithi080.stdout:Apr 24 23:19:45 smithi080 ceph-ec7885aa-0290-11ef-bc93-c7b262605968-mgr-x[29381]: |.o.=o. |
2024-04-24T23:19:45.671 INFO:journalctl@ceph.mgr.x.smithi080.stdout:Apr 24 23:19:45 smithi080 ceph-ec7885aa-0290-11ef-bc93-c7b262605968-mgr-x[29381]: |o .. . |
2024-04-24T23:19:45.671 INFO:journalctl@ceph.mgr.x.smithi080.stdout:Apr 24 23:19:45 smithi080 ceph-ec7885aa-0290-11ef-bc93-c7b262605968-mgr-x[29381]: | E..+B . |
2024-04-24T23:19:45.671 INFO:journalctl@ceph.mgr.x.smithi080.stdout:Apr 24 23:19:45 smithi080 ceph-ec7885aa-0290-11ef-bc93-c7b262605968-mgr-x[29381]: |. =X.= S |
2024-04-24T23:19:45.671 INFO:journalctl@ceph.mgr.x.smithi080.stdout:Apr 24 23:19:45 smithi080 ceph-ec7885aa-0290-11ef-bc93-c7b262605968-mgr-x[29381]: |.. =oB * |
2024-04-24T23:19:45.671 INFO:journalctl@ceph.mgr.x.smithi080.stdout:Apr 24 23:19:45 smithi080 ceph-ec7885aa-0290-11ef-bc93-c7b262605968-mgr-x[29381]: |. o *.B = |
2024-04-24T23:19:45.671 INFO:journalctl@ceph.mgr.x.smithi080.stdout:Apr 24 23:19:45 smithi080 ceph-ec7885aa-0290-11ef-bc93-c7b262605968-mgr-x[29381]: | . o +o= |
2024-04-24T23:19:45.671 INFO:journalctl@ceph.mgr.x.smithi080.stdout:Apr 24 23:19:45 smithi080 ceph-ec7885aa-0290-11ef-bc93-c7b262605968-mgr-x[29381]: | .o=o |
2024-04-24T23:19:45.671 INFO:journalctl@ceph.mgr.x.smithi080.stdout:Apr 24 23:19:45 smithi080 ceph-ec7885aa-0290-11ef-bc93-c7b262605968-mgr-x[29381]: +----[SHA256]-----+
2024-04-24T23:19:45.913 INFO:teuthology.orchestra.run.smithi080.stdout:/usr/bin/ceph: stderr
2024-04-24T23:19:44.876+0000 7f0a96a17700 1 Processor -- start
2024-04-24T23:19:45.913 INFO:teuthology.orchestra.run.smithi080.stdout:/usr/bin/ceph: stderr
2024-04-24T23:19:44.876+0000 7f0a96a17700 1 -- start start
2024-04-24T23:19:45.913 INFO:teuthology.orchestra.run.smithi080.stdout:/usr/bin/ceph: stderr
2024-04-24T23:19:44.876+0000 7f0a96a17700 1 --2- >> [v2:172.21.15.80:3300/0,v1:172.21.15.80:6789/0] conn(0x7f0a90106200 0x7f0a90106620 unknown :-1 s=NONE pgs=0 cs=0 l=0 rev1=0 crypto rx=0 tx=0 comp rx=0 tx=0).connect
2024-04-24T23:19:45.913 INFO:teuthology.orchestra.run.smithi080.stdout:/usr/bin/ceph: stderr
2024-04-24T23:19:44.876+0000 7f0a96a17700 1 -- --> [v2:172.21.15.80:3300/0,v1:172.21.15.80:6789/0] -- mon_getmap magic: 0 -- 0x7f0a90106bf0 con 0x7f0a90106200
2024-04-24T23:19:45.913 INFO:teuthology.orchestra.run.smithi080.stdout:/usr/bin/ceph: stderr
2024-04-24T23:19:44.876+0000 7f0a8ffff700 1 --2- >> [v2:172.21.15.80:3300/0,v1:172.21.15.80:6789/0] conn(0x7f0a90106200 0x7f0a90106620 unknown :-1 s=BANNER_CONNECTING pgs=0 cs=0 l=0 rev1=0 crypto rx=0 tx=0 comp rx=0 tx=0)._handle_peer_banner_payload supported=3 required=0
2024-04-24T23:19:45.913 INFO:teuthology.orchestra.run.smithi080.stdout:/usr/bin/ceph: stderr
2024-04-24T23:19:44.876+0000 7f0a8ffff700 1 --2- >> [v2:172.21.15.80:3300/0,v1:172.21.15.80:6789/0] conn(0x7f0a90106200 0x7f0a90106620 unknown :-1 s=HELLO_CONNECTING pgs=0 cs=0 l=0 rev1=1 crypto rx=0 tx=0 comp rx=0 tx=0).handle_hello peer v2:172.21.15.80:3300/0 says I am v2:172.21.15.80:43320/0 (socket says 172.21.15.80:43320)
2024-04-24T23:19:45.914 INFO:teuthology.orchestra.run.smithi080.stdout:/usr/bin/ceph: stderr
2024-04-24T23:19:44.876+0000 7f0a8ffff700 1 -- 172.21.15.80:0/852651555 learned_addr learned my addr 172.21.15.80:0/852651555 (peer_addr_for_me v2:172.21.15.80:0/0)
2024-04-24T23:19:45.914 INFO:teuthology.orchestra.run.smithi080.stdout:/usr/bin/ceph: stderr
2024-04-24T23:19:44.876+0000 7f0a8ffff700 1 -- 172.21.15.80:0/852651555 --> [v2:172.21.15.80:3300/0,v1:172.21.15.80:6789/0] -- mon_subscribe({config=0+,monmap=0+}) -- 0x7f0a90107400 con 0x7f0a90106200
2024-04-24T23:19:45.914 INFO:teuthology.orchestra.run.smithi080.stdout:/usr/bin/ceph: stderr
2024-04-24T23:19:44.877+0000 7f0a8ffff700 1 --2- 172.21.15.80:0/852651555 >> [v2:172.21.15.80:3300/0,v1:172.21.15.80:6789/0] conn(0x7f0a90106200 0x7f0a90106620 secure :-1 s=READY pgs=41 cs=0 l=1 rev1=1 crypto rx=0x7f0a8000aa40 tx=0x7f0a8000ad50 comp rx=0 tx=0).ready entity=mon.0 client_cookie=f20c65c94faf532a server_cookie=0 in_seq=0 out_seq=0
2024-04-24T23:19:45.914 INFO:teuthology.orchestra.run.smithi080.stdout:/usr/bin/ceph: stderr
2024-04-24T23:19:44.877+0000 7f0a8effd700 1 -- 172.21.15.80:0/852651555 <== mon.0 v2:172.21.15.80:3300/0 1 ==== mon_map magic: 0 ==== 205+0+0 (secure 0 0 0) 0x7f0a8000b040 con 0x7f0a90106200
2024-04-24T23:19:45.914 INFO:teuthology.orchestra.run.smithi080.stdout:/usr/bin/ceph: stderr
2024-04-24T23:19:44.877+0000 7f0a8effd700 1 -- 172.21.15.80:0/852651555 <== mon.0 v2:172.21.15.80:3300/0 2 ==== config(27 keys) ==== 1109+0+0 (secure 0 0 0) 0x7f0a8000c8f0 con 0x7f0a90106200
2024-04-24T23:19:45.914 INFO:teuthology.orchestra.run.smithi080.stdout:/usr/bin/ceph: stderr
2024-04-24T23:19:44.877+0000 7f0a8effd700 1 -- 172.21.15.80:0/852651555 <== mon.0 v2:172.21.15.80:3300/0 3 ==== mon_map magic: 0 ==== 205+0+0 (secure 0 0 0) 0x7f0a80003c10 con 0x7f0a90106200
2024-04-24T23:19:45.914 INFO:teuthology.orchestra.run.smithi080.stdout:/usr/bin/ceph: stderr
2024-04-24T23:19:44.877+0000 7f0a96a17700 1 -- 172.21.15.80:0/852651555 >> [v2:172.21.15.80:3300/0,v1:172.21.15.80:6789/0] conn(0x7f0a90106200 msgr2=0x7f0a90106620 secure :-1 s=STATE_CONNECTION_ESTABLISHED l=1).mark_down
2024-04-24T23:19:45.914 INFO:teuthology.orchestra.run.smithi080.stdout:/usr/bin/ceph: stderr
2024-04-24T23:19:44.877+0000 7f0a96a17700 1 --2- 172.21.15.80:0/852651555 >> [v2:172.21.15.80:3300/0,v1:172.21.15.80:6789/0] conn(0x7f0a90106200 0x7f0a90106620 secure :-1 s=READY pgs=41 cs=0 l=1 rev1=1 crypto rx=0x7f0a8000aa40 tx=0x7f0a8000ad50 comp rx=0 tx=0).stop
2024-04-24T23:19:45.914 INFO:teuthology.orchestra.run.smithi080.stdout:/usr/bin/ceph: stderr
2024-04-24T23:19:44.877+0000 7f0a96a17700 1 -- 172.21.15.80:0/852651555 shutdown_connections
2024-04-24T23:19:45.914 INFO:teuthology.orchestra.run.smithi080.stdout:/usr/bin/ceph: stderr
2024-04-24T23:19:44.877+0000 7f0a96a17700 1 --2- 172.21.15.80:0/852651555 >> [v2:172.21.15.80:3300/0,v1:172.21.15.80:6789/0] conn(0x7f0a90106200 0x7f0a90106620 unknown :-1 s=CLOSED pgs=41 cs=0 l=1 rev1=1 crypto rx=0 tx=0 comp rx=0 tx=0).stop
2024-04-24T23:19:45.914 INFO:teuthology.orchestra.run.smithi080.stdout:/usr/bin/ceph: stderr
2024-04-24T23:19:44.877+0000 7f0a96a17700 1 -- 172.21.15.80:0/852651555 >> 172.21.15.80:0/852651555 conn(0x7f0a90101780 msgr2=0x7f0a90103be0 unknown :-1 s=STATE_NONE l=0).mark_down
2024-04-24T23:19:45.914 INFO:teuthology.orchestra.run.smithi080.stdout:/usr/bin/ceph: stderr
2024-04-24T23:19:44.877+0000 7f0a96a17700 1 -- 172.21.15.80:0/852651555 shutdown_connections
2024-04-24T23:19:45.914 INFO:teuthology.orchestra.run.smithi080.stdout:/usr/bin/ceph: stderr
2024-04-24T23:19:44.877+0000 7f0a96a17700 1 -- 172.21.15.80:0/852651555 wait complete.
2024-04-24T23:19:45.914 INFO:teuthology.orchestra.run.smithi080.stdout:/usr/bin/ceph: stderr
2024-04-24T23:19:44.878+0000 7f0a96a17700 1 Processor -- start
2024-04-24T23:19:45.915 INFO:teuthology.orchestra.run.smithi080.stdout:/usr/bin/ceph: stderr
2024-04-24T23:19:44.878+0000 7f0a96a17700 1 -- start start
2024-04-24T23:19:45.915 INFO:teuthology.orchestra.run.smithi080.stdout:/usr/bin/ceph: stderr
2024-04-24T23:19:44.878+0000 7f0a96a17700 1 --2- >> [v2:172.21.15.80:3300/0,v1:172.21.15.80:6789/0] conn(0x7f0a90106200 0x7f0a9019bae0 unknown :-1 s=NONE pgs=0 cs=0 l=1 rev1=0 crypto rx=0 tx=0 comp rx=0 tx=0).connect
2024-04-24T23:19:45.915 INFO:teuthology.orchestra.run.smithi080.stdout:/usr/bin/ceph: stderr
2024-04-24T23:19:44.878+0000 7f0a96a17700 1 -- --> [v2:172.21.15.80:3300/0,v1:172.21.15.80:6789/0] -- mon_getmap magic: 0 -- 0x7f0a90107b80 con 0x7f0a90106200
2024-04-24T23:19:45.915 INFO:teuthology.orchestra.run.smithi080.stdout:/usr/bin/ceph: stderr
