2024-04-24T23:19:29.040 INFO:journalctl@ceph.mon.a.smithi080.stdout:Apr 24 23:19:28 smithi080 ceph-mon[29152]: from='mgr.14100 172.21.15.80:0/712979829' entity='mgr.x' cmd=[{"prefix":"config rm","who":"mgr","name":"mgr/rbd_support/x/trash_purge_schedule"}]: dispatch
2024-04-24T23:19:29.040 INFO:journalctl@ceph.mon.a.smithi080.stdout:Apr 24 23:19:28 smithi080 ceph-mon[29152]: from='mgr.14100 172.21.15.80:0/712979829' entity='mgr.x'
2024-04-24T23:19:29.040 INFO:journalctl@ceph.mon.a.smithi080.stdout:Apr 24 23:19:28 smithi080 ceph-mon[29152]: from='mgr.14100 172.21.15.80:0/712979829' entity='mgr.x'
2024-04-24T23:19:30.039 INFO:journalctl@ceph.mon.a.smithi080.stdout:Apr 24 23:19:29 smithi080 ceph-mon[29152]: mgrmap e3: x(active, since 1.00677s)
2024-04-24T23:19:30.902 INFO:journalctl@ceph.mon.a.smithi080.stdout:Apr 24 23:19:30 smithi080 ceph-mon[29152]: mgrmap e4: x(active, since 2s)
2024-04-24T23:19:31.553 INFO:teuthology.orchestra.run.smithi080.stdout:/usr/bin/ceph: stdout
2024-04-24T23:19:31.553 INFO:teuthology.orchestra.run.smithi080.stdout:/usr/bin/ceph: stdout {
2024-04-24T23:19:31.553 INFO:teuthology.orchestra.run.smithi080.stdout:/usr/bin/ceph: stdout "fsid": "ec7885aa-0290-11ef-bc93-c7b262605968",
2024-04-24T23:19:31.553 INFO:teuthology.orchestra.run.smithi080.stdout:/usr/bin/ceph: stdout "health": {
2024-04-24T23:19:31.554 INFO:teuthology.orchestra.run.smithi080.stdout:/usr/bin/ceph: stdout "status": "HEALTH_OK",
2024-04-24T23:19:31.554 INFO:teuthology.orchestra.run.smithi080.stdout:/usr/bin/ceph: stdout "checks": {},
2024-04-24T23:19:31.554 INFO:teuthology.orchestra.run.smithi080.stdout:/usr/bin/ceph: stdout "mutes": []
2024-04-24T23:19:31.554 INFO:teuthology.orchestra.run.smithi080.stdout:/usr/bin/ceph: stdout },
2024-04-24T23:19:31.554 INFO:teuthology.orchestra.run.smithi080.stdout:/usr/bin/ceph: stdout "election_epoch": 5,
2024-04-24T23:19:31.554 INFO:teuthology.orchestra.run.smithi080.stdout:/usr/bin/ceph: stdout "quorum": [
2024-04-24T23:19:31.554 INFO:teuthology.orchestra.run.smithi080.stdout:/usr/bin/ceph: stdout 0
2024-04-24T23:19:31.554 INFO:teuthology.orchestra.run.smithi080.stdout:/usr/bin/ceph: stdout ],
2024-04-24T23:19:31.554 INFO:teuthology.orchestra.run.smithi080.stdout:/usr/bin/ceph: stdout "quorum_names": [
2024-04-24T23:19:31.555 INFO:teuthology.orchestra.run.smithi080.stdout:/usr/bin/ceph: stdout "a"
2024-04-24T23:19:31.555 INFO:teuthology.orchestra.run.smithi080.stdout:/usr/bin/ceph: stdout ],
2024-04-24T23:19:31.555 INFO:teuthology.orchestra.run.smithi080.stdout:/usr/bin/ceph: stdout "quorum_age": 12,
2024-04-24T23:19:31.555 INFO:teuthology.orchestra.run.smithi080.stdout:/usr/bin/ceph: stdout "monmap": {
2024-04-24T23:19:31.555 INFO:teuthology.orchestra.run.smithi080.stdout:/usr/bin/ceph: stdout "epoch": 1,
2024-04-24T23:19:31.555 INFO:teuthology.orchestra.run.smithi080.stdout:/usr/bin/ceph: stdout "min_mon_release_name": "squid",
2024-04-24T23:19:31.555 INFO:teuthology.orchestra.run.smithi080.stdout:/usr/bin/ceph: stdout "num_mons": 1
2024-04-24T23:19:31.555 INFO:teuthology.orchestra.run.smithi080.stdout:/usr/bin/ceph: stdout },
2024-04-24T23:19:31.556 INFO:teuthology.orchestra.run.smithi080.stdout:/usr/bin/ceph: stdout "osdmap": {
2024-04-24T23:19:31.556 INFO:teuthology.orchestra.run.smithi080.stdout:/usr/bin/ceph: stdout "epoch": 1,
2024-04-24T23:19:31.556 INFO:teuthology.orchestra.run.smithi080.stdout:/usr/bin/ceph: stdout "num_osds": 0,
2024-04-24T23:19:31.556 INFO:teuthology.orchestra.run.smithi080.stdout:/usr/bin/ceph: stdout "num_up_osds": 0,
2024-04-24T23:19:31.556 INFO:teuthology.orchestra.run.smithi080.stdout:/usr/bin/ceph: stdout "osd_up_since": 0,
2024-04-24T23:19:31.556 INFO:teuthology.orchestra.run.smithi080.stdout:/usr/bin/ceph: stdout "num_in_osds": 0,
2024-04-24T23:19:31.556 INFO:teuthology.orchestra.run.smithi080.stdout:/usr/bin/ceph: stdout "osd_in_since": 0,
2024-04-24T23:19:31.556 INFO:teuthology.orchestra.run.smithi080.stdout:/usr/bin/ceph: stdout "num_remapped_pgs": 0
2024-04-24T23:19:31.556 INFO:teuthology.orchestra.run.smithi080.stdout:/usr/bin/ceph: stdout },
2024-04-24T23:19:31.556 INFO:teuthology.orchestra.run.smithi080.stdout:/usr/bin/ceph: stdout "pgmap": {
2024-04-24T23:19:31.556 INFO:teuthology.orchestra.run.smithi080.stdout:/usr/bin/ceph: stdout "pgs_by_state": [],
2024-04-24T23:19:31.557 INFO:teuthology.orchestra.run.smithi080.stdout:/usr/bin/ceph: stdout "num_pgs": 0,
2024-04-24T23:19:31.557 INFO:teuthology.orchestra.run.smithi080.stdout:/usr/bin/ceph: stdout "num_pools": 0,
2024-04-24T23:19:31.557 INFO:teuthology.orchestra.run.smithi080.stdout:/usr/bin/ceph: stdout "num_objects": 0,
2024-04-24T23:19:31.557 INFO:teuthology.orchestra.run.smithi080.stdout:/usr/bin/ceph: stdout "data_bytes": 0,
2024-04-24T23:19:31.557 INFO:teuthology.orchestra.run.smithi080.stdout:/usr/bin/ceph: stdout "bytes_used": 0,
2024-04-24T23:19:31.557 INFO:teuthology.orchestra.run.smithi080.stdout:/usr/bin/ceph: stdout "bytes_avail": 0,
2024-04-24T23:19:31.557 INFO:teuthology.orchestra.run.smithi080.stdout:/usr/bin/ceph: stdout "bytes_total": 0
2024-04-24T23:19:31.557 INFO:teuthology.orchestra.run.smithi080.stdout:/usr/bin/ceph: stdout },
2024-04-24T23:19:31.557 INFO:teuthology.orchestra.run.smithi080.stdout:/usr/bin/ceph: stdout "fsmap": {
2024-04-24T23:19:31.557 INFO:teuthology.orchestra.run.smithi080.stdout:/usr/bin/ceph: stdout "epoch": 1,
2024-04-24T23:19:31.557 INFO:teuthology.orchestra.run.smithi080.stdout:/usr/bin/ceph: stdout "by_rank": [],
2024-04-24T23:19:31.558 INFO:teuthology.orchestra.run.smithi080.stdout:/usr/bin/ceph: stdout "up:standby": 0
2024-04-24T23:19:31.558 INFO:teuthology.orchestra.run.smithi080.stdout:/usr/bin/ceph: stdout },
2024-04-24T23:19:31.558 INFO:teuthology.orchestra.run.smithi080.stdout:/usr/bin/ceph: stdout "mgrmap": {
2024-04-24T23:19:31.558 INFO:teuthology.orchestra.run.smithi080.stdout:/usr/bin/ceph: stdout "available": true,
2024-04-24T23:19:31.558 INFO:teuthology.orchestra.run.smithi080.stdout:/usr/bin/ceph: stdout "num_standbys": 0,
2024-04-24T23:19:31.558 INFO:teuthology.orchestra.run.smithi080.stdout:/usr/bin/ceph: stdout "modules": [
2024-04-24T23:19:31.558 INFO:teuthology.orchestra.run.smithi080.stdout:/usr/bin/ceph: stdout "iostat",
2024-04-24T23:19:31.558 INFO:teuthology.orchestra.run.smithi080.stdout:/usr/bin/ceph: stdout "nfs",
2024-04-24T23:19:31.558 INFO:teuthology.orchestra.run.smithi080.stdout:/usr/bin/ceph: stdout "restful"
2024-04-24T23:19:31.558 INFO:teuthology.orchestra.run.smithi080.stdout:/usr/bin/ceph: stdout ],
2024-04-24T23:19:31.558 INFO:teuthology.orchestra.run.smithi080.stdout:/usr/bin/ceph: stdout "services": {}
2024-04-24T23:19:31.559 INFO:teuthology.orchestra.run.smithi080.stdout:/usr/bin/ceph: stdout },
2024-04-24T23:19:31.559 INFO:teuthology.orchestra.run.smithi080.stdout:/usr/bin/ceph: stdout "servicemap": {
2024-04-24T23:19:31.559 INFO:teuthology.orchestra.run.smithi080.stdout:/usr/bin/ceph: stdout "epoch": 1,
2024-04-24T23:19:31.559 INFO:teuthology.orchestra.run.smithi080.stdout:/usr/bin/ceph: stdout "modified": "2024-04-24T23:19:05.586911+0000",
2024-04-24T23:19:31.559 INFO:teuthology.orchestra.run.smithi080.stdout:/usr/bin/ceph: stdout "services": {}
2024-04-24T23:19:31.559 INFO:teuthology.orchestra.run.smithi080.stdout:/usr/bin/ceph: stdout },
2024-04-24T23:19:31.559 INFO:teuthology.orchestra.run.smithi080.stdout:/usr/bin/ceph: stdout "progress_events": {}
2024-04-24T23:19:31.559 INFO:teuthology.orchestra.run.smithi080.stdout:/usr/bin/ceph: stdout }
2024-04-24T23:19:31.559 INFO:teuthology.orchestra.run.smithi080.stdout:/usr/bin/ceph: stderr
2024-04-24T23:19:30.617+0000 7f8438832700 1 Processor -- start
2024-04-24T23:19:31.559 INFO:teuthology.orchestra.run.smithi080.stdout:/usr/bin/ceph: stderr
2024-04-24T23:19:30.617+0000 7f8438832700 1 -- start start
2024-04-24T23:19:31.559 INFO:teuthology.orchestra.run.smithi080.stdout:/usr/bin/ceph: stderr
2024-04-24T23:19:30.617+0000 7f8438832700 1 --2- >> [v2:172.21.15.80:3300/0,v1:172.21.15.80:6789/0] conn(0x7f8434108690 0x7f843410aa80 unknown :-1 s=NONE pgs=0 cs=0 l=0 rev1=0 crypto rx=0 tx=0 comp rx=0 tx=0).connect
2024-04-24T23:19:31.560 INFO:teuthology.orchestra.run.smithi080.stdout:/usr/bin/ceph: stderr
2024-04-24T23:19:30.617+0000 7f8438832700 1 -- --> [v2:172.21.15.80:3300/0,v1:172.21.15.80:6789/0] -- mon_getmap magic: 0 -- 0x7f843407bda0 con 0x7f8434108690
2024-04-24T23:19:31.560 INFO:teuthology.orchestra.run.smithi080.stdout:/usr/bin/ceph: stderr
2024-04-24T23:19:30.617+0000 7f843259c700 1 --2- >> [v2:172.21.15.80:3300/0,v1:172.21.15.80:6789/0] conn(0x7f8434108690 0x7f843410aa80 unknown :-1 s=BANNER_CONNECTING pgs=0 cs=0 l=0 rev1=0 crypto rx=0 tx=0 comp rx=0 tx=0)._handle_peer_banner_payload supported=3 required=0
2024-04-24T23:19:31.560 INFO:teuthology.orchestra.run.smithi080.stdout:/usr/bin/ceph: stderr
2024-04-24T23:19:30.617+0000 7f843259c700 1 --2- >> [v2:172.21.15.80:3300/0,v1:172.21.15.80:6789/0] conn(0x7f8434108690 0x7f843410aa80 unknown :-1 s=HELLO_CONNECTING pgs=0 cs=0 l=0 rev1=1 crypto rx=0 tx=0 comp rx=0 tx=0).handle_hello peer v2:172.21.15.80:3300/0 says I am v2:172.21.15.80:53318/0 (socket says 172.21.15.80:53318)
2024-04-24T23:19:31.560 INFO:teuthology.orchestra.run.smithi080.stdout:/usr/bin/ceph: stderr
2024-04-24T23:19:30.617+0000 7f843259c700 1 -- 172.21.15.80:0/2488796755 learned_addr learned my addr 172.21.15.80:0/2488796755 (peer_addr_for_me v2:172.21.15.80:0/0)
2024-04-24T23:19:31.560 INFO:teuthology.orchestra.run.smithi080.stdout:/usr/bin/ceph: stderr
2024-04-24T23:19:30.618+0000 7f843259c700 1 -- 172.21.15.80:0/2488796755 --> [v2:172.21.15.80:3300/0,v1:172.21.15.80:6789/0] -- mon_subscribe({config=0+,monmap=0+}) -- 0x7f843410afc0 con 0x7f8434108690
2024-04-24T23:19:31.560 INFO:teuthology.orchestra.run.smithi080.stdout:/usr/bin/ceph: stderr
2024-04-24T23:19:30.618+0000 7f843259c700 1 --2- 172.21.15.80:0/2488796755 >> [v2:172.21.15.80:3300/0,v1:172.21.15.80:6789/0] conn(0x7f8434108690 0x7f843410aa80 secure :-1 s=READY pgs=18 cs=0 l=1 rev1=1 crypto rx=0x7f84240098a0 tx=0x7f8424009bb0 comp rx=0 tx=0).ready entity=mon.0 client_cookie=4514c2359762d16c server_cookie=0 in_seq=0 out_seq=0
2024-04-24T23:19:31.560 INFO:teuthology.orchestra.run.smithi080.stdout:/usr/bin/ceph: stderr
2024-04-24T23:19:30.618+0000 7f8431d9b700 1 -- 172.21.15.80:0/2488796755 <== mon.0 v2:172.21.15.80:3300/0 1 ==== mon_map magic: 0 ==== 205+0+0 (secure 0 0 0) 0x7f8424004160 con 0x7f8434108690
2024-04-24T23:19:31.560 INFO:teuthology.orchestra.run.smithi080.stdout:/usr/bin/ceph: stderr
2024-04-24T23:19:30.618+0000 7f8431d9b700 1 -- 172.21.15.80:0/2488796755 <== mon.0 v2:172.21.15.80:3300/0 2 ==== config(27 keys) ==== 1109+0+0 (secure 0 0 0) 0x7f8424004300 con 0x7f8434108690
2024-04-24T23:19:31.560 INFO:teuthology.orchestra.run.smithi080.stdout:/usr/bin/ceph: stderr
2024-04-24T23:19:30.618+0000 7f8431d9b700 1 -- 172.21.15.80:0/2488796755 <== mon.0 v2:172.21.15.80:3300/0 3 ==== mon_map magic: 0 ==== 205+0+0 (secure 0 0 0) 0x7f8424011b50 con 0x7f8434108690
2024-04-24T23:19:31.560 INFO:teuthology.orchestra.run.smithi080.stdout:/usr/bin/ceph: stderr
2024-04-24T23:19:30.619+0000 7f8438832700 1 -- 172.21.15.80:0/2488796755 >> [v2:172.21.15.80:3300/0,v1:172.21.15.80:6789/0] conn(0x7f8434108690 msgr2=0x7f843410aa80 secure :-1 s=STATE_CONNECTION_ESTABLISHED l=1).mark_down
2024-04-24T23:19:31.560 INFO:teuthology.orchestra.run.smithi080.stdout:/usr/bin/ceph: stderr
2024-04-24T23:19:30.619+0000 7f8438832700 1 --2- 172.21.15.80:0/2488796755 >> [v2:172.21.15.80:3300/0,v1:172.21.15.80:6789/0] conn(0x7f8434108690 0x7f843410aa80 secure :-1 s=READY pgs=18 cs=0 l=1 rev1=1 crypto rx=0x7f84240098a0 tx=0x7f8424009bb0 comp rx=0 tx=0).stop
2024-04-24T23:19:31.561 INFO:teuthology.orchestra.run.smithi080.stdout:/usr/bin/ceph: stderr
2024-04-24T23:19:30.619+0000 7f8438832700 1 -- 172.21.15.80:0/2488796755 shutdown_connections
2024-04-24T23:19:31.561 INFO:teuthology.orchestra.run.smithi080.stdout:/usr/bin/ceph: stderr
2024-04-24T23:19:30.619+0000 7f8438832700 1 --2- 172.21.15.80:0/2488796755 >> [v2:172.21.15.80:3300/0,v1:172.21.15.80:6789/0] conn(0x7f8434108690 0x7f843410aa80 unknown :-1 s=CLOSED pgs=18 cs=0 l=1 rev1=1 crypto rx=0 tx=0 comp rx=0 tx=0).stop
2024-04-24T23:19:31.561 INFO:teuthology.orchestra.run.smithi080.stdout:/usr/bin/ceph: stderr
2024-04-24T23:19:30.619+0000 7f8438832700 1 -- 172.21.15.80:0/2488796755 >> 172.21.15.80:0/2488796755 conn(0x7f8434101fe0 msgr2=0x7f8434104460 unknown :-1 s=STATE_NONE l=0).mark_down
2024-04-24T23:19:31.561 INFO:teuthology.orchestra.run.smithi080.stdout:/usr/bin/ceph: stderr
2024-04-24T23:19:30.619+0000 7f8438832700 1 -- 172.21.15.80:0/2488796755 shutdown_connections
2024-04-24T23:19:31.561 INFO:teuthology.orchestra.run.smithi080.stdout:/usr/bin/ceph: stderr
2024-04-24T23:19:30.619+0000 7f8438832700 1 -- 172.21.15.80:0/2488796755 wait complete.
2024-04-24T23:19:31.561 INFO:teuthology.orchestra.run.smithi080.stdout:/usr/bin/ceph: stderr
2024-04-24T23:19:30.619+0000 7f8438832700 1 Processor -- start
2024-04-24T23:19:31.561 INFO:teuthology.orchestra.run.smithi080.stdout:/usr/bin/ceph: stderr
2024-04-24T23:19:30.620+0000 7f8438832700 1 -- start start
2024-04-24T23:19:31.561 INFO:teuthology.orchestra.run.smithi080.stdout:/usr/bin/ceph: stderr
2024-04-24T23:19:30.620+0000 7f8438832700 1 --2- >> [v2:172.21.15.80:3300/0,v1:172.21.15.80:6789/0] conn(0x7f8434108690 0x7f843419bb50 unknown :-1 s=NONE pgs=0 cs=0 l=1 rev1=0 crypto rx=0 tx=0 comp rx=0 tx=0).connect
2024-04-24T23:19:31.561 INFO:teuthology.orchestra.run.smithi080.stdout:/usr/bin/ceph: stderr
2024-04-24T23:19:30.620+0000 7f8438832700 1 -- --> [v2:172.21.15.80:3300/0,v1:172.21.15.80:6789/0] -- mon_getmap magic: 0 -- 0x7f843410bf80 con 0x7f8434108690
2024-04-24T23:19:31.561 INFO:teuthology.orchestra.run.smithi080.stdout:/usr/bin/ceph: stderr
2024-04-24T23:19:30.620+0000 7f843259c700 1 --2- >> [v2:172.21.15.80:3300/0,v1:172.21.15.80:6789/0] conn(0x7f8434108690 0x7f843419bb50 unknown :-1 s=BANNER_CONNECTING pgs=0 cs=0 l=1 rev1=0 crypto rx=0 tx=0 comp rx=0 tx=0)._handle_peer_banner_payload supported=3 required=0
2024-04-24T23:19:31.561 INFO:teuthology.orchestra.run.smithi080.stdout:/usr/bin/ceph: stderr
2024-04-24T23:19:30.620+0000 7f843259c700 1 --2- >> [v2:172.21.15.80:3300/0,v1:172.21.15.80:6789/0] conn(0x7f8434108690 0x7f843419bb50 unknown :-1 s=HELLO_CONNECTING pgs=0 cs=0 l=1 rev1=1 crypto rx=0 tx=0 comp rx=0 tx=0).handle_hello peer v2:172.21.15.80:3300/0 says I am v2:172.21.15.80:53328/0 (socket says 172.21.15.80:53328)
2024-04-24T23:19:31.561 INFO:teuthology.orchestra.run.smithi080.stdout:/usr/bin/ceph: stderr
2024-04-24T23:19:30.620+0000 7f843259c700 1 -- 172.21.15.80:0/2971419345 learned_addr learned my addr 172.21.15.80:0/2971419345 (peer_addr_for_me v2:172.21.15.80:0/0)
2024-04-24T23:19:31.562 INFO:teuthology.orchestra.run.smithi080.stdout:/usr/bin/ceph: stderr
2024-04-24T23:19:30.620+0000 7f843259c700 1 -- 172.21.15.80:0/2971419345 --> [v2:172.21.15.80:3300/0,v1:172.21.15.80:6789/0] -- mon_subscribe({config=0+,monmap=0+}) -- 0x7f843419c090 con 0x7f8434108690
2024-04-24T23:19:31.562 INFO:teuthology.orchestra.run.smithi080.stdout:/usr/bin/ceph: stderr
2024-04-24T23:19:30.620+0000 7f843259c700 1 --2- 172.21.15.80:0/2971419345 >> [v2:172.21.15.80:3300/0,v1:172.21.15.80:6789/0] conn(0x7f8434108690 0x7f843419bb50 secure :-1 s=READY pgs=19 cs=0 l=1 rev1=1 crypto rx=0x7f8424011b60 tx=0x7f8424011c40 comp rx=0 tx=0).ready entity=mon.0 client_cookie=0 server_cookie=0 in_seq=0 out_seq=0
2024-04-24T23:19:31.562 INFO:teuthology.orchestra.run.smithi080.stdout:/usr/bin/ceph: stderr
2024-04-24T23:19:30.620+0000 7f842bfff700 1 -- 172.21.15.80:0/2971419345 <== mon.0 v2:172.21.15.80:3300/0 1 ==== mon_map magic: 0 ==== 205+0+0 (secure 0 0 0) 0x7f8424003b20 con 0x7f8434108690
2024-04-24T23:19:31.562 INFO:teuthology.orchestra.run.smithi080.stdout:/usr/bin/ceph: stderr
2024-04-24T23:19:30.620+0000 7f8438832700 1 -- 172.21.15.80:0/2971419345 --> [v2:172.21.15.80:3300/0,v1:172.21.15.80:6789/0] -- mon_subscribe({mgrmap=0+}) -- 0x7f843419c320 con 0x7f8434108690
2024-04-24T23:19:31.562 INFO:teuthology.orchestra.run.smithi080.stdout:/usr/bin/ceph: stderr
2024-04-24T23:19:30.620+0000 7f842bfff700 1 -- 172.21.15.80:0/2971419345 <== mon.0 v2:172.21.15.80:3300/0 2 ==== config(27 keys) ==== 1109+0+0 (secure 0 0 0) 0x7f8424003cc0 con 0x7f8434108690
2024-04-24T23:19:31.562 INFO:teuthology.orchestra.run.smithi080.stdout:/usr/bin/ceph: stderr
2024-04-24T23:19:30.620+0000 7f842bfff700 1 -- 172.21.15.80:0/2971419345 <== mon.0 v2:172.21.15.80:3300/0 3 ==== mon_map magic: 0 ==== 205+0+0 (secure 0 0 0) 0x7f8424024840 con 0x7f8434108690
2024-04-24T23:19:31.562 INFO:teuthology.orchestra.run.smithi080.stdout:/usr/bin/ceph: stderr
2024-04-24T23:19:30.621+0000 7f8438832700 1 -- 172.21.15.80:0/2971419345 --> [v2:172.21.15.80:3300/0,v1:172.21.15.80:6789/0] -- mon_subscribe({osdmap=0}) -- 0x7f843419f010 con 0x7f8434108690
2024-04-24T23:19:31.562 INFO:teuthology.orchestra.run.smithi080.stdout:/usr/bin/ceph: stderr
2024-04-24T23:19:30.621+0000 7f842bfff700 1 -- 172.21.15.80:0/2971419345 <== mon.0 v2:172.21.15.80:3300/0 4 ==== mgrmap(e 4) ==== 46276+0+0 (secure 0 0 0) 0x7f8424022020 con 0x7f8434108690
2024-04-24T23:19:31.563 INFO:teuthology.orchestra.run.smithi080.stdout:/usr/bin/ceph: stderr
2024-04-24T23:19:30.621+0000 7f8438832700 1 -- 172.21.15.80:0/2971419345 --> [v2:172.21.15.80:3300/0,v1:172.21.15.80:6789/0] -- mon_command({"prefix": "get_command_descriptions"} v 0) -- 0x7f8434063890 con 0x7f8434108690
2024-04-24T23:19:31.563 INFO:teuthology.orchestra.run.smithi080.stdout:/usr/bin/ceph: stderr
2024-04-24T23:19:30.622+0000 7f842bfff700 1 --2- 172.21.15.80:0/2971419345 >> [v2:172.21.15.80:6800/1614691410,v1:172.21.15.80:6801/1614691410] conn(0x7f8420039000 0x7f842003b4c0 unknown :-1 s=NONE pgs=0 cs=0 l=1 rev1=0 crypto rx=0 tx=0 comp rx=0 tx=0).connect
2024-04-24T23:19:31.563 INFO:teuthology.orchestra.run.smithi080.stdout:/usr/bin/ceph: stderr
2024-04-24T23:19:30.622+0000 7f842bfff700 1 -- 172.21.15.80:0/2971419345 <== mon.0 v2:172.21.15.80:3300/0 5 ==== osd_map(1..1 src has 1..1) ==== 725+0+0 (secure 0 0 0) 0x7f8424011e00 con 0x7f8434108690
2024-04-24T23:19:31.563 INFO:teuthology.orchestra.run.smithi080.stdout:/usr/bin/ceph: stderr
2024-04-24T23:19:30.622+0000 7f8429d9b700 1 --2- 172.21.15.80:0/2971419345 >> [v2:172.21.15.80:6800/1614691410,v1:172.21.15.80:6801/1614691410] conn(0x7f8420039000 0x7f842003b4c0 unknown :-1 s=BANNER_CONNECTING pgs=0 cs=0 l=1 rev1=0 crypto rx=0 tx=0 comp rx=0 tx=0)._handle_peer_banner_payload supported=3 required=0
2024-04-24T23:19:31.563 INFO:teuthology.orchestra.run.smithi080.stdout:/usr/bin/ceph: stderr
2024-04-24T23:19:30.622+0000 7f8429d9b700 1 --2- 172.21.15.80:0/2971419345 >> [v2:172.21.15.80:6800/1614691410,v1:172.21.15.80:6801/1614691410] conn(0x7f8420039000 0x7f842003b4c0 secure :-1 s=READY pgs=6 cs=0 l=1 rev1=1 crypto rx=0x7f841c006fd0 tx=0x7f841c006e40 comp rx=0 tx=0).ready entity=mgr.14100 client_cookie=0 server_cookie=0 in_seq=0 out_seq=0
2024-04-24T23:19:31.563 INFO:teuthology.orchestra.run.smithi080.stdout:/usr/bin/ceph: stderr
2024-04-24T23:19:30.627+0000 7f842bfff700 1 -- 172.21.15.80:0/2971419345 <== mon.0 v2:172.21.15.80:3300/0 6 ==== mon_command_ack([{"prefix": "get_command_descriptions"}]=0 v0) ==== 72+0+186147 (secure 0 0 0) 0x7f84240172b0 con 0x7f8434108690
2024-04-24T23:19:31.563 INFO:teuthology.orchestra.run.smithi080.stdout:/usr/bin/ceph: stderr
2024-04-24T23:19:30.901+0000 7f8438832700 1 -- 172.21.15.80:0/2971419345 --> [v2:172.21.15.80:3300/0,v1:172.21.15.80:6789/0] -- mon_command({"prefix": "status", "format": "json-pretty"} v 0) -- 0x7f843419f1e0 con 0x7f8434108690
2024-04-24T23:19:31.563 INFO:teuthology.orchestra.run.smithi080.stdout:/usr/bin/ceph: stderr
2024-04-24T23:19:30.901+0000 7f842bfff700 1 -- 172.21.15.80:0/2971419345 <== mon.0 v2:172.21.15.80:3300/0 7 ==== mon_command_ack([{"prefix": "status", "format": "json-pretty"}]=0 v0) ==== 79+0+1239 (secure 0 0 0) 0x7f843419f1e0 con 0x7f8434108690
2024-04-24T23:19:31.563 INFO:teuthology.orchestra.run.smithi080.stdout:/usr/bin/ceph: stderr
2024-04-24T23:19:30.904+0000 7f8438832700 1 -- 172.21.15.80:0/2971419345 >> [v2:172.21.15.80:6800/1614691410,v1:172.21.15.80:6801/1614691410] conn(0x7f8420039000 msgr2=0x7f842003b4c0 secure :-1 s=STATE_CONNECTION_ESTABLISHED l=1).mark_down
2024-04-24T23:19:31.563 INFO:teuthology.orchestra.run.smithi080.stdout:/usr/bin/ceph: stderr
2024-04-24T23:19:30.904+0000 7f8438832700 1 --2- 172.21.15.80:0/2971419345 >> [v2:172.21.15.80:6800/1614691410,v1:172.21.15.80:6801/1614691410] conn(0x7f8420039000 0x7f842003b4c0 secure :-1 s=READY pgs=6 cs=0 l=1 rev1=1 crypto rx=0x7f841c006fd0 tx=0x7f841c006e40 comp rx=0 tx=0).stop
2024-04-24T23:19:31.564 INFO:teuthology.orchestra.run.smithi080.stdout:/usr/bin/ceph: stderr
2024-04-24T23:19:30.904+0000 7f8438832700 1 -- 172.21.15.80:0/2971419345 >> [v2:172.21.15.80:3300/0,v1:172.21.15.80:6789/0] conn(0x7f8434108690 msgr2=0x7f843419bb50 secure :-1 s=STATE_CONNECTION_ESTABLISHED l=1).mark_down
2024-04-24T23:19:31.564 INFO:teuthology.orchestra.run.smithi080.stdout:/usr/bin/ceph: stderr
2024-04-24T23:19:30.904+0000 7f8438832700 1 --2- 172.21.15.80:0/2971419345 >> [v2:172.21.15.80:3300/0,v1:172.21.15.80:6789/0] conn(0x7f8434108690 0x7f843419bb50 secure :-1 s=READY pgs=19 cs=0 l=1 rev1=1 crypto rx=0x7f8424011b60 tx=0x7f8424011c40 comp rx=0 tx=0).stop
2024-04-24T23:19:31.564 INFO:teuthology.orchestra.run.smithi080.stdout:/usr/bin/ceph: stderr
2024-04-24T23:19:30.904+0000 7f8438832700 1 -- 172.21.15.80:0/2971419345 shutdown_connections
2024-04-24T23:19:31.564 INFO:teuthology.orchestra.run.smithi080.stdout:/usr/bin/ceph: stderr
2024-04-24T23:19:30.904+0000 7f8438832700 1 --2- 172.21.15.80:0/2971419345 >> [v2:172.21.15.80:6800/1614691410,v1:172.21.15.80:6801/1614691410] conn(0x7f8420039000 0x7f842003b4c0 unknown :-1 s=CLOSED pgs=6 cs=0 l=1 rev1=1 crypto rx=0 tx=0 comp rx=0 tx=0).stop
2024-04-24T23:19:31.564 INFO:teuthology.orchestra.run.smithi080.stdout:/usr/bin/ceph: stderr
2024-04-24T23:19:30.904+0000 7f8438832700 1 --2- 172.21.15.80:0/2971419345 >> [v2:172.21.15.80:3300/0,v1:172.21.15.80:6789/0] conn(0x7f8434108690 0x7f843419bb50 unknown :-1 s=CLOSED pgs=19 cs=0 l=1 rev1=1 crypto rx=0 tx=0 comp rx=0 tx=0).stop
2024-04-24T23:19:31.564 INFO:teuthology.orchestra.run.smithi080.stdout:/usr/bin/ceph: stderr
2024-04-24T23:19:30.904+0000 7f8438832700 1 -- 172.21.15.80:0/2971419345 >> 172.21.15.80:0/2971419345 conn(0x7f8434101fe0 msgr2=0x7f8434102bd0 unknown :-1 s=STATE_NONE l=0).mark_down
2024-04-24T23:19:31.564 INFO:teuthology.orchestra.run.smithi080.stdout:/usr/bin/ceph: stderr
2024-04-24T23:19:30.904+0000 7f8438832700 1 -- 172.21.15.80:0/2971419345 shutdown_connections
2024-04-24T23:19:31.564 INFO:teuthology.orchestra.run.smithi080.stdout:/usr/bin/ceph: stderr
2024-04-24T23:19:30.904+0000 7f8438832700 1 -- 172.21.15.80:0/2971419345 wait complete.
2024-04-24T23:19:31.564 INFO:teuthology.orchestra.run.smithi080.stdout:mgr is available
2024-04-24T23:19:31.939 INFO:journalctl@ceph.mon.a.smithi080.stdout:Apr 24 23:19:31 smithi080 ceph-mon[29152]: from='client.? 172.21.15.80:0/2971419345' entity='client.admin' cmd=[{"prefix": "status", "format": "json-pretty"}]: dispatch
2024-04-24T23:19:32.742 INFO:journalctl@ceph.mon.a.smithi080.stdout:Apr 24 23:19:32 smithi080 ceph-mon[29152]: from='client.? 172.21.15.80:0/1826476559' entity='client.admin' cmd=[{"prefix": "config assimilate-conf"}]: dispatch
2024-04-24T23:19:32.752 INFO:teuthology.orchestra.run.smithi080.stdout:/usr/bin/ceph: stdout
2024-04-24T23:19:32.752 INFO:teuthology.orchestra.run.smithi080.stdout:/usr/bin/ceph: stdout [global]
2024-04-24T23:19:32.752 INFO:teuthology.orchestra.run.smithi080.stdout:/usr/bin/ceph: stdout fsid = ec7885aa-0290-11ef-bc93-c7b262605968
2024-04-24T23:19:32.752 INFO:teuthology.orchestra.run.smithi080.stdout:/usr/bin/ceph: stdout mon_osd_allow_pg_remap = true
2024-04-24T23:19:32.752 INFO:teuthology.orchestra.run.smithi080.stdout:/usr/bin/ceph: stdout mon_osd_allow_primary_affinity = true
2024-04-24T23:19:32.752 INFO:teuthology.orchestra.run.smithi080.stdout:/usr/bin/ceph: stdout mon_warn_on_no_sortbitwise = false
2024-04-24T23:19:32.752 INFO:teuthology.orchestra.run.smithi080.stdout:/usr/bin/ceph: stdout osd_crush_chooseleaf_type = 0
2024-04-24T23:19:32.752 INFO:teuthology.orchestra.run.smithi080.stdout:/usr/bin/ceph: stdout
2024-04-24T23:19:32.752 INFO:teuthology.orchestra.run.smithi080.stdout:/usr/bin/ceph: stdout [mgr]
2024-04-24T23:19:32.752 INFO:teuthology.orchestra.run.smithi080.stdout:/usr/bin/ceph: stdout mgr/telemetry/nag = false
2024-04-24T23:19:32.752 INFO:teuthology.orchestra.run.smithi080.stdout:/usr/bin/ceph: stdout
2024-04-24T23:19:32.752 INFO:teuthology.orchestra.run.smithi080.stdout:/usr/bin/ceph: stdout [osd]
2024-04-24T23:19:32.753 INFO:teuthology.orchestra.run.smithi080.stdout:/usr/bin/ceph: stdout mon_osd_backfillfull_ratio = 0.85
2024-04-24T23:19:32.753 INFO:teuthology.orchestra.run.smithi080.stdout:/usr/bin/ceph: stdout mon_osd_full_ratio = 0.9
2024-04-24T23:19:32.753 INFO:teuthology.orchestra.run.smithi080.stdout:/usr/bin/ceph: stdout mon_osd_nearfull_ratio = 0.8
2024-04-24T23:19:32.753 INFO:teuthology.orchestra.run.smithi080.stdout:/usr/bin/ceph: stdout osd_map_max_advance = 10
2024-04-24T23:19:32.753 INFO:teuthology.orchestra.run.smithi080.stdout:/usr/bin/ceph: stdout osd_sloppy_crc = true
2024-04-24T23:19:32.753 INFO:teuthology.orchestra.run.smithi080.stdout:/usr/bin/ceph: stderr
2024-04-24T23:19:31.935+0000 7fb4aac3c700 1 Processor -- start
2024-04-24T23:19:32.753 INFO:teuthology.orchestra.run.smithi080.stdout:/usr/bin/ceph: stderr
2024-04-24T23:19:31.935+0000 7fb4aac3c700 1 -- start start
2024-04-24T23:19:32.753 INFO:teuthology.orchestra.run.smithi080.stdout:/usr/bin/ceph: stderr
2024-04-24T23:19:31.936+0000 7fb4aac3c700 1 --2- >> [v2:172.21.15.80:3300/0,v1:172.21.15.80:6789/0] conn(0x7fb4a4106200 0x7fb4a4106620 unknown :-1 s=NONE pgs=0 cs=0 l=0 rev1=0 crypto rx=0 tx=0 comp rx=0 tx=0).connect
2024-04-24T23:19:32.753 INFO:teuthology.orchestra.run.smithi080.stdout:/usr/bin/ceph: stderr
2024-04-24T23:19:31.936+0000 7fb4aac3c700 1 -- --> [v2:172.21.15.80:3300/0,v1:172.21.15.80:6789/0] -- mon_getmap magic: 0 -- 0x7fb4a4106bf0 con 0x7fb4a4106200
2024-04-24T23:19:32.753 INFO:teuthology.orchestra.run.smithi080.stdout:/usr/bin/ceph: stderr
2024-04-24T23:19:31.936+0000 7fb4a89d8700 1 --2- >> [v2:172.21.15.80:3300/0,v1:172.21.15.80:6789/0] conn(0x7fb4a4106200 0x7fb4a4106620 unknown :-1 s=BANNER_CONNECTING pgs=0 cs=0 l=0 rev1=0 crypto rx=0 tx=0 comp rx=0 tx=0)._handle_peer_banner_payload supported=3 required=0
2024-04-24T23:19:32.753 INFO:teuthology.orchestra.run.smithi080.stdout:/usr/bin/ceph: stderr
2024-04-24T23:19:31.936+0000 7fb4a89d8700 1 --2- >> [v2:172.21.15.80:3300/0,v1:172.21.15.80:6789/0] conn(0x7fb4a4106200 0x7fb4a4106620 unknown :-1 s=HELLO_CONNECTING pgs=0 cs=0 l=0 rev1=1 crypto rx=0 tx=0 comp rx=0 tx=0).handle_hello peer v2:172.21.15.80:3300/0 says I am v2:172.21.15.80:53340/0 (socket says 172.21.15.80:53340)
2024-04-24T23:19:32.753 INFO:teuthology.orchestra.run.smithi080.stdout:/usr/bin/ceph: stderr
2024-04-24T23:19:31.936+0000 7fb4a89d8700 1 -- 172.21.15.80:0/3599620322 learned_addr learned my addr 172.21.15.80:0/3599620322 (peer_addr_for_me v2:172.21.15.80:0/0)
2024-04-24T23:19:32.753 INFO:teuthology.orchestra.run.smithi080.stdout:/usr/bin/ceph: stderr
2024-04-24T23:19:31.936+0000 7fb4a89d8700 1 -- 172.21.15.80:0/3599620322 --> [v2:172.21.15.80:3300/0,v1:172.21.15.80:6789/0] -- mon_subscribe({config=0+,monmap=0+}) -- 0x7fb4a4107400 con 0x7fb4a4106200
2024-04-24T23:19:32.753 INFO:teuthology.orchestra.run.smithi080.stdout:/usr/bin/ceph: stderr
2024-04-24T23:19:31.936+0000 7fb4a89d8700 1 --2- 172.21.15.80:0/3599620322 >> [v2:172.21.15.80:3300/0,v1:172.21.15.80:6789/0] conn(0x7fb4a4106200 0x7fb4a4106620 secure :-1 s=READY pgs=20 cs=0 l=1 rev1=1 crypto rx=0x7fb49400aa40 tx=0x7fb49400ad50 comp rx=0 tx=0).ready entity=mon.0 client_cookie=486ef3abb6c482f8 server_cookie=0 in_seq=0 out_seq=0
2024-04-24T23:19:32.754 INFO:teuthology.orchestra.run.smithi080.stdout:/usr/bin/ceph: stderr
2024-04-24T23:19:31.936+0000 7fb4a37fe700 1 -- 172.21.15.80:0/3599620322 <== mon.0 v2:172.21.15.80:3300/0 1 ==== mon_map magic: 0 ==== 205+0+0 (secure 0 0 0) 0x7fb49400b040 con 0x7fb4a4106200
2024-04-24T23:19:32.754 INFO:teuthology.orchestra.run.smithi080.stdout:/usr/bin/ceph: stderr
2024-04-24T23:19:31.936+0000 7fb4a37fe700 1 -- 172.21.15.80:0/3599620322 <== mon.0 v2:172.21.15.80:3300/0 2 ==== config(27 keys) ==== 1109+0+0 (secure 0 0 0) 0x7fb49400c8f0 con 0x7fb4a4106200
2024-04-24T23:19:32.754 INFO:teuthology.orchestra.run.smithi080.stdout:/usr/bin/ceph: stderr
2024-04-24T23:19:31.936+0000 7fb4a37fe700 1 -- 172.21.15.80:0/3599620322 <== mon.0 v2:172.21.15.80:3300/0 3 ==== mon_map magic: 0 ==== 205+0+0 (secure 0 0 0) 0x7fb494003c10 con 0x7fb4a4106200
2024-04-24T23:19:32.754 INFO:teuthology.orchestra.run.smithi080.stdout:/usr/bin/ceph: stderr
2024-04-24T23:19:31.937+0000 7fb4aac3c700 1 -- 172.21.15.80:0/3599620322 >> [v2:172.21.15.80:3300/0,v1:172.21.15.80:6789/0] conn(0x7fb4a4106200 msgr2=0x7fb4a4106620 secure :-1 s=STATE_CONNECTION_ESTABLISHED l=1).mark_down
2024-04-24T23:19:32.754 INFO:teuthology.orchestra.run.smithi080.stdout:/usr/bin/ceph: stderr
2024-04-24T23:19:31.937+0000 7fb4aac3c700 1 --2- 172.21.15.80:0/3599620322 >> [v2:172.21.15.80:3300/0,v1:172.21.15.80:6789/0] conn(0x7fb4a4106200 0x7fb4a4106620 secure :-1 s=READY pgs=20 cs=0 l=1 rev1=1 crypto rx=0x7fb49400aa40 tx=0x7fb49400ad50 comp rx=0 tx=0).stop
2024-04-24T23:19:32.754 INFO:teuthology.orchestra.run.smithi080.stdout:/usr/bin/ceph: stderr
2024-04-24T23:19:31.937+0000 7fb4aac3c700 1 -- 172.21.15.80:0/3599620322 shutdown_connections
2024-04-24T23:19:32.754 INFO:teuthology.orchestra.run.smithi080.stdout:/usr/bin/ceph: stderr
2024-04-24T23:19:31.937+0000 7fb4aac3c700 1 --2- 172.21.15.80:0/3599620322 >> [v2:172.21.15.80:3300/0,v1:172.21.15.80:6789/0] conn(0x7fb4a4106200 0x7fb4a4106620 unknown :-1 s=CLOSED pgs=20 cs=0 l=1 rev1=1 crypto rx=0 tx=0 comp rx=0 tx=0).stop
2024-04-24T23:19:32.754 INFO:teuthology.orchestra.run.smithi080.stdout:/usr/bin/ceph: stderr
2024-04-24T23:19:31.937+0000 7fb4aac3c700 1 -- 172.21.15.80:0/3599620322 >> 172.21.15.80:0/3599620322 conn(0x7fb4a4101780 msgr2=0x7fb4a4103be0 unknown :-1 s=STATE_NONE l=0).mark_down
2024-04-24T23:19:32.754 INFO:teuthology.orchestra.run.smithi080.stdout:/usr/bin/ceph: stderr
2024-04-24T23:19:31.937+0000 7fb4aac3c700 1 -- 172.21.15.80:0/3599620322 shutdown_connections
2024-04-24T23:19:32.754 INFO:teuthology.orchestra.run.smithi080.stdout:/usr/bin/ceph: stderr
2024-04-24T23:19:31.937+0000 7fb4aac3c700 1 -- 172.21.15.80:0/3599620322 wait complete.
2024-04-24T23:19:32.754 INFO:teuthology.orchestra.run.smithi080.stdout:/usr/bin/ceph: stderr
2024-04-24T23:19:31.938+0000 7fb4aac3c700 1 Processor -- start
2024-04-24T23:19:32.754 INFO:teuthology.orchestra.run.smithi080.stdout:/usr/bin/ceph: stderr
2024-04-24T23:19:31.938+0000 7fb4aac3c700 1 -- start start
2024-04-24T23:19:32.754 INFO:teuthology.orchestra.run.smithi080.stdout:/usr/bin/ceph: stderr
2024-04-24T23:19:31.938+0000 7fb4aac3c700 1 --2- >> [v2:172.21.15.80:3300/0,v1:172.21.15.80:6789/0] conn(0x7fb4a4106200 0x7fb4a419bac0 unknown :-1 s=NONE pgs=0 cs=0 l=1 rev1=0 crypto rx=0 tx=0 comp rx=0 tx=0).connect
2024-04-24T23:19:32.754 INFO:teuthology.orchestra.run.smithi080.stdout:/usr/bin/ceph: stderr
2024-04-24T23:19:31.938+0000 7fb4aac3c700 1 -- --> [v2:172.21.15.80:3300/0,v1:172.21.15.80:6789/0] -- mon_getmap magic: 0 -- 0x7fb4a4107b80 con 0x7fb4a4106200
2024-04-24T23:19:32.755 INFO:teuthology.orchestra.run.smithi080.stdout:/usr/bin/ceph: stderr
2024-04-24T23:19:31.939+0000 7fb4a89d8700 1 --2- >> [v2:172.21.15.80:3300/0,v1:172.21.15.80:6789/0] conn(0x7fb4a4106200 0x7fb4a419bac0 unknown :-1 s=BANNER_CONNECTING pgs=0 cs=0 l=1 rev1=0 crypto rx=0 tx=0 comp rx=0 tx=0)._handle_peer_banner_payload supported=3 required=0
2024-04-24T23:19:32.755 INFO:teuthology.orchestra.run.smithi080.stdout:/usr/bin/ceph: stderr
2024-04-24T23:19:31.939+0000 7fb4a89d8700 1 --2- >> [v2:172.21.15.80:3300/0,v1:172.21.15.80:6789/0] conn(0x7fb4a4106200 0x7fb4a419bac0 unknown :-1 s=HELLO_CONNECTING pgs=0 cs=0 l=1 rev1=1 crypto rx=0 tx=0 comp rx=0 tx=0).handle_hello peer v2:172.21.15.80:3300/0 says I am v2:172.21.15.80:53348/0 (socket says 172.21.15.80:53348)
2024-04-24T23:19:32.755 INFO:teuthology.orchestra.run.smithi080.stdout:/usr/bin/ceph: stderr
2024-04-24T23:19:31.939+0000 7fb4a89d8700 1 -- 172.21.15.80:0/1826476559 learned_addr learned my addr 172.21.15.80:0/1826476559 (peer_addr_for_me v2:172.21.15.80:0/0)
2024-04-24T23:19:32.755 INFO:teuthology.orchestra.run.smithi080.stdout:/usr/bin/ceph: stderr
2024-04-24T23:19:31.939+0000 7fb4a89d8700 1 -- 172.21.15.80:0/1826476559 --> [v2:172.21.15.80:3300/0,v1:172.21.15.80:6789/0] -- mon_subscribe({config=0+,monmap=0+}) -- 0x7fb4a419c000 con 0x7fb4a4106200
2024-04-24T23:19:32.755 INFO:teuthology.orchestra.run.smithi080.stdout:/usr/bin/ceph: stderr
2024-04-24T23:19:31.939+0000 7fb4a89d8700 1 --2- 172.21.15.80:0/1826476559 >> [v2:172.21.15.80:3300/0,v1:172.21.15.80:6789/0] conn(0x7fb4a4106200 0x7fb4a419bac0 secure :-1 s=READY pgs=21 cs=0 l=1 rev1=1 crypto rx=0x7fb49400afd0 tx=0x7fb494006c80 comp rx=0 tx=0).ready entity=mon.0 client_cookie=0 server_cookie=0 in_seq=0 out_seq=0
2024-04-24T23:19:32.755 INFO:teuthology.orchestra.run.smithi080.stdout:/usr/bin/ceph: stderr
2024-04-24T23:19:31.939+0000 7fb4a1ffb700 1 -- 172.21.15.80:0/1826476559 <== mon.0 v2:172.21.15.80:3300/0 1 ==== mon_map magic: 0 ==== 205+0+0 (secure 0 0 0) 0x7fb494025070 con 0x7fb4a4106200
2024-04-24T23:19:32.755 INFO:teuthology.orchestra.run.smithi080.stdout:/usr/bin/ceph: stderr
2024-04-24T23:19:31.939+0000 7fb4a1ffb700 1 -- 172.21.15.80:0/1826476559 <== mon.0 v2:172.21.15.80:3300/0 2 ==== config(27 keys) ==== 1109+0+0 (secure 0 0 0) 0x7fb494004340 con 0x7fb4a4106200
2024-04-24T23:19:32.755 INFO:teuthology.orchestra.run.smithi080.stdout:/usr/bin/ceph: stderr
2024-04-24T23:19:31.939+0000 7fb4aac3c700 1 -- 172.21.15.80:0/1826476559 --> [v2:172.21.15.80:3300/0,v1:172.21.15.80:6789/0] -- mon_subscribe({mgrmap=0+}) -- 0x7fb4a419c290 con 0x7fb4a4106200
2024-04-24T23:19:32.755 INFO:teuthology.orchestra.run.smithi080.stdout:/usr/bin/ceph: stderr
2024-04-24T23:19:31.939+0000 7fb4a1ffb700 1 -- 172.21.15.80:0/1826476559 <== mon.0 v2:172.21.15.80:3300/0 3 ==== mon_map magic: 0 ==== 205+0+0 (secure 0 0 0) 0x7fb494010740 con 0x7fb4a4106200
2024-04-24T23:19:32.755 INFO:teuthology.orchestra.run.smithi080.stdout:/usr/bin/ceph: stderr
2024-04-24T23:19:31.939+0000 7fb4aac3c700 1 -- 172.21.15.80:0/1826476559 --> [v2:172.21.15.80:3300/0,v1:172.21.15.80:6789/0] -- mon_subscribe({osdmap=0}) -- 0x7fb4a419ef80 con 0x7fb4a4106200
2024-04-24T23:19:32.755 INFO:teuthology.orchestra.run.smithi080.stdout:/usr/bin/ceph: stderr
2024-04-24T23:19:31.940+0000 7fb4a1ffb700 1 -- 172.21.15.80:0/1826476559 <== mon.0 v2:172.21.15.80:3300/0 4 ==== mgrmap(e 4) ==== 46276+0+0 (secure 0 0 0) 0x7fb494028070 con 0x7fb4a4106200
2024-04-24T23:19:32.755 INFO:teuthology.orchestra.run.smithi080.stdout:/usr/bin/ceph: stderr
2024-04-24T23:19:31.940+0000 7fb4a1ffb700 1 --2- 172.21.15.80:0/1826476559 >> [v2:172.21.15.80:6800/1614691410,v1:172.21.15.80:6801/1614691410] conn(0x7fb48c039050 0x7fb48c03b510 unknown :-1 s=NONE pgs=0 cs=0 l=1 rev1=0 crypto rx=0 tx=0 comp rx=0 tx=0).connect
2024-04-24T23:19:32.755 INFO:teuthology.orchestra.run.smithi080.stdout:/usr/bin/ceph: stderr
2024-04-24T23:19:31.940+0000 7fb4aac3c700 1 -- 172.21.15.80:0/1826476559 --> [v2:172.21.15.80:3300/0,v1:172.21.15.80:6789/0] -- mon_command({"prefix": "get_command_descriptions"} v 0) -- 0x7fb4a4063890 con 0x7fb4a4106200
2024-04-24T23:19:32.755 INFO:teuthology.orchestra.run.smithi080.stdout:/usr/bin/ceph: stderr
2024-04-24T23:19:31.941+0000 7fb4a1ffb700 1 -- 172.21.15.80:0/1826476559 <== mon.0 v2:172.21.15.80:3300/0 5 ==== osd_map(1..1 src has 1..1) ==== 725+0+0 (secure 0 0 0) 0x7fb49404ccc0 con 0x7fb4a4106200
2024-04-24T23:19:32.756 INFO:teuthology.orchestra.run.smithi080.stdout:/usr/bin/ceph: stderr
2024-04-24T23:19:31.941+0000 7fb4a3fff700 1 --2- 172.21.15.80:0/1826476559 >> [v2:172.21.15.80:6800/1614691410,v1:172.21.15.80:6801/1614691410] conn(0x7fb48c039050 0x7fb48c03b510 unknown :-1 s=BANNER_CONNECTING pgs=0 cs=0 l=1 rev1=0 crypto rx=0 tx=0 comp rx=0 tx=0)._handle_peer_banner_payload supported=3 required=0
2024-04-24T23:19:32.756 INFO:teuthology.orchestra.run.smithi080.stdout:/usr/bin/ceph: stderr
2024-04-24T23:19:31.941+0000 7fb4a3fff700 1 --2- 172.21.15.80:0/1826476559 >> [v2:172.21.15.80:6800/1614691410,v1:172.21.15.80:6801/1614691410] conn(0x7fb48c039050 0x7fb48c03b510 secure :-1 s=READY pgs=7 cs=0 l=1 rev1=1 crypto rx=0x7fb498006fd0 tx=0x7fb498006e40 comp rx=0 tx=0).ready entity=mgr.14100 client_cookie=0 server_cookie=0 in_seq=0 out_seq=0
2024-04-24T23:19:32.756 INFO:teuthology.orchestra.run.smithi080.stdout:/usr/bin/ceph: stderr
2024-04-24T23:19:31.945+0000 7fb4a1ffb700 1 -- 172.21.15.80:0/1826476559 <== mon.0 v2:172.21.15.80:3300/0 6 ==== mon_command_ack([{"prefix": "get_command_descriptions"}]=0 v0) ==== 72+0+186147 (secure 0 0 0) 0x7fb494014070 con 0x7fb4a4106200
2024-04-24T23:19:32.756 INFO:teuthology.orchestra.run.smithi080.stdout:/usr/bin/ceph: stderr
2024-04-24T23:19:32.136+0000 7fb4aac3c700 1 -- 172.21.15.80:0/1826476559 --> [v2:172.21.15.80:3300/0,v1:172.21.15.80:6789/0] -- mon_command({"prefix": "config assimilate-conf"} v 0) -- 0x7fb4a402de20 con 0x7fb4a4106200
2024-04-24T23:19:32.756 INFO:teuthology.orchestra.run.smithi080.stdout:/usr/bin/ceph: stderr
2024-04-24T23:19:32.137+0000 7fb4a1ffb700 1 -- 172.21.15.80:0/1826476559 <== mon.0 v2:172.21.15.80:3300/0 7 ==== mon_command_ack([{"prefix": "config assimilate-conf"}]=0 v3) ==== 70+0+373 (secure 0 0 0) 0x7fb494010e00 con 0x7fb4a4106200
2024-04-24T23:19:32.756 INFO:teuthology.orchestra.run.smithi080.stdout:/usr/bin/ceph: stderr
2024-04-24T23:19:32.139+0000 7fb4aac3c700 1 -- 172.21.15.80:0/1826476559 >> [v2:172.21.15.80:6800/1614691410,v1:172.21.15.80:6801/1614691410] conn(0x7fb48c039050 msgr2=0x7fb48c03b510 secure :-1 s=STATE_CONNECTION_ESTABLISHED l=1).mark_down
2024-04-24T23:19:32.756 INFO:teuthology.orchestra.run.smithi080.stdout:/usr/bin/ceph: stderr
2024-04-24T23:19:32.139+0000 7fb4aac3c700 1 --2- 172.21.15.80:0/1826476559 >> [v2:172.21.15.80:6800/1614691410,v1:172.21.15.80:6801/1614691410] conn(0x7fb48c039050 0x7fb48c03b510 secure :-1 s=READY pgs=7 cs=0 l=1 rev1=1 crypto rx=0x7fb498006fd0 tx=0x7fb498006e40 comp rx=0 tx=0).stop
2024-04-24T23:19:32.756 INFO:teuthology.orchestra.run.smithi080.stdout:/usr/bin/ceph: stderr
2024-04-24T23:19:32.139+0000 7fb4aac3c700 1 -- 172.21.15.80:0/1826476559 >> [v2:172.21.15.80:3300/0,v1:172.21.15.80:6789/0] conn(0x7fb4a4106200 msgr2=0x7fb4a419bac0 secure :-1 s=STATE_CONNECTION_ESTABLISHED l=1).mark_down
2024-04-24T23:19:32.756 INFO:teuthology.orchestra.run.smithi080.stdout:/usr/bin/ceph: stderr
2024-04-24T23:19:32.139+0000 7fb4aac3c700 1 --2- 172.21.15.80:0/1826476559 >> [v2:172.21.15.80:3300/0,v1:172.21.15.80:6789/0] conn(0x7fb4a4106200 0x7fb4a419bac0 secure :-1 s=READY pgs=21 cs=0 l=1 rev1=1 crypto rx=0x7fb49400afd0 tx=0x7fb494006c80 comp rx=0 tx=0).stop
2024-04-24T23:19:32.756 INFO:teuthology.orchestra.run.smithi080.stdout:/usr/bin/ceph: stderr
2024-04-24T23:19:32.139+0000 7fb4aac3c700 1 -- 172.21.15.80:0/1826476559 shutdown_connections
2024-04-24T23:19:32.756 INFO:teuthology.orchestra.run.smithi080.stdout:/usr/bin/ceph: stderr
2024-04-24T23:19:32.139+0000 7fb4aac3c700 1 --2- 172.21.15.80:0/1826476559 >> [v2:172.21.15.80:6800/1614691410,v1:172.21.15.80:6801/1614691410] conn(0x7fb48c039050 0x7fb48c03b510 unknown :-1 s=CLOSED pgs=7 cs=0 l=1 rev1=1 crypto rx=0 tx=0 comp rx=0 tx=0).stop
2024-04-24T23:19:32.756 INFO:teuthology.orchestra.run.smithi080.stdout:/usr/bin/ceph: stderr
2024-04-24T23:19:32.139+0000 7fb4aac3c700 1 --2- 172.21.15.80:0/1826476559 >> [v2:172.21.15.80:3300/0,v1:172.21.15.80:6789/0] conn(0x7fb4a4106200 0x7fb4a419bac0 unknown :-1 s=CLOSED pgs=21 cs=0 l=1 rev1=1 crypto rx=0 tx=0 comp rx=0 tx=0).stop
2024-04-24T23:19:32.756 INFO:teuthology.orchestra.run.smithi080.stdout:/usr/bin/ceph: stderr
2024-04-24T23:19:32.139+0000 7fb4aac3c700 1 -- 172.21.15.80:0/1826476559 >> 172.21.15.80:0/1826476559 conn(0x7fb4a4101780 msgr2=0x7fb4a41905b0 unknown :-1 s=STATE_NONE l=0).mark_down
2024-04-24T23:19:32.756 INFO:teuthology.orchestra.run.smithi080.stdout:/usr/bin/ceph: stderr
2024-04-24T23:19:32.140+0000 7fb4aac3c700 1 -- 172.21.15.80:0/1826476559 shutdown_connections
2024-04-24T23:19:32.756 INFO:teuthology.orchestra.run.smithi080.stdout:/usr/bin/ceph: stderr
2024-04-24T23:19:32.140+0000 7fb4aac3c700 1 -- 172.21.15.80:0/1826476559 wait complete.
2024-04-24T23:19:32.757 INFO:teuthology.orchestra.run.smithi080.stdout:Enabling cephadm module...
2024-04-24T23:19:34.006 INFO:journalctl@ceph.mon.a.smithi080.stdout:Apr 24 23:19:33 smithi080 ceph-mon[29152]: from='client.? 172.21.15.80:0/1796632525' entity='client.admin' cmd=[{"prefix": "mgr module enable", "module": "cephadm"}]: dispatch
2024-04-24T23:19:34.007 INFO:journalctl@ceph.mgr.x.smithi080.stdout:Apr 24 23:19:33 smithi080 ceph-ec7885aa-0290-11ef-bc93-c7b262605968-mgr-x[29381]: ignoring --setuser ceph since I am not root
2024-04-24T23:19:34.007 INFO:journalctl@ceph.mgr.x.smithi080.stdout:Apr 24 23:19:33 smithi080 ceph-ec7885aa-0290-11ef-bc93-c7b262605968-mgr-x[29381]: ignoring --setgroup ceph since I am not root
2024-04-24T23:19:34.007 INFO:journalctl@ceph.mgr.x.smithi080.stdout:Apr 24 23:19:33 smithi080 ceph-ec7885aa-0290-11ef-bc93-c7b262605968-mgr-x[29381]:
2024-04-24T23:19:33.892+0000 7f75f7728200 -1 mgr[py] Module balancer has missing NOTIFY_TYPES member
2024-04-24T23:19:34.282 INFO:journalctl@ceph.mgr.x.smithi080.stdout:Apr 24 23:19:34 smithi080 ceph-ec7885aa-0290-11ef-bc93-c7b262605968-mgr-x[29381]:
2024-04-24T23:19:34.075+0000 7f75f7728200 -1 mgr[py] Module orchestrator has missing NOTIFY_TYPES member
2024-04-24T23:19:34.282 INFO:journalctl@ceph.mgr.x.smithi080.stdout:Apr 24 23:19:34 smithi080 ceph-ec7885aa-0290-11ef-bc93-c7b262605968-mgr-x[29381]:
2024-04-24T23:19:34.175+0000 7f75f7728200 -1 mgr[py] Module snap_schedule has missing NOTIFY_TYPES member
2024-04-24T23:19:34.289 INFO:teuthology.orchestra.run.smithi080.stdout:/usr/bin/ceph: stderr
2024-04-24T23:19:33.116+0000 7fb186790700 1 Processor -- start
2024-04-24T23:19:34.289 INFO:teuthology.orchestra.run.smithi080.stdout:/usr/bin/ceph: stderr
2024-04-24T23:19:33.116+0000 7fb186790700 1 -- start start
2024-04-24T23:19:34.289 INFO:teuthology.orchestra.run.smithi080.stdout:/usr/bin/ceph: stderr
2024-04-24T23:19:33.116+0000 7fb186790700 1 --2- >> [v2:172.21.15.80:3300/0,v1:172.21.15.80:6789/0] conn(0x7fb180107c10 0x7fb180108030 unknown :-1 s=NONE pgs=0 cs=0 l=0 rev1=0 crypto rx=0 tx=0 comp rx=0 tx=0).connect
2024-04-24T23:19:34.290 INFO:teuthology.orchestra.run.smithi080.stdout:/usr/bin/ceph: stderr
2024-04-24T23:19:33.116+0000 7fb186790700 1 -- --> [v2:172.21.15.80:3300/0,v1:172.21.15.80:6789/0] -- mon_getmap magic: 0 -- 0x7fb180108600 con 0x7fb180107c10
2024-04-24T23:19:34.290 INFO:teuthology.orchestra.run.smithi080.stdout:/usr/bin/ceph: stderr
2024-04-24T23:19:33.117+0000 7fb17ffff700 1 --2- >> [v2:172.21.15.80:3300/0,v1:172.21.15.80:6789/0] conn(0x7fb180107c10 0x7fb180108030 unknown :-1 s=BANNER_CONNECTING pgs=0 cs=0 l=0 rev1=0 crypto rx=0 tx=0 comp rx=0 tx=0)._handle_peer_banner_payload supported=3 required=0
2024-04-24T23:19:34.290 INFO:teuthology.orchestra.run.smithi080.stdout:/usr/bin/ceph: stderr
2024-04-24T23:19:33.117+0000 7fb17ffff700 1 --2- >> [v2:172.21.15.80:3300/0,v1:172.21.15.80:6789/0] conn(0x7fb180107c10 0x7fb180108030 unknown :-1 s=HELLO_CONNECTING pgs=0 cs=0 l=0 rev1=1 crypto rx=0 tx=0 comp rx=0 tx=0).handle_hello peer v2:172.21.15.80:3300/0 says I am v2:172.21.15.80:59750/0 (socket says 172.21.15.80:59750)
2024-04-24T23:19:34.290 INFO:teuthology.orchestra.run.smithi080.stdout:/usr/bin/ceph: stderr
2024-04-24T23:19:33.117+0000 7fb17ffff700 1 -- 172.21.15.80:0/3901099097 learned_addr learned my addr 172.21.15.80:0/3901099097 (peer_addr_for_me v2:172.21.15.80:0/0)
2024-04-24T23:19:34.290 INFO:teuthology.orchestra.run.smithi080.stdout:/usr/bin/ceph: stderr
2024-04-24T23:19:33.117+0000 7fb17ffff700 1 -- 172.21.15.80:0/3901099097 --> [v2:172.21.15.80:3300/0,v1:172.21.15.80:6789/0] -- mon_subscribe({config=0+,monmap=0+}) -- 0x7fb180108dc0 con 0x7fb180107c10
2024-04-24T23:19:34.290 INFO:teuthology.orchestra.run.smithi080.stdout:/usr/bin/ceph: stderr
2024-04-24T23:19:33.117+0000 7fb17ffff700 1 --2- 172.21.15.80:0/3901099097 >> [v2:172.21.15.80:3300/0,v1:172.21.15.80:6789/0] conn(0x7fb180107c10 0x7fb180108030 secure :-1 s=READY pgs=22 cs=0 l=1 rev1=1 crypto rx=0x7fb1700098a0 tx=0x7fb170009bb0 comp rx=0 tx=0).ready entity=mon.0 client_cookie=efa740365c383b37 server_cookie=0 in_seq=0 out_seq=0
2024-04-24T23:19:34.290 INFO:teuthology.orchestra.run.smithi080.stdout:/usr/bin/ceph: stderr
2024-04-24T23:19:33.117+0000 7fb17effd700 1 -- 172.21.15.80:0/3901099097 <== mon.0 v2:172.21.15.80:3300/0 1 ==== mon_map magic: 0 ==== 205+0+0 (secure 0 0 0) 0x7fb170004160 con 0x7fb180107c10
2024-04-24T23:19:34.290 INFO:teuthology.orchestra.run.smithi080.stdout:/usr/bin/ceph: stderr
2024-04-24T23:19:33.117+0000 7fb17effd700 1 -- 172.21.15.80:0/3901099097 <== mon.0 v2:172.21.15.80:3300/0 2 ==== config(27 keys) ==== 1109+0+0 (secure 0 0 0) 0x7fb170004300 con 0x7fb180107c10
2024-04-24T23:19:34.290 INFO:teuthology.orchestra.run.smithi080.stdout:/usr/bin/ceph: stderr
2024-04-24T23:19:33.117+0000 7fb17effd700 1 -- 172.21.15.80:0/3901099097 <== mon.0 v2:172.21.15.80:3300/0 3 ==== mon_map magic: 0 ==== 205+0+0 (secure 0 0 0) 0x7fb170011b50 con 0x7fb180107c10
2024-04-24T23:19:34.290 INFO:teuthology.orchestra.run.smithi080.stdout:/usr/bin/ceph: stderr
2024-04-24T23:19:33.118+0000 7fb186790700 1 -- 172.21.15.80:0/3901099097 >> [v2:172.21.15.80:3300/0,v1:172.21.15.80:6789/0] conn(0x7fb180107c10 msgr2=0x7fb180108030 secure :-1 s=STATE_CONNECTION_ESTABLISHED l=1).mark_down
2024-04-24T23:19:34.290 INFO:teuthology.orchestra.run.smithi080.stdout:/usr/bin/ceph: stderr
2024-04-24T23:19:33.118+0000 7fb186790700 1 --2- 172.21.15.80:0/3901099097 >> [v2:172.21.15.80:3300/0,v1:172.21.15.80:6789/0] conn(0x7fb180107c10 0x7fb180108030 secure :-1 s=READY pgs=22 cs=0 l=1 rev1=1 crypto rx=0x7fb1700098a0 tx=0x7fb170009bb0 comp rx=0 tx=0).stop
2024-04-24T23:19:34.291 INFO:teuthology.orchestra.run.smithi080.stdout:/usr/bin/ceph: stderr
2024-04-24T23:19:33.118+0000 7fb186790700 1 -- 172.21.15.80:0/3901099097 shutdown_connections
2024-04-24T23:19:34.291 INFO:teuthology.orchestra.run.smithi080.stdout:/usr/bin/ceph: stderr
2024-04-24T23:19:33.118+0000 7fb186790700 1 --2- 172.21.15.80:0/3901099097 >> [v2:172.21.15.80:3300/0,v1:172.21.15.80:6789/0] conn(0x7fb180107c10 0x7fb180108030 unknown :-1 s=CLOSED pgs=22 cs=0 l=1 rev1=1 crypto rx=0 tx=0 comp rx=0 tx=0).stop
2024-04-24T23:19:34.291 INFO:teuthology.orchestra.run.smithi080.stdout:/usr/bin/ceph: stderr
2024-04-24T23:19:33.118+0000 7fb186790700 1 -- 172.21.15.80:0/3901099097 >> 172.21.15.80:0/3901099097 conn(0x7fb1801031d0 msgr2=0x7fb1801055f0 unknown :-1 s=STATE_NONE l=0).mark_down
2024-04-24T23:19:34.291 INFO:teuthology.orchestra.run.smithi080.stdout:/usr/bin/ceph: stderr
2024-04-24T23:19:33.118+0000 7fb186790700 1 -- 172.21.15.80:0/3901099097 shutdown_connections
2024-04-24T23:19:34.291 INFO:teuthology.orchestra.run.smithi080.stdout:/usr/bin/ceph: stderr
2024-04-24T23:19:33.118+0000 7fb186790700 1 -- 172.21.15.80:0/3901099097 wait complete.
2024-04-24T23:19:34.291 INFO:teuthology.orchestra.run.smithi080.stdout:/usr/bin/ceph: stderr
2024-04-24T23:19:33.118+0000 7fb186790700 1 Processor -- start
2024-04-24T23:19:34.291 INFO:teuthology.orchestra.run.smithi080.stdout:/usr/bin/ceph: stderr
2024-04-24T23:19:33.118+0000 7fb186790700 1 -- start start
2024-04-24T23:19:34.291 INFO:teuthology.orchestra.run.smithi080.stdout:/usr/bin/ceph: stderr
2024-04-24T23:19:33.119+0000 7fb186790700 1 --2- >> [v2:172.21.15.80:3300/0,v1:172.21.15.80:6789/0] conn(0x7fb180107c10 0x7fb18007db00 unknown :-1 s=NONE pgs=0 cs=0 l=1 rev1=0 crypto rx=0 tx=0 comp rx=0 tx=0).connect
2024-04-24T23:19:34.291 INFO:teuthology.orchestra.run.smithi080.stdout:/usr/bin/ceph: stderr
2024-04-24T23:19:33.119+0000 7fb186790700 1 -- --> [v2:172.21.15.80:3300/0,v1:172.21.15.80:6789/0] -- mon_getmap magic: 0 -- 0x7fb18010c170 con 0x7fb180107c10
2024-04-24T23:19:34.291 INFO:teuthology.orchestra.run.smithi080.stdout:/usr/bin/ceph: stderr
2024-04-24T23:19:33.119+0000 7fb17ffff700 1 --2- >> [v2:172.21.15.80:3300/0,v1:172.21.15.80:6789/0] conn(0x7fb180107c10 0x7fb18007db00 unknown :-1 s=BANNER_CONNECTING pgs=0 cs=0 l=1 rev1=0 crypto rx=0 tx=0 comp rx=0 tx=0)._handle_peer_banner_payload supported=3 required=0
2024-04-24T23:19:34.291 INFO:teuthology.orchestra.run.smithi080.stdout:/usr/bin/ceph: stderr
2024-04-24T23:19:33.119+0000 7fb17ffff700 1 --2- >> [v2:172.21.15.80:3300/0,v1:172.21.15.80:6789/0] conn(0x7fb180107c10 0x7fb18007db00 unknown :-1 s=HELLO_CONNECTING pgs=0 cs=0 l=1 rev1=1 crypto rx=0 tx=0 comp rx=0 tx=0).handle_hello peer v2:172.21.15.80:3300/0 says I am v2:172.21.15.80:59752/0 (socket says 172.21.15.80:59752)
2024-04-24T23:19:34.291 INFO:teuthology.orchestra.run.smithi080.stdout:/usr/bin/ceph: stderr
2024-04-24T23:19:33.119+0000 7fb17ffff700 1 -- 172.21.15.80:0/1796632525 learned_addr learned my addr 172.21.15.80:0/1796632525 (peer_addr_for_me v2:172.21.15.80:0/0)
2024-04-24T23:19:34.291 INFO:teuthology.orchestra.run.smithi080.stdout:/usr/bin/ceph: stderr
2024-04-24T23:19:33.119+0000 7fb17ffff700 1 -- 172.21.15.80:0/1796632525 --> [v2:172.21.15.80:3300/0,v1:172.21.15.80:6789/0] -- mon_subscribe({config=0+,monmap=0+}) -- 0x7fb18007e040 con 0x7fb180107c10
2024-04-24T23:19:34.291 INFO:teuthology.orchestra.run.smithi080.stdout:/usr/bin/ceph: stderr
