2024-04-24T23:26:05.615+0000 7f80a9c6b700 1 --2- 172.21.15.83:0/3927532092 >> [v2:172.21.15.83:6800/2715094068,v1:172.21.15.83:6801/2715094068] conn(0x7f808c038f40 0x7f808c03b400 secure :-1 s=READY pgs=7 cs=0 l=1 rev1=1 crypto rx=0x7f8094006fd0 tx=0x7f8094006e40 comp rx=0 tx=0).stop
2024-04-24T23:26:06.160 INFO:teuthology.orchestra.run.smithi083.stdout:/usr/bin/ceph: stderr
2024-04-24T23:26:05.615+0000 7f80a9c6b700 1 -- 172.21.15.83:0/3927532092 >> [v2:172.21.15.83:3300/0,v1:172.21.15.83:6789/0] conn(0x7f80a41069d0 msgr2=0x7f80a407ba60 secure :-1 s=STATE_CONNECTION_ESTABLISHED l=1).mark_down
2024-04-24T23:26:06.160 INFO:teuthology.orchestra.run.smithi083.stdout:/usr/bin/ceph: stderr
2024-04-24T23:26:05.615+0000 7f80a9c6b700 1 --2- 172.21.15.83:0/3927532092 >> [v2:172.21.15.83:3300/0,v1:172.21.15.83:6789/0] conn(0x7f80a41069d0 0x7f80a407ba60 secure :-1 s=READY pgs=71 cs=0 l=1 rev1=1 crypto rx=0x7f8098011710 tx=0x7f8098011ad0 comp rx=0 tx=0).stop
2024-04-24T23:26:06.160 INFO:teuthology.orchestra.run.smithi083.stdout:/usr/bin/ceph: stderr
2024-04-24T23:26:05.615+0000 7f80a9c6b700 1 -- 172.21.15.83:0/3927532092 shutdown_connections
2024-04-24T23:26:06.160 INFO:teuthology.orchestra.run.smithi083.stdout:/usr/bin/ceph: stderr
2024-04-24T23:26:05.615+0000 7f80a9c6b700 1 --2- 172.21.15.83:0/3927532092 >> [v2:172.21.15.83:6800/2715094068,v1:172.21.15.83:6801/2715094068] conn(0x7f808c038f40 0x7f808c03b400 unknown :-1 s=CLOSED pgs=7 cs=0 l=1 rev1=1 crypto rx=0 tx=0 comp rx=0 tx=0).stop
2024-04-24T23:26:06.160 INFO:teuthology.orchestra.run.smithi083.stdout:/usr/bin/ceph: stderr
2024-04-24T23:26:05.615+0000 7f80a9c6b700 1 --2- 172.21.15.83:0/3927532092 >> [v2:172.21.15.83:3300/0,v1:172.21.15.83:6789/0] conn(0x7f80a41069d0 0x7f80a407ba60 unknown :-1 s=CLOSED pgs=71 cs=0 l=1 rev1=1 crypto rx=0 tx=0 comp rx=0 tx=0).stop
2024-04-24T23:26:06.160 INFO:teuthology.orchestra.run.smithi083.stdout:/usr/bin/ceph: stderr
2024-04-24T23:26:05.615+0000 7f80a9c6b700 1 -- 172.21.15.83:0/3927532092 >> 172.21.15.83:0/3927532092 conn(0x7f80a4101f30 msgr2=0x7f80a4102ac0 unknown :-1 s=STATE_NONE l=0).mark_down
2024-04-24T23:26:06.161 INFO:teuthology.orchestra.run.smithi083.stdout:/usr/bin/ceph: stderr
2024-04-24T23:26:05.615+0000 7f80a9c6b700 1 -- 172.21.15.83:0/3927532092 shutdown_connections
2024-04-24T23:26:06.161 INFO:teuthology.orchestra.run.smithi083.stdout:/usr/bin/ceph: stderr
2024-04-24T23:26:05.615+0000 7f80a9c6b700 1 -- 172.21.15.83:0/3927532092 wait complete.
2024-04-24T23:26:06.161 INFO:teuthology.orchestra.run.smithi083.stdout:Creating initial admin user...
2024-04-24T23:26:06.516 INFO:journalctl@ceph.mon.a.smithi083.stdout:Apr 24 23:26:06 smithi083 ceph-mon[29175]: mgrmap e12: x(active, since 2s)
2024-04-24T23:26:06.516 INFO:journalctl@ceph.mon.a.smithi083.stdout:Apr 24 23:26:06 smithi083 ceph-mon[29175]: from='client.14164 -' entity='client.admin' cmd=[{"prefix": "dashboard create-self-signed-cert", "target": ["mon-mgr", ""]}]: dispatch
2024-04-24T23:26:06.516 INFO:journalctl@ceph.mon.a.smithi083.stdout:Apr 24 23:26:06 smithi083 ceph-mon[29175]: from='mgr.14152 172.21.15.83:0/1396489663' entity='mgr.x'
2024-04-24T23:26:06.516 INFO:journalctl@ceph.mon.a.smithi083.stdout:Apr 24 23:26:06 smithi083 ceph-mon[29175]: from='mgr.14152 172.21.15.83:0/1396489663' entity='mgr.x'
2024-04-24T23:26:06.517 INFO:journalctl@ceph.mon.a.smithi083.stdout:Apr 24 23:26:06 smithi083 ceph-mon[29175]: from='mgr.14152 172.21.15.83:0/1396489663' entity='mgr.x'
2024-04-24T23:26:07.674 INFO:teuthology.orchestra.run.smithi083.stdout:/usr/bin/ceph: stdout {"username": "admin", "password": "$2b$12$KJDV2hnKud3vi53b7oJZg.Lq1k687/02AwJhX4687IAycGxvbT3Ja", "roles": ["administrator"], "name": null, "email": null, "lastUpdate": 1714001166, "enabled": true, "pwdExpirationDate": null, "pwdUpdateRequired": true}
2024-04-24T23:26:07.674 INFO:teuthology.orchestra.run.smithi083.stdout:/usr/bin/ceph: stderr
2024-04-24T23:26:06.533+0000 7fc9b94e5700 1 Processor -- start
2024-04-24T23:26:07.674 INFO:teuthology.orchestra.run.smithi083.stdout:/usr/bin/ceph: stderr
2024-04-24T23:26:06.533+0000 7fc9b94e5700 1 -- start start
2024-04-24T23:26:07.675 INFO:teuthology.orchestra.run.smithi083.stdout:/usr/bin/ceph: stderr
2024-04-24T23:26:06.533+0000 7fc9b94e5700 1 --2- >> [v2:172.21.15.83:3300/0,v1:172.21.15.83:6789/0] conn(0x7fc9b41069f0 0x7fc9b4106e10 unknown :-1 s=NONE pgs=0 cs=0 l=0 rev1=0 crypto rx=0 tx=0 comp rx=0 tx=0).connect
2024-04-24T23:26:07.675 INFO:teuthology.orchestra.run.smithi083.stdout:/usr/bin/ceph: stderr
2024-04-24T23:26:06.533+0000 7fc9b94e5700 1 -- --> [v2:172.21.15.83:3300/0,v1:172.21.15.83:6789/0] -- mon_getmap magic: 0 -- 0x7fc9b41073e0 con 0x7fc9b41069f0
2024-04-24T23:26:07.675 INFO:teuthology.orchestra.run.smithi083.stdout:/usr/bin/ceph: stderr
2024-04-24T23:26:06.534+0000 7fc9b2ffd700 1 --2- >> [v2:172.21.15.83:3300/0,v1:172.21.15.83:6789/0] conn(0x7fc9b41069f0 0x7fc9b4106e10 unknown :-1 s=BANNER_CONNECTING pgs=0 cs=0 l=0 rev1=0 crypto rx=0 tx=0 comp rx=0 tx=0)._handle_peer_banner_payload supported=3 required=0
2024-04-24T23:26:07.675 INFO:teuthology.orchestra.run.smithi083.stdout:/usr/bin/ceph: stderr
2024-04-24T23:26:06.534+0000 7fc9b2ffd700 1 --2- >> [v2:172.21.15.83:3300/0,v1:172.21.15.83:6789/0] conn(0x7fc9b41069f0 0x7fc9b4106e10 unknown :-1 s=HELLO_CONNECTING pgs=0 cs=0 l=0 rev1=1 crypto rx=0 tx=0 comp rx=0 tx=0).handle_hello peer v2:172.21.15.83:3300/0 says I am v2:172.21.15.83:40474/0 (socket says 172.21.15.83:40474)
2024-04-24T23:26:07.675 INFO:teuthology.orchestra.run.smithi083.stdout:/usr/bin/ceph: stderr
2024-04-24T23:26:06.534+0000 7fc9b2ffd700 1 -- 172.21.15.83:0/2120201286 learned_addr learned my addr 172.21.15.83:0/2120201286 (peer_addr_for_me v2:172.21.15.83:0/0)
2024-04-24T23:26:07.675 INFO:teuthology.orchestra.run.smithi083.stdout:/usr/bin/ceph: stderr
2024-04-24T23:26:06.534+0000 7fc9b2ffd700 1 -- 172.21.15.83:0/2120201286 --> [v2:172.21.15.83:3300/0,v1:172.21.15.83:6789/0] -- mon_subscribe({config=0+,monmap=0+}) -- 0x7fc9b4107bf0 con 0x7fc9b41069f0
2024-04-24T23:26:07.675 INFO:teuthology.orchestra.run.smithi083.stdout:/usr/bin/ceph: stderr
2024-04-24T23:26:06.534+0000 7fc9b2ffd700 1 --2- 172.21.15.83:0/2120201286 >> [v2:172.21.15.83:3300/0,v1:172.21.15.83:6789/0] conn(0x7fc9b41069f0 0x7fc9b4106e10 secure :-1 s=READY pgs=72 cs=0 l=1 rev1=1 crypto rx=0x7fc9a4009e80 tx=0x7fc9a400b330 comp rx=0 tx=0).ready entity=mon.0 client_cookie=27e0405447be407b server_cookie=0 in_seq=0 out_seq=0
2024-04-24T23:26:07.675 INFO:teuthology.orchestra.run.smithi083.stdout:/usr/bin/ceph: stderr
2024-04-24T23:26:06.534+0000 7fc9b1ffb700 1 -- 172.21.15.83:0/2120201286 <== mon.0 v2:172.21.15.83:3300/0 1 ==== mon_map magic: 0 ==== 205+0+0 (secure 0 0 0) 0x7fc9a4017070 con 0x7fc9b41069f0
2024-04-24T23:26:07.675 INFO:teuthology.orchestra.run.smithi083.stdout:/usr/bin/ceph: stderr
2024-04-24T23:26:06.534+0000 7fc9b1ffb700 1 -- 172.21.15.83:0/2120201286 <== mon.0 v2:172.21.15.83:3300/0 2 ==== config(26 keys) ==== 1102+0+0 (secure 0 0 0) 0x7fc9a400b8c0 con 0x7fc9b41069f0
2024-04-24T23:26:07.675 INFO:teuthology.orchestra.run.smithi083.stdout:/usr/bin/ceph: stderr
2024-04-24T23:26:06.534+0000 7fc9b1ffb700 1 -- 172.21.15.83:0/2120201286 <== mon.0 v2:172.21.15.83:3300/0 3 ==== mon_map magic: 0 ==== 205+0+0 (secure 0 0 0) 0x7fc9a4004490 con 0x7fc9b41069f0
2024-04-24T23:26:07.675 INFO:teuthology.orchestra.run.smithi083.stdout:/usr/bin/ceph: stderr
2024-04-24T23:26:06.535+0000 7fc9b94e5700 1 -- 172.21.15.83:0/2120201286 >> [v2:172.21.15.83:3300/0,v1:172.21.15.83:6789/0] conn(0x7fc9b41069f0 msgr2=0x7fc9b4106e10 secure :-1 s=STATE_CONNECTION_ESTABLISHED l=1).mark_down
2024-04-24T23:26:07.675 INFO:teuthology.orchestra.run.smithi083.stdout:/usr/bin/ceph: stderr
2024-04-24T23:26:06.535+0000 7fc9b94e5700 1 --2- 172.21.15.83:0/2120201286 >> [v2:172.21.15.83:3300/0,v1:172.21.15.83:6789/0] conn(0x7fc9b41069f0 0x7fc9b4106e10 secure :-1 s=READY pgs=72 cs=0 l=1 rev1=1 crypto rx=0x7fc9a4009e80 tx=0x7fc9a400b330 comp rx=0 tx=0).stop
2024-04-24T23:26:07.675 INFO:teuthology.orchestra.run.smithi083.stdout:/usr/bin/ceph: stderr
2024-04-24T23:26:06.535+0000 7fc9b94e5700 1 -- 172.21.15.83:0/2120201286 shutdown_connections
2024-04-24T23:26:07.676 INFO:teuthology.orchestra.run.smithi083.stdout:/usr/bin/ceph: stderr
2024-04-24T23:26:06.535+0000 7fc9b94e5700 1 --2- 172.21.15.83:0/2120201286 >> [v2:172.21.15.83:3300/0,v1:172.21.15.83:6789/0] conn(0x7fc9b41069f0 0x7fc9b4106e10 unknown :-1 s=CLOSED pgs=72 cs=0 l=1 rev1=1 crypto rx=0 tx=0 comp rx=0 tx=0).stop
2024-04-24T23:26:07.676 INFO:teuthology.orchestra.run.smithi083.stdout:/usr/bin/ceph: stderr
2024-04-24T23:26:06.535+0000 7fc9b94e5700 1 -- 172.21.15.83:0/2120201286 >> 172.21.15.83:0/2120201286 conn(0x7fc9b4101ff0 msgr2=0x7fc9b4104410 unknown :-1 s=STATE_NONE l=0).mark_down
2024-04-24T23:26:07.676 INFO:teuthology.orchestra.run.smithi083.stdout:/usr/bin/ceph: stderr
2024-04-24T23:26:06.535+0000 7fc9b94e5700 1 -- 172.21.15.83:0/2120201286 shutdown_connections
2024-04-24T23:26:07.676 INFO:teuthology.orchestra.run.smithi083.stdout:/usr/bin/ceph: stderr
2024-04-24T23:26:06.535+0000 7fc9b94e5700 1 -- 172.21.15.83:0/2120201286 wait complete.
2024-04-24T23:26:07.676 INFO:teuthology.orchestra.run.smithi083.stdout:/usr/bin/ceph: stderr
2024-04-24T23:26:06.535+0000 7fc9b94e5700 1 Processor -- start
2024-04-24T23:26:07.676 INFO:teuthology.orchestra.run.smithi083.stdout:/usr/bin/ceph: stderr
2024-04-24T23:26:06.536+0000 7fc9b94e5700 1 -- start start
2024-04-24T23:26:07.676 INFO:teuthology.orchestra.run.smithi083.stdout:/usr/bin/ceph: stderr
2024-04-24T23:26:06.536+0000 7fc9b94e5700 1 --2- >> [v2:172.21.15.83:3300/0,v1:172.21.15.83:6789/0] conn(0x7fc9b41069f0 0x7fc9b419a980 unknown :-1 s=NONE pgs=0 cs=0 l=1 rev1=0 crypto rx=0 tx=0 comp rx=0 tx=0).connect
2024-04-24T23:26:07.676 INFO:teuthology.orchestra.run.smithi083.stdout:/usr/bin/ceph: stderr
2024-04-24T23:26:06.536+0000 7fc9b94e5700 1 -- --> [v2:172.21.15.83:3300/0,v1:172.21.15.83:6789/0] -- mon_getmap magic: 0 -- 0x7fc9b410afa0 con 0x7fc9b41069f0
2024-04-24T23:26:07.676 INFO:teuthology.orchestra.run.smithi083.stdout:/usr/bin/ceph: stderr
2024-04-24T23:26:06.536+0000 7fc9b2ffd700 1 --2- >> [v2:172.21.15.83:3300/0,v1:172.21.15.83:6789/0] conn(0x7fc9b41069f0 0x7fc9b419a980 unknown :-1 s=BANNER_CONNECTING pgs=0 cs=0 l=1 rev1=0 crypto rx=0 tx=0 comp rx=0 tx=0)._handle_peer_banner_payload supported=3 required=0
2024-04-24T23:26:07.676 INFO:teuthology.orchestra.run.smithi083.stdout:/usr/bin/ceph: stderr
2024-04-24T23:26:06.536+0000 7fc9b2ffd700 1 --2- >> [v2:172.21.15.83:3300/0,v1:172.21.15.83:6789/0] conn(0x7fc9b41069f0 0x7fc9b419a980 unknown :-1 s=HELLO_CONNECTING pgs=0 cs=0 l=1 rev1=1 crypto rx=0 tx=0 comp rx=0 tx=0).handle_hello peer v2:172.21.15.83:3300/0 says I am v2:172.21.15.83:40490/0 (socket says 172.21.15.83:40490)
2024-04-24T23:26:07.676 INFO:teuthology.orchestra.run.smithi083.stdout:/usr/bin/ceph: stderr
2024-04-24T23:26:06.536+0000 7fc9b2ffd700 1 -- 172.21.15.83:0/2727949714 learned_addr learned my addr 172.21.15.83:0/2727949714 (peer_addr_for_me v2:172.21.15.83:0/0)
2024-04-24T23:26:07.676 INFO:teuthology.orchestra.run.smithi083.stdout:/usr/bin/ceph: stderr
2024-04-24T23:26:06.536+0000 7fc9b2ffd700 1 -- 172.21.15.83:0/2727949714 --> [v2:172.21.15.83:3300/0,v1:172.21.15.83:6789/0] -- mon_subscribe({config=0+,monmap=0+}) -- 0x7fc9b419aec0 con 0x7fc9b41069f0
2024-04-24T23:26:07.677 INFO:teuthology.orchestra.run.smithi083.stdout:/usr/bin/ceph: stderr
2024-04-24T23:26:06.536+0000 7fc9b2ffd700 1 --2- 172.21.15.83:0/2727949714 >> [v2:172.21.15.83:3300/0,v1:172.21.15.83:6789/0] conn(0x7fc9b41069f0 0x7fc9b419a980 secure :-1 s=READY pgs=73 cs=0 l=1 rev1=1 crypto rx=0x7fc9a40072a0 tx=0x7fc9a4003d00 comp rx=0 tx=0).ready entity=mon.0 client_cookie=0 server_cookie=0 in_seq=0 out_seq=0
2024-04-24T23:26:07.677 INFO:teuthology.orchestra.run.smithi083.stdout:/usr/bin/ceph: stderr
2024-04-24T23:26:06.536+0000 7fc9abfff700 1 -- 172.21.15.83:0/2727949714 <== mon.0 v2:172.21.15.83:3300/0 1 ==== mon_map magic: 0 ==== 205+0+0 (secure 0 0 0) 0x7fc9a4020020 con 0x7fc9b41069f0
2024-04-24T23:26:07.677 INFO:teuthology.orchestra.run.smithi083.stdout:/usr/bin/ceph: stderr
2024-04-24T23:26:06.536+0000 7fc9b94e5700 1 -- 172.21.15.83:0/2727949714 --> [v2:172.21.15.83:3300/0,v1:172.21.15.83:6789/0] -- mon_subscribe({mgrmap=0+}) -- 0x7fc9b419b150 con 0x7fc9b41069f0
2024-04-24T23:26:07.677 INFO:teuthology.orchestra.run.smithi083.stdout:/usr/bin/ceph: stderr
2024-04-24T23:26:06.536+0000 7fc9abfff700 1 -- 172.21.15.83:0/2727949714 <== mon.0 v2:172.21.15.83:3300/0 2 ==== config(26 keys) ==== 1102+0+0 (secure 0 0 0) 0x7fc9a400bba0 con 0x7fc9b41069f0
2024-04-24T23:26:07.677 INFO:teuthology.orchestra.run.smithi083.stdout:/usr/bin/ceph: stderr
2024-04-24T23:26:06.536+0000 7fc9abfff700 1 -- 172.21.15.83:0/2727949714 <== mon.0 v2:172.21.15.83:3300/0 3 ==== mon_map magic: 0 ==== 205+0+0 (secure 0 0 0) 0x7fc9a4017040 con 0x7fc9b41069f0
2024-04-24T23:26:07.677 INFO:teuthology.orchestra.run.smithi083.stdout:/usr/bin/ceph: stderr
2024-04-24T23:26:06.537+0000 7fc9b94e5700 1 -- 172.21.15.83:0/2727949714 --> [v2:172.21.15.83:3300/0,v1:172.21.15.83:6789/0] -- mon_subscribe({osdmap=0}) -- 0x7fc9b419de40 con 0x7fc9b41069f0
2024-04-24T23:26:07.677 INFO:teuthology.orchestra.run.smithi083.stdout:/usr/bin/ceph: stderr
2024-04-24T23:26:06.537+0000 7fc9abfff700 1 -- 172.21.15.83:0/2727949714 <== mon.0 v2:172.21.15.83:3300/0 4 ==== mgrmap(e 12) ==== 46300+0+0 (secure 0 0 0) 0x7fc9a4023020 con 0x7fc9b41069f0
2024-04-24T23:26:07.677 INFO:teuthology.orchestra.run.smithi083.stdout:/usr/bin/ceph: stderr
2024-04-24T23:26:06.537+0000 7fc9abfff700 1 --2- 172.21.15.83:0/2727949714 >> [v2:172.21.15.83:6800/2715094068,v1:172.21.15.83:6801/2715094068] conn(0x7fc9a0039050 0x7fc9a003b510 unknown :-1 s=NONE pgs=0 cs=0 l=1 rev1=0 crypto rx=0 tx=0 comp rx=0 tx=0).connect
2024-04-24T23:26:07.677 INFO:teuthology.orchestra.run.smithi083.stdout:/usr/bin/ceph: stderr
2024-04-24T23:26:06.537+0000 7fc9abfff700 1 -- 172.21.15.83:0/2727949714 <== mon.0 v2:172.21.15.83:3300/0 5 ==== osd_map(3..3 src has 1..3) ==== 1155+0+0 (secure 0 0 0) 0x7fc9a400f050 con 0x7fc9b41069f0
2024-04-24T23:26:07.677 INFO:teuthology.orchestra.run.smithi083.stdout:/usr/bin/ceph: stderr
2024-04-24T23:26:06.538+0000 7fc9b27fc700 1 --2- 172.21.15.83:0/2727949714 >> [v2:172.21.15.83:6800/2715094068,v1:172.21.15.83:6801/2715094068] conn(0x7fc9a0039050 0x7fc9a003b510 unknown :-1 s=BANNER_CONNECTING pgs=0 cs=0 l=1 rev1=0 crypto rx=0 tx=0 comp rx=0 tx=0)._handle_peer_banner_payload supported=3 required=0
2024-04-24T23:26:07.677 INFO:teuthology.orchestra.run.smithi083.stdout:/usr/bin/ceph: stderr
2024-04-24T23:26:06.538+0000 7fc9b94e5700 1 -- 172.21.15.83:0/2727949714 --> [v2:172.21.15.83:3300/0,v1:172.21.15.83:6789/0] -- mon_command({"prefix": "get_command_descriptions"} v 0) -- 0x7fc9b4063890 con 0x7fc9b41069f0
2024-04-24T23:26:07.677 INFO:teuthology.orchestra.run.smithi083.stdout:/usr/bin/ceph: stderr
2024-04-24T23:26:06.538+0000 7fc9b27fc700 1 --2- 172.21.15.83:0/2727949714 >> [v2:172.21.15.83:6800/2715094068,v1:172.21.15.83:6801/2715094068] conn(0x7fc9a0039050 0x7fc9a003b510 secure :-1 s=READY pgs=8 cs=0 l=1 rev1=1 crypto rx=0x7fc99c006fd0 tx=0x7fc99c006e40 comp rx=0 tx=0).ready entity=mgr.14152 client_cookie=0 server_cookie=0 in_seq=0 out_seq=0
2024-04-24T23:26:07.677 INFO:teuthology.orchestra.run.smithi083.stdout:/usr/bin/ceph: stderr
2024-04-24T23:26:06.543+0000 7fc9abfff700 1 -- 172.21.15.83:0/2727949714 <== mon.0 v2:172.21.15.83:3300/0 6 ==== mon_command_ack([{"prefix": "get_command_descriptions"}]=0 v0) ==== 72+0+186147 (secure 0 0 0) 0x7fc9a402a020 con 0x7fc9b41069f0
2024-04-24T23:26:07.678 INFO:teuthology.orchestra.run.smithi083.stdout:/usr/bin/ceph: stderr
2024-04-24T23:26:06.763+0000 7fc9b94e5700 1 -- 172.21.15.83:0/2727949714 --> [v2:172.21.15.83:6800/2715094068,v1:172.21.15.83:6801/2715094068] -- mgr_command(tid 0: {"prefix": "dashboard ac-user-create", "username": "admin", "rolename": "administrator", "force_password": true, "pwd_update_required": true, "target": ["mon-mgr", ""]}) -- 0x7fc9b4103210 con 0x7fc9a0039050
2024-04-24T23:26:07.678 INFO:teuthology.orchestra.run.smithi083.stdout:/usr/bin/ceph: stderr
2024-04-24T23:26:06.987+0000 7fc9abfff700 1 -- 172.21.15.83:0/2727949714 <== mgr.14152 v2:172.21.15.83:6800/2715094068 1 ==== mgr_command_reply(tid 0: 0 ) ==== 8+0+252 (secure 0 0 0) 0x7fc9b4103210 con 0x7fc9a0039050
2024-04-24T23:26:07.678 INFO:teuthology.orchestra.run.smithi083.stdout:/usr/bin/ceph: stderr
2024-04-24T23:26:06.989+0000 7fc9b94e5700 1 -- 172.21.15.83:0/2727949714 >> [v2:172.21.15.83:6800/2715094068,v1:172.21.15.83:6801/2715094068] conn(0x7fc9a0039050 msgr2=0x7fc9a003b510 secure :-1 s=STATE_CONNECTION_ESTABLISHED l=1).mark_down
2024-04-24T23:26:07.678 INFO:teuthology.orchestra.run.smithi083.stdout:/usr/bin/ceph: stderr
2024-04-24T23:26:06.989+0000 7fc9b94e5700 1 --2- 172.21.15.83:0/2727949714 >> [v2:172.21.15.83:6800/2715094068,v1:172.21.15.83:6801/2715094068] conn(0x7fc9a0039050 0x7fc9a003b510 secure :-1 s=READY pgs=8 cs=0 l=1 rev1=1 crypto rx=0x7fc99c006fd0 tx=0x7fc99c006e40 comp rx=0 tx=0).stop
2024-04-24T23:26:07.678 INFO:teuthology.orchestra.run.smithi083.stdout:/usr/bin/ceph: stderr
2024-04-24T23:26:06.989+0000 7fc9b94e5700 1 -- 172.21.15.83:0/2727949714 >> [v2:172.21.15.83:3300/0,v1:172.21.15.83:6789/0] conn(0x7fc9b41069f0 msgr2=0x7fc9b419a980 secure :-1 s=STATE_CONNECTION_ESTABLISHED l=1).mark_down
2024-04-24T23:26:07.678 INFO:teuthology.orchestra.run.smithi083.stdout:/usr/bin/ceph: stderr
2024-04-24T23:26:06.989+0000 7fc9b94e5700 1 --2- 172.21.15.83:0/2727949714 >> [v2:172.21.15.83:3300/0,v1:172.21.15.83:6789/0] conn(0x7fc9b41069f0 0x7fc9b419a980 secure :-1 s=READY pgs=73 cs=0 l=1 rev1=1 crypto rx=0x7fc9a40072a0 tx=0x7fc9a4003d00 comp rx=0 tx=0).stop
2024-04-24T23:26:07.678 INFO:teuthology.orchestra.run.smithi083.stdout:/usr/bin/ceph: stderr
2024-04-24T23:26:06.989+0000 7fc9b94e5700 1 -- 172.21.15.83:0/2727949714 shutdown_connections
2024-04-24T23:26:07.678 INFO:teuthology.orchestra.run.smithi083.stdout:/usr/bin/ceph: stderr
2024-04-24T23:26:06.989+0000 7fc9b94e5700 1 --2- 172.21.15.83:0/2727949714 >> [v2:172.21.15.83:6800/2715094068,v1:172.21.15.83:6801/2715094068] conn(0x7fc9a0039050 0x7fc9a003b510 unknown :-1 s=CLOSED pgs=8 cs=0 l=1 rev1=1 crypto rx=0 tx=0 comp rx=0 tx=0).stop
2024-04-24T23:26:07.678 INFO:teuthology.orchestra.run.smithi083.stdout:/usr/bin/ceph: stderr
2024-04-24T23:26:06.989+0000 7fc9b94e5700 1 --2- 172.21.15.83:0/2727949714 >> [v2:172.21.15.83:3300/0,v1:172.21.15.83:6789/0] conn(0x7fc9b41069f0 0x7fc9b419a980 unknown :-1 s=CLOSED pgs=73 cs=0 l=1 rev1=1 crypto rx=0 tx=0 comp rx=0 tx=0).stop
2024-04-24T23:26:07.678 INFO:teuthology.orchestra.run.smithi083.stdout:/usr/bin/ceph: stderr
2024-04-24T23:26:06.989+0000 7fc9b94e5700 1 -- 172.21.15.83:0/2727949714 >> 172.21.15.83:0/2727949714 conn(0x7fc9b4101ff0 msgr2=0x7fc9b4102b00 unknown :-1 s=STATE_NONE l=0).mark_down
2024-04-24T23:26:07.678 INFO:teuthology.orchestra.run.smithi083.stdout:/usr/bin/ceph: stderr
2024-04-24T23:26:06.989+0000 7fc9b94e5700 1 -- 172.21.15.83:0/2727949714 shutdown_connections
2024-04-24T23:26:07.678 INFO:teuthology.orchestra.run.smithi083.stdout:/usr/bin/ceph: stderr
2024-04-24T23:26:06.989+0000 7fc9b94e5700 1 -- 172.21.15.83:0/2727949714 wait complete.
2024-04-24T23:26:07.679 INFO:teuthology.orchestra.run.smithi083.stdout:Fetching dashboard port number...
2024-04-24T23:26:08.070 INFO:journalctl@ceph.mon.a.smithi083.stdout:Apr 24 23:26:07 smithi083 ceph-mon[29175]: from='client.14166 -' entity='client.admin' cmd=[{"prefix": "dashboard ac-user-create", "username": "admin", "rolename": "administrator", "force_password": true, "pwd_update_required": true, "target": ["mon-mgr", ""]}]: dispatch
2024-04-24T23:26:08.070 INFO:journalctl@ceph.mon.a.smithi083.stdout:Apr 24 23:26:07 smithi083 ceph-mon[29175]: from='mgr.14152 172.21.15.83:0/1396489663' entity='mgr.x'
2024-04-24T23:26:09.026 INFO:teuthology.orchestra.run.smithi083.stdout:/usr/bin/ceph: stdout 8443
2024-04-24T23:26:09.026 INFO:teuthology.orchestra.run.smithi083.stdout:/usr/bin/ceph: stderr
2024-04-24T23:26:08.079+0000 7ff2ffb46700 1 Processor -- start
2024-04-24T23:26:09.026 INFO:teuthology.orchestra.run.smithi083.stdout:/usr/bin/ceph: stderr
2024-04-24T23:26:08.079+0000 7ff2ffb46700 1 -- start start
2024-04-24T23:26:09.026 INFO:teuthology.orchestra.run.smithi083.stdout:/usr/bin/ceph: stderr
2024-04-24T23:26:08.079+0000 7ff2ffb46700 1 --2- >> [v2:172.21.15.83:3300/0,v1:172.21.15.83:6789/0] conn(0x7ff2f8107b20 0x7ff2f8107f40 unknown :-1 s=NONE pgs=0 cs=0 l=0 rev1=0 crypto rx=0 tx=0 comp rx=0 tx=0).connect
2024-04-24T23:26:09.026 INFO:teuthology.orchestra.run.smithi083.stdout:/usr/bin/ceph: stderr
2024-04-24T23:26:08.079+0000 7ff2ffb46700 1 -- --> [v2:172.21.15.83:3300/0,v1:172.21.15.83:6789/0] -- mon_getmap magic: 0 -- 0x7ff2f8108510 con 0x7ff2f8107b20
2024-04-24T23:26:09.026 INFO:teuthology.orchestra.run.smithi083.stdout:/usr/bin/ceph: stderr
2024-04-24T23:26:08.080+0000 7ff2fd8e2700 1 --2- >> [v2:172.21.15.83:3300/0,v1:172.21.15.83:6789/0] conn(0x7ff2f8107b20 0x7ff2f8107f40 unknown :-1 s=BANNER_CONNECTING pgs=0 cs=0 l=0 rev1=0 crypto rx=0 tx=0 comp rx=0 tx=0)._handle_peer_banner_payload supported=3 required=0
2024-04-24T23:26:09.026 INFO:teuthology.orchestra.run.smithi083.stdout:/usr/bin/ceph: stderr
2024-04-24T23:26:08.080+0000 7ff2fd8e2700 1 --2- >> [v2:172.21.15.83:3300/0,v1:172.21.15.83:6789/0] conn(0x7ff2f8107b20 0x7ff2f8107f40 unknown :-1 s=HELLO_CONNECTING pgs=0 cs=0 l=0 rev1=1 crypto rx=0 tx=0 comp rx=0 tx=0).handle_hello peer v2:172.21.15.83:3300/0 says I am v2:172.21.15.83:40506/0 (socket says 172.21.15.83:40506)
2024-04-24T23:26:09.026 INFO:teuthology.orchestra.run.smithi083.stdout:/usr/bin/ceph: stderr
2024-04-24T23:26:08.080+0000 7ff2fd8e2700 1 -- 172.21.15.83:0/1571507033 learned_addr learned my addr 172.21.15.83:0/1571507033 (peer_addr_for_me v2:172.21.15.83:0/0)
2024-04-24T23:26:09.026 INFO:teuthology.orchestra.run.smithi083.stdout:/usr/bin/ceph: stderr
2024-04-24T23:26:08.080+0000 7ff2fd8e2700 1 -- 172.21.15.83:0/1571507033 --> [v2:172.21.15.83:3300/0,v1:172.21.15.83:6789/0] -- mon_subscribe({config=0+,monmap=0+}) -- 0x7ff2f8108cd0 con 0x7ff2f8107b20
2024-04-24T23:26:09.026 INFO:teuthology.orchestra.run.smithi083.stdout:/usr/bin/ceph: stderr
2024-04-24T23:26:08.080+0000 7ff2fd8e2700 1 --2- 172.21.15.83:0/1571507033 >> [v2:172.21.15.83:3300/0,v1:172.21.15.83:6789/0] conn(0x7ff2f8107b20 0x7ff2f8107f40 secure :-1 s=READY pgs=74 cs=0 l=1 rev1=1 crypto rx=0x7ff2e80098a0 tx=0x7ff2e8009bb0 comp rx=0 tx=0).ready entity=mon.0 client_cookie=2e5425227356653 server_cookie=0 in_seq=0 out_seq=0
2024-04-24T23:26:09.027 INFO:teuthology.orchestra.run.smithi083.stdout:/usr/bin/ceph: stderr
2024-04-24T23:26:08.080+0000 7ff2fc8e0700 1 -- 172.21.15.83:0/1571507033 <== mon.0 v2:172.21.15.83:3300/0 1 ==== mon_map magic: 0 ==== 205+0+0 (secure 0 0 0) 0x7ff2e8004160 con 0x7ff2f8107b20
2024-04-24T23:26:09.027 INFO:teuthology.orchestra.run.smithi083.stdout:/usr/bin/ceph: stderr
2024-04-24T23:26:08.080+0000 7ff2fc8e0700 1 -- 172.21.15.83:0/1571507033 <== mon.0 v2:172.21.15.83:3300/0 2 ==== config(26 keys) ==== 1102+0+0 (secure 0 0 0) 0x7ff2e8004300 con 0x7ff2f8107b20
2024-04-24T23:26:09.027 INFO:teuthology.orchestra.run.smithi083.stdout:/usr/bin/ceph: stderr
2024-04-24T23:26:08.080+0000 7ff2fc8e0700 1 -- 172.21.15.83:0/1571507033 <== mon.0 v2:172.21.15.83:3300/0 3 ==== mon_map magic: 0 ==== 205+0+0 (secure 0 0 0) 0x7ff2e8011a50 con 0x7ff2f8107b20
2024-04-24T23:26:09.027 INFO:teuthology.orchestra.run.smithi083.stdout:/usr/bin/ceph: stderr
2024-04-24T23:26:08.081+0000 7ff2ffb46700 1 -- 172.21.15.83:0/1571507033 >> [v2:172.21.15.83:3300/0,v1:172.21.15.83:6789/0] conn(0x7ff2f8107b20 msgr2=0x7ff2f8107f40 secure :-1 s=STATE_CONNECTION_ESTABLISHED l=1).mark_down
2024-04-24T23:26:09.027 INFO:teuthology.orchestra.run.smithi083.stdout:/usr/bin/ceph: stderr
2024-04-24T23:26:08.081+0000 7ff2ffb46700 1 --2- 172.21.15.83:0/1571507033 >> [v2:172.21.15.83:3300/0,v1:172.21.15.83:6789/0] conn(0x7ff2f8107b20 0x7ff2f8107f40 secure :-1 s=READY pgs=74 cs=0 l=1 rev1=1 crypto rx=0x7ff2e80098a0 tx=0x7ff2e8009bb0 comp rx=0 tx=0).stop
2024-04-24T23:26:09.027 INFO:teuthology.orchestra.run.smithi083.stdout:/usr/bin/ceph: stderr
2024-04-24T23:26:08.081+0000 7ff2ffb46700 1 -- 172.21.15.83:0/1571507033 shutdown_connections
2024-04-24T23:26:09.027 INFO:teuthology.orchestra.run.smithi083.stdout:/usr/bin/ceph: stderr
2024-04-24T23:26:08.081+0000 7ff2ffb46700 1 --2- 172.21.15.83:0/1571507033 >> [v2:172.21.15.83:3300/0,v1:172.21.15.83:6789/0] conn(0x7ff2f8107b20 0x7ff2f8107f40 unknown :-1 s=CLOSED pgs=74 cs=0 l=1 rev1=1 crypto rx=0 tx=0 comp rx=0 tx=0).stop
2024-04-24T23:26:09.027 INFO:teuthology.orchestra.run.smithi083.stdout:/usr/bin/ceph: stderr
2024-04-24T23:26:08.081+0000 7ff2ffb46700 1 -- 172.21.15.83:0/1571507033 >> 172.21.15.83:0/1571507033 conn(0x7ff2f81030a0 msgr2=0x7ff2f8105500 unknown :-1 s=STATE_NONE l=0).mark_down
2024-04-24T23:26:09.027 INFO:teuthology.orchestra.run.smithi083.stdout:/usr/bin/ceph: stderr
2024-04-24T23:26:08.081+0000 7ff2ffb46700 1 -- 172.21.15.83:0/1571507033 shutdown_connections
2024-04-24T23:26:09.027 INFO:teuthology.orchestra.run.smithi083.stdout:/usr/bin/ceph: stderr
2024-04-24T23:26:08.081+0000 7ff2ffb46700 1 -- 172.21.15.83:0/1571507033 wait complete.
2024-04-24T23:26:09.027 INFO:teuthology.orchestra.run.smithi083.stdout:/usr/bin/ceph: stderr
2024-04-24T23:26:08.082+0000 7ff2ffb46700 1 Processor -- start
2024-04-24T23:26:09.027 INFO:teuthology.orchestra.run.smithi083.stdout:/usr/bin/ceph: stderr
2024-04-24T23:26:08.082+0000 7ff2ffb46700 1 -- start start
2024-04-24T23:26:09.027 INFO:teuthology.orchestra.run.smithi083.stdout:/usr/bin/ceph: stderr
2024-04-24T23:26:08.082+0000 7ff2ffb46700 1 --2- >> [v2:172.21.15.83:3300/0,v1:172.21.15.83:6789/0] conn(0x7ff2f8107b20 0x7ff2f807db60 unknown :-1 s=NONE pgs=0 cs=0 l=1 rev1=0 crypto rx=0 tx=0 comp rx=0 tx=0).connect
2024-04-24T23:26:09.027 INFO:teuthology.orchestra.run.smithi083.stdout:/usr/bin/ceph: stderr
2024-04-24T23:26:08.082+0000 7ff2ffb46700 1 -- --> [v2:172.21.15.83:3300/0,v1:172.21.15.83:6789/0] -- mon_getmap magic: 0 -- 0x7ff2f810c080 con 0x7ff2f8107b20
2024-04-24T23:26:09.028 INFO:teuthology.orchestra.run.smithi083.stdout:/usr/bin/ceph: stderr
2024-04-24T23:26:08.082+0000 7ff2fd8e2700 1 --2- >> [v2:172.21.15.83:3300/0,v1:172.21.15.83:6789/0] conn(0x7ff2f8107b20 0x7ff2f807db60 unknown :-1 s=BANNER_CONNECTING pgs=0 cs=0 l=1 rev1=0 crypto rx=0 tx=0 comp rx=0 tx=0)._handle_peer_banner_payload supported=3 required=0
2024-04-24T23:26:09.028 INFO:teuthology.orchestra.run.smithi083.stdout:/usr/bin/ceph: stderr
2024-04-24T23:26:08.082+0000 7ff2fd8e2700 1 --2- >> [v2:172.21.15.83:3300/0,v1:172.21.15.83:6789/0] conn(0x7ff2f8107b20 0x7ff2f807db60 unknown :-1 s=HELLO_CONNECTING pgs=0 cs=0 l=1 rev1=1 crypto rx=0 tx=0 comp rx=0 tx=0).handle_hello peer v2:172.21.15.83:3300/0 says I am v2:172.21.15.83:40522/0 (socket says 172.21.15.83:40522)
2024-04-24T23:26:09.028 INFO:teuthology.orchestra.run.smithi083.stdout:/usr/bin/ceph: stderr
2024-04-24T23:26:08.082+0000 7ff2fd8e2700 1 -- 172.21.15.83:0/3200856753 learned_addr learned my addr 172.21.15.83:0/3200856753 (peer_addr_for_me v2:172.21.15.83:0/0)
2024-04-24T23:26:09.028 INFO:teuthology.orchestra.run.smithi083.stdout:/usr/bin/ceph: stderr
2024-04-24T23:26:08.082+0000 7ff2fd8e2700 1 -- 172.21.15.83:0/3200856753 --> [v2:172.21.15.83:3300/0,v1:172.21.15.83:6789/0] -- mon_subscribe({config=0+,monmap=0+}) -- 0x7ff2f807e0a0 con 0x7ff2f8107b20
2024-04-24T23:26:09.028 INFO:teuthology.orchestra.run.smithi083.stdout:/usr/bin/ceph: stderr
2024-04-24T23:26:08.082+0000 7ff2fd8e2700 1 --2- 172.21.15.83:0/3200856753 >> [v2:172.21.15.83:3300/0,v1:172.21.15.83:6789/0] conn(0x7ff2f8107b20 0x7ff2f807db60 secure :-1 s=READY pgs=75 cs=0 l=1 rev1=1 crypto rx=0x7ff2e8011710 tx=0x7ff2e8011ad0 comp rx=0 tx=0).ready entity=mon.0 client_cookie=0 server_cookie=0 in_seq=0 out_seq=0
2024-04-24T23:26:09.028 INFO:teuthology.orchestra.run.smithi083.stdout:/usr/bin/ceph: stderr
2024-04-24T23:26:08.082+0000 7ff2eeffd700 1 -- 172.21.15.83:0/3200856753 <== mon.0 v2:172.21.15.83:3300/0 1 ==== mon_map magic: 0 ==== 205+0+0 (secure 0 0 0) 0x7ff2e80039c0 con 0x7ff2f8107b20
2024-04-24T23:26:09.028 INFO:teuthology.orchestra.run.smithi083.stdout:/usr/bin/ceph: stderr
2024-04-24T23:26:08.082+0000 7ff2eeffd700 1 -- 172.21.15.83:0/3200856753 <== mon.0 v2:172.21.15.83:3300/0 2 ==== config(26 keys) ==== 1102+0+0 (secure 0 0 0) 0x7ff2e8003b60 con 0x7ff2f8107b20
2024-04-24T23:26:09.028 INFO:teuthology.orchestra.run.smithi083.stdout:/usr/bin/ceph: stderr
2024-04-24T23:26:08.082+0000 7ff2eeffd700 1 -- 172.21.15.83:0/3200856753 <== mon.0 v2:172.21.15.83:3300/0 3 ==== mon_map magic: 0 ==== 205+0+0 (secure 0 0 0) 0x7ff2e801a690 con 0x7ff2f8107b20
2024-04-24T23:26:09.028 INFO:teuthology.orchestra.run.smithi083.stdout:/usr/bin/ceph: stderr
2024-04-24T23:26:08.083+0000 7ff2ffb46700 1 -- 172.21.15.83:0/3200856753 --> [v2:172.21.15.83:3300/0,v1:172.21.15.83:6789/0] -- mon_subscribe({mgrmap=0+}) -- 0x7ff2f807c290 con 0x7ff2f8107b20
2024-04-24T23:26:09.028 INFO:teuthology.orchestra.run.smithi083.stdout:/usr/bin/ceph: stderr
2024-04-24T23:26:08.083+0000 7ff2ffb46700 1 -- 172.21.15.83:0/3200856753 --> [v2:172.21.15.83:3300/0,v1:172.21.15.83:6789/0] -- mon_subscribe({osdmap=0}) -- 0x7ff2f807c7d0 con 0x7ff2f8107b20
2024-04-24T23:26:09.028 INFO:teuthology.orchestra.run.smithi083.stdout:/usr/bin/ceph: stderr
2024-04-24T23:26:08.083+0000 7ff2eeffd700 1 -- 172.21.15.83:0/3200856753 <== mon.0 v2:172.21.15.83:3300/0 4 ==== mgrmap(e 12) ==== 46300+0+0 (secure 0 0 0) 0x7ff2e8024430 con 0x7ff2f8107b20
2024-04-24T23:26:09.028 INFO:teuthology.orchestra.run.smithi083.stdout:/usr/bin/ceph: stderr
2024-04-24T23:26:08.083+0000 7ff2ffb46700 1 -- 172.21.15.83:0/3200856753 --> [v2:172.21.15.83:3300/0,v1:172.21.15.83:6789/0] -- mon_command({"prefix": "get_command_descriptions"} v 0) -- 0x7ff2f8063890 con 0x7ff2f8107b20
2024-04-24T23:26:09.028 INFO:teuthology.orchestra.run.smithi083.stdout:/usr/bin/ceph: stderr
2024-04-24T23:26:08.084+0000 7ff2eeffd700 1 --2- 172.21.15.83:0/3200856753 >> [v2:172.21.15.83:6800/2715094068,v1:172.21.15.83:6801/2715094068] conn(0x7ff2e40390b0 0x7ff2e403b570 unknown :-1 s=NONE pgs=0 cs=0 l=1 rev1=0 crypto rx=0 tx=0 comp rx=0 tx=0).connect
2024-04-24T23:26:09.028 INFO:teuthology.orchestra.run.smithi083.stdout:/usr/bin/ceph: stderr
2024-04-24T23:26:08.084+0000 7ff2eeffd700 1 -- 172.21.15.83:0/3200856753 <== mon.0 v2:172.21.15.83:3300/0 5 ==== osd_map(3..3 src has 1..3) ==== 1155+0+0 (secure 0 0 0) 0x7ff2e804d7f0 con 0x7ff2f8107b20
2024-04-24T23:26:09.028 INFO:teuthology.orchestra.run.smithi083.stdout:/usr/bin/ceph: stderr
2024-04-24T23:26:08.084+0000 7ff2fd0e1700 1 --2- 172.21.15.83:0/3200856753 >> [v2:172.21.15.83:6800/2715094068,v1:172.21.15.83:6801/2715094068] conn(0x7ff2e40390b0 0x7ff2e403b570 unknown :-1 s=BANNER_CONNECTING pgs=0 cs=0 l=1 rev1=0 crypto rx=0 tx=0 comp rx=0 tx=0)._handle_peer_banner_payload supported=3 required=0
2024-04-24T23:26:09.029 INFO:teuthology.orchestra.run.smithi083.stdout:/usr/bin/ceph: stderr
2024-04-24T23:26:08.084+0000 7ff2fd0e1700 1 --2- 172.21.15.83:0/3200856753 >> [v2:172.21.15.83:6800/2715094068,v1:172.21.15.83:6801/2715094068] conn(0x7ff2e40390b0 0x7ff2e403b570 secure :-1 s=READY pgs=9 cs=0 l=1 rev1=1 crypto rx=0x7ff2f4006fd0 tx=0x7ff2f4006e40 comp rx=0 tx=0).ready entity=mgr.14152 client_cookie=0 server_cookie=0 in_seq=0 out_seq=0
2024-04-24T23:26:09.029 INFO:teuthology.orchestra.run.smithi083.stdout:/usr/bin/ceph: stderr
2024-04-24T23:26:08.089+0000 7ff2eeffd700 1 -- 172.21.15.83:0/3200856753 <== mon.0 v2:172.21.15.83:3300/0 6 ==== mon_command_ack([{"prefix": "get_command_descriptions"}]=0 v0) ==== 72+0+186147 (secure 0 0 0) 0x7ff2e80172b0 con 0x7ff2f8107b20
2024-04-24T23:26:09.029 INFO:teuthology.orchestra.run.smithi083.stdout:/usr/bin/ceph: stderr
2024-04-24T23:26:08.293+0000 7ff2ffb46700 1 -- 172.21.15.83:0/3200856753 --> [v2:172.21.15.83:3300/0,v1:172.21.15.83:6789/0] -- mon_command({"prefix": "config get", "who": "mgr", "key": "mgr/dashboard/ssl_server_port"} v 0) -- 0x7ff2f807ca50 con 0x7ff2f8107b20
2024-04-24T23:26:09.029 INFO:teuthology.orchestra.run.smithi083.stdout:/usr/bin/ceph: stderr
2024-04-24T23:26:08.294+0000 7ff2eeffd700 1 -- 172.21.15.83:0/3200856753 <== mon.0 v2:172.21.15.83:3300/0 7 ==== mon_command_ack([{"prefix": "config get", "who": "mgr", "key": "mgr/dashboard/ssl_server_port"}]=0 v8) ==== 112+0+5 (secure 0 0 0) 0x7ff2e800fdd0 con 0x7ff2f8107b20
2024-04-24T23:26:09.029 INFO:teuthology.orchestra.run.smithi083.stdout:/usr/bin/ceph: stderr
2024-04-24T23:26:08.296+0000 7ff2ffb46700 1 -- 172.21.15.83:0/3200856753 >> [v2:172.21.15.83:6800/2715094068,v1:172.21.15.83:6801/2715094068] conn(0x7ff2e40390b0 msgr2=0x7ff2e403b570 secure :-1 s=STATE_CONNECTION_ESTABLISHED l=1).mark_down
2024-04-24T23:26:09.029 INFO:teuthology.orchestra.run.smithi083.stdout:/usr/bin/ceph: stderr
2024-04-24T23:26:08.296+0000 7ff2ffb46700 1 --2- 172.21.15.83:0/3200856753 >> [v2:172.21.15.83:6800/2715094068,v1:172.21.15.83:6801/2715094068] conn(0x7ff2e40390b0 0x7ff2e403b570 secure :-1 s=READY pgs=9 cs=0 l=1 rev1=1 crypto rx=0x7ff2f4006fd0 tx=0x7ff2f4006e40 comp rx=0 tx=0).stop
2024-04-24T23:26:09.029 INFO:teuthology.orchestra.run.smithi083.stdout:/usr/bin/ceph: stderr
2024-04-24T23:26:08.296+0000 7ff2ffb46700 1 -- 172.21.15.83:0/3200856753 >> [v2:172.21.15.83:3300/0,v1:172.21.15.83:6789/0] conn(0x7ff2f8107b20 msgr2=0x7ff2f807db60 secure :-1 s=STATE_CONNECTION_ESTABLISHED l=1).mark_down
2024-04-24T23:26:09.029 INFO:teuthology.orchestra.run.smithi083.stdout:/usr/bin/ceph: stderr
2024-04-24T23:26:08.296+0000 7ff2ffb46700 1 --2- 172.21.15.83:0/3200856753 >> [v2:172.21.15.83:3300/0,v1:172.21.15.83:6789/0] conn(0x7ff2f8107b20 0x7ff2f807db60 secure :-1 s=READY pgs=75 cs=0 l=1 rev1=1 crypto rx=0x7ff2e8011710 tx=0x7ff2e8011ad0 comp rx=0 tx=0).stop
2024-04-24T23:26:09.029 INFO:teuthology.orchestra.run.smithi083.stdout:/usr/bin/ceph: stderr
2024-04-24T23:26:08.296+0000 7ff2ffb46700 1 -- 172.21.15.83:0/3200856753 shutdown_connections
2024-04-24T23:26:09.029 INFO:teuthology.orchestra.run.smithi083.stdout:/usr/bin/ceph: stderr
2024-04-24T23:26:08.296+0000 7ff2ffb46700 1 --2- 172.21.15.83:0/3200856753 >> [v2:172.21.15.83:6800/2715094068,v1:172.21.15.83:6801/2715094068] conn(0x7ff2e40390b0 0x7ff2e403b570 unknown :-1 s=CLOSED pgs=9 cs=0 l=1 rev1=1 crypto rx=0 tx=0 comp rx=0 tx=0).stop
2024-04-24T23:26:09.029 INFO:teuthology.orchestra.run.smithi083.stdout:/usr/bin/ceph: stderr
2024-04-24T23:26:08.296+0000 7ff2ffb46700 1 --2- 172.21.15.83:0/3200856753 >> [v2:172.21.15.83:3300/0,v1:172.21.15.83:6789/0] conn(0x7ff2f8107b20 0x7ff2f807db60 unknown :-1 s=CLOSED pgs=75 cs=0 l=1 rev1=1 crypto rx=0 tx=0 comp rx=0 tx=0).stop
2024-04-24T23:26:09.029 INFO:teuthology.orchestra.run.smithi083.stdout:/usr/bin/ceph: stderr
2024-04-24T23:26:08.296+0000 7ff2ffb46700 1 -- 172.21.15.83:0/3200856753 >> 172.21.15.83:0/3200856753 conn(0x7ff2f81030a0 msgr2=0x7ff2f8103b30 unknown :-1 s=STATE_NONE l=0).mark_down
2024-04-24T23:26:09.029 INFO:teuthology.orchestra.run.smithi083.stdout:/usr/bin/ceph: stderr
2024-04-24T23:26:08.296+0000 7ff2ffb46700 1 -- 172.21.15.83:0/3200856753 shutdown_connections
2024-04-24T23:26:09.029 INFO:teuthology.orchestra.run.smithi083.stdout:/usr/bin/ceph: stderr
2024-04-24T23:26:08.296+0000 7ff2ffb46700 1 -- 172.21.15.83:0/3200856753 wait complete.
2024-04-24T23:26:09.033 INFO:teuthology.orchestra.run.smithi083.stdout:Non-zero exit code 1 from systemctl is-enabled firewalld.service
2024-04-24T23:26:09.033 INFO:teuthology.orchestra.run.smithi083.stdout:systemctl: stdout disabled
2024-04-24T23:26:09.041 INFO:teuthology.orchestra.run.smithi083.stdout:Non-zero exit code 3 from systemctl is-active firewalld.service
2024-04-24T23:26:09.041 INFO:teuthology.orchestra.run.smithi083.stdout:systemctl: stdout inactive
2024-04-24T23:26:09.041 INFO:teuthology.orchestra.run.smithi083.stdout:firewalld.service is not enabled
2024-04-24T23:26:09.041 INFO:teuthology.orchestra.run.smithi083.stdout:Not possible to open ports <[8443]>. firewalld.service is not available
2024-04-24T23:26:09.042 INFO:teuthology.orchestra.run.smithi083.stdout:Ceph Dashboard is now available at:
2024-04-24T23:26:09.042 INFO:teuthology.orchestra.run.smithi083.stdout:
2024-04-24T23:26:09.042 INFO:teuthology.orchestra.run.smithi083.stdout: URL: https://smithi083:8443/
2024-04-24T23:26:09.042 INFO:teuthology.orchestra.run.smithi083.stdout: User: admin
2024-04-24T23:26:09.043 INFO:teuthology.orchestra.run.smithi083.stdout: Password: krxc3phmzm
2024-04-24T23:26:09.043 INFO:teuthology.orchestra.run.smithi083.stdout:
2024-04-24T23:26:09.043 INFO:teuthology.orchestra.run.smithi083.stdout:Saving cluster configuration to /var/lib/ceph/b5e8dd0e-0291-11ef-bc93-c7b262605968/config directory
2024-04-24T23:26:09.043 INFO:teuthology.orchestra.run.smithi083.stdout:Enabling autotune for osd_memory_target
2024-04-24T23:26:09.252 INFO:journalctl@ceph.mon.a.smithi083.stdout:Apr 24 23:26:08 smithi083 ceph-mon[29175]: from='client.? 172.21.15.83:0/3200856753' entity='client.admin' cmd=[{"prefix": "config get", "who": "mgr", "key": "mgr/dashboard/ssl_server_port"}]: dispatch
2024-04-24T23:26:10.368 INFO:journalctl@ceph.mon.a.smithi083.stdout:Apr 24 23:26:09 smithi083 ceph-mon[29175]: mgrmap e13: x(active, since 6s)
2024-04-24T23:26:10.382 INFO:teuthology.orchestra.run.smithi083.stdout:/usr/bin/ceph: stderr
2024-04-24T23:26:09.540+0000 7fb619e9c700 1 Processor -- start
2024-04-24T23:26:10.382 INFO:teuthology.orchestra.run.smithi083.stdout:/usr/bin/ceph: stderr
2024-04-24T23:26:09.540+0000 7fb619e9c700 1 -- start start
2024-04-24T23:26:10.382 INFO:teuthology.orchestra.run.smithi083.stdout:/usr/bin/ceph: stderr
2024-04-24T23:26:09.540+0000 7fb619e9c700 1 --2- >> [v2:172.21.15.83:3300/0,v1:172.21.15.83:6789/0] conn(0x7fb614107b20 0x7fb614107f40 unknown :-1 s=NONE pgs=0 cs=0 l=0 rev1=0 crypto rx=0 tx=0 comp rx=0 tx=0).connect
2024-04-24T23:26:10.382 INFO:teuthology.orchestra.run.smithi083.stdout:/usr/bin/ceph: stderr
2024-04-24T23:26:09.540+0000 7fb619e9c700 1 -- --> [v2:172.21.15.83:3300/0,v1:172.21.15.83:6789/0] -- mon_getmap magic: 0 -- 0x7fb614108510 con 0x7fb614107b20
2024-04-24T23:26:10.383 INFO:teuthology.orchestra.run.smithi083.stdout:/usr/bin/ceph: stderr
2024-04-24T23:26:09.540+0000 7fb6137fe700 1 --2- >> [v2:172.21.15.83:3300/0,v1:172.21.15.83:6789/0] conn(0x7fb614107b20 0x7fb614107f40 unknown :-1 s=BANNER_CONNECTING pgs=0 cs=0 l=0 rev1=0 crypto rx=0 tx=0 comp rx=0 tx=0)._handle_peer_banner_payload supported=3 required=0
2024-04-24T23:26:10.383 INFO:teuthology.orchestra.run.smithi083.stdout:/usr/bin/ceph: stderr
2024-04-24T23:26:09.540+0000 7fb6137fe700 1 --2- >> [v2:172.21.15.83:3300/0,v1:172.21.15.83:6789/0] conn(0x7fb614107b20 0x7fb614107f40 unknown :-1 s=HELLO_CONNECTING pgs=0 cs=0 l=0 rev1=1 crypto rx=0 tx=0 comp rx=0 tx=0).handle_hello peer v2:172.21.15.83:3300/0 says I am v2:172.21.15.83:40536/0 (socket says 172.21.15.83:40536)
2024-04-24T23:26:10.383 INFO:teuthology.orchestra.run.smithi083.stdout:/usr/bin/ceph: stderr
2024-04-24T23:26:09.540+0000 7fb6137fe700 1 -- 172.21.15.83:0/1965710360 learned_addr learned my addr 172.21.15.83:0/1965710360 (peer_addr_for_me v2:172.21.15.83:0/0)
2024-04-24T23:26:10.383 INFO:teuthology.orchestra.run.smithi083.stdout:/usr/bin/ceph: stderr
2024-04-24T23:26:09.541+0000 7fb6137fe700 1 -- 172.21.15.83:0/1965710360 --> [v2:172.21.15.83:3300/0,v1:172.21.15.83:6789/0] -- mon_subscribe({config=0+,monmap=0+}) -- 0x7fb614108cd0 con 0x7fb614107b20
2024-04-24T23:26:10.383 INFO:teuthology.orchestra.run.smithi083.stdout:/usr/bin/ceph: stderr
2024-04-24T23:26:09.541+0000 7fb6137fe700 1 --2- 172.21.15.83:0/1965710360 >> [v2:172.21.15.83:3300/0,v1:172.21.15.83:6789/0] conn(0x7fb614107b20 0x7fb614107f40 secure :-1 s=READY pgs=76 cs=0 l=1 rev1=1 crypto rx=0x7fb6040098a0 tx=0x7fb604009bb0 comp rx=0 tx=0).ready entity=mon.0 client_cookie=a00b0c5dea881ce1 server_cookie=0 in_seq=0 out_seq=0
2024-04-24T23:26:10.383 INFO:teuthology.orchestra.run.smithi083.stdout:/usr/bin/ceph: stderr
2024-04-24T23:26:09.541+0000 7fb6127fc700 1 -- 172.21.15.83:0/1965710360 <== mon.0 v2:172.21.15.83:3300/0 1 ==== mon_map magic: 0 ==== 205+0+0 (secure 0 0 0) 0x7fb604004160 con 0x7fb614107b20
2024-04-24T23:26:10.383 INFO:teuthology.orchestra.run.smithi083.stdout:/usr/bin/ceph: stderr
2024-04-24T23:26:09.541+0000 7fb6127fc700 1 -- 172.21.15.83:0/1965710360 <== mon.0 v2:172.21.15.83:3300/0 2 ==== config(26 keys) ==== 1102+0+0 (secure 0 0 0) 0x7fb604004300 con 0x7fb614107b20
2024-04-24T23:26:10.383 INFO:teuthology.orchestra.run.smithi083.stdout:/usr/bin/ceph: stderr
2024-04-24T23:26:09.541+0000 7fb6127fc700 1 -- 172.21.15.83:0/1965710360 <== mon.0 v2:172.21.15.83:3300/0 3 ==== mon_map magic: 0 ==== 205+0+0 (secure 0 0 0) 0x7fb604011a50 con 0x7fb614107b20
2024-04-24T23:26:10.383 INFO:teuthology.orchestra.run.smithi083.stdout:/usr/bin/ceph: stderr
2024-04-24T23:26:09.541+0000 7fb619e9c700 1 -- 172.21.15.83:0/1965710360 >> [v2:172.21.15.83:3300/0,v1:172.21.15.83:6789/0] conn(0x7fb614107b20 msgr2=0x7fb614107f40 secure :-1 s=STATE_CONNECTION_ESTABLISHED l=1).mark_down
2024-04-24T23:26:10.383 INFO:teuthology.orchestra.run.smithi083.stdout:/usr/bin/ceph: stderr
2024-04-24T23:26:09.541+0000 7fb619e9c700 1 --2- 172.21.15.83:0/1965710360 >> [v2:172.21.15.83:3300/0,v1:172.21.15.83:6789/0] conn(0x7fb614107b20 0x7fb614107f40 secure :-1 s=READY pgs=76 cs=0 l=1 rev1=1 crypto rx=0x7fb6040098a0 tx=0x7fb604009bb0 comp rx=0 tx=0).stop
2024-04-24T23:26:10.383 INFO:teuthology.orchestra.run.smithi083.stdout:/usr/bin/ceph: stderr
2024-04-24T23:26:09.541+0000 7fb619e9c700 1 -- 172.21.15.83:0/1965710360 shutdown_connections
2024-04-24T23:26:10.383 INFO:teuthology.orchestra.run.smithi083.stdout:/usr/bin/ceph: stderr
2024-04-24T23:26:09.541+0000 7fb619e9c700 1 --2- 172.21.15.83:0/1965710360 >> [v2:172.21.15.83:3300/0,v1:172.21.15.83:6789/0] conn(0x7fb614107b20 0x7fb614107f40 unknown :-1 s=CLOSED pgs=76 cs=0 l=1 rev1=1 crypto rx=0 tx=0 comp rx=0 tx=0).stop
2024-04-24T23:26:10.383 INFO:teuthology.orchestra.run.smithi083.stdout:/usr/bin/ceph: stderr
2024-04-24T23:26:09.541+0000 7fb619e9c700 1 -- 172.21.15.83:0/1965710360 >> 172.21.15.83:0/1965710360 conn(0x7fb6141030a0 msgr2=0x7fb614105500 unknown :-1 s=STATE_NONE l=0).mark_down
2024-04-24T23:26:10.384 INFO:teuthology.orchestra.run.smithi083.stdout:/usr/bin/ceph: stderr
2024-04-24T23:26:09.542+0000 7fb619e9c700 1 -- 172.21.15.83:0/1965710360 shutdown_connections
2024-04-24T23:26:10.384 INFO:teuthology.orchestra.run.smithi083.stdout:/usr/bin/ceph: stderr
2024-04-24T23:26:09.542+0000 7fb619e9c700 1 -- 172.21.15.83:0/1965710360 wait complete.
2024-04-24T23:26:10.384 INFO:teuthology.orchestra.run.smithi083.stdout:/usr/bin/ceph: stderr
2024-04-24T23:26:09.542+0000 7fb619e9c700 1 Processor -- start
2024-04-24T23:26:10.384 INFO:teuthology.orchestra.run.smithi083.stdout:/usr/bin/ceph: stderr
2024-04-24T23:26:09.542+0000 7fb619e9c700 1 -- start start
2024-04-24T23:26:10.384 INFO:teuthology.orchestra.run.smithi083.stdout:/usr/bin/ceph: stderr
2024-04-24T23:26:09.542+0000 7fb619e9c700 1 --2- >> [v2:172.21.15.83:3300/0,v1:172.21.15.83:6789/0] conn(0x7fb614107b20 0x7fb61419b9d0 unknown :-1 s=NONE pgs=0 cs=0 l=1 rev1=0 crypto rx=0 tx=0 comp rx=0 tx=0).connect
2024-04-24T23:26:10.384 INFO:teuthology.orchestra.run.smithi083.stdout:/usr/bin/ceph: stderr
2024-04-24T23:26:09.542+0000 7fb619e9c700 1 -- --> [v2:172.21.15.83:3300/0,v1:172.21.15.83:6789/0] -- mon_getmap magic: 0 -- 0x7fb61410c080 con 0x7fb614107b20
2024-04-24T23:26:10.384 INFO:teuthology.orchestra.run.smithi083.stdout:/usr/bin/ceph: stderr
2024-04-24T23:26:09.543+0000 7fb6137fe700 1 --2- >> [v2:172.21.15.83:3300/0,v1:172.21.15.83:6789/0] conn(0x7fb614107b20 0x7fb61419b9d0 unknown :-1 s=BANNER_CONNECTING pgs=0 cs=0 l=1 rev1=0 crypto rx=0 tx=0 comp rx=0 tx=0)._handle_peer_banner_payload supported=3 required=0
2024-04-24T23:26:10.384 INFO:teuthology.orchestra.run.smithi083.stdout:/usr/bin/ceph: stderr
2024-04-24T23:26:09.543+0000 7fb6137fe700 1 --2- >> [v2:172.21.15.83:3300/0,v1:172.21.15.83:6789/0] conn(0x7fb614107b20 0x7fb61419b9d0 unknown :-1 s=HELLO_CONNECTING pgs=0 cs=0 l=1 rev1=1 crypto rx=0 tx=0 comp rx=0 tx=0).handle_hello peer v2:172.21.15.83:3300/0 says I am v2:172.21.15.83:40552/0 (socket says 172.21.15.83:40552)
2024-04-24T23:26:10.384 INFO:teuthology.orchestra.run.smithi083.stdout:/usr/bin/ceph: stderr
2024-04-24T23:26:09.543+0000 7fb6137fe700 1 -- 172.21.15.83:0/1550500923 learned_addr learned my addr 172.21.15.83:0/1550500923 (peer_addr_for_me v2:172.21.15.83:0/0)
2024-04-24T23:26:10.384 INFO:teuthology.orchestra.run.smithi083.stdout:/usr/bin/ceph: stderr
2024-04-24T23:26:09.543+0000 7fb6137fe700 1 -- 172.21.15.83:0/1550500923 --> [v2:172.21.15.83:3300/0,v1:172.21.15.83:6789/0] -- mon_subscribe({config=0+,monmap=0+}) -- 0x7fb61419bf10 con 0x7fb614107b20
2024-04-24T23:26:10.384 INFO:teuthology.orchestra.run.smithi083.stdout:/usr/bin/ceph: stderr
2024-04-24T23:26:09.543+0000 7fb6137fe700 1 --2- 172.21.15.83:0/1550500923 >> [v2:172.21.15.83:3300/0,v1:172.21.15.83:6789/0] conn(0x7fb614107b20 0x7fb61419b9d0 secure :-1 s=READY pgs=77 cs=0 l=1 rev1=1 crypto rx=0x7fb604011710 tx=0x7fb604011ad0 comp rx=0 tx=0).ready entity=mon.0 client_cookie=0 server_cookie=0 in_seq=0 out_seq=0
2024-04-24T23:26:10.384 INFO:teuthology.orchestra.run.smithi083.stdout:/usr/bin/ceph: stderr
2024-04-24T23:26:09.543+0000 7fb610ff9700 1 -- 172.21.15.83:0/1550500923 <== mon.0 v2:172.21.15.83:3300/0 1 ==== mon_map magic: 0 ==== 205+0+0 (secure 0 0 0) 0x7fb6040039c0 con 0x7fb614107b20
2024-04-24T23:26:10.384 INFO:teuthology.orchestra.run.smithi083.stdout:/usr/bin/ceph: stderr
2024-04-24T23:26:09.543+0000 7fb610ff9700 1 -- 172.21.15.83:0/1550500923 <== mon.0 v2:172.21.15.83:3300/0 2 ==== config(26 keys) ==== 1102+0+0 (secure 0 0 0) 0x7fb604003b60 con 0x7fb614107b20
2024-04-24T23:26:10.384 INFO:teuthology.orchestra.run.smithi083.stdout:/usr/bin/ceph: stderr
2024-04-24T23:26:09.543+0000 7fb619e9c700 1 -- 172.21.15.83:0/1550500923 --> [v2:172.21.15.83:3300/0,v1:172.21.15.83:6789/0] -- mon_subscribe({mgrmap=0+}) -- 0x7fb61419c1a0 con 0x7fb614107b20
2024-04-24T23:26:10.384 INFO:teuthology.orchestra.run.smithi083.stdout:/usr/bin/ceph: stderr
2024-04-24T23:26:09.543+0000 7fb610ff9700 1 -- 172.21.15.83:0/1550500923 <== mon.0 v2:172.21.15.83:3300/0 3 ==== mon_map magic: 0 ==== 205+0+0 (secure 0 0 0) 0x7fb60401a690 con 0x7fb614107b20
2024-04-24T23:26:10.385 INFO:teuthology.orchestra.run.smithi083.stdout:/usr/bin/ceph: stderr
2024-04-24T23:26:09.543+0000 7fb619e9c700 1 -- 172.21.15.83:0/1550500923 --> [v2:172.21.15.83:3300/0,v1:172.21.15.83:6789/0] -- mon_subscribe({osdmap=0}) -- 0x7fb61419ee90 con 0x7fb614107b20
2024-04-24T23:26:10.385 INFO:teuthology.orchestra.run.smithi083.stdout:/usr/bin/ceph: stderr
2024-04-24T23:26:09.544+0000 7fb610ff9700 1 -- 172.21.15.83:0/1550500923 <== mon.0 v2:172.21.15.83:3300/0 4 ==== mgrmap(e 13) ==== 46343+0+0 (secure 0 0 0) 0x7fb60401a960 con 0x7fb614107b20
2024-04-24T23:26:10.385 INFO:teuthology.orchestra.run.smithi083.stdout:/usr/bin/ceph: stderr
2024-04-24T23:26:09.544+0000 7fb610ff9700 1 --2- 172.21.15.83:0/1550500923 >> [v2:172.21.15.83:6800/2715094068,v1:172.21.15.83:6801/2715094068] conn(0x7fb5fc039150 0x7fb5fc03b610 unknown :-1 s=NONE pgs=0 cs=0 l=1 rev1=0 crypto rx=0 tx=0 comp rx=0 tx=0).connect
2024-04-24T23:26:10.385 INFO:teuthology.orchestra.run.smithi083.stdout:/usr/bin/ceph: stderr
2024-04-24T23:26:09.544+0000 7fb610ff9700 1 -- 172.21.15.83:0/1550500923 <== mon.0 v2:172.21.15.83:3300/0 5 ==== osd_map(3..3 src has 1..3) ==== 1155+0+0 (secure 0 0 0) 0x7fb60404d890 con 0x7fb614107b20
2024-04-24T23:26:10.385 INFO:teuthology.orchestra.run.smithi083.stdout:/usr/bin/ceph: stderr
2024-04-24T23:26:09.544+0000 7fb612ffd700 1 --2- 172.21.15.83:0/1550500923 >> [v2:172.21.15.83:6800/2715094068,v1:172.21.15.83:6801/2715094068] conn(0x7fb5fc039150 0x7fb5fc03b610 unknown :-1 s=BANNER_CONNECTING pgs=0 cs=0 l=1 rev1=0 crypto rx=0 tx=0 comp rx=0 tx=0)._handle_peer_banner_payload supported=3 required=0
2024-04-24T23:26:10.385 INFO:teuthology.orchestra.run.smithi083.stdout:/usr/bin/ceph: stderr
2024-04-24T23:26:09.544+0000 7fb619e9c700 1 -- 172.21.15.83:0/1550500923 --> [v2:172.21.15.83:3300/0,v1:172.21.15.83:6789/0] -- mon_command({"prefix": "get_command_descriptions"} v 0) -- 0x7fb614063890 con 0x7fb614107b20
2024-04-24T23:26:10.385 INFO:teuthology.orchestra.run.smithi083.stdout:/usr/bin/ceph: stderr
2024-04-24T23:26:09.545+0000 7fb612ffd700 1 --2- 172.21.15.83:0/1550500923 >> [v2:172.21.15.83:6800/2715094068,v1:172.21.15.83:6801/2715094068] conn(0x7fb5fc039150 0x7fb5fc03b610 secure :-1 s=READY pgs=10 cs=0 l=1 rev1=1 crypto rx=0x7fb608006fd0 tx=0x7fb608006e40 comp rx=0 tx=0).ready entity=mgr.14152 client_cookie=0 server_cookie=0 in_seq=0 out_seq=0
2024-04-24T23:26:10.385 INFO:teuthology.orchestra.run.smithi083.stdout:/usr/bin/ceph: stderr
2024-04-24T23:26:09.549+0000 7fb610ff9700 1 -- 172.21.15.83:0/1550500923 <== mon.0 v2:172.21.15.83:3300/0 6 ==== mon_command_ack([{"prefix": "get_command_descriptions"}]=0 v0) ==== 72+0+186147 (secure 0 0 0) 0x7fb604019c70 con 0x7fb614107b20
2024-04-24T23:26:10.385 INFO:teuthology.orchestra.run.smithi083.stdout:/usr/bin/ceph: stderr
2024-04-24T23:26:09.745+0000 7fb619e9c700 1 -- 172.21.15.83:0/1550500923 --> [v2:172.21.15.83:3300/0,v1:172.21.15.83:6789/0] -- mon_command([{prefix=config set, name=osd_memory_target_autotune}] v 0) -- 0x7fb61419f060 con 0x7fb614107b20
2024-04-24T23:26:10.385 INFO:teuthology.orchestra.run.smithi083.stdout:/usr/bin/ceph: stderr
