2024-04-24T23:25:23.129+0000 7f05a9de4700 1 --2- 172.21.15.83:0/1596146608 >> [v2:172.21.15.83:3300/0,v1:172.21.15.83:6789/0] conn(0x7f05a4105d80 0x7f05a41061a0 secure :-1 s=READY pgs=9 cs=0 l=1 rev1=1 crypto rx=0x7f05a00098a0 tx=0x7f05a0009bb0 comp rx=0 tx=0).ready entity=mon.0 client_cookie=b1baaafee578ae35 server_cookie=0 in_seq=0 out_seq=0
2024-04-24T23:25:23.779 INFO:teuthology.orchestra.run.smithi083.stdout:/usr/bin/ceph: stderr
2024-04-24T23:25:23.130+0000 7f05a8de2700 1 -- 172.21.15.83:0/1596146608 <== mon.0 v2:172.21.15.83:3300/0 1 ==== mon_map magic: 0 ==== 205+0+0 (secure 0 0 0) 0x7f05a0004160 con 0x7f05a4105d80
2024-04-24T23:25:23.779 INFO:teuthology.orchestra.run.smithi083.stdout:/usr/bin/ceph: stderr
2024-04-24T23:25:23.130+0000 7f05a8de2700 1 -- 172.21.15.83:0/1596146608 <== mon.0 v2:172.21.15.83:3300/0 2 ==== config(26 keys) ==== 1071+0+0 (secure 0 0 0) 0x7f05a0004300 con 0x7f05a4105d80
2024-04-24T23:25:23.779 INFO:teuthology.orchestra.run.smithi083.stdout:/usr/bin/ceph: stderr
2024-04-24T23:25:23.130+0000 7f05a8de2700 1 -- 172.21.15.83:0/1596146608 <== mon.0 v2:172.21.15.83:3300/0 3 ==== mon_map magic: 0 ==== 205+0+0 (secure 0 0 0) 0x7f05a0011a80 con 0x7f05a4105d80
2024-04-24T23:25:23.779 INFO:teuthology.orchestra.run.smithi083.stdout:/usr/bin/ceph: stderr
2024-04-24T23:25:23.131+0000 7f05ac048700 1 -- 172.21.15.83:0/1596146608 >> [v2:172.21.15.83:3300/0,v1:172.21.15.83:6789/0] conn(0x7f05a4105d80 msgr2=0x7f05a41061a0 secure :-1 s=STATE_CONNECTION_ESTABLISHED l=1).mark_down
2024-04-24T23:25:23.779 INFO:teuthology.orchestra.run.smithi083.stdout:/usr/bin/ceph: stderr
2024-04-24T23:25:23.131+0000 7f05ac048700 1 --2- 172.21.15.83:0/1596146608 >> [v2:172.21.15.83:3300/0,v1:172.21.15.83:6789/0] conn(0x7f05a4105d80 0x7f05a41061a0 secure :-1 s=READY pgs=9 cs=0 l=1 rev1=1 crypto rx=0x7f05a00098a0 tx=0x7f05a0009bb0 comp rx=0 tx=0).stop
2024-04-24T23:25:23.779 INFO:teuthology.orchestra.run.smithi083.stdout:/usr/bin/ceph: stderr
2024-04-24T23:25:23.131+0000 7f05ac048700 1 -- 172.21.15.83:0/1596146608 shutdown_connections
2024-04-24T23:25:23.780 INFO:teuthology.orchestra.run.smithi083.stdout:/usr/bin/ceph: stderr
2024-04-24T23:25:23.131+0000 7f05ac048700 1 --2- 172.21.15.83:0/1596146608 >> [v2:172.21.15.83:3300/0,v1:172.21.15.83:6789/0] conn(0x7f05a4105d80 0x7f05a41061a0 unknown :-1 s=CLOSED pgs=9 cs=0 l=1 rev1=1 crypto rx=0 tx=0 comp rx=0 tx=0).stop
2024-04-24T23:25:23.780 INFO:teuthology.orchestra.run.smithi083.stdout:/usr/bin/ceph: stderr
2024-04-24T23:25:23.131+0000 7f05ac048700 1 -- 172.21.15.83:0/1596146608 >> 172.21.15.83:0/1596146608 conn(0x7f05a4101750 msgr2=0x7f05a4103b70 unknown :-1 s=STATE_NONE l=0).mark_down
2024-04-24T23:25:23.780 INFO:teuthology.orchestra.run.smithi083.stdout:/usr/bin/ceph: stderr
2024-04-24T23:25:23.131+0000 7f05ac048700 1 -- 172.21.15.83:0/1596146608 shutdown_connections
2024-04-24T23:25:23.780 INFO:teuthology.orchestra.run.smithi083.stdout:/usr/bin/ceph: stderr
2024-04-24T23:25:23.131+0000 7f05ac048700 1 -- 172.21.15.83:0/1596146608 wait complete.
2024-04-24T23:25:23.780 INFO:teuthology.orchestra.run.smithi083.stdout:/usr/bin/ceph: stderr
2024-04-24T23:25:23.132+0000 7f05ac048700 1 Processor -- start
2024-04-24T23:25:23.780 INFO:teuthology.orchestra.run.smithi083.stdout:/usr/bin/ceph: stderr
2024-04-24T23:25:23.132+0000 7f05ac048700 1 -- start start
2024-04-24T23:25:23.780 INFO:teuthology.orchestra.run.smithi083.stdout:/usr/bin/ceph: stderr
2024-04-24T23:25:23.132+0000 7f05ac048700 1 --2- >> [v2:172.21.15.83:3300/0,v1:172.21.15.83:6789/0] conn(0x7f05a4105d80 0x7f05a419ba30 unknown :-1 s=NONE pgs=0 cs=0 l=1 rev1=0 crypto rx=0 tx=0 comp rx=0 tx=0).connect
2024-04-24T23:25:23.780 INFO:teuthology.orchestra.run.smithi083.stdout:/usr/bin/ceph: stderr
2024-04-24T23:25:23.132+0000 7f05ac048700 1 -- --> [v2:172.21.15.83:3300/0,v1:172.21.15.83:6789/0] -- mon_getmap magic: 0 -- 0x7f05a410c0c0 con 0x7f05a4105d80
2024-04-24T23:25:23.780 INFO:teuthology.orchestra.run.smithi083.stdout:/usr/bin/ceph: stderr
2024-04-24T23:25:23.132+0000 7f05a9de4700 1 --2- >> [v2:172.21.15.83:3300/0,v1:172.21.15.83:6789/0] conn(0x7f05a4105d80 0x7f05a419ba30 unknown :-1 s=BANNER_CONNECTING pgs=0 cs=0 l=1 rev1=0 crypto rx=0 tx=0 comp rx=0 tx=0)._handle_peer_banner_payload supported=3 required=0
2024-04-24T23:25:23.780 INFO:teuthology.orchestra.run.smithi083.stdout:/usr/bin/ceph: stderr
2024-04-24T23:25:23.132+0000 7f05a9de4700 1 --2- >> [v2:172.21.15.83:3300/0,v1:172.21.15.83:6789/0] conn(0x7f05a4105d80 0x7f05a419ba30 unknown :-1 s=HELLO_CONNECTING pgs=0 cs=0 l=1 rev1=1 crypto rx=0 tx=0 comp rx=0 tx=0).handle_hello peer v2:172.21.15.83:3300/0 says I am v2:172.21.15.83:55306/0 (socket says 172.21.15.83:55306)
2024-04-24T23:25:23.780 INFO:teuthology.orchestra.run.smithi083.stdout:/usr/bin/ceph: stderr
2024-04-24T23:25:23.132+0000 7f05a9de4700 1 -- 172.21.15.83:0/397560248 learned_addr learned my addr 172.21.15.83:0/397560248 (peer_addr_for_me v2:172.21.15.83:0/0)
2024-04-24T23:25:23.780 INFO:teuthology.orchestra.run.smithi083.stdout:/usr/bin/ceph: stderr
2024-04-24T23:25:23.132+0000 7f05a9de4700 1 -- 172.21.15.83:0/397560248 --> [v2:172.21.15.83:3300/0,v1:172.21.15.83:6789/0] -- mon_subscribe({config=0+,monmap=0+}) -- 0x7f05a419bf70 con 0x7f05a4105d80
2024-04-24T23:25:23.780 INFO:teuthology.orchestra.run.smithi083.stdout:/usr/bin/ceph: stderr
2024-04-24T23:25:23.133+0000 7f05a9de4700 1 --2- 172.21.15.83:0/397560248 >> [v2:172.21.15.83:3300/0,v1:172.21.15.83:6789/0] conn(0x7f05a4105d80 0x7f05a419ba30 secure :-1 s=READY pgs=10 cs=0 l=1 rev1=1 crypto rx=0x7f05a0000c00 tx=0x7f05a0011b00 comp rx=0 tx=0).ready entity=mon.0 client_cookie=0 server_cookie=0 in_seq=0 out_seq=0
2024-04-24T23:25:23.780 INFO:teuthology.orchestra.run.smithi083.stdout:/usr/bin/ceph: stderr
2024-04-24T23:25:23.133+0000 7f059affd700 1 -- 172.21.15.83:0/397560248 <== mon.0 v2:172.21.15.83:3300/0 1 ==== mon_map magic: 0 ==== 205+0+0 (secure 0 0 0) 0x7f05a00039f0 con 0x7f05a4105d80
2024-04-24T23:25:23.781 INFO:teuthology.orchestra.run.smithi083.stdout:/usr/bin/ceph: stderr
2024-04-24T23:25:23.133+0000 7f059affd700 1 -- 172.21.15.83:0/397560248 <== mon.0 v2:172.21.15.83:3300/0 2 ==== config(26 keys) ==== 1071+0+0 (secure 0 0 0) 0x7f05a0003b90 con 0x7f05a4105d80
2024-04-24T23:25:23.781 INFO:teuthology.orchestra.run.smithi083.stdout:/usr/bin/ceph: stderr
2024-04-24T23:25:23.133+0000 7f05ac048700 1 -- 172.21.15.83:0/397560248 --> [v2:172.21.15.83:3300/0,v1:172.21.15.83:6789/0] -- mon_subscribe({mgrmap=0+}) -- 0x7f05a419c200 con 0x7f05a4105d80
2024-04-24T23:25:23.781 INFO:teuthology.orchestra.run.smithi083.stdout:/usr/bin/ceph: stderr
2024-04-24T23:25:23.133+0000 7f059affd700 1 -- 172.21.15.83:0/397560248 <== mon.0 v2:172.21.15.83:3300/0 3 ==== mon_map magic: 0 ==== 205+0+0 (secure 0 0 0) 0x7f05a001a740 con 0x7f05a4105d80
2024-04-24T23:25:23.781 INFO:teuthology.orchestra.run.smithi083.stdout:/usr/bin/ceph: stderr
2024-04-24T23:25:23.133+0000 7f05ac048700 1 -- 172.21.15.83:0/397560248 --> [v2:172.21.15.83:3300/0,v1:172.21.15.83:6789/0] -- mon_subscribe({osdmap=0}) -- 0x7f05a419eef0 con 0x7f05a4105d80
2024-04-24T23:25:23.781 INFO:teuthology.orchestra.run.smithi083.stdout:/usr/bin/ceph: stderr
2024-04-24T23:25:23.133+0000 7f059affd700 1 -- 172.21.15.83:0/397560248 <== mon.0 v2:172.21.15.83:3300/0 4 ==== mgrmap(e 1) ==== 807+0+0 (secure 0 0 0) 0x7f05a002d3f0 con 0x7f05a4105d80
2024-04-24T23:25:23.781 INFO:teuthology.orchestra.run.smithi083.stdout:/usr/bin/ceph: stderr
2024-04-24T23:25:23.133+0000 7f059affd700 1 -- 172.21.15.83:0/397560248 <== mon.0 v2:172.21.15.83:3300/0 5 ==== osd_map(1..1 src has 1..1) ==== 725+0+0 (secure 0 0 0) 0x7f05a0019700 con 0x7f05a4105d80
2024-04-24T23:25:23.781 INFO:teuthology.orchestra.run.smithi083.stdout:/usr/bin/ceph: stderr
2024-04-24T23:25:23.134+0000 7f05ac048700 1 -- 172.21.15.83:0/397560248 --> [v2:172.21.15.83:3300/0,v1:172.21.15.83:6789/0] -- mon_command({"prefix": "get_command_descriptions"} v 0) -- 0x7f05a4063890 con 0x7f05a4105d80
2024-04-24T23:25:23.781 INFO:teuthology.orchestra.run.smithi083.stdout:/usr/bin/ceph: stderr
2024-04-24T23:25:23.136+0000 7f059affd700 1 -- 172.21.15.83:0/397560248 <== mon.0 v2:172.21.15.83:3300/0 6 ==== mon_command_ack([{"prefix": "get_command_descriptions"}]=0 v0) ==== 72+0+73141 (secure 0 0 0) 0x7f05a0024af0 con 0x7f05a4105d80
2024-04-24T23:25:23.781 INFO:teuthology.orchestra.run.smithi083.stdout:/usr/bin/ceph: stderr
2024-04-24T23:25:23.208+0000 7f05ac048700 1 -- 172.21.15.83:0/397560248 --> [v2:172.21.15.83:3300/0,v1:172.21.15.83:6789/0] -- mon_command({"prefix": "status", "format": "json-pretty"} v 0) -- 0x7f05a419f440 con 0x7f05a4105d80
2024-04-24T23:25:23.781 INFO:teuthology.orchestra.run.smithi083.stdout:/usr/bin/ceph: stderr
2024-04-24T23:25:23.208+0000 7f059affd700 1 -- 172.21.15.83:0/397560248 <== mon.0 v2:172.21.15.83:3300/0 7 ==== mon_command_ack([{"prefix": "status", "format": "json-pretty"}]=0 v0) ==== 79+0+1239 (secure 0 0 0) 0x7f05a00199a0 con 0x7f05a4105d80
2024-04-24T23:25:23.781 INFO:teuthology.orchestra.run.smithi083.stdout:/usr/bin/ceph: stderr
2024-04-24T23:25:23.209+0000 7f05ac048700 1 -- 172.21.15.83:0/397560248 >> [v2:172.21.15.83:3300/0,v1:172.21.15.83:6789/0] conn(0x7f05a4105d80 msgr2=0x7f05a419ba30 secure :-1 s=STATE_CONNECTION_ESTABLISHED l=1).mark_down
2024-04-24T23:25:23.781 INFO:teuthology.orchestra.run.smithi083.stdout:/usr/bin/ceph: stderr
2024-04-24T23:25:23.209+0000 7f05ac048700 1 --2- 172.21.15.83:0/397560248 >> [v2:172.21.15.83:3300/0,v1:172.21.15.83:6789/0] conn(0x7f05a4105d80 0x7f05a419ba30 secure :-1 s=READY pgs=10 cs=0 l=1 rev1=1 crypto rx=0x7f05a0000c00 tx=0x7f05a0011b00 comp rx=0 tx=0).stop
2024-04-24T23:25:23.781 INFO:teuthology.orchestra.run.smithi083.stdout:/usr/bin/ceph: stderr
2024-04-24T23:25:23.209+0000 7f05ac048700 1 -- 172.21.15.83:0/397560248 shutdown_connections
2024-04-24T23:25:23.782 INFO:teuthology.orchestra.run.smithi083.stdout:/usr/bin/ceph: stderr
2024-04-24T23:25:23.209+0000 7f05ac048700 1 --2- 172.21.15.83:0/397560248 >> [v2:172.21.15.83:3300/0,v1:172.21.15.83:6789/0] conn(0x7f05a4105d80 0x7f05a419ba30 unknown :-1 s=CLOSED pgs=10 cs=0 l=1 rev1=1 crypto rx=0 tx=0 comp rx=0 tx=0).stop
2024-04-24T23:25:23.782 INFO:teuthology.orchestra.run.smithi083.stdout:/usr/bin/ceph: stderr
2024-04-24T23:25:23.209+0000 7f05ac048700 1 -- 172.21.15.83:0/397560248 >> 172.21.15.83:0/397560248 conn(0x7f05a4101750 msgr2=0x7f05a41021f0 unknown :-1 s=STATE_NONE l=0).mark_down
2024-04-24T23:25:23.782 INFO:teuthology.orchestra.run.smithi083.stdout:/usr/bin/ceph: stderr
2024-04-24T23:25:23.209+0000 7f05ac048700 1 -- 172.21.15.83:0/397560248 shutdown_connections
2024-04-24T23:25:23.782 INFO:teuthology.orchestra.run.smithi083.stdout:/usr/bin/ceph: stderr
2024-04-24T23:25:23.209+0000 7f05ac048700 1 -- 172.21.15.83:0/397560248 wait complete.
2024-04-24T23:25:23.782 INFO:teuthology.orchestra.run.smithi083.stdout:mgr not available, waiting (3/15)...
2024-04-24T23:25:24.618 INFO:journalctl@ceph.mon.a.smithi083.stdout:Apr 24 23:25:24 smithi083 ceph-mon[29175]: Activating manager daemon x
2024-04-24T23:25:24.619 INFO:journalctl@ceph.mon.a.smithi083.stdout:Apr 24 23:25:24 smithi083 ceph-mon[29175]: mgrmap e2: x(active, starting, since 0.00293332s)
2024-04-24T23:25:24.619 INFO:journalctl@ceph.mon.a.smithi083.stdout:Apr 24 23:25:24 smithi083 ceph-mon[29175]: from='mgr.14100 172.21.15.83:0/1879322773' entity='mgr.x' cmd=[{"prefix": "mds metadata"}]: dispatch
2024-04-24T23:25:24.619 INFO:journalctl@ceph.mon.a.smithi083.stdout:Apr 24 23:25:24 smithi083 ceph-mon[29175]: from='mgr.14100 172.21.15.83:0/1879322773' entity='mgr.x' cmd=[{"prefix": "osd metadata"}]: dispatch
2024-04-24T23:25:24.619 INFO:journalctl@ceph.mon.a.smithi083.stdout:Apr 24 23:25:24 smithi083 ceph-mon[29175]: from='mgr.14100 172.21.15.83:0/1879322773' entity='mgr.x' cmd=[{"prefix": "mon metadata"}]: dispatch
2024-04-24T23:25:24.619 INFO:journalctl@ceph.mon.a.smithi083.stdout:Apr 24 23:25:24 smithi083 ceph-mon[29175]: from='mgr.14100 172.21.15.83:0/1879322773' entity='mgr.x' cmd=[{"prefix": "mon metadata", "id": "a"}]: dispatch
2024-04-24T23:25:24.619 INFO:journalctl@ceph.mon.a.smithi083.stdout:Apr 24 23:25:24 smithi083 ceph-mon[29175]: from='mgr.14100 172.21.15.83:0/1879322773' entity='mgr.x' cmd=[{"prefix": "mgr metadata", "who": "x", "id": "x"}]: dispatch
2024-04-24T23:25:24.619 INFO:journalctl@ceph.mon.a.smithi083.stdout:Apr 24 23:25:24 smithi083 ceph-mon[29175]: Manager daemon x is now available
2024-04-24T23:25:24.619 INFO:journalctl@ceph.mon.a.smithi083.stdout:Apr 24 23:25:24 smithi083 ceph-mon[29175]: from='mgr.14100 172.21.15.83:0/1879322773' entity='mgr.x' cmd=[{"prefix":"config rm","who":"mgr","name":"mgr/rbd_support/x/mirror_snapshot_schedule"}]: dispatch
2024-04-24T23:25:24.619 INFO:journalctl@ceph.mon.a.smithi083.stdout:Apr 24 23:25:24 smithi083 ceph-mon[29175]: from='mgr.14100 172.21.15.83:0/1879322773' entity='mgr.x' cmd=[{"prefix":"config rm","who":"mgr","name":"mgr/rbd_support/x/trash_purge_schedule"}]: dispatch
2024-04-24T23:25:24.619 INFO:journalctl@ceph.mon.a.smithi083.stdout:Apr 24 23:25:24 smithi083 ceph-mon[29175]: from='mgr.14100 172.21.15.83:0/1879322773' entity='mgr.x'
2024-04-24T23:25:24.619 INFO:journalctl@ceph.mon.a.smithi083.stdout:Apr 24 23:25:24 smithi083 ceph-mon[29175]: from='mgr.14100 172.21.15.83:0/1879322773' entity='mgr.x'
2024-04-24T23:25:24.620 INFO:journalctl@ceph.mon.a.smithi083.stdout:Apr 24 23:25:24 smithi083 ceph-mon[29175]: from='mgr.14100 172.21.15.83:0/1879322773' entity='mgr.x'
2024-04-24T23:25:25.618 INFO:journalctl@ceph.mon.a.smithi083.stdout:Apr 24 23:25:25 smithi083 ceph-mon[29175]: mgrmap e3: x(active, since 1.00648s)
2024-04-24T23:25:26.467 INFO:journalctl@ceph.mon.a.smithi083.stdout:Apr 24 23:25:26 smithi083 ceph-mon[29175]: mgrmap e4: x(active, since 2s)
2024-04-24T23:25:27.046 INFO:teuthology.orchestra.run.smithi083.stdout:/usr/bin/ceph: stdout
2024-04-24T23:25:27.046 INFO:teuthology.orchestra.run.smithi083.stdout:/usr/bin/ceph: stdout {
2024-04-24T23:25:27.046 INFO:teuthology.orchestra.run.smithi083.stdout:/usr/bin/ceph: stdout "fsid": "b5e8dd0e-0291-11ef-bc93-c7b262605968",
2024-04-24T23:25:27.046 INFO:teuthology.orchestra.run.smithi083.stdout:/usr/bin/ceph: stdout "health": {
2024-04-24T23:25:27.046 INFO:teuthology.orchestra.run.smithi083.stdout:/usr/bin/ceph: stdout "status": "HEALTH_OK",
2024-04-24T23:25:27.046 INFO:teuthology.orchestra.run.smithi083.stdout:/usr/bin/ceph: stdout "checks": {},
2024-04-24T23:25:27.047 INFO:teuthology.orchestra.run.smithi083.stdout:/usr/bin/ceph: stdout "mutes": []
2024-04-24T23:25:27.047 INFO:teuthology.orchestra.run.smithi083.stdout:/usr/bin/ceph: stdout },
2024-04-24T23:25:27.047 INFO:teuthology.orchestra.run.smithi083.stdout:/usr/bin/ceph: stdout "election_epoch": 5,
2024-04-24T23:25:27.047 INFO:teuthology.orchestra.run.smithi083.stdout:/usr/bin/ceph: stdout "quorum": [
2024-04-24T23:25:27.047 INFO:teuthology.orchestra.run.smithi083.stdout:/usr/bin/ceph: stdout 0
2024-04-24T23:25:27.047 INFO:teuthology.orchestra.run.smithi083.stdout:/usr/bin/ceph: stdout ],
2024-04-24T23:25:27.047 INFO:teuthology.orchestra.run.smithi083.stdout:/usr/bin/ceph: stdout "quorum_names": [
2024-04-24T23:25:27.047 INFO:teuthology.orchestra.run.smithi083.stdout:/usr/bin/ceph: stdout "a"
2024-04-24T23:25:27.047 INFO:teuthology.orchestra.run.smithi083.stdout:/usr/bin/ceph: stdout ],
2024-04-24T23:25:27.047 INFO:teuthology.orchestra.run.smithi083.stdout:/usr/bin/ceph: stdout "quorum_age": 12,
2024-04-24T23:25:27.047 INFO:teuthology.orchestra.run.smithi083.stdout:/usr/bin/ceph: stdout "monmap": {
2024-04-24T23:25:27.047 INFO:teuthology.orchestra.run.smithi083.stdout:/usr/bin/ceph: stdout "epoch": 1,
2024-04-24T23:25:27.047 INFO:teuthology.orchestra.run.smithi083.stdout:/usr/bin/ceph: stdout "min_mon_release_name": "squid",
2024-04-24T23:25:27.047 INFO:teuthology.orchestra.run.smithi083.stdout:/usr/bin/ceph: stdout "num_mons": 1
2024-04-24T23:25:27.047 INFO:teuthology.orchestra.run.smithi083.stdout:/usr/bin/ceph: stdout },
2024-04-24T23:25:27.048 INFO:teuthology.orchestra.run.smithi083.stdout:/usr/bin/ceph: stdout "osdmap": {
2024-04-24T23:25:27.048 INFO:teuthology.orchestra.run.smithi083.stdout:/usr/bin/ceph: stdout "epoch": 1,
2024-04-24T23:25:27.048 INFO:teuthology.orchestra.run.smithi083.stdout:/usr/bin/ceph: stdout "num_osds": 0,
2024-04-24T23:25:27.048 INFO:teuthology.orchestra.run.smithi083.stdout:/usr/bin/ceph: stdout "num_up_osds": 0,
2024-04-24T23:25:27.048 INFO:teuthology.orchestra.run.smithi083.stdout:/usr/bin/ceph: stdout "osd_up_since": 0,
2024-04-24T23:25:27.056 INFO:teuthology.orchestra.run.smithi083.stdout:/usr/bin/ceph: stdout "num_in_osds": 0,
2024-04-24T23:25:27.056 INFO:teuthology.orchestra.run.smithi083.stdout:/usr/bin/ceph: stdout "osd_in_since": 0,
2024-04-24T23:25:27.056 INFO:teuthology.orchestra.run.smithi083.stdout:/usr/bin/ceph: stdout "num_remapped_pgs": 0
2024-04-24T23:25:27.056 INFO:teuthology.orchestra.run.smithi083.stdout:/usr/bin/ceph: stdout },
2024-04-24T23:25:27.057 INFO:teuthology.orchestra.run.smithi083.stdout:/usr/bin/ceph: stdout "pgmap": {
2024-04-24T23:25:27.057 INFO:teuthology.orchestra.run.smithi083.stdout:/usr/bin/ceph: stdout "pgs_by_state": [],
2024-04-24T23:25:27.057 INFO:teuthology.orchestra.run.smithi083.stdout:/usr/bin/ceph: stdout "num_pgs": 0,
2024-04-24T23:25:27.057 INFO:teuthology.orchestra.run.smithi083.stdout:/usr/bin/ceph: stdout "num_pools": 0,
2024-04-24T23:25:27.057 INFO:teuthology.orchestra.run.smithi083.stdout:/usr/bin/ceph: stdout "num_objects": 0,
2024-04-24T23:25:27.057 INFO:teuthology.orchestra.run.smithi083.stdout:/usr/bin/ceph: stdout "data_bytes": 0,
2024-04-24T23:25:27.057 INFO:teuthology.orchestra.run.smithi083.stdout:/usr/bin/ceph: stdout "bytes_used": 0,
2024-04-24T23:25:27.057 INFO:teuthology.orchestra.run.smithi083.stdout:/usr/bin/ceph: stdout "bytes_avail": 0,
2024-04-24T23:25:27.057 INFO:teuthology.orchestra.run.smithi083.stdout:/usr/bin/ceph: stdout "bytes_total": 0
2024-04-24T23:25:27.057 INFO:teuthology.orchestra.run.smithi083.stdout:/usr/bin/ceph: stdout },
2024-04-24T23:25:27.057 INFO:teuthology.orchestra.run.smithi083.stdout:/usr/bin/ceph: stdout "fsmap": {
2024-04-24T23:25:27.057 INFO:teuthology.orchestra.run.smithi083.stdout:/usr/bin/ceph: stdout "epoch": 1,
2024-04-24T23:25:27.057 INFO:teuthology.orchestra.run.smithi083.stdout:/usr/bin/ceph: stdout "by_rank": [],
2024-04-24T23:25:27.057 INFO:teuthology.orchestra.run.smithi083.stdout:/usr/bin/ceph: stdout "up:standby": 0
2024-04-24T23:25:27.058 INFO:teuthology.orchestra.run.smithi083.stdout:/usr/bin/ceph: stdout },
2024-04-24T23:25:27.058 INFO:teuthology.orchestra.run.smithi083.stdout:/usr/bin/ceph: stdout "mgrmap": {
2024-04-24T23:25:27.058 INFO:teuthology.orchestra.run.smithi083.stdout:/usr/bin/ceph: stdout "available": true,
2024-04-24T23:25:27.058 INFO:teuthology.orchestra.run.smithi083.stdout:/usr/bin/ceph: stdout "num_standbys": 0,
2024-04-24T23:25:27.058 INFO:teuthology.orchestra.run.smithi083.stdout:/usr/bin/ceph: stdout "modules": [
2024-04-24T23:25:27.058 INFO:teuthology.orchestra.run.smithi083.stdout:/usr/bin/ceph: stdout "iostat",
2024-04-24T23:25:27.058 INFO:teuthology.orchestra.run.smithi083.stdout:/usr/bin/ceph: stdout "nfs",
2024-04-24T23:25:27.058 INFO:teuthology.orchestra.run.smithi083.stdout:/usr/bin/ceph: stdout "restful"
2024-04-24T23:25:27.058 INFO:teuthology.orchestra.run.smithi083.stdout:/usr/bin/ceph: stdout ],
2024-04-24T23:25:27.058 INFO:teuthology.orchestra.run.smithi083.stdout:/usr/bin/ceph: stdout "services": {}
2024-04-24T23:25:27.058 INFO:teuthology.orchestra.run.smithi083.stdout:/usr/bin/ceph: stdout },
2024-04-24T23:25:27.058 INFO:teuthology.orchestra.run.smithi083.stdout:/usr/bin/ceph: stdout "servicemap": {
2024-04-24T23:25:27.058 INFO:teuthology.orchestra.run.smithi083.stdout:/usr/bin/ceph: stdout "epoch": 1,
2024-04-24T23:25:27.059 INFO:teuthology.orchestra.run.smithi083.stdout:/usr/bin/ceph: stdout "modified": "2024-04-24T23:25:04.302809+0000",
2024-04-24T23:25:27.059 INFO:teuthology.orchestra.run.smithi083.stdout:/usr/bin/ceph: stdout "services": {}
2024-04-24T23:25:27.059 INFO:teuthology.orchestra.run.smithi083.stdout:/usr/bin/ceph: stdout },
2024-04-24T23:25:27.059 INFO:teuthology.orchestra.run.smithi083.stdout:/usr/bin/ceph: stdout "progress_events": {}
2024-04-24T23:25:27.059 INFO:teuthology.orchestra.run.smithi083.stdout:/usr/bin/ceph: stdout }
2024-04-24T23:25:27.059 INFO:teuthology.orchestra.run.smithi083.stdout:/usr/bin/ceph: stderr
2024-04-24T23:25:26.177+0000 7f0cc75f6700 1 Processor -- start
2024-04-24T23:25:27.059 INFO:teuthology.orchestra.run.smithi083.stdout:/usr/bin/ceph: stderr
2024-04-24T23:25:26.177+0000 7f0cc75f6700 1 -- start start
2024-04-24T23:25:27.059 INFO:teuthology.orchestra.run.smithi083.stdout:/usr/bin/ceph: stderr
2024-04-24T23:25:26.177+0000 7f0cc75f6700 1 --2- >> [v2:172.21.15.83:3300/0,v1:172.21.15.83:6789/0] conn(0x7f0cc01063f0 0x7f0cc0106810 unknown :-1 s=NONE pgs=0 cs=0 l=0 rev1=0 crypto rx=0 tx=0 comp rx=0 tx=0).connect
2024-04-24T23:25:27.059 INFO:teuthology.orchestra.run.smithi083.stdout:/usr/bin/ceph: stderr
2024-04-24T23:25:26.177+0000 7f0cc75f6700 1 -- --> [v2:172.21.15.83:3300/0,v1:172.21.15.83:6789/0] -- mon_getmap magic: 0 -- 0x7f0cc007bdd0 con 0x7f0cc01063f0
2024-04-24T23:25:27.059 INFO:teuthology.orchestra.run.smithi083.stdout:/usr/bin/ceph: stderr
2024-04-24T23:25:26.178+0000 7f0cc5392700 1 --2- >> [v2:172.21.15.83:3300/0,v1:172.21.15.83:6789/0] conn(0x7f0cc01063f0 0x7f0cc0106810 unknown :-1 s=BANNER_CONNECTING pgs=0 cs=0 l=0 rev1=0 crypto rx=0 tx=0 comp rx=0 tx=0)._handle_peer_banner_payload supported=3 required=0
2024-04-24T23:25:27.059 INFO:teuthology.orchestra.run.smithi083.stdout:/usr/bin/ceph: stderr
2024-04-24T23:25:26.178+0000 7f0cc5392700 1 --2- >> [v2:172.21.15.83:3300/0,v1:172.21.15.83:6789/0] conn(0x7f0cc01063f0 0x7f0cc0106810 unknown :-1 s=HELLO_CONNECTING pgs=0 cs=0 l=0 rev1=1 crypto rx=0 tx=0 comp rx=0 tx=0).handle_hello peer v2:172.21.15.83:3300/0 says I am v2:172.21.15.83:55386/0 (socket says 172.21.15.83:55386)
2024-04-24T23:25:27.059 INFO:teuthology.orchestra.run.smithi083.stdout:/usr/bin/ceph: stderr
2024-04-24T23:25:26.178+0000 7f0cc5392700 1 -- 172.21.15.83:0/1186614184 learned_addr learned my addr 172.21.15.83:0/1186614184 (peer_addr_for_me v2:172.21.15.83:0/0)
2024-04-24T23:25:27.059 INFO:teuthology.orchestra.run.smithi083.stdout:/usr/bin/ceph: stderr
2024-04-24T23:25:26.178+0000 7f0cc5392700 1 -- 172.21.15.83:0/1186614184 --> [v2:172.21.15.83:3300/0,v1:172.21.15.83:6789/0] -- mon_subscribe({config=0+,monmap=0+}) -- 0x7f0cc0106d50 con 0x7f0cc01063f0
2024-04-24T23:25:27.059 INFO:teuthology.orchestra.run.smithi083.stdout:/usr/bin/ceph: stderr
2024-04-24T23:25:26.178+0000 7f0cc5392700 1 --2- 172.21.15.83:0/1186614184 >> [v2:172.21.15.83:3300/0,v1:172.21.15.83:6789/0] conn(0x7f0cc01063f0 0x7f0cc0106810 secure :-1 s=READY pgs=18 cs=0 l=1 rev1=1 crypto rx=0x7f0cb00098a0 tx=0x7f0cb0009bb0 comp rx=0 tx=0).ready entity=mon.0 client_cookie=99c64d14ecc62ec server_cookie=0 in_seq=0 out_seq=0
2024-04-24T23:25:27.060 INFO:teuthology.orchestra.run.smithi083.stdout:/usr/bin/ceph: stderr
2024-04-24T23:25:26.178+0000 7f0cb7fff700 1 -- 172.21.15.83:0/1186614184 <== mon.0 v2:172.21.15.83:3300/0 1 ==== mon_map magic: 0 ==== 205+0+0 (secure 0 0 0) 0x7f0cb0004160 con 0x7f0cc01063f0
2024-04-24T23:25:27.060 INFO:teuthology.orchestra.run.smithi083.stdout:/usr/bin/ceph: stderr
2024-04-24T23:25:26.178+0000 7f0cb7fff700 1 -- 172.21.15.83:0/1186614184 <== mon.0 v2:172.21.15.83:3300/0 2 ==== config(26 keys) ==== 1071+0+0 (secure 0 0 0) 0x7f0cb0004300 con 0x7f0cc01063f0
2024-04-24T23:25:27.060 INFO:teuthology.orchestra.run.smithi083.stdout:/usr/bin/ceph: stderr
2024-04-24T23:25:26.178+0000 7f0cb7fff700 1 -- 172.21.15.83:0/1186614184 <== mon.0 v2:172.21.15.83:3300/0 3 ==== mon_map magic: 0 ==== 205+0+0 (secure 0 0 0) 0x7f0cb0011a80 con 0x7f0cc01063f0
2024-04-24T23:25:27.060 INFO:teuthology.orchestra.run.smithi083.stdout:/usr/bin/ceph: stderr
2024-04-24T23:25:26.179+0000 7f0cc75f6700 1 -- 172.21.15.83:0/1186614184 >> [v2:172.21.15.83:3300/0,v1:172.21.15.83:6789/0] conn(0x7f0cc01063f0 msgr2=0x7f0cc0106810 secure :-1 s=STATE_CONNECTION_ESTABLISHED l=1).mark_down
2024-04-24T23:25:27.060 INFO:teuthology.orchestra.run.smithi083.stdout:/usr/bin/ceph: stderr
2024-04-24T23:25:26.179+0000 7f0cc75f6700 1 --2- 172.21.15.83:0/1186614184 >> [v2:172.21.15.83:3300/0,v1:172.21.15.83:6789/0] conn(0x7f0cc01063f0 0x7f0cc0106810 secure :-1 s=READY pgs=18 cs=0 l=1 rev1=1 crypto rx=0x7f0cb00098a0 tx=0x7f0cb0009bb0 comp rx=0 tx=0).stop
2024-04-24T23:25:27.060 INFO:teuthology.orchestra.run.smithi083.stdout:/usr/bin/ceph: stderr
2024-04-24T23:25:26.179+0000 7f0cc75f6700 1 -- 172.21.15.83:0/1186614184 shutdown_connections
2024-04-24T23:25:27.060 INFO:teuthology.orchestra.run.smithi083.stdout:/usr/bin/ceph: stderr
2024-04-24T23:25:26.179+0000 7f0cc75f6700 1 --2- 172.21.15.83:0/1186614184 >> [v2:172.21.15.83:3300/0,v1:172.21.15.83:6789/0] conn(0x7f0cc01063f0 0x7f0cc0106810 unknown :-1 s=CLOSED pgs=18 cs=0 l=1 rev1=1 crypto rx=0 tx=0 comp rx=0 tx=0).stop
2024-04-24T23:25:27.060 INFO:teuthology.orchestra.run.smithi083.stdout:/usr/bin/ceph: stderr
2024-04-24T23:25:26.179+0000 7f0cc75f6700 1 -- 172.21.15.83:0/1186614184 >> 172.21.15.83:0/1186614184 conn(0x7f0cc0101f70 msgr2=0x7f0cc01043f0 unknown :-1 s=STATE_NONE l=0).mark_down
2024-04-24T23:25:27.060 INFO:teuthology.orchestra.run.smithi083.stdout:/usr/bin/ceph: stderr
2024-04-24T23:25:26.179+0000 7f0cc75f6700 1 -- 172.21.15.83:0/1186614184 shutdown_connections
2024-04-24T23:25:27.060 INFO:teuthology.orchestra.run.smithi083.stdout:/usr/bin/ceph: stderr
2024-04-24T23:25:26.179+0000 7f0cc75f6700 1 -- 172.21.15.83:0/1186614184 wait complete.
2024-04-24T23:25:27.060 INFO:teuthology.orchestra.run.smithi083.stdout:/usr/bin/ceph: stderr
2024-04-24T23:25:26.180+0000 7f0cc75f6700 1 Processor -- start
2024-04-24T23:25:27.060 INFO:teuthology.orchestra.run.smithi083.stdout:/usr/bin/ceph: stderr
2024-04-24T23:25:26.180+0000 7f0cc75f6700 1 -- start start
2024-04-24T23:25:27.060 INFO:teuthology.orchestra.run.smithi083.stdout:/usr/bin/ceph: stderr
2024-04-24T23:25:26.180+0000 7f0cc75f6700 1 --2- >> [v2:172.21.15.83:3300/0,v1:172.21.15.83:6789/0] conn(0x7f0cc01063f0 0x7f0cc019dc60 unknown :-1 s=NONE pgs=0 cs=0 l=1 rev1=0 crypto rx=0 tx=0 comp rx=0 tx=0).connect
2024-04-24T23:25:27.060 INFO:teuthology.orchestra.run.smithi083.stdout:/usr/bin/ceph: stderr
2024-04-24T23:25:26.180+0000 7f0cc75f6700 1 -- --> [v2:172.21.15.83:3300/0,v1:172.21.15.83:6789/0] -- mon_getmap magic: 0 -- 0x7f0cc0107c00 con 0x7f0cc01063f0
2024-04-24T23:25:27.060 INFO:teuthology.orchestra.run.smithi083.stdout:/usr/bin/ceph: stderr
2024-04-24T23:25:26.180+0000 7f0cc5392700 1 --2- >> [v2:172.21.15.83:3300/0,v1:172.21.15.83:6789/0] conn(0x7f0cc01063f0 0x7f0cc019dc60 unknown :-1 s=BANNER_CONNECTING pgs=0 cs=0 l=1 rev1=0 crypto rx=0 tx=0 comp rx=0 tx=0)._handle_peer_banner_payload supported=3 required=0
2024-04-24T23:25:27.061 INFO:teuthology.orchestra.run.smithi083.stdout:/usr/bin/ceph: stderr
2024-04-24T23:25:26.180+0000 7f0cc5392700 1 --2- >> [v2:172.21.15.83:3300/0,v1:172.21.15.83:6789/0] conn(0x7f0cc01063f0 0x7f0cc019dc60 unknown :-1 s=HELLO_CONNECTING pgs=0 cs=0 l=1 rev1=1 crypto rx=0 tx=0 comp rx=0 tx=0).handle_hello peer v2:172.21.15.83:3300/0 says I am v2:172.21.15.83:55400/0 (socket says 172.21.15.83:55400)
2024-04-24T23:25:27.061 INFO:teuthology.orchestra.run.smithi083.stdout:/usr/bin/ceph: stderr
2024-04-24T23:25:26.180+0000 7f0cc5392700 1 -- 172.21.15.83:0/143690544 learned_addr learned my addr 172.21.15.83:0/143690544 (peer_addr_for_me v2:172.21.15.83:0/0)
2024-04-24T23:25:27.061 INFO:teuthology.orchestra.run.smithi083.stdout:/usr/bin/ceph: stderr
2024-04-24T23:25:26.180+0000 7f0cc5392700 1 -- 172.21.15.83:0/143690544 --> [v2:172.21.15.83:3300/0,v1:172.21.15.83:6789/0] -- mon_subscribe({config=0+,monmap=0+}) -- 0x7f0cc019e1a0 con 0x7f0cc01063f0
2024-04-24T23:25:27.061 INFO:teuthology.orchestra.run.smithi083.stdout:/usr/bin/ceph: stderr
2024-04-24T23:25:26.181+0000 7f0cc5392700 1 --2- 172.21.15.83:0/143690544 >> [v2:172.21.15.83:3300/0,v1:172.21.15.83:6789/0] conn(0x7f0cc01063f0 0x7f0cc019dc60 secure :-1 s=READY pgs=19 cs=0 l=1 rev1=1 crypto rx=0x7f0cb0011a50 tx=0x7f0cb0004290 comp rx=0 tx=0).ready entity=mon.0 client_cookie=0 server_cookie=0 in_seq=0 out_seq=0
2024-04-24T23:25:27.061 INFO:teuthology.orchestra.run.smithi083.stdout:/usr/bin/ceph: stderr
2024-04-24T23:25:26.181+0000 7f0cb67fc700 1 -- 172.21.15.83:0/143690544 <== mon.0 v2:172.21.15.83:3300/0 1 ==== mon_map magic: 0 ==== 205+0+0 (secure 0 0 0) 0x7f0cb00039f0 con 0x7f0cc01063f0
2024-04-24T23:25:27.061 INFO:teuthology.orchestra.run.smithi083.stdout:/usr/bin/ceph: stderr
2024-04-24T23:25:26.181+0000 7f0cb67fc700 1 -- 172.21.15.83:0/143690544 <== mon.0 v2:172.21.15.83:3300/0 2 ==== config(26 keys) ==== 1071+0+0 (secure 0 0 0) 0x7f0cb0003b90 con 0x7f0cc01063f0
2024-04-24T23:25:27.061 INFO:teuthology.orchestra.run.smithi083.stdout:/usr/bin/ceph: stderr
2024-04-24T23:25:26.181+0000 7f0cc75f6700 1 -- 172.21.15.83:0/143690544 --> [v2:172.21.15.83:3300/0,v1:172.21.15.83:6789/0] -- mon_subscribe({mgrmap=0+}) -- 0x7f0cc019e430 con 0x7f0cc01063f0
2024-04-24T23:25:27.061 INFO:teuthology.orchestra.run.smithi083.stdout:/usr/bin/ceph: stderr
2024-04-24T23:25:26.181+0000 7f0cb67fc700 1 -- 172.21.15.83:0/143690544 <== mon.0 v2:172.21.15.83:3300/0 3 ==== mon_map magic: 0 ==== 205+0+0 (secure 0 0 0) 0x7f0cb001a600 con 0x7f0cc01063f0
2024-04-24T23:25:27.061 INFO:teuthology.orchestra.run.smithi083.stdout:/usr/bin/ceph: stderr
2024-04-24T23:25:26.181+0000 7f0cc75f6700 1 -- 172.21.15.83:0/143690544 --> [v2:172.21.15.83:3300/0,v1:172.21.15.83:6789/0] -- mon_subscribe({osdmap=0}) -- 0x7f0cc01a1120 con 0x7f0cc01063f0
2024-04-24T23:25:27.061 INFO:teuthology.orchestra.run.smithi083.stdout:/usr/bin/ceph: stderr
2024-04-24T23:25:26.182+0000 7f0cb67fc700 1 -- 172.21.15.83:0/143690544 <== mon.0 v2:172.21.15.83:3300/0 4 ==== mgrmap(e 4) ==== 46276+0+0 (secure 0 0 0) 0x7f0cb001a960 con 0x7f0cc01063f0
2024-04-24T23:25:27.061 INFO:teuthology.orchestra.run.smithi083.stdout:/usr/bin/ceph: stderr
2024-04-24T23:25:26.182+0000 7f0cb67fc700 1 --2- 172.21.15.83:0/143690544 >> [v2:172.21.15.83:6800/726548151,v1:172.21.15.83:6801/726548151] conn(0x7f0cac039000 0x7f0cac03b4c0 unknown :-1 s=NONE pgs=0 cs=0 l=1 rev1=0 crypto rx=0 tx=0 comp rx=0 tx=0).connect
2024-04-24T23:25:27.061 INFO:teuthology.orchestra.run.smithi083.stdout:/usr/bin/ceph: stderr
2024-04-24T23:25:26.182+0000 7f0cc75f6700 1 -- 172.21.15.83:0/143690544 --> [v2:172.21.15.83:3300/0,v1:172.21.15.83:6789/0] -- mon_command({"prefix": "get_command_descriptions"} v 0) -- 0x7f0cc0063890 con 0x7f0cc01063f0
2024-04-24T23:25:27.061 INFO:teuthology.orchestra.run.smithi083.stdout:/usr/bin/ceph: stderr
2024-04-24T23:25:26.182+0000 7f0cb67fc700 1 -- 172.21.15.83:0/143690544 <== mon.0 v2:172.21.15.83:3300/0 5 ==== osd_map(1..1 src has 1..1) ==== 725+0+0 (secure 0 0 0) 0x7f0cb004e310 con 0x7f0cc01063f0
2024-04-24T23:25:27.061 INFO:teuthology.orchestra.run.smithi083.stdout:/usr/bin/ceph: stderr
2024-04-24T23:25:26.182+0000 7f0cc4b91700 1 --2- 172.21.15.83:0/143690544 >> [v2:172.21.15.83:6800/726548151,v1:172.21.15.83:6801/726548151] conn(0x7f0cac039000 0x7f0cac03b4c0 unknown :-1 s=BANNER_CONNECTING pgs=0 cs=0 l=1 rev1=0 crypto rx=0 tx=0 comp rx=0 tx=0)._handle_peer_banner_payload supported=3 required=0
2024-04-24T23:25:27.062 INFO:teuthology.orchestra.run.smithi083.stdout:/usr/bin/ceph: stderr
2024-04-24T23:25:26.183+0000 7f0cc4b91700 1 --2- 172.21.15.83:0/143690544 >> [v2:172.21.15.83:6800/726548151,v1:172.21.15.83:6801/726548151] conn(0x7f0cac039000 0x7f0cac03b4c0 secure :-1 s=READY pgs=6 cs=0 l=1 rev1=1 crypto rx=0x7f0cbc006fd0 tx=0x7f0cbc006e40 comp rx=0 tx=0).ready entity=mgr.14100 client_cookie=0 server_cookie=0 in_seq=0 out_seq=0
2024-04-24T23:25:27.062 INFO:teuthology.orchestra.run.smithi083.stdout:/usr/bin/ceph: stderr
2024-04-24T23:25:26.188+0000 7f0cb67fc700 1 -- 172.21.15.83:0/143690544 <== mon.0 v2:172.21.15.83:3300/0 6 ==== mon_command_ack([{"prefix": "get_command_descriptions"}]=0 v0) ==== 72+0+186147 (secure 0 0 0) 0x7f0cb0019c70 con 0x7f0cc01063f0
2024-04-24T23:25:27.062 INFO:teuthology.orchestra.run.smithi083.stdout:/usr/bin/ceph: stderr
2024-04-24T23:25:26.466+0000 7f0cc75f6700 1 -- 172.21.15.83:0/143690544 --> [v2:172.21.15.83:3300/0,v1:172.21.15.83:6789/0] -- mon_command({"prefix": "status", "format": "json-pretty"} v 0) -- 0x7f0cc002de20 con 0x7f0cc01063f0
2024-04-24T23:25:27.062 INFO:teuthology.orchestra.run.smithi083.stdout:/usr/bin/ceph: stderr
2024-04-24T23:25:26.467+0000 7f0cb67fc700 1 -- 172.21.15.83:0/143690544 <== mon.0 v2:172.21.15.83:3300/0 7 ==== mon_command_ack([{"prefix": "status", "format": "json-pretty"}]=0 v0) ==== 79+0+1239 (secure 0 0 0) 0x7f0cb0020240 con 0x7f0cc01063f0
2024-04-24T23:25:27.062 INFO:teuthology.orchestra.run.smithi083.stdout:/usr/bin/ceph: stderr
2024-04-24T23:25:26.469+0000 7f0cc75f6700 1 -- 172.21.15.83:0/143690544 >> [v2:172.21.15.83:6800/726548151,v1:172.21.15.83:6801/726548151] conn(0x7f0cac039000 msgr2=0x7f0cac03b4c0 secure :-1 s=STATE_CONNECTION_ESTABLISHED l=1).mark_down
2024-04-24T23:25:27.062 INFO:teuthology.orchestra.run.smithi083.stdout:/usr/bin/ceph: stderr
2024-04-24T23:25:26.469+0000 7f0cc75f6700 1 --2- 172.21.15.83:0/143690544 >> [v2:172.21.15.83:6800/726548151,v1:172.21.15.83:6801/726548151] conn(0x7f0cac039000 0x7f0cac03b4c0 secure :-1 s=READY pgs=6 cs=0 l=1 rev1=1 crypto rx=0x7f0cbc006fd0 tx=0x7f0cbc006e40 comp rx=0 tx=0).stop
2024-04-24T23:25:27.062 INFO:teuthology.orchestra.run.smithi083.stdout:/usr/bin/ceph: stderr
2024-04-24T23:25:26.469+0000 7f0cc75f6700 1 -- 172.21.15.83:0/143690544 >> [v2:172.21.15.83:3300/0,v1:172.21.15.83:6789/0] conn(0x7f0cc01063f0 msgr2=0x7f0cc019dc60 secure :-1 s=STATE_CONNECTION_ESTABLISHED l=1).mark_down
2024-04-24T23:25:27.062 INFO:teuthology.orchestra.run.smithi083.stdout:/usr/bin/ceph: stderr
2024-04-24T23:25:26.469+0000 7f0cc75f6700 1 --2- 172.21.15.83:0/143690544 >> [v2:172.21.15.83:3300/0,v1:172.21.15.83:6789/0] conn(0x7f0cc01063f0 0x7f0cc019dc60 secure :-1 s=READY pgs=19 cs=0 l=1 rev1=1 crypto rx=0x7f0cb0011a50 tx=0x7f0cb0004290 comp rx=0 tx=0).stop
2024-04-24T23:25:27.062 INFO:teuthology.orchestra.run.smithi083.stdout:/usr/bin/ceph: stderr
2024-04-24T23:25:26.469+0000 7f0cc75f6700 1 -- 172.21.15.83:0/143690544 shutdown_connections
2024-04-24T23:25:27.062 INFO:teuthology.orchestra.run.smithi083.stdout:/usr/bin/ceph: stderr
2024-04-24T23:25:26.469+0000 7f0cc75f6700 1 --2- 172.21.15.83:0/143690544 >> [v2:172.21.15.83:6800/726548151,v1:172.21.15.83:6801/726548151] conn(0x7f0cac039000 0x7f0cac03b4c0 unknown :-1 s=CLOSED pgs=6 cs=0 l=1 rev1=1 crypto rx=0 tx=0 comp rx=0 tx=0).stop
2024-04-24T23:25:27.062 INFO:teuthology.orchestra.run.smithi083.stdout:/usr/bin/ceph: stderr
2024-04-24T23:25:26.469+0000 7f0cc75f6700 1 --2- 172.21.15.83:0/143690544 >> [v2:172.21.15.83:3300/0,v1:172.21.15.83:6789/0] conn(0x7f0cc01063f0 0x7f0cc019dc60 unknown :-1 s=CLOSED pgs=19 cs=0 l=1 rev1=1 crypto rx=0 tx=0 comp rx=0 tx=0).stop
2024-04-24T23:25:27.062 INFO:teuthology.orchestra.run.smithi083.stdout:/usr/bin/ceph: stderr
2024-04-24T23:25:26.469+0000 7f0cc75f6700 1 -- 172.21.15.83:0/143690544 >> 172.21.15.83:0/143690544 conn(0x7f0cc0101f70 msgr2=0x7f0cc0194900 unknown :-1 s=STATE_NONE l=0).mark_down
2024-04-24T23:25:27.063 INFO:teuthology.orchestra.run.smithi083.stdout:/usr/bin/ceph: stderr
2024-04-24T23:25:26.469+0000 7f0cc75f6700 1 -- 172.21.15.83:0/143690544 shutdown_connections
2024-04-24T23:25:27.063 INFO:teuthology.orchestra.run.smithi083.stdout:/usr/bin/ceph: stderr
2024-04-24T23:25:26.469+0000 7f0cc75f6700 1 -- 172.21.15.83:0/143690544 wait complete.
2024-04-24T23:25:27.063 INFO:teuthology.orchestra.run.smithi083.stdout:mgr is available
2024-04-24T23:25:27.436 INFO:journalctl@ceph.mon.a.smithi083.stdout:Apr 24 23:25:27 smithi083 ceph-mon[29175]: from='client.? 172.21.15.83:0/143690544' entity='client.admin' cmd=[{"prefix": "status", "format": "json-pretty"}]: dispatch
2024-04-24T23:25:28.199 INFO:teuthology.orchestra.run.smithi083.stdout:/usr/bin/ceph: stdout
2024-04-24T23:25:28.199 INFO:teuthology.orchestra.run.smithi083.stdout:/usr/bin/ceph: stdout [global]
2024-04-24T23:25:28.199 INFO:teuthology.orchestra.run.smithi083.stdout:/usr/bin/ceph: stdout fsid = b5e8dd0e-0291-11ef-bc93-c7b262605968
2024-04-24T23:25:28.199 INFO:teuthology.orchestra.run.smithi083.stdout:/usr/bin/ceph: stdout mon_osd_allow_pg_remap = true
2024-04-24T23:25:28.199 INFO:teuthology.orchestra.run.smithi083.stdout:/usr/bin/ceph: stdout mon_osd_allow_primary_affinity = true
2024-04-24T23:25:28.199 INFO:teuthology.orchestra.run.smithi083.stdout:/usr/bin/ceph: stdout mon_warn_on_no_sortbitwise = false
2024-04-24T23:25:28.199 INFO:teuthology.orchestra.run.smithi083.stdout:/usr/bin/ceph: stdout osd_crush_chooseleaf_type = 0
2024-04-24T23:25:28.199 INFO:teuthology.orchestra.run.smithi083.stdout:/usr/bin/ceph: stdout
2024-04-24T23:25:28.199 INFO:teuthology.orchestra.run.smithi083.stdout:/usr/bin/ceph: stdout [mgr]
2024-04-24T23:25:28.199 INFO:teuthology.orchestra.run.smithi083.stdout:/usr/bin/ceph: stdout mgr/telemetry/nag = false
2024-04-24T23:25:28.200 INFO:teuthology.orchestra.run.smithi083.stdout:/usr/bin/ceph: stdout
2024-04-24T23:25:28.200 INFO:teuthology.orchestra.run.smithi083.stdout:/usr/bin/ceph: stdout [osd]
2024-04-24T23:25:28.200 INFO:teuthology.orchestra.run.smithi083.stdout:/usr/bin/ceph: stdout mon_osd_backfillfull_ratio = 0.85
2024-04-24T23:25:28.200 INFO:teuthology.orchestra.run.smithi083.stdout:/usr/bin/ceph: stdout mon_osd_full_ratio = 0.9
2024-04-24T23:25:28.200 INFO:teuthology.orchestra.run.smithi083.stdout:/usr/bin/ceph: stdout mon_osd_nearfull_ratio = 0.8
2024-04-24T23:25:28.200 INFO:teuthology.orchestra.run.smithi083.stdout:/usr/bin/ceph: stdout osd_map_max_advance = 10
2024-04-24T23:25:28.200 INFO:teuthology.orchestra.run.smithi083.stdout:/usr/bin/ceph: stdout osd_sloppy_crc = true
2024-04-24T23:25:28.200 INFO:teuthology.orchestra.run.smithi083.stdout:/usr/bin/ceph: stderr
2024-04-24T23:25:27.474+0000 7f0eb8f2c700 1 Processor -- start
2024-04-24T23:25:28.200 INFO:teuthology.orchestra.run.smithi083.stdout:/usr/bin/ceph: stderr
2024-04-24T23:25:27.475+0000 7f0eb8f2c700 1 -- start start
2024-04-24T23:25:28.200 INFO:teuthology.orchestra.run.smithi083.stdout:/usr/bin/ceph: stderr
2024-04-24T23:25:27.475+0000 7f0eb8f2c700 1 --2- >> [v2:172.21.15.83:3300/0,v1:172.21.15.83:6789/0] conn(0x7f0eb41069e0 0x7f0eb4106e00 unknown :-1 s=NONE pgs=0 cs=0 l=0 rev1=0 crypto rx=0 tx=0 comp rx=0 tx=0).connect
2024-04-24T23:25:28.200 INFO:teuthology.orchestra.run.smithi083.stdout:/usr/bin/ceph: stderr
2024-04-24T23:25:27.475+0000 7f0eb8f2c700 1 -- --> [v2:172.21.15.83:3300/0,v1:172.21.15.83:6789/0] -- mon_getmap magic: 0 -- 0x7f0eb41073d0 con 0x7f0eb41069e0
2024-04-24T23:25:28.200 INFO:teuthology.orchestra.run.smithi083.stdout:/usr/bin/ceph: stderr
2024-04-24T23:25:27.475+0000 7f0eb259c700 1 --2- >> [v2:172.21.15.83:3300/0,v1:172.21.15.83:6789/0] conn(0x7f0eb41069e0 0x7f0eb4106e00 unknown :-1 s=BANNER_CONNECTING pgs=0 cs=0 l=0 rev1=0 crypto rx=0 tx=0 comp rx=0 tx=0)._handle_peer_banner_payload supported=3 required=0
2024-04-24T23:25:28.200 INFO:teuthology.orchestra.run.smithi083.stdout:/usr/bin/ceph: stderr
2024-04-24T23:25:27.475+0000 7f0eb259c700 1 --2- >> [v2:172.21.15.83:3300/0,v1:172.21.15.83:6789/0] conn(0x7f0eb41069e0 0x7f0eb4106e00 unknown :-1 s=HELLO_CONNECTING pgs=0 cs=0 l=0 rev1=1 crypto rx=0 tx=0 comp rx=0 tx=0).handle_hello peer v2:172.21.15.83:3300/0 says I am v2:172.21.15.83:55404/0 (socket says 172.21.15.83:55404)
2024-04-24T23:25:28.201 INFO:teuthology.orchestra.run.smithi083.stdout:/usr/bin/ceph: stderr
2024-04-24T23:25:27.475+0000 7f0eb259c700 1 -- 172.21.15.83:0/1944990256 learned_addr learned my addr 172.21.15.83:0/1944990256 (peer_addr_for_me v2:172.21.15.83:0/0)
2024-04-24T23:25:28.201 INFO:teuthology.orchestra.run.smithi083.stdout:/usr/bin/ceph: stderr
2024-04-24T23:25:27.475+0000 7f0eb259c700 1 -- 172.21.15.83:0/1944990256 --> [v2:172.21.15.83:3300/0,v1:172.21.15.83:6789/0] -- mon_subscribe({config=0+,monmap=0+}) -- 0x7f0eb4107be0 con 0x7f0eb41069e0
2024-04-24T23:25:28.201 INFO:teuthology.orchestra.run.smithi083.stdout:/usr/bin/ceph: stderr
2024-04-24T23:25:27.475+0000 7f0eb259c700 1 --2- 172.21.15.83:0/1944990256 >> [v2:172.21.15.83:3300/0,v1:172.21.15.83:6789/0] conn(0x7f0eb41069e0 0x7f0eb4106e00 secure :-1 s=READY pgs=20 cs=0 l=1 rev1=1 crypto rx=0x7f0ea80098a0 tx=0x7f0ea8009bb0 comp rx=0 tx=0).ready entity=mon.0 client_cookie=7ad3359095787526 server_cookie=0 in_seq=0 out_seq=0
2024-04-24T23:25:28.201 INFO:teuthology.orchestra.run.smithi083.stdout:/usr/bin/ceph: stderr
2024-04-24T23:25:27.476+0000 7f0eb159a700 1 -- 172.21.15.83:0/1944990256 <== mon.0 v2:172.21.15.83:3300/0 1 ==== mon_map magic: 0 ==== 205+0+0 (secure 0 0 0) 0x7f0ea8004160 con 0x7f0eb41069e0
2024-04-24T23:25:28.201 INFO:teuthology.orchestra.run.smithi083.stdout:/usr/bin/ceph: stderr
2024-04-24T23:25:27.476+0000 7f0eb159a700 1 -- 172.21.15.83:0/1944990256 <== mon.0 v2:172.21.15.83:3300/0 2 ==== config(26 keys) ==== 1071+0+0 (secure 0 0 0) 0x7f0ea8004300 con 0x7f0eb41069e0
2024-04-24T23:25:28.201 INFO:teuthology.orchestra.run.smithi083.stdout:/usr/bin/ceph: stderr
2024-04-24T23:25:27.476+0000 7f0eb159a700 1 -- 172.21.15.83:0/1944990256 <== mon.0 v2:172.21.15.83:3300/0 3 ==== mon_map magic: 0 ==== 205+0+0 (secure 0 0 0) 0x7f0ea8011a80 con 0x7f0eb41069e0
2024-04-24T23:25:28.201 INFO:teuthology.orchestra.run.smithi083.stdout:/usr/bin/ceph: stderr
2024-04-24T23:25:27.476+0000 7f0eb8f2c700 1 -- 172.21.15.83:0/1944990256 >> [v2:172.21.15.83:3300/0,v1:172.21.15.83:6789/0] conn(0x7f0eb41069e0 msgr2=0x7f0eb4106e00 secure :-1 s=STATE_CONNECTION_ESTABLISHED l=1).mark_down
2024-04-24T23:25:28.201 INFO:teuthology.orchestra.run.smithi083.stdout:/usr/bin/ceph: stderr
2024-04-24T23:25:27.476+0000 7f0eb8f2c700 1 --2- 172.21.15.83:0/1944990256 >> [v2:172.21.15.83:3300/0,v1:172.21.15.83:6789/0] conn(0x7f0eb41069e0 0x7f0eb4106e00 secure :-1 s=READY pgs=20 cs=0 l=1 rev1=1 crypto rx=0x7f0ea80098a0 tx=0x7f0ea8009bb0 comp rx=0 tx=0).stop
2024-04-24T23:25:28.201 INFO:teuthology.orchestra.run.smithi083.stdout:/usr/bin/ceph: stderr
2024-04-24T23:25:27.476+0000 7f0eb8f2c700 1 -- 172.21.15.83:0/1944990256 shutdown_connections
2024-04-24T23:25:28.201 INFO:teuthology.orchestra.run.smithi083.stdout:/usr/bin/ceph: stderr
2024-04-24T23:25:27.476+0000 7f0eb8f2c700 1 --2- 172.21.15.83:0/1944990256 >> [v2:172.21.15.83:3300/0,v1:172.21.15.83:6789/0] conn(0x7f0eb41069e0 0x7f0eb4106e00 unknown :-1 s=CLOSED pgs=20 cs=0 l=1 rev1=1 crypto rx=0 tx=0 comp rx=0 tx=0).stop
2024-04-24T23:25:28.201 INFO:teuthology.orchestra.run.smithi083.stdout:/usr/bin/ceph: stderr
2024-04-24T23:25:27.476+0000 7f0eb8f2c700 1 -- 172.21.15.83:0/1944990256 >> 172.21.15.83:0/1944990256 conn(0x7f0eb4101fc0 msgr2=0x7f0eb41043e0 unknown :-1 s=STATE_NONE l=0).mark_down
2024-04-24T23:25:28.201 INFO:teuthology.orchestra.run.smithi083.stdout:/usr/bin/ceph: stderr
2024-04-24T23:25:27.476+0000 7f0eb8f2c700 1 -- 172.21.15.83:0/1944990256 shutdown_connections
2024-04-24T23:25:28.201 INFO:teuthology.orchestra.run.smithi083.stdout:/usr/bin/ceph: stderr
2024-04-24T23:25:27.476+0000 7f0eb8f2c700 1 -- 172.21.15.83:0/1944990256 wait complete.
2024-04-24T23:25:28.201 INFO:teuthology.orchestra.run.smithi083.stdout:/usr/bin/ceph: stderr
2024-04-24T23:25:27.477+0000 7f0eb8f2c700 1 Processor -- start
2024-04-24T23:25:28.202 INFO:teuthology.orchestra.run.smithi083.stdout:/usr/bin/ceph: stderr
2024-04-24T23:25:27.477+0000 7f0eb8f2c700 1 -- start start
2024-04-24T23:25:28.202 INFO:teuthology.orchestra.run.smithi083.stdout:/usr/bin/ceph: stderr
2024-04-24T23:25:27.477+0000 7f0eb8f2c700 1 --2- >> [v2:172.21.15.83:3300/0,v1:172.21.15.83:6789/0] conn(0x7f0eb41069e0 0x7f0eb407ba40 unknown :-1 s=NONE pgs=0 cs=0 l=1 rev1=0 crypto rx=0 tx=0 comp rx=0 tx=0).connect
2024-04-24T23:25:28.202 INFO:teuthology.orchestra.run.smithi083.stdout:/usr/bin/ceph: stderr
2024-04-24T23:25:27.477+0000 7f0eb8f2c700 1 -- --> [v2:172.21.15.83:3300/0,v1:172.21.15.83:6789/0] -- mon_getmap magic: 0 -- 0x7f0eb410af90 con 0x7f0eb41069e0
2024-04-24T23:25:28.202 INFO:teuthology.orchestra.run.smithi083.stdout:/usr/bin/ceph: stderr
2024-04-24T23:25:27.477+0000 7f0eb259c700 1 --2- >> [v2:172.21.15.83:3300/0,v1:172.21.15.83:6789/0] conn(0x7f0eb41069e0 0x7f0eb407ba40 unknown :-1 s=BANNER_CONNECTING pgs=0 cs=0 l=1 rev1=0 crypto rx=0 tx=0 comp rx=0 tx=0)._handle_peer_banner_payload supported=3 required=0
2024-04-24T23:25:28.202 INFO:teuthology.orchestra.run.smithi083.stdout:/usr/bin/ceph: stderr
2024-04-24T23:25:27.477+0000 7f0eb259c700 1 --2- >> [v2:172.21.15.83:3300/0,v1:172.21.15.83:6789/0] conn(0x7f0eb41069e0 0x7f0eb407ba40 unknown :-1 s=HELLO_CONNECTING pgs=0 cs=0 l=1 rev1=1 crypto rx=0 tx=0 comp rx=0 tx=0).handle_hello peer v2:172.21.15.83:3300/0 says I am v2:172.21.15.83:55412/0 (socket says 172.21.15.83:55412)
2024-04-24T23:25:28.202 INFO:teuthology.orchestra.run.smithi083.stdout:/usr/bin/ceph: stderr
2024-04-24T23:25:27.477+0000 7f0eb259c700 1 -- 172.21.15.83:0/1111211605 learned_addr learned my addr 172.21.15.83:0/1111211605 (peer_addr_for_me v2:172.21.15.83:0/0)
2024-04-24T23:25:28.202 INFO:teuthology.orchestra.run.smithi083.stdout:/usr/bin/ceph: stderr
2024-04-24T23:25:27.478+0000 7f0eb259c700 1 -- 172.21.15.83:0/1111211605 --> [v2:172.21.15.83:3300/0,v1:172.21.15.83:6789/0] -- mon_subscribe({config=0+,monmap=0+}) -- 0x7f0eb419e780 con 0x7f0eb41069e0
2024-04-24T23:25:28.202 INFO:teuthology.orchestra.run.smithi083.stdout:/usr/bin/ceph: stderr
2024-04-24T23:25:27.478+0000 7f0eb259c700 1 --2- 172.21.15.83:0/1111211605 >> [v2:172.21.15.83:3300/0,v1:172.21.15.83:6789/0] conn(0x7f0eb41069e0 0x7f0eb407ba40 secure :-1 s=READY pgs=21 cs=0 l=1 rev1=1 crypto rx=0x7f0ea8006af0 tx=0x7f0ea8011c40 comp rx=0 tx=0).ready entity=mon.0 client_cookie=0 server_cookie=0 in_seq=0 out_seq=0
2024-04-24T23:25:28.202 INFO:teuthology.orchestra.run.smithi083.stdout:/usr/bin/ceph: stderr
2024-04-24T23:25:27.478+0000 7f0ea37fe700 1 -- 172.21.15.83:0/1111211605 <== mon.0 v2:172.21.15.83:3300/0 1 ==== mon_map magic: 0 ==== 205+0+0 (secure 0 0 0) 0x7f0ea80039e0 con 0x7f0eb41069e0
2024-04-24T23:25:28.202 INFO:teuthology.orchestra.run.smithi083.stdout:/usr/bin/ceph: stderr
2024-04-24T23:25:27.478+0000 7f0ea37fe700 1 -- 172.21.15.83:0/1111211605 <== mon.0 v2:172.21.15.83:3300/0 2 ==== config(26 keys) ==== 1071+0+0 (secure 0 0 0) 0x7f0ea8003b80 con 0x7f0eb41069e0
2024-04-24T23:25:28.202 INFO:teuthology.orchestra.run.smithi083.stdout:/usr/bin/ceph: stderr
2024-04-24T23:25:27.478+0000 7f0eb8f2c700 1 -- 172.21.15.83:0/1111211605 --> [v2:172.21.15.83:3300/0,v1:172.21.15.83:6789/0] -- mon_subscribe({mgrmap=0+}) -- 0x7f0eb419e950 con 0x7f0eb41069e0
2024-04-24T23:25:28.202 INFO:teuthology.orchestra.run.smithi083.stdout:/usr/bin/ceph: stderr
2024-04-24T23:25:27.478+0000 7f0ea37fe700 1 -- 172.21.15.83:0/1111211605 <== mon.0 v2:172.21.15.83:3300/0 3 ==== mon_map magic: 0 ==== 205+0+0 (secure 0 0 0) 0x7f0ea80196a0 con 0x7f0eb41069e0
2024-04-24T23:25:28.202 INFO:teuthology.orchestra.run.smithi083.stdout:/usr/bin/ceph: stderr
2024-04-24T23:25:27.478+0000 7f0eb8f2c700 1 -- 172.21.15.83:0/1111211605 --> [v2:172.21.15.83:3300/0,v1:172.21.15.83:6789/0] -- mon_subscribe({osdmap=0}) -- 0x7f0eb419ecf0 con 0x7f0eb41069e0
2024-04-24T23:25:28.203 INFO:teuthology.orchestra.run.smithi083.stdout:/usr/bin/ceph: stderr
2024-04-24T23:25:27.479+0000 7f0ea37fe700 1 -- 172.21.15.83:0/1111211605 <== mon.0 v2:172.21.15.83:3300/0 4 ==== mgrmap(e 4) ==== 46276+0+0 (secure 0 0 0) 0x7f0ea8019950 con 0x7f0eb41069e0
2024-04-24T23:25:28.203 INFO:teuthology.orchestra.run.smithi083.stdout:/usr/bin/ceph: stderr
2024-04-24T23:25:27.479+0000 7f0ea37fe700 1 --2- 172.21.15.83:0/1111211605 >> [v2:172.21.15.83:6800/726548151,v1:172.21.15.83:6801/726548151] conn(0x7f0e9c039000 0x7f0e9c03b4c0 unknown :-1 s=NONE pgs=0 cs=0 l=1 rev1=0 crypto rx=0 tx=0 comp rx=0 tx=0).connect
2024-04-24T23:25:28.203 INFO:teuthology.orchestra.run.smithi083.stdout:/usr/bin/ceph: stderr
2024-04-24T23:25:27.479+0000 7f0ea37fe700 1 -- 172.21.15.83:0/1111211605 <== mon.0 v2:172.21.15.83:3300/0 5 ==== osd_map(1..1 src has 1..1) ==== 725+0+0 (secure 0 0 0) 0x7f0ea804d540 con 0x7f0eb41069e0
2024-04-24T23:25:28.203 INFO:teuthology.orchestra.run.smithi083.stdout:/usr/bin/ceph: stderr
2024-04-24T23:25:27.479+0000 7f0eb8f2c700 1 -- 172.21.15.83:0/1111211605 --> [v2:172.21.15.83:3300/0,v1:172.21.15.83:6789/0] -- mon_command({"prefix": "get_command_descriptions"} v 0) -- 0x7f0eb4063890 con 0x7f0eb41069e0
2024-04-24T23:25:28.203 INFO:teuthology.orchestra.run.smithi083.stdout:/usr/bin/ceph: stderr
2024-04-24T23:25:27.479+0000 7f0eb1d9b700 1 --2- 172.21.15.83:0/1111211605 >> [v2:172.21.15.83:6800/726548151,v1:172.21.15.83:6801/726548151] conn(0x7f0e9c039000 0x7f0e9c03b4c0 unknown :-1 s=BANNER_CONNECTING pgs=0 cs=0 l=1 rev1=0 crypto rx=0 tx=0 comp rx=0 tx=0)._handle_peer_banner_payload supported=3 required=0
2024-04-24T23:25:28.203 INFO:teuthology.orchestra.run.smithi083.stdout:/usr/bin/ceph: stderr
2024-04-24T23:25:27.479+0000 7f0eb1d9b700 1 --2- 172.21.15.83:0/1111211605 >> [v2:172.21.15.83:6800/726548151,v1:172.21.15.83:6801/726548151] conn(0x7f0e9c039000 0x7f0e9c03b4c0 secure :-1 s=READY pgs=7 cs=0 l=1 rev1=1 crypto rx=0x7f0ea4006fd0 tx=0x7f0ea4006e40 comp rx=0 tx=0).ready entity=mgr.14100 client_cookie=0 server_cookie=0 in_seq=0 out_seq=0
2024-04-24T23:25:28.203 INFO:teuthology.orchestra.run.smithi083.stdout:/usr/bin/ceph: stderr
2024-04-24T23:25:27.484+0000 7f0ea37fe700 1 -- 172.21.15.83:0/1111211605 <== mon.0 v2:172.21.15.83:3300/0 6 ==== mon_command_ack([{"prefix": "get_command_descriptions"}]=0 v0) ==== 72+0+186147 (secure 0 0 0) 0x7f0ea804cf60 con 0x7f0eb41069e0
2024-04-24T23:25:28.203 INFO:teuthology.orchestra.run.smithi083.stdout:/usr/bin/ceph: stderr
