2024-04-24T23:35:08.900+0000 7f01567fc700 1 -- 172.21.15.107:0/2699762435 <== mon.0 v2:172.21.15.107:3300/0 6 ==== mon_command_ack([{"prefix": "get_command_descriptions"}]=0 v0) ==== 72+0+73141 (secure 0 0 0) 0x7f015c003b60 con 0x7f0160107c80
2024-04-24T23:35:09.611 INFO:teuthology.orchestra.run.smithi107.stdout:/usr/bin/ceph: stderr
2024-04-24T23:35:08.971+0000 7f016781f700 1 -- 172.21.15.107:0/2699762435 --> [v2:172.21.15.107:3300/0,v1:172.21.15.107:6789/0] -- mon_command({"prefix": "status", "format": "json-pretty"} v 0) -- 0x7f016019f2b0 con 0x7f0160107c80
2024-04-24T23:35:09.611 INFO:teuthology.orchestra.run.smithi107.stdout:/usr/bin/ceph: stderr
2024-04-24T23:35:08.972+0000 7f01567fc700 1 -- 172.21.15.107:0/2699762435 <== mon.0 v2:172.21.15.107:3300/0 7 ==== mon_command_ack([{"prefix": "status", "format": "json-pretty"}]=0 v0) ==== 79+0+1239 (secure 0 0 0) 0x7f015c0199a0 con 0x7f0160107c80
2024-04-24T23:35:09.611 INFO:teuthology.orchestra.run.smithi107.stdout:/usr/bin/ceph: stderr
2024-04-24T23:35:08.973+0000 7f016781f700 1 -- 172.21.15.107:0/2699762435 >> [v2:172.21.15.107:3300/0,v1:172.21.15.107:6789/0] conn(0x7f0160107c80 msgr2=0x7f016019bc20 secure :-1 s=STATE_CONNECTION_ESTABLISHED l=1).mark_down
2024-04-24T23:35:09.611 INFO:teuthology.orchestra.run.smithi107.stdout:/usr/bin/ceph: stderr
2024-04-24T23:35:08.973+0000 7f016781f700 1 --2- 172.21.15.107:0/2699762435 >> [v2:172.21.15.107:3300/0,v1:172.21.15.107:6789/0] conn(0x7f0160107c80 0x7f016019bc20 secure :-1 s=READY pgs=10 cs=0 l=1 rev1=1 crypto rx=0x7f015c011670 tx=0x7f015c011b60 comp rx=0 tx=0).stop
2024-04-24T23:35:09.611 INFO:teuthology.orchestra.run.smithi107.stdout:/usr/bin/ceph: stderr
2024-04-24T23:35:08.973+0000 7f016781f700 1 -- 172.21.15.107:0/2699762435 shutdown_connections
2024-04-24T23:35:09.612 INFO:teuthology.orchestra.run.smithi107.stdout:/usr/bin/ceph: stderr
2024-04-24T23:35:08.973+0000 7f016781f700 1 --2- 172.21.15.107:0/2699762435 >> [v2:172.21.15.107:3300/0,v1:172.21.15.107:6789/0] conn(0x7f0160107c80 0x7f016019bc20 unknown :-1 s=CLOSED pgs=10 cs=0 l=1 rev1=1 crypto rx=0 tx=0 comp rx=0 tx=0).stop
2024-04-24T23:35:09.612 INFO:teuthology.orchestra.run.smithi107.stdout:/usr/bin/ceph: stderr
2024-04-24T23:35:08.973+0000 7f016781f700 1 -- 172.21.15.107:0/2699762435 >> 172.21.15.107:0/2699762435 conn(0x7f0160103260 msgr2=0x7f0160103e10 unknown :-1 s=STATE_NONE l=0).mark_down
2024-04-24T23:35:09.612 INFO:teuthology.orchestra.run.smithi107.stdout:/usr/bin/ceph: stderr
2024-04-24T23:35:08.973+0000 7f016781f700 1 -- 172.21.15.107:0/2699762435 shutdown_connections
2024-04-24T23:35:09.612 INFO:teuthology.orchestra.run.smithi107.stdout:/usr/bin/ceph: stderr
2024-04-24T23:35:08.973+0000 7f016781f700 1 -- 172.21.15.107:0/2699762435 wait complete.
2024-04-24T23:35:09.612 INFO:teuthology.orchestra.run.smithi107.stdout:mgr not available, waiting (3/15)...
2024-04-24T23:35:10.378 INFO:journalctl@ceph.mon.a.smithi107.stdout:Apr 24 23:35:10 smithi107 ceph-mon[29118]: from='mgr.14100 172.21.15.107:0/3664016868' entity='mgr.x'
2024-04-24T23:35:10.378 INFO:journalctl@ceph.mon.a.smithi107.stdout:Apr 24 23:35:10 smithi107 ceph-mon[29118]: from='mgr.14100 172.21.15.107:0/3664016868' entity='mgr.x'
2024-04-24T23:35:10.378 INFO:journalctl@ceph.mon.a.smithi107.stdout:Apr 24 23:35:10 smithi107 ceph-mon[29118]: from='mgr.14100 172.21.15.107:0/3664016868' entity='mgr.x'
2024-04-24T23:35:10.378 INFO:journalctl@ceph.mon.a.smithi107.stdout:Apr 24 23:35:10 smithi107 ceph-mon[29118]: mgrmap e3: x(active, since 1.00712s)
2024-04-24T23:35:12.312 INFO:journalctl@ceph.mon.a.smithi107.stdout:Apr 24 23:35:12 smithi107 ceph-mon[29118]: mgrmap e4: x(active, since 2s)
2024-04-24T23:35:12.829 INFO:teuthology.orchestra.run.smithi107.stdout:/usr/bin/ceph: stdout
2024-04-24T23:35:12.830 INFO:teuthology.orchestra.run.smithi107.stdout:/usr/bin/ceph: stdout {
2024-04-24T23:35:12.830 INFO:teuthology.orchestra.run.smithi107.stdout:/usr/bin/ceph: stdout "fsid": "16fa2ae8-0293-11ef-bc93-c7b262605968",
2024-04-24T23:35:12.830 INFO:teuthology.orchestra.run.smithi107.stdout:/usr/bin/ceph: stdout "health": {
2024-04-24T23:35:12.830 INFO:teuthology.orchestra.run.smithi107.stdout:/usr/bin/ceph: stdout "status": "HEALTH_OK",
2024-04-24T23:35:12.830 INFO:teuthology.orchestra.run.smithi107.stdout:/usr/bin/ceph: stdout "checks": {},
2024-04-24T23:35:12.830 INFO:teuthology.orchestra.run.smithi107.stdout:/usr/bin/ceph: stdout "mutes": []
2024-04-24T23:35:12.830 INFO:teuthology.orchestra.run.smithi107.stdout:/usr/bin/ceph: stdout },
2024-04-24T23:35:12.830 INFO:teuthology.orchestra.run.smithi107.stdout:/usr/bin/ceph: stdout "election_epoch": 5,
2024-04-24T23:35:12.830 INFO:teuthology.orchestra.run.smithi107.stdout:/usr/bin/ceph: stdout "quorum": [
2024-04-24T23:35:12.830 INFO:teuthology.orchestra.run.smithi107.stdout:/usr/bin/ceph: stdout 0
2024-04-24T23:35:12.830 INFO:teuthology.orchestra.run.smithi107.stdout:/usr/bin/ceph: stdout ],
2024-04-24T23:35:12.830 INFO:teuthology.orchestra.run.smithi107.stdout:/usr/bin/ceph: stdout "quorum_names": [
2024-04-24T23:35:12.830 INFO:teuthology.orchestra.run.smithi107.stdout:/usr/bin/ceph: stdout "a"
2024-04-24T23:35:12.831 INFO:teuthology.orchestra.run.smithi107.stdout:/usr/bin/ceph: stdout ],
2024-04-24T23:35:12.831 INFO:teuthology.orchestra.run.smithi107.stdout:/usr/bin/ceph: stdout "quorum_age": 12,
2024-04-24T23:35:12.831 INFO:teuthology.orchestra.run.smithi107.stdout:/usr/bin/ceph: stdout "monmap": {
2024-04-24T23:35:12.831 INFO:teuthology.orchestra.run.smithi107.stdout:/usr/bin/ceph: stdout "epoch": 1,
2024-04-24T23:35:12.831 INFO:teuthology.orchestra.run.smithi107.stdout:/usr/bin/ceph: stdout "min_mon_release_name": "squid",
2024-04-24T23:35:12.831 INFO:teuthology.orchestra.run.smithi107.stdout:/usr/bin/ceph: stdout "num_mons": 1
2024-04-24T23:35:12.831 INFO:teuthology.orchestra.run.smithi107.stdout:/usr/bin/ceph: stdout },
2024-04-24T23:35:12.831 INFO:teuthology.orchestra.run.smithi107.stdout:/usr/bin/ceph: stdout "osdmap": {
2024-04-24T23:35:12.831 INFO:teuthology.orchestra.run.smithi107.stdout:/usr/bin/ceph: stdout "epoch": 1,
2024-04-24T23:35:12.831 INFO:teuthology.orchestra.run.smithi107.stdout:/usr/bin/ceph: stdout "num_osds": 0,
2024-04-24T23:35:12.831 INFO:teuthology.orchestra.run.smithi107.stdout:/usr/bin/ceph: stdout "num_up_osds": 0,
2024-04-24T23:35:12.831 INFO:teuthology.orchestra.run.smithi107.stdout:/usr/bin/ceph: stdout "osd_up_since": 0,
2024-04-24T23:35:12.840 INFO:teuthology.orchestra.run.smithi107.stdout:/usr/bin/ceph: stdout "num_in_osds": 0,
2024-04-24T23:35:12.840 INFO:teuthology.orchestra.run.smithi107.stdout:/usr/bin/ceph: stdout "osd_in_since": 0,
2024-04-24T23:35:12.840 INFO:teuthology.orchestra.run.smithi107.stdout:/usr/bin/ceph: stdout "num_remapped_pgs": 0
2024-04-24T23:35:12.840 INFO:teuthology.orchestra.run.smithi107.stdout:/usr/bin/ceph: stdout },
2024-04-24T23:35:12.840 INFO:teuthology.orchestra.run.smithi107.stdout:/usr/bin/ceph: stdout "pgmap": {
2024-04-24T23:35:12.840 INFO:teuthology.orchestra.run.smithi107.stdout:/usr/bin/ceph: stdout "pgs_by_state": [],
2024-04-24T23:35:12.840 INFO:teuthology.orchestra.run.smithi107.stdout:/usr/bin/ceph: stdout "num_pgs": 0,
2024-04-24T23:35:12.840 INFO:teuthology.orchestra.run.smithi107.stdout:/usr/bin/ceph: stdout "num_pools": 0,
2024-04-24T23:35:12.840 INFO:teuthology.orchestra.run.smithi107.stdout:/usr/bin/ceph: stdout "num_objects": 0,
2024-04-24T23:35:12.841 INFO:teuthology.orchestra.run.smithi107.stdout:/usr/bin/ceph: stdout "data_bytes": 0,
2024-04-24T23:35:12.841 INFO:teuthology.orchestra.run.smithi107.stdout:/usr/bin/ceph: stdout "bytes_used": 0,
2024-04-24T23:35:12.841 INFO:teuthology.orchestra.run.smithi107.stdout:/usr/bin/ceph: stdout "bytes_avail": 0,
2024-04-24T23:35:12.841 INFO:teuthology.orchestra.run.smithi107.stdout:/usr/bin/ceph: stdout "bytes_total": 0
2024-04-24T23:35:12.841 INFO:teuthology.orchestra.run.smithi107.stdout:/usr/bin/ceph: stdout },
2024-04-24T23:35:12.841 INFO:teuthology.orchestra.run.smithi107.stdout:/usr/bin/ceph: stdout "fsmap": {
2024-04-24T23:35:12.841 INFO:teuthology.orchestra.run.smithi107.stdout:/usr/bin/ceph: stdout "epoch": 1,
2024-04-24T23:35:12.841 INFO:teuthology.orchestra.run.smithi107.stdout:/usr/bin/ceph: stdout "by_rank": [],
2024-04-24T23:35:12.841 INFO:teuthology.orchestra.run.smithi107.stdout:/usr/bin/ceph: stdout "up:standby": 0
2024-04-24T23:35:12.841 INFO:teuthology.orchestra.run.smithi107.stdout:/usr/bin/ceph: stdout },
2024-04-24T23:35:12.841 INFO:teuthology.orchestra.run.smithi107.stdout:/usr/bin/ceph: stdout "mgrmap": {
2024-04-24T23:35:12.841 INFO:teuthology.orchestra.run.smithi107.stdout:/usr/bin/ceph: stdout "available": true,
2024-04-24T23:35:12.841 INFO:teuthology.orchestra.run.smithi107.stdout:/usr/bin/ceph: stdout "num_standbys": 0,
2024-04-24T23:35:12.841 INFO:teuthology.orchestra.run.smithi107.stdout:/usr/bin/ceph: stdout "modules": [
2024-04-24T23:35:12.842 INFO:teuthology.orchestra.run.smithi107.stdout:/usr/bin/ceph: stdout "iostat",
2024-04-24T23:35:12.842 INFO:teuthology.orchestra.run.smithi107.stdout:/usr/bin/ceph: stdout "nfs",
2024-04-24T23:35:12.842 INFO:teuthology.orchestra.run.smithi107.stdout:/usr/bin/ceph: stdout "restful"
2024-04-24T23:35:12.842 INFO:teuthology.orchestra.run.smithi107.stdout:/usr/bin/ceph: stdout ],
2024-04-24T23:35:12.842 INFO:teuthology.orchestra.run.smithi107.stdout:/usr/bin/ceph: stdout "services": {}
2024-04-24T23:35:12.842 INFO:teuthology.orchestra.run.smithi107.stdout:/usr/bin/ceph: stdout },
2024-04-24T23:35:12.842 INFO:teuthology.orchestra.run.smithi107.stdout:/usr/bin/ceph: stdout "servicemap": {
2024-04-24T23:35:12.842 INFO:teuthology.orchestra.run.smithi107.stdout:/usr/bin/ceph: stdout "epoch": 1,
2024-04-24T23:35:12.842 INFO:teuthology.orchestra.run.smithi107.stdout:/usr/bin/ceph: stdout "modified": "2024-04-24T23:34:45.996851+0000",
2024-04-24T23:35:12.842 INFO:teuthology.orchestra.run.smithi107.stdout:/usr/bin/ceph: stdout "services": {}
2024-04-24T23:35:12.842 INFO:teuthology.orchestra.run.smithi107.stdout:/usr/bin/ceph: stdout },
2024-04-24T23:35:12.842 INFO:teuthology.orchestra.run.smithi107.stdout:/usr/bin/ceph: stdout "progress_events": {}
2024-04-24T23:35:12.842 INFO:teuthology.orchestra.run.smithi107.stdout:/usr/bin/ceph: stdout }
2024-04-24T23:35:12.842 INFO:teuthology.orchestra.run.smithi107.stdout:/usr/bin/ceph: stderr
2024-04-24T23:35:12.027+0000 7f0f0997c700 1 Processor -- start
2024-04-24T23:35:12.843 INFO:teuthology.orchestra.run.smithi107.stdout:/usr/bin/ceph: stderr
2024-04-24T23:35:12.027+0000 7f0f0997c700 1 -- start start
2024-04-24T23:35:12.843 INFO:teuthology.orchestra.run.smithi107.stdout:/usr/bin/ceph: stderr
2024-04-24T23:35:12.027+0000 7f0f0997c700 1 --2- >> [v2:172.21.15.107:3300/0,v1:172.21.15.107:6789/0] conn(0x7f0f0407ddd0 0x7f0f0407c280 unknown :-1 s=NONE pgs=0 cs=0 l=0 rev1=0 crypto rx=0 tx=0 comp rx=0 tx=0).connect
2024-04-24T23:35:12.843 INFO:teuthology.orchestra.run.smithi107.stdout:/usr/bin/ceph: stderr
2024-04-24T23:35:12.027+0000 7f0f0997c700 1 -- --> [v2:172.21.15.107:3300/0,v1:172.21.15.107:6789/0] -- mon_getmap magic: 0 -- 0x7f0f0407c850 con 0x7f0f0407ddd0
2024-04-24T23:35:12.843 INFO:teuthology.orchestra.run.smithi107.stdout:/usr/bin/ceph: stderr
2024-04-24T23:35:12.028+0000 7f0f02ffd700 1 --2- >> [v2:172.21.15.107:3300/0,v1:172.21.15.107:6789/0] conn(0x7f0f0407ddd0 0x7f0f0407c280 unknown :-1 s=BANNER_CONNECTING pgs=0 cs=0 l=0 rev1=0 crypto rx=0 tx=0 comp rx=0 tx=0)._handle_peer_banner_payload supported=3 required=0
2024-04-24T23:35:12.843 INFO:teuthology.orchestra.run.smithi107.stdout:/usr/bin/ceph: stderr
2024-04-24T23:35:12.028+0000 7f0f02ffd700 1 --2- >> [v2:172.21.15.107:3300/0,v1:172.21.15.107:6789/0] conn(0x7f0f0407ddd0 0x7f0f0407c280 unknown :-1 s=HELLO_CONNECTING pgs=0 cs=0 l=0 rev1=1 crypto rx=0 tx=0 comp rx=0 tx=0).handle_hello peer v2:172.21.15.107:3300/0 says I am v2:172.21.15.107:38224/0 (socket says 172.21.15.107:38224)
2024-04-24T23:35:12.843 INFO:teuthology.orchestra.run.smithi107.stdout:/usr/bin/ceph: stderr
2024-04-24T23:35:12.028+0000 7f0f02ffd700 1 -- 172.21.15.107:0/520614083 learned_addr learned my addr 172.21.15.107:0/520614083 (peer_addr_for_me v2:172.21.15.107:0/0)
2024-04-24T23:35:12.843 INFO:teuthology.orchestra.run.smithi107.stdout:/usr/bin/ceph: stderr
2024-04-24T23:35:12.028+0000 7f0f02ffd700 1 -- 172.21.15.107:0/520614083 --> [v2:172.21.15.107:3300/0,v1:172.21.15.107:6789/0] -- mon_subscribe({config=0+,monmap=0+}) -- 0x7f0f0407c9d0 con 0x7f0f0407ddd0
2024-04-24T23:35:12.843 INFO:teuthology.orchestra.run.smithi107.stdout:/usr/bin/ceph: stderr
2024-04-24T23:35:12.028+0000 7f0f02ffd700 1 --2- 172.21.15.107:0/520614083 >> [v2:172.21.15.107:3300/0,v1:172.21.15.107:6789/0] conn(0x7f0f0407ddd0 0x7f0f0407c280 secure :-1 s=READY pgs=18 cs=0 l=1 rev1=1 crypto rx=0x7f0ef80098a0 tx=0x7f0ef8009bb0 comp rx=0 tx=0).ready entity=mon.0 client_cookie=55363a556187fb38 server_cookie=0 in_seq=0 out_seq=0
2024-04-24T23:35:12.843 INFO:teuthology.orchestra.run.smithi107.stdout:/usr/bin/ceph: stderr
2024-04-24T23:35:12.028+0000 7f0f01ffb700 1 -- 172.21.15.107:0/520614083 <== mon.0 v2:172.21.15.107:3300/0 1 ==== mon_map magic: 0 ==== 205+0+0 (secure 0 0 0) 0x7f0ef8004160 con 0x7f0f0407ddd0
2024-04-24T23:35:12.843 INFO:teuthology.orchestra.run.smithi107.stdout:/usr/bin/ceph: stderr
2024-04-24T23:35:12.028+0000 7f0f01ffb700 1 -- 172.21.15.107:0/520614083 <== mon.0 v2:172.21.15.107:3300/0 2 ==== config(27 keys) ==== 1109+0+0 (secure 0 0 0) 0x7f0ef8004300 con 0x7f0f0407ddd0
2024-04-24T23:35:12.844 INFO:teuthology.orchestra.run.smithi107.stdout:/usr/bin/ceph: stderr
2024-04-24T23:35:12.028+0000 7f0f01ffb700 1 -- 172.21.15.107:0/520614083 <== mon.0 v2:172.21.15.107:3300/0 3 ==== mon_map magic: 0 ==== 205+0+0 (secure 0 0 0) 0x7f0ef8011b50 con 0x7f0f0407ddd0
2024-04-24T23:35:12.844 INFO:teuthology.orchestra.run.smithi107.stdout:/usr/bin/ceph: stderr
2024-04-24T23:35:12.029+0000 7f0f0997c700 1 -- 172.21.15.107:0/520614083 >> [v2:172.21.15.107:3300/0,v1:172.21.15.107:6789/0] conn(0x7f0f0407ddd0 msgr2=0x7f0f0407c280 secure :-1 s=STATE_CONNECTION_ESTABLISHED l=1).mark_down
2024-04-24T23:35:12.844 INFO:teuthology.orchestra.run.smithi107.stdout:/usr/bin/ceph: stderr
2024-04-24T23:35:12.029+0000 7f0f0997c700 1 --2- 172.21.15.107:0/520614083 >> [v2:172.21.15.107:3300/0,v1:172.21.15.107:6789/0] conn(0x7f0f0407ddd0 0x7f0f0407c280 secure :-1 s=READY pgs=18 cs=0 l=1 rev1=1 crypto rx=0x7f0ef80098a0 tx=0x7f0ef8009bb0 comp rx=0 tx=0).stop
2024-04-24T23:35:12.844 INFO:teuthology.orchestra.run.smithi107.stdout:/usr/bin/ceph: stderr
2024-04-24T23:35:12.029+0000 7f0f0997c700 1 -- 172.21.15.107:0/520614083 shutdown_connections
2024-04-24T23:35:12.844 INFO:teuthology.orchestra.run.smithi107.stdout:/usr/bin/ceph: stderr
2024-04-24T23:35:12.029+0000 7f0f0997c700 1 --2- 172.21.15.107:0/520614083 >> [v2:172.21.15.107:3300/0,v1:172.21.15.107:6789/0] conn(0x7f0f0407ddd0 0x7f0f0407c280 unknown :-1 s=CLOSED pgs=18 cs=0 l=1 rev1=1 crypto rx=0 tx=0 comp rx=0 tx=0).stop
2024-04-24T23:35:12.844 INFO:teuthology.orchestra.run.smithi107.stdout:/usr/bin/ceph: stderr
2024-04-24T23:35:12.029+0000 7f0f0997c700 1 -- 172.21.15.107:0/520614083 >> 172.21.15.107:0/520614083 conn(0x7f0f041032c0 msgr2=0x7f0f041056e0 unknown :-1 s=STATE_NONE l=0).mark_down
2024-04-24T23:35:12.844 INFO:teuthology.orchestra.run.smithi107.stdout:/usr/bin/ceph: stderr
2024-04-24T23:35:12.029+0000 7f0f0997c700 1 -- 172.21.15.107:0/520614083 shutdown_connections
2024-04-24T23:35:12.844 INFO:teuthology.orchestra.run.smithi107.stdout:/usr/bin/ceph: stderr
2024-04-24T23:35:12.029+0000 7f0f0997c700 1 -- 172.21.15.107:0/520614083 wait complete.
2024-04-24T23:35:12.844 INFO:teuthology.orchestra.run.smithi107.stdout:/usr/bin/ceph: stderr
2024-04-24T23:35:12.029+0000 7f0f0997c700 1 Processor -- start
2024-04-24T23:35:12.845 INFO:teuthology.orchestra.run.smithi107.stdout:/usr/bin/ceph: stderr
2024-04-24T23:35:12.030+0000 7f0f0997c700 1 -- start start
2024-04-24T23:35:12.845 INFO:teuthology.orchestra.run.smithi107.stdout:/usr/bin/ceph: stderr
2024-04-24T23:35:12.030+0000 7f0f0997c700 1 --2- >> [v2:172.21.15.107:3300/0,v1:172.21.15.107:6789/0] conn(0x7f0f0407ddd0 0x7f0f0419ddf0 unknown :-1 s=NONE pgs=0 cs=0 l=1 rev1=0 crypto rx=0 tx=0 comp rx=0 tx=0).connect
2024-04-24T23:35:12.845 INFO:teuthology.orchestra.run.smithi107.stdout:/usr/bin/ceph: stderr
2024-04-24T23:35:12.030+0000 7f0f0997c700 1 -- --> [v2:172.21.15.107:3300/0,v1:172.21.15.107:6789/0] -- mon_getmap magic: 0 -- 0x7f0f0410e250 con 0x7f0f0407ddd0
2024-04-24T23:35:12.845 INFO:teuthology.orchestra.run.smithi107.stdout:/usr/bin/ceph: stderr
2024-04-24T23:35:12.030+0000 7f0f02ffd700 1 --2- >> [v2:172.21.15.107:3300/0,v1:172.21.15.107:6789/0] conn(0x7f0f0407ddd0 0x7f0f0419ddf0 unknown :-1 s=BANNER_CONNECTING pgs=0 cs=0 l=1 rev1=0 crypto rx=0 tx=0 comp rx=0 tx=0)._handle_peer_banner_payload supported=3 required=0
2024-04-24T23:35:12.845 INFO:teuthology.orchestra.run.smithi107.stdout:/usr/bin/ceph: stderr
2024-04-24T23:35:12.030+0000 7f0f02ffd700 1 --2- >> [v2:172.21.15.107:3300/0,v1:172.21.15.107:6789/0] conn(0x7f0f0407ddd0 0x7f0f0419ddf0 unknown :-1 s=HELLO_CONNECTING pgs=0 cs=0 l=1 rev1=1 crypto rx=0 tx=0 comp rx=0 tx=0).handle_hello peer v2:172.21.15.107:3300/0 says I am v2:172.21.15.107:38226/0 (socket says 172.21.15.107:38226)
2024-04-24T23:35:12.845 INFO:teuthology.orchestra.run.smithi107.stdout:/usr/bin/ceph: stderr
2024-04-24T23:35:12.030+0000 7f0f02ffd700 1 -- 172.21.15.107:0/3634069109 learned_addr learned my addr 172.21.15.107:0/3634069109 (peer_addr_for_me v2:172.21.15.107:0/0)
2024-04-24T23:35:12.845 INFO:teuthology.orchestra.run.smithi107.stdout:/usr/bin/ceph: stderr
2024-04-24T23:35:12.030+0000 7f0f02ffd700 1 -- 172.21.15.107:0/3634069109 --> [v2:172.21.15.107:3300/0,v1:172.21.15.107:6789/0] -- mon_subscribe({config=0+,monmap=0+}) -- 0x7f0f0419e330 con 0x7f0f0407ddd0
2024-04-24T23:35:12.845 INFO:teuthology.orchestra.run.smithi107.stdout:/usr/bin/ceph: stderr
2024-04-24T23:35:12.030+0000 7f0f02ffd700 1 --2- 172.21.15.107:0/3634069109 >> [v2:172.21.15.107:3300/0,v1:172.21.15.107:6789/0] conn(0x7f0f0407ddd0 0x7f0f0419ddf0 secure :-1 s=READY pgs=19 cs=0 l=1 rev1=1 crypto rx=0x7f0ef8011670 tx=0x7f0ef8011b60 comp rx=0 tx=0).ready entity=mon.0 client_cookie=0 server_cookie=0 in_seq=0 out_seq=0
2024-04-24T23:35:12.845 INFO:teuthology.orchestra.run.smithi107.stdout:/usr/bin/ceph: stderr
2024-04-24T23:35:12.030+0000 7f0f0897a700 1 -- 172.21.15.107:0/3634069109 <== mon.0 v2:172.21.15.107:3300/0 1 ==== mon_map magic: 0 ==== 205+0+0 (secure 0 0 0) 0x7f0ef80039c0 con 0x7f0f0407ddd0
2024-04-24T23:35:12.845 INFO:teuthology.orchestra.run.smithi107.stdout:/usr/bin/ceph: stderr
2024-04-24T23:35:12.030+0000 7f0f0997c700 1 -- 172.21.15.107:0/3634069109 --> [v2:172.21.15.107:3300/0,v1:172.21.15.107:6789/0] -- mon_subscribe({mgrmap=0+}) -- 0x7f0f0419e5c0 con 0x7f0f0407ddd0
2024-04-24T23:35:12.845 INFO:teuthology.orchestra.run.smithi107.stdout:/usr/bin/ceph: stderr
2024-04-24T23:35:12.030+0000 7f0f0897a700 1 -- 172.21.15.107:0/3634069109 <== mon.0 v2:172.21.15.107:3300/0 2 ==== config(27 keys) ==== 1109+0+0 (secure 0 0 0) 0x7f0ef8011e50 con 0x7f0f0407ddd0
2024-04-24T23:35:12.845 INFO:teuthology.orchestra.run.smithi107.stdout:/usr/bin/ceph: stderr
2024-04-24T23:35:12.030+0000 7f0f0897a700 1 -- 172.21.15.107:0/3634069109 <== mon.0 v2:172.21.15.107:3300/0 3 ==== mon_map magic: 0 ==== 205+0+0 (secure 0 0 0) 0x7f0ef801a5c0 con 0x7f0f0407ddd0
2024-04-24T23:35:12.846 INFO:teuthology.orchestra.run.smithi107.stdout:/usr/bin/ceph: stderr
2024-04-24T23:35:12.030+0000 7f0f0997c700 1 -- 172.21.15.107:0/3634069109 --> [v2:172.21.15.107:3300/0,v1:172.21.15.107:6789/0] -- mon_subscribe({osdmap=0}) -- 0x7f0f041a12b0 con 0x7f0f0407ddd0
2024-04-24T23:35:12.846 INFO:teuthology.orchestra.run.smithi107.stdout:/usr/bin/ceph: stderr
2024-04-24T23:35:12.031+0000 7f0f0897a700 1 -- 172.21.15.107:0/3634069109 <== mon.0 v2:172.21.15.107:3300/0 4 ==== mgrmap(e 4) ==== 46276+0+0 (secure 0 0 0) 0x7f0ef801a870 con 0x7f0f0407ddd0
2024-04-24T23:35:12.846 INFO:teuthology.orchestra.run.smithi107.stdout:/usr/bin/ceph: stderr
2024-04-24T23:35:12.031+0000 7f0f0997c700 1 -- 172.21.15.107:0/3634069109 --> [v2:172.21.15.107:3300/0,v1:172.21.15.107:6789/0] -- mon_command({"prefix": "get_command_descriptions"} v 0) -- 0x7f0f04063890 con 0x7f0f0407ddd0
2024-04-24T23:35:12.846 INFO:teuthology.orchestra.run.smithi107.stdout:/usr/bin/ceph: stderr
2024-04-24T23:35:12.031+0000 7f0f0897a700 1 --2- 172.21.15.107:0/3634069109 >> [v2:172.21.15.107:6800/1957718163,v1:172.21.15.107:6801/1957718163] conn(0x7f0eec039000 0x7f0eec03b4c0 unknown :-1 s=NONE pgs=0 cs=0 l=1 rev1=0 crypto rx=0 tx=0 comp rx=0 tx=0).connect
2024-04-24T23:35:12.846 INFO:teuthology.orchestra.run.smithi107.stdout:/usr/bin/ceph: stderr
2024-04-24T23:35:12.031+0000 7f0f0897a700 1 -- 172.21.15.107:0/3634069109 <== mon.0 v2:172.21.15.107:3300/0 5 ==== osd_map(1..1 src has 1..1) ==== 725+0+0 (secure 0 0 0) 0x7f0ef804d3e0 con 0x7f0f0407ddd0
2024-04-24T23:35:12.846 INFO:teuthology.orchestra.run.smithi107.stdout:/usr/bin/ceph: stderr
2024-04-24T23:35:12.032+0000 7f0f027fc700 1 --2- 172.21.15.107:0/3634069109 >> [v2:172.21.15.107:6800/1957718163,v1:172.21.15.107:6801/1957718163] conn(0x7f0eec039000 0x7f0eec03b4c0 unknown :-1 s=BANNER_CONNECTING pgs=0 cs=0 l=1 rev1=0 crypto rx=0 tx=0 comp rx=0 tx=0)._handle_peer_banner_payload supported=3 required=0
2024-04-24T23:35:12.846 INFO:teuthology.orchestra.run.smithi107.stdout:/usr/bin/ceph: stderr
2024-04-24T23:35:12.032+0000 7f0f027fc700 1 --2- 172.21.15.107:0/3634069109 >> [v2:172.21.15.107:6800/1957718163,v1:172.21.15.107:6801/1957718163] conn(0x7f0eec039000 0x7f0eec03b4c0 secure :-1 s=READY pgs=6 cs=0 l=1 rev1=1 crypto rx=0x7f0ef4006fd0 tx=0x7f0ef4006e40 comp rx=0 tx=0).ready entity=mgr.14100 client_cookie=0 server_cookie=0 in_seq=0 out_seq=0
2024-04-24T23:35:12.846 INFO:teuthology.orchestra.run.smithi107.stdout:/usr/bin/ceph: stderr
2024-04-24T23:35:12.037+0000 7f0f0897a700 1 -- 172.21.15.107:0/3634069109 <== mon.0 v2:172.21.15.107:3300/0 6 ==== mon_command_ack([{"prefix": "get_command_descriptions"}]=0 v0) ==== 72+0+186147 (secure 0 0 0) 0x7f0ef8019c70 con 0x7f0f0407ddd0
2024-04-24T23:35:12.846 INFO:teuthology.orchestra.run.smithi107.stdout:/usr/bin/ceph: stderr
2024-04-24T23:35:12.312+0000 7f0f0997c700 1 -- 172.21.15.107:0/3634069109 --> [v2:172.21.15.107:3300/0,v1:172.21.15.107:6789/0] -- mon_command({"prefix": "status", "format": "json-pretty"} v 0) -- 0x7f0f041a1480 con 0x7f0f0407ddd0
2024-04-24T23:35:12.846 INFO:teuthology.orchestra.run.smithi107.stdout:/usr/bin/ceph: stderr
2024-04-24T23:35:12.313+0000 7f0f0897a700 1 -- 172.21.15.107:0/3634069109 <== mon.0 v2:172.21.15.107:3300/0 7 ==== mon_command_ack([{"prefix": "status", "format": "json-pretty"}]=0 v0) ==== 79+0+1239 (secure 0 0 0) 0x7f0f041a1480 con 0x7f0f0407ddd0
2024-04-24T23:35:12.846 INFO:teuthology.orchestra.run.smithi107.stdout:/usr/bin/ceph: stderr
2024-04-24T23:35:12.316+0000 7f0f0997c700 1 -- 172.21.15.107:0/3634069109 >> [v2:172.21.15.107:6800/1957718163,v1:172.21.15.107:6801/1957718163] conn(0x7f0eec039000 msgr2=0x7f0eec03b4c0 secure :-1 s=STATE_CONNECTION_ESTABLISHED l=1).mark_down
2024-04-24T23:35:12.846 INFO:teuthology.orchestra.run.smithi107.stdout:/usr/bin/ceph: stderr
2024-04-24T23:35:12.316+0000 7f0f0997c700 1 --2- 172.21.15.107:0/3634069109 >> [v2:172.21.15.107:6800/1957718163,v1:172.21.15.107:6801/1957718163] conn(0x7f0eec039000 0x7f0eec03b4c0 secure :-1 s=READY pgs=6 cs=0 l=1 rev1=1 crypto rx=0x7f0ef4006fd0 tx=0x7f0ef4006e40 comp rx=0 tx=0).stop
2024-04-24T23:35:12.846 INFO:teuthology.orchestra.run.smithi107.stdout:/usr/bin/ceph: stderr
2024-04-24T23:35:12.316+0000 7f0f0997c700 1 -- 172.21.15.107:0/3634069109 >> [v2:172.21.15.107:3300/0,v1:172.21.15.107:6789/0] conn(0x7f0f0407ddd0 msgr2=0x7f0f0419ddf0 secure :-1 s=STATE_CONNECTION_ESTABLISHED l=1).mark_down
2024-04-24T23:35:12.846 INFO:teuthology.orchestra.run.smithi107.stdout:/usr/bin/ceph: stderr
2024-04-24T23:35:12.316+0000 7f0f0997c700 1 --2- 172.21.15.107:0/3634069109 >> [v2:172.21.15.107:3300/0,v1:172.21.15.107:6789/0] conn(0x7f0f0407ddd0 0x7f0f0419ddf0 secure :-1 s=READY pgs=19 cs=0 l=1 rev1=1 crypto rx=0x7f0ef8011670 tx=0x7f0ef8011b60 comp rx=0 tx=0).stop
2024-04-24T23:35:12.847 INFO:teuthology.orchestra.run.smithi107.stdout:/usr/bin/ceph: stderr
2024-04-24T23:35:12.316+0000 7f0f0997c700 1 -- 172.21.15.107:0/3634069109 shutdown_connections
2024-04-24T23:35:12.847 INFO:teuthology.orchestra.run.smithi107.stdout:/usr/bin/ceph: stderr
2024-04-24T23:35:12.316+0000 7f0f0997c700 1 --2- 172.21.15.107:0/3634069109 >> [v2:172.21.15.107:6800/1957718163,v1:172.21.15.107:6801/1957718163] conn(0x7f0eec039000 0x7f0eec03b4c0 unknown :-1 s=CLOSED pgs=6 cs=0 l=1 rev1=1 crypto rx=0 tx=0 comp rx=0 tx=0).stop
2024-04-24T23:35:12.847 INFO:teuthology.orchestra.run.smithi107.stdout:/usr/bin/ceph: stderr
2024-04-24T23:35:12.316+0000 7f0f0997c700 1 --2- 172.21.15.107:0/3634069109 >> [v2:172.21.15.107:3300/0,v1:172.21.15.107:6789/0] conn(0x7f0f0407ddd0 0x7f0f0419ddf0 unknown :-1 s=CLOSED pgs=19 cs=0 l=1 rev1=1 crypto rx=0 tx=0 comp rx=0 tx=0).stop
2024-04-24T23:35:12.847 INFO:teuthology.orchestra.run.smithi107.stdout:/usr/bin/ceph: stderr
2024-04-24T23:35:12.316+0000 7f0f0997c700 1 -- 172.21.15.107:0/3634069109 >> 172.21.15.107:0/3634069109 conn(0x7f0f041032c0 msgr2=0x7f0f04103e50 unknown :-1 s=STATE_NONE l=0).mark_down
2024-04-24T23:35:12.847 INFO:teuthology.orchestra.run.smithi107.stdout:/usr/bin/ceph: stderr
2024-04-24T23:35:12.316+0000 7f0f0997c700 1 -- 172.21.15.107:0/3634069109 shutdown_connections
2024-04-24T23:35:12.847 INFO:teuthology.orchestra.run.smithi107.stdout:/usr/bin/ceph: stderr
2024-04-24T23:35:12.316+0000 7f0f0997c700 1 -- 172.21.15.107:0/3634069109 wait complete.
2024-04-24T23:35:12.847 INFO:teuthology.orchestra.run.smithi107.stdout:mgr is available
2024-04-24T23:35:13.378 INFO:journalctl@ceph.mon.a.smithi107.stdout:Apr 24 23:35:13 smithi107 ceph-mon[29118]: from='client.? 172.21.15.107:0/3634069109' entity='client.admin' cmd=[{"prefix": "status", "format": "json-pretty"}]: dispatch
2024-04-24T23:35:13.955 INFO:teuthology.orchestra.run.smithi107.stdout:/usr/bin/ceph: stdout
2024-04-24T23:35:13.955 INFO:teuthology.orchestra.run.smithi107.stdout:/usr/bin/ceph: stdout [global]
2024-04-24T23:35:13.955 INFO:teuthology.orchestra.run.smithi107.stdout:/usr/bin/ceph: stdout fsid = 16fa2ae8-0293-11ef-bc93-c7b262605968
2024-04-24T23:35:13.955 INFO:teuthology.orchestra.run.smithi107.stdout:/usr/bin/ceph: stdout mon_osd_allow_pg_remap = true
2024-04-24T23:35:13.956 INFO:teuthology.orchestra.run.smithi107.stdout:/usr/bin/ceph: stdout mon_osd_allow_primary_affinity = true
2024-04-24T23:35:13.956 INFO:teuthology.orchestra.run.smithi107.stdout:/usr/bin/ceph: stdout mon_warn_on_no_sortbitwise = false
2024-04-24T23:35:13.956 INFO:teuthology.orchestra.run.smithi107.stdout:/usr/bin/ceph: stdout osd_crush_chooseleaf_type = 0
2024-04-24T23:35:13.956 INFO:teuthology.orchestra.run.smithi107.stdout:/usr/bin/ceph: stdout
2024-04-24T23:35:13.956 INFO:teuthology.orchestra.run.smithi107.stdout:/usr/bin/ceph: stdout [mgr]
2024-04-24T23:35:13.956 INFO:teuthology.orchestra.run.smithi107.stdout:/usr/bin/ceph: stdout mgr/telemetry/nag = false
2024-04-24T23:35:13.956 INFO:teuthology.orchestra.run.smithi107.stdout:/usr/bin/ceph: stdout
2024-04-24T23:35:13.956 INFO:teuthology.orchestra.run.smithi107.stdout:/usr/bin/ceph: stdout [osd]
2024-04-24T23:35:13.956 INFO:teuthology.orchestra.run.smithi107.stdout:/usr/bin/ceph: stdout mon_osd_backfillfull_ratio = 0.85
2024-04-24T23:35:13.956 INFO:teuthology.orchestra.run.smithi107.stdout:/usr/bin/ceph: stdout mon_osd_full_ratio = 0.9
2024-04-24T23:35:13.956 INFO:teuthology.orchestra.run.smithi107.stdout:/usr/bin/ceph: stdout mon_osd_nearfull_ratio = 0.8
2024-04-24T23:35:13.956 INFO:teuthology.orchestra.run.smithi107.stdout:/usr/bin/ceph: stdout osd_map_max_advance = 10
2024-04-24T23:35:13.956 INFO:teuthology.orchestra.run.smithi107.stdout:/usr/bin/ceph: stdout osd_sloppy_crc = true
2024-04-24T23:35:13.957 INFO:teuthology.orchestra.run.smithi107.stdout:/usr/bin/ceph: stderr
2024-04-24T23:35:13.223+0000 7f7a39163700 1 Processor -- start
2024-04-24T23:35:13.957 INFO:teuthology.orchestra.run.smithi107.stdout:/usr/bin/ceph: stderr
2024-04-24T23:35:13.223+0000 7f7a39163700 1 -- start start
2024-04-24T23:35:13.957 INFO:teuthology.orchestra.run.smithi107.stdout:/usr/bin/ceph: stderr
2024-04-24T23:35:13.223+0000 7f7a39163700 1 --2- >> [v2:172.21.15.107:3300/0,v1:172.21.15.107:6789/0] conn(0x7f7a34106b90 0x7f7a34106fb0 unknown :-1 s=NONE pgs=0 cs=0 l=0 rev1=0 crypto rx=0 tx=0 comp rx=0 tx=0).connect
2024-04-24T23:35:13.957 INFO:teuthology.orchestra.run.smithi107.stdout:/usr/bin/ceph: stderr
2024-04-24T23:35:13.223+0000 7f7a39163700 1 -- --> [v2:172.21.15.107:3300/0,v1:172.21.15.107:6789/0] -- mon_getmap magic: 0 -- 0x7f7a34107580 con 0x7f7a34106b90
2024-04-24T23:35:13.957 INFO:teuthology.orchestra.run.smithi107.stdout:/usr/bin/ceph: stderr
2024-04-24T23:35:13.223+0000 7f7a32d9d700 1 --2- >> [v2:172.21.15.107:3300/0,v1:172.21.15.107:6789/0] conn(0x7f7a34106b90 0x7f7a34106fb0 unknown :-1 s=BANNER_CONNECTING pgs=0 cs=0 l=0 rev1=0 crypto rx=0 tx=0 comp rx=0 tx=0)._handle_peer_banner_payload supported=3 required=0
2024-04-24T23:35:13.957 INFO:teuthology.orchestra.run.smithi107.stdout:/usr/bin/ceph: stderr
2024-04-24T23:35:13.224+0000 7f7a32d9d700 1 --2- >> [v2:172.21.15.107:3300/0,v1:172.21.15.107:6789/0] conn(0x7f7a34106b90 0x7f7a34106fb0 unknown :-1 s=HELLO_CONNECTING pgs=0 cs=0 l=0 rev1=1 crypto rx=0 tx=0 comp rx=0 tx=0).handle_hello peer v2:172.21.15.107:3300/0 says I am v2:172.21.15.107:38238/0 (socket says 172.21.15.107:38238)
2024-04-24T23:35:13.957 INFO:teuthology.orchestra.run.smithi107.stdout:/usr/bin/ceph: stderr
2024-04-24T23:35:13.224+0000 7f7a32d9d700 1 -- 172.21.15.107:0/3500827057 learned_addr learned my addr 172.21.15.107:0/3500827057 (peer_addr_for_me v2:172.21.15.107:0/0)
2024-04-24T23:35:13.957 INFO:teuthology.orchestra.run.smithi107.stdout:/usr/bin/ceph: stderr
2024-04-24T23:35:13.224+0000 7f7a32d9d700 1 -- 172.21.15.107:0/3500827057 --> [v2:172.21.15.107:3300/0,v1:172.21.15.107:6789/0] -- mon_subscribe({config=0+,monmap=0+}) -- 0x7f7a34107d90 con 0x7f7a34106b90
2024-04-24T23:35:13.957 INFO:teuthology.orchestra.run.smithi107.stdout:/usr/bin/ceph: stderr
2024-04-24T23:35:13.224+0000 7f7a32d9d700 1 --2- 172.21.15.107:0/3500827057 >> [v2:172.21.15.107:3300/0,v1:172.21.15.107:6789/0] conn(0x7f7a34106b90 0x7f7a34106fb0 secure :-1 s=READY pgs=20 cs=0 l=1 rev1=1 crypto rx=0x7f7a240098a0 tx=0x7f7a24009bb0 comp rx=0 tx=0).ready entity=mon.0 client_cookie=c5a777b454ad1143 server_cookie=0 in_seq=0 out_seq=0
2024-04-24T23:35:13.957 INFO:teuthology.orchestra.run.smithi107.stdout:/usr/bin/ceph: stderr
2024-04-24T23:35:13.224+0000 7f7a31d9b700 1 -- 172.21.15.107:0/3500827057 <== mon.0 v2:172.21.15.107:3300/0 1 ==== mon_map magic: 0 ==== 205+0+0 (secure 0 0 0) 0x7f7a24004160 con 0x7f7a34106b90
2024-04-24T23:35:13.957 INFO:teuthology.orchestra.run.smithi107.stdout:/usr/bin/ceph: stderr
2024-04-24T23:35:13.224+0000 7f7a31d9b700 1 -- 172.21.15.107:0/3500827057 <== mon.0 v2:172.21.15.107:3300/0 2 ==== config(27 keys) ==== 1109+0+0 (secure 0 0 0) 0x7f7a24004300 con 0x7f7a34106b90
2024-04-24T23:35:13.957 INFO:teuthology.orchestra.run.smithi107.stdout:/usr/bin/ceph: stderr
2024-04-24T23:35:13.224+0000 7f7a31d9b700 1 -- 172.21.15.107:0/3500827057 <== mon.0 v2:172.21.15.107:3300/0 3 ==== mon_map magic: 0 ==== 205+0+0 (secure 0 0 0) 0x7f7a24011b50 con 0x7f7a34106b90
2024-04-24T23:35:13.957 INFO:teuthology.orchestra.run.smithi107.stdout:/usr/bin/ceph: stderr
2024-04-24T23:35:13.225+0000 7f7a39163700 1 -- 172.21.15.107:0/3500827057 >> [v2:172.21.15.107:3300/0,v1:172.21.15.107:6789/0] conn(0x7f7a34106b90 msgr2=0x7f7a34106fb0 secure :-1 s=STATE_CONNECTION_ESTABLISHED l=1).mark_down
2024-04-24T23:35:13.957 INFO:teuthology.orchestra.run.smithi107.stdout:/usr/bin/ceph: stderr
2024-04-24T23:35:13.225+0000 7f7a39163700 1 --2- 172.21.15.107:0/3500827057 >> [v2:172.21.15.107:3300/0,v1:172.21.15.107:6789/0] conn(0x7f7a34106b90 0x7f7a34106fb0 secure :-1 s=READY pgs=20 cs=0 l=1 rev1=1 crypto rx=0x7f7a240098a0 tx=0x7f7a24009bb0 comp rx=0 tx=0).stop
2024-04-24T23:35:13.958 INFO:teuthology.orchestra.run.smithi107.stdout:/usr/bin/ceph: stderr
2024-04-24T23:35:13.225+0000 7f7a39163700 1 -- 172.21.15.107:0/3500827057 shutdown_connections
2024-04-24T23:35:13.958 INFO:teuthology.orchestra.run.smithi107.stdout:/usr/bin/ceph: stderr
2024-04-24T23:35:13.225+0000 7f7a39163700 1 --2- 172.21.15.107:0/3500827057 >> [v2:172.21.15.107:3300/0,v1:172.21.15.107:6789/0] conn(0x7f7a34106b90 0x7f7a34106fb0 unknown :-1 s=CLOSED pgs=20 cs=0 l=1 rev1=1 crypto rx=0 tx=0 comp rx=0 tx=0).stop
2024-04-24T23:35:13.958 INFO:teuthology.orchestra.run.smithi107.stdout:/usr/bin/ceph: stderr
2024-04-24T23:35:13.225+0000 7f7a39163700 1 -- 172.21.15.107:0/3500827057 >> 172.21.15.107:0/3500827057 conn(0x7f7a34102110 msgr2=0x7f7a34104570 unknown :-1 s=STATE_NONE l=0).mark_down
2024-04-24T23:35:13.958 INFO:teuthology.orchestra.run.smithi107.stdout:/usr/bin/ceph: stderr
2024-04-24T23:35:13.225+0000 7f7a39163700 1 -- 172.21.15.107:0/3500827057 shutdown_connections
2024-04-24T23:35:13.958 INFO:teuthology.orchestra.run.smithi107.stdout:/usr/bin/ceph: stderr
2024-04-24T23:35:13.225+0000 7f7a39163700 1 -- 172.21.15.107:0/3500827057 wait complete.
2024-04-24T23:35:13.958 INFO:teuthology.orchestra.run.smithi107.stdout:/usr/bin/ceph: stderr
2024-04-24T23:35:13.225+0000 7f7a39163700 1 Processor -- start
2024-04-24T23:35:13.958 INFO:teuthology.orchestra.run.smithi107.stdout:/usr/bin/ceph: stderr
2024-04-24T23:35:13.226+0000 7f7a39163700 1 -- start start
2024-04-24T23:35:13.958 INFO:teuthology.orchestra.run.smithi107.stdout:/usr/bin/ceph: stderr
2024-04-24T23:35:13.226+0000 7f7a39163700 1 --2- >> [v2:172.21.15.107:3300/0,v1:172.21.15.107:6789/0] conn(0x7f7a34106b90 0x7f7a3419bd00 unknown :-1 s=NONE pgs=0 cs=0 l=1 rev1=0 crypto rx=0 tx=0 comp rx=0 tx=0).connect
2024-04-24T23:35:13.958 INFO:teuthology.orchestra.run.smithi107.stdout:/usr/bin/ceph: stderr
2024-04-24T23:35:13.226+0000 7f7a39163700 1 -- --> [v2:172.21.15.107:3300/0,v1:172.21.15.107:6789/0] -- mon_getmap magic: 0 -- 0x7f7a3410b140 con 0x7f7a34106b90
2024-04-24T23:35:13.958 INFO:teuthology.orchestra.run.smithi107.stdout:/usr/bin/ceph: stderr
2024-04-24T23:35:13.226+0000 7f7a32d9d700 1 --2- >> [v2:172.21.15.107:3300/0,v1:172.21.15.107:6789/0] conn(0x7f7a34106b90 0x7f7a3419bd00 unknown :-1 s=BANNER_CONNECTING pgs=0 cs=0 l=1 rev1=0 crypto rx=0 tx=0 comp rx=0 tx=0)._handle_peer_banner_payload supported=3 required=0
2024-04-24T23:35:13.958 INFO:teuthology.orchestra.run.smithi107.stdout:/usr/bin/ceph: stderr
2024-04-24T23:35:13.226+0000 7f7a32d9d700 1 --2- >> [v2:172.21.15.107:3300/0,v1:172.21.15.107:6789/0] conn(0x7f7a34106b90 0x7f7a3419bd00 unknown :-1 s=HELLO_CONNECTING pgs=0 cs=0 l=1 rev1=1 crypto rx=0 tx=0 comp rx=0 tx=0).handle_hello peer v2:172.21.15.107:3300/0 says I am v2:172.21.15.107:38254/0 (socket says 172.21.15.107:38254)
2024-04-24T23:35:13.958 INFO:teuthology.orchestra.run.smithi107.stdout:/usr/bin/ceph: stderr
2024-04-24T23:35:13.226+0000 7f7a32d9d700 1 -- 172.21.15.107:0/2333797161 learned_addr learned my addr 172.21.15.107:0/2333797161 (peer_addr_for_me v2:172.21.15.107:0/0)
2024-04-24T23:35:13.958 INFO:teuthology.orchestra.run.smithi107.stdout:/usr/bin/ceph: stderr
2024-04-24T23:35:13.226+0000 7f7a32d9d700 1 -- 172.21.15.107:0/2333797161 --> [v2:172.21.15.107:3300/0,v1:172.21.15.107:6789/0] -- mon_subscribe({config=0+,monmap=0+}) -- 0x7f7a3419c240 con 0x7f7a34106b90
2024-04-24T23:35:13.959 INFO:teuthology.orchestra.run.smithi107.stdout:/usr/bin/ceph: stderr
2024-04-24T23:35:13.226+0000 7f7a32d9d700 1 --2- 172.21.15.107:0/2333797161 >> [v2:172.21.15.107:3300/0,v1:172.21.15.107:6789/0] conn(0x7f7a34106b90 0x7f7a3419bd00 secure :-1 s=READY pgs=21 cs=0 l=1 rev1=1 crypto rx=0x7f7a24011850 tx=0x7f7a24011c10 comp rx=0 tx=0).ready entity=mon.0 client_cookie=0 server_cookie=0 in_seq=0 out_seq=0
2024-04-24T23:35:13.959 INFO:teuthology.orchestra.run.smithi107.stdout:/usr/bin/ceph: stderr
2024-04-24T23:35:13.226+0000 7f7a1bfff700 1 -- 172.21.15.107:0/2333797161 <== mon.0 v2:172.21.15.107:3300/0 1 ==== mon_map magic: 0 ==== 205+0+0 (secure 0 0 0) 0x7f7a24003af0 con 0x7f7a34106b90
2024-04-24T23:35:13.959 INFO:teuthology.orchestra.run.smithi107.stdout:/usr/bin/ceph: stderr
2024-04-24T23:35:13.226+0000 7f7a1bfff700 1 -- 172.21.15.107:0/2333797161 <== mon.0 v2:172.21.15.107:3300/0 2 ==== config(27 keys) ==== 1109+0+0 (secure 0 0 0) 0x7f7a24020070 con 0x7f7a34106b90
2024-04-24T23:35:13.959 INFO:teuthology.orchestra.run.smithi107.stdout:/usr/bin/ceph: stderr
2024-04-24T23:35:13.226+0000 7f7a39163700 1 -- 172.21.15.107:0/2333797161 --> [v2:172.21.15.107:3300/0,v1:172.21.15.107:6789/0] -- mon_subscribe({mgrmap=0+}) -- 0x7f7a3419c4d0 con 0x7f7a34106b90
2024-04-24T23:35:13.959 INFO:teuthology.orchestra.run.smithi107.stdout:/usr/bin/ceph: stderr
2024-04-24T23:35:13.226+0000 7f7a1bfff700 1 -- 172.21.15.107:0/2333797161 <== mon.0 v2:172.21.15.107:3300/0 3 ==== mon_map magic: 0 ==== 205+0+0 (secure 0 0 0) 0x7f7a240195a0 con 0x7f7a34106b90
2024-04-24T23:35:13.959 INFO:teuthology.orchestra.run.smithi107.stdout:/usr/bin/ceph: stderr
2024-04-24T23:35:13.226+0000 7f7a39163700 1 -- 172.21.15.107:0/2333797161 --> [v2:172.21.15.107:3300/0,v1:172.21.15.107:6789/0] -- mon_subscribe({osdmap=0}) -- 0x7f7a3419f1b0 con 0x7f7a34106b90
2024-04-24T23:35:13.959 INFO:teuthology.orchestra.run.smithi107.stdout:/usr/bin/ceph: stderr
2024-04-24T23:35:13.227+0000 7f7a1bfff700 1 -- 172.21.15.107:0/2333797161 <== mon.0 v2:172.21.15.107:3300/0 4 ==== mgrmap(e 4) ==== 46276+0+0 (secure 0 0 0) 0x7f7a2401a430 con 0x7f7a34106b90
2024-04-24T23:35:13.959 INFO:teuthology.orchestra.run.smithi107.stdout:/usr/bin/ceph: stderr
2024-04-24T23:35:13.227+0000 7f7a39163700 1 -- 172.21.15.107:0/2333797161 --> [v2:172.21.15.107:3300/0,v1:172.21.15.107:6789/0] -- mon_command({"prefix": "get_command_descriptions"} v 0) -- 0x7f7a34063890 con 0x7f7a34106b90
2024-04-24T23:35:13.959 INFO:teuthology.orchestra.run.smithi107.stdout:/usr/bin/ceph: stderr
2024-04-24T23:35:13.228+0000 7f7a1bfff700 1 --2- 172.21.15.107:0/2333797161 >> [v2:172.21.15.107:6800/1957718163,v1:172.21.15.107:6801/1957718163] conn(0x7f7a1c039000 0x7f7a1c03b4c0 unknown :-1 s=NONE pgs=0 cs=0 l=1 rev1=0 crypto rx=0 tx=0 comp rx=0 tx=0).connect
2024-04-24T23:35:13.959 INFO:teuthology.orchestra.run.smithi107.stdout:/usr/bin/ceph: stderr
2024-04-24T23:35:13.228+0000 7f7a1bfff700 1 -- 172.21.15.107:0/2333797161 <== mon.0 v2:172.21.15.107:3300/0 5 ==== osd_map(1..1 src has 1..1) ==== 725+0+0 (secure 0 0 0) 0x7f7a24011e00 con 0x7f7a34106b90
2024-04-24T23:35:13.959 INFO:teuthology.orchestra.run.smithi107.stdout:/usr/bin/ceph: stderr
2024-04-24T23:35:13.228+0000 7f7a3259c700 1 --2- 172.21.15.107:0/2333797161 >> [v2:172.21.15.107:6800/1957718163,v1:172.21.15.107:6801/1957718163] conn(0x7f7a1c039000 0x7f7a1c03b4c0 unknown :-1 s=BANNER_CONNECTING pgs=0 cs=0 l=1 rev1=0 crypto rx=0 tx=0 comp rx=0 tx=0)._handle_peer_banner_payload supported=3 required=0
2024-04-24T23:35:13.959 INFO:teuthology.orchestra.run.smithi107.stdout:/usr/bin/ceph: stderr
2024-04-24T23:35:13.228+0000 7f7a3259c700 1 --2- 172.21.15.107:0/2333797161 >> [v2:172.21.15.107:6800/1957718163,v1:172.21.15.107:6801/1957718163] conn(0x7f7a1c039000 0x7f7a1c03b4c0 secure :-1 s=READY pgs=7 cs=0 l=1 rev1=1 crypto rx=0x7f7a28006fd0 tx=0x7f7a28006e40 comp rx=0 tx=0).ready entity=mgr.14100 client_cookie=0 server_cookie=0 in_seq=0 out_seq=0
2024-04-24T23:35:13.959 INFO:teuthology.orchestra.run.smithi107.stdout:/usr/bin/ceph: stderr
2024-04-24T23:35:13.232+0000 7f7a1bfff700 1 -- 172.21.15.107:0/2333797161 <== mon.0 v2:172.21.15.107:3300/0 6 ==== mon_command_ack([{"prefix": "get_command_descriptions"}]=0 v0) ==== 72+0+186147 (secure 0 0 0) 0x7f7a2400e260 con 0x7f7a34106b90
2024-04-24T23:35:13.960 INFO:teuthology.orchestra.run.smithi107.stdout:/usr/bin/ceph: stderr
2024-04-24T23:35:13.426+0000 7f7a39163700 1 -- 172.21.15.107:0/2333797161 --> [v2:172.21.15.107:3300/0,v1:172.21.15.107:6789/0] -- mon_command({"prefix": "config assimilate-conf"} v 0) -- 0x7f7a340008d0 con 0x7f7a34106b90
2024-04-24T23:35:13.960 INFO:teuthology.orchestra.run.smithi107.stdout:/usr/bin/ceph: stderr
2024-04-24T23:35:13.427+0000 7f7a1bfff700 1 -- 172.21.15.107:0/2333797161 <== mon.0 v2:172.21.15.107:3300/0 7 ==== mon_command_ack([{"prefix": "config assimilate-conf"}]=0 v3) ==== 70+0+373 (secure 0 0 0) 0x7f7a2404ce40 con 0x7f7a34106b90
2024-04-24T23:35:13.960 INFO:teuthology.orchestra.run.smithi107.stdout:/usr/bin/ceph: stderr
2024-04-24T23:35:13.429+0000 7f7a39163700 1 -- 172.21.15.107:0/2333797161 >> [v2:172.21.15.107:6800/1957718163,v1:172.21.15.107:6801/1957718163] conn(0x7f7a1c039000 msgr2=0x7f7a1c03b4c0 secure :-1 s=STATE_CONNECTION_ESTABLISHED l=1).mark_down
2024-04-24T23:35:13.960 INFO:teuthology.orchestra.run.smithi107.stdout:/usr/bin/ceph: stderr
2024-04-24T23:35:13.429+0000 7f7a39163700 1 --2- 172.21.15.107:0/2333797161 >> [v2:172.21.15.107:6800/1957718163,v1:172.21.15.107:6801/1957718163] conn(0x7f7a1c039000 0x7f7a1c03b4c0 secure :-1 s=READY pgs=7 cs=0 l=1 rev1=1 crypto rx=0x7f7a28006fd0 tx=0x7f7a28006e40 comp rx=0 tx=0).stop
2024-04-24T23:35:13.960 INFO:teuthology.orchestra.run.smithi107.stdout:/usr/bin/ceph: stderr
2024-04-24T23:35:13.429+0000 7f7a39163700 1 -- 172.21.15.107:0/2333797161 >> [v2:172.21.15.107:3300/0,v1:172.21.15.107:6789/0] conn(0x7f7a34106b90 msgr2=0x7f7a3419bd00 secure :-1 s=STATE_CONNECTION_ESTABLISHED l=1).mark_down
2024-04-24T23:35:13.960 INFO:teuthology.orchestra.run.smithi107.stdout:/usr/bin/ceph: stderr
2024-04-24T23:35:13.429+0000 7f7a39163700 1 --2- 172.21.15.107:0/2333797161 >> [v2:172.21.15.107:3300/0,v1:172.21.15.107:6789/0] conn(0x7f7a34106b90 0x7f7a3419bd00 secure :-1 s=READY pgs=21 cs=0 l=1 rev1=1 crypto rx=0x7f7a24011850 tx=0x7f7a24011c10 comp rx=0 tx=0).stop
2024-04-24T23:35:13.960 INFO:teuthology.orchestra.run.smithi107.stdout:/usr/bin/ceph: stderr
2024-04-24T23:35:13.429+0000 7f7a39163700 1 -- 172.21.15.107:0/2333797161 shutdown_connections
2024-04-24T23:35:13.960 INFO:teuthology.orchestra.run.smithi107.stdout:/usr/bin/ceph: stderr
2024-04-24T23:35:13.429+0000 7f7a39163700 1 --2- 172.21.15.107:0/2333797161 >> [v2:172.21.15.107:6800/1957718163,v1:172.21.15.107:6801/1957718163] conn(0x7f7a1c039000 0x7f7a1c03b4c0 unknown :-1 s=CLOSED pgs=7 cs=0 l=1 rev1=1 crypto rx=0 tx=0 comp rx=0 tx=0).stop
2024-04-24T23:35:13.960 INFO:teuthology.orchestra.run.smithi107.stdout:/usr/bin/ceph: stderr
2024-04-24T23:35:13.429+0000 7f7a39163700 1 --2- 172.21.15.107:0/2333797161 >> [v2:172.21.15.107:3300/0,v1:172.21.15.107:6789/0] conn(0x7f7a34106b90 0x7f7a3419bd00 unknown :-1 s=CLOSED pgs=21 cs=0 l=1 rev1=1 crypto rx=0 tx=0 comp rx=0 tx=0).stop
2024-04-24T23:35:13.960 INFO:teuthology.orchestra.run.smithi107.stdout:/usr/bin/ceph: stderr
2024-04-24T23:35:13.429+0000 7f7a39163700 1 -- 172.21.15.107:0/2333797161 >> 172.21.15.107:0/2333797161 conn(0x7f7a34102110 msgr2=0x7f7a34103030 unknown :-1 s=STATE_NONE l=0).mark_down
2024-04-24T23:35:13.960 INFO:teuthology.orchestra.run.smithi107.stdout:/usr/bin/ceph: stderr
2024-04-24T23:35:13.429+0000 7f7a39163700 1 -- 172.21.15.107:0/2333797161 shutdown_connections
2024-04-24T23:35:13.960 INFO:teuthology.orchestra.run.smithi107.stdout:/usr/bin/ceph: stderr
2024-04-24T23:35:13.429+0000 7f7a39163700 1 -- 172.21.15.107:0/2333797161 wait complete.
2024-04-24T23:35:13.960 INFO:teuthology.orchestra.run.smithi107.stdout:Enabling cephadm module...
2024-04-24T23:35:14.364 INFO:journalctl@ceph.mon.a.smithi107.stdout:Apr 24 23:35:14 smithi107 ceph-mon[29118]: from='client.? 172.21.15.107:0/2333797161' entity='client.admin' cmd=[{"prefix": "config assimilate-conf"}]: dispatch
2024-04-24T23:35:15.359 INFO:journalctl@ceph.mon.a.smithi107.stdout:Apr 24 23:35:15 smithi107 ceph-mon[29118]: from='client.? 172.21.15.107:0/2602632584' entity='client.admin' cmd=[{"prefix": "mgr module enable", "module": "cephadm"}]: dispatch
2024-04-24T23:35:15.359 INFO:journalctl@ceph.mgr.x.smithi107.stdout:Apr 24 23:35:15 smithi107 ceph-16fa2ae8-0293-11ef-bc93-c7b262605968-mgr-x[29352]: ignoring --setuser ceph since I am not root
2024-04-24T23:35:15.359 INFO:journalctl@ceph.mgr.x.smithi107.stdout:Apr 24 23:35:15 smithi107 ceph-16fa2ae8-0293-11ef-bc93-c7b262605968-mgr-x[29352]: ignoring --setgroup ceph since I am not root
2024-04-24T23:35:15.359 INFO:journalctl@ceph.mgr.x.smithi107.stdout:Apr 24 23:35:15 smithi107 ceph-16fa2ae8-0293-11ef-bc93-c7b262605968-mgr-x[29352]:
2024-04-24T23:35:15.212+0000 7f7ce4838200 -1 mgr[py] Module balancer has missing NOTIFY_TYPES member
2024-04-24T23:35:15.618 INFO:journalctl@ceph.mgr.x.smithi107.stdout:Apr 24 23:35:15 smithi107 ceph-16fa2ae8-0293-11ef-bc93-c7b262605968-mgr-x[29352]:
2024-04-24T23:35:15.397+0000 7f7ce4838200 -1 mgr[py] Module orchestrator has missing NOTIFY_TYPES member
2024-04-24T23:35:15.618 INFO:journalctl@ceph.mgr.x.smithi107.stdout:Apr 24 23:35:15 smithi107 ceph-16fa2ae8-0293-11ef-bc93-c7b262605968-mgr-x[29352]:
2024-04-24T23:35:15.499+0000 7f7ce4838200 -1 mgr[py] Module snap_schedule has missing NOTIFY_TYPES member
2024-04-24T23:35:15.626 INFO:teuthology.orchestra.run.smithi107.stdout:/usr/bin/ceph: stderr
2024-04-24T23:35:14.387+0000 7fb15eccd700 1 Processor -- start
2024-04-24T23:35:15.626 INFO:teuthology.orchestra.run.smithi107.stdout:/usr/bin/ceph: stderr
2024-04-24T23:35:14.387+0000 7fb15eccd700 1 -- start start
2024-04-24T23:35:15.627 INFO:teuthology.orchestra.run.smithi107.stdout:/usr/bin/ceph: stderr
2024-04-24T23:35:14.387+0000 7fb15eccd700 1 --2- >> [v2:172.21.15.107:3300/0,v1:172.21.15.107:6789/0] conn(0x7fb158105f90 0x7fb1581063b0 unknown :-1 s=NONE pgs=0 cs=0 l=0 rev1=0 crypto rx=0 tx=0 comp rx=0 tx=0).connect
2024-04-24T23:35:15.627 INFO:teuthology.orchestra.run.smithi107.stdout:/usr/bin/ceph: stderr
2024-04-24T23:35:14.387+0000 7fb15eccd700 1 -- --> [v2:172.21.15.107:3300/0,v1:172.21.15.107:6789/0] -- mon_getmap magic: 0 -- 0x7fb158106980 con 0x7fb158105f90
2024-04-24T23:35:15.627 INFO:teuthology.orchestra.run.smithi107.stdout:/usr/bin/ceph: stderr
2024-04-24T23:35:14.387+0000 7fb15ca69700 1 --2- >> [v2:172.21.15.107:3300/0,v1:172.21.15.107:6789/0] conn(0x7fb158105f90 0x7fb1581063b0 unknown :-1 s=BANNER_CONNECTING pgs=0 cs=0 l=0 rev1=0 crypto rx=0 tx=0 comp rx=0 tx=0)._handle_peer_banner_payload supported=3 required=0
2024-04-24T23:35:15.627 INFO:teuthology.orchestra.run.smithi107.stdout:/usr/bin/ceph: stderr
2024-04-24T23:35:14.387+0000 7fb15ca69700 1 --2- >> [v2:172.21.15.107:3300/0,v1:172.21.15.107:6789/0] conn(0x7fb158105f90 0x7fb1581063b0 unknown :-1 s=HELLO_CONNECTING pgs=0 cs=0 l=0 rev1=1 crypto rx=0 tx=0 comp rx=0 tx=0).handle_hello peer v2:172.21.15.107:3300/0 says I am v2:172.21.15.107:38264/0 (socket says 172.21.15.107:38264)
2024-04-24T23:35:15.627 INFO:teuthology.orchestra.run.smithi107.stdout:/usr/bin/ceph: stderr
2024-04-24T23:35:14.387+0000 7fb15ca69700 1 -- 172.21.15.107:0/1522658823 learned_addr learned my addr 172.21.15.107:0/1522658823 (peer_addr_for_me v2:172.21.15.107:0/0)
2024-04-24T23:35:15.627 INFO:teuthology.orchestra.run.smithi107.stdout:/usr/bin/ceph: stderr
2024-04-24T23:35:14.388+0000 7fb15ca69700 1 -- 172.21.15.107:0/1522658823 --> [v2:172.21.15.107:3300/0,v1:172.21.15.107:6789/0] -- mon_subscribe({config=0+,monmap=0+}) -- 0x7fb158108f20 con 0x7fb158105f90
2024-04-24T23:35:15.627 INFO:teuthology.orchestra.run.smithi107.stdout:/usr/bin/ceph: stderr
2024-04-24T23:35:14.388+0000 7fb15ca69700 1 --2- 172.21.15.107:0/1522658823 >> [v2:172.21.15.107:3300/0,v1:172.21.15.107:6789/0] conn(0x7fb158105f90 0x7fb1581063b0 secure :-1 s=READY pgs=22 cs=0 l=1 rev1=1 crypto rx=0x7fb14c0098a0 tx=0x7fb14c009bb0 comp rx=0 tx=0).ready entity=mon.0 client_cookie=66701d297b565bd1 server_cookie=0 in_seq=0 out_seq=0
2024-04-24T23:35:15.627 INFO:teuthology.orchestra.run.smithi107.stdout:/usr/bin/ceph: stderr
2024-04-24T23:35:14.388+0000 7fb1577fe700 1 -- 172.21.15.107:0/1522658823 <== mon.0 v2:172.21.15.107:3300/0 1 ==== mon_map magic: 0 ==== 205+0+0 (secure 0 0 0) 0x7fb14c004160 con 0x7fb158105f90
2024-04-24T23:35:15.627 INFO:teuthology.orchestra.run.smithi107.stdout:/usr/bin/ceph: stderr
2024-04-24T23:35:14.388+0000 7fb1577fe700 1 -- 172.21.15.107:0/1522658823 <== mon.0 v2:172.21.15.107:3300/0 2 ==== config(27 keys) ==== 1109+0+0 (secure 0 0 0) 0x7fb14c004300 con 0x7fb158105f90
2024-04-24T23:35:15.627 INFO:teuthology.orchestra.run.smithi107.stdout:/usr/bin/ceph: stderr
2024-04-24T23:35:14.388+0000 7fb1577fe700 1 -- 172.21.15.107:0/1522658823 <== mon.0 v2:172.21.15.107:3300/0 3 ==== mon_map magic: 0 ==== 205+0+0 (secure 0 0 0) 0x7fb14c011b50 con 0x7fb158105f90
2024-04-24T23:35:15.627 INFO:teuthology.orchestra.run.smithi107.stdout:/usr/bin/ceph: stderr
2024-04-24T23:35:14.388+0000 7fb15eccd700 1 -- 172.21.15.107:0/1522658823 >> [v2:172.21.15.107:3300/0,v1:172.21.15.107:6789/0] conn(0x7fb158105f90 msgr2=0x7fb1581063b0 secure :-1 s=STATE_CONNECTION_ESTABLISHED l=1).mark_down
2024-04-24T23:35:15.627 INFO:teuthology.orchestra.run.smithi107.stdout:/usr/bin/ceph: stderr
2024-04-24T23:35:14.388+0000 7fb15eccd700 1 --2- 172.21.15.107:0/1522658823 >> [v2:172.21.15.107:3300/0,v1:172.21.15.107:6789/0] conn(0x7fb158105f90 0x7fb1581063b0 secure :-1 s=READY pgs=22 cs=0 l=1 rev1=1 crypto rx=0x7fb14c0098a0 tx=0x7fb14c009bb0 comp rx=0 tx=0).stop
2024-04-24T23:35:15.627 INFO:teuthology.orchestra.run.smithi107.stdout:/usr/bin/ceph: stderr
2024-04-24T23:35:14.389+0000 7fb15eccd700 1 -- 172.21.15.107:0/1522658823 shutdown_connections
2024-04-24T23:35:15.627 INFO:teuthology.orchestra.run.smithi107.stdout:/usr/bin/ceph: stderr
