2024-04-24T23:35:39.856 INFO:teuthology.orchestra.run.smithi107.stdout:/usr/bin/ceph: stderr
2024-04-24T23:35:38.479+0000 7f7ba7675700 1 -- 172.21.15.107:0/3501810590 >> [v2:172.21.15.107:3300/0,v1:172.21.15.107:6789/0] conn(0x7f7ba0106b90 msgr2=0x7f7ba0106fb0 secure :-1 s=STATE_CONNECTION_ESTABLISHED l=1).mark_down
2024-04-24T23:35:39.856 INFO:teuthology.orchestra.run.smithi107.stdout:/usr/bin/ceph: stderr
2024-04-24T23:35:38.479+0000 7f7ba7675700 1 --2- 172.21.15.107:0/3501810590 >> [v2:172.21.15.107:3300/0,v1:172.21.15.107:6789/0] conn(0x7f7ba0106b90 0x7f7ba0106fb0 secure :-1 s=READY pgs=53 cs=0 l=1 rev1=1 crypto rx=0x7f7b9c0098a0 tx=0x7f7b9c009bb0 comp rx=0 tx=0).stop
2024-04-24T23:35:39.856 INFO:teuthology.orchestra.run.smithi107.stdout:/usr/bin/ceph: stderr
2024-04-24T23:35:38.480+0000 7f7ba7675700 1 -- 172.21.15.107:0/3501810590 shutdown_connections
2024-04-24T23:35:39.856 INFO:teuthology.orchestra.run.smithi107.stdout:/usr/bin/ceph: stderr
2024-04-24T23:35:38.480+0000 7f7ba7675700 1 --2- 172.21.15.107:0/3501810590 >> [v2:172.21.15.107:3300/0,v1:172.21.15.107:6789/0] conn(0x7f7ba0106b90 0x7f7ba0106fb0 unknown :-1 s=CLOSED pgs=53 cs=0 l=1 rev1=1 crypto rx=0 tx=0 comp rx=0 tx=0).stop
2024-04-24T23:35:39.856 INFO:teuthology.orchestra.run.smithi107.stdout:/usr/bin/ceph: stderr
2024-04-24T23:35:38.480+0000 7f7ba7675700 1 -- 172.21.15.107:0/3501810590 >> 172.21.15.107:0/3501810590 conn(0x7f7ba0102110 msgr2=0x7f7ba0104570 unknown :-1 s=STATE_NONE l=0).mark_down
2024-04-24T23:35:39.856 INFO:teuthology.orchestra.run.smithi107.stdout:/usr/bin/ceph: stderr
2024-04-24T23:35:38.480+0000 7f7ba7675700 1 -- 172.21.15.107:0/3501810590 shutdown_connections
2024-04-24T23:35:39.856 INFO:teuthology.orchestra.run.smithi107.stdout:/usr/bin/ceph: stderr
2024-04-24T23:35:38.480+0000 7f7ba7675700 1 -- 172.21.15.107:0/3501810590 wait complete.
2024-04-24T23:35:39.856 INFO:teuthology.orchestra.run.smithi107.stdout:/usr/bin/ceph: stderr
2024-04-24T23:35:38.480+0000 7f7ba7675700 1 Processor -- start
2024-04-24T23:35:39.856 INFO:teuthology.orchestra.run.smithi107.stdout:/usr/bin/ceph: stderr
2024-04-24T23:35:38.480+0000 7f7ba7675700 1 -- start start
2024-04-24T23:35:39.857 INFO:teuthology.orchestra.run.smithi107.stdout:/usr/bin/ceph: stderr
2024-04-24T23:35:38.480+0000 7f7ba7675700 1 --2- >> [v2:172.21.15.107:3300/0,v1:172.21.15.107:6789/0] conn(0x7f7ba0106b90 0x7f7ba007b9d0 unknown :-1 s=NONE pgs=0 cs=0 l=1 rev1=0 crypto rx=0 tx=0 comp rx=0 tx=0).connect
2024-04-24T23:35:39.857 INFO:teuthology.orchestra.run.smithi107.stdout:/usr/bin/ceph: stderr
2024-04-24T23:35:38.480+0000 7f7ba7675700 1 -- --> [v2:172.21.15.107:3300/0,v1:172.21.15.107:6789/0] -- mon_getmap magic: 0 -- 0x7f7ba010b140 con 0x7f7ba0106b90
2024-04-24T23:35:39.857 INFO:teuthology.orchestra.run.smithi107.stdout:/usr/bin/ceph: stderr
2024-04-24T23:35:38.481+0000 7f7ba5411700 1 --2- >> [v2:172.21.15.107:3300/0,v1:172.21.15.107:6789/0] conn(0x7f7ba0106b90 0x7f7ba007b9d0 unknown :-1 s=BANNER_CONNECTING pgs=0 cs=0 l=1 rev1=0 crypto rx=0 tx=0 comp rx=0 tx=0)._handle_peer_banner_payload supported=3 required=0
2024-04-24T23:35:39.857 INFO:teuthology.orchestra.run.smithi107.stdout:/usr/bin/ceph: stderr
2024-04-24T23:35:38.481+0000 7f7ba5411700 1 --2- >> [v2:172.21.15.107:3300/0,v1:172.21.15.107:6789/0] conn(0x7f7ba0106b90 0x7f7ba007b9d0 unknown :-1 s=HELLO_CONNECTING pgs=0 cs=0 l=1 rev1=1 crypto rx=0 tx=0 comp rx=0 tx=0).handle_hello peer v2:172.21.15.107:3300/0 says I am v2:172.21.15.107:53672/0 (socket says 172.21.15.107:53672)
2024-04-24T23:35:39.857 INFO:teuthology.orchestra.run.smithi107.stdout:/usr/bin/ceph: stderr
2024-04-24T23:35:38.481+0000 7f7ba5411700 1 -- 172.21.15.107:0/1742190911 learned_addr learned my addr 172.21.15.107:0/1742190911 (peer_addr_for_me v2:172.21.15.107:0/0)
2024-04-24T23:35:39.857 INFO:teuthology.orchestra.run.smithi107.stdout:/usr/bin/ceph: stderr
2024-04-24T23:35:38.481+0000 7f7ba5411700 1 -- 172.21.15.107:0/1742190911 --> [v2:172.21.15.107:3300/0,v1:172.21.15.107:6789/0] -- mon_subscribe({config=0+,monmap=0+}) -- 0x7f7ba019e970 con 0x7f7ba0106b90
2024-04-24T23:35:39.857 INFO:teuthology.orchestra.run.smithi107.stdout:/usr/bin/ceph: stderr
2024-04-24T23:35:38.481+0000 7f7ba5411700 1 --2- 172.21.15.107:0/1742190911 >> [v2:172.21.15.107:3300/0,v1:172.21.15.107:6789/0] conn(0x7f7ba0106b90 0x7f7ba007b9d0 secure :-1 s=READY pgs=54 cs=0 l=1 rev1=1 crypto rx=0x7f7b9c000c00 tx=0x7f7b9c011c10 comp rx=0 tx=0).ready entity=mon.0 client_cookie=0 server_cookie=0 in_seq=0 out_seq=0
2024-04-24T23:35:39.857 INFO:teuthology.orchestra.run.smithi107.stdout:/usr/bin/ceph: stderr
2024-04-24T23:35:38.481+0000 7f7b967fc700 1 -- 172.21.15.107:0/1742190911 <== mon.0 v2:172.21.15.107:3300/0 1 ==== mon_map magic: 0 ==== 205+0+0 (secure 0 0 0) 0x7f7b9c003b60 con 0x7f7ba0106b90
2024-04-24T23:35:39.857 INFO:teuthology.orchestra.run.smithi107.stdout:/usr/bin/ceph: stderr
2024-04-24T23:35:38.481+0000 7f7b967fc700 1 -- 172.21.15.107:0/1742190911 <== mon.0 v2:172.21.15.107:3300/0 2 ==== config(27 keys) ==== 1140+0+0 (secure 0 0 0) 0x7f7b9c01a910 con 0x7f7ba0106b90
2024-04-24T23:35:39.857 INFO:teuthology.orchestra.run.smithi107.stdout:/usr/bin/ceph: stderr
2024-04-24T23:35:38.481+0000 7f7ba7675700 1 -- 172.21.15.107:0/1742190911 --> [v2:172.21.15.107:3300/0,v1:172.21.15.107:6789/0] -- mon_subscribe({mgrmap=0+}) -- 0x7f7ba019eb40 con 0x7f7ba0106b90
2024-04-24T23:35:39.857 INFO:teuthology.orchestra.run.smithi107.stdout:/usr/bin/ceph: stderr
2024-04-24T23:35:38.481+0000 7f7b967fc700 1 -- 172.21.15.107:0/1742190911 <== mon.0 v2:172.21.15.107:3300/0 3 ==== mon_map magic: 0 ==== 205+0+0 (secure 0 0 0) 0x7f7b9c024930 con 0x7f7ba0106b90
2024-04-24T23:35:39.857 INFO:teuthology.orchestra.run.smithi107.stdout:/usr/bin/ceph: stderr
2024-04-24T23:35:38.481+0000 7f7ba7675700 1 -- 172.21.15.107:0/1742190911 --> [v2:172.21.15.107:3300/0,v1:172.21.15.107:6789/0] -- mon_subscribe({osdmap=0}) -- 0x7f7ba019eee0 con 0x7f7ba0106b90
2024-04-24T23:35:39.857 INFO:teuthology.orchestra.run.smithi107.stdout:/usr/bin/ceph: stderr
2024-04-24T23:35:38.482+0000 7f7b967fc700 1 -- 172.21.15.107:0/1742190911 <== mon.0 v2:172.21.15.107:3300/0 4 ==== mgrmap(e 8) ==== 46287+0+0 (secure 0 0 0) 0x7f7b9c022020 con 0x7f7ba0106b90
2024-04-24T23:35:39.858 INFO:teuthology.orchestra.run.smithi107.stdout:/usr/bin/ceph: stderr
2024-04-24T23:35:38.482+0000 7f7ba7675700 1 -- 172.21.15.107:0/1742190911 --> [v2:172.21.15.107:3300/0,v1:172.21.15.107:6789/0] -- mon_command({"prefix": "get_command_descriptions"} v 0) -- 0x7f7ba0063890 con 0x7f7ba0106b90
2024-04-24T23:35:39.858 INFO:teuthology.orchestra.run.smithi107.stdout:/usr/bin/ceph: stderr
2024-04-24T23:35:38.482+0000 7f7b967fc700 1 --2- 172.21.15.107:0/1742190911 >> [v2:172.21.15.107:6800/1738433151,v1:172.21.15.107:6801/1738433151] conn(0x7f7b8c039050 0x7f7b8c03b510 unknown :-1 s=NONE pgs=0 cs=0 l=1 rev1=0 crypto rx=0 tx=0 comp rx=0 tx=0).connect
2024-04-24T23:35:39.858 INFO:teuthology.orchestra.run.smithi107.stdout:/usr/bin/ceph: stderr
2024-04-24T23:35:38.482+0000 7f7b967fc700 1 -- 172.21.15.107:0/1742190911 <== mon.0 v2:172.21.15.107:3300/0 5 ==== osd_map(2..2 src has 1..2) ==== 940+0+0 (secure 0 0 0) 0x7f7b9c04d2a0 con 0x7f7ba0106b90
2024-04-24T23:35:39.858 INFO:teuthology.orchestra.run.smithi107.stdout:/usr/bin/ceph: stderr
2024-04-24T23:35:38.482+0000 7f7ba4c10700 1 --2- 172.21.15.107:0/1742190911 >> [v2:172.21.15.107:6800/1738433151,v1:172.21.15.107:6801/1738433151] conn(0x7f7b8c039050 0x7f7b8c03b510 unknown :-1 s=BANNER_CONNECTING pgs=0 cs=0 l=1 rev1=0 crypto rx=0 tx=0 comp rx=0 tx=0)._handle_peer_banner_payload supported=3 required=0
2024-04-24T23:35:39.858 INFO:teuthology.orchestra.run.smithi107.stdout:/usr/bin/ceph: stderr
2024-04-24T23:35:38.483+0000 7f7ba4c10700 1 --2- 172.21.15.107:0/1742190911 >> [v2:172.21.15.107:6800/1738433151,v1:172.21.15.107:6801/1738433151] conn(0x7f7b8c039050 0x7f7b8c03b510 secure :-1 s=READY pgs=15 cs=0 l=1 rev1=1 crypto rx=0x7f7b90006fd0 tx=0x7f7b90006e40 comp rx=0 tx=0).ready entity=mgr.14120 client_cookie=0 server_cookie=0 in_seq=0 out_seq=0
2024-04-24T23:35:39.858 INFO:teuthology.orchestra.run.smithi107.stdout:/usr/bin/ceph: stderr
2024-04-24T23:35:38.487+0000 7f7b967fc700 1 -- 172.21.15.107:0/1742190911 <== mon.0 v2:172.21.15.107:3300/0 6 ==== mon_command_ack([{"prefix": "get_command_descriptions"}]=0 v0) ==== 72+0+186147 (secure 0 0 0) 0x7f7b9c01ab70 con 0x7f7ba0106b90
2024-04-24T23:35:39.858 INFO:teuthology.orchestra.run.smithi107.stdout:/usr/bin/ceph: stderr
2024-04-24T23:35:38.707+0000 7f7ba7675700 1 -- 172.21.15.107:0/1742190911 --> [v2:172.21.15.107:3300/0,v1:172.21.15.107:6789/0] -- mon_command([{prefix=config set, name=mgr/dashboard/ssl_server_port}] v 0) -- 0x7f7ba019f220 con 0x7f7ba0106b90
2024-04-24T23:35:39.858 INFO:teuthology.orchestra.run.smithi107.stdout:/usr/bin/ceph: stderr
2024-04-24T23:35:38.710+0000 7f7b967fc700 1 -- 172.21.15.107:0/1742190911 <== mon.0 v2:172.21.15.107:3300/0 7 ==== mon_command_ack([{prefix=config set, name=mgr/dashboard/ssl_server_port}]=0 v8)=0 v8) ==== 130+0+0 (secure 0 0 0) 0x7f7b9c02d3f0 con 0x7f7ba0106b90
2024-04-24T23:35:39.858 INFO:teuthology.orchestra.run.smithi107.stdout:/usr/bin/ceph: stderr
2024-04-24T23:35:38.713+0000 7f7ba7675700 1 -- 172.21.15.107:0/1742190911 >> [v2:172.21.15.107:6800/1738433151,v1:172.21.15.107:6801/1738433151] conn(0x7f7b8c039050 msgr2=0x7f7b8c03b510 secure :-1 s=STATE_CONNECTION_ESTABLISHED l=1).mark_down
2024-04-24T23:35:39.858 INFO:teuthology.orchestra.run.smithi107.stdout:/usr/bin/ceph: stderr
2024-04-24T23:35:38.713+0000 7f7ba7675700 1 --2- 172.21.15.107:0/1742190911 >> [v2:172.21.15.107:6800/1738433151,v1:172.21.15.107:6801/1738433151] conn(0x7f7b8c039050 0x7f7b8c03b510 secure :-1 s=READY pgs=15 cs=0 l=1 rev1=1 crypto rx=0x7f7b90006fd0 tx=0x7f7b90006e40 comp rx=0 tx=0).stop
2024-04-24T23:35:39.858 INFO:teuthology.orchestra.run.smithi107.stdout:/usr/bin/ceph: stderr
2024-04-24T23:35:38.713+0000 7f7ba7675700 1 -- 172.21.15.107:0/1742190911 >> [v2:172.21.15.107:3300/0,v1:172.21.15.107:6789/0] conn(0x7f7ba0106b90 msgr2=0x7f7ba007b9d0 secure :-1 s=STATE_CONNECTION_ESTABLISHED l=1).mark_down
2024-04-24T23:35:39.858 INFO:teuthology.orchestra.run.smithi107.stdout:/usr/bin/ceph: stderr
2024-04-24T23:35:38.713+0000 7f7ba7675700 1 --2- 172.21.15.107:0/1742190911 >> [v2:172.21.15.107:3300/0,v1:172.21.15.107:6789/0] conn(0x7f7ba0106b90 0x7f7ba007b9d0 secure :-1 s=READY pgs=54 cs=0 l=1 rev1=1 crypto rx=0x7f7b9c000c00 tx=0x7f7b9c011c10 comp rx=0 tx=0).stop
2024-04-24T23:35:39.858 INFO:teuthology.orchestra.run.smithi107.stdout:/usr/bin/ceph: stderr
2024-04-24T23:35:38.713+0000 7f7ba7675700 1 -- 172.21.15.107:0/1742190911 shutdown_connections
2024-04-24T23:35:39.859 INFO:teuthology.orchestra.run.smithi107.stdout:/usr/bin/ceph: stderr
2024-04-24T23:35:38.713+0000 7f7ba7675700 1 --2- 172.21.15.107:0/1742190911 >> [v2:172.21.15.107:6800/1738433151,v1:172.21.15.107:6801/1738433151] conn(0x7f7b8c039050 0x7f7b8c03b510 unknown :-1 s=CLOSED pgs=15 cs=0 l=1 rev1=1 crypto rx=0 tx=0 comp rx=0 tx=0).stop
2024-04-24T23:35:39.859 INFO:teuthology.orchestra.run.smithi107.stdout:/usr/bin/ceph: stderr
2024-04-24T23:35:38.713+0000 7f7ba7675700 1 --2- 172.21.15.107:0/1742190911 >> [v2:172.21.15.107:3300/0,v1:172.21.15.107:6789/0] conn(0x7f7ba0106b90 0x7f7ba007b9d0 unknown :-1 s=CLOSED pgs=54 cs=0 l=1 rev1=1 crypto rx=0 tx=0 comp rx=0 tx=0).stop
2024-04-24T23:35:39.859 INFO:teuthology.orchestra.run.smithi107.stdout:/usr/bin/ceph: stderr
2024-04-24T23:35:38.713+0000 7f7ba7675700 1 -- 172.21.15.107:0/1742190911 >> 172.21.15.107:0/1742190911 conn(0x7f7ba0102110 msgr2=0x7f7ba0102c70 unknown :-1 s=STATE_NONE l=0).mark_down
2024-04-24T23:35:39.859 INFO:teuthology.orchestra.run.smithi107.stdout:/usr/bin/ceph: stderr
2024-04-24T23:35:38.713+0000 7f7ba7675700 1 -- 172.21.15.107:0/1742190911 shutdown_connections
2024-04-24T23:35:39.859 INFO:teuthology.orchestra.run.smithi107.stdout:/usr/bin/ceph: stderr
2024-04-24T23:35:38.713+0000 7f7ba7675700 1 -- 172.21.15.107:0/1742190911 wait complete.
2024-04-24T23:35:39.859 INFO:teuthology.orchestra.run.smithi107.stdout:Enabling the dashboard module...
2024-04-24T23:35:41.378 INFO:journalctl@ceph.mon.a.smithi107.stdout:Apr 24 23:35:41 smithi107 ceph-mon[29118]: from='mgr.14120 172.21.15.107:0/2624274343' entity='mgr.x'
2024-04-24T23:35:41.378 INFO:journalctl@ceph.mon.a.smithi107.stdout:Apr 24 23:35:41 smithi107 ceph-mon[29118]: from='client.? 172.21.15.107:0/1207192800' entity='client.admin' cmd=[{"prefix": "mgr module enable", "module": "dashboard"}]: dispatch
2024-04-24T23:35:41.378 INFO:journalctl@ceph.mgr.x.smithi107.stdout:Apr 24 23:35:41 smithi107 ceph-16fa2ae8-0293-11ef-bc93-c7b262605968-mgr-x[29352]: ignoring --setuser ceph since I am not root
2024-04-24T23:35:41.378 INFO:journalctl@ceph.mgr.x.smithi107.stdout:Apr 24 23:35:41 smithi107 ceph-16fa2ae8-0293-11ef-bc93-c7b262605968-mgr-x[29352]: ignoring --setgroup ceph since I am not root
2024-04-24T23:35:41.378 INFO:journalctl@ceph.mgr.x.smithi107.stdout:Apr 24 23:35:41 smithi107 ceph-16fa2ae8-0293-11ef-bc93-c7b262605968-mgr-x[29352]:
2024-04-24T23:35:41.305+0000 7f459cdd0200 -1 mgr[py] Module balancer has missing NOTIFY_TYPES member
2024-04-24T23:35:41.754 INFO:journalctl@ceph.mgr.x.smithi107.stdout:Apr 24 23:35:41 smithi107 ceph-16fa2ae8-0293-11ef-bc93-c7b262605968-mgr-x[29352]:
2024-04-24T23:35:41.496+0000 7f459cdd0200 -1 mgr[py] Module orchestrator has missing NOTIFY_TYPES member
2024-04-24T23:35:41.754 INFO:journalctl@ceph.mgr.x.smithi107.stdout:Apr 24 23:35:41 smithi107 ceph-16fa2ae8-0293-11ef-bc93-c7b262605968-mgr-x[29352]:
2024-04-24T23:35:41.597+0000 7f459cdd0200 -1 mgr[py] Module snap_schedule has missing NOTIFY_TYPES member
2024-04-24T23:35:41.761 INFO:teuthology.orchestra.run.smithi107.stdout:/usr/bin/ceph: stderr
2024-04-24T23:35:40.319+0000 7ff612e33700 1 Processor -- start
2024-04-24T23:35:41.761 INFO:teuthology.orchestra.run.smithi107.stdout:/usr/bin/ceph: stderr
2024-04-24T23:35:40.319+0000 7ff612e33700 1 -- start start
2024-04-24T23:35:41.761 INFO:teuthology.orchestra.run.smithi107.stdout:/usr/bin/ceph: stderr
2024-04-24T23:35:40.319+0000 7ff612e33700 1 --2- >> [v2:172.21.15.107:3300/0,v1:172.21.15.107:6789/0] conn(0x7ff60c07de00 0x7ff60c07c260 unknown :-1 s=NONE pgs=0 cs=0 l=0 rev1=0 crypto rx=0 tx=0 comp rx=0 tx=0).connect
2024-04-24T23:35:41.762 INFO:teuthology.orchestra.run.smithi107.stdout:/usr/bin/ceph: stderr
2024-04-24T23:35:40.319+0000 7ff612e33700 1 -- --> [v2:172.21.15.107:3300/0,v1:172.21.15.107:6789/0] -- mon_getmap magic: 0 -- 0x7ff60c07c830 con 0x7ff60c07de00
2024-04-24T23:35:41.762 INFO:teuthology.orchestra.run.smithi107.stdout:/usr/bin/ceph: stderr
2024-04-24T23:35:40.320+0000 7ff610bcf700 1 --2- >> [v2:172.21.15.107:3300/0,v1:172.21.15.107:6789/0] conn(0x7ff60c07de00 0x7ff60c07c260 unknown :-1 s=BANNER_CONNECTING pgs=0 cs=0 l=0 rev1=0 crypto rx=0 tx=0 comp rx=0 tx=0)._handle_peer_banner_payload supported=3 required=0
2024-04-24T23:35:41.762 INFO:teuthology.orchestra.run.smithi107.stdout:/usr/bin/ceph: stderr
2024-04-24T23:35:40.320+0000 7ff610bcf700 1 --2- >> [v2:172.21.15.107:3300/0,v1:172.21.15.107:6789/0] conn(0x7ff60c07de00 0x7ff60c07c260 unknown :-1 s=HELLO_CONNECTING pgs=0 cs=0 l=0 rev1=1 crypto rx=0 tx=0 comp rx=0 tx=0).handle_hello peer v2:172.21.15.107:3300/0 says I am v2:172.21.15.107:53684/0 (socket says 172.21.15.107:53684)
2024-04-24T23:35:41.762 INFO:teuthology.orchestra.run.smithi107.stdout:/usr/bin/ceph: stderr
2024-04-24T23:35:40.320+0000 7ff610bcf700 1 -- 172.21.15.107:0/1169623469 learned_addr learned my addr 172.21.15.107:0/1169623469 (peer_addr_for_me v2:172.21.15.107:0/0)
2024-04-24T23:35:41.762 INFO:teuthology.orchestra.run.smithi107.stdout:/usr/bin/ceph: stderr
2024-04-24T23:35:40.320+0000 7ff610bcf700 1 -- 172.21.15.107:0/1169623469 --> [v2:172.21.15.107:3300/0,v1:172.21.15.107:6789/0] -- mon_subscribe({config=0+,monmap=0+}) -- 0x7ff60c07c9b0 con 0x7ff60c07de00
2024-04-24T23:35:41.762 INFO:teuthology.orchestra.run.smithi107.stdout:/usr/bin/ceph: stderr
2024-04-24T23:35:40.320+0000 7ff610bcf700 1 --2- 172.21.15.107:0/1169623469 >> [v2:172.21.15.107:3300/0,v1:172.21.15.107:6789/0] conn(0x7ff60c07de00 0x7ff60c07c260 secure :-1 s=READY pgs=55 cs=0 l=1 rev1=1 crypto rx=0x7ff6000098a0 tx=0x7ff600009bb0 comp rx=0 tx=0).ready entity=mon.0 client_cookie=a460ce460d8c2809 server_cookie=0 in_seq=0 out_seq=0
2024-04-24T23:35:41.762 INFO:teuthology.orchestra.run.smithi107.stdout:/usr/bin/ceph: stderr
2024-04-24T23:35:40.320+0000 7ff60b7fe700 1 -- 172.21.15.107:0/1169623469 <== mon.0 v2:172.21.15.107:3300/0 1 ==== mon_map magic: 0 ==== 205+0+0 (secure 0 0 0) 0x7ff600004160 con 0x7ff60c07de00
2024-04-24T23:35:41.762 INFO:teuthology.orchestra.run.smithi107.stdout:/usr/bin/ceph: stderr
2024-04-24T23:35:40.320+0000 7ff60b7fe700 1 -- 172.21.15.107:0/1169623469 <== mon.0 v2:172.21.15.107:3300/0 2 ==== config(27 keys) ==== 1140+0+0 (secure 0 0 0) 0x7ff600004300 con 0x7ff60c07de00
2024-04-24T23:35:41.762 INFO:teuthology.orchestra.run.smithi107.stdout:/usr/bin/ceph: stderr
2024-04-24T23:35:40.320+0000 7ff60b7fe700 1 -- 172.21.15.107:0/1169623469 <== mon.0 v2:172.21.15.107:3300/0 3 ==== mon_map magic: 0 ==== 205+0+0 (secure 0 0 0) 0x7ff600011b20 con 0x7ff60c07de00
2024-04-24T23:35:41.762 INFO:teuthology.orchestra.run.smithi107.stdout:/usr/bin/ceph: stderr
2024-04-24T23:35:40.321+0000 7ff612e33700 1 -- 172.21.15.107:0/1169623469 >> [v2:172.21.15.107:3300/0,v1:172.21.15.107:6789/0] conn(0x7ff60c07de00 msgr2=0x7ff60c07c260 secure :-1 s=STATE_CONNECTION_ESTABLISHED l=1).mark_down
2024-04-24T23:35:41.762 INFO:teuthology.orchestra.run.smithi107.stdout:/usr/bin/ceph: stderr
2024-04-24T23:35:40.321+0000 7ff612e33700 1 --2- 172.21.15.107:0/1169623469 >> [v2:172.21.15.107:3300/0,v1:172.21.15.107:6789/0] conn(0x7ff60c07de00 0x7ff60c07c260 secure :-1 s=READY pgs=55 cs=0 l=1 rev1=1 crypto rx=0x7ff6000098a0 tx=0x7ff600009bb0 comp rx=0 tx=0).stop
2024-04-24T23:35:41.762 INFO:teuthology.orchestra.run.smithi107.stdout:/usr/bin/ceph: stderr
2024-04-24T23:35:40.321+0000 7ff612e33700 1 -- 172.21.15.107:0/1169623469 shutdown_connections
2024-04-24T23:35:41.762 INFO:teuthology.orchestra.run.smithi107.stdout:/usr/bin/ceph: stderr
2024-04-24T23:35:40.321+0000 7ff612e33700 1 --2- 172.21.15.107:0/1169623469 >> [v2:172.21.15.107:3300/0,v1:172.21.15.107:6789/0] conn(0x7ff60c07de00 0x7ff60c07c260 unknown :-1 s=CLOSED pgs=55 cs=0 l=1 rev1=1 crypto rx=0 tx=0 comp rx=0 tx=0).stop
2024-04-24T23:35:41.763 INFO:teuthology.orchestra.run.smithi107.stdout:/usr/bin/ceph: stderr
2024-04-24T23:35:40.321+0000 7ff612e33700 1 -- 172.21.15.107:0/1169623469 >> 172.21.15.107:0/1169623469 conn(0x7ff60c103210 msgr2=0x7ff60c105650 unknown :-1 s=STATE_NONE l=0).mark_down
2024-04-24T23:35:41.763 INFO:teuthology.orchestra.run.smithi107.stdout:/usr/bin/ceph: stderr
2024-04-24T23:35:40.321+0000 7ff612e33700 1 -- 172.21.15.107:0/1169623469 shutdown_connections
2024-04-24T23:35:41.763 INFO:teuthology.orchestra.run.smithi107.stdout:/usr/bin/ceph: stderr
2024-04-24T23:35:40.321+0000 7ff612e33700 1 -- 172.21.15.107:0/1169623469 wait complete.
2024-04-24T23:35:41.763 INFO:teuthology.orchestra.run.smithi107.stdout:/usr/bin/ceph: stderr
2024-04-24T23:35:40.322+0000 7ff612e33700 1 Processor -- start
2024-04-24T23:35:41.763 INFO:teuthology.orchestra.run.smithi107.stdout:/usr/bin/ceph: stderr
2024-04-24T23:35:40.322+0000 7ff612e33700 1 -- start start
2024-04-24T23:35:41.763 INFO:teuthology.orchestra.run.smithi107.stdout:/usr/bin/ceph: stderr
2024-04-24T23:35:40.322+0000 7ff612e33700 1 --2- >> [v2:172.21.15.107:3300/0,v1:172.21.15.107:6789/0] conn(0x7ff60c07de00 0x7ff60c19ddc0 unknown :-1 s=NONE pgs=0 cs=0 l=1 rev1=0 crypto rx=0 tx=0 comp rx=0 tx=0).connect
2024-04-24T23:35:41.763 INFO:teuthology.orchestra.run.smithi107.stdout:/usr/bin/ceph: stderr
2024-04-24T23:35:40.322+0000 7ff612e33700 1 -- --> [v2:172.21.15.107:3300/0,v1:172.21.15.107:6789/0] -- mon_getmap magic: 0 -- 0x7ff60c10e2f0 con 0x7ff60c07de00
2024-04-24T23:35:41.763 INFO:teuthology.orchestra.run.smithi107.stdout:/usr/bin/ceph: stderr
2024-04-24T23:35:40.322+0000 7ff610bcf700 1 --2- >> [v2:172.21.15.107:3300/0,v1:172.21.15.107:6789/0] conn(0x7ff60c07de00 0x7ff60c19ddc0 unknown :-1 s=BANNER_CONNECTING pgs=0 cs=0 l=1 rev1=0 crypto rx=0 tx=0 comp rx=0 tx=0)._handle_peer_banner_payload supported=3 required=0
2024-04-24T23:35:41.763 INFO:teuthology.orchestra.run.smithi107.stdout:/usr/bin/ceph: stderr
2024-04-24T23:35:40.322+0000 7ff610bcf700 1 --2- >> [v2:172.21.15.107:3300/0,v1:172.21.15.107:6789/0] conn(0x7ff60c07de00 0x7ff60c19ddc0 unknown :-1 s=HELLO_CONNECTING pgs=0 cs=0 l=1 rev1=1 crypto rx=0 tx=0 comp rx=0 tx=0).handle_hello peer v2:172.21.15.107:3300/0 says I am v2:172.21.15.107:53694/0 (socket says 172.21.15.107:53694)
2024-04-24T23:35:41.763 INFO:teuthology.orchestra.run.smithi107.stdout:/usr/bin/ceph: stderr
2024-04-24T23:35:40.322+0000 7ff610bcf700 1 -- 172.21.15.107:0/1207192800 learned_addr learned my addr 172.21.15.107:0/1207192800 (peer_addr_for_me v2:172.21.15.107:0/0)
2024-04-24T23:35:41.763 INFO:teuthology.orchestra.run.smithi107.stdout:/usr/bin/ceph: stderr
2024-04-24T23:35:40.322+0000 7ff610bcf700 1 -- 172.21.15.107:0/1207192800 --> [v2:172.21.15.107:3300/0,v1:172.21.15.107:6789/0] -- mon_subscribe({config=0+,monmap=0+}) -- 0x7ff60c19e300 con 0x7ff60c07de00
2024-04-24T23:35:41.763 INFO:teuthology.orchestra.run.smithi107.stdout:/usr/bin/ceph: stderr
2024-04-24T23:35:40.322+0000 7ff610bcf700 1 --2- 172.21.15.107:0/1207192800 >> [v2:172.21.15.107:3300/0,v1:172.21.15.107:6789/0] conn(0x7ff60c07de00 0x7ff60c19ddc0 secure :-1 s=READY pgs=56 cs=0 l=1 rev1=1 crypto rx=0x7ff6000116a0 tx=0x7ff600011ba0 comp rx=0 tx=0).ready entity=mon.0 client_cookie=0 server_cookie=0 in_seq=0 out_seq=0
2024-04-24T23:35:41.763 INFO:teuthology.orchestra.run.smithi107.stdout:/usr/bin/ceph: stderr
2024-04-24T23:35:40.322+0000 7ff609ffb700 1 -- 172.21.15.107:0/1207192800 <== mon.0 v2:172.21.15.107:3300/0 1 ==== mon_map magic: 0 ==== 205+0+0 (secure 0 0 0) 0x7ff600003a40 con 0x7ff60c07de00
2024-04-24T23:35:41.763 INFO:teuthology.orchestra.run.smithi107.stdout:/usr/bin/ceph: stderr
2024-04-24T23:35:40.322+0000 7ff609ffb700 1 -- 172.21.15.107:0/1207192800 <== mon.0 v2:172.21.15.107:3300/0 2 ==== config(27 keys) ==== 1140+0+0 (secure 0 0 0) 0x7ff600003be0 con 0x7ff60c07de00
2024-04-24T23:35:41.764 INFO:teuthology.orchestra.run.smithi107.stdout:/usr/bin/ceph: stderr
2024-04-24T23:35:40.322+0000 7ff612e33700 1 -- 172.21.15.107:0/1207192800 --> [v2:172.21.15.107:3300/0,v1:172.21.15.107:6789/0] -- mon_subscribe({mgrmap=0+}) -- 0x7ff60c19e590 con 0x7ff60c07de00
2024-04-24T23:35:41.764 INFO:teuthology.orchestra.run.smithi107.stdout:/usr/bin/ceph: stderr
2024-04-24T23:35:40.323+0000 7ff609ffb700 1 -- 172.21.15.107:0/1207192800 <== mon.0 v2:172.21.15.107:3300/0 3 ==== mon_map magic: 0 ==== 205+0+0 (secure 0 0 0) 0x7ff60001a750 con 0x7ff60c07de00
2024-04-24T23:35:41.764 INFO:teuthology.orchestra.run.smithi107.stdout:/usr/bin/ceph: stderr
2024-04-24T23:35:40.323+0000 7ff612e33700 1 -- 172.21.15.107:0/1207192800 --> [v2:172.21.15.107:3300/0,v1:172.21.15.107:6789/0] -- mon_subscribe({osdmap=0}) -- 0x7ff60c19e9f0 con 0x7ff60c07de00
2024-04-24T23:35:41.764 INFO:teuthology.orchestra.run.smithi107.stdout:/usr/bin/ceph: stderr
2024-04-24T23:35:40.324+0000 7ff609ffb700 1 -- 172.21.15.107:0/1207192800 <== mon.0 v2:172.21.15.107:3300/0 4 ==== mgrmap(e 8) ==== 46287+0+0 (secure 0 0 0) 0x7ff60001aa70 con 0x7ff60c07de00
2024-04-24T23:35:41.764 INFO:teuthology.orchestra.run.smithi107.stdout:/usr/bin/ceph: stderr
2024-04-24T23:35:40.324+0000 7ff612e33700 1 -- 172.21.15.107:0/1207192800 --> [v2:172.21.15.107:3300/0,v1:172.21.15.107:6789/0] -- mon_command({"prefix": "get_command_descriptions"} v 0) -- 0x7ff60c063890 con 0x7ff60c07de00
2024-04-24T23:35:41.764 INFO:teuthology.orchestra.run.smithi107.stdout:/usr/bin/ceph: stderr
2024-04-24T23:35:40.324+0000 7ff609ffb700 1 --2- 172.21.15.107:0/1207192800 >> [v2:172.21.15.107:6800/1738433151,v1:172.21.15.107:6801/1738433151] conn(0x7ff5fc039000 0x7ff5fc03b4c0 unknown :-1 s=NONE pgs=0 cs=0 l=1 rev1=0 crypto rx=0 tx=0 comp rx=0 tx=0).connect
2024-04-24T23:35:41.764 INFO:teuthology.orchestra.run.smithi107.stdout:/usr/bin/ceph: stderr
2024-04-24T23:35:40.324+0000 7ff609ffb700 1 -- 172.21.15.107:0/1207192800 <== mon.0 v2:172.21.15.107:3300/0 5 ==== osd_map(2..2 src has 1..2) ==== 940+0+0 (secure 0 0 0) 0x7ff60004d730 con 0x7ff60c07de00
2024-04-24T23:35:41.764 INFO:teuthology.orchestra.run.smithi107.stdout:/usr/bin/ceph: stderr
2024-04-24T23:35:40.324+0000 7ff60bfff700 1 --2- 172.21.15.107:0/1207192800 >> [v2:172.21.15.107:6800/1738433151,v1:172.21.15.107:6801/1738433151] conn(0x7ff5fc039000 0x7ff5fc03b4c0 unknown :-1 s=BANNER_CONNECTING pgs=0 cs=0 l=1 rev1=0 crypto rx=0 tx=0 comp rx=0 tx=0)._handle_peer_banner_payload supported=3 required=0
2024-04-24T23:35:41.764 INFO:teuthology.orchestra.run.smithi107.stdout:/usr/bin/ceph: stderr
2024-04-24T23:35:40.325+0000 7ff60bfff700 1 --2- 172.21.15.107:0/1207192800 >> [v2:172.21.15.107:6800/1738433151,v1:172.21.15.107:6801/1738433151] conn(0x7ff5fc039000 0x7ff5fc03b4c0 secure :-1 s=READY pgs=16 cs=0 l=1 rev1=1 crypto rx=0x7ff5f8006fd0 tx=0x7ff5f8006e40 comp rx=0 tx=0).ready entity=mgr.14120 client_cookie=0 server_cookie=0 in_seq=0 out_seq=0
2024-04-24T23:35:41.764 INFO:teuthology.orchestra.run.smithi107.stdout:/usr/bin/ceph: stderr
2024-04-24T23:35:40.329+0000 7ff609ffb700 1 -- 172.21.15.107:0/1207192800 <== mon.0 v2:172.21.15.107:3300/0 6 ==== mon_command_ack([{"prefix": "get_command_descriptions"}]=0 v0) ==== 72+0+186147 (secure 0 0 0) 0x7ff600011e20 con 0x7ff60c07de00
2024-04-24T23:35:41.764 INFO:teuthology.orchestra.run.smithi107.stdout:/usr/bin/ceph: stderr
2024-04-24T23:35:40.598+0000 7ff612e33700 1 -- 172.21.15.107:0/1207192800 --> [v2:172.21.15.107:3300/0,v1:172.21.15.107:6789/0] -- mon_command({"prefix": "mgr module enable", "module": "dashboard"} v 0) -- 0x7ff60c1a1420 con 0x7ff60c07de00
2024-04-24T23:35:41.764 INFO:teuthology.orchestra.run.smithi107.stdout:/usr/bin/ceph: stderr
2024-04-24T23:35:41.128+0000 7ff609ffb700 1 -- 172.21.15.107:0/1207192800 <== mon.0 v2:172.21.15.107:3300/0 7 ==== mon_command_ack([{"prefix": "mgr module enable", "module": "dashboard"}]=0 v9) ==== 88+0+0 (secure 0 0 0) 0x7ff600016df0 con 0x7ff60c07de00
2024-04-24T23:35:41.764 INFO:teuthology.orchestra.run.smithi107.stdout:/usr/bin/ceph: stderr
2024-04-24T23:35:41.130+0000 7ff609ffb700 1 -- 172.21.15.107:0/1207192800 <== mon.0 v2:172.21.15.107:3300/0 8 ==== mgrmap(e 9) ==== 46300+0+0 (secure 0 0 0) 0x7ff60002d3f0 con 0x7ff60c07de00
2024-04-24T23:35:41.764 INFO:teuthology.orchestra.run.smithi107.stdout:/usr/bin/ceph: stderr
2024-04-24T23:35:41.131+0000 7ff612e33700 1 -- 172.21.15.107:0/1207192800 >> [v2:172.21.15.107:6800/1738433151,v1:172.21.15.107:6801/1738433151] conn(0x7ff5fc039000 msgr2=0x7ff5fc03b4c0 secure :-1 s=STATE_CONNECTION_ESTABLISHED l=1).mark_down
2024-04-24T23:35:41.765 INFO:teuthology.orchestra.run.smithi107.stdout:/usr/bin/ceph: stderr
2024-04-24T23:35:41.131+0000 7ff612e33700 1 --2- 172.21.15.107:0/1207192800 >> [v2:172.21.15.107:6800/1738433151,v1:172.21.15.107:6801/1738433151] conn(0x7ff5fc039000 0x7ff5fc03b4c0 secure :-1 s=READY pgs=16 cs=0 l=1 rev1=1 crypto rx=0x7ff5f8006fd0 tx=0x7ff5f8006e40 comp rx=0 tx=0).stop
2024-04-24T23:35:41.765 INFO:teuthology.orchestra.run.smithi107.stdout:/usr/bin/ceph: stderr
2024-04-24T23:35:41.131+0000 7ff612e33700 1 -- 172.21.15.107:0/1207192800 >> [v2:172.21.15.107:3300/0,v1:172.21.15.107:6789/0] conn(0x7ff60c07de00 msgr2=0x7ff60c19ddc0 secure :-1 s=STATE_CONNECTION_ESTABLISHED l=1).mark_down
2024-04-24T23:35:41.765 INFO:teuthology.orchestra.run.smithi107.stdout:/usr/bin/ceph: stderr
2024-04-24T23:35:41.131+0000 7ff612e33700 1 --2- 172.21.15.107:0/1207192800 >> [v2:172.21.15.107:3300/0,v1:172.21.15.107:6789/0] conn(0x7ff60c07de00 0x7ff60c19ddc0 secure :-1 s=READY pgs=56 cs=0 l=1 rev1=1 crypto rx=0x7ff6000116a0 tx=0x7ff600011ba0 comp rx=0 tx=0).stop
2024-04-24T23:35:41.765 INFO:teuthology.orchestra.run.smithi107.stdout:/usr/bin/ceph: stderr
2024-04-24T23:35:41.131+0000 7ff612e33700 1 -- 172.21.15.107:0/1207192800 shutdown_connections
2024-04-24T23:35:41.765 INFO:teuthology.orchestra.run.smithi107.stdout:/usr/bin/ceph: stderr
2024-04-24T23:35:41.131+0000 7ff612e33700 1 --2- 172.21.15.107:0/1207192800 >> [v2:172.21.15.107:6800/1738433151,v1:172.21.15.107:6801/1738433151] conn(0x7ff5fc039000 0x7ff5fc03b4c0 unknown :-1 s=CLOSED pgs=16 cs=0 l=1 rev1=1 crypto rx=0 tx=0 comp rx=0 tx=0).stop
2024-04-24T23:35:41.765 INFO:teuthology.orchestra.run.smithi107.stdout:/usr/bin/ceph: stderr
2024-04-24T23:35:41.131+0000 7ff612e33700 1 --2- 172.21.15.107:0/1207192800 >> [v2:172.21.15.107:3300/0,v1:172.21.15.107:6789/0] conn(0x7ff60c07de00 0x7ff60c19ddc0 unknown :-1 s=CLOSED pgs=56 cs=0 l=1 rev1=1 crypto rx=0 tx=0 comp rx=0 tx=0).stop
2024-04-24T23:35:41.765 INFO:teuthology.orchestra.run.smithi107.stdout:/usr/bin/ceph: stderr
2024-04-24T23:35:41.131+0000 7ff612e33700 1 -- 172.21.15.107:0/1207192800 >> 172.21.15.107:0/1207192800 conn(0x7ff60c103210 msgr2=0x7ff60c103c90 unknown :-1 s=STATE_NONE l=0).mark_down
2024-04-24T23:35:41.765 INFO:teuthology.orchestra.run.smithi107.stdout:/usr/bin/ceph: stderr
2024-04-24T23:35:41.131+0000 7ff612e33700 1 -- 172.21.15.107:0/1207192800 shutdown_connections
2024-04-24T23:35:41.765 INFO:teuthology.orchestra.run.smithi107.stdout:/usr/bin/ceph: stderr
2024-04-24T23:35:41.132+0000 7ff612e33700 1 -- 172.21.15.107:0/1207192800 wait complete.
2024-04-24T23:35:42.009 INFO:journalctl@ceph.mgr.x.smithi107.stdout:Apr 24 23:35:41 smithi107 ceph-16fa2ae8-0293-11ef-bc93-c7b262605968-mgr-x[29352]:
2024-04-24T23:35:41.912+0000 7f459cdd0200 -1 mgr[py] Module progress has missing NOTIFY_TYPES member
2024-04-24T23:35:42.009 INFO:journalctl@ceph.mgr.x.smithi107.stdout:Apr 24 23:35:41 smithi107 ceph-16fa2ae8-0293-11ef-bc93-c7b262605968-mgr-x[29352]:
2024-04-24T23:35:41.997+0000 7f459cdd0200 -1 mgr[py] Module influx has missing NOTIFY_TYPES member
2024-04-24T23:35:42.378 INFO:journalctl@ceph.mon.a.smithi107.stdout:Apr 24 23:35:42 smithi107 ceph-mon[29118]: from='client.? 172.21.15.107:0/1207192800' entity='client.admin' cmd='[{"prefix": "mgr module enable", "module": "dashboard"}]': finished
2024-04-24T23:35:42.378 INFO:journalctl@ceph.mon.a.smithi107.stdout:Apr 24 23:35:42 smithi107 ceph-mon[29118]: mgrmap e9: x(active, since 19s)
2024-04-24T23:35:43.078 INFO:teuthology.orchestra.run.smithi107.stdout:/usr/bin/ceph: stdout {
2024-04-24T23:35:43.078 INFO:teuthology.orchestra.run.smithi107.stdout:/usr/bin/ceph: stdout "epoch": 9,
2024-04-24T23:35:43.078 INFO:teuthology.orchestra.run.smithi107.stdout:/usr/bin/ceph: stdout "available": true,
2024-04-24T23:35:43.078 INFO:teuthology.orchestra.run.smithi107.stdout:/usr/bin/ceph: stdout "active_name": "x",
2024-04-24T23:35:43.078 INFO:teuthology.orchestra.run.smithi107.stdout:/usr/bin/ceph: stdout "num_standby": 0
2024-04-24T23:35:43.078 INFO:teuthology.orchestra.run.smithi107.stdout:/usr/bin/ceph: stdout }
2024-04-24T23:35:43.078 INFO:teuthology.orchestra.run.smithi107.stdout:/usr/bin/ceph: stderr
2024-04-24T23:35:42.176+0000 7fdc32d12700 1 Processor -- start
2024-04-24T23:35:43.078 INFO:teuthology.orchestra.run.smithi107.stdout:/usr/bin/ceph: stderr
2024-04-24T23:35:42.176+0000 7fdc32d12700 1 -- start start
2024-04-24T23:35:43.078 INFO:teuthology.orchestra.run.smithi107.stdout:/usr/bin/ceph: stderr
2024-04-24T23:35:42.177+0000 7fdc32d12700 1 --2- >> [v2:172.21.15.107:3300/0,v1:172.21.15.107:6789/0] conn(0x7fdc2c108740 0x7fdc2c10ab30 unknown :-1 s=NONE pgs=0 cs=0 l=0 rev1=0 crypto rx=0 tx=0 comp rx=0 tx=0).connect
2024-04-24T23:35:43.079 INFO:teuthology.orchestra.run.smithi107.stdout:/usr/bin/ceph: stderr
2024-04-24T23:35:42.177+0000 7fdc32d12700 1 -- --> [v2:172.21.15.107:3300/0,v1:172.21.15.107:6789/0] -- mon_getmap magic: 0 -- 0x7fdc2c07bdf0 con 0x7fdc2c108740
2024-04-24T23:35:43.079 INFO:teuthology.orchestra.run.smithi107.stdout:/usr/bin/ceph: stderr
2024-04-24T23:35:42.177+0000 7fdc30aae700 1 --2- >> [v2:172.21.15.107:3300/0,v1:172.21.15.107:6789/0] conn(0x7fdc2c108740 0x7fdc2c10ab30 unknown :-1 s=BANNER_CONNECTING pgs=0 cs=0 l=0 rev1=0 crypto rx=0 tx=0 comp rx=0 tx=0)._handle_peer_banner_payload supported=3 required=0
2024-04-24T23:35:43.079 INFO:teuthology.orchestra.run.smithi107.stdout:/usr/bin/ceph: stderr
2024-04-24T23:35:42.177+0000 7fdc30aae700 1 --2- >> [v2:172.21.15.107:3300/0,v1:172.21.15.107:6789/0] conn(0x7fdc2c108740 0x7fdc2c10ab30 unknown :-1 s=HELLO_CONNECTING pgs=0 cs=0 l=0 rev1=1 crypto rx=0 tx=0 comp rx=0 tx=0).handle_hello peer v2:172.21.15.107:3300/0 says I am v2:172.21.15.107:53726/0 (socket says 172.21.15.107:53726)
2024-04-24T23:35:43.079 INFO:teuthology.orchestra.run.smithi107.stdout:/usr/bin/ceph: stderr
2024-04-24T23:35:42.177+0000 7fdc30aae700 1 -- 172.21.15.107:0/676755843 learned_addr learned my addr 172.21.15.107:0/676755843 (peer_addr_for_me v2:172.21.15.107:0/0)
2024-04-24T23:35:43.079 INFO:teuthology.orchestra.run.smithi107.stdout:/usr/bin/ceph: stderr
2024-04-24T23:35:42.177+0000 7fdc30aae700 1 -- 172.21.15.107:0/676755843 --> [v2:172.21.15.107:3300/0,v1:172.21.15.107:6789/0] -- mon_subscribe({config=0+,monmap=0+}) -- 0x7fdc2c10b070 con 0x7fdc2c108740
2024-04-24T23:35:43.079 INFO:teuthology.orchestra.run.smithi107.stdout:/usr/bin/ceph: stderr
2024-04-24T23:35:42.177+0000 7fdc30aae700 1 --2- 172.21.15.107:0/676755843 >> [v2:172.21.15.107:3300/0,v1:172.21.15.107:6789/0] conn(0x7fdc2c108740 0x7fdc2c10ab30 secure :-1 s=READY pgs=59 cs=0 l=1 rev1=1 crypto rx=0x7fdc200098a0 tx=0x7fdc20009bb0 comp rx=0 tx=0).ready entity=mon.0 client_cookie=68be68cab6ab9db8 server_cookie=0 in_seq=0 out_seq=0
2024-04-24T23:35:43.079 INFO:teuthology.orchestra.run.smithi107.stdout:/usr/bin/ceph: stderr
2024-04-24T23:35:42.177+0000 7fdc2b7fe700 1 -- 172.21.15.107:0/676755843 <== mon.0 v2:172.21.15.107:3300/0 1 ==== mon_map magic: 0 ==== 205+0+0 (secure 0 0 0) 0x7fdc20004160 con 0x7fdc2c108740
2024-04-24T23:35:43.079 INFO:teuthology.orchestra.run.smithi107.stdout:/usr/bin/ceph: stderr
2024-04-24T23:35:42.177+0000 7fdc2b7fe700 1 -- 172.21.15.107:0/676755843 <== mon.0 v2:172.21.15.107:3300/0 2 ==== config(27 keys) ==== 1140+0+0 (secure 0 0 0) 0x7fdc20004300 con 0x7fdc2c108740
2024-04-24T23:35:43.079 INFO:teuthology.orchestra.run.smithi107.stdout:/usr/bin/ceph: stderr
2024-04-24T23:35:42.178+0000 7fdc2b7fe700 1 -- 172.21.15.107:0/676755843 <== mon.0 v2:172.21.15.107:3300/0 3 ==== mon_map magic: 0 ==== 205+0+0 (secure 0 0 0) 0x7fdc20011b20 con 0x7fdc2c108740
2024-04-24T23:35:43.079 INFO:teuthology.orchestra.run.smithi107.stdout:/usr/bin/ceph: stderr
2024-04-24T23:35:42.178+0000 7fdc32d12700 1 -- 172.21.15.107:0/676755843 >> [v2:172.21.15.107:3300/0,v1:172.21.15.107:6789/0] conn(0x7fdc2c108740 msgr2=0x7fdc2c10ab30 secure :-1 s=STATE_CONNECTION_ESTABLISHED l=1).mark_down
2024-04-24T23:35:43.079 INFO:teuthology.orchestra.run.smithi107.stdout:/usr/bin/ceph: stderr
2024-04-24T23:35:42.178+0000 7fdc32d12700 1 --2- 172.21.15.107:0/676755843 >> [v2:172.21.15.107:3300/0,v1:172.21.15.107:6789/0] conn(0x7fdc2c108740 0x7fdc2c10ab30 secure :-1 s=READY pgs=59 cs=0 l=1 rev1=1 crypto rx=0x7fdc200098a0 tx=0x7fdc20009bb0 comp rx=0 tx=0).stop
2024-04-24T23:35:43.079 INFO:teuthology.orchestra.run.smithi107.stdout:/usr/bin/ceph: stderr
2024-04-24T23:35:42.178+0000 7fdc32d12700 1 -- 172.21.15.107:0/676755843 shutdown_connections
2024-04-24T23:35:43.079 INFO:teuthology.orchestra.run.smithi107.stdout:/usr/bin/ceph: stderr
2024-04-24T23:35:42.178+0000 7fdc32d12700 1 --2- 172.21.15.107:0/676755843 >> [v2:172.21.15.107:3300/0,v1:172.21.15.107:6789/0] conn(0x7fdc2c108740 0x7fdc2c10ab30 unknown :-1 s=CLOSED pgs=59 cs=0 l=1 rev1=1 crypto rx=0 tx=0 comp rx=0 tx=0).stop
2024-04-24T23:35:43.079 INFO:teuthology.orchestra.run.smithi107.stdout:/usr/bin/ceph: stderr
2024-04-24T23:35:42.178+0000 7fdc32d12700 1 -- 172.21.15.107:0/676755843 >> 172.21.15.107:0/676755843 conn(0x7fdc2c102110 msgr2=0x7fdc2c104570 unknown :-1 s=STATE_NONE l=0).mark_down
2024-04-24T23:35:43.080 INFO:teuthology.orchestra.run.smithi107.stdout:/usr/bin/ceph: stderr
2024-04-24T23:35:42.178+0000 7fdc32d12700 1 -- 172.21.15.107:0/676755843 shutdown_connections
2024-04-24T23:35:43.080 INFO:teuthology.orchestra.run.smithi107.stdout:/usr/bin/ceph: stderr
2024-04-24T23:35:42.178+0000 7fdc32d12700 1 -- 172.21.15.107:0/676755843 wait complete.
2024-04-24T23:35:43.080 INFO:teuthology.orchestra.run.smithi107.stdout:/usr/bin/ceph: stderr
2024-04-24T23:35:42.179+0000 7fdc32d12700 1 Processor -- start
2024-04-24T23:35:43.080 INFO:teuthology.orchestra.run.smithi107.stdout:/usr/bin/ceph: stderr
2024-04-24T23:35:42.179+0000 7fdc32d12700 1 -- start start
2024-04-24T23:35:43.080 INFO:teuthology.orchestra.run.smithi107.stdout:/usr/bin/ceph: stderr
2024-04-24T23:35:42.179+0000 7fdc32d12700 1 --2- >> [v2:172.21.15.107:3300/0,v1:172.21.15.107:6789/0] conn(0x7fdc2c108740 0x7fdc2c19bbc0 unknown :-1 s=NONE pgs=0 cs=0 l=1 rev1=0 crypto rx=0 tx=0 comp rx=0 tx=0).connect
2024-04-24T23:35:43.080 INFO:teuthology.orchestra.run.smithi107.stdout:/usr/bin/ceph: stderr
2024-04-24T23:35:42.179+0000 7fdc32d12700 1 -- --> [v2:172.21.15.107:3300/0,v1:172.21.15.107:6789/0] -- mon_getmap magic: 0 -- 0x7fdc2c10c0d0 con 0x7fdc2c108740
2024-04-24T23:35:43.080 INFO:teuthology.orchestra.run.smithi107.stdout:/usr/bin/ceph: stderr
2024-04-24T23:35:42.179+0000 7fdc30aae700 1 --2- >> [v2:172.21.15.107:3300/0,v1:172.21.15.107:6789/0] conn(0x7fdc2c108740 0x7fdc2c19bbc0 unknown :-1 s=BANNER_CONNECTING pgs=0 cs=0 l=1 rev1=0 crypto rx=0 tx=0 comp rx=0 tx=0)._handle_peer_banner_payload supported=3 required=0
2024-04-24T23:35:43.080 INFO:teuthology.orchestra.run.smithi107.stdout:/usr/bin/ceph: stderr
2024-04-24T23:35:42.179+0000 7fdc30aae700 1 --2- >> [v2:172.21.15.107:3300/0,v1:172.21.15.107:6789/0] conn(0x7fdc2c108740 0x7fdc2c19bbc0 unknown :-1 s=HELLO_CONNECTING pgs=0 cs=0 l=1 rev1=1 crypto rx=0 tx=0 comp rx=0 tx=0).handle_hello peer v2:172.21.15.107:3300/0 says I am v2:172.21.15.107:53732/0 (socket says 172.21.15.107:53732)
2024-04-24T23:35:43.080 INFO:teuthology.orchestra.run.smithi107.stdout:/usr/bin/ceph: stderr
2024-04-24T23:35:42.179+0000 7fdc30aae700 1 -- 172.21.15.107:0/1091241814 learned_addr learned my addr 172.21.15.107:0/1091241814 (peer_addr_for_me v2:172.21.15.107:0/0)
2024-04-24T23:35:43.080 INFO:teuthology.orchestra.run.smithi107.stdout:/usr/bin/ceph: stderr
2024-04-24T23:35:42.180+0000 7fdc30aae700 1 -- 172.21.15.107:0/1091241814 --> [v2:172.21.15.107:3300/0,v1:172.21.15.107:6789/0] -- mon_subscribe({config=0+,monmap=0+}) -- 0x7fdc2c19c100 con 0x7fdc2c108740
2024-04-24T23:35:43.080 INFO:teuthology.orchestra.run.smithi107.stdout:/usr/bin/ceph: stderr
2024-04-24T23:35:42.180+0000 7fdc30aae700 1 --2- 172.21.15.107:0/1091241814 >> [v2:172.21.15.107:3300/0,v1:172.21.15.107:6789/0] conn(0x7fdc2c108740 0x7fdc2c19bbc0 secure :-1 s=READY pgs=60 cs=0 l=1 rev1=1 crypto rx=0x7fdc200116a0 tx=0x7fdc20011ba0 comp rx=0 tx=0).ready entity=mon.0 client_cookie=0 server_cookie=0 in_seq=0 out_seq=0
2024-04-24T23:35:43.080 INFO:teuthology.orchestra.run.smithi107.stdout:/usr/bin/ceph: stderr
2024-04-24T23:35:42.180+0000 7fdc29ffb700 1 -- 172.21.15.107:0/1091241814 <== mon.0 v2:172.21.15.107:3300/0 1 ==== mon_map magic: 0 ==== 205+0+0 (secure 0 0 0) 0x7fdc20003a40 con 0x7fdc2c108740
2024-04-24T23:35:43.080 INFO:teuthology.orchestra.run.smithi107.stdout:/usr/bin/ceph: stderr
2024-04-24T23:35:42.180+0000 7fdc32d12700 1 -- 172.21.15.107:0/1091241814 --> [v2:172.21.15.107:3300/0,v1:172.21.15.107:6789/0] -- mon_subscribe({mgrmap=0+}) -- 0x7fdc2c19c390 con 0x7fdc2c108740
2024-04-24T23:35:43.080 INFO:teuthology.orchestra.run.smithi107.stdout:/usr/bin/ceph: stderr
2024-04-24T23:35:42.180+0000 7fdc29ffb700 1 -- 172.21.15.107:0/1091241814 <== mon.0 v2:172.21.15.107:3300/0 2 ==== config(27 keys) ==== 1140+0+0 (secure 0 0 0) 0x7fdc20003be0 con 0x7fdc2c108740
2024-04-24T23:35:43.081 INFO:teuthology.orchestra.run.smithi107.stdout:/usr/bin/ceph: stderr
2024-04-24T23:35:42.180+0000 7fdc29ffb700 1 -- 172.21.15.107:0/1091241814 <== mon.0 v2:172.21.15.107:3300/0 3 ==== mon_map magic: 0 ==== 205+0+0 (secure 0 0 0) 0x7fdc2001a750 con 0x7fdc2c108740
2024-04-24T23:35:43.081 INFO:teuthology.orchestra.run.smithi107.stdout:/usr/bin/ceph: stderr
2024-04-24T23:35:42.180+0000 7fdc32d12700 1 -- 172.21.15.107:0/1091241814 --> [v2:172.21.15.107:3300/0,v1:172.21.15.107:6789/0] -- mon_subscribe({osdmap=0}) -- 0x7fdc2c19c7f0 con 0x7fdc2c108740
2024-04-24T23:35:43.081 INFO:teuthology.orchestra.run.smithi107.stdout:/usr/bin/ceph: stderr
2024-04-24T23:35:42.181+0000 7fdc32d12700 1 -- 172.21.15.107:0/1091241814 --> [v2:172.21.15.107:3300/0,v1:172.21.15.107:6789/0] -- mon_command({"prefix": "get_command_descriptions"} v 0) -- 0x7fdc2c063890 con 0x7fdc2c108740
2024-04-24T23:35:43.081 INFO:teuthology.orchestra.run.smithi107.stdout:/usr/bin/ceph: stderr
2024-04-24T23:35:42.181+0000 7fdc29ffb700 1 -- 172.21.15.107:0/1091241814 <== mon.0 v2:172.21.15.107:3300/0 4 ==== mgrmap(e 9) ==== 46300+0+0 (secure 0 0 0) 0x7fdc2001aa50 con 0x7fdc2c108740
2024-04-24T23:35:43.081 INFO:teuthology.orchestra.run.smithi107.stdout:/usr/bin/ceph: stderr
2024-04-24T23:35:42.182+0000 7fdc29ffb700 1 --2- 172.21.15.107:0/1091241814 >> [v2:172.21.15.107:6800/1738433151,v1:172.21.15.107:6801/1738433151] conn(0x7fdc1c039050 0x7fdc1c03b510 unknown :-1 s=NONE pgs=0 cs=0 l=1 rev1=0 crypto rx=0 tx=0 comp rx=0 tx=0).connect
2024-04-24T23:35:43.081 INFO:teuthology.orchestra.run.smithi107.stdout:/usr/bin/ceph: stderr
2024-04-24T23:35:42.182+0000 7fdc29ffb700 1 -- 172.21.15.107:0/1091241814 <== mon.0 v2:172.21.15.107:3300/0 5 ==== osd_map(2..2 src has 1..2) ==== 940+0+0 (secure 0 0 0) 0x7fdc2004d980 con 0x7fdc2c108740
2024-04-24T23:35:43.081 INFO:teuthology.orchestra.run.smithi107.stdout:/usr/bin/ceph: stderr
2024-04-24T23:35:42.182+0000 7fdc2bfff700 1 -- 172.21.15.107:0/1091241814 >> [v2:172.21.15.107:6800/1738433151,v1:172.21.15.107:6801/1738433151] conn(0x7fdc1c039050 msgr2=0x7fdc1c03b510 unknown :-1 s=STATE_CONNECTING_RE l=1).process reconnect failed to v2:172.21.15.107:6800/1738433151
2024-04-24T23:35:43.081 INFO:teuthology.orchestra.run.smithi107.stdout:/usr/bin/ceph: stderr
2024-04-24T23:35:42.182+0000 7fdc2bfff700 1 --2- 172.21.15.107:0/1091241814 >> [v2:172.21.15.107:6800/1738433151,v1:172.21.15.107:6801/1738433151] conn(0x7fdc1c039050 0x7fdc1c03b510 unknown :-1 s=START_CONNECT pgs=0 cs=0 l=1 rev1=0 crypto rx=0 tx=0 comp rx=0 tx=0)._fault waiting 0.200000
2024-04-24T23:35:43.081 INFO:teuthology.orchestra.run.smithi107.stdout:/usr/bin/ceph: stderr
2024-04-24T23:35:42.186+0000 7fdc29ffb700 1 -- 172.21.15.107:0/1091241814 <== mon.0 v2:172.21.15.107:3300/0 6 ==== mon_command_ack([{"prefix": "get_command_descriptions"}]=0 v0) ==== 72+0+186147 (secure 0 0 0) 0x7fdc20011e20 con 0x7fdc2c108740
2024-04-24T23:35:43.081 INFO:teuthology.orchestra.run.smithi107.stdout:/usr/bin/ceph: stderr
2024-04-24T23:35:42.383+0000 7fdc2bfff700 1 -- 172.21.15.107:0/1091241814 >> [v2:172.21.15.107:6800/1738433151,v1:172.21.15.107:6801/1738433151] conn(0x7fdc1c039050 msgr2=0x7fdc1c03b510 unknown :-1 s=STATE_CONNECTING_RE l=1).process reconnect failed to v2:172.21.15.107:6800/1738433151
2024-04-24T23:35:43.081 INFO:teuthology.orchestra.run.smithi107.stdout:/usr/bin/ceph: stderr
2024-04-24T23:35:42.383+0000 7fdc2bfff700 1 --2- 172.21.15.107:0/1091241814 >> [v2:172.21.15.107:6800/1738433151,v1:172.21.15.107:6801/1738433151] conn(0x7fdc1c039050 0x7fdc1c03b510 unknown :-1 s=START_CONNECT pgs=0 cs=0 l=1 rev1=0 crypto rx=0 tx=0 comp rx=0 tx=0)._fault waiting 0.400000
2024-04-24T23:35:43.081 INFO:teuthology.orchestra.run.smithi107.stdout:/usr/bin/ceph: stderr
2024-04-24T23:35:42.479+0000 7fdc32d12700 1 -- 172.21.15.107:0/1091241814 --> [v2:172.21.15.107:3300/0,v1:172.21.15.107:6789/0] -- mon_command({"prefix": "mgr stat"} v 0) -- 0x7fdc2c19f260 con 0x7fdc2c108740
2024-04-24T23:35:43.081 INFO:teuthology.orchestra.run.smithi107.stdout:/usr/bin/ceph: stderr
2024-04-24T23:35:42.480+0000 7fdc29ffb700 1 -- 172.21.15.107:0/1091241814 <== mon.0 v2:172.21.15.107:3300/0 7 ==== mon_command_ack([{"prefix": "mgr stat"}]=0 v9) ==== 56+0+88 (secure 0 0 0) 0x7fdc2000ba30 con 0x7fdc2c108740
2024-04-24T23:35:43.081 INFO:teuthology.orchestra.run.smithi107.stdout:/usr/bin/ceph: stderr
2024-04-24T23:35:42.482+0000 7fdc32d12700 1 -- 172.21.15.107:0/1091241814 >> [v2:172.21.15.107:6800/1738433151,v1:172.21.15.107:6801/1738433151] conn(0x7fdc1c039050 msgr2=0x7fdc1c03b510 unknown :-1 s=STATE_CONNECTING l=1).mark_down
2024-04-24T23:35:43.082 INFO:teuthology.orchestra.run.smithi107.stdout:/usr/bin/ceph: stderr
2024-04-24T23:35:42.482+0000 7fdc32d12700 1 --2- 172.21.15.107:0/1091241814 >> [v2:172.21.15.107:6800/1738433151,v1:172.21.15.107:6801/1738433151] conn(0x7fdc1c039050 0x7fdc1c03b510 unknown :-1 s=START_CONNECT pgs=0 cs=0 l=1 rev1=0 crypto rx=0 tx=0 comp rx=0 tx=0).stop
2024-04-24T23:35:43.082 INFO:teuthology.orchestra.run.smithi107.stdout:/usr/bin/ceph: stderr
2024-04-24T23:35:42.482+0000 7fdc32d12700 1 -- 172.21.15.107:0/1091241814 >> [v2:172.21.15.107:3300/0,v1:172.21.15.107:6789/0] conn(0x7fdc2c108740 msgr2=0x7fdc2c19bbc0 secure :-1 s=STATE_CONNECTION_ESTABLISHED l=1).mark_down
2024-04-24T23:35:43.082 INFO:teuthology.orchestra.run.smithi107.stdout:/usr/bin/ceph: stderr
2024-04-24T23:35:42.482+0000 7fdc32d12700 1 --2- 172.21.15.107:0/1091241814 >> [v2:172.21.15.107:3300/0,v1:172.21.15.107:6789/0] conn(0x7fdc2c108740 0x7fdc2c19bbc0 secure :-1 s=READY pgs=60 cs=0 l=1 rev1=1 crypto rx=0x7fdc200116a0 tx=0x7fdc20011ba0 comp rx=0 tx=0).stop
2024-04-24T23:35:43.082 INFO:teuthology.orchestra.run.smithi107.stdout:/usr/bin/ceph: stderr
2024-04-24T23:35:42.482+0000 7fdc32d12700 1 -- 172.21.15.107:0/1091241814 shutdown_connections
2024-04-24T23:35:43.082 INFO:teuthology.orchestra.run.smithi107.stdout:/usr/bin/ceph: stderr
2024-04-24T23:35:42.482+0000 7fdc32d12700 1 --2- 172.21.15.107:0/1091241814 >> [v2:172.21.15.107:6800/1738433151,v1:172.21.15.107:6801/1738433151] conn(0x7fdc1c039050 0x7fdc1c03b510 unknown :-1 s=CLOSED pgs=0 cs=0 l=1 rev1=0 crypto rx=0 tx=0 comp rx=0 tx=0).stop
2024-04-24T23:35:43.082 INFO:teuthology.orchestra.run.smithi107.stdout:/usr/bin/ceph: stderr
2024-04-24T23:35:42.482+0000 7fdc32d12700 1 --2- 172.21.15.107:0/1091241814 >> [v2:172.21.15.107:3300/0,v1:172.21.15.107:6789/0] conn(0x7fdc2c108740 0x7fdc2c19bbc0 unknown :-1 s=CLOSED pgs=60 cs=0 l=1 rev1=1 crypto rx=0 tx=0 comp rx=0 tx=0).stop
2024-04-24T23:35:43.082 INFO:teuthology.orchestra.run.smithi107.stdout:/usr/bin/ceph: stderr
2024-04-24T23:35:42.482+0000 7fdc32d12700 1 -- 172.21.15.107:0/1091241814 >> 172.21.15.107:0/1091241814 conn(0x7fdc2c102110 msgr2=0x7fdc2c102bd0 unknown :-1 s=STATE_NONE l=0).mark_down
2024-04-24T23:35:43.082 INFO:teuthology.orchestra.run.smithi107.stdout:/usr/bin/ceph: stderr
2024-04-24T23:35:42.482+0000 7fdc32d12700 1 -- 172.21.15.107:0/1091241814 shutdown_connections
2024-04-24T23:35:43.082 INFO:teuthology.orchestra.run.smithi107.stdout:/usr/bin/ceph: stderr
2024-04-24T23:35:42.483+0000 7fdc32d12700 1 -- 172.21.15.107:0/1091241814 wait complete.
2024-04-24T23:35:43.082 INFO:teuthology.orchestra.run.smithi107.stdout:Waiting for the mgr to restart...
2024-04-24T23:35:43.082 INFO:teuthology.orchestra.run.smithi107.stdout:Waiting for mgr epoch 9...
2024-04-24T23:35:43.196 INFO:journalctl@ceph.mon.a.smithi107.stdout:Apr 24 23:35:43 smithi107 ceph-mon[29118]: from='client.? 172.21.15.107:0/1091241814' entity='client.admin' cmd=[{"prefix": "mgr stat"}]: dispatch
2024-04-24T23:35:43.480 INFO:journalctl@ceph.mgr.x.smithi107.stdout:Apr 24 23:35:43 smithi107 ceph-16fa2ae8-0293-11ef-bc93-c7b262605968-mgr-x[29352]:
2024-04-24T23:35:43.195+0000 7f459cdd0200 -1 mgr[py] Module telegraf has missing NOTIFY_TYPES member
2024-04-24T23:35:43.480 INFO:journalctl@ceph.mgr.x.smithi107.stdout:Apr 24 23:35:43 smithi107 ceph-16fa2ae8-0293-11ef-bc93-c7b262605968-mgr-x[29352]:
2024-04-24T23:35:43.371+0000 7f459cdd0200 -1 mgr[py] Module osd_support has missing NOTIFY_TYPES member
2024-04-24T23:35:43.787 INFO:journalctl@ceph.mgr.x.smithi107.stdout:Apr 24 23:35:43 smithi107 ceph-16fa2ae8-0293-11ef-bc93-c7b262605968-mgr-x[29352]:
2024-04-24T23:35:43.544+0000 7f459cdd0200 -1 mgr[py] Module iostat has missing NOTIFY_TYPES member
2024-04-24T23:35:44.125 INFO:journalctl@ceph.mgr.x.smithi107.stdout:Apr 24 23:35:43 smithi107 ceph-16fa2ae8-0293-11ef-bc93-c7b262605968-mgr-x[29352]:
2024-04-24T23:35:43.833+0000 7f459cdd0200 -1 mgr[py] Module alerts has missing NOTIFY_TYPES member
2024-04-24T23:35:44.125 INFO:journalctl@ceph.mgr.x.smithi107.stdout:Apr 24 23:35:43 smithi107 ceph-16fa2ae8-0293-11ef-bc93-c7b262605968-mgr-x[29352]:
2024-04-24T23:35:43.925+0000 7f459cdd0200 -1 mgr[py] Module selftest has missing NOTIFY_TYPES member
2024-04-24T23:35:44.125 INFO:journalctl@ceph.mgr.x.smithi107.stdout:Apr 24 23:35:44 smithi107 ceph-16fa2ae8-0293-11ef-bc93-c7b262605968-mgr-x[29352]:
2024-04-24T23:35:44.124+0000 7f459cdd0200 -1 mgr[py] Module pg_autoscaler has missing NOTIFY_TYPES member
2024-04-24T23:35:44.378 INFO:journalctl@ceph.mgr.x.smithi107.stdout:Apr 24 23:35:44 smithi107 ceph-16fa2ae8-0293-11ef-bc93-c7b262605968-mgr-x[29352]:
2024-04-24T23:35:44.314+0000 7f459cdd0200 -1 mgr[py] Module test_orchestrator has missing NOTIFY_TYPES member
2024-04-24T23:35:45.319 INFO:journalctl@ceph.mgr.x.smithi107.stdout:Apr 24 23:35:44 smithi107 ceph-16fa2ae8-0293-11ef-bc93-c7b262605968-mgr-x[29352]:
2024-04-24T23:35:44.902+0000 7f459cdd0200 -1 mgr[py] Module rook has missing NOTIFY_TYPES member
2024-04-24T23:35:45.612 INFO:journalctl@ceph.mgr.x.smithi107.stdout:Apr 24 23:35:45 smithi107 ceph-16fa2ae8-0293-11ef-bc93-c7b262605968-mgr-x[29352]:
2024-04-24T23:35:45.317+0000 7f459cdd0200 -1 mgr[py] Module volumes has missing NOTIFY_TYPES member
2024-04-24T23:35:45.612 INFO:journalctl@ceph.mgr.x.smithi107.stdout:Apr 24 23:35:45 smithi107 ceph-16fa2ae8-0293-11ef-bc93-c7b262605968-mgr-x[29352]:
