2024-04-24T23:35:45.412+0000 7f459cdd0200 -1 mgr[py] Module crash has missing NOTIFY_TYPES member
2024-04-24T23:35:45.612 INFO:journalctl@ceph.mgr.x.smithi107.stdout:Apr 24 23:35:45 smithi107 ceph-16fa2ae8-0293-11ef-bc93-c7b262605968-mgr-x[29352]:
2024-04-24T23:35:45.611+0000 7f459cdd0200 -1 mgr[py] Module rgw has missing NOTIFY_TYPES member
2024-04-24T23:35:46.378 INFO:journalctl@ceph.mgr.x.smithi107.stdout:Apr 24 23:35:46 smithi107 ceph-16fa2ae8-0293-11ef-bc93-c7b262605968-mgr-x[29352]:
2024-04-24T23:35:46.125+0000 7f459cdd0200 -1 mgr[py] Module prometheus has missing NOTIFY_TYPES member
2024-04-24T23:35:46.378 INFO:journalctl@ceph.mgr.x.smithi107.stdout:Apr 24 23:35:46 smithi107 ceph-16fa2ae8-0293-11ef-bc93-c7b262605968-mgr-x[29352]:
2024-04-24T23:35:46.215+0000 7f459cdd0200 -1 mgr[py] Module devicehealth has missing NOTIFY_TYPES member
2024-04-24T23:35:46.791 INFO:journalctl@ceph.mgr.x.smithi107.stdout:Apr 24 23:35:46 smithi107 ceph-16fa2ae8-0293-11ef-bc93-c7b262605968-mgr-x[29352]:
2024-04-24T23:35:46.453+0000 7f459cdd0200 -1 mgr[py] Module telemetry has missing NOTIFY_TYPES member
2024-04-24T23:35:46.791 INFO:journalctl@ceph.mgr.x.smithi107.stdout:Apr 24 23:35:46 smithi107 ceph-16fa2ae8-0293-11ef-bc93-c7b262605968-mgr-x[29352]:
2024-04-24T23:35:46.583+0000 7f459cdd0200 -1 mgr[py] Module diskprediction_local has missing NOTIFY_TYPES member
2024-04-24T23:35:46.791 INFO:journalctl@ceph.mgr.x.smithi107.stdout:Apr 24 23:35:46 smithi107 ceph-16fa2ae8-0293-11ef-bc93-c7b262605968-mgr-x[29352]:
2024-04-24T23:35:46.677+0000 7f459cdd0200 -1 mgr[py] Module osd_perf_query has missing NOTIFY_TYPES member
2024-04-24T23:35:46.792 INFO:journalctl@ceph.mgr.x.smithi107.stdout:Apr 24 23:35:46 smithi107 ceph-16fa2ae8-0293-11ef-bc93-c7b262605968-mgr-x[29352]:
2024-04-24T23:35:46.790+0000 7f459cdd0200 -1 mgr[py] Module rbd_support has missing NOTIFY_TYPES member
2024-04-24T23:35:47.128 INFO:journalctl@ceph.mgr.x.smithi107.stdout:Apr 24 23:35:46 smithi107 ceph-16fa2ae8-0293-11ef-bc93-c7b262605968-mgr-x[29352]:
2024-04-24T23:35:46.880+0000 7f459cdd0200 -1 mgr[py] Module zabbix has missing NOTIFY_TYPES member
2024-04-24T23:35:47.942 INFO:journalctl@ceph.mgr.x.smithi107.stdout:Apr 24 23:35:47 smithi107 ceph-16fa2ae8-0293-11ef-bc93-c7b262605968-mgr-x[29352]:
2024-04-24T23:35:47.676+0000 7f459cdd0200 -1 mgr[py] Module status has missing NOTIFY_TYPES member
2024-04-24T23:35:47.942 INFO:journalctl@ceph.mgr.x.smithi107.stdout:Apr 24 23:35:47 smithi107 ceph-16fa2ae8-0293-11ef-bc93-c7b262605968-mgr-x[29352]:
2024-04-24T23:35:47.889+0000 7f459cdd0200 -1 mgr[py] Module nfs has missing NOTIFY_TYPES member
2024-04-24T23:35:48.378 INFO:journalctl@ceph.mon.a.smithi107.stdout:Apr 24 23:35:47 smithi107 ceph-mon[29118]: Active manager daemon x restarted
2024-04-24T23:35:48.378 INFO:journalctl@ceph.mon.a.smithi107.stdout:Apr 24 23:35:47 smithi107 ceph-mon[29118]: Activating manager daemon x
2024-04-24T23:35:48.378 INFO:journalctl@ceph.mon.a.smithi107.stdout:Apr 24 23:35:47 smithi107 ceph-mon[29118]: osdmap e3: 0 total, 0 up, 0 in
2024-04-24T23:35:48.378 INFO:journalctl@ceph.mon.a.smithi107.stdout:Apr 24 23:35:47 smithi107 ceph-mon[29118]: mgrmap e10: x(active, starting, since 0.00349209s)
2024-04-24T23:35:48.378 INFO:journalctl@ceph.mon.a.smithi107.stdout:Apr 24 23:35:47 smithi107 ceph-mon[29118]: from='mgr.14152 172.21.15.107:0/3460042676' entity='mgr.x' cmd=[{"prefix": "mon metadata", "id": "a"}]: dispatch
2024-04-24T23:35:48.378 INFO:journalctl@ceph.mon.a.smithi107.stdout:Apr 24 23:35:47 smithi107 ceph-mon[29118]: from='mgr.14152 172.21.15.107:0/3460042676' entity='mgr.x' cmd=[{"prefix": "mgr metadata", "who": "x", "id": "x"}]: dispatch
2024-04-24T23:35:48.378 INFO:journalctl@ceph.mon.a.smithi107.stdout:Apr 24 23:35:47 smithi107 ceph-mon[29118]: from='mgr.14152 172.21.15.107:0/3460042676' entity='mgr.x' cmd=[{"prefix": "mds metadata"}]: dispatch
2024-04-24T23:35:48.379 INFO:journalctl@ceph.mon.a.smithi107.stdout:Apr 24 23:35:47 smithi107 ceph-mon[29118]: from='mgr.14152 172.21.15.107:0/3460042676' entity='mgr.x' cmd=[{"prefix": "osd metadata"}]: dispatch
2024-04-24T23:35:48.379 INFO:journalctl@ceph.mon.a.smithi107.stdout:Apr 24 23:35:47 smithi107 ceph-mon[29118]: from='mgr.14152 172.21.15.107:0/3460042676' entity='mgr.x' cmd=[{"prefix": "mon metadata"}]: dispatch
2024-04-24T23:35:48.379 INFO:journalctl@ceph.mon.a.smithi107.stdout:Apr 24 23:35:47 smithi107 ceph-mon[29118]: Manager daemon x is now available
2024-04-24T23:35:48.379 INFO:journalctl@ceph.mon.a.smithi107.stdout:Apr 24 23:35:47 smithi107 ceph-mon[29118]: from='mgr.14152 172.21.15.107:0/3460042676' entity='mgr.x' cmd=[{"prefix": "config dump", "format": "json"}]: dispatch
2024-04-24T23:35:48.379 INFO:journalctl@ceph.mon.a.smithi107.stdout:Apr 24 23:35:47 smithi107 ceph-mon[29118]: from='mgr.14152 172.21.15.107:0/3460042676' entity='mgr.x' cmd=[{"prefix":"config rm","who":"mgr","name":"mgr/rbd_support/x/mirror_snapshot_schedule"}]: dispatch
2024-04-24T23:35:49.127 INFO:journalctl@ceph.mon.a.smithi107.stdout:Apr 24 23:35:48 smithi107 ceph-mon[29118]: from='mgr.14152 172.21.15.107:0/3460042676' entity='mgr.x' cmd=[{"prefix":"config rm","who":"mgr","name":"mgr/rbd_support/x/trash_purge_schedule"}]: dispatch
2024-04-24T23:35:49.128 INFO:journalctl@ceph.mon.a.smithi107.stdout:Apr 24 23:35:48 smithi107 ceph-mon[29118]: mgrmap e11: x(active, since 1.00663s)
2024-04-24T23:35:49.831 INFO:teuthology.orchestra.run.smithi107.stdout:/usr/bin/ceph: stdout {
2024-04-24T23:35:49.831 INFO:teuthology.orchestra.run.smithi107.stdout:/usr/bin/ceph: stdout "mgrmap_epoch": 11,
2024-04-24T23:35:49.831 INFO:teuthology.orchestra.run.smithi107.stdout:/usr/bin/ceph: stdout "initialized": true
2024-04-24T23:35:49.831 INFO:teuthology.orchestra.run.smithi107.stdout:/usr/bin/ceph: stdout }
2024-04-24T23:35:49.832 INFO:teuthology.orchestra.run.smithi107.stdout:/usr/bin/ceph: stderr
2024-04-24T23:35:43.580+0000 7f35e5f14700 1 Processor -- start
2024-04-24T23:35:49.832 INFO:teuthology.orchestra.run.smithi107.stdout:/usr/bin/ceph: stderr
2024-04-24T23:35:43.580+0000 7f35e5f14700 1 -- start start
2024-04-24T23:35:49.832 INFO:teuthology.orchestra.run.smithi107.stdout:/usr/bin/ceph: stderr
2024-04-24T23:35:43.580+0000 7f35e5f14700 1 --2- >> [v2:172.21.15.107:3300/0,v1:172.21.15.107:6789/0] conn(0x7f35e0107c70 0x7f35e0108090 unknown :-1 s=NONE pgs=0 cs=0 l=0 rev1=0 crypto rx=0 tx=0 comp rx=0 tx=0).connect
2024-04-24T23:35:49.832 INFO:teuthology.orchestra.run.smithi107.stdout:/usr/bin/ceph: stderr
2024-04-24T23:35:43.580+0000 7f35e5f14700 1 -- --> [v2:172.21.15.107:3300/0,v1:172.21.15.107:6789/0] -- mon_getmap magic: 0 -- 0x7f35e0108660 con 0x7f35e0107c70
2024-04-24T23:35:49.832 INFO:teuthology.orchestra.run.smithi107.stdout:/usr/bin/ceph: stderr
2024-04-24T23:35:43.580+0000 7f35df7fe700 1 --2- >> [v2:172.21.15.107:3300/0,v1:172.21.15.107:6789/0] conn(0x7f35e0107c70 0x7f35e0108090 unknown :-1 s=BANNER_CONNECTING pgs=0 cs=0 l=0 rev1=0 crypto rx=0 tx=0 comp rx=0 tx=0)._handle_peer_banner_payload supported=3 required=0
2024-04-24T23:35:49.832 INFO:teuthology.orchestra.run.smithi107.stdout:/usr/bin/ceph: stderr
2024-04-24T23:35:43.580+0000 7f35df7fe700 1 --2- >> [v2:172.21.15.107:3300/0,v1:172.21.15.107:6789/0] conn(0x7f35e0107c70 0x7f35e0108090 unknown :-1 s=HELLO_CONNECTING pgs=0 cs=0 l=0 rev1=1 crypto rx=0 tx=0 comp rx=0 tx=0).handle_hello peer v2:172.21.15.107:3300/0 says I am v2:172.21.15.107:53738/0 (socket says 172.21.15.107:53738)
2024-04-24T23:35:49.832 INFO:teuthology.orchestra.run.smithi107.stdout:/usr/bin/ceph: stderr
2024-04-24T23:35:43.580+0000 7f35df7fe700 1 -- 172.21.15.107:0/659788690 learned_addr learned my addr 172.21.15.107:0/659788690 (peer_addr_for_me v2:172.21.15.107:0/0)
2024-04-24T23:35:49.832 INFO:teuthology.orchestra.run.smithi107.stdout:/usr/bin/ceph: stderr
2024-04-24T23:35:43.581+0000 7f35df7fe700 1 -- 172.21.15.107:0/659788690 --> [v2:172.21.15.107:3300/0,v1:172.21.15.107:6789/0] -- mon_subscribe({config=0+,monmap=0+}) -- 0x7f35e0108e70 con 0x7f35e0107c70
2024-04-24T23:35:49.832 INFO:teuthology.orchestra.run.smithi107.stdout:/usr/bin/ceph: stderr
2024-04-24T23:35:43.581+0000 7f35df7fe700 1 --2- 172.21.15.107:0/659788690 >> [v2:172.21.15.107:3300/0,v1:172.21.15.107:6789/0] conn(0x7f35e0107c70 0x7f35e0108090 secure :-1 s=READY pgs=61 cs=0 l=1 rev1=1 crypto rx=0x7f35d00098a0 tx=0x7f35d0009bb0 comp rx=0 tx=0).ready entity=mon.0 client_cookie=2ae5b787f352549d server_cookie=0 in_seq=0 out_seq=0
2024-04-24T23:35:49.832 INFO:teuthology.orchestra.run.smithi107.stdout:/usr/bin/ceph: stderr
2024-04-24T23:35:43.581+0000 7f35de7fc700 1 -- 172.21.15.107:0/659788690 <== mon.0 v2:172.21.15.107:3300/0 1 ==== mon_map magic: 0 ==== 205+0+0 (secure 0 0 0) 0x7f35d0004160 con 0x7f35e0107c70
2024-04-24T23:35:49.833 INFO:teuthology.orchestra.run.smithi107.stdout:/usr/bin/ceph: stderr
2024-04-24T23:35:43.581+0000 7f35de7fc700 1 -- 172.21.15.107:0/659788690 <== mon.0 v2:172.21.15.107:3300/0 2 ==== config(27 keys) ==== 1140+0+0 (secure 0 0 0) 0x7f35d0004300 con 0x7f35e0107c70
2024-04-24T23:35:49.833 INFO:teuthology.orchestra.run.smithi107.stdout:/usr/bin/ceph: stderr
2024-04-24T23:35:43.581+0000 7f35de7fc700 1 -- 172.21.15.107:0/659788690 <== mon.0 v2:172.21.15.107:3300/0 3 ==== mon_map magic: 0 ==== 205+0+0 (secure 0 0 0) 0x7f35d0011b20 con 0x7f35e0107c70
2024-04-24T23:35:49.833 INFO:teuthology.orchestra.run.smithi107.stdout:/usr/bin/ceph: stderr
2024-04-24T23:35:43.582+0000 7f35e5f14700 1 -- 172.21.15.107:0/659788690 >> [v2:172.21.15.107:3300/0,v1:172.21.15.107:6789/0] conn(0x7f35e0107c70 msgr2=0x7f35e0108090 secure :-1 s=STATE_CONNECTION_ESTABLISHED l=1).mark_down
2024-04-24T23:35:49.833 INFO:teuthology.orchestra.run.smithi107.stdout:/usr/bin/ceph: stderr
2024-04-24T23:35:43.582+0000 7f35e5f14700 1 --2- 172.21.15.107:0/659788690 >> [v2:172.21.15.107:3300/0,v1:172.21.15.107:6789/0] conn(0x7f35e0107c70 0x7f35e0108090 secure :-1 s=READY pgs=61 cs=0 l=1 rev1=1 crypto rx=0x7f35d00098a0 tx=0x7f35d0009bb0 comp rx=0 tx=0).stop
2024-04-24T23:35:49.833 INFO:teuthology.orchestra.run.smithi107.stdout:/usr/bin/ceph: stderr
2024-04-24T23:35:43.582+0000 7f35e5f14700 1 -- 172.21.15.107:0/659788690 shutdown_connections
2024-04-24T23:35:49.833 INFO:teuthology.orchestra.run.smithi107.stdout:/usr/bin/ceph: stderr
2024-04-24T23:35:43.582+0000 7f35e5f14700 1 --2- 172.21.15.107:0/659788690 >> [v2:172.21.15.107:3300/0,v1:172.21.15.107:6789/0] conn(0x7f35e0107c70 0x7f35e0108090 unknown :-1 s=CLOSED pgs=61 cs=0 l=1 rev1=1 crypto rx=0 tx=0 comp rx=0 tx=0).stop
2024-04-24T23:35:49.833 INFO:teuthology.orchestra.run.smithi107.stdout:/usr/bin/ceph: stderr
2024-04-24T23:35:43.582+0000 7f35e5f14700 1 -- 172.21.15.107:0/659788690 >> 172.21.15.107:0/659788690 conn(0x7f35e0103210 msgr2=0x7f35e0105650 unknown :-1 s=STATE_NONE l=0).mark_down
2024-04-24T23:35:49.833 INFO:teuthology.orchestra.run.smithi107.stdout:/usr/bin/ceph: stderr
2024-04-24T23:35:43.582+0000 7f35e5f14700 1 -- 172.21.15.107:0/659788690 shutdown_connections
2024-04-24T23:35:49.833 INFO:teuthology.orchestra.run.smithi107.stdout:/usr/bin/ceph: stderr
2024-04-24T23:35:43.582+0000 7f35e5f14700 1 -- 172.21.15.107:0/659788690 wait complete.
2024-04-24T23:35:49.833 INFO:teuthology.orchestra.run.smithi107.stdout:/usr/bin/ceph: stderr
2024-04-24T23:35:43.582+0000 7f35e5f14700 1 Processor -- start
2024-04-24T23:35:49.834 INFO:teuthology.orchestra.run.smithi107.stdout:/usr/bin/ceph: stderr
2024-04-24T23:35:43.583+0000 7f35e5f14700 1 -- start start
2024-04-24T23:35:49.834 INFO:teuthology.orchestra.run.smithi107.stdout:/usr/bin/ceph: stderr
2024-04-24T23:35:43.583+0000 7f35e5f14700 1 --2- >> [v2:172.21.15.107:3300/0,v1:172.21.15.107:6789/0] conn(0x7f35e0107c70 0x7f35e007daf0 unknown :-1 s=NONE pgs=0 cs=0 l=1 rev1=0 crypto rx=0 tx=0 comp rx=0 tx=0).connect
2024-04-24T23:35:49.834 INFO:teuthology.orchestra.run.smithi107.stdout:/usr/bin/ceph: stderr
2024-04-24T23:35:43.583+0000 7f35e5f14700 1 -- --> [v2:172.21.15.107:3300/0,v1:172.21.15.107:6789/0] -- mon_getmap magic: 0 -- 0x7f35e010c220 con 0x7f35e0107c70
2024-04-24T23:35:49.834 INFO:teuthology.orchestra.run.smithi107.stdout:/usr/bin/ceph: stderr
2024-04-24T23:35:43.583+0000 7f35df7fe700 1 --2- >> [v2:172.21.15.107:3300/0,v1:172.21.15.107:6789/0] conn(0x7f35e0107c70 0x7f35e007daf0 unknown :-1 s=BANNER_CONNECTING pgs=0 cs=0 l=1 rev1=0 crypto rx=0 tx=0 comp rx=0 tx=0)._handle_peer_banner_payload supported=3 required=0
2024-04-24T23:35:49.834 INFO:teuthology.orchestra.run.smithi107.stdout:/usr/bin/ceph: stderr
2024-04-24T23:35:43.583+0000 7f35df7fe700 1 --2- >> [v2:172.21.15.107:3300/0,v1:172.21.15.107:6789/0] conn(0x7f35e0107c70 0x7f35e007daf0 unknown :-1 s=HELLO_CONNECTING pgs=0 cs=0 l=1 rev1=1 crypto rx=0 tx=0 comp rx=0 tx=0).handle_hello peer v2:172.21.15.107:3300/0 says I am v2:172.21.15.107:53752/0 (socket says 172.21.15.107:53752)
2024-04-24T23:35:49.834 INFO:teuthology.orchestra.run.smithi107.stdout:/usr/bin/ceph: stderr
2024-04-24T23:35:43.583+0000 7f35df7fe700 1 -- 172.21.15.107:0/4101827541 learned_addr learned my addr 172.21.15.107:0/4101827541 (peer_addr_for_me v2:172.21.15.107:0/0)
2024-04-24T23:35:49.834 INFO:teuthology.orchestra.run.smithi107.stdout:/usr/bin/ceph: stderr
2024-04-24T23:35:43.583+0000 7f35df7fe700 1 -- 172.21.15.107:0/4101827541 --> [v2:172.21.15.107:3300/0,v1:172.21.15.107:6789/0] -- mon_subscribe({config=0+,monmap=0+}) -- 0x7f35e007e030 con 0x7f35e0107c70
2024-04-24T23:35:49.834 INFO:teuthology.orchestra.run.smithi107.stdout:/usr/bin/ceph: stderr
2024-04-24T23:35:43.583+0000 7f35df7fe700 1 --2- 172.21.15.107:0/4101827541 >> [v2:172.21.15.107:3300/0,v1:172.21.15.107:6789/0] conn(0x7f35e0107c70 0x7f35e007daf0 secure :-1 s=READY pgs=62 cs=0 l=1 rev1=1 crypto rx=0x7f35d00116a0 tx=0x7f35d0011ba0 comp rx=0 tx=0).ready entity=mon.0 client_cookie=0 server_cookie=0 in_seq=0 out_seq=0
2024-04-24T23:35:49.834 INFO:teuthology.orchestra.run.smithi107.stdout:/usr/bin/ceph: stderr
2024-04-24T23:35:43.584+0000 7f35dcff9700 1 -- 172.21.15.107:0/4101827541 <== mon.0 v2:172.21.15.107:3300/0 1 ==== mon_map magic: 0 ==== 205+0+0 (secure 0 0 0) 0x7f35d0003a40 con 0x7f35e0107c70
2024-04-24T23:35:49.834 INFO:teuthology.orchestra.run.smithi107.stdout:/usr/bin/ceph: stderr
2024-04-24T23:35:43.584+0000 7f35e5f14700 1 -- 172.21.15.107:0/4101827541 --> [v2:172.21.15.107:3300/0,v1:172.21.15.107:6789/0] -- mon_subscribe({mgrmap=0+}) -- 0x7f35e007c220 con 0x7f35e0107c70
2024-04-24T23:35:49.835 INFO:teuthology.orchestra.run.smithi107.stdout:/usr/bin/ceph: stderr
2024-04-24T23:35:43.584+0000 7f35dcff9700 1 -- 172.21.15.107:0/4101827541 <== mon.0 v2:172.21.15.107:3300/0 2 ==== config(27 keys) ==== 1140+0+0 (secure 0 0 0) 0x7f35d0003be0 con 0x7f35e0107c70
2024-04-24T23:35:49.835 INFO:teuthology.orchestra.run.smithi107.stdout:/usr/bin/ceph: stderr
2024-04-24T23:35:43.584+0000 7f35dcff9700 1 -- 172.21.15.107:0/4101827541 <== mon.0 v2:172.21.15.107:3300/0 3 ==== mon_map magic: 0 ==== 205+0+0 (secure 0 0 0) 0x7f35d001a720 con 0x7f35e0107c70
2024-04-24T23:35:49.835 INFO:teuthology.orchestra.run.smithi107.stdout:/usr/bin/ceph: stderr
2024-04-24T23:35:43.584+0000 7f35e5f14700 1 -- 172.21.15.107:0/4101827541 --> [v2:172.21.15.107:3300/0,v1:172.21.15.107:6789/0] -- mon_subscribe({osdmap=0}) -- 0x7f35e007c6e0 con 0x7f35e0107c70
2024-04-24T23:35:49.835 INFO:teuthology.orchestra.run.smithi107.stdout:/usr/bin/ceph: stderr
2024-04-24T23:35:43.585+0000 7f35dcff9700 1 -- 172.21.15.107:0/4101827541 <== mon.0 v2:172.21.15.107:3300/0 4 ==== mgrmap(e 9) ==== 46300+0+0 (secure 0 0 0) 0x7f35d001aa40 con 0x7f35e0107c70
2024-04-24T23:35:49.835 INFO:teuthology.orchestra.run.smithi107.stdout:/usr/bin/ceph: stderr
2024-04-24T23:35:43.585+0000 7f35dcff9700 1 --2- 172.21.15.107:0/4101827541 >> [v2:172.21.15.107:6800/1738433151,v1:172.21.15.107:6801/1738433151] conn(0x7f35c8039050 0x7f35c803b510 unknown :-1 s=NONE pgs=0 cs=0 l=1 rev1=0 crypto rx=0 tx=0 comp rx=0 tx=0).connect
2024-04-24T23:35:49.835 INFO:teuthology.orchestra.run.smithi107.stdout:/usr/bin/ceph: stderr
2024-04-24T23:35:43.585+0000 7f35dcff9700 1 -- 172.21.15.107:0/4101827541 --> [v2:172.21.15.107:6800/1738433151,v1:172.21.15.107:6801/1738433151] -- command(tid 0: {"prefix": "get_command_descriptions"}) -- 0x7f35c803bc20 con 0x7f35c8039050
2024-04-24T23:35:49.835 INFO:teuthology.orchestra.run.smithi107.stdout:/usr/bin/ceph: stderr
2024-04-24T23:35:43.585+0000 7f35dcff9700 1 -- 172.21.15.107:0/4101827541 <== mon.0 v2:172.21.15.107:3300/0 5 ==== osd_map(2..2 src has 1..2) ==== 940+0+0 (secure 0 0 0) 0x7f35d004d710 con 0x7f35e0107c70
2024-04-24T23:35:49.835 INFO:teuthology.orchestra.run.smithi107.stdout:/usr/bin/ceph: stderr
2024-04-24T23:35:43.585+0000 7f35deffd700 1 -- 172.21.15.107:0/4101827541 >> [v2:172.21.15.107:6800/1738433151,v1:172.21.15.107:6801/1738433151] conn(0x7f35c8039050 msgr2=0x7f35c803b510 unknown :-1 s=STATE_CONNECTING_RE l=1).process reconnect failed to v2:172.21.15.107:6800/1738433151
2024-04-24T23:35:49.835 INFO:teuthology.orchestra.run.smithi107.stdout:/usr/bin/ceph: stderr
2024-04-24T23:35:43.585+0000 7f35deffd700 1 --2- 172.21.15.107:0/4101827541 >> [v2:172.21.15.107:6800/1738433151,v1:172.21.15.107:6801/1738433151] conn(0x7f35c8039050 0x7f35c803b510 unknown :-1 s=START_CONNECT pgs=0 cs=0 l=1 rev1=0 crypto rx=0 tx=0 comp rx=0 tx=0)._fault waiting 0.200000
2024-04-24T23:35:49.835 INFO:teuthology.orchestra.run.smithi107.stdout:/usr/bin/ceph: stderr
2024-04-24T23:35:43.786+0000 7f35deffd700 1 -- 172.21.15.107:0/4101827541 >> [v2:172.21.15.107:6800/1738433151,v1:172.21.15.107:6801/1738433151] conn(0x7f35c8039050 msgr2=0x7f35c803b510 unknown :-1 s=STATE_CONNECTING_RE l=1).process reconnect failed to v2:172.21.15.107:6800/1738433151
2024-04-24T23:35:49.835 INFO:teuthology.orchestra.run.smithi107.stdout:/usr/bin/ceph: stderr
2024-04-24T23:35:43.786+0000 7f35deffd700 1 --2- 172.21.15.107:0/4101827541 >> [v2:172.21.15.107:6800/1738433151,v1:172.21.15.107:6801/1738433151] conn(0x7f35c8039050 0x7f35c803b510 unknown :-1 s=START_CONNECT pgs=0 cs=0 l=1 rev1=0 crypto rx=0 tx=0 comp rx=0 tx=0)._fault waiting 0.400000
2024-04-24T23:35:49.836 INFO:teuthology.orchestra.run.smithi107.stdout:/usr/bin/ceph: stderr
2024-04-24T23:35:44.187+0000 7f35deffd700 1 -- 172.21.15.107:0/4101827541 >> [v2:172.21.15.107:6800/1738433151,v1:172.21.15.107:6801/1738433151] conn(0x7f35c8039050 msgr2=0x7f35c803b510 unknown :-1 s=STATE_CONNECTING_RE l=1).process reconnect failed to v2:172.21.15.107:6800/1738433151
2024-04-24T23:35:49.836 INFO:teuthology.orchestra.run.smithi107.stdout:/usr/bin/ceph: stderr
2024-04-24T23:35:44.187+0000 7f35deffd700 1 --2- 172.21.15.107:0/4101827541 >> [v2:172.21.15.107:6800/1738433151,v1:172.21.15.107:6801/1738433151] conn(0x7f35c8039050 0x7f35c803b510 unknown :-1 s=START_CONNECT pgs=0 cs=0 l=1 rev1=0 crypto rx=0 tx=0 comp rx=0 tx=0)._fault waiting 0.800000
2024-04-24T23:35:49.836 INFO:teuthology.orchestra.run.smithi107.stdout:/usr/bin/ceph: stderr
2024-04-24T23:35:44.988+0000 7f35deffd700 1 -- 172.21.15.107:0/4101827541 >> [v2:172.21.15.107:6800/1738433151,v1:172.21.15.107:6801/1738433151] conn(0x7f35c8039050 msgr2=0x7f35c803b510 unknown :-1 s=STATE_CONNECTING_RE l=1).process reconnect failed to v2:172.21.15.107:6800/1738433151
2024-04-24T23:35:49.836 INFO:teuthology.orchestra.run.smithi107.stdout:/usr/bin/ceph: stderr
2024-04-24T23:35:44.988+0000 7f35deffd700 1 --2- 172.21.15.107:0/4101827541 >> [v2:172.21.15.107:6800/1738433151,v1:172.21.15.107:6801/1738433151] conn(0x7f35c8039050 0x7f35c803b510 unknown :-1 s=START_CONNECT pgs=0 cs=0 l=1 rev1=0 crypto rx=0 tx=0 comp rx=0 tx=0)._fault waiting 1.600000
2024-04-24T23:35:49.836 INFO:teuthology.orchestra.run.smithi107.stdout:/usr/bin/ceph: stderr
2024-04-24T23:35:46.589+0000 7f35deffd700 1 -- 172.21.15.107:0/4101827541 >> [v2:172.21.15.107:6800/1738433151,v1:172.21.15.107:6801/1738433151] conn(0x7f35c8039050 msgr2=0x7f35c803b510 unknown :-1 s=STATE_CONNECTING_RE l=1).process reconnect failed to v2:172.21.15.107:6800/1738433151
2024-04-24T23:35:49.836 INFO:teuthology.orchestra.run.smithi107.stdout:/usr/bin/ceph: stderr
2024-04-24T23:35:46.589+0000 7f35deffd700 1 --2- 172.21.15.107:0/4101827541 >> [v2:172.21.15.107:6800/1738433151,v1:172.21.15.107:6801/1738433151] conn(0x7f35c8039050 0x7f35c803b510 unknown :-1 s=START_CONNECT pgs=0 cs=0 l=1 rev1=0 crypto rx=0 tx=0 comp rx=0 tx=0)._fault waiting 3.200000
2024-04-24T23:35:49.836 INFO:teuthology.orchestra.run.smithi107.stdout:/usr/bin/ceph: stderr
2024-04-24T23:35:47.892+0000 7f35dcff9700 1 -- 172.21.15.107:0/4101827541 <== mon.0 v2:172.21.15.107:3300/0 6 ==== mgrmap(e 10) ==== 46067+0+0 (secure 0 0 0) 0x7f35d002d910 con 0x7f35e0107c70
2024-04-24T23:35:49.836 INFO:teuthology.orchestra.run.smithi107.stdout:/usr/bin/ceph: stderr
2024-04-24T23:35:47.892+0000 7f35dcff9700 1 -- 172.21.15.107:0/4101827541 >> [v2:172.21.15.107:6800/1738433151,v1:172.21.15.107:6801/1738433151] conn(0x7f35c8039050 msgr2=0x7f35c803b510 unknown :-1 s=STATE_CONNECTING l=1).mark_down
2024-04-24T23:35:49.836 INFO:teuthology.orchestra.run.smithi107.stdout:/usr/bin/ceph: stderr
2024-04-24T23:35:47.892+0000 7f35dcff9700 1 --2- 172.21.15.107:0/4101827541 >> [v2:172.21.15.107:6800/1738433151,v1:172.21.15.107:6801/1738433151] conn(0x7f35c8039050 0x7f35c803b510 unknown :-1 s=START_CONNECT pgs=0 cs=0 l=1 rev1=0 crypto rx=0 tx=0 comp rx=0 tx=0).stop
2024-04-24T23:35:49.836 INFO:teuthology.orchestra.run.smithi107.stdout:/usr/bin/ceph: stderr
2024-04-24T23:35:48.894+0000 7f35dcff9700 1 -- 172.21.15.107:0/4101827541 <== mon.0 v2:172.21.15.107:3300/0 7 ==== mgrmap(e 11) ==== 46194+0+0 (secure 0 0 0) 0x7f35d004f740 con 0x7f35e0107c70
2024-04-24T23:35:49.836 INFO:teuthology.orchestra.run.smithi107.stdout:/usr/bin/ceph: stderr
2024-04-24T23:35:48.895+0000 7f35dcff9700 1 --2- 172.21.15.107:0/4101827541 >> [v2:172.21.15.107:6800/1159279165,v1:172.21.15.107:6801/1159279165] conn(0x7f35c803cb10 0x7f35c803ef00 unknown :-1 s=NONE pgs=0 cs=0 l=1 rev1=0 crypto rx=0 tx=0 comp rx=0 tx=0).connect
2024-04-24T23:35:49.837 INFO:teuthology.orchestra.run.smithi107.stdout:/usr/bin/ceph: stderr
2024-04-24T23:35:48.895+0000 7f35dcff9700 1 -- 172.21.15.107:0/4101827541 --> [v2:172.21.15.107:6800/1159279165,v1:172.21.15.107:6801/1159279165] -- command(tid 0: {"prefix": "get_command_descriptions"}) -- 0x7f35d0020ec0 con 0x7f35c803cb10
2024-04-24T23:35:49.837 INFO:teuthology.orchestra.run.smithi107.stdout:/usr/bin/ceph: stderr
2024-04-24T23:35:48.895+0000 7f35deffd700 1 --2- 172.21.15.107:0/4101827541 >> [v2:172.21.15.107:6800/1159279165,v1:172.21.15.107:6801/1159279165] conn(0x7f35c803cb10 0x7f35c803ef00 unknown :-1 s=BANNER_CONNECTING pgs=0 cs=0 l=1 rev1=0 crypto rx=0 tx=0 comp rx=0 tx=0)._handle_peer_banner_payload supported=3 required=0
2024-04-24T23:35:49.837 INFO:teuthology.orchestra.run.smithi107.stdout:/usr/bin/ceph: stderr
2024-04-24T23:35:48.896+0000 7f35deffd700 1 --2- 172.21.15.107:0/4101827541 >> [v2:172.21.15.107:6800/1159279165,v1:172.21.15.107:6801/1159279165] conn(0x7f35c803cb10 0x7f35c803ef00 secure :-1 s=READY pgs=1 cs=0 l=1 rev1=1 crypto rx=0x7f35d4003a10 tx=0x7f35d40092b0 comp rx=0 tx=0).ready entity=mgr.14152 client_cookie=0 server_cookie=0 in_seq=0 out_seq=0
2024-04-24T23:35:49.837 INFO:teuthology.orchestra.run.smithi107.stdout:/usr/bin/ceph: stderr
2024-04-24T23:35:48.897+0000 7f35dcff9700 1 -- 172.21.15.107:0/4101827541 <== mgr.14152 v2:172.21.15.107:6800/1159279165 1 ==== command_reply(tid 0: 0 ) ==== 8+0+7774 (secure 0 0 0) 0x7f35d0020ec0 con 0x7f35c803cb10
2024-04-24T23:35:49.837 INFO:teuthology.orchestra.run.smithi107.stdout:/usr/bin/ceph: stderr
2024-04-24T23:35:48.903+0000 7f35e5f14700 1 -- 172.21.15.107:0/4101827541 --> [v2:172.21.15.107:6800/1159279165,v1:172.21.15.107:6801/1159279165] -- command(tid 1: {"prefix": "mgr_status"}) -- 0x7f35e0063890 con 0x7f35c803cb10
2024-04-24T23:35:49.837 INFO:teuthology.orchestra.run.smithi107.stdout:/usr/bin/ceph: stderr
2024-04-24T23:35:48.903+0000 7f35dcff9700 1 -- 172.21.15.107:0/4101827541 <== mgr.14152 v2:172.21.15.107:6800/1159279165 2 ==== command_reply(tid 1: 0 ) ==== 8+0+52 (secure 0 0 0) 0x7f35e0063890 con 0x7f35c803cb10
2024-04-24T23:35:49.837 INFO:teuthology.orchestra.run.smithi107.stdout:/usr/bin/ceph: stderr
2024-04-24T23:35:48.903+0000 7f35e5f14700 1 -- 172.21.15.107:0/4101827541 >> [v2:172.21.15.107:6800/1159279165,v1:172.21.15.107:6801/1159279165] conn(0x7f35c803cb10 msgr2=0x7f35c803ef00 secure :-1 s=STATE_CONNECTION_ESTABLISHED l=1).mark_down
2024-04-24T23:35:49.837 INFO:teuthology.orchestra.run.smithi107.stdout:/usr/bin/ceph: stderr
2024-04-24T23:35:48.903+0000 7f35e5f14700 1 --2- 172.21.15.107:0/4101827541 >> [v2:172.21.15.107:6800/1159279165,v1:172.21.15.107:6801/1159279165] conn(0x7f35c803cb10 0x7f35c803ef00 secure :-1 s=READY pgs=1 cs=0 l=1 rev1=1 crypto rx=0x7f35d4003a10 tx=0x7f35d40092b0 comp rx=0 tx=0).stop
2024-04-24T23:35:49.837 INFO:teuthology.orchestra.run.smithi107.stdout:/usr/bin/ceph: stderr
2024-04-24T23:35:48.903+0000 7f35e5f14700 1 -- 172.21.15.107:0/4101827541 >> [v2:172.21.15.107:3300/0,v1:172.21.15.107:6789/0] conn(0x7f35e0107c70 msgr2=0x7f35e007daf0 secure :-1 s=STATE_CONNECTION_ESTABLISHED l=1).mark_down
2024-04-24T23:35:49.837 INFO:teuthology.orchestra.run.smithi107.stdout:/usr/bin/ceph: stderr
2024-04-24T23:35:48.903+0000 7f35e5f14700 1 --2- 172.21.15.107:0/4101827541 >> [v2:172.21.15.107:3300/0,v1:172.21.15.107:6789/0] conn(0x7f35e0107c70 0x7f35e007daf0 secure :-1 s=READY pgs=62 cs=0 l=1 rev1=1 crypto rx=0x7f35d00116a0 tx=0x7f35d0011ba0 comp rx=0 tx=0).stop
2024-04-24T23:35:49.837 INFO:teuthology.orchestra.run.smithi107.stdout:/usr/bin/ceph: stderr
2024-04-24T23:35:48.904+0000 7f35e5f14700 1 -- 172.21.15.107:0/4101827541 shutdown_connections
2024-04-24T23:35:49.838 INFO:teuthology.orchestra.run.smithi107.stdout:/usr/bin/ceph: stderr
2024-04-24T23:35:48.904+0000 7f35e5f14700 1 --2- 172.21.15.107:0/4101827541 >> [v2:172.21.15.107:6800/1159279165,v1:172.21.15.107:6801/1159279165] conn(0x7f35c803cb10 0x7f35c803ef00 unknown :-1 s=CLOSED pgs=1 cs=0 l=1 rev1=1 crypto rx=0 tx=0 comp rx=0 tx=0).stop
2024-04-24T23:35:49.838 INFO:teuthology.orchestra.run.smithi107.stdout:/usr/bin/ceph: stderr
2024-04-24T23:35:48.904+0000 7f35e5f14700 1 --2- 172.21.15.107:0/4101827541 >> [v2:172.21.15.107:3300/0,v1:172.21.15.107:6789/0] conn(0x7f35e0107c70 0x7f35e007daf0 unknown :-1 s=CLOSED pgs=62 cs=0 l=1 rev1=1 crypto rx=0 tx=0 comp rx=0 tx=0).stop
2024-04-24T23:35:49.838 INFO:teuthology.orchestra.run.smithi107.stdout:/usr/bin/ceph: stderr
2024-04-24T23:35:48.904+0000 7f35e5f14700 1 --2- 172.21.15.107:0/4101827541 >> [v2:172.21.15.107:6800/1738433151,v1:172.21.15.107:6801/1738433151] conn(0x7f35c8039050 0x7f35c803b510 unknown :-1 s=CLOSED pgs=0 cs=0 l=1 rev1=0 crypto rx=0 tx=0 comp rx=0 tx=0).stop
2024-04-24T23:35:49.838 INFO:teuthology.orchestra.run.smithi107.stdout:/usr/bin/ceph: stderr
2024-04-24T23:35:48.904+0000 7f35e5f14700 1 -- 172.21.15.107:0/4101827541 >> 172.21.15.107:0/4101827541 conn(0x7f35e0103210 msgr2=0x7f35e0103d50 unknown :-1 s=STATE_NONE l=0).mark_down
2024-04-24T23:35:49.838 INFO:teuthology.orchestra.run.smithi107.stdout:/usr/bin/ceph: stderr
2024-04-24T23:35:48.904+0000 7f35e5f14700 1 -- 172.21.15.107:0/4101827541 shutdown_connections
2024-04-24T23:35:49.838 INFO:teuthology.orchestra.run.smithi107.stdout:/usr/bin/ceph: stderr
2024-04-24T23:35:48.904+0000 7f35e5f14700 1 -- 172.21.15.107:0/4101827541 wait complete.
2024-04-24T23:35:49.838 INFO:teuthology.orchestra.run.smithi107.stdout:mgr epoch 9 is available
2024-04-24T23:35:49.838 INFO:teuthology.orchestra.run.smithi107.stdout:Generating a dashboard self-signed certificate...
2024-04-24T23:35:50.087 INFO:journalctl@ceph.mon.a.smithi107.stdout:Apr 24 23:35:49 smithi107 ceph-mon[29118]: from='client.14156 -' entity='client.admin' cmd=[{"prefix": "get_command_descriptions"}]: dispatch
2024-04-24T23:35:50.087 INFO:journalctl@ceph.mon.a.smithi107.stdout:Apr 24 23:35:49 smithi107 ceph-mon[29118]: from='client.14156 -' entity='client.admin' cmd=[{"prefix": "mgr_status"}]: dispatch
2024-04-24T23:35:50.087 INFO:journalctl@ceph.mon.a.smithi107.stdout:Apr 24 23:35:49 smithi107 ceph-mon[29118]: from='mgr.14152 172.21.15.107:0/3460042676' entity='mgr.x'
2024-04-24T23:35:51.027 INFO:journalctl@ceph.mon.a.smithi107.stdout:Apr 24 23:35:50 smithi107 ceph-mon[29118]: [24/Apr/2024:23:35:49] ENGINE Bus STARTING
2024-04-24T23:35:51.027 INFO:journalctl@ceph.mon.a.smithi107.stdout:Apr 24 23:35:50 smithi107 ceph-mon[29118]: [24/Apr/2024:23:35:49] ENGINE Serving on http://172.21.15.107:8765
2024-04-24T23:35:51.028 INFO:journalctl@ceph.mon.a.smithi107.stdout:Apr 24 23:35:50 smithi107 ceph-mon[29118]: [24/Apr/2024:23:35:49] ENGINE Serving on https://172.21.15.107:7150
2024-04-24T23:35:51.028 INFO:journalctl@ceph.mon.a.smithi107.stdout:Apr 24 23:35:50 smithi107 ceph-mon[29118]: [24/Apr/2024:23:35:49] ENGINE Bus STARTED
2024-04-24T23:35:51.028 INFO:journalctl@ceph.mon.a.smithi107.stdout:Apr 24 23:35:50 smithi107 ceph-mon[29118]: mgrmap e12: x(active, since 2s)
2024-04-24T23:35:51.028 INFO:journalctl@ceph.mon.a.smithi107.stdout:Apr 24 23:35:50 smithi107 ceph-mon[29118]: from='mgr.14152 172.21.15.107:0/3460042676' entity='mgr.x'
2024-04-24T23:35:51.028 INFO:journalctl@ceph.mon.a.smithi107.stdout:Apr 24 23:35:50 smithi107 ceph-mon[29118]: from='mgr.14152 172.21.15.107:0/3460042676' entity='mgr.x'
2024-04-24T23:35:51.304 INFO:teuthology.orchestra.run.smithi107.stdout:/usr/bin/ceph: stdout Self-signed certificate created
2024-04-24T23:35:51.304 INFO:teuthology.orchestra.run.smithi107.stdout:/usr/bin/ceph: stderr
2024-04-24T23:35:50.325+0000 7f07aab65700 1 Processor -- start
2024-04-24T23:35:51.305 INFO:teuthology.orchestra.run.smithi107.stdout:/usr/bin/ceph: stderr
2024-04-24T23:35:50.325+0000 7f07aab65700 1 -- start start
2024-04-24T23:35:51.305 INFO:teuthology.orchestra.run.smithi107.stdout:/usr/bin/ceph: stderr
2024-04-24T23:35:50.325+0000 7f07aab65700 1 --2- >> [v2:172.21.15.107:3300/0,v1:172.21.15.107:6789/0] conn(0x7f07a4109290 0x7f07a41096b0 unknown :-1 s=NONE pgs=0 cs=0 l=0 rev1=0 crypto rx=0 tx=0 comp rx=0 tx=0).connect
2024-04-24T23:35:51.305 INFO:teuthology.orchestra.run.smithi107.stdout:/usr/bin/ceph: stderr
2024-04-24T23:35:50.325+0000 7f07aab65700 1 -- --> [v2:172.21.15.107:3300/0,v1:172.21.15.107:6789/0] -- mon_getmap magic: 0 -- 0x7f07a4109c80 con 0x7f07a4109290
2024-04-24T23:35:51.305 INFO:teuthology.orchestra.run.smithi107.stdout:/usr/bin/ceph: stderr
2024-04-24T23:35:50.325+0000 7f07a8901700 1 --2- >> [v2:172.21.15.107:3300/0,v1:172.21.15.107:6789/0] conn(0x7f07a4109290 0x7f07a41096b0 unknown :-1 s=BANNER_CONNECTING pgs=0 cs=0 l=0 rev1=0 crypto rx=0 tx=0 comp rx=0 tx=0)._handle_peer_banner_payload supported=3 required=0
2024-04-24T23:35:51.305 INFO:teuthology.orchestra.run.smithi107.stdout:/usr/bin/ceph: stderr
2024-04-24T23:35:50.325+0000 7f07a8901700 1 --2- >> [v2:172.21.15.107:3300/0,v1:172.21.15.107:6789/0] conn(0x7f07a4109290 0x7f07a41096b0 unknown :-1 s=HELLO_CONNECTING pgs=0 cs=0 l=0 rev1=1 crypto rx=0 tx=0 comp rx=0 tx=0).handle_hello peer v2:172.21.15.107:3300/0 says I am v2:172.21.15.107:42300/0 (socket says 172.21.15.107:42300)
2024-04-24T23:35:51.305 INFO:teuthology.orchestra.run.smithi107.stdout:/usr/bin/ceph: stderr
2024-04-24T23:35:50.325+0000 7f07a8901700 1 -- 172.21.15.107:0/1218386149 learned_addr learned my addr 172.21.15.107:0/1218386149 (peer_addr_for_me v2:172.21.15.107:0/0)
2024-04-24T23:35:51.305 INFO:teuthology.orchestra.run.smithi107.stdout:/usr/bin/ceph: stderr
2024-04-24T23:35:50.326+0000 7f07a8901700 1 -- 172.21.15.107:0/1218386149 --> [v2:172.21.15.107:3300/0,v1:172.21.15.107:6789/0] -- mon_subscribe({config=0+,monmap=0+}) -- 0x7f07a4109e00 con 0x7f07a4109290
2024-04-24T23:35:51.305 INFO:teuthology.orchestra.run.smithi107.stdout:/usr/bin/ceph: stderr
2024-04-24T23:35:50.326+0000 7f07a8901700 1 --2- 172.21.15.107:0/1218386149 >> [v2:172.21.15.107:3300/0,v1:172.21.15.107:6789/0] conn(0x7f07a4109290 0x7f07a41096b0 secure :-1 s=READY pgs=70 cs=0 l=1 rev1=1 crypto rx=0x7f07980098a0 tx=0x7f0798009bb0 comp rx=0 tx=0).ready entity=mon.0 client_cookie=10583797ddf32c5b server_cookie=0 in_seq=0 out_seq=0
2024-04-24T23:35:51.306 INFO:teuthology.orchestra.run.smithi107.stdout:/usr/bin/ceph: stderr
2024-04-24T23:35:50.326+0000 7f07a37fe700 1 -- 172.21.15.107:0/1218386149 <== mon.0 v2:172.21.15.107:3300/0 1 ==== mon_map magic: 0 ==== 205+0+0 (secure 0 0 0) 0x7f0798004160 con 0x7f07a4109290
2024-04-24T23:35:51.306 INFO:teuthology.orchestra.run.smithi107.stdout:/usr/bin/ceph: stderr
2024-04-24T23:35:50.326+0000 7f07a37fe700 1 -- 172.21.15.107:0/1218386149 <== mon.0 v2:172.21.15.107:3300/0 2 ==== config(27 keys) ==== 1140+0+0 (secure 0 0 0) 0x7f0798004300 con 0x7f07a4109290
2024-04-24T23:35:51.306 INFO:teuthology.orchestra.run.smithi107.stdout:/usr/bin/ceph: stderr
2024-04-24T23:35:50.326+0000 7f07a37fe700 1 -- 172.21.15.107:0/1218386149 <== mon.0 v2:172.21.15.107:3300/0 3 ==== mon_map magic: 0 ==== 205+0+0 (secure 0 0 0) 0x7f0798011b20 con 0x7f07a4109290
2024-04-24T23:35:51.306 INFO:teuthology.orchestra.run.smithi107.stdout:/usr/bin/ceph: stderr
2024-04-24T23:35:50.327+0000 7f07aab65700 1 -- 172.21.15.107:0/1218386149 >> [v2:172.21.15.107:3300/0,v1:172.21.15.107:6789/0] conn(0x7f07a4109290 msgr2=0x7f07a41096b0 secure :-1 s=STATE_CONNECTION_ESTABLISHED l=1).mark_down
2024-04-24T23:35:51.306 INFO:teuthology.orchestra.run.smithi107.stdout:/usr/bin/ceph: stderr
2024-04-24T23:35:50.327+0000 7f07aab65700 1 --2- 172.21.15.107:0/1218386149 >> [v2:172.21.15.107:3300/0,v1:172.21.15.107:6789/0] conn(0x7f07a4109290 0x7f07a41096b0 secure :-1 s=READY pgs=70 cs=0 l=1 rev1=1 crypto rx=0x7f07980098a0 tx=0x7f0798009bb0 comp rx=0 tx=0).stop
2024-04-24T23:35:51.306 INFO:teuthology.orchestra.run.smithi107.stdout:/usr/bin/ceph: stderr
2024-04-24T23:35:50.327+0000 7f07aab65700 1 -- 172.21.15.107:0/1218386149 shutdown_connections
2024-04-24T23:35:51.306 INFO:teuthology.orchestra.run.smithi107.stdout:/usr/bin/ceph: stderr
2024-04-24T23:35:50.327+0000 7f07aab65700 1 --2- 172.21.15.107:0/1218386149 >> [v2:172.21.15.107:3300/0,v1:172.21.15.107:6789/0] conn(0x7f07a4109290 0x7f07a41096b0 unknown :-1 s=CLOSED pgs=70 cs=0 l=1 rev1=1 crypto rx=0 tx=0 comp rx=0 tx=0).stop
2024-04-24T23:35:51.306 INFO:teuthology.orchestra.run.smithi107.stdout:/usr/bin/ceph: stderr
2024-04-24T23:35:50.327+0000 7f07aab65700 1 -- 172.21.15.107:0/1218386149 >> 172.21.15.107:0/1218386149 conn(0x7f07a41018f0 msgr2=0x7f07a4103d10 unknown :-1 s=STATE_NONE l=0).mark_down
2024-04-24T23:35:51.306 INFO:teuthology.orchestra.run.smithi107.stdout:/usr/bin/ceph: stderr
2024-04-24T23:35:50.327+0000 7f07aab65700 1 -- 172.21.15.107:0/1218386149 shutdown_connections
2024-04-24T23:35:51.306 INFO:teuthology.orchestra.run.smithi107.stdout:/usr/bin/ceph: stderr
2024-04-24T23:35:50.327+0000 7f07aab65700 1 -- 172.21.15.107:0/1218386149 wait complete.
2024-04-24T23:35:51.307 INFO:teuthology.orchestra.run.smithi107.stdout:/usr/bin/ceph: stderr
2024-04-24T23:35:50.328+0000 7f07aab65700 1 Processor -- start
2024-04-24T23:35:51.307 INFO:teuthology.orchestra.run.smithi107.stdout:/usr/bin/ceph: stderr
2024-04-24T23:35:50.328+0000 7f07aab65700 1 -- start start
2024-04-24T23:35:51.307 INFO:teuthology.orchestra.run.smithi107.stdout:/usr/bin/ceph: stderr
2024-04-24T23:35:50.328+0000 7f07aab65700 1 --2- >> [v2:172.21.15.107:3300/0,v1:172.21.15.107:6789/0] conn(0x7f07a4109290 0x7f07a419bbc0 unknown :-1 s=NONE pgs=0 cs=0 l=1 rev1=0 crypto rx=0 tx=0 comp rx=0 tx=0).connect
2024-04-24T23:35:51.307 INFO:teuthology.orchestra.run.smithi107.stdout:/usr/bin/ceph: stderr
2024-04-24T23:35:50.328+0000 7f07aab65700 1 -- --> [v2:172.21.15.107:3300/0,v1:172.21.15.107:6789/0] -- mon_getmap magic: 0 -- 0x7f07a4106ba0 con 0x7f07a4109290
2024-04-24T23:35:51.307 INFO:teuthology.orchestra.run.smithi107.stdout:/usr/bin/ceph: stderr
2024-04-24T23:35:50.328+0000 7f07a8901700 1 --2- >> [v2:172.21.15.107:3300/0,v1:172.21.15.107:6789/0] conn(0x7f07a4109290 0x7f07a419bbc0 unknown :-1 s=BANNER_CONNECTING pgs=0 cs=0 l=1 rev1=0 crypto rx=0 tx=0 comp rx=0 tx=0)._handle_peer_banner_payload supported=3 required=0
2024-04-24T23:35:51.307 INFO:teuthology.orchestra.run.smithi107.stdout:/usr/bin/ceph: stderr
2024-04-24T23:35:50.328+0000 7f07a8901700 1 --2- >> [v2:172.21.15.107:3300/0,v1:172.21.15.107:6789/0] conn(0x7f07a4109290 0x7f07a419bbc0 unknown :-1 s=HELLO_CONNECTING pgs=0 cs=0 l=1 rev1=1 crypto rx=0 tx=0 comp rx=0 tx=0).handle_hello peer v2:172.21.15.107:3300/0 says I am v2:172.21.15.107:42314/0 (socket says 172.21.15.107:42314)
2024-04-24T23:35:51.307 INFO:teuthology.orchestra.run.smithi107.stdout:/usr/bin/ceph: stderr
2024-04-24T23:35:50.328+0000 7f07a8901700 1 -- 172.21.15.107:0/1530024172 learned_addr learned my addr 172.21.15.107:0/1530024172 (peer_addr_for_me v2:172.21.15.107:0/0)
2024-04-24T23:35:51.307 INFO:teuthology.orchestra.run.smithi107.stdout:/usr/bin/ceph: stderr
2024-04-24T23:35:50.328+0000 7f07a8901700 1 -- 172.21.15.107:0/1530024172 --> [v2:172.21.15.107:3300/0,v1:172.21.15.107:6789/0] -- mon_subscribe({config=0+,monmap=0+}) -- 0x7f07a419c100 con 0x7f07a4109290
2024-04-24T23:35:51.307 INFO:teuthology.orchestra.run.smithi107.stdout:/usr/bin/ceph: stderr
2024-04-24T23:35:50.328+0000 7f07a8901700 1 --2- 172.21.15.107:0/1530024172 >> [v2:172.21.15.107:3300/0,v1:172.21.15.107:6789/0] conn(0x7f07a4109290 0x7f07a419bbc0 secure :-1 s=READY pgs=71 cs=0 l=1 rev1=1 crypto rx=0x7f07980116a0 tx=0x7f0798011ba0 comp rx=0 tx=0).ready entity=mon.0 client_cookie=0 server_cookie=0 in_seq=0 out_seq=0
2024-04-24T23:35:51.307 INFO:teuthology.orchestra.run.smithi107.stdout:/usr/bin/ceph: stderr
2024-04-24T23:35:50.329+0000 7f07a1ffb700 1 -- 172.21.15.107:0/1530024172 <== mon.0 v2:172.21.15.107:3300/0 1 ==== mon_map magic: 0 ==== 205+0+0 (secure 0 0 0) 0x7f0798003a40 con 0x7f07a4109290
2024-04-24T23:35:51.307 INFO:teuthology.orchestra.run.smithi107.stdout:/usr/bin/ceph: stderr
2024-04-24T23:35:50.329+0000 7f07aab65700 1 -- 172.21.15.107:0/1530024172 --> [v2:172.21.15.107:3300/0,v1:172.21.15.107:6789/0] -- mon_subscribe({mgrmap=0+}) -- 0x7f07a419c3f0 con 0x7f07a4109290
2024-04-24T23:35:51.308 INFO:teuthology.orchestra.run.smithi107.stdout:/usr/bin/ceph: stderr
2024-04-24T23:35:50.329+0000 7f07a1ffb700 1 -- 172.21.15.107:0/1530024172 <== mon.0 v2:172.21.15.107:3300/0 2 ==== config(27 keys) ==== 1140+0+0 (secure 0 0 0) 0x7f0798003be0 con 0x7f07a4109290
2024-04-24T23:35:51.308 INFO:teuthology.orchestra.run.smithi107.stdout:/usr/bin/ceph: stderr
2024-04-24T23:35:50.329+0000 7f07a1ffb700 1 -- 172.21.15.107:0/1530024172 <== mon.0 v2:172.21.15.107:3300/0 3 ==== mon_map magic: 0 ==== 205+0+0 (secure 0 0 0) 0x7f079801a720 con 0x7f07a4109290
2024-04-24T23:35:51.308 INFO:teuthology.orchestra.run.smithi107.stdout:/usr/bin/ceph: stderr
2024-04-24T23:35:50.329+0000 7f07aab65700 1 -- 172.21.15.107:0/1530024172 --> [v2:172.21.15.107:3300/0,v1:172.21.15.107:6789/0] -- mon_subscribe({osdmap=0}) -- 0x7f07a419f080 con 0x7f07a4109290
2024-04-24T23:35:51.308 INFO:teuthology.orchestra.run.smithi107.stdout:/usr/bin/ceph: stderr
2024-04-24T23:35:50.330+0000 7f07a1ffb700 1 -- 172.21.15.107:0/1530024172 <== mon.0 v2:172.21.15.107:3300/0 4 ==== mgrmap(e 11) ==== 46194+0+0 (secure 0 0 0) 0x7f079801aa20 con 0x7f07a4109290
2024-04-24T23:35:51.308 INFO:teuthology.orchestra.run.smithi107.stdout:/usr/bin/ceph: stderr
2024-04-24T23:35:50.330+0000 7f07a1ffb700 1 --2- 172.21.15.107:0/1530024172 >> [v2:172.21.15.107:6800/1159279165,v1:172.21.15.107:6801/1159279165] conn(0x7f0794038f40 0x7f079403b400 unknown :-1 s=NONE pgs=0 cs=0 l=1 rev1=0 crypto rx=0 tx=0 comp rx=0 tx=0).connect
2024-04-24T23:35:51.308 INFO:teuthology.orchestra.run.smithi107.stdout:/usr/bin/ceph: stderr
2024-04-24T23:35:50.330+0000 7f07aab65700 1 -- 172.21.15.107:0/1530024172 --> [v2:172.21.15.107:3300/0,v1:172.21.15.107:6789/0] -- mon_command({"prefix": "get_command_descriptions"} v 0) -- 0x7f07a4063890 con 0x7f07a4109290
2024-04-24T23:35:51.308 INFO:teuthology.orchestra.run.smithi107.stdout:/usr/bin/ceph: stderr
2024-04-24T23:35:50.330+0000 7f07a1ffb700 1 -- 172.21.15.107:0/1530024172 <== mon.0 v2:172.21.15.107:3300/0 5 ==== osd_map(3..3 src has 1..3) ==== 1155+0+0 (secure 0 0 0) 0x7f079804d5a0 con 0x7f07a4109290
2024-04-24T23:35:51.308 INFO:teuthology.orchestra.run.smithi107.stdout:/usr/bin/ceph: stderr
2024-04-24T23:35:50.330+0000 7f07a3fff700 1 --2- 172.21.15.107:0/1530024172 >> [v2:172.21.15.107:6800/1159279165,v1:172.21.15.107:6801/1159279165] conn(0x7f0794038f40 0x7f079403b400 unknown :-1 s=BANNER_CONNECTING pgs=0 cs=0 l=1 rev1=0 crypto rx=0 tx=0 comp rx=0 tx=0)._handle_peer_banner_payload supported=3 required=0
2024-04-24T23:35:51.308 INFO:teuthology.orchestra.run.smithi107.stdout:/usr/bin/ceph: stderr
2024-04-24T23:35:50.330+0000 7f07a3fff700 1 --2- 172.21.15.107:0/1530024172 >> [v2:172.21.15.107:6800/1159279165,v1:172.21.15.107:6801/1159279165] conn(0x7f0794038f40 0x7f079403b400 secure :-1 s=READY pgs=7 cs=0 l=1 rev1=1 crypto rx=0x7f0790006fd0 tx=0x7f0790006e40 comp rx=0 tx=0).ready entity=mgr.14152 client_cookie=0 server_cookie=0 in_seq=0 out_seq=0
2024-04-24T23:35:51.308 INFO:teuthology.orchestra.run.smithi107.stdout:/usr/bin/ceph: stderr
2024-04-24T23:35:50.335+0000 7f07a1ffb700 1 -- 172.21.15.107:0/1530024172 <== mon.0 v2:172.21.15.107:3300/0 6 ==== mon_command_ack([{"prefix": "get_command_descriptions"}]=0 v0) ==== 72+0+186147 (secure 0 0 0) 0x7f0798011e20 con 0x7f07a4109290
2024-04-24T23:35:51.309 INFO:teuthology.orchestra.run.smithi107.stdout:/usr/bin/ceph: stderr
2024-04-24T23:35:50.497+0000 7f07a1ffb700 1 -- 172.21.15.107:0/1530024172 <== mon.0 v2:172.21.15.107:3300/0 7 ==== mgrmap(e 12) ==== 46300+0+0 (secure 0 0 0) 0x7f0798024430 con 0x7f07a4109290
2024-04-24T23:35:51.309 INFO:teuthology.orchestra.run.smithi107.stdout:/usr/bin/ceph: stderr
2024-04-24T23:35:50.568+0000 7f07aab65700 1 -- 172.21.15.107:0/1530024172 --> [v2:172.21.15.107:6800/1159279165,v1:172.21.15.107:6801/1159279165] -- mgr_command(tid 0: {"prefix": "dashboard create-self-signed-cert", "target": ["mon-mgr", ""]}) -- 0x7f07a4102ad0 con 0x7f0794038f40
2024-04-24T23:35:51.309 INFO:teuthology.orchestra.run.smithi107.stdout:/usr/bin/ceph: stderr
2024-04-24T23:35:50.755+0000 7f07a1ffb700 1 -- 172.21.15.107:0/1530024172 <== mgr.14152 v2:172.21.15.107:6800/1159279165 1 ==== mgr_command_reply(tid 0: 0 ) ==== 8+0+32 (secure 0 0 0) 0x7f07a4102ad0 con 0x7f0794038f40
2024-04-24T23:35:51.309 INFO:teuthology.orchestra.run.smithi107.stdout:/usr/bin/ceph: stderr
2024-04-24T23:35:50.758+0000 7f07aab65700 1 -- 172.21.15.107:0/1530024172 >> [v2:172.21.15.107:6800/1159279165,v1:172.21.15.107:6801/1159279165] conn(0x7f0794038f40 msgr2=0x7f079403b400 secure :-1 s=STATE_CONNECTION_ESTABLISHED l=1).mark_down
2024-04-24T23:35:51.309 INFO:teuthology.orchestra.run.smithi107.stdout:/usr/bin/ceph: stderr
2024-04-24T23:35:50.758+0000 7f07aab65700 1 --2- 172.21.15.107:0/1530024172 >> [v2:172.21.15.107:6800/1159279165,v1:172.21.15.107:6801/1159279165] conn(0x7f0794038f40 0x7f079403b400 secure :-1 s=READY pgs=7 cs=0 l=1 rev1=1 crypto rx=0x7f0790006fd0 tx=0x7f0790006e40 comp rx=0 tx=0).stop
2024-04-24T23:35:51.309 INFO:teuthology.orchestra.run.smithi107.stdout:/usr/bin/ceph: stderr
2024-04-24T23:35:50.758+0000 7f07aab65700 1 -- 172.21.15.107:0/1530024172 >> [v2:172.21.15.107:3300/0,v1:172.21.15.107:6789/0] conn(0x7f07a4109290 msgr2=0x7f07a419bbc0 secure :-1 s=STATE_CONNECTION_ESTABLISHED l=1).mark_down
2024-04-24T23:35:51.309 INFO:teuthology.orchestra.run.smithi107.stdout:/usr/bin/ceph: stderr
2024-04-24T23:35:50.758+0000 7f07aab65700 1 --2- 172.21.15.107:0/1530024172 >> [v2:172.21.15.107:3300/0,v1:172.21.15.107:6789/0] conn(0x7f07a4109290 0x7f07a419bbc0 secure :-1 s=READY pgs=71 cs=0 l=1 rev1=1 crypto rx=0x7f07980116a0 tx=0x7f0798011ba0 comp rx=0 tx=0).stop
2024-04-24T23:35:51.309 INFO:teuthology.orchestra.run.smithi107.stdout:/usr/bin/ceph: stderr
2024-04-24T23:35:50.758+0000 7f07aab65700 1 -- 172.21.15.107:0/1530024172 shutdown_connections
2024-04-24T23:35:51.309 INFO:teuthology.orchestra.run.smithi107.stdout:/usr/bin/ceph: stderr
2024-04-24T23:35:50.758+0000 7f07aab65700 1 --2- 172.21.15.107:0/1530024172 >> [v2:172.21.15.107:6800/1159279165,v1:172.21.15.107:6801/1159279165] conn(0x7f0794038f40 0x7f079403b400 unknown :-1 s=CLOSED pgs=7 cs=0 l=1 rev1=1 crypto rx=0 tx=0 comp rx=0 tx=0).stop
2024-04-24T23:35:51.309 INFO:teuthology.orchestra.run.smithi107.stdout:/usr/bin/ceph: stderr
2024-04-24T23:35:50.758+0000 7f07aab65700 1 --2- 172.21.15.107:0/1530024172 >> [v2:172.21.15.107:3300/0,v1:172.21.15.107:6789/0] conn(0x7f07a4109290 0x7f07a419bbc0 unknown :-1 s=CLOSED pgs=71 cs=0 l=1 rev1=1 crypto rx=0 tx=0 comp rx=0 tx=0).stop
2024-04-24T23:35:51.309 INFO:teuthology.orchestra.run.smithi107.stdout:/usr/bin/ceph: stderr
2024-04-24T23:35:50.758+0000 7f07aab65700 1 -- 172.21.15.107:0/1530024172 >> 172.21.15.107:0/1530024172 conn(0x7f07a41018f0 msgr2=0x7f07a41023c0 unknown :-1 s=STATE_NONE l=0).mark_down
2024-04-24T23:35:51.309 INFO:teuthology.orchestra.run.smithi107.stdout:/usr/bin/ceph: stderr
2024-04-24T23:35:50.758+0000 7f07aab65700 1 -- 172.21.15.107:0/1530024172 shutdown_connections
2024-04-24T23:35:51.310 INFO:teuthology.orchestra.run.smithi107.stdout:/usr/bin/ceph: stderr
2024-04-24T23:35:50.758+0000 7f07aab65700 1 -- 172.21.15.107:0/1530024172 wait complete.
2024-04-24T23:35:51.310 INFO:teuthology.orchestra.run.smithi107.stdout:Creating initial admin user...
2024-04-24T23:35:52.199 INFO:journalctl@ceph.mon.a.smithi107.stdout:Apr 24 23:35:51 smithi107 ceph-mon[29118]: from='client.14164 -' entity='client.admin' cmd=[{"prefix": "dashboard create-self-signed-cert", "target": ["mon-mgr", ""]}]: dispatch
2024-04-24T23:35:52.199 INFO:journalctl@ceph.mon.a.smithi107.stdout:Apr 24 23:35:51 smithi107 ceph-mon[29118]: from='mgr.14152 172.21.15.107:0/3460042676' entity='mgr.x'
2024-04-24T23:35:52.768 INFO:teuthology.orchestra.run.smithi107.stdout:/usr/bin/ceph: stdout {"username": "admin", "password": "$2b$12$zCj54Joa1ib6Pco13yHH5ei66NqP/02CLw6k9L.pmvqUPj05u0rTa", "roles": ["administrator"], "name": null, "email": null, "lastUpdate": 1714001752, "enabled": true, "pwdExpirationDate": null, "pwdUpdateRequired": true}
2024-04-24T23:35:52.768 INFO:teuthology.orchestra.run.smithi107.stdout:/usr/bin/ceph: stderr
2024-04-24T23:35:51.725+0000 7f489da72700 1 Processor -- start
2024-04-24T23:35:52.768 INFO:teuthology.orchestra.run.smithi107.stdout:/usr/bin/ceph: stderr
2024-04-24T23:35:51.725+0000 7f489da72700 1 -- start start
2024-04-24T23:35:52.768 INFO:teuthology.orchestra.run.smithi107.stdout:/usr/bin/ceph: stderr
2024-04-24T23:35:51.726+0000 7f489da72700 1 --2- >> [v2:172.21.15.107:3300/0,v1:172.21.15.107:6789/0] conn(0x7f4898107ca0 0x7f48981080c0 unknown :-1 s=NONE pgs=0 cs=0 l=0 rev1=0 crypto rx=0 tx=0 comp rx=0 tx=0).connect
2024-04-24T23:35:52.768 INFO:teuthology.orchestra.run.smithi107.stdout:/usr/bin/ceph: stderr
2024-04-24T23:35:51.726+0000 7f489da72700 1 -- --> [v2:172.21.15.107:3300/0,v1:172.21.15.107:6789/0] -- mon_getmap magic: 0 -- 0x7f4898108690 con 0x7f4898107ca0
2024-04-24T23:35:52.769 INFO:teuthology.orchestra.run.smithi107.stdout:/usr/bin/ceph: stderr
2024-04-24T23:35:51.726+0000 7f48977fe700 1 --2- >> [v2:172.21.15.107:3300/0,v1:172.21.15.107:6789/0] conn(0x7f4898107ca0 0x7f48981080c0 unknown :-1 s=BANNER_CONNECTING pgs=0 cs=0 l=0 rev1=0 crypto rx=0 tx=0 comp rx=0 tx=0)._handle_peer_banner_payload supported=3 required=0
2024-04-24T23:35:52.769 INFO:teuthology.orchestra.run.smithi107.stdout:/usr/bin/ceph: stderr
2024-04-24T23:35:51.726+0000 7f48977fe700 1 --2- >> [v2:172.21.15.107:3300/0,v1:172.21.15.107:6789/0] conn(0x7f4898107ca0 0x7f48981080c0 unknown :-1 s=HELLO_CONNECTING pgs=0 cs=0 l=0 rev1=1 crypto rx=0 tx=0 comp rx=0 tx=0).handle_hello peer v2:172.21.15.107:3300/0 says I am v2:172.21.15.107:42316/0 (socket says 172.21.15.107:42316)
2024-04-24T23:35:52.769 INFO:teuthology.orchestra.run.smithi107.stdout:/usr/bin/ceph: stderr
2024-04-24T23:35:51.726+0000 7f48977fe700 1 -- 172.21.15.107:0/3666551077 learned_addr learned my addr 172.21.15.107:0/3666551077 (peer_addr_for_me v2:172.21.15.107:0/0)
2024-04-24T23:35:52.769 INFO:teuthology.orchestra.run.smithi107.stdout:/usr/bin/ceph: stderr
2024-04-24T23:35:51.726+0000 7f48977fe700 1 -- 172.21.15.107:0/3666551077 --> [v2:172.21.15.107:3300/0,v1:172.21.15.107:6789/0] -- mon_subscribe({config=0+,monmap=0+}) -- 0x7f4898108e50 con 0x7f4898107ca0
2024-04-24T23:35:52.769 INFO:teuthology.orchestra.run.smithi107.stdout:/usr/bin/ceph: stderr
2024-04-24T23:35:51.726+0000 7f48977fe700 1 --2- 172.21.15.107:0/3666551077 >> [v2:172.21.15.107:3300/0,v1:172.21.15.107:6789/0] conn(0x7f4898107ca0 0x7f48981080c0 secure :-1 s=READY pgs=72 cs=0 l=1 rev1=1 crypto rx=0x7f48880098a0 tx=0x7f4888009bb0 comp rx=0 tx=0).ready entity=mon.0 client_cookie=85059c30529058c server_cookie=0 in_seq=0 out_seq=0
2024-04-24T23:35:52.769 INFO:teuthology.orchestra.run.smithi107.stdout:/usr/bin/ceph: stderr
2024-04-24T23:35:51.726+0000 7f48967fc700 1 -- 172.21.15.107:0/3666551077 <== mon.0 v2:172.21.15.107:3300/0 1 ==== mon_map magic: 0 ==== 205+0+0 (secure 0 0 0) 0x7f4888004160 con 0x7f4898107ca0
2024-04-24T23:35:52.769 INFO:teuthology.orchestra.run.smithi107.stdout:/usr/bin/ceph: stderr
2024-04-24T23:35:51.727+0000 7f48967fc700 1 -- 172.21.15.107:0/3666551077 <== mon.0 v2:172.21.15.107:3300/0 2 ==== config(27 keys) ==== 1140+0+0 (secure 0 0 0) 0x7f4888004300 con 0x7f4898107ca0
2024-04-24T23:35:52.769 INFO:teuthology.orchestra.run.smithi107.stdout:/usr/bin/ceph: stderr
2024-04-24T23:35:51.727+0000 7f48967fc700 1 -- 172.21.15.107:0/3666551077 <== mon.0 v2:172.21.15.107:3300/0 3 ==== mon_map magic: 0 ==== 205+0+0 (secure 0 0 0) 0x7f4888011b20 con 0x7f4898107ca0
2024-04-24T23:35:52.769 INFO:teuthology.orchestra.run.smithi107.stdout:/usr/bin/ceph: stderr
2024-04-24T23:35:51.727+0000 7f489da72700 1 -- 172.21.15.107:0/3666551077 >> [v2:172.21.15.107:3300/0,v1:172.21.15.107:6789/0] conn(0x7f4898107ca0 msgr2=0x7f48981080c0 secure :-1 s=STATE_CONNECTION_ESTABLISHED l=1).mark_down
