2024-04-24T23:37:38.689 INFO:teuthology.orchestra.run.smithi112.stdout:/usr/bin/ceph: stderr
2024-04-24T23:37:37.890+0000 7f1c56b8e700 1 -- 172.21.15.112:0/488529925 >> [v2:172.21.15.112:3300/0,v1:172.21.15.112:6789/0] conn(0x7f1c50106120 msgr2=0x7f1c5019bed0 secure :-1 s=STATE_CONNECTION_ESTABLISHED l=1).mark_down
2024-04-24T23:37:38.689 INFO:teuthology.orchestra.run.smithi112.stdout:/usr/bin/ceph: stderr
2024-04-24T23:37:37.890+0000 7f1c56b8e700 1 --2- 172.21.15.112:0/488529925 >> [v2:172.21.15.112:3300/0,v1:172.21.15.112:6789/0] conn(0x7f1c50106120 0x7f1c5019bed0 secure :-1 s=READY pgs=52 cs=0 l=1 rev1=1 crypto rx=0x7f1c44011770 tx=0x7f1c44011bc0 comp rx=0 tx=0).stop
2024-04-24T23:37:38.689 INFO:teuthology.orchestra.run.smithi112.stdout:/usr/bin/ceph: stderr
2024-04-24T23:37:37.890+0000 7f1c56b8e700 1 -- 172.21.15.112:0/488529925 shutdown_connections
2024-04-24T23:37:38.689 INFO:teuthology.orchestra.run.smithi112.stdout:/usr/bin/ceph: stderr
2024-04-24T23:37:37.890+0000 7f1c56b8e700 1 --2- 172.21.15.112:0/488529925 >> [v2:172.21.15.112:6800/1753549020,v1:172.21.15.112:6801/1753549020] conn(0x7f1c40039000 0x7f1c4003b4c0 unknown :-1 s=CLOSED pgs=15 cs=0 l=1 rev1=1 crypto rx=0 tx=0 comp rx=0 tx=0).stop
2024-04-24T23:37:38.690 INFO:teuthology.orchestra.run.smithi112.stdout:/usr/bin/ceph: stderr
2024-04-24T23:37:37.890+0000 7f1c56b8e700 1 --2- 172.21.15.112:0/488529925 >> [v2:172.21.15.112:3300/0,v1:172.21.15.112:6789/0] conn(0x7f1c50106120 0x7f1c5019bed0 unknown :-1 s=CLOSED pgs=52 cs=0 l=1 rev1=1 crypto rx=0 tx=0 comp rx=0 tx=0).stop
2024-04-24T23:37:38.690 INFO:teuthology.orchestra.run.smithi112.stdout:/usr/bin/ceph: stderr
2024-04-24T23:37:37.890+0000 7f1c56b8e700 1 -- 172.21.15.112:0/488529925 >> 172.21.15.112:0/488529925 conn(0x7f1c50101aa0 msgr2=0x7f1c501025d0 unknown :-1 s=STATE_NONE l=0).mark_down
2024-04-24T23:37:38.690 INFO:teuthology.orchestra.run.smithi112.stdout:/usr/bin/ceph: stderr
2024-04-24T23:37:37.890+0000 7f1c56b8e700 1 -- 172.21.15.112:0/488529925 shutdown_connections
2024-04-24T23:37:38.690 INFO:teuthology.orchestra.run.smithi112.stdout:/usr/bin/ceph: stderr
2024-04-24T23:37:37.890+0000 7f1c56b8e700 1 -- 172.21.15.112:0/488529925 wait complete.
2024-04-24T23:37:38.690 INFO:teuthology.orchestra.run.smithi112.stdout:Enabling the dashboard module...
2024-04-24T23:37:39.071 INFO:journalctl@ceph.mon.a.smithi112.stdout:Apr 24 23:37:38 smithi112 ceph-mon[29223]: from='client.? 172.21.15.112:0/488529925' entity='client.admin'
2024-04-24T23:37:40.218 INFO:journalctl@ceph.mon.a.smithi112.stdout:Apr 24 23:37:39 smithi112 ceph-mon[29223]: from='client.? 172.21.15.112:0/1486953379' entity='client.admin' cmd=[{"prefix": "mgr module enable", "module": "dashboard"}]: dispatch
2024-04-24T23:37:40.218 INFO:journalctl@ceph.mon.a.smithi112.stdout:Apr 24 23:37:39 smithi112 ceph-mon[29223]: from='mgr.14118 172.21.15.112:0/289181855' entity='mgr.x'
2024-04-24T23:37:40.218 INFO:journalctl@ceph.mgr.x.smithi112.stdout:Apr 24 23:37:39 smithi112 ceph-5b74b9f4-0293-11ef-bc93-c7b262605968-mgr-x[29455]: ignoring --setuser ceph since I am not root
2024-04-24T23:37:40.218 INFO:journalctl@ceph.mgr.x.smithi112.stdout:Apr 24 23:37:39 smithi112 ceph-5b74b9f4-0293-11ef-bc93-c7b262605968-mgr-x[29455]: ignoring --setgroup ceph since I am not root
2024-04-24T23:37:40.218 INFO:journalctl@ceph.mgr.x.smithi112.stdout:Apr 24 23:37:40 smithi112 ceph-5b74b9f4-0293-11ef-bc93-c7b262605968-mgr-x[29455]:
2024-04-24T23:37:40.077+0000 7f5b58257200 -1 mgr[py] Module balancer has missing NOTIFY_TYPES member
2024-04-24T23:37:40.459 INFO:teuthology.orchestra.run.smithi112.stdout:/usr/bin/ceph: stderr
2024-04-24T23:37:39.089+0000 7f30b281a700 1 Processor -- start
2024-04-24T23:37:40.459 INFO:teuthology.orchestra.run.smithi112.stdout:/usr/bin/ceph: stderr
2024-04-24T23:37:39.089+0000 7f30b281a700 1 -- start start
2024-04-24T23:37:40.459 INFO:teuthology.orchestra.run.smithi112.stdout:/usr/bin/ceph: stderr
2024-04-24T23:37:39.089+0000 7f30b281a700 1 --2- >> [v2:172.21.15.112:3300/0,v1:172.21.15.112:6789/0] conn(0x7f30ac108960 0x7f30ac10ad50 unknown :-1 s=NONE pgs=0 cs=0 l=0 rev1=0 crypto rx=0 tx=0 comp rx=0 tx=0).connect
2024-04-24T23:37:40.459 INFO:teuthology.orchestra.run.smithi112.stdout:/usr/bin/ceph: stderr
2024-04-24T23:37:39.090+0000 7f30b281a700 1 -- --> [v2:172.21.15.112:3300/0,v1:172.21.15.112:6789/0] -- mon_getmap magic: 0 -- 0x7f30ac07be60 con 0x7f30ac108960
2024-04-24T23:37:40.459 INFO:teuthology.orchestra.run.smithi112.stdout:/usr/bin/ceph: stderr
2024-04-24T23:37:39.090+0000 7f30abfff700 1 --2- >> [v2:172.21.15.112:3300/0,v1:172.21.15.112:6789/0] conn(0x7f30ac108960 0x7f30ac10ad50 unknown :-1 s=BANNER_CONNECTING pgs=0 cs=0 l=0 rev1=0 crypto rx=0 tx=0 comp rx=0 tx=0)._handle_peer_banner_payload supported=3 required=0
2024-04-24T23:37:40.460 INFO:teuthology.orchestra.run.smithi112.stdout:/usr/bin/ceph: stderr
2024-04-24T23:37:39.090+0000 7f30abfff700 1 --2- >> [v2:172.21.15.112:3300/0,v1:172.21.15.112:6789/0] conn(0x7f30ac108960 0x7f30ac10ad50 unknown :-1 s=HELLO_CONNECTING pgs=0 cs=0 l=0 rev1=1 crypto rx=0 tx=0 comp rx=0 tx=0).handle_hello peer v2:172.21.15.112:3300/0 says I am v2:172.21.15.112:57730/0 (socket says 172.21.15.112:57730)
2024-04-24T23:37:40.460 INFO:teuthology.orchestra.run.smithi112.stdout:/usr/bin/ceph: stderr
2024-04-24T23:37:39.090+0000 7f30abfff700 1 -- 172.21.15.112:0/3335391492 learned_addr learned my addr 172.21.15.112:0/3335391492 (peer_addr_for_me v2:172.21.15.112:0/0)
2024-04-24T23:37:40.460 INFO:teuthology.orchestra.run.smithi112.stdout:/usr/bin/ceph: stderr
2024-04-24T23:37:39.090+0000 7f30abfff700 1 -- 172.21.15.112:0/3335391492 --> [v2:172.21.15.112:3300/0,v1:172.21.15.112:6789/0] -- mon_subscribe({config=0+,monmap=0+}) -- 0x7f30ac10b290 con 0x7f30ac108960
2024-04-24T23:37:40.460 INFO:teuthology.orchestra.run.smithi112.stdout:/usr/bin/ceph: stderr
2024-04-24T23:37:39.090+0000 7f30abfff700 1 --2- 172.21.15.112:0/3335391492 >> [v2:172.21.15.112:3300/0,v1:172.21.15.112:6789/0] conn(0x7f30ac108960 0x7f30ac10ad50 secure :-1 s=READY pgs=53 cs=0 l=1 rev1=1 crypto rx=0x7f30a00098a0 tx=0x7f30a0009bb0 comp rx=0 tx=0).ready entity=mon.0 client_cookie=bbe77d46460817d0 server_cookie=0 in_seq=0 out_seq=0
2024-04-24T23:37:40.460 INFO:teuthology.orchestra.run.smithi112.stdout:/usr/bin/ceph: stderr
2024-04-24T23:37:39.090+0000 7f30aaffd700 1 -- 172.21.15.112:0/3335391492 <== mon.0 v2:172.21.15.112:3300/0 1 ==== mon_map magic: 0 ==== 205+0+0 (secure 0 0 0) 0x7f30a0004160 con 0x7f30ac108960
2024-04-24T23:37:40.460 INFO:teuthology.orchestra.run.smithi112.stdout:/usr/bin/ceph: stderr
2024-04-24T23:37:39.090+0000 7f30aaffd700 1 -- 172.21.15.112:0/3335391492 <== mon.0 v2:172.21.15.112:3300/0 2 ==== config(28 keys) ==== 1171+0+0 (secure 0 0 0) 0x7f30a0004300 con 0x7f30ac108960
2024-04-24T23:37:40.460 INFO:teuthology.orchestra.run.smithi112.stdout:/usr/bin/ceph: stderr
2024-04-24T23:37:39.090+0000 7f30aaffd700 1 -- 172.21.15.112:0/3335391492 <== mon.0 v2:172.21.15.112:3300/0 3 ==== mon_map magic: 0 ==== 205+0+0 (secure 0 0 0) 0x7f30a0011bb0 con 0x7f30ac108960
2024-04-24T23:37:40.460 INFO:teuthology.orchestra.run.smithi112.stdout:/usr/bin/ceph: stderr
2024-04-24T23:37:39.091+0000 7f30b281a700 1 -- 172.21.15.112:0/3335391492 >> [v2:172.21.15.112:3300/0,v1:172.21.15.112:6789/0] conn(0x7f30ac108960 msgr2=0x7f30ac10ad50 secure :-1 s=STATE_CONNECTION_ESTABLISHED l=1).mark_down
2024-04-24T23:37:40.460 INFO:teuthology.orchestra.run.smithi112.stdout:/usr/bin/ceph: stderr
2024-04-24T23:37:39.091+0000 7f30b281a700 1 --2- 172.21.15.112:0/3335391492 >> [v2:172.21.15.112:3300/0,v1:172.21.15.112:6789/0] conn(0x7f30ac108960 0x7f30ac10ad50 secure :-1 s=READY pgs=53 cs=0 l=1 rev1=1 crypto rx=0x7f30a00098a0 tx=0x7f30a0009bb0 comp rx=0 tx=0).stop
2024-04-24T23:37:40.460 INFO:teuthology.orchestra.run.smithi112.stdout:/usr/bin/ceph: stderr
2024-04-24T23:37:39.091+0000 7f30b281a700 1 -- 172.21.15.112:0/3335391492 shutdown_connections
2024-04-24T23:37:40.460 INFO:teuthology.orchestra.run.smithi112.stdout:/usr/bin/ceph: stderr
2024-04-24T23:37:39.091+0000 7f30b281a700 1 --2- 172.21.15.112:0/3335391492 >> [v2:172.21.15.112:3300/0,v1:172.21.15.112:6789/0] conn(0x7f30ac108960 0x7f30ac10ad50 unknown :-1 s=CLOSED pgs=53 cs=0 l=1 rev1=1 crypto rx=0 tx=0 comp rx=0 tx=0).stop
2024-04-24T23:37:40.460 INFO:teuthology.orchestra.run.smithi112.stdout:/usr/bin/ceph: stderr
2024-04-24T23:37:39.091+0000 7f30b281a700 1 -- 172.21.15.112:0/3335391492 >> 172.21.15.112:0/3335391492 conn(0x7f30ac102350 msgr2=0x7f30ac104790 unknown :-1 s=STATE_NONE l=0).mark_down
2024-04-24T23:37:40.460 INFO:teuthology.orchestra.run.smithi112.stdout:/usr/bin/ceph: stderr
2024-04-24T23:37:39.091+0000 7f30b281a700 1 -- 172.21.15.112:0/3335391492 shutdown_connections
2024-04-24T23:37:40.460 INFO:teuthology.orchestra.run.smithi112.stdout:/usr/bin/ceph: stderr
2024-04-24T23:37:39.091+0000 7f30b281a700 1 -- 172.21.15.112:0/3335391492 wait complete.
2024-04-24T23:37:40.461 INFO:teuthology.orchestra.run.smithi112.stdout:/usr/bin/ceph: stderr
2024-04-24T23:37:39.091+0000 7f30b281a700 1 Processor -- start
2024-04-24T23:37:40.461 INFO:teuthology.orchestra.run.smithi112.stdout:/usr/bin/ceph: stderr
2024-04-24T23:37:39.092+0000 7f30b281a700 1 -- start start
2024-04-24T23:37:40.461 INFO:teuthology.orchestra.run.smithi112.stdout:/usr/bin/ceph: stderr
2024-04-24T23:37:39.092+0000 7f30b281a700 1 --2- >> [v2:172.21.15.112:3300/0,v1:172.21.15.112:6789/0] conn(0x7f30ac108960 0x7f30ac1081e0 unknown :-1 s=NONE pgs=0 cs=0 l=1 rev1=0 crypto rx=0 tx=0 comp rx=0 tx=0).connect
2024-04-24T23:37:40.461 INFO:teuthology.orchestra.run.smithi112.stdout:/usr/bin/ceph: stderr
2024-04-24T23:37:39.092+0000 7f30b281a700 1 -- --> [v2:172.21.15.112:3300/0,v1:172.21.15.112:6789/0] -- mon_getmap magic: 0 -- 0x7f30ac10c350 con 0x7f30ac108960
2024-04-24T23:37:40.461 INFO:teuthology.orchestra.run.smithi112.stdout:/usr/bin/ceph: stderr
2024-04-24T23:37:39.092+0000 7f30abfff700 1 --2- >> [v2:172.21.15.112:3300/0,v1:172.21.15.112:6789/0] conn(0x7f30ac108960 0x7f30ac1081e0 unknown :-1 s=BANNER_CONNECTING pgs=0 cs=0 l=1 rev1=0 crypto rx=0 tx=0 comp rx=0 tx=0)._handle_peer_banner_payload supported=3 required=0
2024-04-24T23:37:40.461 INFO:teuthology.orchestra.run.smithi112.stdout:/usr/bin/ceph: stderr
2024-04-24T23:37:39.092+0000 7f30abfff700 1 --2- >> [v2:172.21.15.112:3300/0,v1:172.21.15.112:6789/0] conn(0x7f30ac108960 0x7f30ac1081e0 unknown :-1 s=HELLO_CONNECTING pgs=0 cs=0 l=1 rev1=1 crypto rx=0 tx=0 comp rx=0 tx=0).handle_hello peer v2:172.21.15.112:3300/0 says I am v2:172.21.15.112:57736/0 (socket says 172.21.15.112:57736)
2024-04-24T23:37:40.461 INFO:teuthology.orchestra.run.smithi112.stdout:/usr/bin/ceph: stderr
2024-04-24T23:37:39.092+0000 7f30abfff700 1 -- 172.21.15.112:0/1486953379 learned_addr learned my addr 172.21.15.112:0/1486953379 (peer_addr_for_me v2:172.21.15.112:0/0)
2024-04-24T23:37:40.461 INFO:teuthology.orchestra.run.smithi112.stdout:/usr/bin/ceph: stderr
2024-04-24T23:37:39.092+0000 7f30abfff700 1 -- 172.21.15.112:0/1486953379 --> [v2:172.21.15.112:3300/0,v1:172.21.15.112:6789/0] -- mon_subscribe({config=0+,monmap=0+}) -- 0x7f30ac108720 con 0x7f30ac108960
2024-04-24T23:37:40.461 INFO:teuthology.orchestra.run.smithi112.stdout:/usr/bin/ceph: stderr
2024-04-24T23:37:39.092+0000 7f30abfff700 1 --2- 172.21.15.112:0/1486953379 >> [v2:172.21.15.112:3300/0,v1:172.21.15.112:6789/0] conn(0x7f30ac108960 0x7f30ac1081e0 secure :-1 s=READY pgs=54 cs=0 l=1 rev1=1 crypto rx=0x7f30a0011770 tx=0x7f30a0011bc0 comp rx=0 tx=0).ready entity=mon.0 client_cookie=0 server_cookie=0 in_seq=0 out_seq=0
2024-04-24T23:37:40.461 INFO:teuthology.orchestra.run.smithi112.stdout:/usr/bin/ceph: stderr
2024-04-24T23:37:39.093+0000 7f30a97fa700 1 -- 172.21.15.112:0/1486953379 <== mon.0 v2:172.21.15.112:3300/0 1 ==== mon_map magic: 0 ==== 205+0+0 (secure 0 0 0) 0x7f30a00039c0 con 0x7f30ac108960
2024-04-24T23:37:40.461 INFO:teuthology.orchestra.run.smithi112.stdout:/usr/bin/ceph: stderr
2024-04-24T23:37:39.093+0000 7f30b281a700 1 -- 172.21.15.112:0/1486953379 --> [v2:172.21.15.112:3300/0,v1:172.21.15.112:6789/0] -- mon_subscribe({mgrmap=0+}) -- 0x7f30ac106910 con 0x7f30ac108960
2024-04-24T23:37:40.461 INFO:teuthology.orchestra.run.smithi112.stdout:/usr/bin/ceph: stderr
2024-04-24T23:37:39.093+0000 7f30a97fa700 1 -- 172.21.15.112:0/1486953379 <== mon.0 v2:172.21.15.112:3300/0 2 ==== config(28 keys) ==== 1171+0+0 (secure 0 0 0) 0x7f30a0003b60 con 0x7f30ac108960
2024-04-24T23:37:40.462 INFO:teuthology.orchestra.run.smithi112.stdout:/usr/bin/ceph: stderr
2024-04-24T23:37:39.093+0000 7f30a97fa700 1 -- 172.21.15.112:0/1486953379 <== mon.0 v2:172.21.15.112:3300/0 3 ==== mon_map magic: 0 ==== 205+0+0 (secure 0 0 0) 0x7f30a001a720 con 0x7f30ac108960
2024-04-24T23:37:40.462 INFO:teuthology.orchestra.run.smithi112.stdout:/usr/bin/ceph: stderr
2024-04-24T23:37:39.093+0000 7f30b281a700 1 -- 172.21.15.112:0/1486953379 --> [v2:172.21.15.112:3300/0,v1:172.21.15.112:6789/0] -- mon_subscribe({osdmap=0}) -- 0x7f30ac106e50 con 0x7f30ac108960
2024-04-24T23:37:40.462 INFO:teuthology.orchestra.run.smithi112.stdout:/usr/bin/ceph: stderr
2024-04-24T23:37:39.093+0000 7f30a97fa700 1 -- 172.21.15.112:0/1486953379 <== mon.0 v2:172.21.15.112:3300/0 4 ==== mgrmap(e 8) ==== 46287+0+0 (secure 0 0 0) 0x7f30a001aa20 con 0x7f30ac108960
2024-04-24T23:37:40.462 INFO:teuthology.orchestra.run.smithi112.stdout:/usr/bin/ceph: stderr
2024-04-24T23:37:39.094+0000 7f30b281a700 1 -- 172.21.15.112:0/1486953379 --> [v2:172.21.15.112:3300/0,v1:172.21.15.112:6789/0] -- mon_command({"prefix": "get_command_descriptions"} v 0) -- 0x7f30ac063890 con 0x7f30ac108960
2024-04-24T23:37:40.462 INFO:teuthology.orchestra.run.smithi112.stdout:/usr/bin/ceph: stderr
2024-04-24T23:37:39.094+0000 7f30a97fa700 1 --2- 172.21.15.112:0/1486953379 >> [v2:172.21.15.112:6800/1753549020,v1:172.21.15.112:6801/1753549020] conn(0x7f3094039000 0x7f309403b4c0 unknown :-1 s=NONE pgs=0 cs=0 l=1 rev1=0 crypto rx=0 tx=0 comp rx=0 tx=0).connect
2024-04-24T23:37:40.462 INFO:teuthology.orchestra.run.smithi112.stdout:/usr/bin/ceph: stderr
2024-04-24T23:37:39.094+0000 7f30a97fa700 1 -- 172.21.15.112:0/1486953379 <== mon.0 v2:172.21.15.112:3300/0 5 ==== osd_map(2..2 src has 1..2) ==== 940+0+0 (secure 0 0 0) 0x7f30a004d680 con 0x7f30ac108960
2024-04-24T23:37:40.462 INFO:teuthology.orchestra.run.smithi112.stdout:/usr/bin/ceph: stderr
2024-04-24T23:37:39.094+0000 7f30ab7fe700 1 --2- 172.21.15.112:0/1486953379 >> [v2:172.21.15.112:6800/1753549020,v1:172.21.15.112:6801/1753549020] conn(0x7f3094039000 0x7f309403b4c0 unknown :-1 s=BANNER_CONNECTING pgs=0 cs=0 l=1 rev1=0 crypto rx=0 tx=0 comp rx=0 tx=0)._handle_peer_banner_payload supported=3 required=0
2024-04-24T23:37:40.462 INFO:teuthology.orchestra.run.smithi112.stdout:/usr/bin/ceph: stderr
2024-04-24T23:37:39.094+0000 7f30ab7fe700 1 --2- 172.21.15.112:0/1486953379 >> [v2:172.21.15.112:6800/1753549020,v1:172.21.15.112:6801/1753549020] conn(0x7f3094039000 0x7f309403b4c0 secure :-1 s=READY pgs=16 cs=0 l=1 rev1=1 crypto rx=0x7f309c006fd0 tx=0x7f309c006e40 comp rx=0 tx=0).ready entity=mgr.14118 client_cookie=0 server_cookie=0 in_seq=0 out_seq=0
2024-04-24T23:37:40.462 INFO:teuthology.orchestra.run.smithi112.stdout:/usr/bin/ceph: stderr
2024-04-24T23:37:39.099+0000 7f30a97fa700 1 -- 172.21.15.112:0/1486953379 <== mon.0 v2:172.21.15.112:3300/0 6 ==== mon_command_ack([{"prefix": "get_command_descriptions"}]=0 v0) ==== 72+0+186147 (secure 0 0 0) 0x7f30a001adc0 con 0x7f30ac108960
2024-04-24T23:37:40.462 INFO:teuthology.orchestra.run.smithi112.stdout:/usr/bin/ceph: stderr
2024-04-24T23:37:39.352+0000 7f30b281a700 1 -- 172.21.15.112:0/1486953379 --> [v2:172.21.15.112:3300/0,v1:172.21.15.112:6789/0] -- mon_command({"prefix": "mgr module enable", "module": "dashboard"} v 0) -- 0x7f30ac1070d0 con 0x7f30ac108960
2024-04-24T23:37:40.462 INFO:teuthology.orchestra.run.smithi112.stdout:/usr/bin/ceph: stderr
2024-04-24T23:37:39.891+0000 7f30a97fa700 1 -- 172.21.15.112:0/1486953379 <== mon.0 v2:172.21.15.112:3300/0 7 ==== mon_command_ack([{"prefix": "mgr module enable", "module": "dashboard"}]=0 v9) ==== 88+0+0 (secure 0 0 0) 0x7f30a002d930 con 0x7f30ac108960
2024-04-24T23:37:40.462 INFO:teuthology.orchestra.run.smithi112.stdout:/usr/bin/ceph: stderr
2024-04-24T23:37:39.893+0000 7f30a97fa700 1 -- 172.21.15.112:0/1486953379 <== mon.0 v2:172.21.15.112:3300/0 8 ==== mgrmap(e 9) ==== 46300+0+0 (secure 0 0 0) 0x7f30a002d3f0 con 0x7f30ac108960
2024-04-24T23:37:40.462 INFO:teuthology.orchestra.run.smithi112.stdout:/usr/bin/ceph: stderr
2024-04-24T23:37:39.894+0000 7f30b281a700 1 -- 172.21.15.112:0/1486953379 >> [v2:172.21.15.112:6800/1753549020,v1:172.21.15.112:6801/1753549020] conn(0x7f3094039000 msgr2=0x7f309403b4c0 secure :-1 s=STATE_CONNECTION_ESTABLISHED l=1).mark_down
2024-04-24T23:37:40.462 INFO:teuthology.orchestra.run.smithi112.stdout:/usr/bin/ceph: stderr
2024-04-24T23:37:39.894+0000 7f30b281a700 1 --2- 172.21.15.112:0/1486953379 >> [v2:172.21.15.112:6800/1753549020,v1:172.21.15.112:6801/1753549020] conn(0x7f3094039000 0x7f309403b4c0 secure :-1 s=READY pgs=16 cs=0 l=1 rev1=1 crypto rx=0x7f309c006fd0 tx=0x7f309c006e40 comp rx=0 tx=0).stop
2024-04-24T23:37:40.463 INFO:teuthology.orchestra.run.smithi112.stdout:/usr/bin/ceph: stderr
2024-04-24T23:37:39.894+0000 7f30b281a700 1 -- 172.21.15.112:0/1486953379 >> [v2:172.21.15.112:3300/0,v1:172.21.15.112:6789/0] conn(0x7f30ac108960 msgr2=0x7f30ac1081e0 secure :-1 s=STATE_CONNECTION_ESTABLISHED l=1).mark_down
2024-04-24T23:37:40.463 INFO:teuthology.orchestra.run.smithi112.stdout:/usr/bin/ceph: stderr
2024-04-24T23:37:39.894+0000 7f30b281a700 1 --2- 172.21.15.112:0/1486953379 >> [v2:172.21.15.112:3300/0,v1:172.21.15.112:6789/0] conn(0x7f30ac108960 0x7f30ac1081e0 secure :-1 s=READY pgs=54 cs=0 l=1 rev1=1 crypto rx=0x7f30a0011770 tx=0x7f30a0011bc0 comp rx=0 tx=0).stop
2024-04-24T23:37:40.463 INFO:teuthology.orchestra.run.smithi112.stdout:/usr/bin/ceph: stderr
2024-04-24T23:37:39.894+0000 7f30b281a700 1 -- 172.21.15.112:0/1486953379 shutdown_connections
2024-04-24T23:37:40.463 INFO:teuthology.orchestra.run.smithi112.stdout:/usr/bin/ceph: stderr
2024-04-24T23:37:39.894+0000 7f30b281a700 1 --2- 172.21.15.112:0/1486953379 >> [v2:172.21.15.112:6800/1753549020,v1:172.21.15.112:6801/1753549020] conn(0x7f3094039000 0x7f309403b4c0 unknown :-1 s=CLOSED pgs=16 cs=0 l=1 rev1=1 crypto rx=0 tx=0 comp rx=0 tx=0).stop
2024-04-24T23:37:40.463 INFO:teuthology.orchestra.run.smithi112.stdout:/usr/bin/ceph: stderr
2024-04-24T23:37:39.894+0000 7f30b281a700 1 --2- 172.21.15.112:0/1486953379 >> [v2:172.21.15.112:3300/0,v1:172.21.15.112:6789/0] conn(0x7f30ac108960 0x7f30ac1081e0 unknown :-1 s=CLOSED pgs=54 cs=0 l=1 rev1=1 crypto rx=0 tx=0 comp rx=0 tx=0).stop
2024-04-24T23:37:40.463 INFO:teuthology.orchestra.run.smithi112.stdout:/usr/bin/ceph: stderr
2024-04-24T23:37:39.894+0000 7f30b281a700 1 -- 172.21.15.112:0/1486953379 >> 172.21.15.112:0/1486953379 conn(0x7f30ac102350 msgr2=0x7f30ac102e90 unknown :-1 s=STATE_NONE l=0).mark_down
2024-04-24T23:37:40.463 INFO:teuthology.orchestra.run.smithi112.stdout:/usr/bin/ceph: stderr
2024-04-24T23:37:39.895+0000 7f30b281a700 1 -- 172.21.15.112:0/1486953379 shutdown_connections
2024-04-24T23:37:40.463 INFO:teuthology.orchestra.run.smithi112.stdout:/usr/bin/ceph: stderr
2024-04-24T23:37:39.895+0000 7f30b281a700 1 -- 172.21.15.112:0/1486953379 wait complete.
2024-04-24T23:37:40.577 INFO:journalctl@ceph.mgr.x.smithi112.stdout:Apr 24 23:37:40 smithi112 ceph-5b74b9f4-0293-11ef-bc93-c7b262605968-mgr-x[29455]:
2024-04-24T23:37:40.263+0000 7f5b58257200 -1 mgr[py] Module orchestrator has missing NOTIFY_TYPES member
2024-04-24T23:37:40.577 INFO:journalctl@ceph.mgr.x.smithi112.stdout:Apr 24 23:37:40 smithi112 ceph-5b74b9f4-0293-11ef-bc93-c7b262605968-mgr-x[29455]:
2024-04-24T23:37:40.366+0000 7f5b58257200 -1 mgr[py] Module snap_schedule has missing NOTIFY_TYPES member
2024-04-24T23:37:40.829 INFO:journalctl@ceph.mgr.x.smithi112.stdout:Apr 24 23:37:40 smithi112 ceph-5b74b9f4-0293-11ef-bc93-c7b262605968-mgr-x[29455]:
2024-04-24T23:37:40.683+0000 7f5b58257200 -1 mgr[py] Module progress has missing NOTIFY_TYPES member
2024-04-24T23:37:40.830 INFO:journalctl@ceph.mgr.x.smithi112.stdout:Apr 24 23:37:40 smithi112 ceph-5b74b9f4-0293-11ef-bc93-c7b262605968-mgr-x[29455]:
2024-04-24T23:37:40.770+0000 7f5b58257200 -1 mgr[py] Module influx has missing NOTIFY_TYPES member
2024-04-24T23:37:41.083 INFO:journalctl@ceph.mon.a.smithi112.stdout:Apr 24 23:37:40 smithi112 ceph-mon[29223]: from='client.? 172.21.15.112:0/1486953379' entity='client.admin' cmd='[{"prefix": "mgr module enable", "module": "dashboard"}]': finished
2024-04-24T23:37:41.084 INFO:journalctl@ceph.mon.a.smithi112.stdout:Apr 24 23:37:40 smithi112 ceph-mon[29223]: mgrmap e9: x(active, since 18s)
2024-04-24T23:37:41.691 INFO:teuthology.orchestra.run.smithi112.stdout:/usr/bin/ceph: stdout {
2024-04-24T23:37:41.691 INFO:teuthology.orchestra.run.smithi112.stdout:/usr/bin/ceph: stdout "epoch": 9,
2024-04-24T23:37:41.691 INFO:teuthology.orchestra.run.smithi112.stdout:/usr/bin/ceph: stdout "available": true,
2024-04-24T23:37:41.691 INFO:teuthology.orchestra.run.smithi112.stdout:/usr/bin/ceph: stdout "active_name": "x",
2024-04-24T23:37:41.691 INFO:teuthology.orchestra.run.smithi112.stdout:/usr/bin/ceph: stdout "num_standby": 0
2024-04-24T23:37:41.691 INFO:teuthology.orchestra.run.smithi112.stdout:/usr/bin/ceph: stdout }
2024-04-24T23:37:41.691 INFO:teuthology.orchestra.run.smithi112.stdout:/usr/bin/ceph: stderr
2024-04-24T23:37:40.872+0000 7f894a115700 1 Processor -- start
2024-04-24T23:37:41.691 INFO:teuthology.orchestra.run.smithi112.stdout:/usr/bin/ceph: stderr
2024-04-24T23:37:40.872+0000 7f894a115700 1 -- start start
2024-04-24T23:37:41.692 INFO:teuthology.orchestra.run.smithi112.stdout:/usr/bin/ceph: stderr
2024-04-24T23:37:40.872+0000 7f894a115700 1 --2- >> [v2:172.21.15.112:3300/0,v1:172.21.15.112:6789/0] conn(0x7f89441088e0 0x7f894410acd0 unknown :-1 s=NONE pgs=0 cs=0 l=0 rev1=0 crypto rx=0 tx=0 comp rx=0 tx=0).connect
2024-04-24T23:37:41.692 INFO:teuthology.orchestra.run.smithi112.stdout:/usr/bin/ceph: stderr
2024-04-24T23:37:40.872+0000 7f894a115700 1 -- --> [v2:172.21.15.112:3300/0,v1:172.21.15.112:6789/0] -- mon_getmap magic: 0 -- 0x7f894407bea0 con 0x7f89441088e0
2024-04-24T23:37:41.692 INFO:teuthology.orchestra.run.smithi112.stdout:/usr/bin/ceph: stderr
2024-04-24T23:37:40.872+0000 7f89437fe700 1 --2- >> [v2:172.21.15.112:3300/0,v1:172.21.15.112:6789/0] conn(0x7f89441088e0 0x7f894410acd0 unknown :-1 s=BANNER_CONNECTING pgs=0 cs=0 l=0 rev1=0 crypto rx=0 tx=0 comp rx=0 tx=0)._handle_peer_banner_payload supported=3 required=0
2024-04-24T23:37:41.692 INFO:teuthology.orchestra.run.smithi112.stdout:/usr/bin/ceph: stderr
2024-04-24T23:37:40.872+0000 7f89437fe700 1 --2- >> [v2:172.21.15.112:3300/0,v1:172.21.15.112:6789/0] conn(0x7f89441088e0 0x7f894410acd0 unknown :-1 s=HELLO_CONNECTING pgs=0 cs=0 l=0 rev1=1 crypto rx=0 tx=0 comp rx=0 tx=0).handle_hello peer v2:172.21.15.112:3300/0 says I am v2:172.21.15.112:54746/0 (socket says 172.21.15.112:54746)
2024-04-24T23:37:41.692 INFO:teuthology.orchestra.run.smithi112.stdout:/usr/bin/ceph: stderr
2024-04-24T23:37:40.872+0000 7f89437fe700 1 -- 172.21.15.112:0/2841191511 learned_addr learned my addr 172.21.15.112:0/2841191511 (peer_addr_for_me v2:172.21.15.112:0/0)
2024-04-24T23:37:41.692 INFO:teuthology.orchestra.run.smithi112.stdout:/usr/bin/ceph: stderr
2024-04-24T23:37:40.873+0000 7f89437fe700 1 -- 172.21.15.112:0/2841191511 --> [v2:172.21.15.112:3300/0,v1:172.21.15.112:6789/0] -- mon_subscribe({config=0+,monmap=0+}) -- 0x7f894410b210 con 0x7f89441088e0
2024-04-24T23:37:41.692 INFO:teuthology.orchestra.run.smithi112.stdout:/usr/bin/ceph: stderr
2024-04-24T23:37:40.873+0000 7f89437fe700 1 --2- 172.21.15.112:0/2841191511 >> [v2:172.21.15.112:3300/0,v1:172.21.15.112:6789/0] conn(0x7f89441088e0 0x7f894410acd0 secure :-1 s=READY pgs=57 cs=0 l=1 rev1=1 crypto rx=0x7f89380098a0 tx=0x7f8938009bb0 comp rx=0 tx=0).ready entity=mon.0 client_cookie=cc50d7e4eddbf943 server_cookie=0 in_seq=0 out_seq=0
2024-04-24T23:37:41.692 INFO:teuthology.orchestra.run.smithi112.stdout:/usr/bin/ceph: stderr
2024-04-24T23:37:40.873+0000 7f89427fc700 1 -- 172.21.15.112:0/2841191511 <== mon.0 v2:172.21.15.112:3300/0 1 ==== mon_map magic: 0 ==== 205+0+0 (secure 0 0 0) 0x7f8938004160 con 0x7f89441088e0
2024-04-24T23:37:41.692 INFO:teuthology.orchestra.run.smithi112.stdout:/usr/bin/ceph: stderr
2024-04-24T23:37:40.873+0000 7f89427fc700 1 -- 172.21.15.112:0/2841191511 <== mon.0 v2:172.21.15.112:3300/0 2 ==== config(28 keys) ==== 1171+0+0 (secure 0 0 0) 0x7f8938004300 con 0x7f89441088e0
2024-04-24T23:37:41.692 INFO:teuthology.orchestra.run.smithi112.stdout:/usr/bin/ceph: stderr
2024-04-24T23:37:40.873+0000 7f89427fc700 1 -- 172.21.15.112:0/2841191511 <== mon.0 v2:172.21.15.112:3300/0 3 ==== mon_map magic: 0 ==== 205+0+0 (secure 0 0 0) 0x7f8938011bb0 con 0x7f89441088e0
2024-04-24T23:37:41.692 INFO:teuthology.orchestra.run.smithi112.stdout:/usr/bin/ceph: stderr
2024-04-24T23:37:40.874+0000 7f894a115700 1 -- 172.21.15.112:0/2841191511 >> [v2:172.21.15.112:3300/0,v1:172.21.15.112:6789/0] conn(0x7f89441088e0 msgr2=0x7f894410acd0 secure :-1 s=STATE_CONNECTION_ESTABLISHED l=1).mark_down
2024-04-24T23:37:41.692 INFO:teuthology.orchestra.run.smithi112.stdout:/usr/bin/ceph: stderr
2024-04-24T23:37:40.874+0000 7f894a115700 1 --2- 172.21.15.112:0/2841191511 >> [v2:172.21.15.112:3300/0,v1:172.21.15.112:6789/0] conn(0x7f89441088e0 0x7f894410acd0 secure :-1 s=READY pgs=57 cs=0 l=1 rev1=1 crypto rx=0x7f89380098a0 tx=0x7f8938009bb0 comp rx=0 tx=0).stop
2024-04-24T23:37:41.692 INFO:teuthology.orchestra.run.smithi112.stdout:/usr/bin/ceph: stderr
2024-04-24T23:37:40.874+0000 7f894a115700 1 -- 172.21.15.112:0/2841191511 shutdown_connections
2024-04-24T23:37:41.693 INFO:teuthology.orchestra.run.smithi112.stdout:/usr/bin/ceph: stderr
2024-04-24T23:37:40.874+0000 7f894a115700 1 --2- 172.21.15.112:0/2841191511 >> [v2:172.21.15.112:3300/0,v1:172.21.15.112:6789/0] conn(0x7f89441088e0 0x7f894410acd0 unknown :-1 s=CLOSED pgs=57 cs=0 l=1 rev1=1 crypto rx=0 tx=0 comp rx=0 tx=0).stop
2024-04-24T23:37:41.693 INFO:teuthology.orchestra.run.smithi112.stdout:/usr/bin/ceph: stderr
2024-04-24T23:37:40.874+0000 7f894a115700 1 -- 172.21.15.112:0/2841191511 >> 172.21.15.112:0/2841191511 conn(0x7f89441022f0 msgr2=0x7f8944104750 unknown :-1 s=STATE_NONE l=0).mark_down
2024-04-24T23:37:41.693 INFO:teuthology.orchestra.run.smithi112.stdout:/usr/bin/ceph: stderr
2024-04-24T23:37:40.874+0000 7f894a115700 1 -- 172.21.15.112:0/2841191511 shutdown_connections
2024-04-24T23:37:41.693 INFO:teuthology.orchestra.run.smithi112.stdout:/usr/bin/ceph: stderr
2024-04-24T23:37:40.874+0000 7f894a115700 1 -- 172.21.15.112:0/2841191511 wait complete.
2024-04-24T23:37:41.693 INFO:teuthology.orchestra.run.smithi112.stdout:/usr/bin/ceph: stderr
2024-04-24T23:37:40.875+0000 7f894a115700 1 Processor -- start
2024-04-24T23:37:41.693 INFO:teuthology.orchestra.run.smithi112.stdout:/usr/bin/ceph: stderr
2024-04-24T23:37:40.875+0000 7f894a115700 1 -- start start
2024-04-24T23:37:41.693 INFO:teuthology.orchestra.run.smithi112.stdout:/usr/bin/ceph: stderr
2024-04-24T23:37:40.875+0000 7f894a115700 1 --2- >> [v2:172.21.15.112:3300/0,v1:172.21.15.112:6789/0] conn(0x7f89441088e0 0x7f894419be40 unknown :-1 s=NONE pgs=0 cs=0 l=1 rev1=0 crypto rx=0 tx=0 comp rx=0 tx=0).connect
2024-04-24T23:37:41.693 INFO:teuthology.orchestra.run.smithi112.stdout:/usr/bin/ceph: stderr
2024-04-24T23:37:40.875+0000 7f894a115700 1 -- --> [v2:172.21.15.112:3300/0,v1:172.21.15.112:6789/0] -- mon_getmap magic: 0 -- 0x7f894410c2e0 con 0x7f89441088e0
2024-04-24T23:37:41.693 INFO:teuthology.orchestra.run.smithi112.stdout:/usr/bin/ceph: stderr
2024-04-24T23:37:40.875+0000 7f89437fe700 1 --2- >> [v2:172.21.15.112:3300/0,v1:172.21.15.112:6789/0] conn(0x7f89441088e0 0x7f894419be40 unknown :-1 s=BANNER_CONNECTING pgs=0 cs=0 l=1 rev1=0 crypto rx=0 tx=0 comp rx=0 tx=0)._handle_peer_banner_payload supported=3 required=0
2024-04-24T23:37:41.693 INFO:teuthology.orchestra.run.smithi112.stdout:/usr/bin/ceph: stderr
2024-04-24T23:37:40.875+0000 7f89437fe700 1 --2- >> [v2:172.21.15.112:3300/0,v1:172.21.15.112:6789/0] conn(0x7f89441088e0 0x7f894419be40 unknown :-1 s=HELLO_CONNECTING pgs=0 cs=0 l=1 rev1=1 crypto rx=0 tx=0 comp rx=0 tx=0).handle_hello peer v2:172.21.15.112:3300/0 says I am v2:172.21.15.112:54762/0 (socket says 172.21.15.112:54762)
2024-04-24T23:37:41.693 INFO:teuthology.orchestra.run.smithi112.stdout:/usr/bin/ceph: stderr
2024-04-24T23:37:40.875+0000 7f89437fe700 1 -- 172.21.15.112:0/3908704417 learned_addr learned my addr 172.21.15.112:0/3908704417 (peer_addr_for_me v2:172.21.15.112:0/0)
2024-04-24T23:37:41.693 INFO:teuthology.orchestra.run.smithi112.stdout:/usr/bin/ceph: stderr
2024-04-24T23:37:40.875+0000 7f89437fe700 1 -- 172.21.15.112:0/3908704417 --> [v2:172.21.15.112:3300/0,v1:172.21.15.112:6789/0] -- mon_subscribe({config=0+,monmap=0+}) -- 0x7f894419c380 con 0x7f89441088e0
2024-04-24T23:37:41.693 INFO:teuthology.orchestra.run.smithi112.stdout:/usr/bin/ceph: stderr
2024-04-24T23:37:40.876+0000 7f89437fe700 1 --2- 172.21.15.112:0/3908704417 >> [v2:172.21.15.112:3300/0,v1:172.21.15.112:6789/0] conn(0x7f89441088e0 0x7f894419be40 secure :-1 s=READY pgs=58 cs=0 l=1 rev1=1 crypto rx=0x7f89380118b0 tx=0x7f8938011c70 comp rx=0 tx=0).ready entity=mon.0 client_cookie=0 server_cookie=0 in_seq=0 out_seq=0
2024-04-24T23:37:41.693 INFO:teuthology.orchestra.run.smithi112.stdout:/usr/bin/ceph: stderr
2024-04-24T23:37:40.876+0000 7f8940ff9700 1 -- 172.21.15.112:0/3908704417 <== mon.0 v2:172.21.15.112:3300/0 1 ==== mon_map magic: 0 ==== 205+0+0 (secure 0 0 0) 0x7f8938011e60 con 0x7f89441088e0
2024-04-24T23:37:41.693 INFO:teuthology.orchestra.run.smithi112.stdout:/usr/bin/ceph: stderr
2024-04-24T23:37:40.876+0000 7f8940ff9700 1 -- 172.21.15.112:0/3908704417 <== mon.0 v2:172.21.15.112:3300/0 2 ==== config(28 keys) ==== 1171+0+0 (secure 0 0 0) 0x7f8938003b20 con 0x7f89441088e0
2024-04-24T23:37:41.694 INFO:teuthology.orchestra.run.smithi112.stdout:/usr/bin/ceph: stderr
2024-04-24T23:37:40.876+0000 7f894a115700 1 -- 172.21.15.112:0/3908704417 --> [v2:172.21.15.112:3300/0,v1:172.21.15.112:6789/0] -- mon_subscribe({mgrmap=0+}) -- 0x7f894419c610 con 0x7f89441088e0
2024-04-24T23:37:41.694 INFO:teuthology.orchestra.run.smithi112.stdout:/usr/bin/ceph: stderr
2024-04-24T23:37:40.876+0000 7f8940ff9700 1 -- 172.21.15.112:0/3908704417 <== mon.0 v2:172.21.15.112:3300/0 3 ==== mon_map magic: 0 ==== 205+0+0 (secure 0 0 0) 0x7f89380247a0 con 0x7f89441088e0
2024-04-24T23:37:41.694 INFO:teuthology.orchestra.run.smithi112.stdout:/usr/bin/ceph: stderr
2024-04-24T23:37:40.876+0000 7f894a115700 1 -- 172.21.15.112:0/3908704417 --> [v2:172.21.15.112:3300/0,v1:172.21.15.112:6789/0] -- mon_subscribe({osdmap=0}) -- 0x7f894419f300 con 0x7f89441088e0
2024-04-24T23:37:41.694 INFO:teuthology.orchestra.run.smithi112.stdout:/usr/bin/ceph: stderr
2024-04-24T23:37:40.877+0000 7f8940ff9700 1 -- 172.21.15.112:0/3908704417 <== mon.0 v2:172.21.15.112:3300/0 4 ==== mgrmap(e 9) ==== 46300+0+0 (secure 0 0 0) 0x7f8938022020 con 0x7f89441088e0
2024-04-24T23:37:41.694 INFO:teuthology.orchestra.run.smithi112.stdout:/usr/bin/ceph: stderr
2024-04-24T23:37:40.877+0000 7f894a115700 1 -- 172.21.15.112:0/3908704417 --> [v2:172.21.15.112:3300/0,v1:172.21.15.112:6789/0] -- mon_command({"prefix": "get_command_descriptions"} v 0) -- 0x7f8944063890 con 0x7f89441088e0
2024-04-24T23:37:41.694 INFO:teuthology.orchestra.run.smithi112.stdout:/usr/bin/ceph: stderr
2024-04-24T23:37:40.877+0000 7f8940ff9700 1 --2- 172.21.15.112:0/3908704417 >> [v2:172.21.15.112:6800/1753549020,v1:172.21.15.112:6801/1753549020] conn(0x7f892c0390a0 0x7f892c03b560 unknown :-1 s=NONE pgs=0 cs=0 l=1 rev1=0 crypto rx=0 tx=0 comp rx=0 tx=0).connect
2024-04-24T23:37:41.694 INFO:teuthology.orchestra.run.smithi112.stdout:/usr/bin/ceph: stderr
2024-04-24T23:37:40.877+0000 7f8940ff9700 1 -- 172.21.15.112:0/3908704417 <== mon.0 v2:172.21.15.112:3300/0 5 ==== osd_map(2..2 src has 1..2) ==== 940+0+0 (secure 0 0 0) 0x7f893804d2c0 con 0x7f89441088e0
2024-04-24T23:37:41.694 INFO:teuthology.orchestra.run.smithi112.stdout:/usr/bin/ceph: stderr
2024-04-24T23:37:40.877+0000 7f8942ffd700 1 -- 172.21.15.112:0/3908704417 >> [v2:172.21.15.112:6800/1753549020,v1:172.21.15.112:6801/1753549020] conn(0x7f892c0390a0 msgr2=0x7f892c03b560 unknown :-1 s=STATE_CONNECTING_RE l=1).process reconnect failed to v2:172.21.15.112:6800/1753549020
2024-04-24T23:37:41.694 INFO:teuthology.orchestra.run.smithi112.stdout:/usr/bin/ceph: stderr
2024-04-24T23:37:40.877+0000 7f8942ffd700 1 --2- 172.21.15.112:0/3908704417 >> [v2:172.21.15.112:6800/1753549020,v1:172.21.15.112:6801/1753549020] conn(0x7f892c0390a0 0x7f892c03b560 unknown :-1 s=START_CONNECT pgs=0 cs=0 l=1 rev1=0 crypto rx=0 tx=0 comp rx=0 tx=0)._fault waiting 0.200000
2024-04-24T23:37:41.694 INFO:teuthology.orchestra.run.smithi112.stdout:/usr/bin/ceph: stderr
2024-04-24T23:37:40.882+0000 7f8940ff9700 1 -- 172.21.15.112:0/3908704417 <== mon.0 v2:172.21.15.112:3300/0 6 ==== mon_command_ack([{"prefix": "get_command_descriptions"}]=0 v0) ==== 72+0+186147 (secure 0 0 0) 0x7f8938020c10 con 0x7f89441088e0
2024-04-24T23:37:41.694 INFO:teuthology.orchestra.run.smithi112.stdout:/usr/bin/ceph: stderr
2024-04-24T23:37:41.078+0000 7f8942ffd700 1 -- 172.21.15.112:0/3908704417 >> [v2:172.21.15.112:6800/1753549020,v1:172.21.15.112:6801/1753549020] conn(0x7f892c0390a0 msgr2=0x7f892c03b560 unknown :-1 s=STATE_CONNECTING_RE l=1).process reconnect failed to v2:172.21.15.112:6800/1753549020
2024-04-24T23:37:41.694 INFO:teuthology.orchestra.run.smithi112.stdout:/usr/bin/ceph: stderr
2024-04-24T23:37:41.078+0000 7f8942ffd700 1 --2- 172.21.15.112:0/3908704417 >> [v2:172.21.15.112:6800/1753549020,v1:172.21.15.112:6801/1753549020] conn(0x7f892c0390a0 0x7f892c03b560 unknown :-1 s=START_CONNECT pgs=0 cs=0 l=1 rev1=0 crypto rx=0 tx=0 comp rx=0 tx=0)._fault waiting 0.400000
2024-04-24T23:37:41.694 INFO:teuthology.orchestra.run.smithi112.stdout:/usr/bin/ceph: stderr
2024-04-24T23:37:41.140+0000 7f894a115700 1 -- 172.21.15.112:0/3908704417 --> [v2:172.21.15.112:3300/0,v1:172.21.15.112:6789/0] -- mon_command({"prefix": "mgr stat"} v 0) -- 0x7f894419f8b0 con 0x7f89441088e0
2024-04-24T23:37:41.694 INFO:teuthology.orchestra.run.smithi112.stdout:/usr/bin/ceph: stderr
2024-04-24T23:37:41.141+0000 7f8940ff9700 1 -- 172.21.15.112:0/3908704417 <== mon.0 v2:172.21.15.112:3300/0 7 ==== mon_command_ack([{"prefix": "mgr stat"}]=0 v9) ==== 56+0+88 (secure 0 0 0) 0x7f8938021d80 con 0x7f89441088e0
2024-04-24T23:37:41.697 INFO:teuthology.orchestra.run.smithi112.stdout:/usr/bin/ceph: stderr
2024-04-24T23:37:41.143+0000 7f894a115700 1 -- 172.21.15.112:0/3908704417 >> [v2:172.21.15.112:6800/1753549020,v1:172.21.15.112:6801/1753549020] conn(0x7f892c0390a0 msgr2=0x7f892c03b560 unknown :-1 s=STATE_CONNECTING l=1).mark_down
2024-04-24T23:37:41.697 INFO:teuthology.orchestra.run.smithi112.stdout:/usr/bin/ceph: stderr
2024-04-24T23:37:41.143+0000 7f894a115700 1 --2- 172.21.15.112:0/3908704417 >> [v2:172.21.15.112:6800/1753549020,v1:172.21.15.112:6801/1753549020] conn(0x7f892c0390a0 0x7f892c03b560 unknown :-1 s=START_CONNECT pgs=0 cs=0 l=1 rev1=0 crypto rx=0 tx=0 comp rx=0 tx=0).stop
2024-04-24T23:37:41.698 INFO:teuthology.orchestra.run.smithi112.stdout:/usr/bin/ceph: stderr
2024-04-24T23:37:41.143+0000 7f894a115700 1 -- 172.21.15.112:0/3908704417 >> [v2:172.21.15.112:3300/0,v1:172.21.15.112:6789/0] conn(0x7f89441088e0 msgr2=0x7f894419be40 secure :-1 s=STATE_CONNECTION_ESTABLISHED l=1).mark_down
2024-04-24T23:37:41.698 INFO:teuthology.orchestra.run.smithi112.stdout:/usr/bin/ceph: stderr
2024-04-24T23:37:41.143+0000 7f894a115700 1 --2- 172.21.15.112:0/3908704417 >> [v2:172.21.15.112:3300/0,v1:172.21.15.112:6789/0] conn(0x7f89441088e0 0x7f894419be40 secure :-1 s=READY pgs=58 cs=0 l=1 rev1=1 crypto rx=0x7f89380118b0 tx=0x7f8938011c70 comp rx=0 tx=0).stop
2024-04-24T23:37:41.698 INFO:teuthology.orchestra.run.smithi112.stdout:/usr/bin/ceph: stderr
2024-04-24T23:37:41.143+0000 7f894a115700 1 -- 172.21.15.112:0/3908704417 shutdown_connections
2024-04-24T23:37:41.698 INFO:teuthology.orchestra.run.smithi112.stdout:/usr/bin/ceph: stderr
2024-04-24T23:37:41.143+0000 7f894a115700 1 --2- 172.21.15.112:0/3908704417 >> [v2:172.21.15.112:6800/1753549020,v1:172.21.15.112:6801/1753549020] conn(0x7f892c0390a0 0x7f892c03b560 unknown :-1 s=CLOSED pgs=0 cs=0 l=1 rev1=0 crypto rx=0 tx=0 comp rx=0 tx=0).stop
2024-04-24T23:37:41.698 INFO:teuthology.orchestra.run.smithi112.stdout:/usr/bin/ceph: stderr
2024-04-24T23:37:41.143+0000 7f894a115700 1 --2- 172.21.15.112:0/3908704417 >> [v2:172.21.15.112:3300/0,v1:172.21.15.112:6789/0] conn(0x7f89441088e0 0x7f894419be40 unknown :-1 s=CLOSED pgs=58 cs=0 l=1 rev1=1 crypto rx=0 tx=0 comp rx=0 tx=0).stop
2024-04-24T23:37:41.698 INFO:teuthology.orchestra.run.smithi112.stdout:/usr/bin/ceph: stderr
2024-04-24T23:37:41.143+0000 7f894a115700 1 -- 172.21.15.112:0/3908704417 >> 172.21.15.112:0/3908704417 conn(0x7f89441022f0 msgr2=0x7f8944102e20 unknown :-1 s=STATE_NONE l=0).mark_down
2024-04-24T23:37:41.698 INFO:teuthology.orchestra.run.smithi112.stdout:/usr/bin/ceph: stderr
2024-04-24T23:37:41.143+0000 7f894a115700 1 -- 172.21.15.112:0/3908704417 shutdown_connections
2024-04-24T23:37:41.698 INFO:teuthology.orchestra.run.smithi112.stdout:/usr/bin/ceph: stderr
2024-04-24T23:37:41.143+0000 7f894a115700 1 -- 172.21.15.112:0/3908704417 wait complete.
2024-04-24T23:37:41.698 INFO:teuthology.orchestra.run.smithi112.stdout:Waiting for the mgr to restart...
2024-04-24T23:37:41.698 INFO:teuthology.orchestra.run.smithi112.stdout:Waiting for mgr epoch 9...
2024-04-24T23:37:42.161 INFO:journalctl@ceph.mon.a.smithi112.stdout:Apr 24 23:37:41 smithi112 ceph-mon[29223]: from='client.? 172.21.15.112:0/3908704417' entity='client.admin' cmd=[{"prefix": "mgr stat"}]: dispatch
2024-04-24T23:37:42.161 INFO:journalctl@ceph.mgr.x.smithi112.stdout:Apr 24 23:37:41 smithi112 ceph-5b74b9f4-0293-11ef-bc93-c7b262605968-mgr-x[29455]:
2024-04-24T23:37:41.984+0000 7f5b58257200 -1 mgr[py] Module telegraf has missing NOTIFY_TYPES member
2024-04-24T23:37:42.161 INFO:journalctl@ceph.mgr.x.smithi112.stdout:Apr 24 23:37:42 smithi112 ceph-5b74b9f4-0293-11ef-bc93-c7b262605968-mgr-x[29455]:
2024-04-24T23:37:42.161+0000 7f5b58257200 -1 mgr[py] Module osd_support has missing NOTIFY_TYPES member
2024-04-24T23:37:42.583 INFO:journalctl@ceph.mgr.x.smithi112.stdout:Apr 24 23:37:42 smithi112 ceph-5b74b9f4-0293-11ef-bc93-c7b262605968-mgr-x[29455]:
2024-04-24T23:37:42.331+0000 7f5b58257200 -1 mgr[py] Module iostat has missing NOTIFY_TYPES member
2024-04-24T23:37:42.910 INFO:journalctl@ceph.mgr.x.smithi112.stdout:Apr 24 23:37:42 smithi112 ceph-5b74b9f4-0293-11ef-bc93-c7b262605968-mgr-x[29455]:
2024-04-24T23:37:42.617+0000 7f5b58257200 -1 mgr[py] Module alerts has missing NOTIFY_TYPES member
2024-04-24T23:37:42.910 INFO:journalctl@ceph.mgr.x.smithi112.stdout:Apr 24 23:37:42 smithi112 ceph-5b74b9f4-0293-11ef-bc93-c7b262605968-mgr-x[29455]:
2024-04-24T23:37:42.709+0000 7f5b58257200 -1 mgr[py] Module selftest has missing NOTIFY_TYPES member
2024-04-24T23:37:42.910 INFO:journalctl@ceph.mgr.x.smithi112.stdout:Apr 24 23:37:42 smithi112 ceph-5b74b9f4-0293-11ef-bc93-c7b262605968-mgr-x[29455]:
2024-04-24T23:37:42.909+0000 7f5b58257200 -1 mgr[py] Module pg_autoscaler has missing NOTIFY_TYPES member
2024-04-24T23:37:43.333 INFO:journalctl@ceph.mgr.x.smithi112.stdout:Apr 24 23:37:43 smithi112 ceph-5b74b9f4-0293-11ef-bc93-c7b262605968-mgr-x[29455]:
2024-04-24T23:37:43.102+0000 7f5b58257200 -1 mgr[py] Module test_orchestrator has missing NOTIFY_TYPES member
2024-04-24T23:37:43.834 INFO:journalctl@ceph.mgr.x.smithi112.stdout:Apr 24 23:37:43 smithi112 ceph-5b74b9f4-0293-11ef-bc93-c7b262605968-mgr-x[29455]:
2024-04-24T23:37:43.715+0000 7f5b58257200 -1 mgr[py] Module rook has missing NOTIFY_TYPES member
2024-04-24T23:37:44.432 INFO:journalctl@ceph.mgr.x.smithi112.stdout:Apr 24 23:37:44 smithi112 ceph-5b74b9f4-0293-11ef-bc93-c7b262605968-mgr-x[29455]:
2024-04-24T23:37:44.137+0000 7f5b58257200 -1 mgr[py] Module volumes has missing NOTIFY_TYPES member
2024-04-24T23:37:44.432 INFO:journalctl@ceph.mgr.x.smithi112.stdout:Apr 24 23:37:44 smithi112 ceph-5b74b9f4-0293-11ef-bc93-c7b262605968-mgr-x[29455]:
2024-04-24T23:37:44.232+0000 7f5b58257200 -1 mgr[py] Module crash has missing NOTIFY_TYPES member
2024-04-24T23:37:44.432 INFO:journalctl@ceph.mgr.x.smithi112.stdout:Apr 24 23:37:44 smithi112 ceph-5b74b9f4-0293-11ef-bc93-c7b262605968-mgr-x[29455]:
2024-04-24T23:37:44.431+0000 7f5b58257200 -1 mgr[py] Module rgw has missing NOTIFY_TYPES member
2024-04-24T23:37:45.276 INFO:journalctl@ceph.mgr.x.smithi112.stdout:Apr 24 23:37:44 smithi112 ceph-5b74b9f4-0293-11ef-bc93-c7b262605968-mgr-x[29455]:
2024-04-24T23:37:44.946+0000 7f5b58257200 -1 mgr[py] Module prometheus has missing NOTIFY_TYPES member
2024-04-24T23:37:45.276 INFO:journalctl@ceph.mgr.x.smithi112.stdout:Apr 24 23:37:45 smithi112 ceph-5b74b9f4-0293-11ef-bc93-c7b262605968-mgr-x[29455]:
2024-04-24T23:37:45.036+0000 7f5b58257200 -1 mgr[py] Module devicehealth has missing NOTIFY_TYPES member
2024-04-24T23:37:45.583 INFO:journalctl@ceph.mgr.x.smithi112.stdout:Apr 24 23:37:45 smithi112 ceph-5b74b9f4-0293-11ef-bc93-c7b262605968-mgr-x[29455]:
2024-04-24T23:37:45.275+0000 7f5b58257200 -1 mgr[py] Module telemetry has missing NOTIFY_TYPES member
2024-04-24T23:37:45.584 INFO:journalctl@ceph.mgr.x.smithi112.stdout:Apr 24 23:37:45 smithi112 ceph-5b74b9f4-0293-11ef-bc93-c7b262605968-mgr-x[29455]:
2024-04-24T23:37:45.408+0000 7f5b58257200 -1 mgr[py] Module diskprediction_local has missing NOTIFY_TYPES member
2024-04-24T23:37:45.584 INFO:journalctl@ceph.mgr.x.smithi112.stdout:Apr 24 23:37:45 smithi112 ceph-5b74b9f4-0293-11ef-bc93-c7b262605968-mgr-x[29455]:
2024-04-24T23:37:45.502+0000 7f5b58257200 -1 mgr[py] Module osd_perf_query has missing NOTIFY_TYPES member
2024-04-24T23:37:46.084 INFO:journalctl@ceph.mgr.x.smithi112.stdout:Apr 24 23:37:45 smithi112 ceph-5b74b9f4-0293-11ef-bc93-c7b262605968-mgr-x[29455]:
2024-04-24T23:37:45.617+0000 7f5b58257200 -1 mgr[py] Module rbd_support has missing NOTIFY_TYPES member
2024-04-24T23:37:46.084 INFO:journalctl@ceph.mgr.x.smithi112.stdout:Apr 24 23:37:45 smithi112 ceph-5b74b9f4-0293-11ef-bc93-c7b262605968-mgr-x[29455]:
2024-04-24T23:37:45.708+0000 7f5b58257200 -1 mgr[py] Module zabbix has missing NOTIFY_TYPES member
2024-04-24T23:37:46.776 INFO:journalctl@ceph.mgr.x.smithi112.stdout:Apr 24 23:37:46 smithi112 ceph-5b74b9f4-0293-11ef-bc93-c7b262605968-mgr-x[29455]:
2024-04-24T23:37:46.508+0000 7f5b58257200 -1 mgr[py] Module status has missing NOTIFY_TYPES member
2024-04-24T23:37:46.776 INFO:journalctl@ceph.mgr.x.smithi112.stdout:Apr 24 23:37:46 smithi112 ceph-5b74b9f4-0293-11ef-bc93-c7b262605968-mgr-x[29455]:
2024-04-24T23:37:46.722+0000 7f5b58257200 -1 mgr[py] Module nfs has missing NOTIFY_TYPES member
2024-04-24T23:37:47.084 INFO:journalctl@ceph.mon.a.smithi112.stdout:Apr 24 23:37:46 smithi112 ceph-mon[29223]: Active manager daemon x restarted
2024-04-24T23:37:47.084 INFO:journalctl@ceph.mon.a.smithi112.stdout:Apr 24 23:37:46 smithi112 ceph-mon[29223]: Activating manager daemon x
2024-04-24T23:37:47.084 INFO:journalctl@ceph.mon.a.smithi112.stdout:Apr 24 23:37:46 smithi112 ceph-mon[29223]: osdmap e3: 0 total, 0 up, 0 in
2024-04-24T23:37:47.084 INFO:journalctl@ceph.mon.a.smithi112.stdout:Apr 24 23:37:46 smithi112 ceph-mon[29223]: mgrmap e10: x(active, starting, since 0.00332265s)
2024-04-24T23:37:47.084 INFO:journalctl@ceph.mon.a.smithi112.stdout:Apr 24 23:37:46 smithi112 ceph-mon[29223]: from='mgr.14150 172.21.15.112:0/3000204257' entity='mgr.x' cmd=[{"prefix": "mon metadata", "id": "a"}]: dispatch
2024-04-24T23:37:47.084 INFO:journalctl@ceph.mon.a.smithi112.stdout:Apr 24 23:37:46 smithi112 ceph-mon[29223]: from='mgr.14150 172.21.15.112:0/3000204257' entity='mgr.x' cmd=[{"prefix": "mgr metadata", "who": "x", "id": "x"}]: dispatch
2024-04-24T23:37:47.084 INFO:journalctl@ceph.mon.a.smithi112.stdout:Apr 24 23:37:46 smithi112 ceph-mon[29223]: from='mgr.14150 172.21.15.112:0/3000204257' entity='mgr.x' cmd=[{"prefix": "mds metadata"}]: dispatch
2024-04-24T23:37:47.084 INFO:journalctl@ceph.mon.a.smithi112.stdout:Apr 24 23:37:46 smithi112 ceph-mon[29223]: from='mgr.14150 172.21.15.112:0/3000204257' entity='mgr.x' cmd=[{"prefix": "osd metadata"}]: dispatch
2024-04-24T23:37:47.085 INFO:journalctl@ceph.mon.a.smithi112.stdout:Apr 24 23:37:46 smithi112 ceph-mon[29223]: from='mgr.14150 172.21.15.112:0/3000204257' entity='mgr.x' cmd=[{"prefix": "mon metadata"}]: dispatch
2024-04-24T23:37:47.085 INFO:journalctl@ceph.mon.a.smithi112.stdout:Apr 24 23:37:46 smithi112 ceph-mon[29223]: Manager daemon x is now available
2024-04-24T23:37:47.085 INFO:journalctl@ceph.mon.a.smithi112.stdout:Apr 24 23:37:46 smithi112 ceph-mon[29223]: from='mgr.14150 172.21.15.112:0/3000204257' entity='mgr.x' cmd=[{"prefix": "config dump", "format": "json"}]: dispatch
2024-04-24T23:37:47.085 INFO:journalctl@ceph.mon.a.smithi112.stdout:Apr 24 23:37:46 smithi112 ceph-mon[29223]: from='mgr.14150 172.21.15.112:0/3000204257' entity='mgr.x' cmd=[{"prefix":"config rm","who":"mgr","name":"mgr/rbd_support/x/mirror_snapshot_schedule"}]: dispatch
2024-04-24T23:37:47.085 INFO:journalctl@ceph.mon.a.smithi112.stdout:Apr 24 23:37:46 smithi112 ceph-mon[29223]: from='mgr.14150 172.21.15.112:0/3000204257' entity='mgr.x' cmd=[{"prefix":"config rm","who":"mgr","name":"mgr/rbd_support/x/trash_purge_schedule"}]: dispatch
2024-04-24T23:37:48.526 INFO:teuthology.orchestra.run.smithi112.stdout:/usr/bin/ceph: stdout {
2024-04-24T23:37:48.526 INFO:teuthology.orchestra.run.smithi112.stdout:/usr/bin/ceph: stdout "mgrmap_epoch": 11,
2024-04-24T23:37:48.526 INFO:teuthology.orchestra.run.smithi112.stdout:/usr/bin/ceph: stdout "initialized": true
2024-04-24T23:37:48.526 INFO:teuthology.orchestra.run.smithi112.stdout:/usr/bin/ceph: stdout }
2024-04-24T23:37:48.526 INFO:teuthology.orchestra.run.smithi112.stdout:/usr/bin/ceph: stderr
2024-04-24T23:37:42.118+0000 7f3e27133700 1 Processor -- start
2024-04-24T23:37:48.527 INFO:teuthology.orchestra.run.smithi112.stdout:/usr/bin/ceph: stderr
2024-04-24T23:37:42.118+0000 7f3e27133700 1 -- start start
2024-04-24T23:37:48.527 INFO:teuthology.orchestra.run.smithi112.stdout:/usr/bin/ceph: stderr
2024-04-24T23:37:42.118+0000 7f3e27133700 1 --2- >> [v2:172.21.15.112:3300/0,v1:172.21.15.112:6789/0] conn(0x7f3e20107ed0 0x7f3e201082f0 unknown :-1 s=NONE pgs=0 cs=0 l=0 rev1=0 crypto rx=0 tx=0 comp rx=0 tx=0).connect
2024-04-24T23:37:48.527 INFO:teuthology.orchestra.run.smithi112.stdout:/usr/bin/ceph: stderr
2024-04-24T23:37:42.118+0000 7f3e27133700 1 -- --> [v2:172.21.15.112:3300/0,v1:172.21.15.112:6789/0] -- mon_getmap magic: 0 -- 0x7f3e20108830 con 0x7f3e20107ed0
2024-04-24T23:37:48.527 INFO:teuthology.orchestra.run.smithi112.stdout:/usr/bin/ceph: stderr
2024-04-24T23:37:42.119+0000 7f3e24ecf700 1 --2- >> [v2:172.21.15.112:3300/0,v1:172.21.15.112:6789/0] conn(0x7f3e20107ed0 0x7f3e201082f0 unknown :-1 s=BANNER_CONNECTING pgs=0 cs=0 l=0 rev1=0 crypto rx=0 tx=0 comp rx=0 tx=0)._handle_peer_banner_payload supported=3 required=0
2024-04-24T23:37:48.527 INFO:teuthology.orchestra.run.smithi112.stdout:/usr/bin/ceph: stderr
2024-04-24T23:37:42.119+0000 7f3e24ecf700 1 --2- >> [v2:172.21.15.112:3300/0,v1:172.21.15.112:6789/0] conn(0x7f3e20107ed0 0x7f3e201082f0 unknown :-1 s=HELLO_CONNECTING pgs=0 cs=0 l=0 rev1=1 crypto rx=0 tx=0 comp rx=0 tx=0).handle_hello peer v2:172.21.15.112:3300/0 says I am v2:172.21.15.112:54766/0 (socket says 172.21.15.112:54766)
2024-04-24T23:37:48.527 INFO:teuthology.orchestra.run.smithi112.stdout:/usr/bin/ceph: stderr
2024-04-24T23:37:42.119+0000 7f3e24ecf700 1 -- 172.21.15.112:0/2140732511 learned_addr learned my addr 172.21.15.112:0/2140732511 (peer_addr_for_me v2:172.21.15.112:0/0)
2024-04-24T23:37:48.527 INFO:teuthology.orchestra.run.smithi112.stdout:/usr/bin/ceph: stderr
2024-04-24T23:37:42.119+0000 7f3e24ecf700 1 -- 172.21.15.112:0/2140732511 --> [v2:172.21.15.112:3300/0,v1:172.21.15.112:6789/0] -- mon_subscribe({config=0+,monmap=0+}) -- 0x7f3e20108f90 con 0x7f3e20107ed0
2024-04-24T23:37:48.527 INFO:teuthology.orchestra.run.smithi112.stdout:/usr/bin/ceph: stderr
2024-04-24T23:37:42.119+0000 7f3e24ecf700 1 --2- 172.21.15.112:0/2140732511 >> [v2:172.21.15.112:3300/0,v1:172.21.15.112:6789/0] conn(0x7f3e20107ed0 0x7f3e201082f0 secure :-1 s=READY pgs=59 cs=0 l=1 rev1=1 crypto rx=0x7f3e140098a0 tx=0x7f3e14009bb0 comp rx=0 tx=0).ready entity=mon.0 client_cookie=254526cca8d88624 server_cookie=0 in_seq=0 out_seq=0
2024-04-24T23:37:48.527 INFO:teuthology.orchestra.run.smithi112.stdout:/usr/bin/ceph: stderr
2024-04-24T23:37:42.119+0000 7f3e1f7fe700 1 -- 172.21.15.112:0/2140732511 <== mon.0 v2:172.21.15.112:3300/0 1 ==== mon_map magic: 0 ==== 205+0+0 (secure 0 0 0) 0x7f3e14004160 con 0x7f3e20107ed0
2024-04-24T23:37:48.527 INFO:teuthology.orchestra.run.smithi112.stdout:/usr/bin/ceph: stderr
2024-04-24T23:37:42.119+0000 7f3e1f7fe700 1 -- 172.21.15.112:0/2140732511 <== mon.0 v2:172.21.15.112:3300/0 2 ==== config(28 keys) ==== 1171+0+0 (secure 0 0 0) 0x7f3e14004300 con 0x7f3e20107ed0
2024-04-24T23:37:48.527 INFO:teuthology.orchestra.run.smithi112.stdout:/usr/bin/ceph: stderr
2024-04-24T23:37:42.119+0000 7f3e1f7fe700 1 -- 172.21.15.112:0/2140732511 <== mon.0 v2:172.21.15.112:3300/0 3 ==== mon_map magic: 0 ==== 205+0+0 (secure 0 0 0) 0x7f3e14011bb0 con 0x7f3e20107ed0
2024-04-24T23:37:48.527 INFO:teuthology.orchestra.run.smithi112.stdout:/usr/bin/ceph: stderr
2024-04-24T23:37:42.120+0000 7f3e27133700 1 -- 172.21.15.112:0/2140732511 >> [v2:172.21.15.112:3300/0,v1:172.21.15.112:6789/0] conn(0x7f3e20107ed0 msgr2=0x7f3e201082f0 secure :-1 s=STATE_CONNECTION_ESTABLISHED l=1).mark_down
2024-04-24T23:37:48.528 INFO:teuthology.orchestra.run.smithi112.stdout:/usr/bin/ceph: stderr
