2024-04-24T23:37:14.847 INFO:teuthology.orchestra.run.smithi112.stdout:/usr/bin/ceph: stderr
2024-04-24T23:37:14.237+0000 7f745f2cf700 1 -- 172.21.15.112:0/767332529 shutdown_connections
2024-04-24T23:37:14.847 INFO:teuthology.orchestra.run.smithi112.stdout:/usr/bin/ceph: stderr
2024-04-24T23:37:14.237+0000 7f745f2cf700 1 --2- 172.21.15.112:0/767332529 >> [v2:172.21.15.112:6800/3462722844,v1:172.21.15.112:6801/3462722844] conn(0x7f7444038fb0 0x7f744403b470 unknown :-1 s=CLOSED pgs=8 cs=0 l=1 rev1=1 crypto rx=0 tx=0 comp rx=0 tx=0).stop
2024-04-24T23:37:14.847 INFO:teuthology.orchestra.run.smithi112.stdout:/usr/bin/ceph: stderr
2024-04-24T23:37:14.237+0000 7f745f2cf700 1 --2- 172.21.15.112:0/767332529 >> [v2:172.21.15.112:3300/0,v1:172.21.15.112:6789/0] conn(0x7f7458106750 0x7f745819dff0 unknown :-1 s=CLOSED pgs=21 cs=0 l=1 rev1=1 crypto rx=0 tx=0 comp rx=0 tx=0).stop
2024-04-24T23:37:14.847 INFO:teuthology.orchestra.run.smithi112.stdout:/usr/bin/ceph: stderr
2024-04-24T23:37:14.237+0000 7f745f2cf700 1 -- 172.21.15.112:0/767332529 >> 172.21.15.112:0/767332529 conn(0x7f74581022f0 msgr2=0x7f7458194c60 unknown :-1 s=STATE_NONE l=0).mark_down
2024-04-24T23:37:14.847 INFO:teuthology.orchestra.run.smithi112.stdout:/usr/bin/ceph: stderr
2024-04-24T23:37:14.238+0000 7f745f2cf700 1 -- 172.21.15.112:0/767332529 shutdown_connections
2024-04-24T23:37:14.847 INFO:teuthology.orchestra.run.smithi112.stdout:/usr/bin/ceph: stderr
2024-04-24T23:37:14.238+0000 7f745f2cf700 1 -- 172.21.15.112:0/767332529 wait complete.
2024-04-24T23:37:15.088 INFO:journalctl@ceph.mgr.x.smithi112.stdout:Apr 24 23:37:15 smithi112 ceph-5b74b9f4-0293-11ef-bc93-c7b262605968-mgr-x[29455]:
2024-04-24T23:37:15.019+0000 7f21c9bb3200 -1 mgr[py] Module progress has missing NOTIFY_TYPES member
2024-04-24T23:37:15.486 INFO:journalctl@ceph.mon.a.smithi112.stdout:Apr 24 23:37:15 smithi112 ceph-mon[29223]: from='client.? 172.21.15.112:0/767332529' entity='client.admin' cmd='[{"prefix": "mgr module enable", "module": "cephadm"}]': finished
2024-04-24T23:37:15.486 INFO:journalctl@ceph.mon.a.smithi112.stdout:Apr 24 23:37:15 smithi112 ceph-mon[29223]: mgrmap e5: x(active, since 10s)
2024-04-24T23:37:15.486 INFO:journalctl@ceph.mgr.x.smithi112.stdout:Apr 24 23:37:15 smithi112 ceph-5b74b9f4-0293-11ef-bc93-c7b262605968-mgr-x[29455]:
2024-04-24T23:37:15.107+0000 7f21c9bb3200 -1 mgr[py] Module influx has missing NOTIFY_TYPES member
2024-04-24T23:37:16.133 INFO:teuthology.orchestra.run.smithi112.stdout:/usr/bin/ceph: stdout {
2024-04-24T23:37:16.133 INFO:teuthology.orchestra.run.smithi112.stdout:/usr/bin/ceph: stdout "epoch": 5,
2024-04-24T23:37:16.133 INFO:teuthology.orchestra.run.smithi112.stdout:/usr/bin/ceph: stdout "available": true,
2024-04-24T23:37:16.133 INFO:teuthology.orchestra.run.smithi112.stdout:/usr/bin/ceph: stdout "active_name": "x",
2024-04-24T23:37:16.133 INFO:teuthology.orchestra.run.smithi112.stdout:/usr/bin/ceph: stdout "num_standby": 0
2024-04-24T23:37:16.134 INFO:teuthology.orchestra.run.smithi112.stdout:/usr/bin/ceph: stdout }
2024-04-24T23:37:16.134 INFO:teuthology.orchestra.run.smithi112.stdout:/usr/bin/ceph: stderr
2024-04-24T23:37:15.280+0000 7f8b28886700 1 Processor -- start
2024-04-24T23:37:16.134 INFO:teuthology.orchestra.run.smithi112.stdout:/usr/bin/ceph: stderr
2024-04-24T23:37:15.280+0000 7f8b28886700 1 -- start start
2024-04-24T23:37:16.134 INFO:teuthology.orchestra.run.smithi112.stdout:/usr/bin/ceph: stderr
2024-04-24T23:37:15.280+0000 7f8b28886700 1 --2- >> [v2:172.21.15.112:3300/0,v1:172.21.15.112:6789/0] conn(0x7f8b24106750 0x7f8b24106b70 unknown :-1 s=NONE pgs=0 cs=0 l=0 rev1=0 crypto rx=0 tx=0 comp rx=0 tx=0).connect
2024-04-24T23:37:16.134 INFO:teuthology.orchestra.run.smithi112.stdout:/usr/bin/ceph: stderr
2024-04-24T23:37:15.280+0000 7f8b28886700 1 -- --> [v2:172.21.15.112:3300/0,v1:172.21.15.112:6789/0] -- mon_getmap magic: 0 -- 0x7f8b2407be20 con 0x7f8b24106750
2024-04-24T23:37:16.134 INFO:teuthology.orchestra.run.smithi112.stdout:/usr/bin/ceph: stderr
2024-04-24T23:37:15.280+0000 7f8b2259c700 1 --2- >> [v2:172.21.15.112:3300/0,v1:172.21.15.112:6789/0] conn(0x7f8b24106750 0x7f8b24106b70 unknown :-1 s=BANNER_CONNECTING pgs=0 cs=0 l=0 rev1=0 crypto rx=0 tx=0 comp rx=0 tx=0)._handle_peer_banner_payload supported=3 required=0
2024-04-24T23:37:16.134 INFO:teuthology.orchestra.run.smithi112.stdout:/usr/bin/ceph: stderr
2024-04-24T23:37:15.280+0000 7f8b2259c700 1 --2- >> [v2:172.21.15.112:3300/0,v1:172.21.15.112:6789/0] conn(0x7f8b24106750 0x7f8b24106b70 unknown :-1 s=HELLO_CONNECTING pgs=0 cs=0 l=0 rev1=1 crypto rx=0 tx=0 comp rx=0 tx=0).handle_hello peer v2:172.21.15.112:3300/0 says I am v2:172.21.15.112:54460/0 (socket says 172.21.15.112:54460)
2024-04-24T23:37:16.134 INFO:teuthology.orchestra.run.smithi112.stdout:/usr/bin/ceph: stderr
2024-04-24T23:37:15.280+0000 7f8b2259c700 1 -- 172.21.15.112:0/2987871053 learned_addr learned my addr 172.21.15.112:0/2987871053 (peer_addr_for_me v2:172.21.15.112:0/0)
2024-04-24T23:37:16.134 INFO:teuthology.orchestra.run.smithi112.stdout:/usr/bin/ceph: stderr
2024-04-24T23:37:15.280+0000 7f8b2259c700 1 -- 172.21.15.112:0/2987871053 --> [v2:172.21.15.112:3300/0,v1:172.21.15.112:6789/0] -- mon_subscribe({config=0+,monmap=0+}) -- 0x7f8b241070b0 con 0x7f8b24106750
2024-04-24T23:37:16.134 INFO:teuthology.orchestra.run.smithi112.stdout:/usr/bin/ceph: stderr
2024-04-24T23:37:15.281+0000 7f8b2259c700 1 --2- 172.21.15.112:0/2987871053 >> [v2:172.21.15.112:3300/0,v1:172.21.15.112:6789/0] conn(0x7f8b24106750 0x7f8b24106b70 secure :-1 s=READY pgs=24 cs=0 l=1 rev1=1 crypto rx=0x7f8b140098a0 tx=0x7f8b14009bb0 comp rx=0 tx=0).ready entity=mon.0 client_cookie=1281f838db97401d server_cookie=0 in_seq=0 out_seq=0
2024-04-24T23:37:16.134 INFO:teuthology.orchestra.run.smithi112.stdout:/usr/bin/ceph: stderr
2024-04-24T23:37:15.281+0000 7f8b2159a700 1 -- 172.21.15.112:0/2987871053 <== mon.0 v2:172.21.15.112:3300/0 1 ==== mon_map magic: 0 ==== 205+0+0 (secure 0 0 0) 0x7f8b14004160 con 0x7f8b24106750
2024-04-24T23:37:16.134 INFO:teuthology.orchestra.run.smithi112.stdout:/usr/bin/ceph: stderr
2024-04-24T23:37:15.281+0000 7f8b2159a700 1 -- 172.21.15.112:0/2987871053 <== mon.0 v2:172.21.15.112:3300/0 2 ==== config(28 keys) ==== 1140+0+0 (secure 0 0 0) 0x7f8b14004300 con 0x7f8b24106750
2024-04-24T23:37:16.134 INFO:teuthology.orchestra.run.smithi112.stdout:/usr/bin/ceph: stderr
2024-04-24T23:37:15.281+0000 7f8b2159a700 1 -- 172.21.15.112:0/2987871053 <== mon.0 v2:172.21.15.112:3300/0 3 ==== mon_map magic: 0 ==== 205+0+0 (secure 0 0 0) 0x7f8b14011c00 con 0x7f8b24106750
2024-04-24T23:37:16.135 INFO:teuthology.orchestra.run.smithi112.stdout:/usr/bin/ceph: stderr
2024-04-24T23:37:15.281+0000 7f8b28886700 1 -- 172.21.15.112:0/2987871053 >> [v2:172.21.15.112:3300/0,v1:172.21.15.112:6789/0] conn(0x7f8b24106750 msgr2=0x7f8b24106b70 secure :-1 s=STATE_CONNECTION_ESTABLISHED l=1).mark_down
2024-04-24T23:37:16.135 INFO:teuthology.orchestra.run.smithi112.stdout:/usr/bin/ceph: stderr
2024-04-24T23:37:15.281+0000 7f8b28886700 1 --2- 172.21.15.112:0/2987871053 >> [v2:172.21.15.112:3300/0,v1:172.21.15.112:6789/0] conn(0x7f8b24106750 0x7f8b24106b70 secure :-1 s=READY pgs=24 cs=0 l=1 rev1=1 crypto rx=0x7f8b140098a0 tx=0x7f8b14009bb0 comp rx=0 tx=0).stop
2024-04-24T23:37:16.135 INFO:teuthology.orchestra.run.smithi112.stdout:/usr/bin/ceph: stderr
2024-04-24T23:37:15.282+0000 7f8b28886700 1 -- 172.21.15.112:0/2987871053 shutdown_connections
2024-04-24T23:37:16.135 INFO:teuthology.orchestra.run.smithi112.stdout:/usr/bin/ceph: stderr
2024-04-24T23:37:15.282+0000 7f8b28886700 1 --2- 172.21.15.112:0/2987871053 >> [v2:172.21.15.112:3300/0,v1:172.21.15.112:6789/0] conn(0x7f8b24106750 0x7f8b24106b70 unknown :-1 s=CLOSED pgs=24 cs=0 l=1 rev1=1 crypto rx=0 tx=0 comp rx=0 tx=0).stop
2024-04-24T23:37:16.135 INFO:teuthology.orchestra.run.smithi112.stdout:/usr/bin/ceph: stderr
2024-04-24T23:37:15.282+0000 7f8b28886700 1 -- 172.21.15.112:0/2987871053 >> 172.21.15.112:0/2987871053 conn(0x7f8b241022f0 msgr2=0x7f8b24104750 unknown :-1 s=STATE_NONE l=0).mark_down
2024-04-24T23:37:16.135 INFO:teuthology.orchestra.run.smithi112.stdout:/usr/bin/ceph: stderr
2024-04-24T23:37:15.282+0000 7f8b28886700 1 -- 172.21.15.112:0/2987871053 shutdown_connections
2024-04-24T23:37:16.135 INFO:teuthology.orchestra.run.smithi112.stdout:/usr/bin/ceph: stderr
2024-04-24T23:37:15.282+0000 7f8b28886700 1 -- 172.21.15.112:0/2987871053 wait complete.
2024-04-24T23:37:16.135 INFO:teuthology.orchestra.run.smithi112.stdout:/usr/bin/ceph: stderr
2024-04-24T23:37:15.282+0000 7f8b28886700 1 Processor -- start
2024-04-24T23:37:16.135 INFO:teuthology.orchestra.run.smithi112.stdout:/usr/bin/ceph: stderr
2024-04-24T23:37:15.282+0000 7f8b28886700 1 -- start start
2024-04-24T23:37:16.135 INFO:teuthology.orchestra.run.smithi112.stdout:/usr/bin/ceph: stderr
2024-04-24T23:37:15.283+0000 7f8b28886700 1 --2- >> [v2:172.21.15.112:3300/0,v1:172.21.15.112:6789/0] conn(0x7f8b24106750 0x7f8b2419e050 unknown :-1 s=NONE pgs=0 cs=0 l=1 rev1=0 crypto rx=0 tx=0 comp rx=0 tx=0).connect
2024-04-24T23:37:16.135 INFO:teuthology.orchestra.run.smithi112.stdout:/usr/bin/ceph: stderr
2024-04-24T23:37:15.283+0000 7f8b28886700 1 -- --> [v2:172.21.15.112:3300/0,v1:172.21.15.112:6789/0] -- mon_getmap magic: 0 -- 0x7f8b241081a0 con 0x7f8b24106750
2024-04-24T23:37:16.135 INFO:teuthology.orchestra.run.smithi112.stdout:/usr/bin/ceph: stderr
2024-04-24T23:37:15.283+0000 7f8b2259c700 1 --2- >> [v2:172.21.15.112:3300/0,v1:172.21.15.112:6789/0] conn(0x7f8b24106750 0x7f8b2419e050 unknown :-1 s=BANNER_CONNECTING pgs=0 cs=0 l=1 rev1=0 crypto rx=0 tx=0 comp rx=0 tx=0)._handle_peer_banner_payload supported=3 required=0
2024-04-24T23:37:16.135 INFO:teuthology.orchestra.run.smithi112.stdout:/usr/bin/ceph: stderr
2024-04-24T23:37:15.283+0000 7f8b2259c700 1 --2- >> [v2:172.21.15.112:3300/0,v1:172.21.15.112:6789/0] conn(0x7f8b24106750 0x7f8b2419e050 unknown :-1 s=HELLO_CONNECTING pgs=0 cs=0 l=1 rev1=1 crypto rx=0 tx=0 comp rx=0 tx=0).handle_hello peer v2:172.21.15.112:3300/0 says I am v2:172.21.15.112:54476/0 (socket says 172.21.15.112:54476)
2024-04-24T23:37:16.135 INFO:teuthology.orchestra.run.smithi112.stdout:/usr/bin/ceph: stderr
2024-04-24T23:37:15.283+0000 7f8b2259c700 1 -- 172.21.15.112:0/1108770245 learned_addr learned my addr 172.21.15.112:0/1108770245 (peer_addr_for_me v2:172.21.15.112:0/0)
2024-04-24T23:37:16.136 INFO:teuthology.orchestra.run.smithi112.stdout:/usr/bin/ceph: stderr
2024-04-24T23:37:15.283+0000 7f8b2259c700 1 -- 172.21.15.112:0/1108770245 --> [v2:172.21.15.112:3300/0,v1:172.21.15.112:6789/0] -- mon_subscribe({config=0+,monmap=0+}) -- 0x7f8b2419e590 con 0x7f8b24106750
2024-04-24T23:37:16.136 INFO:teuthology.orchestra.run.smithi112.stdout:/usr/bin/ceph: stderr
2024-04-24T23:37:15.283+0000 7f8b2259c700 1 --2- 172.21.15.112:0/1108770245 >> [v2:172.21.15.112:3300/0,v1:172.21.15.112:6789/0] conn(0x7f8b24106750 0x7f8b2419e050 secure :-1 s=READY pgs=25 cs=0 l=1 rev1=1 crypto rx=0x7f8b140118c0 tx=0x7f8b140046a0 comp rx=0 tx=0).ready entity=mon.0 client_cookie=0 server_cookie=0 in_seq=0 out_seq=0
2024-04-24T23:37:16.136 INFO:teuthology.orchestra.run.smithi112.stdout:/usr/bin/ceph: stderr
2024-04-24T23:37:15.283+0000 7f8b137fe700 1 -- 172.21.15.112:0/1108770245 <== mon.0 v2:172.21.15.112:3300/0 1 ==== mon_map magic: 0 ==== 205+0+0 (secure 0 0 0) 0x7f8b14003b20 con 0x7f8b24106750
2024-04-24T23:37:16.136 INFO:teuthology.orchestra.run.smithi112.stdout:/usr/bin/ceph: stderr
2024-04-24T23:37:15.283+0000 7f8b28886700 1 -- 172.21.15.112:0/1108770245 --> [v2:172.21.15.112:3300/0,v1:172.21.15.112:6789/0] -- mon_subscribe({mgrmap=0+}) -- 0x7f8b2419e820 con 0x7f8b24106750
2024-04-24T23:37:16.136 INFO:teuthology.orchestra.run.smithi112.stdout:/usr/bin/ceph: stderr
2024-04-24T23:37:15.283+0000 7f8b137fe700 1 -- 172.21.15.112:0/1108770245 <== mon.0 v2:172.21.15.112:3300/0 2 ==== config(28 keys) ==== 1140+0+0 (secure 0 0 0) 0x7f8b14003cc0 con 0x7f8b24106750
2024-04-24T23:37:16.136 INFO:teuthology.orchestra.run.smithi112.stdout:/usr/bin/ceph: stderr
2024-04-24T23:37:15.283+0000 7f8b137fe700 1 -- 172.21.15.112:0/1108770245 <== mon.0 v2:172.21.15.112:3300/0 3 ==== mon_map magic: 0 ==== 205+0+0 (secure 0 0 0) 0x7f8b14024970 con 0x7f8b24106750
2024-04-24T23:37:16.136 INFO:teuthology.orchestra.run.smithi112.stdout:/usr/bin/ceph: stderr
2024-04-24T23:37:15.283+0000 7f8b28886700 1 -- 172.21.15.112:0/1108770245 --> [v2:172.21.15.112:3300/0,v1:172.21.15.112:6789/0] -- mon_subscribe({osdmap=0}) -- 0x7f8b241a1510 con 0x7f8b24106750
2024-04-24T23:37:16.136 INFO:teuthology.orchestra.run.smithi112.stdout:/usr/bin/ceph: stderr
2024-04-24T23:37:15.284+0000 7f8b137fe700 1 -- 172.21.15.112:0/1108770245 <== mon.0 v2:172.21.15.112:3300/0 4 ==== mgrmap(e 5) ==== 46287+0+0 (secure 0 0 0) 0x7f8b14022020 con 0x7f8b24106750
2024-04-24T23:37:16.136 INFO:teuthology.orchestra.run.smithi112.stdout:/usr/bin/ceph: stderr
2024-04-24T23:37:15.285+0000 7f8b28886700 1 -- 172.21.15.112:0/1108770245 --> [v2:172.21.15.112:3300/0,v1:172.21.15.112:6789/0] -- mon_command({"prefix": "get_command_descriptions"} v 0) -- 0x7f8b24063890 con 0x7f8b24106750
2024-04-24T23:37:16.136 INFO:teuthology.orchestra.run.smithi112.stdout:/usr/bin/ceph: stderr
2024-04-24T23:37:15.285+0000 7f8b137fe700 1 --2- 172.21.15.112:0/1108770245 >> [v2:172.21.15.112:6800/3462722844,v1:172.21.15.112:6801/3462722844] conn(0x7f8b0c039000 0x7f8b0c03b4c0 unknown :-1 s=NONE pgs=0 cs=0 l=1 rev1=0 crypto rx=0 tx=0 comp rx=0 tx=0).connect
2024-04-24T23:37:16.136 INFO:teuthology.orchestra.run.smithi112.stdout:/usr/bin/ceph: stderr
2024-04-24T23:37:15.285+0000 7f8b137fe700 1 -- 172.21.15.112:0/1108770245 <== mon.0 v2:172.21.15.112:3300/0 5 ==== osd_map(1..1 src has 1..1) ==== 725+0+0 (secure 0 0 0) 0x7f8b1404ced0 con 0x7f8b24106750
2024-04-24T23:37:16.136 INFO:teuthology.orchestra.run.smithi112.stdout:/usr/bin/ceph: stderr
2024-04-24T23:37:15.285+0000 7f8b21d9b700 1 -- 172.21.15.112:0/1108770245 >> [v2:172.21.15.112:6800/3462722844,v1:172.21.15.112:6801/3462722844] conn(0x7f8b0c039000 msgr2=0x7f8b0c03b4c0 unknown :-1 s=STATE_CONNECTING_RE l=1).process reconnect failed to v2:172.21.15.112:6800/3462722844
2024-04-24T23:37:16.136 INFO:teuthology.orchestra.run.smithi112.stdout:/usr/bin/ceph: stderr
2024-04-24T23:37:15.285+0000 7f8b21d9b700 1 --2- 172.21.15.112:0/1108770245 >> [v2:172.21.15.112:6800/3462722844,v1:172.21.15.112:6801/3462722844] conn(0x7f8b0c039000 0x7f8b0c03b4c0 unknown :-1 s=START_CONNECT pgs=0 cs=0 l=1 rev1=0 crypto rx=0 tx=0 comp rx=0 tx=0)._fault waiting 0.200000
2024-04-24T23:37:16.137 INFO:teuthology.orchestra.run.smithi112.stdout:/usr/bin/ceph: stderr
2024-04-24T23:37:15.290+0000 7f8b137fe700 1 -- 172.21.15.112:0/1108770245 <== mon.0 v2:172.21.15.112:3300/0 6 ==== mon_command_ack([{"prefix": "get_command_descriptions"}]=0 v0) ==== 72+0+186147 (secure 0 0 0) 0x7f8b14019c70 con 0x7f8b24106750
2024-04-24T23:37:16.137 INFO:teuthology.orchestra.run.smithi112.stdout:/usr/bin/ceph: stderr
2024-04-24T23:37:15.486+0000 7f8b21d9b700 1 -- 172.21.15.112:0/1108770245 >> [v2:172.21.15.112:6800/3462722844,v1:172.21.15.112:6801/3462722844] conn(0x7f8b0c039000 msgr2=0x7f8b0c03b4c0 unknown :-1 s=STATE_CONNECTING_RE l=1).process reconnect failed to v2:172.21.15.112:6800/3462722844
2024-04-24T23:37:16.137 INFO:teuthology.orchestra.run.smithi112.stdout:/usr/bin/ceph: stderr
2024-04-24T23:37:15.486+0000 7f8b21d9b700 1 --2- 172.21.15.112:0/1108770245 >> [v2:172.21.15.112:6800/3462722844,v1:172.21.15.112:6801/3462722844] conn(0x7f8b0c039000 0x7f8b0c03b4c0 unknown :-1 s=START_CONNECT pgs=0 cs=0 l=1 rev1=0 crypto rx=0 tx=0 comp rx=0 tx=0)._fault waiting 0.400000
2024-04-24T23:37:16.137 INFO:teuthology.orchestra.run.smithi112.stdout:/usr/bin/ceph: stderr
2024-04-24T23:37:15.583+0000 7f8b28886700 1 -- 172.21.15.112:0/1108770245 --> [v2:172.21.15.112:3300/0,v1:172.21.15.112:6789/0] -- mon_command({"prefix": "mgr stat"} v 0) -- 0x7f8b240008d0 con 0x7f8b24106750
2024-04-24T23:37:16.137 INFO:teuthology.orchestra.run.smithi112.stdout:/usr/bin/ceph: stderr
2024-04-24T23:37:15.584+0000 7f8b137fe700 1 -- 172.21.15.112:0/1108770245 <== mon.0 v2:172.21.15.112:3300/0 7 ==== mon_command_ack([{"prefix": "mgr stat"}]=0 v5) ==== 56+0+88 (secure 0 0 0) 0x7f8b140172b0 con 0x7f8b24106750
2024-04-24T23:37:16.137 INFO:teuthology.orchestra.run.smithi112.stdout:/usr/bin/ceph: stderr
2024-04-24T23:37:15.586+0000 7f8b28886700 1 -- 172.21.15.112:0/1108770245 >> [v2:172.21.15.112:6800/3462722844,v1:172.21.15.112:6801/3462722844] conn(0x7f8b0c039000 msgr2=0x7f8b0c03b4c0 unknown :-1 s=STATE_CONNECTING l=1).mark_down
2024-04-24T23:37:16.137 INFO:teuthology.orchestra.run.smithi112.stdout:/usr/bin/ceph: stderr
2024-04-24T23:37:15.586+0000 7f8b28886700 1 --2- 172.21.15.112:0/1108770245 >> [v2:172.21.15.112:6800/3462722844,v1:172.21.15.112:6801/3462722844] conn(0x7f8b0c039000 0x7f8b0c03b4c0 unknown :-1 s=START_CONNECT pgs=0 cs=0 l=1 rev1=0 crypto rx=0 tx=0 comp rx=0 tx=0).stop
2024-04-24T23:37:16.137 INFO:teuthology.orchestra.run.smithi112.stdout:/usr/bin/ceph: stderr
2024-04-24T23:37:15.586+0000 7f8b28886700 1 -- 172.21.15.112:0/1108770245 >> [v2:172.21.15.112:3300/0,v1:172.21.15.112:6789/0] conn(0x7f8b24106750 msgr2=0x7f8b2419e050 secure :-1 s=STATE_CONNECTION_ESTABLISHED l=1).mark_down
2024-04-24T23:37:16.137 INFO:teuthology.orchestra.run.smithi112.stdout:/usr/bin/ceph: stderr
2024-04-24T23:37:15.586+0000 7f8b28886700 1 --2- 172.21.15.112:0/1108770245 >> [v2:172.21.15.112:3300/0,v1:172.21.15.112:6789/0] conn(0x7f8b24106750 0x7f8b2419e050 secure :-1 s=READY pgs=25 cs=0 l=1 rev1=1 crypto rx=0x7f8b140118c0 tx=0x7f8b140046a0 comp rx=0 tx=0).stop
2024-04-24T23:37:16.137 INFO:teuthology.orchestra.run.smithi112.stdout:/usr/bin/ceph: stderr
2024-04-24T23:37:15.586+0000 7f8b28886700 1 -- 172.21.15.112:0/1108770245 shutdown_connections
2024-04-24T23:37:16.137 INFO:teuthology.orchestra.run.smithi112.stdout:/usr/bin/ceph: stderr
2024-04-24T23:37:15.586+0000 7f8b28886700 1 --2- 172.21.15.112:0/1108770245 >> [v2:172.21.15.112:6800/3462722844,v1:172.21.15.112:6801/3462722844] conn(0x7f8b0c039000 0x7f8b0c03b4c0 unknown :-1 s=CLOSED pgs=0 cs=0 l=1 rev1=0 crypto rx=0 tx=0 comp rx=0 tx=0).stop
2024-04-24T23:37:16.137 INFO:teuthology.orchestra.run.smithi112.stdout:/usr/bin/ceph: stderr
2024-04-24T23:37:15.586+0000 7f8b28886700 1 --2- 172.21.15.112:0/1108770245 >> [v2:172.21.15.112:3300/0,v1:172.21.15.112:6789/0] conn(0x7f8b24106750 0x7f8b2419e050 unknown :-1 s=CLOSED pgs=25 cs=0 l=1 rev1=1 crypto rx=0 tx=0 comp rx=0 tx=0).stop
2024-04-24T23:37:16.137 INFO:teuthology.orchestra.run.smithi112.stdout:/usr/bin/ceph: stderr
2024-04-24T23:37:15.586+0000 7f8b28886700 1 -- 172.21.15.112:0/1108770245 >> 172.21.15.112:0/1108770245 conn(0x7f8b241022f0 msgr2=0x7f8b24194cb0 unknown :-1 s=STATE_NONE l=0).mark_down
2024-04-24T23:37:16.137 INFO:teuthology.orchestra.run.smithi112.stdout:/usr/bin/ceph: stderr
2024-04-24T23:37:15.587+0000 7f8b28886700 1 -- 172.21.15.112:0/1108770245 shutdown_connections
2024-04-24T23:37:16.137 INFO:teuthology.orchestra.run.smithi112.stdout:/usr/bin/ceph: stderr
2024-04-24T23:37:15.587+0000 7f8b28886700 1 -- 172.21.15.112:0/1108770245 wait complete.
2024-04-24T23:37:16.138 INFO:teuthology.orchestra.run.smithi112.stdout:Waiting for the mgr to restart...
2024-04-24T23:37:16.138 INFO:teuthology.orchestra.run.smithi112.stdout:Waiting for mgr epoch 5...
2024-04-24T23:37:16.493 INFO:journalctl@ceph.mon.a.smithi112.stdout:Apr 24 23:37:16 smithi112 ceph-mon[29223]: from='client.? 172.21.15.112:0/1108770245' entity='client.admin' cmd=[{"prefix": "mgr stat"}]: dispatch
2024-04-24T23:37:16.494 INFO:journalctl@ceph.mgr.x.smithi112.stdout:Apr 24 23:37:16 smithi112 ceph-5b74b9f4-0293-11ef-bc93-c7b262605968-mgr-x[29455]:
2024-04-24T23:37:16.307+0000 7f21c9bb3200 -1 mgr[py] Module telegraf has missing NOTIFY_TYPES member
2024-04-24T23:37:16.494 INFO:journalctl@ceph.mgr.x.smithi112.stdout:Apr 24 23:37:16 smithi112 ceph-5b74b9f4-0293-11ef-bc93-c7b262605968-mgr-x[29455]:
2024-04-24T23:37:16.486+0000 7f21c9bb3200 -1 mgr[py] Module osd_support has missing NOTIFY_TYPES member
2024-04-24T23:37:16.833 INFO:journalctl@ceph.mgr.x.smithi112.stdout:Apr 24 23:37:16 smithi112 ceph-5b74b9f4-0293-11ef-bc93-c7b262605968-mgr-x[29455]:
2024-04-24T23:37:16.654+0000 7f21c9bb3200 -1 mgr[py] Module iostat has missing NOTIFY_TYPES member
2024-04-24T23:37:17.225 INFO:journalctl@ceph.mgr.x.smithi112.stdout:Apr 24 23:37:16 smithi112 ceph-5b74b9f4-0293-11ef-bc93-c7b262605968-mgr-x[29455]:
2024-04-24T23:37:16.936+0000 7f21c9bb3200 -1 mgr[py] Module alerts has missing NOTIFY_TYPES member
2024-04-24T23:37:17.225 INFO:journalctl@ceph.mgr.x.smithi112.stdout:Apr 24 23:37:17 smithi112 ceph-5b74b9f4-0293-11ef-bc93-c7b262605968-mgr-x[29455]:
2024-04-24T23:37:17.026+0000 7f21c9bb3200 -1 mgr[py] Module selftest has missing NOTIFY_TYPES member
2024-04-24T23:37:17.225 INFO:journalctl@ceph.mgr.x.smithi112.stdout:Apr 24 23:37:17 smithi112 ceph-5b74b9f4-0293-11ef-bc93-c7b262605968-mgr-x[29455]:
2024-04-24T23:37:17.225+0000 7f21c9bb3200 -1 mgr[py] Module pg_autoscaler has missing NOTIFY_TYPES member
2024-04-24T23:37:17.583 INFO:journalctl@ceph.mgr.x.smithi112.stdout:Apr 24 23:37:17 smithi112 ceph-5b74b9f4-0293-11ef-bc93-c7b262605968-mgr-x[29455]:
2024-04-24T23:37:17.414+0000 7f21c9bb3200 -1 mgr[py] Module test_orchestrator has missing NOTIFY_TYPES member
2024-04-24T23:37:18.333 INFO:journalctl@ceph.mgr.x.smithi112.stdout:Apr 24 23:37:18 smithi112 ceph-5b74b9f4-0293-11ef-bc93-c7b262605968-mgr-x[29455]:
2024-04-24T23:37:17.999+0000 7f21c9bb3200 -1 mgr[py] Module rook has missing NOTIFY_TYPES member
2024-04-24T23:37:18.699 INFO:journalctl@ceph.mgr.x.smithi112.stdout:Apr 24 23:37:18 smithi112 ceph-5b74b9f4-0293-11ef-bc93-c7b262605968-mgr-x[29455]:
2024-04-24T23:37:18.410+0000 7f21c9bb3200 -1 mgr[py] Module volumes has missing NOTIFY_TYPES member
2024-04-24T23:37:18.700 INFO:journalctl@ceph.mgr.x.smithi112.stdout:Apr 24 23:37:18 smithi112 ceph-5b74b9f4-0293-11ef-bc93-c7b262605968-mgr-x[29455]:
2024-04-24T23:37:18.504+0000 7f21c9bb3200 -1 mgr[py] Module crash has missing NOTIFY_TYPES member
2024-04-24T23:37:18.700 INFO:journalctl@ceph.mgr.x.smithi112.stdout:Apr 24 23:37:18 smithi112 ceph-5b74b9f4-0293-11ef-bc93-c7b262605968-mgr-x[29455]:
2024-04-24T23:37:18.699+0000 7f21c9bb3200 -1 mgr[py] Module rgw has missing NOTIFY_TYPES member
2024-04-24T23:37:19.511 INFO:journalctl@ceph.mgr.x.smithi112.stdout:Apr 24 23:37:19 smithi112 ceph-5b74b9f4-0293-11ef-bc93-c7b262605968-mgr-x[29455]:
2024-04-24T23:37:19.211+0000 7f21c9bb3200 -1 mgr[py] Module prometheus has missing NOTIFY_TYPES member
2024-04-24T23:37:19.511 INFO:journalctl@ceph.mgr.x.smithi112.stdout:Apr 24 23:37:19 smithi112 ceph-5b74b9f4-0293-11ef-bc93-c7b262605968-mgr-x[29455]:
2024-04-24T23:37:19.302+0000 7f21c9bb3200 -1 mgr[py] Module devicehealth has missing NOTIFY_TYPES member
2024-04-24T23:37:19.774 INFO:journalctl@ceph.mgr.x.smithi112.stdout:Apr 24 23:37:19 smithi112 ceph-5b74b9f4-0293-11ef-bc93-c7b262605968-mgr-x[29455]:
2024-04-24T23:37:19.546+0000 7f21c9bb3200 -1 mgr[py] Module telemetry has missing NOTIFY_TYPES member
2024-04-24T23:37:19.774 INFO:journalctl@ceph.mgr.x.smithi112.stdout:Apr 24 23:37:19 smithi112 ceph-5b74b9f4-0293-11ef-bc93-c7b262605968-mgr-x[29455]:
2024-04-24T23:37:19.679+0000 7f21c9bb3200 -1 mgr[py] Module diskprediction_local has missing NOTIFY_TYPES member
2024-04-24T23:37:19.774 INFO:journalctl@ceph.mgr.x.smithi112.stdout:Apr 24 23:37:19 smithi112 ceph-5b74b9f4-0293-11ef-bc93-c7b262605968-mgr-x[29455]:
2024-04-24T23:37:19.774+0000 7f21c9bb3200 -1 mgr[py] Module osd_perf_query has missing NOTIFY_TYPES member
2024-04-24T23:37:20.083 INFO:journalctl@ceph.mgr.x.smithi112.stdout:Apr 24 23:37:19 smithi112 ceph-5b74b9f4-0293-11ef-bc93-c7b262605968-mgr-x[29455]:
2024-04-24T23:37:19.890+0000 7f21c9bb3200 -1 mgr[py] Module rbd_support has missing NOTIFY_TYPES member
2024-04-24T23:37:20.084 INFO:journalctl@ceph.mgr.x.smithi112.stdout:Apr 24 23:37:19 smithi112 ceph-5b74b9f4-0293-11ef-bc93-c7b262605968-mgr-x[29455]:
2024-04-24T23:37:19.981+0000 7f21c9bb3200 -1 mgr[py] Module zabbix has missing NOTIFY_TYPES member
2024-04-24T23:37:21.049 INFO:journalctl@ceph.mgr.x.smithi112.stdout:Apr 24 23:37:20 smithi112 ceph-5b74b9f4-0293-11ef-bc93-c7b262605968-mgr-x[29455]:
2024-04-24T23:37:20.782+0000 7f21c9bb3200 -1 mgr[py] Module status has missing NOTIFY_TYPES member
2024-04-24T23:37:21.049 INFO:journalctl@ceph.mgr.x.smithi112.stdout:Apr 24 23:37:20 smithi112 ceph-5b74b9f4-0293-11ef-bc93-c7b262605968-mgr-x[29455]:
2024-04-24T23:37:20.996+0000 7f21c9bb3200 -1 mgr[py] Module nfs has missing NOTIFY_TYPES member
2024-04-24T23:37:21.334 INFO:journalctl@ceph.mon.a.smithi112.stdout:Apr 24 23:37:21 smithi112 ceph-mon[29223]: Active manager daemon x restarted
2024-04-24T23:37:21.334 INFO:journalctl@ceph.mon.a.smithi112.stdout:Apr 24 23:37:21 smithi112 ceph-mon[29223]: Activating manager daemon x
2024-04-24T23:37:21.334 INFO:journalctl@ceph.mon.a.smithi112.stdout:Apr 24 23:37:21 smithi112 ceph-mon[29223]: osdmap e2: 0 total, 0 up, 0 in
2024-04-24T23:37:21.334 INFO:journalctl@ceph.mon.a.smithi112.stdout:Apr 24 23:37:21 smithi112 ceph-mon[29223]: mgrmap e6: x(active, starting, since 0.00355791s)
2024-04-24T23:37:21.334 INFO:journalctl@ceph.mon.a.smithi112.stdout:Apr 24 23:37:21 smithi112 ceph-mon[29223]: from='mgr.14118 172.21.15.112:0/289181855' entity='mgr.x' cmd=[{"prefix": "mon metadata", "id": "a"}]: dispatch
2024-04-24T23:37:21.334 INFO:journalctl@ceph.mon.a.smithi112.stdout:Apr 24 23:37:21 smithi112 ceph-mon[29223]: from='mgr.14118 172.21.15.112:0/289181855' entity='mgr.x' cmd=[{"prefix": "mgr metadata", "who": "x", "id": "x"}]: dispatch
2024-04-24T23:37:21.334 INFO:journalctl@ceph.mon.a.smithi112.stdout:Apr 24 23:37:21 smithi112 ceph-mon[29223]: from='mgr.14118 172.21.15.112:0/289181855' entity='mgr.x' cmd=[{"prefix": "mds metadata"}]: dispatch
2024-04-24T23:37:21.334 INFO:journalctl@ceph.mon.a.smithi112.stdout:Apr 24 23:37:21 smithi112 ceph-mon[29223]: from='mgr.14118 172.21.15.112:0/289181855' entity='mgr.x' cmd=[{"prefix": "osd metadata"}]: dispatch
2024-04-24T23:37:21.334 INFO:journalctl@ceph.mon.a.smithi112.stdout:Apr 24 23:37:21 smithi112 ceph-mon[29223]: from='mgr.14118 172.21.15.112:0/289181855' entity='mgr.x' cmd=[{"prefix": "mon metadata"}]: dispatch
2024-04-24T23:37:21.334 INFO:journalctl@ceph.mon.a.smithi112.stdout:Apr 24 23:37:21 smithi112 ceph-mon[29223]: Manager daemon x is now available
2024-04-24T23:37:21.334 INFO:journalctl@ceph.mon.a.smithi112.stdout:Apr 24 23:37:21 smithi112 ceph-mon[29223]: from='mgr.14118 172.21.15.112:0/289181855' entity='mgr.x'
2024-04-24T23:37:21.335 INFO:journalctl@ceph.mon.a.smithi112.stdout:Apr 24 23:37:21 smithi112 ceph-mon[29223]: from='mgr.14118 172.21.15.112:0/289181855' entity='mgr.x'
2024-04-24T23:37:21.335 INFO:journalctl@ceph.mon.a.smithi112.stdout:Apr 24 23:37:21 smithi112 ceph-mon[29223]: from='mgr.14118 172.21.15.112:0/289181855' entity='mgr.x' cmd=[{"prefix": "config dump", "format": "json"}]: dispatch
2024-04-24T23:37:21.335 INFO:journalctl@ceph.mon.a.smithi112.stdout:Apr 24 23:37:21 smithi112 ceph-mon[29223]: from='mgr.14118 172.21.15.112:0/289181855' entity='mgr.x' cmd=[{"prefix": "config dump", "format": "json"}]: dispatch
2024-04-24T23:37:21.335 INFO:journalctl@ceph.mon.a.smithi112.stdout:Apr 24 23:37:21 smithi112 ceph-mon[29223]: from='mgr.14118 172.21.15.112:0/289181855' entity='mgr.x' cmd=[{"prefix":"config rm","who":"mgr","name":"mgr/rbd_support/x/mirror_snapshot_schedule"}]: dispatch
2024-04-24T23:37:21.335 INFO:journalctl@ceph.mon.a.smithi112.stdout:Apr 24 23:37:21 smithi112 ceph-mon[29223]: from='mgr.14118 172.21.15.112:0/289181855' entity='mgr.x' cmd=[{"prefix":"config rm","who":"mgr","name":"mgr/rbd_support/x/trash_purge_schedule"}]: dispatch
2024-04-24T23:37:22.334 INFO:journalctl@ceph.mon.a.smithi112.stdout:Apr 24 23:37:22 smithi112 ceph-mon[29223]: Found migration_current of "None". Setting to last migration.
2024-04-24T23:37:22.334 INFO:journalctl@ceph.mon.a.smithi112.stdout:Apr 24 23:37:22 smithi112 ceph-mon[29223]: from='mgr.14118 172.21.15.112:0/289181855' entity='mgr.x'
2024-04-24T23:37:22.334 INFO:journalctl@ceph.mon.a.smithi112.stdout:Apr 24 23:37:22 smithi112 ceph-mon[29223]: from='mgr.14118 172.21.15.112:0/289181855' entity='mgr.x'
2024-04-24T23:37:22.334 INFO:journalctl@ceph.mon.a.smithi112.stdout:Apr 24 23:37:22 smithi112 ceph-mon[29223]: from='mgr.14118 172.21.15.112:0/289181855' entity='mgr.x' cmd=[{"prefix": "config dump", "format": "json"}]: dispatch
2024-04-24T23:37:22.334 INFO:journalctl@ceph.mon.a.smithi112.stdout:Apr 24 23:37:22 smithi112 ceph-mon[29223]: mgrmap e7: x(active, since 1.00626s)
2024-04-24T23:37:22.591 INFO:teuthology.orchestra.run.smithi112.stdout:/usr/bin/ceph: stdout {
2024-04-24T23:37:22.591 INFO:teuthology.orchestra.run.smithi112.stdout:/usr/bin/ceph: stdout "mgrmap_epoch": 7,
2024-04-24T23:37:22.591 INFO:teuthology.orchestra.run.smithi112.stdout:/usr/bin/ceph: stdout "initialized": true
2024-04-24T23:37:22.591 INFO:teuthology.orchestra.run.smithi112.stdout:/usr/bin/ceph: stdout }
2024-04-24T23:37:22.591 INFO:teuthology.orchestra.run.smithi112.stdout:/usr/bin/ceph: stderr
2024-04-24T23:37:16.501+0000 7fd3707a1700 1 Processor -- start
2024-04-24T23:37:22.591 INFO:teuthology.orchestra.run.smithi112.stdout:/usr/bin/ceph: stderr
2024-04-24T23:37:16.501+0000 7fd3707a1700 1 -- start start
2024-04-24T23:37:22.591 INFO:teuthology.orchestra.run.smithi112.stdout:/usr/bin/ceph: stderr
2024-04-24T23:37:16.501+0000 7fd3707a1700 1 --2- >> [v2:172.21.15.112:3300/0,v1:172.21.15.112:6789/0] conn(0x7fd368106150 0x7fd368106570 unknown :-1 s=NONE pgs=0 cs=0 l=0 rev1=0 crypto rx=0 tx=0 comp rx=0 tx=0).connect
2024-04-24T23:37:22.591 INFO:teuthology.orchestra.run.smithi112.stdout:/usr/bin/ceph: stderr
2024-04-24T23:37:16.501+0000 7fd3707a1700 1 -- --> [v2:172.21.15.112:3300/0,v1:172.21.15.112:6789/0] -- mon_getmap magic: 0 -- 0x7fd368106b40 con 0x7fd368106150
2024-04-24T23:37:22.591 INFO:teuthology.orchestra.run.smithi112.stdout:/usr/bin/ceph: stderr
2024-04-24T23:37:16.502+0000 7fd36e53d700 1 --2- >> [v2:172.21.15.112:3300/0,v1:172.21.15.112:6789/0] conn(0x7fd368106150 0x7fd368106570 unknown :-1 s=BANNER_CONNECTING pgs=0 cs=0 l=0 rev1=0 crypto rx=0 tx=0 comp rx=0 tx=0)._handle_peer_banner_payload supported=3 required=0
2024-04-24T23:37:22.591 INFO:teuthology.orchestra.run.smithi112.stdout:/usr/bin/ceph: stderr
2024-04-24T23:37:16.502+0000 7fd36e53d700 1 --2- >> [v2:172.21.15.112:3300/0,v1:172.21.15.112:6789/0] conn(0x7fd368106150 0x7fd368106570 unknown :-1 s=HELLO_CONNECTING pgs=0 cs=0 l=0 rev1=1 crypto rx=0 tx=0 comp rx=0 tx=0).handle_hello peer v2:172.21.15.112:3300/0 says I am v2:172.21.15.112:54490/0 (socket says 172.21.15.112:54490)
2024-04-24T23:37:22.591 INFO:teuthology.orchestra.run.smithi112.stdout:/usr/bin/ceph: stderr
2024-04-24T23:37:16.502+0000 7fd36e53d700 1 -- 172.21.15.112:0/786013382 learned_addr learned my addr 172.21.15.112:0/786013382 (peer_addr_for_me v2:172.21.15.112:0/0)
2024-04-24T23:37:22.592 INFO:teuthology.orchestra.run.smithi112.stdout:/usr/bin/ceph: stderr
2024-04-24T23:37:16.502+0000 7fd36e53d700 1 -- 172.21.15.112:0/786013382 --> [v2:172.21.15.112:3300/0,v1:172.21.15.112:6789/0] -- mon_subscribe({config=0+,monmap=0+}) -- 0x7fd3681090e0 con 0x7fd368106150
2024-04-24T23:37:22.592 INFO:teuthology.orchestra.run.smithi112.stdout:/usr/bin/ceph: stderr
2024-04-24T23:37:16.502+0000 7fd36e53d700 1 --2- 172.21.15.112:0/786013382 >> [v2:172.21.15.112:3300/0,v1:172.21.15.112:6789/0] conn(0x7fd368106150 0x7fd368106570 secure :-1 s=READY pgs=26 cs=0 l=1 rev1=1 crypto rx=0x7fd3580098a0 tx=0x7fd358009bb0 comp rx=0 tx=0).ready entity=mon.0 client_cookie=1d3887345f88dc4 server_cookie=0 in_seq=0 out_seq=0
2024-04-24T23:37:22.592 INFO:teuthology.orchestra.run.smithi112.stdout:/usr/bin/ceph: stderr
2024-04-24T23:37:16.502+0000 7fd36d53b700 1 -- 172.21.15.112:0/786013382 <== mon.0 v2:172.21.15.112:3300/0 1 ==== mon_map magic: 0 ==== 205+0+0 (secure 0 0 0) 0x7fd358004160 con 0x7fd368106150
2024-04-24T23:37:22.592 INFO:teuthology.orchestra.run.smithi112.stdout:/usr/bin/ceph: stderr
2024-04-24T23:37:16.502+0000 7fd36d53b700 1 -- 172.21.15.112:0/786013382 <== mon.0 v2:172.21.15.112:3300/0 2 ==== config(28 keys) ==== 1140+0+0 (secure 0 0 0) 0x7fd358004300 con 0x7fd368106150
2024-04-24T23:37:22.592 INFO:teuthology.orchestra.run.smithi112.stdout:/usr/bin/ceph: stderr
2024-04-24T23:37:16.502+0000 7fd36d53b700 1 -- 172.21.15.112:0/786013382 <== mon.0 v2:172.21.15.112:3300/0 3 ==== mon_map magic: 0 ==== 205+0+0 (secure 0 0 0) 0x7fd358011c00 con 0x7fd368106150
2024-04-24T23:37:22.592 INFO:teuthology.orchestra.run.smithi112.stdout:/usr/bin/ceph: stderr
2024-04-24T23:37:16.503+0000 7fd3707a1700 1 -- 172.21.15.112:0/786013382 >> [v2:172.21.15.112:3300/0,v1:172.21.15.112:6789/0] conn(0x7fd368106150 msgr2=0x7fd368106570 secure :-1 s=STATE_CONNECTION_ESTABLISHED l=1).mark_down
2024-04-24T23:37:22.592 INFO:teuthology.orchestra.run.smithi112.stdout:/usr/bin/ceph: stderr
2024-04-24T23:37:16.503+0000 7fd3707a1700 1 --2- 172.21.15.112:0/786013382 >> [v2:172.21.15.112:3300/0,v1:172.21.15.112:6789/0] conn(0x7fd368106150 0x7fd368106570 secure :-1 s=READY pgs=26 cs=0 l=1 rev1=1 crypto rx=0x7fd3580098a0 tx=0x7fd358009bb0 comp rx=0 tx=0).stop
2024-04-24T23:37:22.592 INFO:teuthology.orchestra.run.smithi112.stdout:/usr/bin/ceph: stderr
2024-04-24T23:37:16.503+0000 7fd3707a1700 1 -- 172.21.15.112:0/786013382 shutdown_connections
2024-04-24T23:37:22.592 INFO:teuthology.orchestra.run.smithi112.stdout:/usr/bin/ceph: stderr
2024-04-24T23:37:16.503+0000 7fd3707a1700 1 --2- 172.21.15.112:0/786013382 >> [v2:172.21.15.112:3300/0,v1:172.21.15.112:6789/0] conn(0x7fd368106150 0x7fd368106570 unknown :-1 s=CLOSED pgs=26 cs=0 l=1 rev1=1 crypto rx=0 tx=0 comp rx=0 tx=0).stop
2024-04-24T23:37:22.592 INFO:teuthology.orchestra.run.smithi112.stdout:/usr/bin/ceph: stderr
2024-04-24T23:37:16.503+0000 7fd3707a1700 1 -- 172.21.15.112:0/786013382 >> 172.21.15.112:0/786013382 conn(0x7fd368101aa0 msgr2=0x7fd368103ec0 unknown :-1 s=STATE_NONE l=0).mark_down
2024-04-24T23:37:22.592 INFO:teuthology.orchestra.run.smithi112.stdout:/usr/bin/ceph: stderr
2024-04-24T23:37:16.503+0000 7fd3707a1700 1 -- 172.21.15.112:0/786013382 shutdown_connections
2024-04-24T23:37:22.592 INFO:teuthology.orchestra.run.smithi112.stdout:/usr/bin/ceph: stderr
2024-04-24T23:37:16.503+0000 7fd3707a1700 1 -- 172.21.15.112:0/786013382 wait complete.
2024-04-24T23:37:22.592 INFO:teuthology.orchestra.run.smithi112.stdout:/usr/bin/ceph: stderr
2024-04-24T23:37:16.503+0000 7fd3707a1700 1 Processor -- start
2024-04-24T23:37:22.592 INFO:teuthology.orchestra.run.smithi112.stdout:/usr/bin/ceph: stderr
2024-04-24T23:37:16.504+0000 7fd3707a1700 1 -- start start
2024-04-24T23:37:22.593 INFO:teuthology.orchestra.run.smithi112.stdout:/usr/bin/ceph: stderr
2024-04-24T23:37:16.504+0000 7fd3707a1700 1 --2- >> [v2:172.21.15.112:3300/0,v1:172.21.15.112:6789/0] conn(0x7fd368106150 0x7fd36819bea0 unknown :-1 s=NONE pgs=0 cs=0 l=1 rev1=0 crypto rx=0 tx=0 comp rx=0 tx=0).connect
2024-04-24T23:37:22.593 INFO:teuthology.orchestra.run.smithi112.stdout:/usr/bin/ceph: stderr
2024-04-24T23:37:16.504+0000 7fd3707a1700 1 -- --> [v2:172.21.15.112:3300/0,v1:172.21.15.112:6789/0] -- mon_getmap magic: 0 -- 0x7fd36810c490 con 0x7fd368106150
2024-04-24T23:37:22.593 INFO:teuthology.orchestra.run.smithi112.stdout:/usr/bin/ceph: stderr
2024-04-24T23:37:16.504+0000 7fd36e53d700 1 --2- >> [v2:172.21.15.112:3300/0,v1:172.21.15.112:6789/0] conn(0x7fd368106150 0x7fd36819bea0 unknown :-1 s=BANNER_CONNECTING pgs=0 cs=0 l=1 rev1=0 crypto rx=0 tx=0 comp rx=0 tx=0)._handle_peer_banner_payload supported=3 required=0
2024-04-24T23:37:22.593 INFO:teuthology.orchestra.run.smithi112.stdout:/usr/bin/ceph: stderr
2024-04-24T23:37:16.504+0000 7fd36e53d700 1 --2- >> [v2:172.21.15.112:3300/0,v1:172.21.15.112:6789/0] conn(0x7fd368106150 0x7fd36819bea0 unknown :-1 s=HELLO_CONNECTING pgs=0 cs=0 l=1 rev1=1 crypto rx=0 tx=0 comp rx=0 tx=0).handle_hello peer v2:172.21.15.112:3300/0 says I am v2:172.21.15.112:54502/0 (socket says 172.21.15.112:54502)
2024-04-24T23:37:22.593 INFO:teuthology.orchestra.run.smithi112.stdout:/usr/bin/ceph: stderr
2024-04-24T23:37:16.504+0000 7fd36e53d700 1 -- 172.21.15.112:0/2624409276 learned_addr learned my addr 172.21.15.112:0/2624409276 (peer_addr_for_me v2:172.21.15.112:0/0)
2024-04-24T23:37:22.593 INFO:teuthology.orchestra.run.smithi112.stdout:/usr/bin/ceph: stderr
2024-04-24T23:37:16.504+0000 7fd36e53d700 1 -- 172.21.15.112:0/2624409276 --> [v2:172.21.15.112:3300/0,v1:172.21.15.112:6789/0] -- mon_subscribe({config=0+,monmap=0+}) -- 0x7fd36819c3e0 con 0x7fd368106150
2024-04-24T23:37:22.593 INFO:teuthology.orchestra.run.smithi112.stdout:/usr/bin/ceph: stderr
2024-04-24T23:37:16.504+0000 7fd36e53d700 1 --2- 172.21.15.112:0/2624409276 >> [v2:172.21.15.112:3300/0,v1:172.21.15.112:6789/0] conn(0x7fd368106150 0x7fd36819bea0 secure :-1 s=READY pgs=27 cs=0 l=1 rev1=1 crypto rx=0x7fd3580118c0 tx=0x7fd358011c80 comp rx=0 tx=0).ready entity=mon.0 client_cookie=0 server_cookie=0 in_seq=0 out_seq=0
2024-04-24T23:37:22.593 INFO:teuthology.orchestra.run.smithi112.stdout:/usr/bin/ceph: stderr
2024-04-24T23:37:16.504+0000 7fd35f7fe700 1 -- 172.21.15.112:0/2624409276 <== mon.0 v2:172.21.15.112:3300/0 1 ==== mon_map magic: 0 ==== 205+0+0 (secure 0 0 0) 0x7fd358003af0 con 0x7fd368106150
2024-04-24T23:37:22.593 INFO:teuthology.orchestra.run.smithi112.stdout:/usr/bin/ceph: stderr
2024-04-24T23:37:16.504+0000 7fd3707a1700 1 -- 172.21.15.112:0/2624409276 --> [v2:172.21.15.112:3300/0,v1:172.21.15.112:6789/0] -- mon_subscribe({mgrmap=0+}) -- 0x7fd36819c670 con 0x7fd368106150
2024-04-24T23:37:22.593 INFO:teuthology.orchestra.run.smithi112.stdout:/usr/bin/ceph: stderr
2024-04-24T23:37:16.505+0000 7fd3707a1700 1 -- 172.21.15.112:0/2624409276 --> [v2:172.21.15.112:3300/0,v1:172.21.15.112:6789/0] -- mon_subscribe({osdmap=0}) -- 0x7fd36819f360 con 0x7fd368106150
2024-04-24T23:37:22.593 INFO:teuthology.orchestra.run.smithi112.stdout:/usr/bin/ceph: stderr
2024-04-24T23:37:16.505+0000 7fd35f7fe700 1 -- 172.21.15.112:0/2624409276 <== mon.0 v2:172.21.15.112:3300/0 2 ==== config(28 keys) ==== 1140+0+0 (secure 0 0 0) 0x7fd358003c90 con 0x7fd368106150
2024-04-24T23:37:22.593 INFO:teuthology.orchestra.run.smithi112.stdout:/usr/bin/ceph: stderr
2024-04-24T23:37:16.505+0000 7fd35f7fe700 1 -- 172.21.15.112:0/2624409276 <== mon.0 v2:172.21.15.112:3300/0 3 ==== mon_map magic: 0 ==== 205+0+0 (secure 0 0 0) 0x7fd358024770 con 0x7fd368106150
2024-04-24T23:37:22.593 INFO:teuthology.orchestra.run.smithi112.stdout:/usr/bin/ceph: stderr
2024-04-24T23:37:16.505+0000 7fd35f7fe700 1 -- 172.21.15.112:0/2624409276 <== mon.0 v2:172.21.15.112:3300/0 4 ==== mgrmap(e 5) ==== 46287+0+0 (secure 0 0 0) 0x7fd358022020 con 0x7fd368106150
2024-04-24T23:37:22.593 INFO:teuthology.orchestra.run.smithi112.stdout:/usr/bin/ceph: stderr
2024-04-24T23:37:16.506+0000 7fd35f7fe700 1 --2- 172.21.15.112:0/2624409276 >> [v2:172.21.15.112:6800/3462722844,v1:172.21.15.112:6801/3462722844] conn(0x7fd3540390a0 0x7fd35403b560 unknown :-1 s=NONE pgs=0 cs=0 l=1 rev1=0 crypto rx=0 tx=0 comp rx=0 tx=0).connect
2024-04-24T23:37:22.593 INFO:teuthology.orchestra.run.smithi112.stdout:/usr/bin/ceph: stderr
2024-04-24T23:37:16.506+0000 7fd35f7fe700 1 -- 172.21.15.112:0/2624409276 --> [v2:172.21.15.112:6800/3462722844,v1:172.21.15.112:6801/3462722844] -- command(tid 0: {"prefix": "get_command_descriptions"}) -- 0x7fd35403bc70 con 0x7fd3540390a0
2024-04-24T23:37:22.594 INFO:teuthology.orchestra.run.smithi112.stdout:/usr/bin/ceph: stderr
2024-04-24T23:37:16.506+0000 7fd35f7fe700 1 -- 172.21.15.112:0/2624409276 <== mon.0 v2:172.21.15.112:3300/0 5 ==== osd_map(1..1 src has 1..1) ==== 725+0+0 (secure 0 0 0) 0x7fd35804ce20 con 0x7fd368106150
2024-04-24T23:37:22.594 INFO:teuthology.orchestra.run.smithi112.stdout:/usr/bin/ceph: stderr
2024-04-24T23:37:16.506+0000 7fd36dd3c700 1 -- 172.21.15.112:0/2624409276 >> [v2:172.21.15.112:6800/3462722844,v1:172.21.15.112:6801/3462722844] conn(0x7fd3540390a0 msgr2=0x7fd35403b560 unknown :-1 s=STATE_CONNECTING_RE l=1).process reconnect failed to v2:172.21.15.112:6800/3462722844
2024-04-24T23:37:22.594 INFO:teuthology.orchestra.run.smithi112.stdout:/usr/bin/ceph: stderr
2024-04-24T23:37:16.506+0000 7fd36dd3c700 1 --2- 172.21.15.112:0/2624409276 >> [v2:172.21.15.112:6800/3462722844,v1:172.21.15.112:6801/3462722844] conn(0x7fd3540390a0 0x7fd35403b560 unknown :-1 s=START_CONNECT pgs=0 cs=0 l=1 rev1=0 crypto rx=0 tx=0 comp rx=0 tx=0)._fault waiting 0.200000
2024-04-24T23:37:22.594 INFO:teuthology.orchestra.run.smithi112.stdout:/usr/bin/ceph: stderr
2024-04-24T23:37:16.707+0000 7fd36dd3c700 1 -- 172.21.15.112:0/2624409276 >> [v2:172.21.15.112:6800/3462722844,v1:172.21.15.112:6801/3462722844] conn(0x7fd3540390a0 msgr2=0x7fd35403b560 unknown :-1 s=STATE_CONNECTING_RE l=1).process reconnect failed to v2:172.21.15.112:6800/3462722844
2024-04-24T23:37:22.594 INFO:teuthology.orchestra.run.smithi112.stdout:/usr/bin/ceph: stderr
2024-04-24T23:37:16.707+0000 7fd36dd3c700 1 --2- 172.21.15.112:0/2624409276 >> [v2:172.21.15.112:6800/3462722844,v1:172.21.15.112:6801/3462722844] conn(0x7fd3540390a0 0x7fd35403b560 unknown :-1 s=START_CONNECT pgs=0 cs=0 l=1 rev1=0 crypto rx=0 tx=0 comp rx=0 tx=0)._fault waiting 0.400000
2024-04-24T23:37:22.594 INFO:teuthology.orchestra.run.smithi112.stdout:/usr/bin/ceph: stderr
2024-04-24T23:37:17.108+0000 7fd36dd3c700 1 -- 172.21.15.112:0/2624409276 >> [v2:172.21.15.112:6800/3462722844,v1:172.21.15.112:6801/3462722844] conn(0x7fd3540390a0 msgr2=0x7fd35403b560 unknown :-1 s=STATE_CONNECTING_RE l=1).process reconnect failed to v2:172.21.15.112:6800/3462722844
2024-04-24T23:37:22.594 INFO:teuthology.orchestra.run.smithi112.stdout:/usr/bin/ceph: stderr
2024-04-24T23:37:17.108+0000 7fd36dd3c700 1 --2- 172.21.15.112:0/2624409276 >> [v2:172.21.15.112:6800/3462722844,v1:172.21.15.112:6801/3462722844] conn(0x7fd3540390a0 0x7fd35403b560 unknown :-1 s=START_CONNECT pgs=0 cs=0 l=1 rev1=0 crypto rx=0 tx=0 comp rx=0 tx=0)._fault waiting 0.800000
2024-04-24T23:37:22.594 INFO:teuthology.orchestra.run.smithi112.stdout:/usr/bin/ceph: stderr
2024-04-24T23:37:17.909+0000 7fd36dd3c700 1 -- 172.21.15.112:0/2624409276 >> [v2:172.21.15.112:6800/3462722844,v1:172.21.15.112:6801/3462722844] conn(0x7fd3540390a0 msgr2=0x7fd35403b560 unknown :-1 s=STATE_CONNECTING_RE l=1).process reconnect failed to v2:172.21.15.112:6800/3462722844
2024-04-24T23:37:22.594 INFO:teuthology.orchestra.run.smithi112.stdout:/usr/bin/ceph: stderr
2024-04-24T23:37:17.909+0000 7fd36dd3c700 1 --2- 172.21.15.112:0/2624409276 >> [v2:172.21.15.112:6800/3462722844,v1:172.21.15.112:6801/3462722844] conn(0x7fd3540390a0 0x7fd35403b560 unknown :-1 s=START_CONNECT pgs=0 cs=0 l=1 rev1=0 crypto rx=0 tx=0 comp rx=0 tx=0)._fault waiting 1.600000
2024-04-24T23:37:22.594 INFO:teuthology.orchestra.run.smithi112.stdout:/usr/bin/ceph: stderr
2024-04-24T23:37:19.510+0000 7fd36dd3c700 1 -- 172.21.15.112:0/2624409276 >> [v2:172.21.15.112:6800/3462722844,v1:172.21.15.112:6801/3462722844] conn(0x7fd3540390a0 msgr2=0x7fd35403b560 unknown :-1 s=STATE_CONNECTING_RE l=1).process reconnect failed to v2:172.21.15.112:6800/3462722844
2024-04-24T23:37:22.594 INFO:teuthology.orchestra.run.smithi112.stdout:/usr/bin/ceph: stderr
2024-04-24T23:37:19.510+0000 7fd36dd3c700 1 --2- 172.21.15.112:0/2624409276 >> [v2:172.21.15.112:6800/3462722844,v1:172.21.15.112:6801/3462722844] conn(0x7fd3540390a0 0x7fd35403b560 unknown :-1 s=START_CONNECT pgs=0 cs=0 l=1 rev1=0 crypto rx=0 tx=0 comp rx=0 tx=0)._fault waiting 3.200000
2024-04-24T23:37:22.594 INFO:teuthology.orchestra.run.smithi112.stdout:/usr/bin/ceph: stderr
2024-04-24T23:37:20.999+0000 7fd35f7fe700 1 -- 172.21.15.112:0/2624409276 <== mon.0 v2:172.21.15.112:3300/0 6 ==== mgrmap(e 6) ==== 46054+0+0 (secure 0 0 0) 0x7fd35802d3f0 con 0x7fd368106150
2024-04-24T23:37:22.594 INFO:teuthology.orchestra.run.smithi112.stdout:/usr/bin/ceph: stderr
2024-04-24T23:37:21.000+0000 7fd35f7fe700 1 -- 172.21.15.112:0/2624409276 >> [v2:172.21.15.112:6800/3462722844,v1:172.21.15.112:6801/3462722844] conn(0x7fd3540390a0 msgr2=0x7fd35403b560 unknown :-1 s=STATE_CONNECTING l=1).mark_down
2024-04-24T23:37:22.595 INFO:teuthology.orchestra.run.smithi112.stdout:/usr/bin/ceph: stderr
2024-04-24T23:37:21.000+0000 7fd35f7fe700 1 --2- 172.21.15.112:0/2624409276 >> [v2:172.21.15.112:6800/3462722844,v1:172.21.15.112:6801/3462722844] conn(0x7fd3540390a0 0x7fd35403b560 unknown :-1 s=START_CONNECT pgs=0 cs=0 l=1 rev1=0 crypto rx=0 tx=0 comp rx=0 tx=0).stop
2024-04-24T23:37:22.595 INFO:teuthology.orchestra.run.smithi112.stdout:/usr/bin/ceph: stderr
2024-04-24T23:37:22.001+0000 7fd35f7fe700 1 -- 172.21.15.112:0/2624409276 <== mon.0 v2:172.21.15.112:3300/0 7 ==== mgrmap(e 7) ==== 46181+0+0 (secure 0 0 0) 0x7fd35804ec00 con 0x7fd368106150
2024-04-24T23:37:22.595 INFO:teuthology.orchestra.run.smithi112.stdout:/usr/bin/ceph: stderr
2024-04-24T23:37:22.001+0000 7fd35f7fe700 1 --2- 172.21.15.112:0/2624409276 >> [v2:172.21.15.112:6800/1753549020,v1:172.21.15.112:6801/1753549020] conn(0x7fd35403c9d0 0x7fd35403edc0 unknown :-1 s=NONE pgs=0 cs=0 l=1 rev1=0 crypto rx=0 tx=0 comp rx=0 tx=0).connect
2024-04-24T23:37:22.595 INFO:teuthology.orchestra.run.smithi112.stdout:/usr/bin/ceph: stderr
2024-04-24T23:37:22.001+0000 7fd35f7fe700 1 -- 172.21.15.112:0/2624409276 --> [v2:172.21.15.112:6800/1753549020,v1:172.21.15.112:6801/1753549020] -- command(tid 0: {"prefix": "get_command_descriptions"}) -- 0x7fd358028e70 con 0x7fd35403c9d0
2024-04-24T23:37:22.595 INFO:teuthology.orchestra.run.smithi112.stdout:/usr/bin/ceph: stderr
2024-04-24T23:37:22.002+0000 7fd36dd3c700 1 --2- 172.21.15.112:0/2624409276 >> [v2:172.21.15.112:6800/1753549020,v1:172.21.15.112:6801/1753549020] conn(0x7fd35403c9d0 0x7fd35403edc0 unknown :-1 s=BANNER_CONNECTING pgs=0 cs=0 l=1 rev1=0 crypto rx=0 tx=0 comp rx=0 tx=0)._handle_peer_banner_payload supported=3 required=0
2024-04-24T23:37:22.595 INFO:teuthology.orchestra.run.smithi112.stdout:/usr/bin/ceph: stderr
2024-04-24T23:37:22.002+0000 7fd36dd3c700 1 --2- 172.21.15.112:0/2624409276 >> [v2:172.21.15.112:6800/1753549020,v1:172.21.15.112:6801/1753549020] conn(0x7fd35403c9d0 0x7fd35403edc0 secure :-1 s=READY pgs=1 cs=0 l=1 rev1=1 crypto rx=0x7fd364003a10 tx=0x7fd3640092b0 comp rx=0 tx=0).ready entity=mgr.14118 client_cookie=0 server_cookie=0 in_seq=0 out_seq=0
2024-04-24T23:37:22.595 INFO:teuthology.orchestra.run.smithi112.stdout:/usr/bin/ceph: stderr
2024-04-24T23:37:22.003+0000 7fd35f7fe700 1 -- 172.21.15.112:0/2624409276 <== mgr.14118 v2:172.21.15.112:6800/1753549020 1 ==== command_reply(tid 0: 0 ) ==== 8+0+7774 (secure 0 0 0) 0x7fd358028e70 con 0x7fd35403c9d0
2024-04-24T23:37:22.595 INFO:teuthology.orchestra.run.smithi112.stdout:/usr/bin/ceph: stderr
2024-04-24T23:37:22.010+0000 7fd3707a1700 1 -- 172.21.15.112:0/2624409276 --> [v2:172.21.15.112:6800/1753549020,v1:172.21.15.112:6801/1753549020] -- command(tid 1: {"prefix": "mgr_status"}) -- 0x7fd34c002630 con 0x7fd35403c9d0
2024-04-24T23:37:22.595 INFO:teuthology.orchestra.run.smithi112.stdout:/usr/bin/ceph: stderr
2024-04-24T23:37:22.010+0000 7fd35f7fe700 1 -- 172.21.15.112:0/2624409276 <== mgr.14118 v2:172.21.15.112:6800/1753549020 2 ==== command_reply(tid 1: 0 ) ==== 8+0+51 (secure 0 0 0) 0x7fd34c002630 con 0x7fd35403c9d0
2024-04-24T23:37:22.595 INFO:teuthology.orchestra.run.smithi112.stdout:/usr/bin/ceph: stderr
2024-04-24T23:37:22.010+0000 7fd3707a1700 1 -- 172.21.15.112:0/2624409276 >> [v2:172.21.15.112:6800/1753549020,v1:172.21.15.112:6801/1753549020] conn(0x7fd35403c9d0 msgr2=0x7fd35403edc0 secure :-1 s=STATE_CONNECTION_ESTABLISHED l=1).mark_down
2024-04-24T23:37:22.595 INFO:teuthology.orchestra.run.smithi112.stdout:/usr/bin/ceph: stderr
2024-04-24T23:37:22.010+0000 7fd3707a1700 1 --2- 172.21.15.112:0/2624409276 >> [v2:172.21.15.112:6800/1753549020,v1:172.21.15.112:6801/1753549020] conn(0x7fd35403c9d0 0x7fd35403edc0 secure :-1 s=READY pgs=1 cs=0 l=1 rev1=1 crypto rx=0x7fd364003a10 tx=0x7fd3640092b0 comp rx=0 tx=0).stop
2024-04-24T23:37:22.595 INFO:teuthology.orchestra.run.smithi112.stdout:/usr/bin/ceph: stderr
2024-04-24T23:37:22.010+0000 7fd3707a1700 1 -- 172.21.15.112:0/2624409276 >> [v2:172.21.15.112:3300/0,v1:172.21.15.112:6789/0] conn(0x7fd368106150 msgr2=0x7fd36819bea0 secure :-1 s=STATE_CONNECTION_ESTABLISHED l=1).mark_down
2024-04-24T23:37:22.595 INFO:teuthology.orchestra.run.smithi112.stdout:/usr/bin/ceph: stderr
2024-04-24T23:37:22.010+0000 7fd3707a1700 1 --2- 172.21.15.112:0/2624409276 >> [v2:172.21.15.112:3300/0,v1:172.21.15.112:6789/0] conn(0x7fd368106150 0x7fd36819bea0 secure :-1 s=READY pgs=27 cs=0 l=1 rev1=1 crypto rx=0x7fd3580118c0 tx=0x7fd358011c80 comp rx=0 tx=0).stop
2024-04-24T23:37:22.595 INFO:teuthology.orchestra.run.smithi112.stdout:/usr/bin/ceph: stderr
2024-04-24T23:37:22.010+0000 7fd3707a1700 1 -- 172.21.15.112:0/2624409276 shutdown_connections
2024-04-24T23:37:22.596 INFO:teuthology.orchestra.run.smithi112.stdout:/usr/bin/ceph: stderr
2024-04-24T23:37:22.010+0000 7fd3707a1700 1 --2- 172.21.15.112:0/2624409276 >> [v2:172.21.15.112:6800/1753549020,v1:172.21.15.112:6801/1753549020] conn(0x7fd35403c9d0 0x7fd35403edc0 unknown :-1 s=CLOSED pgs=1 cs=0 l=1 rev1=1 crypto rx=0 tx=0 comp rx=0 tx=0).stop
2024-04-24T23:37:22.596 INFO:teuthology.orchestra.run.smithi112.stdout:/usr/bin/ceph: stderr
2024-04-24T23:37:22.010+0000 7fd3707a1700 1 --2- 172.21.15.112:0/2624409276 >> [v2:172.21.15.112:3300/0,v1:172.21.15.112:6789/0] conn(0x7fd368106150 0x7fd36819bea0 unknown :-1 s=CLOSED pgs=27 cs=0 l=1 rev1=1 crypto rx=0 tx=0 comp rx=0 tx=0).stop
2024-04-24T23:37:22.596 INFO:teuthology.orchestra.run.smithi112.stdout:/usr/bin/ceph: stderr
