2024-04-24T23:37:51.210 INFO:teuthology.orchestra.run.smithi112.stdout:/usr/bin/ceph: stderr
2024-04-24T23:37:50.644+0000 7fcd3fade700 1 -- 172.21.15.112:0/2639426493 >> [v2:172.21.15.112:3300/0,v1:172.21.15.112:6789/0] conn(0x7fcd38106120 msgr2=0x7fcd38108a20 secure :-1 s=STATE_CONNECTION_ESTABLISHED l=1).mark_down
2024-04-24T23:37:51.210 INFO:teuthology.orchestra.run.smithi112.stdout:/usr/bin/ceph: stderr
2024-04-24T23:37:50.644+0000 7fcd3fade700 1 --2- 172.21.15.112:0/2639426493 >> [v2:172.21.15.112:3300/0,v1:172.21.15.112:6789/0] conn(0x7fcd38106120 0x7fcd38108a20 secure :-1 s=READY pgs=71 cs=0 l=1 rev1=1 crypto rx=0x7fcd300072a0 tx=0x7fcd3000bd50 comp rx=0 tx=0).stop
2024-04-24T23:37:51.211 INFO:teuthology.orchestra.run.smithi112.stdout:/usr/bin/ceph: stderr
2024-04-24T23:37:50.645+0000 7fcd3fade700 1 -- 172.21.15.112:0/2639426493 shutdown_connections
2024-04-24T23:37:51.211 INFO:teuthology.orchestra.run.smithi112.stdout:/usr/bin/ceph: stderr
2024-04-24T23:37:50.645+0000 7fcd3fade700 1 --2- 172.21.15.112:0/2639426493 >> [v2:172.21.15.112:6800/3583898575,v1:172.21.15.112:6801/3583898575] conn(0x7fcd240390b0 0x7fcd2403b570 unknown :-1 s=CLOSED pgs=8 cs=0 l=1 rev1=1 crypto rx=0 tx=0 comp rx=0 tx=0).stop
2024-04-24T23:37:51.211 INFO:teuthology.orchestra.run.smithi112.stdout:/usr/bin/ceph: stderr
2024-04-24T23:37:50.645+0000 7fcd3fade700 1 --2- 172.21.15.112:0/2639426493 >> [v2:172.21.15.112:3300/0,v1:172.21.15.112:6789/0] conn(0x7fcd38106120 0x7fcd38108a20 unknown :-1 s=CLOSED pgs=71 cs=0 l=1 rev1=1 crypto rx=0 tx=0 comp rx=0 tx=0).stop
2024-04-24T23:37:51.211 INFO:teuthology.orchestra.run.smithi112.stdout:/usr/bin/ceph: stderr
2024-04-24T23:37:50.645+0000 7fcd3fade700 1 -- 172.21.15.112:0/2639426493 >> 172.21.15.112:0/2639426493 conn(0x7fcd38101aa0 msgr2=0x7fcd381025b0 unknown :-1 s=STATE_NONE l=0).mark_down
2024-04-24T23:37:51.211 INFO:teuthology.orchestra.run.smithi112.stdout:/usr/bin/ceph: stderr
2024-04-24T23:37:50.645+0000 7fcd3fade700 1 -- 172.21.15.112:0/2639426493 shutdown_connections
2024-04-24T23:37:51.211 INFO:teuthology.orchestra.run.smithi112.stdout:/usr/bin/ceph: stderr
2024-04-24T23:37:50.645+0000 7fcd3fade700 1 -- 172.21.15.112:0/2639426493 wait complete.
2024-04-24T23:37:51.211 INFO:teuthology.orchestra.run.smithi112.stdout:Fetching dashboard port number...
2024-04-24T23:37:51.937 INFO:journalctl@ceph.mon.a.smithi112.stdout:Apr 24 23:37:51 smithi112 ceph-mon[29223]: from='client.14164 -' entity='client.admin' cmd=[{"prefix": "dashboard ac-user-create", "username": "admin", "rolename": "administrator", "force_password": true, "pwd_update_required": true, "target": ["mon-mgr", ""]}]: dispatch
2024-04-24T23:37:51.937 INFO:journalctl@ceph.mon.a.smithi112.stdout:Apr 24 23:37:51 smithi112 ceph-mon[29223]: from='mgr.14150 172.21.15.112:0/3000204257' entity='mgr.x'
2024-04-24T23:37:52.714 INFO:teuthology.orchestra.run.smithi112.stdout:/usr/bin/ceph: stdout 8443
2024-04-24T23:37:52.715 INFO:teuthology.orchestra.run.smithi112.stdout:/usr/bin/ceph: stderr
2024-04-24T23:37:51.962+0000 7faf2bcda700 1 Processor -- start
2024-04-24T23:37:52.715 INFO:teuthology.orchestra.run.smithi112.stdout:/usr/bin/ceph: stderr
2024-04-24T23:37:51.963+0000 7faf2bcda700 1 -- start start
2024-04-24T23:37:52.715 INFO:teuthology.orchestra.run.smithi112.stdout:/usr/bin/ceph: stderr
2024-04-24T23:37:51.963+0000 7faf2bcda700 1 --2- >> [v2:172.21.15.112:3300/0,v1:172.21.15.112:6789/0] conn(0x7faf24108960 0x7faf2410ad50 unknown :-1 s=NONE pgs=0 cs=0 l=0 rev1=0 crypto rx=0 tx=0 comp rx=0 tx=0).connect
2024-04-24T23:37:52.715 INFO:teuthology.orchestra.run.smithi112.stdout:/usr/bin/ceph: stderr
2024-04-24T23:37:51.963+0000 7faf2bcda700 1 -- --> [v2:172.21.15.112:3300/0,v1:172.21.15.112:6789/0] -- mon_getmap magic: 0 -- 0x7faf2407be60 con 0x7faf24108960
2024-04-24T23:37:52.715 INFO:teuthology.orchestra.run.smithi112.stdout:/usr/bin/ceph: stderr
2024-04-24T23:37:51.963+0000 7faf29a76700 1 --2- >> [v2:172.21.15.112:3300/0,v1:172.21.15.112:6789/0] conn(0x7faf24108960 0x7faf2410ad50 unknown :-1 s=BANNER_CONNECTING pgs=0 cs=0 l=0 rev1=0 crypto rx=0 tx=0 comp rx=0 tx=0)._handle_peer_banner_payload supported=3 required=0
2024-04-24T23:37:52.715 INFO:teuthology.orchestra.run.smithi112.stdout:/usr/bin/ceph: stderr
2024-04-24T23:37:51.963+0000 7faf29a76700 1 --2- >> [v2:172.21.15.112:3300/0,v1:172.21.15.112:6789/0] conn(0x7faf24108960 0x7faf2410ad50 unknown :-1 s=HELLO_CONNECTING pgs=0 cs=0 l=0 rev1=1 crypto rx=0 tx=0 comp rx=0 tx=0).handle_hello peer v2:172.21.15.112:3300/0 says I am v2:172.21.15.112:46156/0 (socket says 172.21.15.112:46156)
2024-04-24T23:37:52.715 INFO:teuthology.orchestra.run.smithi112.stdout:/usr/bin/ceph: stderr
2024-04-24T23:37:51.963+0000 7faf29a76700 1 -- 172.21.15.112:0/2766727552 learned_addr learned my addr 172.21.15.112:0/2766727552 (peer_addr_for_me v2:172.21.15.112:0/0)
2024-04-24T23:37:52.715 INFO:teuthology.orchestra.run.smithi112.stdout:/usr/bin/ceph: stderr
2024-04-24T23:37:51.963+0000 7faf29a76700 1 -- 172.21.15.112:0/2766727552 --> [v2:172.21.15.112:3300/0,v1:172.21.15.112:6789/0] -- mon_subscribe({config=0+,monmap=0+}) -- 0x7faf2410b290 con 0x7faf24108960
2024-04-24T23:37:52.715 INFO:teuthology.orchestra.run.smithi112.stdout:/usr/bin/ceph: stderr
2024-04-24T23:37:51.963+0000 7faf29a76700 1 --2- 172.21.15.112:0/2766727552 >> [v2:172.21.15.112:3300/0,v1:172.21.15.112:6789/0] conn(0x7faf24108960 0x7faf2410ad50 secure :-1 s=READY pgs=72 cs=0 l=1 rev1=1 crypto rx=0x7faf1c009e80 tx=0x7faf1c00b330 comp rx=0 tx=0).ready entity=mon.0 client_cookie=a3603a6877b7107b server_cookie=0 in_seq=0 out_seq=0
2024-04-24T23:37:52.715 INFO:teuthology.orchestra.run.smithi112.stdout:/usr/bin/ceph: stderr
2024-04-24T23:37:51.964+0000 7faf28a74700 1 -- 172.21.15.112:0/2766727552 <== mon.0 v2:172.21.15.112:3300/0 1 ==== mon_map magic: 0 ==== 205+0+0 (secure 0 0 0) 0x7faf1c017070 con 0x7faf24108960
2024-04-24T23:37:52.715 INFO:teuthology.orchestra.run.smithi112.stdout:/usr/bin/ceph: stderr
2024-04-24T23:37:51.964+0000 7faf28a74700 1 -- 172.21.15.112:0/2766727552 <== mon.0 v2:172.21.15.112:3300/0 2 ==== config(28 keys) ==== 1171+0+0 (secure 0 0 0) 0x7faf1c00b8c0 con 0x7faf24108960
2024-04-24T23:37:52.715 INFO:teuthology.orchestra.run.smithi112.stdout:/usr/bin/ceph: stderr
2024-04-24T23:37:51.964+0000 7faf28a74700 1 -- 172.21.15.112:0/2766727552 <== mon.0 v2:172.21.15.112:3300/0 3 ==== mon_map magic: 0 ==== 205+0+0 (secure 0 0 0) 0x7faf1c004610 con 0x7faf24108960
2024-04-24T23:37:52.715 INFO:teuthology.orchestra.run.smithi112.stdout:/usr/bin/ceph: stderr
2024-04-24T23:37:51.964+0000 7faf2bcda700 1 -- 172.21.15.112:0/2766727552 >> [v2:172.21.15.112:3300/0,v1:172.21.15.112:6789/0] conn(0x7faf24108960 msgr2=0x7faf2410ad50 secure :-1 s=STATE_CONNECTION_ESTABLISHED l=1).mark_down
2024-04-24T23:37:52.715 INFO:teuthology.orchestra.run.smithi112.stdout:/usr/bin/ceph: stderr
2024-04-24T23:37:51.964+0000 7faf2bcda700 1 --2- 172.21.15.112:0/2766727552 >> [v2:172.21.15.112:3300/0,v1:172.21.15.112:6789/0] conn(0x7faf24108960 0x7faf2410ad50 secure :-1 s=READY pgs=72 cs=0 l=1 rev1=1 crypto rx=0x7faf1c009e80 tx=0x7faf1c00b330 comp rx=0 tx=0).stop
2024-04-24T23:37:52.716 INFO:teuthology.orchestra.run.smithi112.stdout:/usr/bin/ceph: stderr
2024-04-24T23:37:51.964+0000 7faf2bcda700 1 -- 172.21.15.112:0/2766727552 shutdown_connections
2024-04-24T23:37:52.716 INFO:teuthology.orchestra.run.smithi112.stdout:/usr/bin/ceph: stderr
2024-04-24T23:37:51.964+0000 7faf2bcda700 1 --2- 172.21.15.112:0/2766727552 >> [v2:172.21.15.112:3300/0,v1:172.21.15.112:6789/0] conn(0x7faf24108960 0x7faf2410ad50 unknown :-1 s=CLOSED pgs=72 cs=0 l=1 rev1=1 crypto rx=0 tx=0 comp rx=0 tx=0).stop
2024-04-24T23:37:52.716 INFO:teuthology.orchestra.run.smithi112.stdout:/usr/bin/ceph: stderr
2024-04-24T23:37:51.964+0000 7faf2bcda700 1 -- 172.21.15.112:0/2766727552 >> 172.21.15.112:0/2766727552 conn(0x7faf24102350 msgr2=0x7faf24104790 unknown :-1 s=STATE_NONE l=0).mark_down
2024-04-24T23:37:52.716 INFO:teuthology.orchestra.run.smithi112.stdout:/usr/bin/ceph: stderr
2024-04-24T23:37:51.964+0000 7faf2bcda700 1 -- 172.21.15.112:0/2766727552 shutdown_connections
2024-04-24T23:37:52.716 INFO:teuthology.orchestra.run.smithi112.stdout:/usr/bin/ceph: stderr
2024-04-24T23:37:51.964+0000 7faf2bcda700 1 -- 172.21.15.112:0/2766727552 wait complete.
2024-04-24T23:37:52.716 INFO:teuthology.orchestra.run.smithi112.stdout:/usr/bin/ceph: stderr
2024-04-24T23:37:51.965+0000 7faf2bcda700 1 Processor -- start
2024-04-24T23:37:52.716 INFO:teuthology.orchestra.run.smithi112.stdout:/usr/bin/ceph: stderr
2024-04-24T23:37:51.965+0000 7faf2bcda700 1 -- start start
2024-04-24T23:37:52.716 INFO:teuthology.orchestra.run.smithi112.stdout:/usr/bin/ceph: stderr
2024-04-24T23:37:51.965+0000 7faf2bcda700 1 --2- >> [v2:172.21.15.112:3300/0,v1:172.21.15.112:6789/0] conn(0x7faf24108960 0x7faf2419be80 unknown :-1 s=NONE pgs=0 cs=0 l=1 rev1=0 crypto rx=0 tx=0 comp rx=0 tx=0).connect
2024-04-24T23:37:52.716 INFO:teuthology.orchestra.run.smithi112.stdout:/usr/bin/ceph: stderr
2024-04-24T23:37:51.965+0000 7faf2bcda700 1 -- --> [v2:172.21.15.112:3300/0,v1:172.21.15.112:6789/0] -- mon_getmap magic: 0 -- 0x7faf2410c350 con 0x7faf24108960
2024-04-24T23:37:52.716 INFO:teuthology.orchestra.run.smithi112.stdout:/usr/bin/ceph: stderr
2024-04-24T23:37:51.965+0000 7faf29a76700 1 --2- >> [v2:172.21.15.112:3300/0,v1:172.21.15.112:6789/0] conn(0x7faf24108960 0x7faf2419be80 unknown :-1 s=BANNER_CONNECTING pgs=0 cs=0 l=1 rev1=0 crypto rx=0 tx=0 comp rx=0 tx=0)._handle_peer_banner_payload supported=3 required=0
2024-04-24T23:37:52.716 INFO:teuthology.orchestra.run.smithi112.stdout:/usr/bin/ceph: stderr
2024-04-24T23:37:51.965+0000 7faf29a76700 1 --2- >> [v2:172.21.15.112:3300/0,v1:172.21.15.112:6789/0] conn(0x7faf24108960 0x7faf2419be80 unknown :-1 s=HELLO_CONNECTING pgs=0 cs=0 l=1 rev1=1 crypto rx=0 tx=0 comp rx=0 tx=0).handle_hello peer v2:172.21.15.112:3300/0 says I am v2:172.21.15.112:46164/0 (socket says 172.21.15.112:46164)
2024-04-24T23:37:52.716 INFO:teuthology.orchestra.run.smithi112.stdout:/usr/bin/ceph: stderr
2024-04-24T23:37:51.965+0000 7faf29a76700 1 -- 172.21.15.112:0/2861337846 learned_addr learned my addr 172.21.15.112:0/2861337846 (peer_addr_for_me v2:172.21.15.112:0/0)
2024-04-24T23:37:52.716 INFO:teuthology.orchestra.run.smithi112.stdout:/usr/bin/ceph: stderr
2024-04-24T23:37:51.966+0000 7faf29a76700 1 -- 172.21.15.112:0/2861337846 --> [v2:172.21.15.112:3300/0,v1:172.21.15.112:6789/0] -- mon_subscribe({config=0+,monmap=0+}) -- 0x7faf2419c3c0 con 0x7faf24108960
2024-04-24T23:37:52.716 INFO:teuthology.orchestra.run.smithi112.stdout:/usr/bin/ceph: stderr
2024-04-24T23:37:51.966+0000 7faf29a76700 1 --2- 172.21.15.112:0/2861337846 >> [v2:172.21.15.112:3300/0,v1:172.21.15.112:6789/0] conn(0x7faf24108960 0x7faf2419be80 secure :-1 s=READY pgs=73 cs=0 l=1 rev1=1 crypto rx=0x7faf1c0072a0 tx=0x7faf1c00bd50 comp rx=0 tx=0).ready entity=mon.0 client_cookie=0 server_cookie=0 in_seq=0 out_seq=0
2024-04-24T23:37:52.717 INFO:teuthology.orchestra.run.smithi112.stdout:/usr/bin/ceph: stderr
2024-04-24T23:37:51.966+0000 7faf22ffd700 1 -- 172.21.15.112:0/2861337846 <== mon.0 v2:172.21.15.112:3300/0 1 ==== mon_map magic: 0 ==== 205+0+0 (secure 0 0 0) 0x7faf1c021020 con 0x7faf24108960
2024-04-24T23:37:52.717 INFO:teuthology.orchestra.run.smithi112.stdout:/usr/bin/ceph: stderr
2024-04-24T23:37:51.966+0000 7faf22ffd700 1 -- 172.21.15.112:0/2861337846 <== mon.0 v2:172.21.15.112:3300/0 2 ==== config(28 keys) ==== 1171+0+0 (secure 0 0 0) 0x7faf1c0094d0 con 0x7faf24108960
2024-04-24T23:37:52.717 INFO:teuthology.orchestra.run.smithi112.stdout:/usr/bin/ceph: stderr
2024-04-24T23:37:51.966+0000 7faf2bcda700 1 -- 172.21.15.112:0/2861337846 --> [v2:172.21.15.112:3300/0,v1:172.21.15.112:6789/0] -- mon_subscribe({mgrmap=0+}) -- 0x7faf2419c650 con 0x7faf24108960
2024-04-24T23:37:52.717 INFO:teuthology.orchestra.run.smithi112.stdout:/usr/bin/ceph: stderr
2024-04-24T23:37:51.966+0000 7faf22ffd700 1 -- 172.21.15.112:0/2861337846 <== mon.0 v2:172.21.15.112:3300/0 3 ==== mon_map magic: 0 ==== 205+0+0 (secure 0 0 0) 0x7faf1c017040 con 0x7faf24108960
2024-04-24T23:37:52.717 INFO:teuthology.orchestra.run.smithi112.stdout:/usr/bin/ceph: stderr
2024-04-24T23:37:51.966+0000 7faf2bcda700 1 -- 172.21.15.112:0/2861337846 --> [v2:172.21.15.112:3300/0,v1:172.21.15.112:6789/0] -- mon_subscribe({osdmap=0}) -- 0x7faf2419f340 con 0x7faf24108960
2024-04-24T23:37:52.717 INFO:teuthology.orchestra.run.smithi112.stdout:/usr/bin/ceph: stderr
2024-04-24T23:37:51.967+0000 7faf2bcda700 1 -- 172.21.15.112:0/2861337846 --> [v2:172.21.15.112:3300/0,v1:172.21.15.112:6789/0] -- mon_command({"prefix": "get_command_descriptions"} v 0) -- 0x7faf24063890 con 0x7faf24108960
2024-04-24T23:37:52.717 INFO:teuthology.orchestra.run.smithi112.stdout:/usr/bin/ceph: stderr
2024-04-24T23:37:51.967+0000 7faf22ffd700 1 -- 172.21.15.112:0/2861337846 <== mon.0 v2:172.21.15.112:3300/0 4 ==== mgrmap(e 12) ==== 46300+0+0 (secure 0 0 0) 0x7faf1c024020 con 0x7faf24108960
2024-04-24T23:37:52.717 INFO:teuthology.orchestra.run.smithi112.stdout:/usr/bin/ceph: stderr
2024-04-24T23:37:51.967+0000 7faf22ffd700 1 --2- 172.21.15.112:0/2861337846 >> [v2:172.21.15.112:6800/3583898575,v1:172.21.15.112:6801/3583898575] conn(0x7faf0c0390b0 0x7faf0c03b570 unknown :-1 s=NONE pgs=0 cs=0 l=1 rev1=0 crypto rx=0 tx=0 comp rx=0 tx=0).connect
2024-04-24T23:37:52.717 INFO:teuthology.orchestra.run.smithi112.stdout:/usr/bin/ceph: stderr
2024-04-24T23:37:51.967+0000 7faf22ffd700 1 -- 172.21.15.112:0/2861337846 <== mon.0 v2:172.21.15.112:3300/0 5 ==== osd_map(3..3 src has 1..3) ==== 1155+0+0 (secure 0 0 0) 0x7faf1c00f050 con 0x7faf24108960
2024-04-24T23:37:52.717 INFO:teuthology.orchestra.run.smithi112.stdout:/usr/bin/ceph: stderr
2024-04-24T23:37:51.967+0000 7faf29275700 1 --2- 172.21.15.112:0/2861337846 >> [v2:172.21.15.112:6800/3583898575,v1:172.21.15.112:6801/3583898575] conn(0x7faf0c0390b0 0x7faf0c03b570 unknown :-1 s=BANNER_CONNECTING pgs=0 cs=0 l=1 rev1=0 crypto rx=0 tx=0 comp rx=0 tx=0)._handle_peer_banner_payload supported=3 required=0
2024-04-24T23:37:52.717 INFO:teuthology.orchestra.run.smithi112.stdout:/usr/bin/ceph: stderr
2024-04-24T23:37:51.968+0000 7faf29275700 1 --2- 172.21.15.112:0/2861337846 >> [v2:172.21.15.112:6800/3583898575,v1:172.21.15.112:6801/3583898575] conn(0x7faf0c0390b0 0x7faf0c03b570 secure :-1 s=READY pgs=9 cs=0 l=1 rev1=1 crypto rx=0x7faf18006fd0 tx=0x7faf18006e40 comp rx=0 tx=0).ready entity=mgr.14150 client_cookie=0 server_cookie=0 in_seq=0 out_seq=0
2024-04-24T23:37:52.717 INFO:teuthology.orchestra.run.smithi112.stdout:/usr/bin/ceph: stderr
2024-04-24T23:37:51.976+0000 7faf22ffd700 1 -- 172.21.15.112:0/2861337846 <== mon.0 v2:172.21.15.112:3300/0 6 ==== mon_command_ack([{"prefix": "get_command_descriptions"}]=0 v0) ==== 72+0+186147 (secure 0 0 0) 0x7faf1c02b020 con 0x7faf24108960
2024-04-24T23:37:52.717 INFO:teuthology.orchestra.run.smithi112.stdout:/usr/bin/ceph: stderr
2024-04-24T23:37:52.172+0000 7faf2bcda700 1 -- 172.21.15.112:0/2861337846 --> [v2:172.21.15.112:3300/0,v1:172.21.15.112:6789/0] -- mon_command({"prefix": "config get", "who": "mgr", "key": "mgr/dashboard/ssl_server_port"} v 0) -- 0x7faf2419f510 con 0x7faf24108960
2024-04-24T23:37:52.717 INFO:teuthology.orchestra.run.smithi112.stdout:/usr/bin/ceph: stderr
2024-04-24T23:37:52.173+0000 7faf22ffd700 1 -- 172.21.15.112:0/2861337846 <== mon.0 v2:172.21.15.112:3300/0 7 ==== mon_command_ack([{"prefix": "config get", "who": "mgr", "key": "mgr/dashboard/ssl_server_port"}]=0 v8) ==== 112+0+5 (secure 0 0 0) 0x7faf2419f510 con 0x7faf24108960
2024-04-24T23:37:52.717 INFO:teuthology.orchestra.run.smithi112.stdout:/usr/bin/ceph: stderr
2024-04-24T23:37:52.174+0000 7faf2bcda700 1 -- 172.21.15.112:0/2861337846 >> [v2:172.21.15.112:6800/3583898575,v1:172.21.15.112:6801/3583898575] conn(0x7faf0c0390b0 msgr2=0x7faf0c03b570 secure :-1 s=STATE_CONNECTION_ESTABLISHED l=1).mark_down
2024-04-24T23:37:52.718 INFO:teuthology.orchestra.run.smithi112.stdout:/usr/bin/ceph: stderr
2024-04-24T23:37:52.174+0000 7faf2bcda700 1 --2- 172.21.15.112:0/2861337846 >> [v2:172.21.15.112:6800/3583898575,v1:172.21.15.112:6801/3583898575] conn(0x7faf0c0390b0 0x7faf0c03b570 secure :-1 s=READY pgs=9 cs=0 l=1 rev1=1 crypto rx=0x7faf18006fd0 tx=0x7faf18006e40 comp rx=0 tx=0).stop
2024-04-24T23:37:52.718 INFO:teuthology.orchestra.run.smithi112.stdout:/usr/bin/ceph: stderr
2024-04-24T23:37:52.174+0000 7faf2bcda700 1 -- 172.21.15.112:0/2861337846 >> [v2:172.21.15.112:3300/0,v1:172.21.15.112:6789/0] conn(0x7faf24108960 msgr2=0x7faf2419be80 secure :-1 s=STATE_CONNECTION_ESTABLISHED l=1).mark_down
2024-04-24T23:37:52.718 INFO:teuthology.orchestra.run.smithi112.stdout:/usr/bin/ceph: stderr
2024-04-24T23:37:52.175+0000 7faf2bcda700 1 --2- 172.21.15.112:0/2861337846 >> [v2:172.21.15.112:3300/0,v1:172.21.15.112:6789/0] conn(0x7faf24108960 0x7faf2419be80 secure :-1 s=READY pgs=73 cs=0 l=1 rev1=1 crypto rx=0x7faf1c0072a0 tx=0x7faf1c00bd50 comp rx=0 tx=0).stop
2024-04-24T23:37:52.718 INFO:teuthology.orchestra.run.smithi112.stdout:/usr/bin/ceph: stderr
2024-04-24T23:37:52.175+0000 7faf2bcda700 1 -- 172.21.15.112:0/2861337846 shutdown_connections
2024-04-24T23:37:52.718 INFO:teuthology.orchestra.run.smithi112.stdout:/usr/bin/ceph: stderr
2024-04-24T23:37:52.175+0000 7faf2bcda700 1 --2- 172.21.15.112:0/2861337846 >> [v2:172.21.15.112:6800/3583898575,v1:172.21.15.112:6801/3583898575] conn(0x7faf0c0390b0 0x7faf0c03b570 unknown :-1 s=CLOSED pgs=9 cs=0 l=1 rev1=1 crypto rx=0 tx=0 comp rx=0 tx=0).stop
2024-04-24T23:37:52.718 INFO:teuthology.orchestra.run.smithi112.stdout:/usr/bin/ceph: stderr
2024-04-24T23:37:52.175+0000 7faf2bcda700 1 --2- 172.21.15.112:0/2861337846 >> [v2:172.21.15.112:3300/0,v1:172.21.15.112:6789/0] conn(0x7faf24108960 0x7faf2419be80 unknown :-1 s=CLOSED pgs=73 cs=0 l=1 rev1=1 crypto rx=0 tx=0 comp rx=0 tx=0).stop
2024-04-24T23:37:52.718 INFO:teuthology.orchestra.run.smithi112.stdout:/usr/bin/ceph: stderr
2024-04-24T23:37:52.175+0000 7faf2bcda700 1 -- 172.21.15.112:0/2861337846 >> 172.21.15.112:0/2861337846 conn(0x7faf24102350 msgr2=0x7faf24102df0 unknown :-1 s=STATE_NONE l=0).mark_down
2024-04-24T23:37:52.718 INFO:teuthology.orchestra.run.smithi112.stdout:/usr/bin/ceph: stderr
2024-04-24T23:37:52.175+0000 7faf2bcda700 1 -- 172.21.15.112:0/2861337846 shutdown_connections
2024-04-24T23:37:52.718 INFO:teuthology.orchestra.run.smithi112.stdout:/usr/bin/ceph: stderr
2024-04-24T23:37:52.175+0000 7faf2bcda700 1 -- 172.21.15.112:0/2861337846 wait complete.
2024-04-24T23:37:52.720 INFO:teuthology.orchestra.run.smithi112.stdout:Non-zero exit code 1 from systemctl is-enabled firewalld.service
2024-04-24T23:37:52.720 INFO:teuthology.orchestra.run.smithi112.stdout:systemctl: stdout disabled
2024-04-24T23:37:52.727 INFO:teuthology.orchestra.run.smithi112.stdout:Non-zero exit code 3 from systemctl is-active firewalld.service
2024-04-24T23:37:52.727 INFO:teuthology.orchestra.run.smithi112.stdout:systemctl: stdout inactive
2024-04-24T23:37:52.727 INFO:teuthology.orchestra.run.smithi112.stdout:firewalld.service is not enabled
2024-04-24T23:37:52.727 INFO:teuthology.orchestra.run.smithi112.stdout:Not possible to open ports <[8443]>. firewalld.service is not available
2024-04-24T23:37:52.728 INFO:teuthology.orchestra.run.smithi112.stdout:Ceph Dashboard is now available at:
2024-04-24T23:37:52.728 INFO:teuthology.orchestra.run.smithi112.stdout:
2024-04-24T23:37:52.728 INFO:teuthology.orchestra.run.smithi112.stdout: URL: https://smithi112:8443/
2024-04-24T23:37:52.729 INFO:teuthology.orchestra.run.smithi112.stdout: User: admin
2024-04-24T23:37:52.729 INFO:teuthology.orchestra.run.smithi112.stdout: Password: wqrry3i0vl
2024-04-24T23:37:52.729 INFO:teuthology.orchestra.run.smithi112.stdout:
2024-04-24T23:37:52.729 INFO:teuthology.orchestra.run.smithi112.stdout:Saving cluster configuration to /var/lib/ceph/5b74b9f4-0293-11ef-bc93-c7b262605968/config directory
2024-04-24T23:37:52.729 INFO:teuthology.orchestra.run.smithi112.stdout:Enabling autotune for osd_memory_target
2024-04-24T23:37:52.925 INFO:journalctl@ceph.mon.a.smithi112.stdout:Apr 24 23:37:52 smithi112 ceph-mon[29223]: from='client.? 172.21.15.112:0/2861337846' entity='client.admin' cmd=[{"prefix": "config get", "who": "mgr", "key": "mgr/dashboard/ssl_server_port"}]: dispatch
2024-04-24T23:37:53.862 INFO:teuthology.orchestra.run.smithi112.stdout:/usr/bin/ceph: stderr
2024-04-24T23:37:53.118+0000 7ff1992ab700 1 Processor -- start
2024-04-24T23:37:53.862 INFO:teuthology.orchestra.run.smithi112.stdout:/usr/bin/ceph: stderr
2024-04-24T23:37:53.118+0000 7ff1992ab700 1 -- start start
2024-04-24T23:37:53.862 INFO:teuthology.orchestra.run.smithi112.stdout:/usr/bin/ceph: stderr
2024-04-24T23:37:53.118+0000 7ff1992ab700 1 --2- >> [v2:172.21.15.112:3300/0,v1:172.21.15.112:6789/0] conn(0x7ff1941064e0 0x7ff194106900 unknown :-1 s=NONE pgs=0 cs=0 l=0 rev1=0 crypto rx=0 tx=0 comp rx=0 tx=0).connect
2024-04-24T23:37:53.862 INFO:teuthology.orchestra.run.smithi112.stdout:/usr/bin/ceph: stderr
2024-04-24T23:37:53.118+0000 7ff1992ab700 1 -- --> [v2:172.21.15.112:3300/0,v1:172.21.15.112:6789/0] -- mon_getmap magic: 0 -- 0x7ff194106ed0 con 0x7ff1941064e0
2024-04-24T23:37:53.862 INFO:teuthology.orchestra.run.smithi112.stdout:/usr/bin/ceph: stderr
2024-04-24T23:37:53.118+0000 7ff192ffd700 1 --2- >> [v2:172.21.15.112:3300/0,v1:172.21.15.112:6789/0] conn(0x7ff1941064e0 0x7ff194106900 unknown :-1 s=BANNER_CONNECTING pgs=0 cs=0 l=0 rev1=0 crypto rx=0 tx=0 comp rx=0 tx=0)._handle_peer_banner_payload supported=3 required=0
2024-04-24T23:37:53.862 INFO:teuthology.orchestra.run.smithi112.stdout:/usr/bin/ceph: stderr
2024-04-24T23:37:53.119+0000 7ff192ffd700 1 --2- >> [v2:172.21.15.112:3300/0,v1:172.21.15.112:6789/0] conn(0x7ff1941064e0 0x7ff194106900 unknown :-1 s=HELLO_CONNECTING pgs=0 cs=0 l=0 rev1=1 crypto rx=0 tx=0 comp rx=0 tx=0).handle_hello peer v2:172.21.15.112:3300/0 says I am v2:172.21.15.112:46176/0 (socket says 172.21.15.112:46176)
2024-04-24T23:37:53.862 INFO:teuthology.orchestra.run.smithi112.stdout:/usr/bin/ceph: stderr
2024-04-24T23:37:53.119+0000 7ff192ffd700 1 -- 172.21.15.112:0/1287502809 learned_addr learned my addr 172.21.15.112:0/1287502809 (peer_addr_for_me v2:172.21.15.112:0/0)
2024-04-24T23:37:53.863 INFO:teuthology.orchestra.run.smithi112.stdout:/usr/bin/ceph: stderr
2024-04-24T23:37:53.119+0000 7ff192ffd700 1 -- 172.21.15.112:0/1287502809 --> [v2:172.21.15.112:3300/0,v1:172.21.15.112:6789/0] -- mon_subscribe({config=0+,monmap=0+}) -- 0x7ff1941076e0 con 0x7ff1941064e0
2024-04-24T23:37:53.863 INFO:teuthology.orchestra.run.smithi112.stdout:/usr/bin/ceph: stderr
2024-04-24T23:37:53.119+0000 7ff192ffd700 1 --2- 172.21.15.112:0/1287502809 >> [v2:172.21.15.112:3300/0,v1:172.21.15.112:6789/0] conn(0x7ff1941064e0 0x7ff194106900 secure :-1 s=READY pgs=74 cs=0 l=1 rev1=1 crypto rx=0x7ff1840098a0 tx=0x7ff184009bb0 comp rx=0 tx=0).ready entity=mon.0 client_cookie=ec28960088816205 server_cookie=0 in_seq=0 out_seq=0
2024-04-24T23:37:53.863 INFO:teuthology.orchestra.run.smithi112.stdout:/usr/bin/ceph: stderr
2024-04-24T23:37:53.119+0000 7ff1927fc700 1 -- 172.21.15.112:0/1287502809 <== mon.0 v2:172.21.15.112:3300/0 1 ==== mon_map magic: 0 ==== 205+0+0 (secure 0 0 0) 0x7ff184004160 con 0x7ff1941064e0
2024-04-24T23:37:53.863 INFO:teuthology.orchestra.run.smithi112.stdout:/usr/bin/ceph: stderr
2024-04-24T23:37:53.119+0000 7ff1927fc700 1 -- 172.21.15.112:0/1287502809 <== mon.0 v2:172.21.15.112:3300/0 2 ==== config(28 keys) ==== 1171+0+0 (secure 0 0 0) 0x7ff184004300 con 0x7ff1941064e0
2024-04-24T23:37:53.863 INFO:teuthology.orchestra.run.smithi112.stdout:/usr/bin/ceph: stderr
2024-04-24T23:37:53.119+0000 7ff1927fc700 1 -- 172.21.15.112:0/1287502809 <== mon.0 v2:172.21.15.112:3300/0 3 ==== mon_map magic: 0 ==== 205+0+0 (secure 0 0 0) 0x7ff184011bb0 con 0x7ff1941064e0
2024-04-24T23:37:53.863 INFO:teuthology.orchestra.run.smithi112.stdout:/usr/bin/ceph: stderr
2024-04-24T23:37:53.120+0000 7ff1992ab700 1 -- 172.21.15.112:0/1287502809 >> [v2:172.21.15.112:3300/0,v1:172.21.15.112:6789/0] conn(0x7ff1941064e0 msgr2=0x7ff194106900 secure :-1 s=STATE_CONNECTION_ESTABLISHED l=1).mark_down
2024-04-24T23:37:53.863 INFO:teuthology.orchestra.run.smithi112.stdout:/usr/bin/ceph: stderr
2024-04-24T23:37:53.120+0000 7ff1992ab700 1 --2- 172.21.15.112:0/1287502809 >> [v2:172.21.15.112:3300/0,v1:172.21.15.112:6789/0] conn(0x7ff1941064e0 0x7ff194106900 secure :-1 s=READY pgs=74 cs=0 l=1 rev1=1 crypto rx=0x7ff1840098a0 tx=0x7ff184009bb0 comp rx=0 tx=0).stop
2024-04-24T23:37:53.863 INFO:teuthology.orchestra.run.smithi112.stdout:/usr/bin/ceph: stderr
2024-04-24T23:37:53.120+0000 7ff1992ab700 1 -- 172.21.15.112:0/1287502809 shutdown_connections
2024-04-24T23:37:53.863 INFO:teuthology.orchestra.run.smithi112.stdout:/usr/bin/ceph: stderr
2024-04-24T23:37:53.120+0000 7ff1992ab700 1 --2- 172.21.15.112:0/1287502809 >> [v2:172.21.15.112:3300/0,v1:172.21.15.112:6789/0] conn(0x7ff1941064e0 0x7ff194106900 unknown :-1 s=CLOSED pgs=74 cs=0 l=1 rev1=1 crypto rx=0 tx=0 comp rx=0 tx=0).stop
2024-04-24T23:37:53.863 INFO:teuthology.orchestra.run.smithi112.stdout:/usr/bin/ceph: stderr
2024-04-24T23:37:53.120+0000 7ff1992ab700 1 -- 172.21.15.112:0/1287502809 >> 172.21.15.112:0/1287502809 conn(0x7ff194101aa0 msgr2=0x7ff194103ec0 unknown :-1 s=STATE_NONE l=0).mark_down
2024-04-24T23:37:53.863 INFO:teuthology.orchestra.run.smithi112.stdout:/usr/bin/ceph: stderr
2024-04-24T23:37:53.120+0000 7ff1992ab700 1 -- 172.21.15.112:0/1287502809 shutdown_connections
2024-04-24T23:37:53.863 INFO:teuthology.orchestra.run.smithi112.stdout:/usr/bin/ceph: stderr
2024-04-24T23:37:53.120+0000 7ff1992ab700 1 -- 172.21.15.112:0/1287502809 wait complete.
2024-04-24T23:37:53.863 INFO:teuthology.orchestra.run.smithi112.stdout:/usr/bin/ceph: stderr
2024-04-24T23:37:53.120+0000 7ff1992ab700 1 Processor -- start
2024-04-24T23:37:53.863 INFO:teuthology.orchestra.run.smithi112.stdout:/usr/bin/ceph: stderr
2024-04-24T23:37:53.120+0000 7ff1992ab700 1 -- start start
2024-04-24T23:37:53.863 INFO:teuthology.orchestra.run.smithi112.stdout:/usr/bin/ceph: stderr
2024-04-24T23:37:53.121+0000 7ff1992ab700 1 --2- >> [v2:172.21.15.112:3300/0,v1:172.21.15.112:6789/0] conn(0x7ff1941064e0 0x7ff194102fc0 unknown :-1 s=NONE pgs=0 cs=0 l=1 rev1=0 crypto rx=0 tx=0 comp rx=0 tx=0).connect
2024-04-24T23:37:53.864 INFO:teuthology.orchestra.run.smithi112.stdout:/usr/bin/ceph: stderr
2024-04-24T23:37:53.121+0000 7ff1992ab700 1 -- --> [v2:172.21.15.112:3300/0,v1:172.21.15.112:6789/0] -- mon_getmap magic: 0 -- 0x7ff19410aa90 con 0x7ff1941064e0
2024-04-24T23:37:53.864 INFO:teuthology.orchestra.run.smithi112.stdout:/usr/bin/ceph: stderr
2024-04-24T23:37:53.121+0000 7ff192ffd700 1 --2- >> [v2:172.21.15.112:3300/0,v1:172.21.15.112:6789/0] conn(0x7ff1941064e0 0x7ff194102fc0 unknown :-1 s=BANNER_CONNECTING pgs=0 cs=0 l=1 rev1=0 crypto rx=0 tx=0 comp rx=0 tx=0)._handle_peer_banner_payload supported=3 required=0
2024-04-24T23:37:53.864 INFO:teuthology.orchestra.run.smithi112.stdout:/usr/bin/ceph: stderr
2024-04-24T23:37:53.121+0000 7ff192ffd700 1 --2- >> [v2:172.21.15.112:3300/0,v1:172.21.15.112:6789/0] conn(0x7ff1941064e0 0x7ff194102fc0 unknown :-1 s=HELLO_CONNECTING pgs=0 cs=0 l=1 rev1=1 crypto rx=0 tx=0 comp rx=0 tx=0).handle_hello peer v2:172.21.15.112:3300/0 says I am v2:172.21.15.112:46186/0 (socket says 172.21.15.112:46186)
2024-04-24T23:37:53.864 INFO:teuthology.orchestra.run.smithi112.stdout:/usr/bin/ceph: stderr
2024-04-24T23:37:53.121+0000 7ff192ffd700 1 -- 172.21.15.112:0/2717430328 learned_addr learned my addr 172.21.15.112:0/2717430328 (peer_addr_for_me v2:172.21.15.112:0/0)
2024-04-24T23:37:53.864 INFO:teuthology.orchestra.run.smithi112.stdout:/usr/bin/ceph: stderr
2024-04-24T23:37:53.121+0000 7ff192ffd700 1 -- 172.21.15.112:0/2717430328 --> [v2:172.21.15.112:3300/0,v1:172.21.15.112:6789/0] -- mon_subscribe({config=0+,monmap=0+}) -- 0x7ff19419ec50 con 0x7ff1941064e0
2024-04-24T23:37:53.864 INFO:teuthology.orchestra.run.smithi112.stdout:/usr/bin/ceph: stderr
2024-04-24T23:37:53.121+0000 7ff192ffd700 1 --2- 172.21.15.112:0/2717430328 >> [v2:172.21.15.112:3300/0,v1:172.21.15.112:6789/0] conn(0x7ff1941064e0 0x7ff194102fc0 secure :-1 s=READY pgs=75 cs=0 l=1 rev1=1 crypto rx=0x7ff184011770 tx=0x7ff184011bc0 comp rx=0 tx=0).ready entity=mon.0 client_cookie=0 server_cookie=0 in_seq=0 out_seq=0
2024-04-24T23:37:53.864 INFO:teuthology.orchestra.run.smithi112.stdout:/usr/bin/ceph: stderr
2024-04-24T23:37:53.121+0000 7ff190ff9700 1 -- 172.21.15.112:0/2717430328 <== mon.0 v2:172.21.15.112:3300/0 1 ==== mon_map magic: 0 ==== 205+0+0 (secure 0 0 0) 0x7ff1840039c0 con 0x7ff1941064e0
2024-04-24T23:37:53.864 INFO:teuthology.orchestra.run.smithi112.stdout:/usr/bin/ceph: stderr
2024-04-24T23:37:53.121+0000 7ff190ff9700 1 -- 172.21.15.112:0/2717430328 <== mon.0 v2:172.21.15.112:3300/0 2 ==== config(28 keys) ==== 1171+0+0 (secure 0 0 0) 0x7ff184003b60 con 0x7ff1941064e0
2024-04-24T23:37:53.864 INFO:teuthology.orchestra.run.smithi112.stdout:/usr/bin/ceph: stderr
2024-04-24T23:37:53.121+0000 7ff1992ab700 1 -- 172.21.15.112:0/2717430328 --> [v2:172.21.15.112:3300/0,v1:172.21.15.112:6789/0] -- mon_subscribe({mgrmap=0+}) -- 0x7ff19419ee20 con 0x7ff1941064e0
2024-04-24T23:37:53.864 INFO:teuthology.orchestra.run.smithi112.stdout:/usr/bin/ceph: stderr
2024-04-24T23:37:53.121+0000 7ff190ff9700 1 -- 172.21.15.112:0/2717430328 <== mon.0 v2:172.21.15.112:3300/0 3 ==== mon_map magic: 0 ==== 205+0+0 (secure 0 0 0) 0x7ff18401a600 con 0x7ff1941064e0
2024-04-24T23:37:53.864 INFO:teuthology.orchestra.run.smithi112.stdout:/usr/bin/ceph: stderr
2024-04-24T23:37:53.121+0000 7ff1992ab700 1 -- 172.21.15.112:0/2717430328 --> [v2:172.21.15.112:3300/0,v1:172.21.15.112:6789/0] -- mon_subscribe({osdmap=0}) -- 0x7ff19419f240 con 0x7ff1941064e0
2024-04-24T23:37:53.865 INFO:teuthology.orchestra.run.smithi112.stdout:/usr/bin/ceph: stderr
2024-04-24T23:37:53.122+0000 7ff190ff9700 1 -- 172.21.15.112:0/2717430328 <== mon.0 v2:172.21.15.112:3300/0 4 ==== mgrmap(e 12) ==== 46300+0+0 (secure 0 0 0) 0x7ff18401a8b0 con 0x7ff1941064e0
2024-04-24T23:37:53.865 INFO:teuthology.orchestra.run.smithi112.stdout:/usr/bin/ceph: stderr
2024-04-24T23:37:53.122+0000 7ff1992ab700 1 -- 172.21.15.112:0/2717430328 --> [v2:172.21.15.112:3300/0,v1:172.21.15.112:6789/0] -- mon_command({"prefix": "get_command_descriptions"} v 0) -- 0x7ff194063890 con 0x7ff1941064e0
2024-04-24T23:37:53.865 INFO:teuthology.orchestra.run.smithi112.stdout:/usr/bin/ceph: stderr
2024-04-24T23:37:53.122+0000 7ff190ff9700 1 --2- 172.21.15.112:0/2717430328 >> [v2:172.21.15.112:6800/3583898575,v1:172.21.15.112:6801/3583898575] conn(0x7ff1800390b0 0x7ff18003b570 unknown :-1 s=NONE pgs=0 cs=0 l=1 rev1=0 crypto rx=0 tx=0 comp rx=0 tx=0).connect
2024-04-24T23:37:53.865 INFO:teuthology.orchestra.run.smithi112.stdout:/usr/bin/ceph: stderr
2024-04-24T23:37:53.122+0000 7ff190ff9700 1 -- 172.21.15.112:0/2717430328 <== mon.0 v2:172.21.15.112:3300/0 5 ==== osd_map(3..3 src has 1..3) ==== 1155+0+0 (secure 0 0 0) 0x7ff18404d860 con 0x7ff1941064e0
2024-04-24T23:37:53.865 INFO:teuthology.orchestra.run.smithi112.stdout:/usr/bin/ceph: stderr
2024-04-24T23:37:53.122+0000 7ff18a7fc700 1 --2- 172.21.15.112:0/2717430328 >> [v2:172.21.15.112:6800/3583898575,v1:172.21.15.112:6801/3583898575] conn(0x7ff1800390b0 0x7ff18003b570 unknown :-1 s=BANNER_CONNECTING pgs=0 cs=0 l=1 rev1=0 crypto rx=0 tx=0 comp rx=0 tx=0)._handle_peer_banner_payload supported=3 required=0
2024-04-24T23:37:53.865 INFO:teuthology.orchestra.run.smithi112.stdout:/usr/bin/ceph: stderr
2024-04-24T23:37:53.123+0000 7ff18a7fc700 1 --2- 172.21.15.112:0/2717430328 >> [v2:172.21.15.112:6800/3583898575,v1:172.21.15.112:6801/3583898575] conn(0x7ff1800390b0 0x7ff18003b570 secure :-1 s=READY pgs=10 cs=0 l=1 rev1=1 crypto rx=0x7ff17c006fd0 tx=0x7ff17c006e40 comp rx=0 tx=0).ready entity=mgr.14150 client_cookie=0 server_cookie=0 in_seq=0 out_seq=0
2024-04-24T23:37:53.865 INFO:teuthology.orchestra.run.smithi112.stdout:/usr/bin/ceph: stderr
2024-04-24T23:37:53.127+0000 7ff190ff9700 1 -- 172.21.15.112:0/2717430328 <== mon.0 v2:172.21.15.112:3300/0 6 ==== mon_command_ack([{"prefix": "get_command_descriptions"}]=0 v0) ==== 72+0+186147 (secure 0 0 0) 0x7ff184019c70 con 0x7ff1941064e0
2024-04-24T23:37:53.865 INFO:teuthology.orchestra.run.smithi112.stdout:/usr/bin/ceph: stderr
2024-04-24T23:37:53.324+0000 7ff1992ab700 1 -- 172.21.15.112:0/2717430328 --> [v2:172.21.15.112:3300/0,v1:172.21.15.112:6789/0] -- mon_command([{prefix=config set, name=osd_memory_target_autotune}] v 0) -- 0x7ff194062e40 con 0x7ff1941064e0
2024-04-24T23:37:53.865 INFO:teuthology.orchestra.run.smithi112.stdout:/usr/bin/ceph: stderr
2024-04-24T23:37:53.324+0000 7ff190ff9700 1 -- 172.21.15.112:0/2717430328 <== mon.0 v2:172.21.15.112:3300/0 7 ==== mon_command_ack([{prefix=config set, name=osd_memory_target_autotune}]=0 v8)=0 v8) ==== 127+0+0 (secure 0 0 0) 0x7ff184020240 con 0x7ff1941064e0
2024-04-24T23:37:53.865 INFO:teuthology.orchestra.run.smithi112.stdout:/usr/bin/ceph: stderr
2024-04-24T23:37:53.326+0000 7ff1992ab700 1 -- 172.21.15.112:0/2717430328 >> [v2:172.21.15.112:6800/3583898575,v1:172.21.15.112:6801/3583898575] conn(0x7ff1800390b0 msgr2=0x7ff18003b570 secure :-1 s=STATE_CONNECTION_ESTABLISHED l=1).mark_down
2024-04-24T23:37:53.865 INFO:teuthology.orchestra.run.smithi112.stdout:/usr/bin/ceph: stderr
2024-04-24T23:37:53.326+0000 7ff1992ab700 1 --2- 172.21.15.112:0/2717430328 >> [v2:172.21.15.112:6800/3583898575,v1:172.21.15.112:6801/3583898575] conn(0x7ff1800390b0 0x7ff18003b570 secure :-1 s=READY pgs=10 cs=0 l=1 rev1=1 crypto rx=0x7ff17c006fd0 tx=0x7ff17c006e40 comp rx=0 tx=0).stop
2024-04-24T23:37:53.865 INFO:teuthology.orchestra.run.smithi112.stdout:/usr/bin/ceph: stderr
2024-04-24T23:37:53.326+0000 7ff1992ab700 1 -- 172.21.15.112:0/2717430328 >> [v2:172.21.15.112:3300/0,v1:172.21.15.112:6789/0] conn(0x7ff1941064e0 msgr2=0x7ff194102fc0 secure :-1 s=STATE_CONNECTION_ESTABLISHED l=1).mark_down
2024-04-24T23:37:53.865 INFO:teuthology.orchestra.run.smithi112.stdout:/usr/bin/ceph: stderr
2024-04-24T23:37:53.326+0000 7ff1992ab700 1 --2- 172.21.15.112:0/2717430328 >> [v2:172.21.15.112:3300/0,v1:172.21.15.112:6789/0] conn(0x7ff1941064e0 0x7ff194102fc0 secure :-1 s=READY pgs=75 cs=0 l=1 rev1=1 crypto rx=0x7ff184011770 tx=0x7ff184011bc0 comp rx=0 tx=0).stop
2024-04-24T23:37:53.865 INFO:teuthology.orchestra.run.smithi112.stdout:/usr/bin/ceph: stderr
2024-04-24T23:37:53.326+0000 7ff1992ab700 1 -- 172.21.15.112:0/2717430328 shutdown_connections
2024-04-24T23:37:53.865 INFO:teuthology.orchestra.run.smithi112.stdout:/usr/bin/ceph: stderr
2024-04-24T23:37:53.326+0000 7ff1992ab700 1 --2- 172.21.15.112:0/2717430328 >> [v2:172.21.15.112:6800/3583898575,v1:172.21.15.112:6801/3583898575] conn(0x7ff1800390b0 0x7ff18003b570 unknown :-1 s=CLOSED pgs=10 cs=0 l=1 rev1=1 crypto rx=0 tx=0 comp rx=0 tx=0).stop
2024-04-24T23:37:53.866 INFO:teuthology.orchestra.run.smithi112.stdout:/usr/bin/ceph: stderr
2024-04-24T23:37:53.326+0000 7ff1992ab700 1 --2- 172.21.15.112:0/2717430328 >> [v2:172.21.15.112:3300/0,v1:172.21.15.112:6789/0] conn(0x7ff1941064e0 0x7ff194102fc0 unknown :-1 s=CLOSED pgs=75 cs=0 l=1 rev1=1 crypto rx=0 tx=0 comp rx=0 tx=0).stop
2024-04-24T23:37:53.866 INFO:teuthology.orchestra.run.smithi112.stdout:/usr/bin/ceph: stderr
2024-04-24T23:37:53.326+0000 7ff1992ab700 1 -- 172.21.15.112:0/2717430328 >> 172.21.15.112:0/2717430328 conn(0x7ff194101aa0 msgr2=0x7ff194103ec0 unknown :-1 s=STATE_NONE l=0).mark_down
2024-04-24T23:37:53.866 INFO:teuthology.orchestra.run.smithi112.stdout:/usr/bin/ceph: stderr
2024-04-24T23:37:53.326+0000 7ff1992ab700 1 -- 172.21.15.112:0/2717430328 shutdown_connections
2024-04-24T23:37:53.866 INFO:teuthology.orchestra.run.smithi112.stdout:/usr/bin/ceph: stderr
2024-04-24T23:37:53.326+0000 7ff1992ab700 1 -- 172.21.15.112:0/2717430328 wait complete.
2024-04-24T23:37:54.834 INFO:journalctl@ceph.mon.a.smithi112.stdout:Apr 24 23:37:54 smithi112 ceph-mon[29223]: mgrmap e13: x(active, since 6s)
2024-04-24T23:37:54.834 INFO:journalctl@ceph.mon.a.smithi112.stdout:Apr 24 23:37:54 smithi112 ceph-mon[29223]: from='client.? 172.21.15.112:0/2219445719' entity='client.admin'
2024-04-24T23:37:55.176 INFO:teuthology.orchestra.run.smithi112.stdout:/usr/bin/ceph: stderr
2024-04-24T23:37:54.268+0000 7fd1e59c4700 1 Processor -- start
2024-04-24T23:37:55.176 INFO:teuthology.orchestra.run.smithi112.stdout:/usr/bin/ceph: stderr
2024-04-24T23:37:54.268+0000 7fd1e59c4700 1 -- start start
2024-04-24T23:37:55.176 INFO:teuthology.orchestra.run.smithi112.stdout:/usr/bin/ceph: stderr
2024-04-24T23:37:54.268+0000 7fd1e59c4700 1 --2- >> [v2:172.21.15.112:3300/0,v1:172.21.15.112:6789/0] conn(0x7fd1e0108940 0x7fd1e010ad30 unknown :-1 s=NONE pgs=0 cs=0 l=0 rev1=0 crypto rx=0 tx=0 comp rx=0 tx=0).connect
2024-04-24T23:37:55.176 INFO:teuthology.orchestra.run.smithi112.stdout:/usr/bin/ceph: stderr
2024-04-24T23:37:54.268+0000 7fd1e59c4700 1 -- --> [v2:172.21.15.112:3300/0,v1:172.21.15.112:6789/0] -- mon_getmap magic: 0 -- 0x7fd1e007be80 con 0x7fd1e0108940
2024-04-24T23:37:55.176 INFO:teuthology.orchestra.run.smithi112.stdout:/usr/bin/ceph: stderr
2024-04-24T23:37:54.268+0000 7fd1deffd700 1 --2- >> [v2:172.21.15.112:3300/0,v1:172.21.15.112:6789/0] conn(0x7fd1e0108940 0x7fd1e010ad30 unknown :-1 s=BANNER_CONNECTING pgs=0 cs=0 l=0 rev1=0 crypto rx=0 tx=0 comp rx=0 tx=0)._handle_peer_banner_payload supported=3 required=0
2024-04-24T23:37:55.176 INFO:teuthology.orchestra.run.smithi112.stdout:/usr/bin/ceph: stderr
2024-04-24T23:37:54.268+0000 7fd1deffd700 1 --2- >> [v2:172.21.15.112:3300/0,v1:172.21.15.112:6789/0] conn(0x7fd1e0108940 0x7fd1e010ad30 unknown :-1 s=HELLO_CONNECTING pgs=0 cs=0 l=0 rev1=1 crypto rx=0 tx=0 comp rx=0 tx=0).handle_hello peer v2:172.21.15.112:3300/0 says I am v2:172.21.15.112:46196/0 (socket says 172.21.15.112:46196)
2024-04-24T23:37:55.176 INFO:teuthology.orchestra.run.smithi112.stdout:/usr/bin/ceph: stderr
2024-04-24T23:37:54.268+0000 7fd1deffd700 1 -- 172.21.15.112:0/1169044412 learned_addr learned my addr 172.21.15.112:0/1169044412 (peer_addr_for_me v2:172.21.15.112:0/0)
2024-04-24T23:37:55.176 INFO:teuthology.orchestra.run.smithi112.stdout:/usr/bin/ceph: stderr
2024-04-24T23:37:54.269+0000 7fd1deffd700 1 -- 172.21.15.112:0/1169044412 --> [v2:172.21.15.112:3300/0,v1:172.21.15.112:6789/0] -- mon_subscribe({config=0+,monmap=0+}) -- 0x7fd1e010b270 con 0x7fd1e0108940
2024-04-24T23:37:55.177 INFO:teuthology.orchestra.run.smithi112.stdout:/usr/bin/ceph: stderr
2024-04-24T23:37:54.269+0000 7fd1deffd700 1 --2- 172.21.15.112:0/1169044412 >> [v2:172.21.15.112:3300/0,v1:172.21.15.112:6789/0] conn(0x7fd1e0108940 0x7fd1e010ad30 secure :-1 s=READY pgs=76 cs=0 l=1 rev1=1 crypto rx=0x7fd1d40098a0 tx=0x7fd1d4009bb0 comp rx=0 tx=0).ready entity=mon.0 client_cookie=6d2d6756cb02dabc server_cookie=0 in_seq=0 out_seq=0
2024-04-24T23:37:55.177 INFO:teuthology.orchestra.run.smithi112.stdout:/usr/bin/ceph: stderr
2024-04-24T23:37:54.269+0000 7fd1ddffb700 1 -- 172.21.15.112:0/1169044412 <== mon.0 v2:172.21.15.112:3300/0 1 ==== mon_map magic: 0 ==== 205+0+0 (secure 0 0 0) 0x7fd1d4004160 con 0x7fd1e0108940
2024-04-24T23:37:55.177 INFO:teuthology.orchestra.run.smithi112.stdout:/usr/bin/ceph: stderr
2024-04-24T23:37:54.269+0000 7fd1ddffb700 1 -- 172.21.15.112:0/1169044412 <== mon.0 v2:172.21.15.112:3300/0 2 ==== config(28 keys) ==== 1171+0+0 (secure 0 0 0) 0x7fd1d4004300 con 0x7fd1e0108940
2024-04-24T23:37:55.177 INFO:teuthology.orchestra.run.smithi112.stdout:/usr/bin/ceph: stderr
2024-04-24T23:37:54.269+0000 7fd1ddffb700 1 -- 172.21.15.112:0/1169044412 <== mon.0 v2:172.21.15.112:3300/0 3 ==== mon_map magic: 0 ==== 205+0+0 (secure 0 0 0) 0x7fd1d4011bb0 con 0x7fd1e0108940
2024-04-24T23:37:55.177 INFO:teuthology.orchestra.run.smithi112.stdout:/usr/bin/ceph: stderr
2024-04-24T23:37:54.270+0000 7fd1e59c4700 1 -- 172.21.15.112:0/1169044412 >> [v2:172.21.15.112:3300/0,v1:172.21.15.112:6789/0] conn(0x7fd1e0108940 msgr2=0x7fd1e010ad30 secure :-1 s=STATE_CONNECTION_ESTABLISHED l=1).mark_down
2024-04-24T23:37:55.177 INFO:teuthology.orchestra.run.smithi112.stdout:/usr/bin/ceph: stderr
2024-04-24T23:37:54.270+0000 7fd1e59c4700 1 --2- 172.21.15.112:0/1169044412 >> [v2:172.21.15.112:3300/0,v1:172.21.15.112:6789/0] conn(0x7fd1e0108940 0x7fd1e010ad30 secure :-1 s=READY pgs=76 cs=0 l=1 rev1=1 crypto rx=0x7fd1d40098a0 tx=0x7fd1d4009bb0 comp rx=0 tx=0).stop
2024-04-24T23:37:55.177 INFO:teuthology.orchestra.run.smithi112.stdout:/usr/bin/ceph: stderr
2024-04-24T23:37:54.270+0000 7fd1e59c4700 1 -- 172.21.15.112:0/1169044412 shutdown_connections
2024-04-24T23:37:55.177 INFO:teuthology.orchestra.run.smithi112.stdout:/usr/bin/ceph: stderr
2024-04-24T23:37:54.270+0000 7fd1e59c4700 1 --2- 172.21.15.112:0/1169044412 >> [v2:172.21.15.112:3300/0,v1:172.21.15.112:6789/0] conn(0x7fd1e0108940 0x7fd1e010ad30 unknown :-1 s=CLOSED pgs=76 cs=0 l=1 rev1=1 crypto rx=0 tx=0 comp rx=0 tx=0).stop
2024-04-24T23:37:55.177 INFO:teuthology.orchestra.run.smithi112.stdout:/usr/bin/ceph: stderr
2024-04-24T23:37:54.270+0000 7fd1e59c4700 1 -- 172.21.15.112:0/1169044412 >> 172.21.15.112:0/1169044412 conn(0x7fd1e0102350 msgr2=0x7fd1e0104790 unknown :-1 s=STATE_NONE l=0).mark_down
2024-04-24T23:37:55.177 INFO:teuthology.orchestra.run.smithi112.stdout:/usr/bin/ceph: stderr
2024-04-24T23:37:54.270+0000 7fd1e59c4700 1 -- 172.21.15.112:0/1169044412 shutdown_connections
2024-04-24T23:37:55.177 INFO:teuthology.orchestra.run.smithi112.stdout:/usr/bin/ceph: stderr
2024-04-24T23:37:54.270+0000 7fd1e59c4700 1 -- 172.21.15.112:0/1169044412 wait complete.
2024-04-24T23:37:55.177 INFO:teuthology.orchestra.run.smithi112.stdout:/usr/bin/ceph: stderr
2024-04-24T23:37:54.270+0000 7fd1e59c4700 1 Processor -- start
2024-04-24T23:37:55.177 INFO:teuthology.orchestra.run.smithi112.stdout:/usr/bin/ceph: stderr
2024-04-24T23:37:54.271+0000 7fd1e59c4700 1 -- start start
2024-04-24T23:37:55.177 INFO:teuthology.orchestra.run.smithi112.stdout:/usr/bin/ceph: stderr
2024-04-24T23:37:54.271+0000 7fd1e59c4700 1 --2- >> [v2:172.21.15.112:3300/0,v1:172.21.15.112:6789/0] conn(0x7fd1e0108940 0x7fd1e01081c0 unknown :-1 s=NONE pgs=0 cs=0 l=1 rev1=0 crypto rx=0 tx=0 comp rx=0 tx=0).connect
2024-04-24T23:37:55.177 INFO:teuthology.orchestra.run.smithi112.stdout:/usr/bin/ceph: stderr
2024-04-24T23:37:54.271+0000 7fd1e59c4700 1 -- --> [v2:172.21.15.112:3300/0,v1:172.21.15.112:6789/0] -- mon_getmap magic: 0 -- 0x7fd1e010c330 con 0x7fd1e0108940
2024-04-24T23:37:55.178 INFO:teuthology.orchestra.run.smithi112.stdout:/usr/bin/ceph: stderr
2024-04-24T23:37:54.271+0000 7fd1deffd700 1 --2- >> [v2:172.21.15.112:3300/0,v1:172.21.15.112:6789/0] conn(0x7fd1e0108940 0x7fd1e01081c0 unknown :-1 s=BANNER_CONNECTING pgs=0 cs=0 l=1 rev1=0 crypto rx=0 tx=0 comp rx=0 tx=0)._handle_peer_banner_payload supported=3 required=0
2024-04-24T23:37:55.178 INFO:teuthology.orchestra.run.smithi112.stdout:/usr/bin/ceph: stderr
2024-04-24T23:37:54.271+0000 7fd1deffd700 1 --2- >> [v2:172.21.15.112:3300/0,v1:172.21.15.112:6789/0] conn(0x7fd1e0108940 0x7fd1e01081c0 unknown :-1 s=HELLO_CONNECTING pgs=0 cs=0 l=1 rev1=1 crypto rx=0 tx=0 comp rx=0 tx=0).handle_hello peer v2:172.21.15.112:3300/0 says I am v2:172.21.15.112:46200/0 (socket says 172.21.15.112:46200)
2024-04-24T23:37:55.178 INFO:teuthology.orchestra.run.smithi112.stdout:/usr/bin/ceph: stderr
2024-04-24T23:37:54.271+0000 7fd1deffd700 1 -- 172.21.15.112:0/2219445719 learned_addr learned my addr 172.21.15.112:0/2219445719 (peer_addr_for_me v2:172.21.15.112:0/0)
2024-04-24T23:37:55.178 INFO:teuthology.orchestra.run.smithi112.stdout:/usr/bin/ceph: stderr
2024-04-24T23:37:54.271+0000 7fd1deffd700 1 -- 172.21.15.112:0/2219445719 --> [v2:172.21.15.112:3300/0,v1:172.21.15.112:6789/0] -- mon_subscribe({config=0+,monmap=0+}) -- 0x7fd1e0108700 con 0x7fd1e0108940
2024-04-24T23:37:55.178 INFO:teuthology.orchestra.run.smithi112.stdout:/usr/bin/ceph: stderr
2024-04-24T23:37:54.271+0000 7fd1deffd700 1 --2- 172.21.15.112:0/2219445719 >> [v2:172.21.15.112:3300/0,v1:172.21.15.112:6789/0] conn(0x7fd1e0108940 0x7fd1e01081c0 secure :-1 s=READY pgs=77 cs=0 l=1 rev1=1 crypto rx=0x7fd1d4011770 tx=0x7fd1d4011bc0 comp rx=0 tx=0).ready entity=mon.0 client_cookie=0 server_cookie=0 in_seq=0 out_seq=0
2024-04-24T23:37:55.178 INFO:teuthology.orchestra.run.smithi112.stdout:/usr/bin/ceph: stderr
2024-04-24T23:37:54.271+0000 7fd1e49c2700 1 -- 172.21.15.112:0/2219445719 <== mon.0 v2:172.21.15.112:3300/0 1 ==== mon_map magic: 0 ==== 205+0+0 (secure 0 0 0) 0x7fd1d40039c0 con 0x7fd1e0108940
2024-04-24T23:37:55.178 INFO:teuthology.orchestra.run.smithi112.stdout:/usr/bin/ceph: stderr
2024-04-24T23:37:54.271+0000 7fd1e59c4700 1 -- 172.21.15.112:0/2219445719 --> [v2:172.21.15.112:3300/0,v1:172.21.15.112:6789/0] -- mon_subscribe({mgrmap=0+}) -- 0x7fd1e01068f0 con 0x7fd1e0108940
2024-04-24T23:37:55.178 INFO:teuthology.orchestra.run.smithi112.stdout:/usr/bin/ceph: stderr
2024-04-24T23:37:54.271+0000 7fd1e49c2700 1 -- 172.21.15.112:0/2219445719 <== mon.0 v2:172.21.15.112:3300/0 2 ==== config(28 keys) ==== 1171+0+0 (secure 0 0 0) 0x7fd1d4003b60 con 0x7fd1e0108940
2024-04-24T23:37:55.178 INFO:teuthology.orchestra.run.smithi112.stdout:/usr/bin/ceph: stderr
2024-04-24T23:37:54.271+0000 7fd1e49c2700 1 -- 172.21.15.112:0/2219445719 <== mon.0 v2:172.21.15.112:3300/0 3 ==== mon_map magic: 0 ==== 205+0+0 (secure 0 0 0) 0x7fd1d401a720 con 0x7fd1e0108940
2024-04-24T23:37:55.178 INFO:teuthology.orchestra.run.smithi112.stdout:/usr/bin/ceph: stderr
2024-04-24T23:37:54.272+0000 7fd1e59c4700 1 -- 172.21.15.112:0/2219445719 --> [v2:172.21.15.112:3300/0,v1:172.21.15.112:6789/0] -- mon_subscribe({osdmap=0}) -- 0x7fd1e0106e30 con 0x7fd1e0108940
2024-04-24T23:37:55.178 INFO:teuthology.orchestra.run.smithi112.stdout:/usr/bin/ceph: stderr
2024-04-24T23:37:54.272+0000 7fd1e49c2700 1 -- 172.21.15.112:0/2219445719 <== mon.0 v2:172.21.15.112:3300/0 4 ==== mgrmap(e 13) ==== 46344+0+0 (secure 0 0 0) 0x7fd1d401aa20 con 0x7fd1e0108940
2024-04-24T23:37:55.178 INFO:teuthology.orchestra.run.smithi112.stdout:/usr/bin/ceph: stderr
2024-04-24T23:37:54.273+0000 7fd1e49c2700 1 --2- 172.21.15.112:0/2219445719 >> [v2:172.21.15.112:6800/3583898575,v1:172.21.15.112:6801/3583898575] conn(0x7fd1c80390f0 0x7fd1c803b5b0 unknown :-1 s=NONE pgs=0 cs=0 l=1 rev1=0 crypto rx=0 tx=0 comp rx=0 tx=0).connect
2024-04-24T23:37:55.178 INFO:teuthology.orchestra.run.smithi112.stdout:/usr/bin/ceph: stderr
2024-04-24T23:37:54.273+0000 7fd1e59c4700 1 -- 172.21.15.112:0/2219445719 --> [v2:172.21.15.112:3300/0,v1:172.21.15.112:6789/0] -- mon_command({"prefix": "get_command_descriptions"} v 0) -- 0x7fd1e0063890 con 0x7fd1e0108940
2024-04-24T23:37:55.179 INFO:teuthology.orchestra.run.smithi112.stdout:/usr/bin/ceph: stderr
2024-04-24T23:37:54.273+0000 7fd1e49c2700 1 -- 172.21.15.112:0/2219445719 <== mon.0 v2:172.21.15.112:3300/0 5 ==== osd_map(3..3 src has 1..3) ==== 1155+0+0 (secure 0 0 0) 0x7fd1d404d780 con 0x7fd1e0108940
2024-04-24T23:37:55.179 INFO:teuthology.orchestra.run.smithi112.stdout:/usr/bin/ceph: stderr
2024-04-24T23:37:54.273+0000 7fd1de7fc700 1 --2- 172.21.15.112:0/2219445719 >> [v2:172.21.15.112:6800/3583898575,v1:172.21.15.112:6801/3583898575] conn(0x7fd1c80390f0 0x7fd1c803b5b0 unknown :-1 s=BANNER_CONNECTING pgs=0 cs=0 l=1 rev1=0 crypto rx=0 tx=0 comp rx=0 tx=0)._handle_peer_banner_payload supported=3 required=0
2024-04-24T23:37:55.179 INFO:teuthology.orchestra.run.smithi112.stdout:/usr/bin/ceph: stderr
2024-04-24T23:37:54.273+0000 7fd1de7fc700 1 --2- 172.21.15.112:0/2219445719 >> [v2:172.21.15.112:6800/3583898575,v1:172.21.15.112:6801/3583898575] conn(0x7fd1c80390f0 0x7fd1c803b5b0 secure :-1 s=READY pgs=11 cs=0 l=1 rev1=1 crypto rx=0x7fd1d0006fd0 tx=0x7fd1d0006e40 comp rx=0 tx=0).ready entity=mgr.14150 client_cookie=0 server_cookie=0 in_seq=0 out_seq=0
2024-04-24T23:37:55.179 INFO:teuthology.orchestra.run.smithi112.stdout:/usr/bin/ceph: stderr
2024-04-24T23:37:54.278+0000 7fd1e49c2700 1 -- 172.21.15.112:0/2219445719 <== mon.0 v2:172.21.15.112:3300/0 6 ==== mon_command_ack([{"prefix": "get_command_descriptions"}]=0 v0) ==== 72+0+186147 (secure 0 0 0) 0x7fd1d4020240 con 0x7fd1e0108940
2024-04-24T23:37:55.179 INFO:teuthology.orchestra.run.smithi112.stdout:/usr/bin/ceph: stderr
2024-04-24T23:37:54.596+0000 7fd1e59c4700 1 -- 172.21.15.112:0/2219445719 --> [v2:172.21.15.112:3300/0,v1:172.21.15.112:6789/0] -- mon_command([{prefix=config-key set, key=mgr/dashboard/cluster/status}] v 0) -- 0x7fd1e0107110 con 0x7fd1e0108940
2024-04-24T23:37:55.179 INFO:teuthology.orchestra.run.smithi112.stdout:/usr/bin/ceph: stderr
2024-04-24T23:37:54.598+0000 7fd1e49c2700 1 -- 172.21.15.112:0/2219445719 <== mon.0 v2:172.21.15.112:3300/0 7 ==== mon_command_ack([{prefix=config-key set, key=mgr/dashboard/cluster/status}]=0 set mgr/dashboard/cluster/status v27)=0 set mgr/dashboard/cluster/status v27) ==== 153+0+0 (secure 0 0 0) 0x7fd1d400fdd0 con 0x7fd1e0108940
2024-04-24T23:37:55.179 INFO:teuthology.orchestra.run.smithi112.stdout:/usr/bin/ceph: stderr
2024-04-24T23:37:54.600+0000 7fd1e59c4700 1 -- 172.21.15.112:0/2219445719 >> [v2:172.21.15.112:6800/3583898575,v1:172.21.15.112:6801/3583898575] conn(0x7fd1c80390f0 msgr2=0x7fd1c803b5b0 secure :-1 s=STATE_CONNECTION_ESTABLISHED l=1).mark_down
2024-04-24T23:37:55.179 INFO:teuthology.orchestra.run.smithi112.stdout:/usr/bin/ceph: stderr
2024-04-24T23:37:54.600+0000 7fd1e59c4700 1 --2- 172.21.15.112:0/2219445719 >> [v2:172.21.15.112:6800/3583898575,v1:172.21.15.112:6801/3583898575] conn(0x7fd1c80390f0 0x7fd1c803b5b0 secure :-1 s=READY pgs=11 cs=0 l=1 rev1=1 crypto rx=0x7fd1d0006fd0 tx=0x7fd1d0006e40 comp rx=0 tx=0).stop
2024-04-24T23:37:55.179 INFO:teuthology.orchestra.run.smithi112.stdout:/usr/bin/ceph: stderr
2024-04-24T23:37:54.600+0000 7fd1e59c4700 1 -- 172.21.15.112:0/2219445719 >> [v2:172.21.15.112:3300/0,v1:172.21.15.112:6789/0] conn(0x7fd1e0108940 msgr2=0x7fd1e01081c0 secure :-1 s=STATE_CONNECTION_ESTABLISHED l=1).mark_down
