2024-04-24T23:37:33.290+0000 7faaac8f0700 1 -- 172.21.15.112:0/1248108665 --> [v2:172.21.15.112:6800/1753549020,v1:172.21.15.112:6801/1753549020] -- mgr_command(tid 0: {"prefix": "orch apply", "service_type": "mon", "unmanaged": true, "target": ["mon-mgr", ""]}) -- 0x7faaa81035a0 con 0x7faa90039000
2024-04-24T23:37:33.982 INFO:teuthology.orchestra.run.smithi112.stdout:/usr/bin/ceph: stderr
2024-04-24T23:37:33.294+0000 7faa977fe700 1 -- 172.21.15.112:0/1248108665 <== mgr.14118 v2:172.21.15.112:6800/1753549020 1 ==== mgr_command_reply(tid 0: 0 ) ==== 8+0+24 (secure 0 0 0) 0x7faaa81035a0 con 0x7faa90039000
2024-04-24T23:37:33.982 INFO:teuthology.orchestra.run.smithi112.stdout:/usr/bin/ceph: stderr
2024-04-24T23:37:33.296+0000 7faaac8f0700 1 -- 172.21.15.112:0/1248108665 >> [v2:172.21.15.112:6800/1753549020,v1:172.21.15.112:6801/1753549020] conn(0x7faa90039000 msgr2=0x7faa9003b4c0 secure :-1 s=STATE_CONNECTION_ESTABLISHED l=1).mark_down
2024-04-24T23:37:33.982 INFO:teuthology.orchestra.run.smithi112.stdout:/usr/bin/ceph: stderr
2024-04-24T23:37:33.296+0000 7faaac8f0700 1 --2- 172.21.15.112:0/1248108665 >> [v2:172.21.15.112:6800/1753549020,v1:172.21.15.112:6801/1753549020] conn(0x7faa90039000 0x7faa9003b4c0 secure :-1 s=READY pgs=12 cs=0 l=1 rev1=1 crypto rx=0x7faa98006fd0 tx=0x7faa98006e40 comp rx=0 tx=0).stop
2024-04-24T23:37:33.982 INFO:teuthology.orchestra.run.smithi112.stdout:/usr/bin/ceph: stderr
2024-04-24T23:37:33.296+0000 7faaac8f0700 1 -- 172.21.15.112:0/1248108665 >> [v2:172.21.15.112:3300/0,v1:172.21.15.112:6789/0] conn(0x7faaa8108960 msgr2=0x7faaa819bec0 secure :-1 s=STATE_CONNECTION_ESTABLISHED l=1).mark_down
2024-04-24T23:37:33.982 INFO:teuthology.orchestra.run.smithi112.stdout:/usr/bin/ceph: stderr
2024-04-24T23:37:33.296+0000 7faaac8f0700 1 --2- 172.21.15.112:0/1248108665 >> [v2:172.21.15.112:3300/0,v1:172.21.15.112:6789/0] conn(0x7faaa8108960 0x7faaa819bec0 secure :-1 s=READY pgs=46 cs=0 l=1 rev1=1 crypto rx=0x7faa9c0118c0 tx=0x7faa9c011c80 comp rx=0 tx=0).stop
2024-04-24T23:37:33.982 INFO:teuthology.orchestra.run.smithi112.stdout:/usr/bin/ceph: stderr
2024-04-24T23:37:33.296+0000 7faaac8f0700 1 -- 172.21.15.112:0/1248108665 shutdown_connections
2024-04-24T23:37:33.983 INFO:teuthology.orchestra.run.smithi112.stdout:/usr/bin/ceph: stderr
2024-04-24T23:37:33.296+0000 7faaac8f0700 1 --2- 172.21.15.112:0/1248108665 >> [v2:172.21.15.112:6800/1753549020,v1:172.21.15.112:6801/1753549020] conn(0x7faa90039000 0x7faa9003b4c0 unknown :-1 s=CLOSED pgs=12 cs=0 l=1 rev1=1 crypto rx=0 tx=0 comp rx=0 tx=0).stop
2024-04-24T23:37:33.983 INFO:teuthology.orchestra.run.smithi112.stdout:/usr/bin/ceph: stderr
2024-04-24T23:37:33.297+0000 7faaac8f0700 1 --2- 172.21.15.112:0/1248108665 >> [v2:172.21.15.112:3300/0,v1:172.21.15.112:6789/0] conn(0x7faaa8108960 0x7faaa819bec0 unknown :-1 s=CLOSED pgs=46 cs=0 l=1 rev1=1 crypto rx=0 tx=0 comp rx=0 tx=0).stop
2024-04-24T23:37:33.983 INFO:teuthology.orchestra.run.smithi112.stdout:/usr/bin/ceph: stderr
2024-04-24T23:37:33.297+0000 7faaac8f0700 1 -- 172.21.15.112:0/1248108665 >> 172.21.15.112:0/1248108665 conn(0x7faaa8102350 msgr2=0x7faaa8102e90 unknown :-1 s=STATE_NONE l=0).mark_down
2024-04-24T23:37:33.983 INFO:teuthology.orchestra.run.smithi112.stdout:/usr/bin/ceph: stderr
2024-04-24T23:37:33.297+0000 7faaac8f0700 1 -- 172.21.15.112:0/1248108665 shutdown_connections
2024-04-24T23:37:33.983 INFO:teuthology.orchestra.run.smithi112.stdout:/usr/bin/ceph: stderr
2024-04-24T23:37:33.297+0000 7faaac8f0700 1 -- 172.21.15.112:0/1248108665 wait complete.
2024-04-24T23:37:33.983 INFO:teuthology.orchestra.run.smithi112.stdout:Deploying unmanaged mgr service...
2024-04-24T23:37:34.569 INFO:journalctl@ceph.mon.a.smithi112.stdout:Apr 24 23:37:34 smithi112 ceph-mon[29223]: from='client.14140 -' entity='client.admin' cmd=[{"prefix": "orch apply", "service_type": "mon", "unmanaged": true, "target": ["mon-mgr", ""]}]: dispatch
2024-04-24T23:37:34.569 INFO:journalctl@ceph.mon.a.smithi112.stdout:Apr 24 23:37:34 smithi112 ceph-mon[29223]: Saving service mon spec with placement count:5
2024-04-24T23:37:34.569 INFO:journalctl@ceph.mon.a.smithi112.stdout:Apr 24 23:37:34 smithi112 ceph-mon[29223]: from='mgr.14118 172.21.15.112:0/289181855' entity='mgr.x'
2024-04-24T23:37:35.796 INFO:journalctl@ceph.mon.a.smithi112.stdout:Apr 24 23:37:35 smithi112 ceph-mon[29223]: from='client.14142 -' entity='client.admin' cmd=[{"prefix": "orch apply", "service_type": "mgr", "unmanaged": true, "target": ["mon-mgr", ""]}]: dispatch
2024-04-24T23:37:35.797 INFO:journalctl@ceph.mon.a.smithi112.stdout:Apr 24 23:37:35 smithi112 ceph-mon[29223]: Saving service mgr spec with placement count:2
2024-04-24T23:37:35.797 INFO:journalctl@ceph.mon.a.smithi112.stdout:Apr 24 23:37:35 smithi112 ceph-mon[29223]: from='mgr.14118 172.21.15.112:0/289181855' entity='mgr.x'
2024-04-24T23:37:36.046 INFO:teuthology.orchestra.run.smithi112.stdout:/usr/bin/ceph: stdout Scheduled mgr update...
2024-04-24T23:37:36.047 INFO:teuthology.orchestra.run.smithi112.stdout:/usr/bin/ceph: stderr
2024-04-24T23:37:34.346+0000 7fb861923700 1 Processor -- start
2024-04-24T23:37:36.047 INFO:teuthology.orchestra.run.smithi112.stdout:/usr/bin/ceph: stderr
2024-04-24T23:37:34.346+0000 7fb861923700 1 -- start start
2024-04-24T23:37:36.047 INFO:teuthology.orchestra.run.smithi112.stdout:/usr/bin/ceph: stderr
2024-04-24T23:37:34.346+0000 7fb861923700 1 --2- >> [v2:172.21.15.112:3300/0,v1:172.21.15.112:6789/0] conn(0x7fb85c106db0 0x7fb85c1071d0 unknown :-1 s=NONE pgs=0 cs=0 l=0 rev1=0 crypto rx=0 tx=0 comp rx=0 tx=0).connect
2024-04-24T23:37:36.047 INFO:teuthology.orchestra.run.smithi112.stdout:/usr/bin/ceph: stderr
2024-04-24T23:37:34.346+0000 7fb861923700 1 -- --> [v2:172.21.15.112:3300/0,v1:172.21.15.112:6789/0] -- mon_getmap magic: 0 -- 0x7fb85c1077a0 con 0x7fb85c106db0
2024-04-24T23:37:36.047 INFO:teuthology.orchestra.run.smithi112.stdout:/usr/bin/ceph: stderr
2024-04-24T23:37:34.346+0000 7fb85affd700 1 --2- >> [v2:172.21.15.112:3300/0,v1:172.21.15.112:6789/0] conn(0x7fb85c106db0 0x7fb85c1071d0 unknown :-1 s=BANNER_CONNECTING pgs=0 cs=0 l=0 rev1=0 crypto rx=0 tx=0 comp rx=0 tx=0)._handle_peer_banner_payload supported=3 required=0
2024-04-24T23:37:36.047 INFO:teuthology.orchestra.run.smithi112.stdout:/usr/bin/ceph: stderr
2024-04-24T23:37:34.347+0000 7fb85affd700 1 --2- >> [v2:172.21.15.112:3300/0,v1:172.21.15.112:6789/0] conn(0x7fb85c106db0 0x7fb85c1071d0 unknown :-1 s=HELLO_CONNECTING pgs=0 cs=0 l=0 rev1=1 crypto rx=0 tx=0 comp rx=0 tx=0).handle_hello peer v2:172.21.15.112:3300/0 says I am v2:172.21.15.112:57686/0 (socket says 172.21.15.112:57686)
2024-04-24T23:37:36.047 INFO:teuthology.orchestra.run.smithi112.stdout:/usr/bin/ceph: stderr
2024-04-24T23:37:34.347+0000 7fb85affd700 1 -- 172.21.15.112:0/3564106658 learned_addr learned my addr 172.21.15.112:0/3564106658 (peer_addr_for_me v2:172.21.15.112:0/0)
2024-04-24T23:37:36.047 INFO:teuthology.orchestra.run.smithi112.stdout:/usr/bin/ceph: stderr
2024-04-24T23:37:34.347+0000 7fb85affd700 1 -- 172.21.15.112:0/3564106658 --> [v2:172.21.15.112:3300/0,v1:172.21.15.112:6789/0] -- mon_subscribe({config=0+,monmap=0+}) -- 0x7fb85c107fb0 con 0x7fb85c106db0
2024-04-24T23:37:36.047 INFO:teuthology.orchestra.run.smithi112.stdout:/usr/bin/ceph: stderr
2024-04-24T23:37:34.347+0000 7fb85affd700 1 --2- 172.21.15.112:0/3564106658 >> [v2:172.21.15.112:3300/0,v1:172.21.15.112:6789/0] conn(0x7fb85c106db0 0x7fb85c1071d0 secure :-1 s=READY pgs=47 cs=0 l=1 rev1=1 crypto rx=0x7fb8440098a0 tx=0x7fb844009bb0 comp rx=0 tx=0).ready entity=mon.0 client_cookie=ba2f045be0d522c3 server_cookie=0 in_seq=0 out_seq=0
2024-04-24T23:37:36.047 INFO:teuthology.orchestra.run.smithi112.stdout:/usr/bin/ceph: stderr
2024-04-24T23:37:34.347+0000 7fb859ffb700 1 -- 172.21.15.112:0/3564106658 <== mon.0 v2:172.21.15.112:3300/0 1 ==== mon_map magic: 0 ==== 205+0+0 (secure 0 0 0) 0x7fb844004160 con 0x7fb85c106db0
2024-04-24T23:37:36.047 INFO:teuthology.orchestra.run.smithi112.stdout:/usr/bin/ceph: stderr
2024-04-24T23:37:34.347+0000 7fb859ffb700 1 -- 172.21.15.112:0/3564106658 <== mon.0 v2:172.21.15.112:3300/0 2 ==== config(28 keys) ==== 1140+0+0 (secure 0 0 0) 0x7fb844004300 con 0x7fb85c106db0
2024-04-24T23:37:36.047 INFO:teuthology.orchestra.run.smithi112.stdout:/usr/bin/ceph: stderr
2024-04-24T23:37:34.347+0000 7fb859ffb700 1 -- 172.21.15.112:0/3564106658 <== mon.0 v2:172.21.15.112:3300/0 3 ==== mon_map magic: 0 ==== 205+0+0 (secure 0 0 0) 0x7fb844011c00 con 0x7fb85c106db0
2024-04-24T23:37:36.047 INFO:teuthology.orchestra.run.smithi112.stdout:/usr/bin/ceph: stderr
2024-04-24T23:37:34.348+0000 7fb861923700 1 -- 172.21.15.112:0/3564106658 >> [v2:172.21.15.112:3300/0,v1:172.21.15.112:6789/0] conn(0x7fb85c106db0 msgr2=0x7fb85c1071d0 secure :-1 s=STATE_CONNECTION_ESTABLISHED l=1).mark_down
2024-04-24T23:37:36.047 INFO:teuthology.orchestra.run.smithi112.stdout:/usr/bin/ceph: stderr
2024-04-24T23:37:34.348+0000 7fb861923700 1 --2- 172.21.15.112:0/3564106658 >> [v2:172.21.15.112:3300/0,v1:172.21.15.112:6789/0] conn(0x7fb85c106db0 0x7fb85c1071d0 secure :-1 s=READY pgs=47 cs=0 l=1 rev1=1 crypto rx=0x7fb8440098a0 tx=0x7fb844009bb0 comp rx=0 tx=0).stop
2024-04-24T23:37:36.048 INFO:teuthology.orchestra.run.smithi112.stdout:/usr/bin/ceph: stderr
2024-04-24T23:37:34.348+0000 7fb861923700 1 -- 172.21.15.112:0/3564106658 shutdown_connections
2024-04-24T23:37:36.048 INFO:teuthology.orchestra.run.smithi112.stdout:/usr/bin/ceph: stderr
2024-04-24T23:37:34.348+0000 7fb861923700 1 --2- 172.21.15.112:0/3564106658 >> [v2:172.21.15.112:3300/0,v1:172.21.15.112:6789/0] conn(0x7fb85c106db0 0x7fb85c1071d0 unknown :-1 s=CLOSED pgs=47 cs=0 l=1 rev1=1 crypto rx=0 tx=0 comp rx=0 tx=0).stop
2024-04-24T23:37:36.048 INFO:teuthology.orchestra.run.smithi112.stdout:/usr/bin/ceph: stderr
2024-04-24T23:37:34.348+0000 7fb861923700 1 -- 172.21.15.112:0/3564106658 >> 172.21.15.112:0/3564106658 conn(0x7fb85c102350 msgr2=0x7fb85c104790 unknown :-1 s=STATE_NONE l=0).mark_down
2024-04-24T23:37:36.048 INFO:teuthology.orchestra.run.smithi112.stdout:/usr/bin/ceph: stderr
2024-04-24T23:37:34.348+0000 7fb861923700 1 -- 172.21.15.112:0/3564106658 shutdown_connections
2024-04-24T23:37:36.048 INFO:teuthology.orchestra.run.smithi112.stdout:/usr/bin/ceph: stderr
2024-04-24T23:37:34.348+0000 7fb861923700 1 -- 172.21.15.112:0/3564106658 wait complete.
2024-04-24T23:37:36.048 INFO:teuthology.orchestra.run.smithi112.stdout:/usr/bin/ceph: stderr
2024-04-24T23:37:34.348+0000 7fb861923700 1 Processor -- start
2024-04-24T23:37:36.048 INFO:teuthology.orchestra.run.smithi112.stdout:/usr/bin/ceph: stderr
2024-04-24T23:37:34.349+0000 7fb861923700 1 -- start start
2024-04-24T23:37:36.048 INFO:teuthology.orchestra.run.smithi112.stdout:/usr/bin/ceph: stderr
2024-04-24T23:37:34.349+0000 7fb861923700 1 --2- >> [v2:172.21.15.112:3300/0,v1:172.21.15.112:6789/0] conn(0x7fb85c106db0 0x7fb85c191fd0 unknown :-1 s=NONE pgs=0 cs=0 l=1 rev1=0 crypto rx=0 tx=0 comp rx=0 tx=0).connect
2024-04-24T23:37:36.048 INFO:teuthology.orchestra.run.smithi112.stdout:/usr/bin/ceph: stderr
2024-04-24T23:37:34.349+0000 7fb861923700 1 -- --> [v2:172.21.15.112:3300/0,v1:172.21.15.112:6789/0] -- mon_getmap magic: 0 -- 0x7fb85c10b360 con 0x7fb85c106db0
2024-04-24T23:37:36.048 INFO:teuthology.orchestra.run.smithi112.stdout:/usr/bin/ceph: stderr
2024-04-24T23:37:34.349+0000 7fb85affd700 1 --2- >> [v2:172.21.15.112:3300/0,v1:172.21.15.112:6789/0] conn(0x7fb85c106db0 0x7fb85c191fd0 unknown :-1 s=BANNER_CONNECTING pgs=0 cs=0 l=1 rev1=0 crypto rx=0 tx=0 comp rx=0 tx=0)._handle_peer_banner_payload supported=3 required=0
2024-04-24T23:37:36.048 INFO:teuthology.orchestra.run.smithi112.stdout:/usr/bin/ceph: stderr
2024-04-24T23:37:34.349+0000 7fb85affd700 1 --2- >> [v2:172.21.15.112:3300/0,v1:172.21.15.112:6789/0] conn(0x7fb85c106db0 0x7fb85c191fd0 unknown :-1 s=HELLO_CONNECTING pgs=0 cs=0 l=1 rev1=1 crypto rx=0 tx=0 comp rx=0 tx=0).handle_hello peer v2:172.21.15.112:3300/0 says I am v2:172.21.15.112:57690/0 (socket says 172.21.15.112:57690)
2024-04-24T23:37:36.048 INFO:teuthology.orchestra.run.smithi112.stdout:/usr/bin/ceph: stderr
2024-04-24T23:37:34.349+0000 7fb85affd700 1 -- 172.21.15.112:0/3719379207 learned_addr learned my addr 172.21.15.112:0/3719379207 (peer_addr_for_me v2:172.21.15.112:0/0)
2024-04-24T23:37:36.048 INFO:teuthology.orchestra.run.smithi112.stdout:/usr/bin/ceph: stderr
2024-04-24T23:37:34.349+0000 7fb85affd700 1 -- 172.21.15.112:0/3719379207 --> [v2:172.21.15.112:3300/0,v1:172.21.15.112:6789/0] -- mon_subscribe({config=0+,monmap=0+}) -- 0x7fb85c192510 con 0x7fb85c106db0
2024-04-24T23:37:36.049 INFO:teuthology.orchestra.run.smithi112.stdout:/usr/bin/ceph: stderr
2024-04-24T23:37:34.349+0000 7fb85affd700 1 --2- 172.21.15.112:0/3719379207 >> [v2:172.21.15.112:3300/0,v1:172.21.15.112:6789/0] conn(0x7fb85c106db0 0x7fb85c191fd0 secure :-1 s=READY pgs=48 cs=0 l=1 rev1=1 crypto rx=0x7fb8440118c0 tx=0x7fb844011c80 comp rx=0 tx=0).ready entity=mon.0 client_cookie=0 server_cookie=0 in_seq=0 out_seq=0
2024-04-24T23:37:36.049 INFO:teuthology.orchestra.run.smithi112.stdout:/usr/bin/ceph: stderr
2024-04-24T23:37:34.349+0000 7fb860921700 1 -- 172.21.15.112:0/3719379207 <== mon.0 v2:172.21.15.112:3300/0 1 ==== mon_map magic: 0 ==== 205+0+0 (secure 0 0 0) 0x7fb8440039e0 con 0x7fb85c106db0
2024-04-24T23:37:36.049 INFO:teuthology.orchestra.run.smithi112.stdout:/usr/bin/ceph: stderr
2024-04-24T23:37:34.349+0000 7fb861923700 1 -- 172.21.15.112:0/3719379207 --> [v2:172.21.15.112:3300/0,v1:172.21.15.112:6789/0] -- mon_subscribe({mgrmap=0+}) -- 0x7fb85c190700 con 0x7fb85c106db0
2024-04-24T23:37:36.049 INFO:teuthology.orchestra.run.smithi112.stdout:/usr/bin/ceph: stderr
2024-04-24T23:37:34.349+0000 7fb860921700 1 -- 172.21.15.112:0/3719379207 <== mon.0 v2:172.21.15.112:3300/0 2 ==== config(28 keys) ==== 1140+0+0 (secure 0 0 0) 0x7fb844003b80 con 0x7fb85c106db0
2024-04-24T23:37:36.049 INFO:teuthology.orchestra.run.smithi112.stdout:/usr/bin/ceph: stderr
2024-04-24T23:37:34.349+0000 7fb860921700 1 -- 172.21.15.112:0/3719379207 <== mon.0 v2:172.21.15.112:3300/0 3 ==== mon_map magic: 0 ==== 205+0+0 (secure 0 0 0) 0x7fb8440247d0 con 0x7fb85c106db0
2024-04-24T23:37:36.049 INFO:teuthology.orchestra.run.smithi112.stdout:/usr/bin/ceph: stderr
2024-04-24T23:37:34.349+0000 7fb861923700 1 -- 172.21.15.112:0/3719379207 --> [v2:172.21.15.112:3300/0,v1:172.21.15.112:6789/0] -- mon_subscribe({osdmap=0}) -- 0x7fb85c190c40 con 0x7fb85c106db0
2024-04-24T23:37:36.049 INFO:teuthology.orchestra.run.smithi112.stdout:/usr/bin/ceph: stderr
2024-04-24T23:37:34.350+0000 7fb860921700 1 -- 172.21.15.112:0/3719379207 <== mon.0 v2:172.21.15.112:3300/0 4 ==== mgrmap(e 8) ==== 46287+0+0 (secure 0 0 0) 0x7fb844022020 con 0x7fb85c106db0
2024-04-24T23:37:36.049 INFO:teuthology.orchestra.run.smithi112.stdout:/usr/bin/ceph: stderr
2024-04-24T23:37:34.350+0000 7fb861923700 1 -- 172.21.15.112:0/3719379207 --> [v2:172.21.15.112:3300/0,v1:172.21.15.112:6789/0] -- mon_command({"prefix": "get_command_descriptions"} v 0) -- 0x7fb85c10b4e0 con 0x7fb85c106db0
2024-04-24T23:37:36.049 INFO:teuthology.orchestra.run.smithi112.stdout:/usr/bin/ceph: stderr
2024-04-24T23:37:34.350+0000 7fb860921700 1 --2- 172.21.15.112:0/3719379207 >> [v2:172.21.15.112:6800/1753549020,v1:172.21.15.112:6801/1753549020] conn(0x7fb848039000 0x7fb84803b4c0 unknown :-1 s=NONE pgs=0 cs=0 l=1 rev1=0 crypto rx=0 tx=0 comp rx=0 tx=0).connect
2024-04-24T23:37:36.049 INFO:teuthology.orchestra.run.smithi112.stdout:/usr/bin/ceph: stderr
2024-04-24T23:37:34.350+0000 7fb860921700 1 -- 172.21.15.112:0/3719379207 <== mon.0 v2:172.21.15.112:3300/0 5 ==== osd_map(2..2 src has 1..2) ==== 940+0+0 (secure 0 0 0) 0x7fb84404d0b0 con 0x7fb85c106db0
2024-04-24T23:37:36.050 INFO:teuthology.orchestra.run.smithi112.stdout:/usr/bin/ceph: stderr
2024-04-24T23:37:34.350+0000 7fb85a7fc700 1 --2- 172.21.15.112:0/3719379207 >> [v2:172.21.15.112:6800/1753549020,v1:172.21.15.112:6801/1753549020] conn(0x7fb848039000 0x7fb84803b4c0 unknown :-1 s=BANNER_CONNECTING pgs=0 cs=0 l=1 rev1=0 crypto rx=0 tx=0 comp rx=0 tx=0)._handle_peer_banner_payload supported=3 required=0
2024-04-24T23:37:36.050 INFO:teuthology.orchestra.run.smithi112.stdout:/usr/bin/ceph: stderr
2024-04-24T23:37:34.351+0000 7fb85a7fc700 1 --2- 172.21.15.112:0/3719379207 >> [v2:172.21.15.112:6800/1753549020,v1:172.21.15.112:6801/1753549020] conn(0x7fb848039000 0x7fb84803b4c0 secure :-1 s=READY pgs=13 cs=0 l=1 rev1=1 crypto rx=0x7fb84c006fd0 tx=0x7fb84c006e40 comp rx=0 tx=0).ready entity=mgr.14118 client_cookie=0 server_cookie=0 in_seq=0 out_seq=0
2024-04-24T23:37:36.050 INFO:teuthology.orchestra.run.smithi112.stdout:/usr/bin/ceph: stderr
2024-04-24T23:37:34.355+0000 7fb860921700 1 -- 172.21.15.112:0/3719379207 <== mon.0 v2:172.21.15.112:3300/0 6 ==== mon_command_ack([{"prefix": "get_command_descriptions"}]=0 v0) ==== 72+0+186147 (secure 0 0 0) 0x7fb84400ba10 con 0x7fb85c106db0
2024-04-24T23:37:36.050 INFO:teuthology.orchestra.run.smithi112.stdout:/usr/bin/ceph: stderr
2024-04-24T23:37:34.571+0000 7fb861923700 1 -- 172.21.15.112:0/3719379207 --> [v2:172.21.15.112:6800/1753549020,v1:172.21.15.112:6801/1753549020] -- mgr_command(tid 0: {"prefix": "orch apply", "service_type": "mgr", "unmanaged": true, "target": ["mon-mgr", ""]}) -- 0x7fb85c0008d0 con 0x7fb848039000
2024-04-24T23:37:36.050 INFO:teuthology.orchestra.run.smithi112.stdout:/usr/bin/ceph: stderr
2024-04-24T23:37:34.576+0000 7fb860921700 1 -- 172.21.15.112:0/3719379207 <== mgr.14118 v2:172.21.15.112:6800/1753549020 1 ==== mgr_command_reply(tid 0: 0 ) ==== 8+0+24 (secure 0 0 0) 0x7fb85c0008d0 con 0x7fb848039000
2024-04-24T23:37:36.050 INFO:teuthology.orchestra.run.smithi112.stdout:/usr/bin/ceph: stderr
2024-04-24T23:37:34.578+0000 7fb861923700 1 -- 172.21.15.112:0/3719379207 >> [v2:172.21.15.112:6800/1753549020,v1:172.21.15.112:6801/1753549020] conn(0x7fb848039000 msgr2=0x7fb84803b4c0 secure :-1 s=STATE_CONNECTION_ESTABLISHED l=1).mark_down
2024-04-24T23:37:36.050 INFO:teuthology.orchestra.run.smithi112.stdout:/usr/bin/ceph: stderr
2024-04-24T23:37:34.578+0000 7fb861923700 1 --2- 172.21.15.112:0/3719379207 >> [v2:172.21.15.112:6800/1753549020,v1:172.21.15.112:6801/1753549020] conn(0x7fb848039000 0x7fb84803b4c0 secure :-1 s=READY pgs=13 cs=0 l=1 rev1=1 crypto rx=0x7fb84c006fd0 tx=0x7fb84c006e40 comp rx=0 tx=0).stop
2024-04-24T23:37:36.050 INFO:teuthology.orchestra.run.smithi112.stdout:/usr/bin/ceph: stderr
2024-04-24T23:37:34.578+0000 7fb861923700 1 -- 172.21.15.112:0/3719379207 >> [v2:172.21.15.112:3300/0,v1:172.21.15.112:6789/0] conn(0x7fb85c106db0 msgr2=0x7fb85c191fd0 secure :-1 s=STATE_CONNECTION_ESTABLISHED l=1).mark_down
2024-04-24T23:37:36.050 INFO:teuthology.orchestra.run.smithi112.stdout:/usr/bin/ceph: stderr
2024-04-24T23:37:34.578+0000 7fb861923700 1 --2- 172.21.15.112:0/3719379207 >> [v2:172.21.15.112:3300/0,v1:172.21.15.112:6789/0] conn(0x7fb85c106db0 0x7fb85c191fd0 secure :-1 s=READY pgs=48 cs=0 l=1 rev1=1 crypto rx=0x7fb8440118c0 tx=0x7fb844011c80 comp rx=0 tx=0).stop
2024-04-24T23:37:36.050 INFO:teuthology.orchestra.run.smithi112.stdout:/usr/bin/ceph: stderr
2024-04-24T23:37:34.578+0000 7fb861923700 1 -- 172.21.15.112:0/3719379207 shutdown_connections
2024-04-24T23:37:36.050 INFO:teuthology.orchestra.run.smithi112.stdout:/usr/bin/ceph: stderr
2024-04-24T23:37:34.578+0000 7fb861923700 1 --2- 172.21.15.112:0/3719379207 >> [v2:172.21.15.112:6800/1753549020,v1:172.21.15.112:6801/1753549020] conn(0x7fb848039000 0x7fb84803b4c0 unknown :-1 s=CLOSED pgs=13 cs=0 l=1 rev1=1 crypto rx=0 tx=0 comp rx=0 tx=0).stop
2024-04-24T23:37:36.050 INFO:teuthology.orchestra.run.smithi112.stdout:/usr/bin/ceph: stderr
2024-04-24T23:37:34.578+0000 7fb861923700 1 --2- 172.21.15.112:0/3719379207 >> [v2:172.21.15.112:3300/0,v1:172.21.15.112:6789/0] conn(0x7fb85c106db0 0x7fb85c191fd0 unknown :-1 s=CLOSED pgs=48 cs=0 l=1 rev1=1 crypto rx=0 tx=0 comp rx=0 tx=0).stop
2024-04-24T23:37:36.050 INFO:teuthology.orchestra.run.smithi112.stdout:/usr/bin/ceph: stderr
2024-04-24T23:37:34.578+0000 7fb861923700 1 -- 172.21.15.112:0/3719379207 >> 172.21.15.112:0/3719379207 conn(0x7fb85c102350 msgr2=0x7fb85c103240 unknown :-1 s=STATE_NONE l=0).mark_down
2024-04-24T23:37:36.050 INFO:teuthology.orchestra.run.smithi112.stdout:/usr/bin/ceph: stderr
2024-04-24T23:37:34.578+0000 7fb861923700 1 -- 172.21.15.112:0/3719379207 shutdown_connections
2024-04-24T23:37:36.051 INFO:teuthology.orchestra.run.smithi112.stdout:/usr/bin/ceph: stderr
2024-04-24T23:37:34.578+0000 7fb861923700 1 -- 172.21.15.112:0/3719379207 wait complete.
2024-04-24T23:37:36.726 INFO:journalctl@ceph.mon.a.smithi112.stdout:Apr 24 23:37:36 smithi112 ceph-mon[29223]: from='mgr.14118 172.21.15.112:0/289181855' entity='mgr.x'
2024-04-24T23:37:36.726 INFO:journalctl@ceph.mon.a.smithi112.stdout:Apr 24 23:37:36 smithi112 ceph-mon[29223]: from='mgr.14118 172.21.15.112:0/289181855' entity='mgr.x'
2024-04-24T23:37:37.285 INFO:teuthology.orchestra.run.smithi112.stdout:/usr/bin/ceph: stderr
2024-04-24T23:37:36.502+0000 7f95e014a700 1 Processor -- start
2024-04-24T23:37:37.285 INFO:teuthology.orchestra.run.smithi112.stdout:/usr/bin/ceph: stderr
2024-04-24T23:37:36.502+0000 7f95e014a700 1 -- start start
2024-04-24T23:37:37.285 INFO:teuthology.orchestra.run.smithi112.stdout:/usr/bin/ceph: stderr
2024-04-24T23:37:36.502+0000 7f95e014a700 1 --2- >> [v2:172.21.15.112:3300/0,v1:172.21.15.112:6789/0] conn(0x7f95d8108960 0x7f95d810ad50 unknown :-1 s=NONE pgs=0 cs=0 l=0 rev1=0 crypto rx=0 tx=0 comp rx=0 tx=0).connect
2024-04-24T23:37:37.286 INFO:teuthology.orchestra.run.smithi112.stdout:/usr/bin/ceph: stderr
2024-04-24T23:37:36.502+0000 7f95e014a700 1 -- --> [v2:172.21.15.112:3300/0,v1:172.21.15.112:6789/0] -- mon_getmap magic: 0 -- 0x7f95d807be40 con 0x7f95d8108960
2024-04-24T23:37:37.286 INFO:teuthology.orchestra.run.smithi112.stdout:/usr/bin/ceph: stderr
2024-04-24T23:37:36.502+0000 7f95ddee6700 1 --2- >> [v2:172.21.15.112:3300/0,v1:172.21.15.112:6789/0] conn(0x7f95d8108960 0x7f95d810ad50 unknown :-1 s=BANNER_CONNECTING pgs=0 cs=0 l=0 rev1=0 crypto rx=0 tx=0 comp rx=0 tx=0)._handle_peer_banner_payload supported=3 required=0
2024-04-24T23:37:37.286 INFO:teuthology.orchestra.run.smithi112.stdout:/usr/bin/ceph: stderr
2024-04-24T23:37:36.503+0000 7f95ddee6700 1 --2- >> [v2:172.21.15.112:3300/0,v1:172.21.15.112:6789/0] conn(0x7f95d8108960 0x7f95d810ad50 unknown :-1 s=HELLO_CONNECTING pgs=0 cs=0 l=0 rev1=1 crypto rx=0 tx=0 comp rx=0 tx=0).handle_hello peer v2:172.21.15.112:3300/0 says I am v2:172.21.15.112:57700/0 (socket says 172.21.15.112:57700)
2024-04-24T23:37:37.286 INFO:teuthology.orchestra.run.smithi112.stdout:/usr/bin/ceph: stderr
2024-04-24T23:37:36.503+0000 7f95ddee6700 1 -- 172.21.15.112:0/1015780971 learned_addr learned my addr 172.21.15.112:0/1015780971 (peer_addr_for_me v2:172.21.15.112:0/0)
2024-04-24T23:37:37.286 INFO:teuthology.orchestra.run.smithi112.stdout:/usr/bin/ceph: stderr
2024-04-24T23:37:36.503+0000 7f95ddee6700 1 -- 172.21.15.112:0/1015780971 --> [v2:172.21.15.112:3300/0,v1:172.21.15.112:6789/0] -- mon_subscribe({config=0+,monmap=0+}) -- 0x7f95d810b290 con 0x7f95d8108960
2024-04-24T23:37:37.286 INFO:teuthology.orchestra.run.smithi112.stdout:/usr/bin/ceph: stderr
2024-04-24T23:37:36.503+0000 7f95ddee6700 1 --2- 172.21.15.112:0/1015780971 >> [v2:172.21.15.112:3300/0,v1:172.21.15.112:6789/0] conn(0x7f95d8108960 0x7f95d810ad50 secure :-1 s=READY pgs=49 cs=0 l=1 rev1=1 crypto rx=0x7f95d40098a0 tx=0x7f95d4009bb0 comp rx=0 tx=0).ready entity=mon.0 client_cookie=a112050447c93190 server_cookie=0 in_seq=0 out_seq=0
2024-04-24T23:37:37.286 INFO:teuthology.orchestra.run.smithi112.stdout:/usr/bin/ceph: stderr
2024-04-24T23:37:36.503+0000 7f95dcee4700 1 -- 172.21.15.112:0/1015780971 <== mon.0 v2:172.21.15.112:3300/0 1 ==== mon_map magic: 0 ==== 205+0+0 (secure 0 0 0) 0x7f95d4004160 con 0x7f95d8108960
2024-04-24T23:37:37.286 INFO:teuthology.orchestra.run.smithi112.stdout:/usr/bin/ceph: stderr
2024-04-24T23:37:36.503+0000 7f95dcee4700 1 -- 172.21.15.112:0/1015780971 <== mon.0 v2:172.21.15.112:3300/0 2 ==== config(28 keys) ==== 1171+0+0 (secure 0 0 0) 0x7f95d4004300 con 0x7f95d8108960
2024-04-24T23:37:37.286 INFO:teuthology.orchestra.run.smithi112.stdout:/usr/bin/ceph: stderr
2024-04-24T23:37:36.503+0000 7f95dcee4700 1 -- 172.21.15.112:0/1015780971 <== mon.0 v2:172.21.15.112:3300/0 3 ==== mon_map magic: 0 ==== 205+0+0 (secure 0 0 0) 0x7f95d4011bb0 con 0x7f95d8108960
2024-04-24T23:37:37.286 INFO:teuthology.orchestra.run.smithi112.stdout:/usr/bin/ceph: stderr
2024-04-24T23:37:36.504+0000 7f95e014a700 1 -- 172.21.15.112:0/1015780971 >> [v2:172.21.15.112:3300/0,v1:172.21.15.112:6789/0] conn(0x7f95d8108960 msgr2=0x7f95d810ad50 secure :-1 s=STATE_CONNECTION_ESTABLISHED l=1).mark_down
2024-04-24T23:37:37.286 INFO:teuthology.orchestra.run.smithi112.stdout:/usr/bin/ceph: stderr
2024-04-24T23:37:36.504+0000 7f95e014a700 1 --2- 172.21.15.112:0/1015780971 >> [v2:172.21.15.112:3300/0,v1:172.21.15.112:6789/0] conn(0x7f95d8108960 0x7f95d810ad50 secure :-1 s=READY pgs=49 cs=0 l=1 rev1=1 crypto rx=0x7f95d40098a0 tx=0x7f95d4009bb0 comp rx=0 tx=0).stop
2024-04-24T23:37:37.286 INFO:teuthology.orchestra.run.smithi112.stdout:/usr/bin/ceph: stderr
2024-04-24T23:37:36.504+0000 7f95e014a700 1 -- 172.21.15.112:0/1015780971 shutdown_connections
2024-04-24T23:37:37.286 INFO:teuthology.orchestra.run.smithi112.stdout:/usr/bin/ceph: stderr
2024-04-24T23:37:36.504+0000 7f95e014a700 1 --2- 172.21.15.112:0/1015780971 >> [v2:172.21.15.112:3300/0,v1:172.21.15.112:6789/0] conn(0x7f95d8108960 0x7f95d810ad50 unknown :-1 s=CLOSED pgs=49 cs=0 l=1 rev1=1 crypto rx=0 tx=0 comp rx=0 tx=0).stop
2024-04-24T23:37:37.286 INFO:teuthology.orchestra.run.smithi112.stdout:/usr/bin/ceph: stderr
2024-04-24T23:37:36.504+0000 7f95e014a700 1 -- 172.21.15.112:0/1015780971 >> 172.21.15.112:0/1015780971 conn(0x7f95d8102330 msgr2=0x7f95d8104770 unknown :-1 s=STATE_NONE l=0).mark_down
2024-04-24T23:37:37.287 INFO:teuthology.orchestra.run.smithi112.stdout:/usr/bin/ceph: stderr
2024-04-24T23:37:36.504+0000 7f95e014a700 1 -- 172.21.15.112:0/1015780971 shutdown_connections
2024-04-24T23:37:37.287 INFO:teuthology.orchestra.run.smithi112.stdout:/usr/bin/ceph: stderr
2024-04-24T23:37:36.504+0000 7f95e014a700 1 -- 172.21.15.112:0/1015780971 wait complete.
2024-04-24T23:37:37.287 INFO:teuthology.orchestra.run.smithi112.stdout:/usr/bin/ceph: stderr
2024-04-24T23:37:36.504+0000 7f95e014a700 1 Processor -- start
2024-04-24T23:37:37.287 INFO:teuthology.orchestra.run.smithi112.stdout:/usr/bin/ceph: stderr
2024-04-24T23:37:36.504+0000 7f95e014a700 1 -- start start
2024-04-24T23:37:37.287 INFO:teuthology.orchestra.run.smithi112.stdout:/usr/bin/ceph: stderr
2024-04-24T23:37:36.504+0000 7f95e014a700 1 --2- >> [v2:172.21.15.112:3300/0,v1:172.21.15.112:6789/0] conn(0x7f95d8108960 0x7f95d819be30 unknown :-1 s=NONE pgs=0 cs=0 l=1 rev1=0 crypto rx=0 tx=0 comp rx=0 tx=0).connect
2024-04-24T23:37:37.287 INFO:teuthology.orchestra.run.smithi112.stdout:/usr/bin/ceph: stderr
2024-04-24T23:37:36.504+0000 7f95e014a700 1 -- --> [v2:172.21.15.112:3300/0,v1:172.21.15.112:6789/0] -- mon_getmap magic: 0 -- 0x7f95d810c300 con 0x7f95d8108960
2024-04-24T23:37:37.287 INFO:teuthology.orchestra.run.smithi112.stdout:/usr/bin/ceph: stderr
2024-04-24T23:37:36.505+0000 7f95ddee6700 1 --2- >> [v2:172.21.15.112:3300/0,v1:172.21.15.112:6789/0] conn(0x7f95d8108960 0x7f95d819be30 unknown :-1 s=BANNER_CONNECTING pgs=0 cs=0 l=1 rev1=0 crypto rx=0 tx=0 comp rx=0 tx=0)._handle_peer_banner_payload supported=3 required=0
2024-04-24T23:37:37.287 INFO:teuthology.orchestra.run.smithi112.stdout:/usr/bin/ceph: stderr
2024-04-24T23:37:36.505+0000 7f95ddee6700 1 --2- >> [v2:172.21.15.112:3300/0,v1:172.21.15.112:6789/0] conn(0x7f95d8108960 0x7f95d819be30 unknown :-1 s=HELLO_CONNECTING pgs=0 cs=0 l=1 rev1=1 crypto rx=0 tx=0 comp rx=0 tx=0).handle_hello peer v2:172.21.15.112:3300/0 says I am v2:172.21.15.112:57704/0 (socket says 172.21.15.112:57704)
2024-04-24T23:37:37.287 INFO:teuthology.orchestra.run.smithi112.stdout:/usr/bin/ceph: stderr
2024-04-24T23:37:36.505+0000 7f95ddee6700 1 -- 172.21.15.112:0/3586268280 learned_addr learned my addr 172.21.15.112:0/3586268280 (peer_addr_for_me v2:172.21.15.112:0/0)
2024-04-24T23:37:37.287 INFO:teuthology.orchestra.run.smithi112.stdout:/usr/bin/ceph: stderr
2024-04-24T23:37:36.505+0000 7f95ddee6700 1 -- 172.21.15.112:0/3586268280 --> [v2:172.21.15.112:3300/0,v1:172.21.15.112:6789/0] -- mon_subscribe({config=0+,monmap=0+}) -- 0x7f95d819c370 con 0x7f95d8108960
2024-04-24T23:37:37.287 INFO:teuthology.orchestra.run.smithi112.stdout:/usr/bin/ceph: stderr
2024-04-24T23:37:36.505+0000 7f95ddee6700 1 --2- 172.21.15.112:0/3586268280 >> [v2:172.21.15.112:3300/0,v1:172.21.15.112:6789/0] conn(0x7f95d8108960 0x7f95d819be30 secure :-1 s=READY pgs=50 cs=0 l=1 rev1=1 crypto rx=0x7f95d40118b0 tx=0x7f95d4011c70 comp rx=0 tx=0).ready entity=mon.0 client_cookie=0 server_cookie=0 in_seq=0 out_seq=0
2024-04-24T23:37:37.287 INFO:teuthology.orchestra.run.smithi112.stdout:/usr/bin/ceph: stderr
2024-04-24T23:37:36.505+0000 7f95ceffd700 1 -- 172.21.15.112:0/3586268280 <== mon.0 v2:172.21.15.112:3300/0 1 ==== mon_map magic: 0 ==== 205+0+0 (secure 0 0 0) 0x7f95d4011e60 con 0x7f95d8108960
2024-04-24T23:37:37.287 INFO:teuthology.orchestra.run.smithi112.stdout:/usr/bin/ceph: stderr
2024-04-24T23:37:36.505+0000 7f95ceffd700 1 -- 172.21.15.112:0/3586268280 <== mon.0 v2:172.21.15.112:3300/0 2 ==== config(28 keys) ==== 1171+0+0 (secure 0 0 0) 0x7f95d4003b20 con 0x7f95d8108960
2024-04-24T23:37:37.287 INFO:teuthology.orchestra.run.smithi112.stdout:/usr/bin/ceph: stderr
2024-04-24T23:37:36.505+0000 7f95e014a700 1 -- 172.21.15.112:0/3586268280 --> [v2:172.21.15.112:3300/0,v1:172.21.15.112:6789/0] -- mon_subscribe({mgrmap=0+}) -- 0x7f95d819c600 con 0x7f95d8108960
2024-04-24T23:37:37.288 INFO:teuthology.orchestra.run.smithi112.stdout:/usr/bin/ceph: stderr
2024-04-24T23:37:36.505+0000 7f95ceffd700 1 -- 172.21.15.112:0/3586268280 <== mon.0 v2:172.21.15.112:3300/0 3 ==== mon_map magic: 0 ==== 205+0+0 (secure 0 0 0) 0x7f95d40247a0 con 0x7f95d8108960
2024-04-24T23:37:37.288 INFO:teuthology.orchestra.run.smithi112.stdout:/usr/bin/ceph: stderr
2024-04-24T23:37:36.505+0000 7f95e014a700 1 -- 172.21.15.112:0/3586268280 --> [v2:172.21.15.112:3300/0,v1:172.21.15.112:6789/0] -- mon_subscribe({osdmap=0}) -- 0x7f95d819f2f0 con 0x7f95d8108960
2024-04-24T23:37:37.288 INFO:teuthology.orchestra.run.smithi112.stdout:/usr/bin/ceph: stderr
2024-04-24T23:37:36.506+0000 7f95ceffd700 1 -- 172.21.15.112:0/3586268280 <== mon.0 v2:172.21.15.112:3300/0 4 ==== mgrmap(e 8) ==== 46287+0+0 (secure 0 0 0) 0x7f95d4022020 con 0x7f95d8108960
2024-04-24T23:37:37.288 INFO:teuthology.orchestra.run.smithi112.stdout:/usr/bin/ceph: stderr
2024-04-24T23:37:36.506+0000 7f95e014a700 1 -- 172.21.15.112:0/3586268280 --> [v2:172.21.15.112:3300/0,v1:172.21.15.112:6789/0] -- mon_command({"prefix": "get_command_descriptions"} v 0) -- 0x7f95d8063890 con 0x7f95d8108960
2024-04-24T23:37:37.288 INFO:teuthology.orchestra.run.smithi112.stdout:/usr/bin/ceph: stderr
2024-04-24T23:37:36.506+0000 7f95ceffd700 1 --2- 172.21.15.112:0/3586268280 >> [v2:172.21.15.112:6800/1753549020,v1:172.21.15.112:6801/1753549020] conn(0x7f95c4039050 0x7f95c403b510 unknown :-1 s=NONE pgs=0 cs=0 l=1 rev1=0 crypto rx=0 tx=0 comp rx=0 tx=0).connect
2024-04-24T23:37:37.288 INFO:teuthology.orchestra.run.smithi112.stdout:/usr/bin/ceph: stderr
2024-04-24T23:37:36.506+0000 7f95ceffd700 1 -- 172.21.15.112:0/3586268280 <== mon.0 v2:172.21.15.112:3300/0 5 ==== osd_map(2..2 src has 1..2) ==== 940+0+0 (secure 0 0 0) 0x7f95d404d3d0 con 0x7f95d8108960
2024-04-24T23:37:37.288 INFO:teuthology.orchestra.run.smithi112.stdout:/usr/bin/ceph: stderr
2024-04-24T23:37:36.506+0000 7f95dd6e5700 1 --2- 172.21.15.112:0/3586268280 >> [v2:172.21.15.112:6800/1753549020,v1:172.21.15.112:6801/1753549020] conn(0x7f95c4039050 0x7f95c403b510 unknown :-1 s=BANNER_CONNECTING pgs=0 cs=0 l=1 rev1=0 crypto rx=0 tx=0 comp rx=0 tx=0)._handle_peer_banner_payload supported=3 required=0
2024-04-24T23:37:37.288 INFO:teuthology.orchestra.run.smithi112.stdout:/usr/bin/ceph: stderr
2024-04-24T23:37:36.507+0000 7f95dd6e5700 1 --2- 172.21.15.112:0/3586268280 >> [v2:172.21.15.112:6800/1753549020,v1:172.21.15.112:6801/1753549020] conn(0x7f95c4039050 0x7f95c403b510 secure :-1 s=READY pgs=14 cs=0 l=1 rev1=1 crypto rx=0x7f95c8006fd0 tx=0x7f95c8006e40 comp rx=0 tx=0).ready entity=mgr.14118 client_cookie=0 server_cookie=0 in_seq=0 out_seq=0
2024-04-24T23:37:37.288 INFO:teuthology.orchestra.run.smithi112.stdout:/usr/bin/ceph: stderr
2024-04-24T23:37:36.511+0000 7f95ceffd700 1 -- 172.21.15.112:0/3586268280 <== mon.0 v2:172.21.15.112:3300/0 6 ==== mon_command_ack([{"prefix": "get_command_descriptions"}]=0 v0) ==== 72+0+186147 (secure 0 0 0) 0x7f95d401a7b0 con 0x7f95d8108960
2024-04-24T23:37:37.288 INFO:teuthology.orchestra.run.smithi112.stdout:/usr/bin/ceph: stderr
2024-04-24T23:37:36.721+0000 7f95e014a700 1 -- 172.21.15.112:0/3586268280 --> [v2:172.21.15.112:3300/0,v1:172.21.15.112:6789/0] -- mon_command([{prefix=config set, name=mgr/cephadm/container_init}] v 0) -- 0x7f95d819f8c0 con 0x7f95d8108960
2024-04-24T23:37:37.288 INFO:teuthology.orchestra.run.smithi112.stdout:/usr/bin/ceph: stderr
2024-04-24T23:37:36.723+0000 7f95ceffd700 1 -- 172.21.15.112:0/3586268280 <== mon.0 v2:172.21.15.112:3300/0 7 ==== mon_command_ack([{prefix=config set, name=mgr/cephadm/container_init}]=0 v7)=0 v7) ==== 142+0+0 (secure 0 0 0) 0x7f95d400b5a0 con 0x7f95d8108960
2024-04-24T23:37:37.288 INFO:teuthology.orchestra.run.smithi112.stdout:/usr/bin/ceph: stderr
2024-04-24T23:37:36.726+0000 7f95e014a700 1 -- 172.21.15.112:0/3586268280 >> [v2:172.21.15.112:6800/1753549020,v1:172.21.15.112:6801/1753549020] conn(0x7f95c4039050 msgr2=0x7f95c403b510 secure :-1 s=STATE_CONNECTION_ESTABLISHED l=1).mark_down
2024-04-24T23:37:37.288 INFO:teuthology.orchestra.run.smithi112.stdout:/usr/bin/ceph: stderr
2024-04-24T23:37:36.726+0000 7f95e014a700 1 --2- 172.21.15.112:0/3586268280 >> [v2:172.21.15.112:6800/1753549020,v1:172.21.15.112:6801/1753549020] conn(0x7f95c4039050 0x7f95c403b510 secure :-1 s=READY pgs=14 cs=0 l=1 rev1=1 crypto rx=0x7f95c8006fd0 tx=0x7f95c8006e40 comp rx=0 tx=0).stop
2024-04-24T23:37:37.288 INFO:teuthology.orchestra.run.smithi112.stdout:/usr/bin/ceph: stderr
2024-04-24T23:37:36.726+0000 7f95e014a700 1 -- 172.21.15.112:0/3586268280 >> [v2:172.21.15.112:3300/0,v1:172.21.15.112:6789/0] conn(0x7f95d8108960 msgr2=0x7f95d819be30 secure :-1 s=STATE_CONNECTION_ESTABLISHED l=1).mark_down
2024-04-24T23:37:37.289 INFO:teuthology.orchestra.run.smithi112.stdout:/usr/bin/ceph: stderr
2024-04-24T23:37:36.726+0000 7f95e014a700 1 --2- 172.21.15.112:0/3586268280 >> [v2:172.21.15.112:3300/0,v1:172.21.15.112:6789/0] conn(0x7f95d8108960 0x7f95d819be30 secure :-1 s=READY pgs=50 cs=0 l=1 rev1=1 crypto rx=0x7f95d40118b0 tx=0x7f95d4011c70 comp rx=0 tx=0).stop
2024-04-24T23:37:37.289 INFO:teuthology.orchestra.run.smithi112.stdout:/usr/bin/ceph: stderr
2024-04-24T23:37:36.726+0000 7f95e014a700 1 -- 172.21.15.112:0/3586268280 shutdown_connections
2024-04-24T23:37:37.289 INFO:teuthology.orchestra.run.smithi112.stdout:/usr/bin/ceph: stderr
2024-04-24T23:37:36.726+0000 7f95e014a700 1 --2- 172.21.15.112:0/3586268280 >> [v2:172.21.15.112:6800/1753549020,v1:172.21.15.112:6801/1753549020] conn(0x7f95c4039050 0x7f95c403b510 unknown :-1 s=CLOSED pgs=14 cs=0 l=1 rev1=1 crypto rx=0 tx=0 comp rx=0 tx=0).stop
2024-04-24T23:37:37.289 INFO:teuthology.orchestra.run.smithi112.stdout:/usr/bin/ceph: stderr
2024-04-24T23:37:36.726+0000 7f95e014a700 1 --2- 172.21.15.112:0/3586268280 >> [v2:172.21.15.112:3300/0,v1:172.21.15.112:6789/0] conn(0x7f95d8108960 0x7f95d819be30 unknown :-1 s=CLOSED pgs=50 cs=0 l=1 rev1=1 crypto rx=0 tx=0 comp rx=0 tx=0).stop
2024-04-24T23:37:37.289 INFO:teuthology.orchestra.run.smithi112.stdout:/usr/bin/ceph: stderr
2024-04-24T23:37:36.726+0000 7f95e014a700 1 -- 172.21.15.112:0/3586268280 >> 172.21.15.112:0/3586268280 conn(0x7f95d8102330 msgr2=0x7f95d8102da0 unknown :-1 s=STATE_NONE l=0).mark_down
2024-04-24T23:37:37.289 INFO:teuthology.orchestra.run.smithi112.stdout:/usr/bin/ceph: stderr
2024-04-24T23:37:36.726+0000 7f95e014a700 1 -- 172.21.15.112:0/3586268280 shutdown_connections
2024-04-24T23:37:37.289 INFO:teuthology.orchestra.run.smithi112.stdout:/usr/bin/ceph: stderr
2024-04-24T23:37:36.726+0000 7f95e014a700 1 -- 172.21.15.112:0/3586268280 wait complete.
2024-04-24T23:37:37.833 INFO:journalctl@ceph.mon.a.smithi112.stdout:Apr 24 23:37:37 smithi112 ceph-mon[29223]: from='client.? 172.21.15.112:0/3586268280' entity='client.admin'
2024-04-24T23:37:38.686 INFO:teuthology.orchestra.run.smithi112.stdout:/usr/bin/ceph: stderr
2024-04-24T23:37:37.665+0000 7f1c56b8e700 1 Processor -- start
2024-04-24T23:37:38.686 INFO:teuthology.orchestra.run.smithi112.stdout:/usr/bin/ceph: stderr
2024-04-24T23:37:37.665+0000 7f1c56b8e700 1 -- start start
2024-04-24T23:37:38.686 INFO:teuthology.orchestra.run.smithi112.stdout:/usr/bin/ceph: stderr
2024-04-24T23:37:37.665+0000 7f1c56b8e700 1 --2- >> [v2:172.21.15.112:3300/0,v1:172.21.15.112:6789/0] conn(0x7f1c50106120 0x7f1c50106540 unknown :-1 s=NONE pgs=0 cs=0 l=0 rev1=0 crypto rx=0 tx=0 comp rx=0 tx=0).connect
2024-04-24T23:37:38.686 INFO:teuthology.orchestra.run.smithi112.stdout:/usr/bin/ceph: stderr
2024-04-24T23:37:37.665+0000 7f1c56b8e700 1 -- --> [v2:172.21.15.112:3300/0,v1:172.21.15.112:6789/0] -- mon_getmap magic: 0 -- 0x7f1c50106b10 con 0x7f1c50106120
2024-04-24T23:37:38.686 INFO:teuthology.orchestra.run.smithi112.stdout:/usr/bin/ceph: stderr
2024-04-24T23:37:37.665+0000 7f1c5492a700 1 --2- >> [v2:172.21.15.112:3300/0,v1:172.21.15.112:6789/0] conn(0x7f1c50106120 0x7f1c50106540 unknown :-1 s=BANNER_CONNECTING pgs=0 cs=0 l=0 rev1=0 crypto rx=0 tx=0 comp rx=0 tx=0)._handle_peer_banner_payload supported=3 required=0
2024-04-24T23:37:38.686 INFO:teuthology.orchestra.run.smithi112.stdout:/usr/bin/ceph: stderr
2024-04-24T23:37:37.665+0000 7f1c5492a700 1 --2- >> [v2:172.21.15.112:3300/0,v1:172.21.15.112:6789/0] conn(0x7f1c50106120 0x7f1c50106540 unknown :-1 s=HELLO_CONNECTING pgs=0 cs=0 l=0 rev1=1 crypto rx=0 tx=0 comp rx=0 tx=0).handle_hello peer v2:172.21.15.112:3300/0 says I am v2:172.21.15.112:57714/0 (socket says 172.21.15.112:57714)
2024-04-24T23:37:38.687 INFO:teuthology.orchestra.run.smithi112.stdout:/usr/bin/ceph: stderr
2024-04-24T23:37:37.665+0000 7f1c5492a700 1 -- 172.21.15.112:0/3599083132 learned_addr learned my addr 172.21.15.112:0/3599083132 (peer_addr_for_me v2:172.21.15.112:0/0)
2024-04-24T23:37:38.687 INFO:teuthology.orchestra.run.smithi112.stdout:/usr/bin/ceph: stderr
2024-04-24T23:37:37.666+0000 7f1c5492a700 1 -- 172.21.15.112:0/3599083132 --> [v2:172.21.15.112:3300/0,v1:172.21.15.112:6789/0] -- mon_subscribe({config=0+,monmap=0+}) -- 0x7f1c50106c90 con 0x7f1c50106120
2024-04-24T23:37:38.687 INFO:teuthology.orchestra.run.smithi112.stdout:/usr/bin/ceph: stderr
2024-04-24T23:37:37.666+0000 7f1c5492a700 1 --2- 172.21.15.112:0/3599083132 >> [v2:172.21.15.112:3300/0,v1:172.21.15.112:6789/0] conn(0x7f1c50106120 0x7f1c50106540 secure :-1 s=READY pgs=51 cs=0 l=1 rev1=1 crypto rx=0x7f1c440098a0 tx=0x7f1c44009bb0 comp rx=0 tx=0).ready entity=mon.0 client_cookie=83558222b8529e6 server_cookie=0 in_seq=0 out_seq=0
2024-04-24T23:37:38.687 INFO:teuthology.orchestra.run.smithi112.stdout:/usr/bin/ceph: stderr
2024-04-24T23:37:37.666+0000 7f1c4f7fe700 1 -- 172.21.15.112:0/3599083132 <== mon.0 v2:172.21.15.112:3300/0 1 ==== mon_map magic: 0 ==== 205+0+0 (secure 0 0 0) 0x7f1c44004160 con 0x7f1c50106120
2024-04-24T23:37:38.687 INFO:teuthology.orchestra.run.smithi112.stdout:/usr/bin/ceph: stderr
2024-04-24T23:37:37.666+0000 7f1c4f7fe700 1 -- 172.21.15.112:0/3599083132 <== mon.0 v2:172.21.15.112:3300/0 2 ==== config(28 keys) ==== 1171+0+0 (secure 0 0 0) 0x7f1c44004300 con 0x7f1c50106120
2024-04-24T23:37:38.687 INFO:teuthology.orchestra.run.smithi112.stdout:/usr/bin/ceph: stderr
2024-04-24T23:37:37.666+0000 7f1c4f7fe700 1 -- 172.21.15.112:0/3599083132 <== mon.0 v2:172.21.15.112:3300/0 3 ==== mon_map magic: 0 ==== 205+0+0 (secure 0 0 0) 0x7f1c44011bb0 con 0x7f1c50106120
2024-04-24T23:37:38.687 INFO:teuthology.orchestra.run.smithi112.stdout:/usr/bin/ceph: stderr
2024-04-24T23:37:37.667+0000 7f1c56b8e700 1 -- 172.21.15.112:0/3599083132 >> [v2:172.21.15.112:3300/0,v1:172.21.15.112:6789/0] conn(0x7f1c50106120 msgr2=0x7f1c50106540 secure :-1 s=STATE_CONNECTION_ESTABLISHED l=1).mark_down
2024-04-24T23:37:38.687 INFO:teuthology.orchestra.run.smithi112.stdout:/usr/bin/ceph: stderr
2024-04-24T23:37:37.667+0000 7f1c56b8e700 1 --2- 172.21.15.112:0/3599083132 >> [v2:172.21.15.112:3300/0,v1:172.21.15.112:6789/0] conn(0x7f1c50106120 0x7f1c50106540 secure :-1 s=READY pgs=51 cs=0 l=1 rev1=1 crypto rx=0x7f1c440098a0 tx=0x7f1c44009bb0 comp rx=0 tx=0).stop
2024-04-24T23:37:38.687 INFO:teuthology.orchestra.run.smithi112.stdout:/usr/bin/ceph: stderr
2024-04-24T23:37:37.667+0000 7f1c56b8e700 1 -- 172.21.15.112:0/3599083132 shutdown_connections
2024-04-24T23:37:38.687 INFO:teuthology.orchestra.run.smithi112.stdout:/usr/bin/ceph: stderr
2024-04-24T23:37:37.667+0000 7f1c56b8e700 1 --2- 172.21.15.112:0/3599083132 >> [v2:172.21.15.112:3300/0,v1:172.21.15.112:6789/0] conn(0x7f1c50106120 0x7f1c50106540 unknown :-1 s=CLOSED pgs=51 cs=0 l=1 rev1=1 crypto rx=0 tx=0 comp rx=0 tx=0).stop
2024-04-24T23:37:38.687 INFO:teuthology.orchestra.run.smithi112.stdout:/usr/bin/ceph: stderr
2024-04-24T23:37:37.667+0000 7f1c56b8e700 1 -- 172.21.15.112:0/3599083132 >> 172.21.15.112:0/3599083132 conn(0x7f1c50101aa0 msgr2=0x7f1c50103ec0 unknown :-1 s=STATE_NONE l=0).mark_down
2024-04-24T23:37:38.687 INFO:teuthology.orchestra.run.smithi112.stdout:/usr/bin/ceph: stderr
2024-04-24T23:37:37.667+0000 7f1c56b8e700 1 -- 172.21.15.112:0/3599083132 shutdown_connections
2024-04-24T23:37:38.687 INFO:teuthology.orchestra.run.smithi112.stdout:/usr/bin/ceph: stderr
2024-04-24T23:37:37.667+0000 7f1c56b8e700 1 -- 172.21.15.112:0/3599083132 wait complete.
2024-04-24T23:37:38.687 INFO:teuthology.orchestra.run.smithi112.stdout:/usr/bin/ceph: stderr
2024-04-24T23:37:37.667+0000 7f1c56b8e700 1 Processor -- start
2024-04-24T23:37:38.688 INFO:teuthology.orchestra.run.smithi112.stdout:/usr/bin/ceph: stderr
2024-04-24T23:37:37.668+0000 7f1c56b8e700 1 -- start start
2024-04-24T23:37:38.688 INFO:teuthology.orchestra.run.smithi112.stdout:/usr/bin/ceph: stderr
2024-04-24T23:37:37.668+0000 7f1c56b8e700 1 --2- >> [v2:172.21.15.112:3300/0,v1:172.21.15.112:6789/0] conn(0x7f1c50106120 0x7f1c5019bed0 unknown :-1 s=NONE pgs=0 cs=0 l=1 rev1=0 crypto rx=0 tx=0 comp rx=0 tx=0).connect
2024-04-24T23:37:38.688 INFO:teuthology.orchestra.run.smithi112.stdout:/usr/bin/ceph: stderr
2024-04-24T23:37:37.668+0000 7f1c56b8e700 1 -- --> [v2:172.21.15.112:3300/0,v1:172.21.15.112:6789/0] -- mon_getmap magic: 0 -- 0x7f1c5010c3d0 con 0x7f1c50106120
2024-04-24T23:37:38.688 INFO:teuthology.orchestra.run.smithi112.stdout:/usr/bin/ceph: stderr
2024-04-24T23:37:37.668+0000 7f1c5492a700 1 --2- >> [v2:172.21.15.112:3300/0,v1:172.21.15.112:6789/0] conn(0x7f1c50106120 0x7f1c5019bed0 unknown :-1 s=BANNER_CONNECTING pgs=0 cs=0 l=1 rev1=0 crypto rx=0 tx=0 comp rx=0 tx=0)._handle_peer_banner_payload supported=3 required=0
2024-04-24T23:37:38.688 INFO:teuthology.orchestra.run.smithi112.stdout:/usr/bin/ceph: stderr
2024-04-24T23:37:37.668+0000 7f1c5492a700 1 --2- >> [v2:172.21.15.112:3300/0,v1:172.21.15.112:6789/0] conn(0x7f1c50106120 0x7f1c5019bed0 unknown :-1 s=HELLO_CONNECTING pgs=0 cs=0 l=1 rev1=1 crypto rx=0 tx=0 comp rx=0 tx=0).handle_hello peer v2:172.21.15.112:3300/0 says I am v2:172.21.15.112:57718/0 (socket says 172.21.15.112:57718)
2024-04-24T23:37:38.688 INFO:teuthology.orchestra.run.smithi112.stdout:/usr/bin/ceph: stderr
2024-04-24T23:37:37.668+0000 7f1c5492a700 1 -- 172.21.15.112:0/488529925 learned_addr learned my addr 172.21.15.112:0/488529925 (peer_addr_for_me v2:172.21.15.112:0/0)
2024-04-24T23:37:38.688 INFO:teuthology.orchestra.run.smithi112.stdout:/usr/bin/ceph: stderr
2024-04-24T23:37:37.668+0000 7f1c5492a700 1 -- 172.21.15.112:0/488529925 --> [v2:172.21.15.112:3300/0,v1:172.21.15.112:6789/0] -- mon_subscribe({config=0+,monmap=0+}) -- 0x7f1c5019c410 con 0x7f1c50106120
2024-04-24T23:37:38.688 INFO:teuthology.orchestra.run.smithi112.stdout:/usr/bin/ceph: stderr
2024-04-24T23:37:37.668+0000 7f1c5492a700 1 --2- 172.21.15.112:0/488529925 >> [v2:172.21.15.112:3300/0,v1:172.21.15.112:6789/0] conn(0x7f1c50106120 0x7f1c5019bed0 secure :-1 s=READY pgs=52 cs=0 l=1 rev1=1 crypto rx=0x7f1c44011770 tx=0x7f1c44011bc0 comp rx=0 tx=0).ready entity=mon.0 client_cookie=0 server_cookie=0 in_seq=0 out_seq=0
2024-04-24T23:37:38.688 INFO:teuthology.orchestra.run.smithi112.stdout:/usr/bin/ceph: stderr
2024-04-24T23:37:37.668+0000 7f1c4dffb700 1 -- 172.21.15.112:0/488529925 <== mon.0 v2:172.21.15.112:3300/0 1 ==== mon_map magic: 0 ==== 205+0+0 (secure 0 0 0) 0x7f1c440039c0 con 0x7f1c50106120
2024-04-24T23:37:38.688 INFO:teuthology.orchestra.run.smithi112.stdout:/usr/bin/ceph: stderr
2024-04-24T23:37:37.668+0000 7f1c4dffb700 1 -- 172.21.15.112:0/488529925 <== mon.0 v2:172.21.15.112:3300/0 2 ==== config(28 keys) ==== 1171+0+0 (secure 0 0 0) 0x7f1c44003b60 con 0x7f1c50106120
2024-04-24T23:37:38.688 INFO:teuthology.orchestra.run.smithi112.stdout:/usr/bin/ceph: stderr
2024-04-24T23:37:37.668+0000 7f1c56b8e700 1 -- 172.21.15.112:0/488529925 --> [v2:172.21.15.112:3300/0,v1:172.21.15.112:6789/0] -- mon_subscribe({mgrmap=0+}) -- 0x7f1c5019c6a0 con 0x7f1c50106120
2024-04-24T23:37:38.688 INFO:teuthology.orchestra.run.smithi112.stdout:/usr/bin/ceph: stderr
2024-04-24T23:37:37.668+0000 7f1c4dffb700 1 -- 172.21.15.112:0/488529925 <== mon.0 v2:172.21.15.112:3300/0 3 ==== mon_map magic: 0 ==== 205+0+0 (secure 0 0 0) 0x7f1c4401a720 con 0x7f1c50106120
2024-04-24T23:37:38.688 INFO:teuthology.orchestra.run.smithi112.stdout:/usr/bin/ceph: stderr
2024-04-24T23:37:37.669+0000 7f1c56b8e700 1 -- 172.21.15.112:0/488529925 --> [v2:172.21.15.112:3300/0,v1:172.21.15.112:6789/0] -- mon_subscribe({osdmap=0}) -- 0x7f1c5019f390 con 0x7f1c50106120
2024-04-24T23:37:38.688 INFO:teuthology.orchestra.run.smithi112.stdout:/usr/bin/ceph: stderr
2024-04-24T23:37:37.670+0000 7f1c4dffb700 1 -- 172.21.15.112:0/488529925 <== mon.0 v2:172.21.15.112:3300/0 4 ==== mgrmap(e 8) ==== 46287+0+0 (secure 0 0 0) 0x7f1c4401aa20 con 0x7f1c50106120
2024-04-24T23:37:38.689 INFO:teuthology.orchestra.run.smithi112.stdout:/usr/bin/ceph: stderr
2024-04-24T23:37:37.670+0000 7f1c4dffb700 1 --2- 172.21.15.112:0/488529925 >> [v2:172.21.15.112:6800/1753549020,v1:172.21.15.112:6801/1753549020] conn(0x7f1c40039000 0x7f1c4003b4c0 unknown :-1 s=NONE pgs=0 cs=0 l=1 rev1=0 crypto rx=0 tx=0 comp rx=0 tx=0).connect
2024-04-24T23:37:38.689 INFO:teuthology.orchestra.run.smithi112.stdout:/usr/bin/ceph: stderr
2024-04-24T23:37:37.670+0000 7f1c56b8e700 1 -- 172.21.15.112:0/488529925 --> [v2:172.21.15.112:3300/0,v1:172.21.15.112:6789/0] -- mon_command({"prefix": "get_command_descriptions"} v 0) -- 0x7f1c5010c550 con 0x7f1c50106120
2024-04-24T23:37:38.689 INFO:teuthology.orchestra.run.smithi112.stdout:/usr/bin/ceph: stderr
2024-04-24T23:37:37.670+0000 7f1c4dffb700 1 -- 172.21.15.112:0/488529925 <== mon.0 v2:172.21.15.112:3300/0 5 ==== osd_map(2..2 src has 1..2) ==== 940+0+0 (secure 0 0 0) 0x7f1c4404d4b0 con 0x7f1c50106120
2024-04-24T23:37:38.689 INFO:teuthology.orchestra.run.smithi112.stdout:/usr/bin/ceph: stderr
2024-04-24T23:37:37.670+0000 7f1c4ffff700 1 --2- 172.21.15.112:0/488529925 >> [v2:172.21.15.112:6800/1753549020,v1:172.21.15.112:6801/1753549020] conn(0x7f1c40039000 0x7f1c4003b4c0 unknown :-1 s=BANNER_CONNECTING pgs=0 cs=0 l=1 rev1=0 crypto rx=0 tx=0 comp rx=0 tx=0)._handle_peer_banner_payload supported=3 required=0
2024-04-24T23:37:38.689 INFO:teuthology.orchestra.run.smithi112.stdout:/usr/bin/ceph: stderr
2024-04-24T23:37:37.670+0000 7f1c4ffff700 1 --2- 172.21.15.112:0/488529925 >> [v2:172.21.15.112:6800/1753549020,v1:172.21.15.112:6801/1753549020] conn(0x7f1c40039000 0x7f1c4003b4c0 secure :-1 s=READY pgs=15 cs=0 l=1 rev1=1 crypto rx=0x7f1c3c006fd0 tx=0x7f1c3c006e40 comp rx=0 tx=0).ready entity=mgr.14118 client_cookie=0 server_cookie=0 in_seq=0 out_seq=0
2024-04-24T23:37:38.689 INFO:teuthology.orchestra.run.smithi112.stdout:/usr/bin/ceph: stderr
2024-04-24T23:37:37.677+0000 7f1c4dffb700 1 -- 172.21.15.112:0/488529925 <== mon.0 v2:172.21.15.112:3300/0 6 ==== mon_command_ack([{"prefix": "get_command_descriptions"}]=0 v0) ==== 72+0+186147 (secure 0 0 0) 0x7f1c44020240 con 0x7f1c50106120
2024-04-24T23:37:38.689 INFO:teuthology.orchestra.run.smithi112.stdout:/usr/bin/ceph: stderr
2024-04-24T23:37:37.885+0000 7f1c56b8e700 1 -- 172.21.15.112:0/488529925 --> [v2:172.21.15.112:3300/0,v1:172.21.15.112:6789/0] -- mon_command([{prefix=config set, name=mgr/dashboard/ssl_server_port}] v 0) -- 0x7f1c5019f560 con 0x7f1c50106120
2024-04-24T23:37:38.689 INFO:teuthology.orchestra.run.smithi112.stdout:/usr/bin/ceph: stderr
2024-04-24T23:37:37.888+0000 7f1c4dffb700 1 -- 172.21.15.112:0/488529925 <== mon.0 v2:172.21.15.112:3300/0 7 ==== mon_command_ack([{prefix=config set, name=mgr/dashboard/ssl_server_port}]=0 v8)=0 v8) ==== 130+0+0 (secure 0 0 0) 0x7f1c4400ba30 con 0x7f1c50106120
2024-04-24T23:37:38.689 INFO:teuthology.orchestra.run.smithi112.stdout:/usr/bin/ceph: stderr
2024-04-24T23:37:37.890+0000 7f1c56b8e700 1 -- 172.21.15.112:0/488529925 >> [v2:172.21.15.112:6800/1753549020,v1:172.21.15.112:6801/1753549020] conn(0x7f1c40039000 msgr2=0x7f1c4003b4c0 secure :-1 s=STATE_CONNECTION_ESTABLISHED l=1).mark_down
2024-04-24T23:37:38.689 INFO:teuthology.orchestra.run.smithi112.stdout:/usr/bin/ceph: stderr
2024-04-24T23:37:37.890+0000 7f1c56b8e700 1 --2- 172.21.15.112:0/488529925 >> [v2:172.21.15.112:6800/1753549020,v1:172.21.15.112:6801/1753549020] conn(0x7f1c40039000 0x7f1c4003b4c0 secure :-1 s=READY pgs=15 cs=0 l=1 rev1=1 crypto rx=0x7f1c3c006fd0 tx=0x7f1c3c006e40 comp rx=0 tx=0).stop
