2024-04-24T23:43:48.997+0000 7faf51ffb700 1 -- 172.21.15.29:0/405012084 <== mon.0 v2:172.21.15.29:3300/0 3 ==== mon_map magic: 0 ==== 205+0+0 (secure 0 0 0) 0x7faf440249a0 con 0x7faf54106bc0
2024-04-24T23:43:49.874 INFO:teuthology.orchestra.run.smithi029.stdout:/usr/bin/ceph: stderr
2024-04-24T23:43:48.997+0000 7faf5ac0d700 1 -- 172.21.15.29:0/405012084 --> [v2:172.21.15.29:3300/0,v1:172.21.15.29:6789/0] -- mon_subscribe({osdmap=0}) -- 0x7faf5419c900 con 0x7faf54106bc0
2024-04-24T23:43:49.874 INFO:teuthology.orchestra.run.smithi029.stdout:/usr/bin/ceph: stderr
2024-04-24T23:43:48.998+0000 7faf51ffb700 1 -- 172.21.15.29:0/405012084 <== mon.0 v2:172.21.15.29:3300/0 4 ==== mgrmap(e 8) ==== 46287+0+0 (secure 0 0 0) 0x7faf44022020 con 0x7faf54106bc0
2024-04-24T23:43:49.874 INFO:teuthology.orchestra.run.smithi029.stdout:/usr/bin/ceph: stderr
2024-04-24T23:43:48.998+0000 7faf5ac0d700 1 -- 172.21.15.29:0/405012084 --> [v2:172.21.15.29:3300/0,v1:172.21.15.29:6789/0] -- mon_command({"prefix": "get_command_descriptions"} v 0) -- 0x7faf54063890 con 0x7faf54106bc0
2024-04-24T23:43:49.874 INFO:teuthology.orchestra.run.smithi029.stdout:/usr/bin/ceph: stderr
2024-04-24T23:43:48.998+0000 7faf51ffb700 1 --2- 172.21.15.29:0/405012084 >> [v2:172.21.15.29:6800/2901429649,v1:172.21.15.29:6801/2901429649] conn(0x7faf3c039000 0x7faf3c03b4c0 unknown :-1 s=NONE pgs=0 cs=0 l=1 rev1=0 crypto rx=0 tx=0 comp rx=0 tx=0).connect
2024-04-24T23:43:49.874 INFO:teuthology.orchestra.run.smithi029.stdout:/usr/bin/ceph: stderr
2024-04-24T23:43:48.998+0000 7faf51ffb700 1 -- 172.21.15.29:0/405012084 <== mon.0 v2:172.21.15.29:3300/0 5 ==== osd_map(2..2 src has 1..2) ==== 940+0+0 (secure 0 0 0) 0x7faf4404d350 con 0x7faf54106bc0
2024-04-24T23:43:49.874 INFO:teuthology.orchestra.run.smithi029.stdout:/usr/bin/ceph: stderr
2024-04-24T23:43:48.998+0000 7faf53fff700 1 --2- 172.21.15.29:0/405012084 >> [v2:172.21.15.29:6800/2901429649,v1:172.21.15.29:6801/2901429649] conn(0x7faf3c039000 0x7faf3c03b4c0 unknown :-1 s=BANNER_CONNECTING pgs=0 cs=0 l=1 rev1=0 crypto rx=0 tx=0 comp rx=0 tx=0)._handle_peer_banner_payload supported=3 required=0
2024-04-24T23:43:49.875 INFO:teuthology.orchestra.run.smithi029.stdout:/usr/bin/ceph: stderr
2024-04-24T23:43:48.999+0000 7faf53fff700 1 --2- 172.21.15.29:0/405012084 >> [v2:172.21.15.29:6800/2901429649,v1:172.21.15.29:6801/2901429649] conn(0x7faf3c039000 0x7faf3c03b4c0 secure :-1 s=READY pgs=15 cs=0 l=1 rev1=1 crypto rx=0x7faf48006fd0 tx=0x7faf48006e40 comp rx=0 tx=0).ready entity=mgr.14120 client_cookie=0 server_cookie=0 in_seq=0 out_seq=0
2024-04-24T23:43:49.875 INFO:teuthology.orchestra.run.smithi029.stdout:/usr/bin/ceph: stderr
2024-04-24T23:43:49.003+0000 7faf51ffb700 1 -- 172.21.15.29:0/405012084 <== mon.0 v2:172.21.15.29:3300/0 6 ==== mon_command_ack([{"prefix": "get_command_descriptions"}]=0 v0) ==== 72+0+186147 (secure 0 0 0) 0x7faf44011e20 con 0x7faf54106bc0
2024-04-24T23:43:49.875 INFO:teuthology.orchestra.run.smithi029.stdout:/usr/bin/ceph: stderr
2024-04-24T23:43:49.210+0000 7faf5ac0d700 1 -- 172.21.15.29:0/405012084 --> [v2:172.21.15.29:3300/0,v1:172.21.15.29:6789/0] -- mon_command([{prefix=config set, name=mgr/dashboard/ssl_server_port}] v 0) -- 0x7faf54062e40 con 0x7faf54106bc0
2024-04-24T23:43:49.875 INFO:teuthology.orchestra.run.smithi029.stdout:/usr/bin/ceph: stderr
2024-04-24T23:43:49.213+0000 7faf51ffb700 1 -- 172.21.15.29:0/405012084 <== mon.0 v2:172.21.15.29:3300/0 7 ==== mon_command_ack([{prefix=config set, name=mgr/dashboard/ssl_server_port}]=0 v8)=0 v8) ==== 130+0+0 (secure 0 0 0) 0x7faf44004300 con 0x7faf54106bc0
2024-04-24T23:43:49.875 INFO:teuthology.orchestra.run.smithi029.stdout:/usr/bin/ceph: stderr
2024-04-24T23:43:49.216+0000 7faf5ac0d700 1 -- 172.21.15.29:0/405012084 >> [v2:172.21.15.29:6800/2901429649,v1:172.21.15.29:6801/2901429649] conn(0x7faf3c039000 msgr2=0x7faf3c03b4c0 secure :-1 s=STATE_CONNECTION_ESTABLISHED l=1).mark_down
2024-04-24T23:43:49.875 INFO:teuthology.orchestra.run.smithi029.stdout:/usr/bin/ceph: stderr
2024-04-24T23:43:49.216+0000 7faf5ac0d700 1 --2- 172.21.15.29:0/405012084 >> [v2:172.21.15.29:6800/2901429649,v1:172.21.15.29:6801/2901429649] conn(0x7faf3c039000 0x7faf3c03b4c0 secure :-1 s=READY pgs=15 cs=0 l=1 rev1=1 crypto rx=0x7faf48006fd0 tx=0x7faf48006e40 comp rx=0 tx=0).stop
2024-04-24T23:43:49.875 INFO:teuthology.orchestra.run.smithi029.stdout:/usr/bin/ceph: stderr
2024-04-24T23:43:49.216+0000 7faf5ac0d700 1 -- 172.21.15.29:0/405012084 >> [v2:172.21.15.29:3300/0,v1:172.21.15.29:6789/0] conn(0x7faf54106bc0 msgr2=0x7faf5419bcd0 secure :-1 s=STATE_CONNECTION_ESTABLISHED l=1).mark_down
2024-04-24T23:43:49.875 INFO:teuthology.orchestra.run.smithi029.stdout:/usr/bin/ceph: stderr
2024-04-24T23:43:49.216+0000 7faf5ac0d700 1 --2- 172.21.15.29:0/405012084 >> [v2:172.21.15.29:3300/0,v1:172.21.15.29:6789/0] conn(0x7faf54106bc0 0x7faf5419bcd0 secure :-1 s=READY pgs=54 cs=0 l=1 rev1=1 crypto rx=0x7faf440117e0 tx=0x7faf44011c10 comp rx=0 tx=0).stop
2024-04-24T23:43:49.875 INFO:teuthology.orchestra.run.smithi029.stdout:/usr/bin/ceph: stderr
2024-04-24T23:43:49.216+0000 7faf5ac0d700 1 -- 172.21.15.29:0/405012084 shutdown_connections
2024-04-24T23:43:49.875 INFO:teuthology.orchestra.run.smithi029.stdout:/usr/bin/ceph: stderr
2024-04-24T23:43:49.216+0000 7faf5ac0d700 1 --2- 172.21.15.29:0/405012084 >> [v2:172.21.15.29:6800/2901429649,v1:172.21.15.29:6801/2901429649] conn(0x7faf3c039000 0x7faf3c03b4c0 unknown :-1 s=CLOSED pgs=15 cs=0 l=1 rev1=1 crypto rx=0 tx=0 comp rx=0 tx=0).stop
2024-04-24T23:43:49.876 INFO:teuthology.orchestra.run.smithi029.stdout:/usr/bin/ceph: stderr
2024-04-24T23:43:49.216+0000 7faf5ac0d700 1 --2- 172.21.15.29:0/405012084 >> [v2:172.21.15.29:3300/0,v1:172.21.15.29:6789/0] conn(0x7faf54106bc0 0x7faf5419bcd0 unknown :-1 s=CLOSED pgs=54 cs=0 l=1 rev1=1 crypto rx=0 tx=0 comp rx=0 tx=0).stop
2024-04-24T23:43:49.876 INFO:teuthology.orchestra.run.smithi029.stdout:/usr/bin/ceph: stderr
2024-04-24T23:43:49.216+0000 7faf5ac0d700 1 -- 172.21.15.29:0/405012084 >> 172.21.15.29:0/405012084 conn(0x7faf54102180 msgr2=0x7faf54103010 unknown :-1 s=STATE_NONE l=0).mark_down
2024-04-24T23:43:49.876 INFO:teuthology.orchestra.run.smithi029.stdout:/usr/bin/ceph: stderr
2024-04-24T23:43:49.216+0000 7faf5ac0d700 1 -- 172.21.15.29:0/405012084 shutdown_connections
2024-04-24T23:43:49.876 INFO:teuthology.orchestra.run.smithi029.stdout:/usr/bin/ceph: stderr
2024-04-24T23:43:49.216+0000 7faf5ac0d700 1 -- 172.21.15.29:0/405012084 wait complete.
2024-04-24T23:43:49.876 INFO:teuthology.orchestra.run.smithi029.stdout:Enabling the dashboard module...
2024-04-24T23:43:50.276 INFO:journalctl@ceph.mon.a.smithi029.stdout:Apr 24 23:43:50 smithi029 ceph-mon[29389]: from='client.? 172.21.15.29:0/405012084' entity='client.admin'
2024-04-24T23:43:51.526 INFO:journalctl@ceph.mon.a.smithi029.stdout:Apr 24 23:43:51 smithi029 ceph-mon[29389]: from='mgr.14120 172.21.15.29:0/3695262263' entity='mgr.x'
2024-04-24T23:43:51.526 INFO:journalctl@ceph.mon.a.smithi029.stdout:Apr 24 23:43:51 smithi029 ceph-mon[29389]: from='client.? 172.21.15.29:0/3777373203' entity='client.admin' cmd=[{"prefix": "mgr module enable", "module": "dashboard"}]: dispatch
2024-04-24T23:43:52.257 INFO:journalctl@ceph.mgr.x.smithi029.stdout:Apr 24 23:43:52 smithi029 ceph-36597906-0294-11ef-bc93-c7b262605968-mgr-x[29619]: ignoring --setuser ceph since I am not root
2024-04-24T23:43:52.258 INFO:journalctl@ceph.mgr.x.smithi029.stdout:Apr 24 23:43:52 smithi029 ceph-36597906-0294-11ef-bc93-c7b262605968-mgr-x[29619]: ignoring --setgroup ceph since I am not root
2024-04-24T23:43:52.258 INFO:journalctl@ceph.mgr.x.smithi029.stdout:Apr 24 23:43:52 smithi029 ceph-36597906-0294-11ef-bc93-c7b262605968-mgr-x[29619]:
2024-04-24T23:43:52.131+0000 7f216a086200 -1 mgr[py] Module balancer has missing NOTIFY_TYPES member
2024-04-24T23:43:52.518 INFO:journalctl@ceph.mon.a.smithi029.stdout:Apr 24 23:43:52 smithi029 ceph-mon[29389]: pgmap v3: 0 pgs: ; 0 B data, 0 B used, 0 B / 0 B avail
2024-04-24T23:43:52.518 INFO:journalctl@ceph.mon.a.smithi029.stdout:Apr 24 23:43:52 smithi029 ceph-mon[29389]: from='mgr.14120 172.21.15.29:0/3695262263' entity='mgr.x'
2024-04-24T23:43:52.518 INFO:journalctl@ceph.mon.a.smithi029.stdout:Apr 24 23:43:52 smithi029 ceph-mon[29389]: from='client.? 172.21.15.29:0/3777373203' entity='client.admin' cmd='[{"prefix": "mgr module enable", "module": "dashboard"}]': finished
2024-04-24T23:43:52.519 INFO:journalctl@ceph.mon.a.smithi029.stdout:Apr 24 23:43:52 smithi029 ceph-mon[29389]: mgrmap e9: x(active, since 21s)
2024-04-24T23:43:52.519 INFO:journalctl@ceph.mgr.x.smithi029.stdout:Apr 24 23:43:52 smithi029 ceph-36597906-0294-11ef-bc93-c7b262605968-mgr-x[29619]:
2024-04-24T23:43:52.327+0000 7f216a086200 -1 mgr[py] Module orchestrator has missing NOTIFY_TYPES member
2024-04-24T23:43:52.519 INFO:journalctl@ceph.mgr.x.smithi029.stdout:Apr 24 23:43:52 smithi029 ceph-36597906-0294-11ef-bc93-c7b262605968-mgr-x[29619]:
2024-04-24T23:43:52.438+0000 7f216a086200 -1 mgr[py] Module snap_schedule has missing NOTIFY_TYPES member
2024-04-24T23:43:52.776 INFO:journalctl@ceph.mgr.x.smithi029.stdout:Apr 24 23:43:52 smithi029 ceph-36597906-0294-11ef-bc93-c7b262605968-mgr-x[29619]:
2024-04-24T23:43:52.760+0000 7f216a086200 -1 mgr[py] Module progress has missing NOTIFY_TYPES member
2024-04-24T23:43:52.845 INFO:teuthology.orchestra.run.smithi029.stdout:/usr/bin/ceph: stderr
2024-04-24T23:43:50.662+0000 7f1b2c47e700 1 Processor -- start
2024-04-24T23:43:52.845 INFO:teuthology.orchestra.run.smithi029.stdout:/usr/bin/ceph: stderr
2024-04-24T23:43:50.662+0000 7f1b2c47e700 1 -- start start
2024-04-24T23:43:52.845 INFO:teuthology.orchestra.run.smithi029.stdout:/usr/bin/ceph: stderr
2024-04-24T23:43:50.662+0000 7f1b2c47e700 1 --2- >> [v2:172.21.15.29:3300/0,v1:172.21.15.29:6789/0] conn(0x7f1b24105fa0 0x7f1b241063c0 unknown :-1 s=NONE pgs=0 cs=0 l=0 rev1=0 crypto rx=0 tx=0 comp rx=0 tx=0).connect
2024-04-24T23:43:52.845 INFO:teuthology.orchestra.run.smithi029.stdout:/usr/bin/ceph: stderr
2024-04-24T23:43:50.662+0000 7f1b2c47e700 1 -- --> [v2:172.21.15.29:3300/0,v1:172.21.15.29:6789/0] -- mon_getmap magic: 0 -- 0x7f1b24106990 con 0x7f1b24105fa0
2024-04-24T23:43:52.845 INFO:teuthology.orchestra.run.smithi029.stdout:/usr/bin/ceph: stderr
2024-04-24T23:43:50.662+0000 7f1b2a21a700 1 --2- >> [v2:172.21.15.29:3300/0,v1:172.21.15.29:6789/0] conn(0x7f1b24105fa0 0x7f1b241063c0 unknown :-1 s=BANNER_CONNECTING pgs=0 cs=0 l=0 rev1=0 crypto rx=0 tx=0 comp rx=0 tx=0)._handle_peer_banner_payload supported=3 required=0
2024-04-24T23:43:52.845 INFO:teuthology.orchestra.run.smithi029.stdout:/usr/bin/ceph: stderr
2024-04-24T23:43:50.663+0000 7f1b2a21a700 1 --2- >> [v2:172.21.15.29:3300/0,v1:172.21.15.29:6789/0] conn(0x7f1b24105fa0 0x7f1b241063c0 unknown :-1 s=HELLO_CONNECTING pgs=0 cs=0 l=0 rev1=1 crypto rx=0 tx=0 comp rx=0 tx=0).handle_hello peer v2:172.21.15.29:3300/0 says I am v2:172.21.15.29:41834/0 (socket says 172.21.15.29:41834)
2024-04-24T23:43:52.845 INFO:teuthology.orchestra.run.smithi029.stdout:/usr/bin/ceph: stderr
2024-04-24T23:43:50.663+0000 7f1b2a21a700 1 -- 172.21.15.29:0/1310918861 learned_addr learned my addr 172.21.15.29:0/1310918861 (peer_addr_for_me v2:172.21.15.29:0/0)
2024-04-24T23:43:52.845 INFO:teuthology.orchestra.run.smithi029.stdout:/usr/bin/ceph: stderr
2024-04-24T23:43:50.663+0000 7f1b2a21a700 1 -- 172.21.15.29:0/1310918861 --> [v2:172.21.15.29:3300/0,v1:172.21.15.29:6789/0] -- mon_subscribe({config=0+,monmap=0+}) -- 0x7f1b24108f30 con 0x7f1b24105fa0
2024-04-24T23:43:52.846 INFO:teuthology.orchestra.run.smithi029.stdout:/usr/bin/ceph: stderr
2024-04-24T23:43:50.663+0000 7f1b2a21a700 1 --2- 172.21.15.29:0/1310918861 >> [v2:172.21.15.29:3300/0,v1:172.21.15.29:6789/0] conn(0x7f1b24105fa0 0x7f1b241063c0 secure :-1 s=READY pgs=55 cs=0 l=1 rev1=1 crypto rx=0x7f1b140098a0 tx=0x7f1b14009bb0 comp rx=0 tx=0).ready entity=mon.0 client_cookie=daac68ceef7ba9a1 server_cookie=0 in_seq=0 out_seq=0
2024-04-24T23:43:52.846 INFO:teuthology.orchestra.run.smithi029.stdout:/usr/bin/ceph: stderr
2024-04-24T23:43:50.663+0000 7f1b29218700 1 -- 172.21.15.29:0/1310918861 <== mon.0 v2:172.21.15.29:3300/0 1 ==== mon_map magic: 0 ==== 205+0+0 (secure 0 0 0) 0x7f1b14004160 con 0x7f1b24105fa0
2024-04-24T23:43:52.846 INFO:teuthology.orchestra.run.smithi029.stdout:/usr/bin/ceph: stderr
2024-04-24T23:43:50.663+0000 7f1b29218700 1 -- 172.21.15.29:0/1310918861 <== mon.0 v2:172.21.15.29:3300/0 2 ==== config(27 keys) ==== 1140+0+0 (secure 0 0 0) 0x7f1b14004300 con 0x7f1b24105fa0
2024-04-24T23:43:52.846 INFO:teuthology.orchestra.run.smithi029.stdout:/usr/bin/ceph: stderr
2024-04-24T23:43:50.663+0000 7f1b29218700 1 -- 172.21.15.29:0/1310918861 <== mon.0 v2:172.21.15.29:3300/0 3 ==== mon_map magic: 0 ==== 205+0+0 (secure 0 0 0) 0x7f1b14011b20 con 0x7f1b24105fa0
2024-04-24T23:43:52.846 INFO:teuthology.orchestra.run.smithi029.stdout:/usr/bin/ceph: stderr
2024-04-24T23:43:50.664+0000 7f1b2c47e700 1 -- 172.21.15.29:0/1310918861 >> [v2:172.21.15.29:3300/0,v1:172.21.15.29:6789/0] conn(0x7f1b24105fa0 msgr2=0x7f1b241063c0 secure :-1 s=STATE_CONNECTION_ESTABLISHED l=1).mark_down
2024-04-24T23:43:52.846 INFO:teuthology.orchestra.run.smithi029.stdout:/usr/bin/ceph: stderr
2024-04-24T23:43:50.664+0000 7f1b2c47e700 1 --2- 172.21.15.29:0/1310918861 >> [v2:172.21.15.29:3300/0,v1:172.21.15.29:6789/0] conn(0x7f1b24105fa0 0x7f1b241063c0 secure :-1 s=READY pgs=55 cs=0 l=1 rev1=1 crypto rx=0x7f1b140098a0 tx=0x7f1b14009bb0 comp rx=0 tx=0).stop
2024-04-24T23:43:52.846 INFO:teuthology.orchestra.run.smithi029.stdout:/usr/bin/ceph: stderr
2024-04-24T23:43:50.664+0000 7f1b2c47e700 1 -- 172.21.15.29:0/1310918861 shutdown_connections
2024-04-24T23:43:52.846 INFO:teuthology.orchestra.run.smithi029.stdout:/usr/bin/ceph: stderr
2024-04-24T23:43:50.664+0000 7f1b2c47e700 1 --2- 172.21.15.29:0/1310918861 >> [v2:172.21.15.29:3300/0,v1:172.21.15.29:6789/0] conn(0x7f1b24105fa0 0x7f1b241063c0 unknown :-1 s=CLOSED pgs=55 cs=0 l=1 rev1=1 crypto rx=0 tx=0 comp rx=0 tx=0).stop
2024-04-24T23:43:52.846 INFO:teuthology.orchestra.run.smithi029.stdout:/usr/bin/ceph: stderr
2024-04-24T23:43:50.664+0000 7f1b2c47e700 1 -- 172.21.15.29:0/1310918861 >> 172.21.15.29:0/1310918861 conn(0x7f1b24101950 msgr2=0x7f1b24103d70 unknown :-1 s=STATE_NONE l=0).mark_down
2024-04-24T23:43:52.846 INFO:teuthology.orchestra.run.smithi029.stdout:/usr/bin/ceph: stderr
2024-04-24T23:43:50.664+0000 7f1b2c47e700 1 -- 172.21.15.29:0/1310918861 shutdown_connections
2024-04-24T23:43:52.846 INFO:teuthology.orchestra.run.smithi029.stdout:/usr/bin/ceph: stderr
2024-04-24T23:43:50.664+0000 7f1b2c47e700 1 -- 172.21.15.29:0/1310918861 wait complete.
2024-04-24T23:43:52.846 INFO:teuthology.orchestra.run.smithi029.stdout:/usr/bin/ceph: stderr
2024-04-24T23:43:50.664+0000 7f1b2c47e700 1 Processor -- start
2024-04-24T23:43:52.846 INFO:teuthology.orchestra.run.smithi029.stdout:/usr/bin/ceph: stderr
2024-04-24T23:43:50.665+0000 7f1b2c47e700 1 -- start start
2024-04-24T23:43:52.846 INFO:teuthology.orchestra.run.smithi029.stdout:/usr/bin/ceph: stderr
2024-04-24T23:43:50.665+0000 7f1b2c47e700 1 --2- >> [v2:172.21.15.29:3300/0,v1:172.21.15.29:6789/0] conn(0x7f1b24105fa0 0x7f1b241087b0 unknown :-1 s=NONE pgs=0 cs=0 l=1 rev1=0 crypto rx=0 tx=0 comp rx=0 tx=0).connect
2024-04-24T23:43:52.847 INFO:teuthology.orchestra.run.smithi029.stdout:/usr/bin/ceph: stderr
2024-04-24T23:43:50.665+0000 7f1b2c47e700 1 -- --> [v2:172.21.15.29:3300/0,v1:172.21.15.29:6789/0] -- mon_getmap magic: 0 -- 0x7f1b2410c2e0 con 0x7f1b24105fa0
2024-04-24T23:43:52.847 INFO:teuthology.orchestra.run.smithi029.stdout:/usr/bin/ceph: stderr
2024-04-24T23:43:50.665+0000 7f1b2a21a700 1 --2- >> [v2:172.21.15.29:3300/0,v1:172.21.15.29:6789/0] conn(0x7f1b24105fa0 0x7f1b241087b0 unknown :-1 s=BANNER_CONNECTING pgs=0 cs=0 l=1 rev1=0 crypto rx=0 tx=0 comp rx=0 tx=0)._handle_peer_banner_payload supported=3 required=0
2024-04-24T23:43:52.847 INFO:teuthology.orchestra.run.smithi029.stdout:/usr/bin/ceph: stderr
2024-04-24T23:43:50.665+0000 7f1b2a21a700 1 --2- >> [v2:172.21.15.29:3300/0,v1:172.21.15.29:6789/0] conn(0x7f1b24105fa0 0x7f1b241087b0 unknown :-1 s=HELLO_CONNECTING pgs=0 cs=0 l=1 rev1=1 crypto rx=0 tx=0 comp rx=0 tx=0).handle_hello peer v2:172.21.15.29:3300/0 says I am v2:172.21.15.29:41836/0 (socket says 172.21.15.29:41836)
2024-04-24T23:43:52.847 INFO:teuthology.orchestra.run.smithi029.stdout:/usr/bin/ceph: stderr
2024-04-24T23:43:50.665+0000 7f1b2a21a700 1 -- 172.21.15.29:0/3777373203 learned_addr learned my addr 172.21.15.29:0/3777373203 (peer_addr_for_me v2:172.21.15.29:0/0)
2024-04-24T23:43:52.847 INFO:teuthology.orchestra.run.smithi029.stdout:/usr/bin/ceph: stderr
2024-04-24T23:43:50.665+0000 7f1b2a21a700 1 -- 172.21.15.29:0/3777373203 --> [v2:172.21.15.29:3300/0,v1:172.21.15.29:6789/0] -- mon_subscribe({config=0+,monmap=0+}) -- 0x7f1b24108cf0 con 0x7f1b24105fa0
2024-04-24T23:43:52.847 INFO:teuthology.orchestra.run.smithi029.stdout:/usr/bin/ceph: stderr
2024-04-24T23:43:50.665+0000 7f1b2a21a700 1 --2- 172.21.15.29:0/3777373203 >> [v2:172.21.15.29:3300/0,v1:172.21.15.29:6789/0] conn(0x7f1b24105fa0 0x7f1b241087b0 secure :-1 s=READY pgs=56 cs=0 l=1 rev1=1 crypto rx=0x7f1b140116a0 tx=0x7f1b14011ba0 comp rx=0 tx=0).ready entity=mon.0 client_cookie=0 server_cookie=0 in_seq=0 out_seq=0
2024-04-24T23:43:52.847 INFO:teuthology.orchestra.run.smithi029.stdout:/usr/bin/ceph: stderr
2024-04-24T23:43:50.665+0000 7f1b1b7fe700 1 -- 172.21.15.29:0/3777373203 <== mon.0 v2:172.21.15.29:3300/0 1 ==== mon_map magic: 0 ==== 205+0+0 (secure 0 0 0) 0x7f1b14003a40 con 0x7f1b24105fa0
2024-04-24T23:43:52.847 INFO:teuthology.orchestra.run.smithi029.stdout:/usr/bin/ceph: stderr
2024-04-24T23:43:50.665+0000 7f1b1b7fe700 1 -- 172.21.15.29:0/3777373203 <== mon.0 v2:172.21.15.29:3300/0 2 ==== config(27 keys) ==== 1140+0+0 (secure 0 0 0) 0x7f1b14003be0 con 0x7f1b24105fa0
2024-04-24T23:43:52.847 INFO:teuthology.orchestra.run.smithi029.stdout:/usr/bin/ceph: stderr
2024-04-24T23:43:50.665+0000 7f1b2c47e700 1 -- 172.21.15.29:0/3777373203 --> [v2:172.21.15.29:3300/0,v1:172.21.15.29:6789/0] -- mon_subscribe({mgrmap=0+}) -- 0x7f1b24106ee0 con 0x7f1b24105fa0
2024-04-24T23:43:52.847 INFO:teuthology.orchestra.run.smithi029.stdout:/usr/bin/ceph: stderr
2024-04-24T23:43:50.665+0000 7f1b1b7fe700 1 -- 172.21.15.29:0/3777373203 <== mon.0 v2:172.21.15.29:3300/0 3 ==== mon_map magic: 0 ==== 205+0+0 (secure 0 0 0) 0x7f1b1401a720 con 0x7f1b24105fa0
2024-04-24T23:43:52.847 INFO:teuthology.orchestra.run.smithi029.stdout:/usr/bin/ceph: stderr
2024-04-24T23:43:50.666+0000 7f1b2c47e700 1 -- 172.21.15.29:0/3777373203 --> [v2:172.21.15.29:3300/0,v1:172.21.15.29:6789/0] -- mon_subscribe({osdmap=0}) -- 0x7f1b241073a0 con 0x7f1b24105fa0
2024-04-24T23:43:52.847 INFO:teuthology.orchestra.run.smithi029.stdout:/usr/bin/ceph: stderr
2024-04-24T23:43:50.666+0000 7f1b1b7fe700 1 -- 172.21.15.29:0/3777373203 <== mon.0 v2:172.21.15.29:3300/0 4 ==== mgrmap(e 8) ==== 46287+0+0 (secure 0 0 0) 0x7f1b1401aa20 con 0x7f1b24105fa0
2024-04-24T23:43:52.847 INFO:teuthology.orchestra.run.smithi029.stdout:/usr/bin/ceph: stderr
2024-04-24T23:43:50.666+0000 7f1b1b7fe700 1 --2- 172.21.15.29:0/3777373203 >> [v2:172.21.15.29:6800/2901429649,v1:172.21.15.29:6801/2901429649] conn(0x7f1b10039000 0x7f1b1003b4c0 unknown :-1 s=NONE pgs=0 cs=0 l=1 rev1=0 crypto rx=0 tx=0 comp rx=0 tx=0).connect
2024-04-24T23:43:52.847 INFO:teuthology.orchestra.run.smithi029.stdout:/usr/bin/ceph: stderr
2024-04-24T23:43:50.667+0000 7f1b1b7fe700 1 -- 172.21.15.29:0/3777373203 <== mon.0 v2:172.21.15.29:3300/0 5 ==== osd_map(2..2 src has 1..2) ==== 940+0+0 (secure 0 0 0) 0x7f1b1404d6b0 con 0x7f1b24105fa0
2024-04-24T23:43:52.848 INFO:teuthology.orchestra.run.smithi029.stdout:/usr/bin/ceph: stderr
2024-04-24T23:43:50.667+0000 7f1b2c47e700 1 -- 172.21.15.29:0/3777373203 --> [v2:172.21.15.29:3300/0,v1:172.21.15.29:6789/0] -- mon_command({"prefix": "get_command_descriptions"} v 0) -- 0x7f1b24063890 con 0x7f1b24105fa0
2024-04-24T23:43:52.848 INFO:teuthology.orchestra.run.smithi029.stdout:/usr/bin/ceph: stderr
2024-04-24T23:43:50.667+0000 7f1b29a19700 1 --2- 172.21.15.29:0/3777373203 >> [v2:172.21.15.29:6800/2901429649,v1:172.21.15.29:6801/2901429649] conn(0x7f1b10039000 0x7f1b1003b4c0 unknown :-1 s=BANNER_CONNECTING pgs=0 cs=0 l=1 rev1=0 crypto rx=0 tx=0 comp rx=0 tx=0)._handle_peer_banner_payload supported=3 required=0
2024-04-24T23:43:52.848 INFO:teuthology.orchestra.run.smithi029.stdout:/usr/bin/ceph: stderr
2024-04-24T23:43:50.667+0000 7f1b29a19700 1 --2- 172.21.15.29:0/3777373203 >> [v2:172.21.15.29:6800/2901429649,v1:172.21.15.29:6801/2901429649] conn(0x7f1b10039000 0x7f1b1003b4c0 secure :-1 s=READY pgs=16 cs=0 l=1 rev1=1 crypto rx=0x7f1b20006fd0 tx=0x7f1b20006e40 comp rx=0 tx=0).ready entity=mgr.14120 client_cookie=0 server_cookie=0 in_seq=0 out_seq=0
2024-04-24T23:43:52.848 INFO:teuthology.orchestra.run.smithi029.stdout:/usr/bin/ceph: stderr
2024-04-24T23:43:50.672+0000 7f1b1b7fe700 1 -- 172.21.15.29:0/3777373203 <== mon.0 v2:172.21.15.29:3300/0 6 ==== mon_command_ack([{"prefix": "get_command_descriptions"}]=0 v0) ==== 72+0+186147 (secure 0 0 0) 0x7f1b14011e20 con 0x7f1b24105fa0
2024-04-24T23:43:52.848 INFO:teuthology.orchestra.run.smithi029.stdout:/usr/bin/ceph: stderr
2024-04-24T23:43:50.945+0000 7f1b2c47e700 1 -- 172.21.15.29:0/3777373203 --> [v2:172.21.15.29:3300/0,v1:172.21.15.29:6789/0] -- mon_command({"prefix": "mgr module enable", "module": "dashboard"} v 0) -- 0x7f1b24107620 con 0x7f1b24105fa0
2024-04-24T23:43:52.848 INFO:teuthology.orchestra.run.smithi029.stdout:/usr/bin/ceph: stderr
2024-04-24T23:43:51.943+0000 7f1b1b7fe700 1 -- 172.21.15.29:0/3777373203 <== mon.0 v2:172.21.15.29:3300/0 7 ==== mon_command_ack([{"prefix": "mgr module enable", "module": "dashboard"}]=0 v9) ==== 88+0+0 (secure 0 0 0) 0x7f1b14016df0 con 0x7f1b24105fa0
2024-04-24T23:43:52.848 INFO:teuthology.orchestra.run.smithi029.stdout:/usr/bin/ceph: stderr
2024-04-24T23:43:51.946+0000 7f1b1b7fe700 1 -- 172.21.15.29:0/3777373203 <== mon.0 v2:172.21.15.29:3300/0 8 ==== mgrmap(e 9) ==== 46300+0+0 (secure 0 0 0) 0x7f1b1402d910 con 0x7f1b24105fa0
2024-04-24T23:43:52.848 INFO:teuthology.orchestra.run.smithi029.stdout:/usr/bin/ceph: stderr
2024-04-24T23:43:51.946+0000 7f1b2c47e700 1 -- 172.21.15.29:0/3777373203 >> [v2:172.21.15.29:6800/2901429649,v1:172.21.15.29:6801/2901429649] conn(0x7f1b10039000 msgr2=0x7f1b1003b4c0 secure :-1 s=STATE_CONNECTION_ESTABLISHED l=1).mark_down
2024-04-24T23:43:52.848 INFO:teuthology.orchestra.run.smithi029.stdout:/usr/bin/ceph: stderr
2024-04-24T23:43:51.946+0000 7f1b2c47e700 1 --2- 172.21.15.29:0/3777373203 >> [v2:172.21.15.29:6800/2901429649,v1:172.21.15.29:6801/2901429649] conn(0x7f1b10039000 0x7f1b1003b4c0 secure :-1 s=READY pgs=16 cs=0 l=1 rev1=1 crypto rx=0x7f1b20006fd0 tx=0x7f1b20006e40 comp rx=0 tx=0).stop
2024-04-24T23:43:52.848 INFO:teuthology.orchestra.run.smithi029.stdout:/usr/bin/ceph: stderr
2024-04-24T23:43:51.946+0000 7f1b2c47e700 1 -- 172.21.15.29:0/3777373203 >> [v2:172.21.15.29:3300/0,v1:172.21.15.29:6789/0] conn(0x7f1b24105fa0 msgr2=0x7f1b241087b0 secure :-1 s=STATE_CONNECTION_ESTABLISHED l=1).mark_down
2024-04-24T23:43:52.848 INFO:teuthology.orchestra.run.smithi029.stdout:/usr/bin/ceph: stderr
2024-04-24T23:43:51.946+0000 7f1b2c47e700 1 --2- 172.21.15.29:0/3777373203 >> [v2:172.21.15.29:3300/0,v1:172.21.15.29:6789/0] conn(0x7f1b24105fa0 0x7f1b241087b0 secure :-1 s=READY pgs=56 cs=0 l=1 rev1=1 crypto rx=0x7f1b140116a0 tx=0x7f1b14011ba0 comp rx=0 tx=0).stop
2024-04-24T23:43:52.848 INFO:teuthology.orchestra.run.smithi029.stdout:/usr/bin/ceph: stderr
2024-04-24T23:43:51.946+0000 7f1b2c47e700 1 -- 172.21.15.29:0/3777373203 shutdown_connections
2024-04-24T23:43:52.848 INFO:teuthology.orchestra.run.smithi029.stdout:/usr/bin/ceph: stderr
2024-04-24T23:43:51.946+0000 7f1b2c47e700 1 --2- 172.21.15.29:0/3777373203 >> [v2:172.21.15.29:6800/2901429649,v1:172.21.15.29:6801/2901429649] conn(0x7f1b10039000 0x7f1b1003b4c0 unknown :-1 s=CLOSED pgs=16 cs=0 l=1 rev1=1 crypto rx=0 tx=0 comp rx=0 tx=0).stop
2024-04-24T23:43:52.848 INFO:teuthology.orchestra.run.smithi029.stdout:/usr/bin/ceph: stderr
2024-04-24T23:43:51.946+0000 7f1b2c47e700 1 --2- 172.21.15.29:0/3777373203 >> [v2:172.21.15.29:3300/0,v1:172.21.15.29:6789/0] conn(0x7f1b24105fa0 0x7f1b241087b0 unknown :-1 s=CLOSED pgs=56 cs=0 l=1 rev1=1 crypto rx=0 tx=0 comp rx=0 tx=0).stop
2024-04-24T23:43:52.849 INFO:teuthology.orchestra.run.smithi029.stdout:/usr/bin/ceph: stderr
2024-04-24T23:43:51.946+0000 7f1b2c47e700 1 -- 172.21.15.29:0/3777373203 >> 172.21.15.29:0/3777373203 conn(0x7f1b24101950 msgr2=0x7f1b24102410 unknown :-1 s=STATE_NONE l=0).mark_down
2024-04-24T23:43:52.849 INFO:teuthology.orchestra.run.smithi029.stdout:/usr/bin/ceph: stderr
2024-04-24T23:43:51.947+0000 7f1b2c47e700 1 -- 172.21.15.29:0/3777373203 shutdown_connections
2024-04-24T23:43:52.849 INFO:teuthology.orchestra.run.smithi029.stdout:/usr/bin/ceph: stderr
2024-04-24T23:43:51.947+0000 7f1b2c47e700 1 -- 172.21.15.29:0/3777373203 wait complete.
2024-04-24T23:43:53.276 INFO:journalctl@ceph.mgr.x.smithi029.stdout:Apr 24 23:43:52 smithi029 ceph-36597906-0294-11ef-bc93-c7b262605968-mgr-x[29619]:
2024-04-24T23:43:52.851+0000 7f216a086200 -1 mgr[py] Module influx has missing NOTIFY_TYPES member
2024-04-24T23:43:54.276 INFO:journalctl@ceph.mgr.x.smithi029.stdout:Apr 24 23:43:54 smithi029 ceph-36597906-0294-11ef-bc93-c7b262605968-mgr-x[29619]:
2024-04-24T23:43:54.105+0000 7f216a086200 -1 mgr[py] Module telegraf has missing NOTIFY_TYPES member
2024-04-24T23:43:54.708 INFO:journalctl@ceph.mon.a.smithi029.stdout:Apr 24 23:43:54 smithi029 ceph-mon[29389]: from='client.? 172.21.15.29:0/430832938' entity='client.admin' cmd=[{"prefix": "mgr stat"}]: dispatch
2024-04-24T23:43:54.708 INFO:journalctl@ceph.mgr.x.smithi029.stdout:Apr 24 23:43:54 smithi029 ceph-36597906-0294-11ef-bc93-c7b262605968-mgr-x[29619]:
2024-04-24T23:43:54.288+0000 7f216a086200 -1 mgr[py] Module osd_support has missing NOTIFY_TYPES member
2024-04-24T23:43:54.708 INFO:journalctl@ceph.mgr.x.smithi029.stdout:Apr 24 23:43:54 smithi029 ceph-36597906-0294-11ef-bc93-c7b262605968-mgr-x[29619]:
2024-04-24T23:43:54.469+0000 7f216a086200 -1 mgr[py] Module iostat has missing NOTIFY_TYPES member
2024-04-24T23:43:55.003 INFO:journalctl@ceph.mgr.x.smithi029.stdout:Apr 24 23:43:54 smithi029 ceph-36597906-0294-11ef-bc93-c7b262605968-mgr-x[29619]:
2024-04-24T23:43:54.773+0000 7f216a086200 -1 mgr[py] Module alerts has missing NOTIFY_TYPES member
2024-04-24T23:43:55.003 INFO:journalctl@ceph.mgr.x.smithi029.stdout:Apr 24 23:43:54 smithi029 ceph-36597906-0294-11ef-bc93-c7b262605968-mgr-x[29619]:
2024-04-24T23:43:54.869+0000 7f216a086200 -1 mgr[py] Module selftest has missing NOTIFY_TYPES member
2024-04-24T23:43:55.013 INFO:teuthology.orchestra.run.smithi029.stdout:/usr/bin/ceph: stdout {
2024-04-24T23:43:55.013 INFO:teuthology.orchestra.run.smithi029.stdout:/usr/bin/ceph: stdout "epoch": 9,
2024-04-24T23:43:55.013 INFO:teuthology.orchestra.run.smithi029.stdout:/usr/bin/ceph: stdout "available": true,
2024-04-24T23:43:55.013 INFO:teuthology.orchestra.run.smithi029.stdout:/usr/bin/ceph: stdout "active_name": "x",
2024-04-24T23:43:55.013 INFO:teuthology.orchestra.run.smithi029.stdout:/usr/bin/ceph: stdout "num_standby": 0
2024-04-24T23:43:55.013 INFO:teuthology.orchestra.run.smithi029.stdout:/usr/bin/ceph: stdout }
2024-04-24T23:43:55.013 INFO:teuthology.orchestra.run.smithi029.stdout:/usr/bin/ceph: stderr
2024-04-24T23:43:54.121+0000 7f03c2304700 1 Processor -- start
2024-04-24T23:43:55.013 INFO:teuthology.orchestra.run.smithi029.stdout:/usr/bin/ceph: stderr
2024-04-24T23:43:54.121+0000 7f03c2304700 1 -- start start
2024-04-24T23:43:55.013 INFO:teuthology.orchestra.run.smithi029.stdout:/usr/bin/ceph: stderr
2024-04-24T23:43:54.121+0000 7f03c2304700 1 --2- >> [v2:172.21.15.29:3300/0,v1:172.21.15.29:6789/0] conn(0x7f03bc107ce0 0x7f03bc108100 unknown :-1 s=NONE pgs=0 cs=0 l=0 rev1=0 crypto rx=0 tx=0 comp rx=0 tx=0).connect
2024-04-24T23:43:55.013 INFO:teuthology.orchestra.run.smithi029.stdout:/usr/bin/ceph: stderr
2024-04-24T23:43:54.121+0000 7f03c2304700 1 -- --> [v2:172.21.15.29:3300/0,v1:172.21.15.29:6789/0] -- mon_getmap magic: 0 -- 0x7f03bc1086d0 con 0x7f03bc107ce0
2024-04-24T23:43:55.013 INFO:teuthology.orchestra.run.smithi029.stdout:/usr/bin/ceph: stderr
2024-04-24T23:43:54.122+0000 7f03bbfff700 1 --2- >> [v2:172.21.15.29:3300/0,v1:172.21.15.29:6789/0] conn(0x7f03bc107ce0 0x7f03bc108100 unknown :-1 s=BANNER_CONNECTING pgs=0 cs=0 l=0 rev1=0 crypto rx=0 tx=0 comp rx=0 tx=0)._handle_peer_banner_payload supported=3 required=0
2024-04-24T23:43:55.014 INFO:teuthology.orchestra.run.smithi029.stdout:/usr/bin/ceph: stderr
2024-04-24T23:43:54.122+0000 7f03bbfff700 1 --2- >> [v2:172.21.15.29:3300/0,v1:172.21.15.29:6789/0] conn(0x7f03bc107ce0 0x7f03bc108100 unknown :-1 s=HELLO_CONNECTING pgs=0 cs=0 l=0 rev1=1 crypto rx=0 tx=0 comp rx=0 tx=0).handle_hello peer v2:172.21.15.29:3300/0 says I am v2:172.21.15.29:41876/0 (socket says 172.21.15.29:41876)
2024-04-24T23:43:55.014 INFO:teuthology.orchestra.run.smithi029.stdout:/usr/bin/ceph: stderr
2024-04-24T23:43:54.122+0000 7f03bbfff700 1 -- 172.21.15.29:0/4002983225 learned_addr learned my addr 172.21.15.29:0/4002983225 (peer_addr_for_me v2:172.21.15.29:0/0)
2024-04-24T23:43:55.014 INFO:teuthology.orchestra.run.smithi029.stdout:/usr/bin/ceph: stderr
2024-04-24T23:43:54.122+0000 7f03bbfff700 1 -- 172.21.15.29:0/4002983225 --> [v2:172.21.15.29:3300/0,v1:172.21.15.29:6789/0] -- mon_subscribe({config=0+,monmap=0+}) -- 0x7f03bc108e90 con 0x7f03bc107ce0
2024-04-24T23:43:55.014 INFO:teuthology.orchestra.run.smithi029.stdout:/usr/bin/ceph: stderr
2024-04-24T23:43:54.122+0000 7f03bbfff700 1 --2- 172.21.15.29:0/4002983225 >> [v2:172.21.15.29:3300/0,v1:172.21.15.29:6789/0] conn(0x7f03bc107ce0 0x7f03bc108100 secure :-1 s=READY pgs=59 cs=0 l=1 rev1=1 crypto rx=0x7f03ac0098a0 tx=0x7f03ac009bb0 comp rx=0 tx=0).ready entity=mon.0 client_cookie=bd1fb82166672d5e server_cookie=0 in_seq=0 out_seq=0
2024-04-24T23:43:55.014 INFO:teuthology.orchestra.run.smithi029.stdout:/usr/bin/ceph: stderr
2024-04-24T23:43:54.122+0000 7f03baffd700 1 -- 172.21.15.29:0/4002983225 <== mon.0 v2:172.21.15.29:3300/0 1 ==== mon_map magic: 0 ==== 205+0+0 (secure 0 0 0) 0x7f03ac004160 con 0x7f03bc107ce0
2024-04-24T23:43:55.014 INFO:teuthology.orchestra.run.smithi029.stdout:/usr/bin/ceph: stderr
2024-04-24T23:43:54.122+0000 7f03baffd700 1 -- 172.21.15.29:0/4002983225 <== mon.0 v2:172.21.15.29:3300/0 2 ==== config(27 keys) ==== 1140+0+0 (secure 0 0 0) 0x7f03ac004300 con 0x7f03bc107ce0
2024-04-24T23:43:55.014 INFO:teuthology.orchestra.run.smithi029.stdout:/usr/bin/ceph: stderr
2024-04-24T23:43:54.122+0000 7f03baffd700 1 -- 172.21.15.29:0/4002983225 <== mon.0 v2:172.21.15.29:3300/0 3 ==== mon_map magic: 0 ==== 205+0+0 (secure 0 0 0) 0x7f03ac011b20 con 0x7f03bc107ce0
2024-04-24T23:43:55.014 INFO:teuthology.orchestra.run.smithi029.stdout:/usr/bin/ceph: stderr
2024-04-24T23:43:54.123+0000 7f03c2304700 1 -- 172.21.15.29:0/4002983225 >> [v2:172.21.15.29:3300/0,v1:172.21.15.29:6789/0] conn(0x7f03bc107ce0 msgr2=0x7f03bc108100 secure :-1 s=STATE_CONNECTION_ESTABLISHED l=1).mark_down
2024-04-24T23:43:55.014 INFO:teuthology.orchestra.run.smithi029.stdout:/usr/bin/ceph: stderr
2024-04-24T23:43:54.123+0000 7f03c2304700 1 --2- 172.21.15.29:0/4002983225 >> [v2:172.21.15.29:3300/0,v1:172.21.15.29:6789/0] conn(0x7f03bc107ce0 0x7f03bc108100 secure :-1 s=READY pgs=59 cs=0 l=1 rev1=1 crypto rx=0x7f03ac0098a0 tx=0x7f03ac009bb0 comp rx=0 tx=0).stop
2024-04-24T23:43:55.014 INFO:teuthology.orchestra.run.smithi029.stdout:/usr/bin/ceph: stderr
2024-04-24T23:43:54.123+0000 7f03c2304700 1 -- 172.21.15.29:0/4002983225 shutdown_connections
2024-04-24T23:43:55.014 INFO:teuthology.orchestra.run.smithi029.stdout:/usr/bin/ceph: stderr
2024-04-24T23:43:54.123+0000 7f03c2304700 1 --2- 172.21.15.29:0/4002983225 >> [v2:172.21.15.29:3300/0,v1:172.21.15.29:6789/0] conn(0x7f03bc107ce0 0x7f03bc108100 unknown :-1 s=CLOSED pgs=59 cs=0 l=1 rev1=1 crypto rx=0 tx=0 comp rx=0 tx=0).stop
2024-04-24T23:43:55.014 INFO:teuthology.orchestra.run.smithi029.stdout:/usr/bin/ceph: stderr
2024-04-24T23:43:54.123+0000 7f03c2304700 1 -- 172.21.15.29:0/4002983225 >> 172.21.15.29:0/4002983225 conn(0x7f03bc1032c0 msgr2=0x7f03bc1056e0 unknown :-1 s=STATE_NONE l=0).mark_down
2024-04-24T23:43:55.014 INFO:teuthology.orchestra.run.smithi029.stdout:/usr/bin/ceph: stderr
2024-04-24T23:43:54.123+0000 7f03c2304700 1 -- 172.21.15.29:0/4002983225 shutdown_connections
2024-04-24T23:43:55.015 INFO:teuthology.orchestra.run.smithi029.stdout:/usr/bin/ceph: stderr
2024-04-24T23:43:54.123+0000 7f03c2304700 1 -- 172.21.15.29:0/4002983225 wait complete.
2024-04-24T23:43:55.015 INFO:teuthology.orchestra.run.smithi029.stdout:/usr/bin/ceph: stderr
2024-04-24T23:43:54.124+0000 7f03c2304700 1 Processor -- start
2024-04-24T23:43:55.015 INFO:teuthology.orchestra.run.smithi029.stdout:/usr/bin/ceph: stderr
2024-04-24T23:43:54.124+0000 7f03c2304700 1 -- start start
2024-04-24T23:43:55.015 INFO:teuthology.orchestra.run.smithi029.stdout:/usr/bin/ceph: stderr
2024-04-24T23:43:54.124+0000 7f03c2304700 1 --2- >> [v2:172.21.15.29:3300/0,v1:172.21.15.29:6789/0] conn(0x7f03bc107ce0 0x7f03bc19bc30 unknown :-1 s=NONE pgs=0 cs=0 l=1 rev1=0 crypto rx=0 tx=0 comp rx=0 tx=0).connect
2024-04-24T23:43:55.015 INFO:teuthology.orchestra.run.smithi029.stdout:/usr/bin/ceph: stderr
2024-04-24T23:43:54.124+0000 7f03c2304700 1 -- --> [v2:172.21.15.29:3300/0,v1:172.21.15.29:6789/0] -- mon_getmap magic: 0 -- 0x7f03bc10c240 con 0x7f03bc107ce0
2024-04-24T23:43:55.015 INFO:teuthology.orchestra.run.smithi029.stdout:/usr/bin/ceph: stderr
2024-04-24T23:43:54.124+0000 7f03bbfff700 1 --2- >> [v2:172.21.15.29:3300/0,v1:172.21.15.29:6789/0] conn(0x7f03bc107ce0 0x7f03bc19bc30 unknown :-1 s=BANNER_CONNECTING pgs=0 cs=0 l=1 rev1=0 crypto rx=0 tx=0 comp rx=0 tx=0)._handle_peer_banner_payload supported=3 required=0
2024-04-24T23:43:55.015 INFO:teuthology.orchestra.run.smithi029.stdout:/usr/bin/ceph: stderr
2024-04-24T23:43:54.124+0000 7f03bbfff700 1 --2- >> [v2:172.21.15.29:3300/0,v1:172.21.15.29:6789/0] conn(0x7f03bc107ce0 0x7f03bc19bc30 unknown :-1 s=HELLO_CONNECTING pgs=0 cs=0 l=1 rev1=1 crypto rx=0 tx=0 comp rx=0 tx=0).handle_hello peer v2:172.21.15.29:3300/0 says I am v2:172.21.15.29:41878/0 (socket says 172.21.15.29:41878)
2024-04-24T23:43:55.015 INFO:teuthology.orchestra.run.smithi029.stdout:/usr/bin/ceph: stderr
2024-04-24T23:43:54.124+0000 7f03bbfff700 1 -- 172.21.15.29:0/430832938 learned_addr learned my addr 172.21.15.29:0/430832938 (peer_addr_for_me v2:172.21.15.29:0/0)
2024-04-24T23:43:55.015 INFO:teuthology.orchestra.run.smithi029.stdout:/usr/bin/ceph: stderr
2024-04-24T23:43:54.125+0000 7f03bbfff700 1 -- 172.21.15.29:0/430832938 --> [v2:172.21.15.29:3300/0,v1:172.21.15.29:6789/0] -- mon_subscribe({config=0+,monmap=0+}) -- 0x7f03bc19c170 con 0x7f03bc107ce0
2024-04-24T23:43:55.015 INFO:teuthology.orchestra.run.smithi029.stdout:/usr/bin/ceph: stderr
2024-04-24T23:43:54.125+0000 7f03bbfff700 1 --2- 172.21.15.29:0/430832938 >> [v2:172.21.15.29:3300/0,v1:172.21.15.29:6789/0] conn(0x7f03bc107ce0 0x7f03bc19bc30 secure :-1 s=READY pgs=60 cs=0 l=1 rev1=1 crypto rx=0x7f03ac0117e0 tx=0x7f03ac011ba0 comp rx=0 tx=0).ready entity=mon.0 client_cookie=0 server_cookie=0 in_seq=0 out_seq=0
2024-04-24T23:43:55.015 INFO:teuthology.orchestra.run.smithi029.stdout:/usr/bin/ceph: stderr
2024-04-24T23:43:54.125+0000 7f03b97fa700 1 -- 172.21.15.29:0/430832938 <== mon.0 v2:172.21.15.29:3300/0 1 ==== mon_map magic: 0 ==== 205+0+0 (secure 0 0 0) 0x7f03ac003bf0 con 0x7f03bc107ce0
2024-04-24T23:43:55.015 INFO:teuthology.orchestra.run.smithi029.stdout:/usr/bin/ceph: stderr
2024-04-24T23:43:54.125+0000 7f03b97fa700 1 -- 172.21.15.29:0/430832938 <== mon.0 v2:172.21.15.29:3300/0 2 ==== config(27 keys) ==== 1140+0+0 (secure 0 0 0) 0x7f03ac01a910 con 0x7f03bc107ce0
2024-04-24T23:43:55.015 INFO:teuthology.orchestra.run.smithi029.stdout:/usr/bin/ceph: stderr
2024-04-24T23:43:54.125+0000 7f03c2304700 1 -- 172.21.15.29:0/430832938 --> [v2:172.21.15.29:3300/0,v1:172.21.15.29:6789/0] -- mon_subscribe({mgrmap=0+}) -- 0x7f03bc19c400 con 0x7f03bc107ce0
2024-04-24T23:43:55.015 INFO:teuthology.orchestra.run.smithi029.stdout:/usr/bin/ceph: stderr
2024-04-24T23:43:54.125+0000 7f03b97fa700 1 -- 172.21.15.29:0/430832938 <== mon.0 v2:172.21.15.29:3300/0 3 ==== mon_map magic: 0 ==== 205+0+0 (secure 0 0 0) 0x7f03ac024970 con 0x7f03bc107ce0
2024-04-24T23:43:55.016 INFO:teuthology.orchestra.run.smithi029.stdout:/usr/bin/ceph: stderr
2024-04-24T23:43:54.125+0000 7f03c2304700 1 -- 172.21.15.29:0/430832938 --> [v2:172.21.15.29:3300/0,v1:172.21.15.29:6789/0] -- mon_subscribe({osdmap=0}) -- 0x7f03bc19c860 con 0x7f03bc107ce0
2024-04-24T23:43:55.016 INFO:teuthology.orchestra.run.smithi029.stdout:/usr/bin/ceph: stderr
2024-04-24T23:43:54.126+0000 7f03b97fa700 1 -- 172.21.15.29:0/430832938 <== mon.0 v2:172.21.15.29:3300/0 4 ==== mgrmap(e 9) ==== 46300+0+0 (secure 0 0 0) 0x7f03ac022020 con 0x7f03bc107ce0
2024-04-24T23:43:55.016 INFO:teuthology.orchestra.run.smithi029.stdout:/usr/bin/ceph: stderr
2024-04-24T23:43:54.126+0000 7f03c2304700 1 -- 172.21.15.29:0/430832938 --> [v2:172.21.15.29:3300/0,v1:172.21.15.29:6789/0] -- mon_command({"prefix": "get_command_descriptions"} v 0) -- 0x7f03bc063890 con 0x7f03bc107ce0
2024-04-24T23:43:55.016 INFO:teuthology.orchestra.run.smithi029.stdout:/usr/bin/ceph: stderr
2024-04-24T23:43:54.126+0000 7f03b97fa700 1 --2- 172.21.15.29:0/430832938 >> [v2:172.21.15.29:6800/2901429649,v1:172.21.15.29:6801/2901429649] conn(0x7f03a80390a0 0x7f03a803b560 unknown :-1 s=NONE pgs=0 cs=0 l=1 rev1=0 crypto rx=0 tx=0 comp rx=0 tx=0).connect
2024-04-24T23:43:55.016 INFO:teuthology.orchestra.run.smithi029.stdout:/usr/bin/ceph: stderr
2024-04-24T23:43:54.126+0000 7f03b97fa700 1 -- 172.21.15.29:0/430832938 <== mon.0 v2:172.21.15.29:3300/0 5 ==== osd_map(2..2 src has 1..2) ==== 940+0+0 (secure 0 0 0) 0x7f03ac04d880 con 0x7f03bc107ce0
2024-04-24T23:43:55.016 INFO:teuthology.orchestra.run.smithi029.stdout:/usr/bin/ceph: stderr
2024-04-24T23:43:54.126+0000 7f03bb7fe700 1 -- 172.21.15.29:0/430832938 >> [v2:172.21.15.29:6800/2901429649,v1:172.21.15.29:6801/2901429649] conn(0x7f03a80390a0 msgr2=0x7f03a803b560 unknown :-1 s=STATE_CONNECTING_RE l=1).process reconnect failed to v2:172.21.15.29:6800/2901429649
2024-04-24T23:43:55.016 INFO:teuthology.orchestra.run.smithi029.stdout:/usr/bin/ceph: stderr
2024-04-24T23:43:54.126+0000 7f03bb7fe700 1 --2- 172.21.15.29:0/430832938 >> [v2:172.21.15.29:6800/2901429649,v1:172.21.15.29:6801/2901429649] conn(0x7f03a80390a0 0x7f03a803b560 unknown :-1 s=START_CONNECT pgs=0 cs=0 l=1 rev1=0 crypto rx=0 tx=0 comp rx=0 tx=0)._fault waiting 0.200000
2024-04-24T23:43:55.016 INFO:teuthology.orchestra.run.smithi029.stdout:/usr/bin/ceph: stderr
2024-04-24T23:43:54.131+0000 7f03b97fa700 1 -- 172.21.15.29:0/430832938 <== mon.0 v2:172.21.15.29:3300/0 6 ==== mon_command_ack([{"prefix": "get_command_descriptions"}]=0 v0) ==== 72+0+186147 (secure 0 0 0) 0x7f03ac02cdf0 con 0x7f03bc107ce0
2024-04-24T23:43:55.016 INFO:teuthology.orchestra.run.smithi029.stdout:/usr/bin/ceph: stderr
2024-04-24T23:43:54.327+0000 7f03bb7fe700 1 -- 172.21.15.29:0/430832938 >> [v2:172.21.15.29:6800/2901429649,v1:172.21.15.29:6801/2901429649] conn(0x7f03a80390a0 msgr2=0x7f03a803b560 unknown :-1 s=STATE_CONNECTING_RE l=1).process reconnect failed to v2:172.21.15.29:6800/2901429649
2024-04-24T23:43:55.016 INFO:teuthology.orchestra.run.smithi029.stdout:/usr/bin/ceph: stderr
2024-04-24T23:43:54.327+0000 7f03bb7fe700 1 --2- 172.21.15.29:0/430832938 >> [v2:172.21.15.29:6800/2901429649,v1:172.21.15.29:6801/2901429649] conn(0x7f03a80390a0 0x7f03a803b560 unknown :-1 s=START_CONNECT pgs=0 cs=0 l=1 rev1=0 crypto rx=0 tx=0 comp rx=0 tx=0)._fault waiting 0.400000
2024-04-24T23:43:55.016 INFO:teuthology.orchestra.run.smithi029.stdout:/usr/bin/ceph: stderr
2024-04-24T23:43:54.402+0000 7f03c2304700 1 -- 172.21.15.29:0/430832938 --> [v2:172.21.15.29:3300/0,v1:172.21.15.29:6789/0] -- mon_command({"prefix": "mgr stat"} v 0) -- 0x7f03bc19f6a0 con 0x7f03bc107ce0
2024-04-24T23:43:55.016 INFO:teuthology.orchestra.run.smithi029.stdout:/usr/bin/ceph: stderr
2024-04-24T23:43:54.402+0000 7f03b97fa700 1 -- 172.21.15.29:0/430832938 <== mon.0 v2:172.21.15.29:3300/0 7 ==== mon_command_ack([{"prefix": "mgr stat"}]=0 v9) ==== 56+0+88 (secure 0 0 0) 0x7f03ac020c10 con 0x7f03bc107ce0
2024-04-24T23:43:55.016 INFO:teuthology.orchestra.run.smithi029.stdout:/usr/bin/ceph: stderr
2024-04-24T23:43:54.405+0000 7f03c2304700 1 -- 172.21.15.29:0/430832938 >> [v2:172.21.15.29:6800/2901429649,v1:172.21.15.29:6801/2901429649] conn(0x7f03a80390a0 msgr2=0x7f03a803b560 unknown :-1 s=STATE_CONNECTING l=1).mark_down
2024-04-24T23:43:55.016 INFO:teuthology.orchestra.run.smithi029.stdout:/usr/bin/ceph: stderr
2024-04-24T23:43:54.405+0000 7f03c2304700 1 --2- 172.21.15.29:0/430832938 >> [v2:172.21.15.29:6800/2901429649,v1:172.21.15.29:6801/2901429649] conn(0x7f03a80390a0 0x7f03a803b560 unknown :-1 s=START_CONNECT pgs=0 cs=0 l=1 rev1=0 crypto rx=0 tx=0 comp rx=0 tx=0).stop
2024-04-24T23:43:55.017 INFO:teuthology.orchestra.run.smithi029.stdout:/usr/bin/ceph: stderr
2024-04-24T23:43:54.405+0000 7f03c2304700 1 -- 172.21.15.29:0/430832938 >> [v2:172.21.15.29:3300/0,v1:172.21.15.29:6789/0] conn(0x7f03bc107ce0 msgr2=0x7f03bc19bc30 secure :-1 s=STATE_CONNECTION_ESTABLISHED l=1).mark_down
2024-04-24T23:43:55.017 INFO:teuthology.orchestra.run.smithi029.stdout:/usr/bin/ceph: stderr
2024-04-24T23:43:54.405+0000 7f03c2304700 1 --2- 172.21.15.29:0/430832938 >> [v2:172.21.15.29:3300/0,v1:172.21.15.29:6789/0] conn(0x7f03bc107ce0 0x7f03bc19bc30 secure :-1 s=READY pgs=60 cs=0 l=1 rev1=1 crypto rx=0x7f03ac0117e0 tx=0x7f03ac011ba0 comp rx=0 tx=0).stop
2024-04-24T23:43:55.017 INFO:teuthology.orchestra.run.smithi029.stdout:/usr/bin/ceph: stderr
2024-04-24T23:43:54.405+0000 7f03c2304700 1 -- 172.21.15.29:0/430832938 shutdown_connections
2024-04-24T23:43:55.017 INFO:teuthology.orchestra.run.smithi029.stdout:/usr/bin/ceph: stderr
2024-04-24T23:43:54.405+0000 7f03c2304700 1 --2- 172.21.15.29:0/430832938 >> [v2:172.21.15.29:6800/2901429649,v1:172.21.15.29:6801/2901429649] conn(0x7f03a80390a0 0x7f03a803b560 unknown :-1 s=CLOSED pgs=0 cs=0 l=1 rev1=0 crypto rx=0 tx=0 comp rx=0 tx=0).stop
2024-04-24T23:43:55.017 INFO:teuthology.orchestra.run.smithi029.stdout:/usr/bin/ceph: stderr
2024-04-24T23:43:54.405+0000 7f03c2304700 1 --2- 172.21.15.29:0/430832938 >> [v2:172.21.15.29:3300/0,v1:172.21.15.29:6789/0] conn(0x7f03bc107ce0 0x7f03bc19bc30 unknown :-1 s=CLOSED pgs=60 cs=0 l=1 rev1=1 crypto rx=0 tx=0 comp rx=0 tx=0).stop
2024-04-24T23:43:55.017 INFO:teuthology.orchestra.run.smithi029.stdout:/usr/bin/ceph: stderr
2024-04-24T23:43:54.405+0000 7f03c2304700 1 -- 172.21.15.29:0/430832938 >> 172.21.15.29:0/430832938 conn(0x7f03bc1032c0 msgr2=0x7f03bc103e20 unknown :-1 s=STATE_NONE l=0).mark_down
2024-04-24T23:43:55.017 INFO:teuthology.orchestra.run.smithi029.stdout:/usr/bin/ceph: stderr
2024-04-24T23:43:54.405+0000 7f03c2304700 1 -- 172.21.15.29:0/430832938 shutdown_connections
2024-04-24T23:43:55.017 INFO:teuthology.orchestra.run.smithi029.stdout:/usr/bin/ceph: stderr
2024-04-24T23:43:54.405+0000 7f03c2304700 1 -- 172.21.15.29:0/430832938 wait complete.
2024-04-24T23:43:55.017 INFO:teuthology.orchestra.run.smithi029.stdout:Waiting for the mgr to restart...
2024-04-24T23:43:55.017 INFO:teuthology.orchestra.run.smithi029.stdout:Waiting for mgr epoch 9...
2024-04-24T23:43:55.263 INFO:journalctl@ceph.mgr.x.smithi029.stdout:Apr 24 23:43:55 smithi029 ceph-36597906-0294-11ef-bc93-c7b262605968-mgr-x[29619]:
2024-04-24T23:43:55.083+0000 7f216a086200 -1 mgr[py] Module pg_autoscaler has missing NOTIFY_TYPES member
2024-04-24T23:43:55.526 INFO:journalctl@ceph.mgr.x.smithi029.stdout:Apr 24 23:43:55 smithi029 ceph-36597906-0294-11ef-bc93-c7b262605968-mgr-x[29619]:
2024-04-24T23:43:55.288+0000 7f216a086200 -1 mgr[py] Module test_orchestrator has missing NOTIFY_TYPES member
2024-04-24T23:43:56.026 INFO:journalctl@ceph.mgr.x.smithi029.stdout:Apr 24 23:43:55 smithi029 ceph-36597906-0294-11ef-bc93-c7b262605968-mgr-x[29619]:
2024-04-24T23:43:55.920+0000 7f216a086200 -1 mgr[py] Module rook has missing NOTIFY_TYPES member
2024-04-24T23:43:56.670 INFO:journalctl@ceph.mgr.x.smithi029.stdout:Apr 24 23:43:56 smithi029 ceph-36597906-0294-11ef-bc93-c7b262605968-mgr-x[29619]:
2024-04-24T23:43:56.360+0000 7f216a086200 -1 mgr[py] Module volumes has missing NOTIFY_TYPES member
2024-04-24T23:43:56.671 INFO:journalctl@ceph.mgr.x.smithi029.stdout:Apr 24 23:43:56 smithi029 ceph-36597906-0294-11ef-bc93-c7b262605968-mgr-x[29619]:
2024-04-24T23:43:56.461+0000 7f216a086200 -1 mgr[py] Module crash has missing NOTIFY_TYPES member
2024-04-24T23:43:56.671 INFO:journalctl@ceph.mgr.x.smithi029.stdout:Apr 24 23:43:56 smithi029 ceph-36597906-0294-11ef-bc93-c7b262605968-mgr-x[29619]:
2024-04-24T23:43:56.670+0000 7f216a086200 -1 mgr[py] Module rgw has missing NOTIFY_TYPES member
2024-04-24T23:43:57.526 INFO:journalctl@ceph.mgr.x.smithi029.stdout:Apr 24 23:43:57 smithi029 ceph-36597906-0294-11ef-bc93-c7b262605968-mgr-x[29619]:
2024-04-24T23:43:57.216+0000 7f216a086200 -1 mgr[py] Module prometheus has missing NOTIFY_TYPES member
2024-04-24T23:43:57.527 INFO:journalctl@ceph.mgr.x.smithi029.stdout:Apr 24 23:43:57 smithi029 ceph-36597906-0294-11ef-bc93-c7b262605968-mgr-x[29619]:
2024-04-24T23:43:57.312+0000 7f216a086200 -1 mgr[py] Module devicehealth has missing NOTIFY_TYPES member
2024-04-24T23:43:57.926 INFO:journalctl@ceph.mgr.x.smithi029.stdout:Apr 24 23:43:57 smithi029 ceph-36597906-0294-11ef-bc93-c7b262605968-mgr-x[29619]:
2024-04-24T23:43:57.565+0000 7f216a086200 -1 mgr[py] Module telemetry has missing NOTIFY_TYPES member
2024-04-24T23:43:57.927 INFO:journalctl@ceph.mgr.x.smithi029.stdout:Apr 24 23:43:57 smithi029 ceph-36597906-0294-11ef-bc93-c7b262605968-mgr-x[29619]:
2024-04-24T23:43:57.705+0000 7f216a086200 -1 mgr[py] Module diskprediction_local has missing NOTIFY_TYPES member
2024-04-24T23:43:57.927 INFO:journalctl@ceph.mgr.x.smithi029.stdout:Apr 24 23:43:57 smithi029 ceph-36597906-0294-11ef-bc93-c7b262605968-mgr-x[29619]:
2024-04-24T23:43:57.804+0000 7f216a086200 -1 mgr[py] Module osd_perf_query has missing NOTIFY_TYPES member
2024-04-24T23:43:57.927 INFO:journalctl@ceph.mgr.x.smithi029.stdout:Apr 24 23:43:57 smithi029 ceph-36597906-0294-11ef-bc93-c7b262605968-mgr-x[29619]:
2024-04-24T23:43:57.926+0000 7f216a086200 -1 mgr[py] Module rbd_support has missing NOTIFY_TYPES member
2024-04-24T23:43:58.276 INFO:journalctl@ceph.mgr.x.smithi029.stdout:Apr 24 23:43:58 smithi029 ceph-36597906-0294-11ef-bc93-c7b262605968-mgr-x[29619]:
2024-04-24T23:43:58.023+0000 7f216a086200 -1 mgr[py] Module zabbix has missing NOTIFY_TYPES member
2024-04-24T23:43:59.145 INFO:journalctl@ceph.mgr.x.smithi029.stdout:Apr 24 23:43:58 smithi029 ceph-36597906-0294-11ef-bc93-c7b262605968-mgr-x[29619]:
2024-04-24T23:43:58.868+0000 7f216a086200 -1 mgr[py] Module status has missing NOTIFY_TYPES member
2024-04-24T23:43:59.146 INFO:journalctl@ceph.mgr.x.smithi029.stdout:Apr 24 23:43:59 smithi029 ceph-36597906-0294-11ef-bc93-c7b262605968-mgr-x[29619]:
2024-04-24T23:43:59.092+0000 7f216a086200 -1 mgr[py] Module nfs has missing NOTIFY_TYPES member
2024-04-24T23:43:59.526 INFO:journalctl@ceph.mon.a.smithi029.stdout:Apr 24 23:43:59 smithi029 ceph-mon[29389]: Active manager daemon x restarted
2024-04-24T23:43:59.527 INFO:journalctl@ceph.mon.a.smithi029.stdout:Apr 24 23:43:59 smithi029 ceph-mon[29389]: Activating manager daemon x
2024-04-24T23:43:59.527 INFO:journalctl@ceph.mon.a.smithi029.stdout:Apr 24 23:43:59 smithi029 ceph-mon[29389]: osdmap e3: 0 total, 0 up, 0 in
2024-04-24T23:43:59.527 INFO:journalctl@ceph.mon.a.smithi029.stdout:Apr 24 23:43:59 smithi029 ceph-mon[29389]: mgrmap e10: x(active, starting, since 0.00352237s)
2024-04-24T23:43:59.527 INFO:journalctl@ceph.mon.a.smithi029.stdout:Apr 24 23:43:59 smithi029 ceph-mon[29389]: from='mgr.14152 172.21.15.29:0/2280958518' entity='mgr.x' cmd=[{"prefix": "mon metadata", "id": "a"}]: dispatch
2024-04-24T23:43:59.527 INFO:journalctl@ceph.mon.a.smithi029.stdout:Apr 24 23:43:59 smithi029 ceph-mon[29389]: from='mgr.14152 172.21.15.29:0/2280958518' entity='mgr.x' cmd=[{"prefix": "mgr metadata", "who": "x", "id": "x"}]: dispatch
2024-04-24T23:43:59.527 INFO:journalctl@ceph.mon.a.smithi029.stdout:Apr 24 23:43:59 smithi029 ceph-mon[29389]: from='mgr.14152 172.21.15.29:0/2280958518' entity='mgr.x' cmd=[{"prefix": "mds metadata"}]: dispatch
2024-04-24T23:43:59.527 INFO:journalctl@ceph.mon.a.smithi029.stdout:Apr 24 23:43:59 smithi029 ceph-mon[29389]: from='mgr.14152 172.21.15.29:0/2280958518' entity='mgr.x' cmd=[{"prefix": "osd metadata"}]: dispatch
2024-04-24T23:43:59.527 INFO:journalctl@ceph.mon.a.smithi029.stdout:Apr 24 23:43:59 smithi029 ceph-mon[29389]: from='mgr.14152 172.21.15.29:0/2280958518' entity='mgr.x' cmd=[{"prefix": "mon metadata"}]: dispatch
2024-04-24T23:43:59.527 INFO:journalctl@ceph.mon.a.smithi029.stdout:Apr 24 23:43:59 smithi029 ceph-mon[29389]: Manager daemon x is now available
2024-04-24T23:43:59.527 INFO:journalctl@ceph.mon.a.smithi029.stdout:Apr 24 23:43:59 smithi029 ceph-mon[29389]: from='mgr.14152 172.21.15.29:0/2280958518' entity='mgr.x' cmd=[{"prefix": "config dump", "format": "json"}]: dispatch
2024-04-24T23:44:00.427 INFO:journalctl@ceph.mon.a.smithi029.stdout:Apr 24 23:44:00 smithi029 ceph-mon[29389]: from='mgr.14152 172.21.15.29:0/2280958518' entity='mgr.x' cmd=[{"prefix":"config rm","who":"mgr","name":"mgr/rbd_support/x/mirror_snapshot_schedule"}]: dispatch
2024-04-24T23:44:00.428 INFO:journalctl@ceph.mon.a.smithi029.stdout:Apr 24 23:44:00 smithi029 ceph-mon[29389]: from='mgr.14152 172.21.15.29:0/2280958518' entity='mgr.x' cmd=[{"prefix":"config rm","who":"mgr","name":"mgr/rbd_support/x/trash_purge_schedule"}]: dispatch
