2024-04-24T23:43:44.207+0000 7f03fa59c700 1 -- 172.21.15.29:0/2286551901 --> [v2:172.21.15.29:3300/0,v1:172.21.15.29:6789/0] -- mon_subscribe({config=0+,monmap=0+}) -- 0x7f03fc19c220 con 0x7f03fc105f80
2024-04-24T23:43:45.049 INFO:teuthology.orchestra.run.smithi029.stdout:/usr/bin/ceph: stderr
2024-04-24T23:43:44.208+0000 7f03fa59c700 1 --2- 172.21.15.29:0/2286551901 >> [v2:172.21.15.29:3300/0,v1:172.21.15.29:6789/0] conn(0x7f03fc105f80 0x7f03fc19bce0 secure :-1 s=READY pgs=48 cs=0 l=1 rev1=1 crypto rx=0x7f03ec011670 tx=0x7f03ec011b60 comp rx=0 tx=0).ready entity=mon.0 client_cookie=0 server_cookie=0 in_seq=0 out_seq=0
2024-04-24T23:43:45.049 INFO:teuthology.orchestra.run.smithi029.stdout:/usr/bin/ceph: stderr
2024-04-24T23:43:44.208+0000 7f03eb7fe700 1 -- 172.21.15.29:0/2286551901 <== mon.0 v2:172.21.15.29:3300/0 1 ==== mon_map magic: 0 ==== 205+0+0 (secure 0 0 0) 0x7f03ec0039c0 con 0x7f03fc105f80
2024-04-24T23:43:45.049 INFO:teuthology.orchestra.run.smithi029.stdout:/usr/bin/ceph: stderr
2024-04-24T23:43:44.208+0000 7f03eb7fe700 1 -- 172.21.15.29:0/2286551901 <== mon.0 v2:172.21.15.29:3300/0 2 ==== config(27 keys) ==== 1109+0+0 (secure 0 0 0) 0x7f03ec011e50 con 0x7f03fc105f80
2024-04-24T23:43:45.049 INFO:teuthology.orchestra.run.smithi029.stdout:/usr/bin/ceph: stderr
2024-04-24T23:43:44.208+0000 7f0400c4f700 1 -- 172.21.15.29:0/2286551901 --> [v2:172.21.15.29:3300/0,v1:172.21.15.29:6789/0] -- mon_subscribe({mgrmap=0+}) -- 0x7f03fc19c4b0 con 0x7f03fc105f80
2024-04-24T23:43:45.049 INFO:teuthology.orchestra.run.smithi029.stdout:/usr/bin/ceph: stderr
2024-04-24T23:43:44.208+0000 7f03eb7fe700 1 -- 172.21.15.29:0/2286551901 <== mon.0 v2:172.21.15.29:3300/0 3 ==== mon_map magic: 0 ==== 205+0+0 (secure 0 0 0) 0x7f03ec01a5c0 con 0x7f03fc105f80
2024-04-24T23:43:45.049 INFO:teuthology.orchestra.run.smithi029.stdout:/usr/bin/ceph: stderr
2024-04-24T23:43:44.208+0000 7f0400c4f700 1 -- 172.21.15.29:0/2286551901 --> [v2:172.21.15.29:3300/0,v1:172.21.15.29:6789/0] -- mon_subscribe({osdmap=0}) -- 0x7f03fc19f190 con 0x7f03fc105f80
2024-04-24T23:43:45.049 INFO:teuthology.orchestra.run.smithi029.stdout:/usr/bin/ceph: stderr
2024-04-24T23:43:44.209+0000 7f03eb7fe700 1 -- 172.21.15.29:0/2286551901 <== mon.0 v2:172.21.15.29:3300/0 4 ==== mgrmap(e 8) ==== 46287+0+0 (secure 0 0 0) 0x7f03ec01a8c0 con 0x7f03fc105f80
2024-04-24T23:43:45.049 INFO:teuthology.orchestra.run.smithi029.stdout:/usr/bin/ceph: stderr
2024-04-24T23:43:44.209+0000 7f0400c4f700 1 -- 172.21.15.29:0/2286551901 --> [v2:172.21.15.29:3300/0,v1:172.21.15.29:6789/0] -- mon_command({"prefix": "get_command_descriptions"} v 0) -- 0x7f03fc063890 con 0x7f03fc105f80
2024-04-24T23:43:45.049 INFO:teuthology.orchestra.run.smithi029.stdout:/usr/bin/ceph: stderr
2024-04-24T23:43:44.209+0000 7f03eb7fe700 1 --2- 172.21.15.29:0/2286551901 >> [v2:172.21.15.29:6800/2901429649,v1:172.21.15.29:6801/2901429649] conn(0x7f03e4039000 0x7f03e403b4c0 unknown :-1 s=NONE pgs=0 cs=0 l=1 rev1=0 crypto rx=0 tx=0 comp rx=0 tx=0).connect
2024-04-24T23:43:45.049 INFO:teuthology.orchestra.run.smithi029.stdout:/usr/bin/ceph: stderr
2024-04-24T23:43:44.209+0000 7f03eb7fe700 1 -- 172.21.15.29:0/2286551901 <== mon.0 v2:172.21.15.29:3300/0 5 ==== osd_map(2..2 src has 1..2) ==== 940+0+0 (secure 0 0 0) 0x7f03ec04d490 con 0x7f03fc105f80
2024-04-24T23:43:45.049 INFO:teuthology.orchestra.run.smithi029.stdout:/usr/bin/ceph: stderr
2024-04-24T23:43:44.209+0000 7f03f9d9b700 1 --2- 172.21.15.29:0/2286551901 >> [v2:172.21.15.29:6800/2901429649,v1:172.21.15.29:6801/2901429649] conn(0x7f03e4039000 0x7f03e403b4c0 unknown :-1 s=BANNER_CONNECTING pgs=0 cs=0 l=1 rev1=0 crypto rx=0 tx=0 comp rx=0 tx=0)._handle_peer_banner_payload supported=3 required=0
2024-04-24T23:43:45.049 INFO:teuthology.orchestra.run.smithi029.stdout:/usr/bin/ceph: stderr
2024-04-24T23:43:44.209+0000 7f03f9d9b700 1 --2- 172.21.15.29:0/2286551901 >> [v2:172.21.15.29:6800/2901429649,v1:172.21.15.29:6801/2901429649] conn(0x7f03e4039000 0x7f03e403b4c0 secure :-1 s=READY pgs=12 cs=0 l=1 rev1=1 crypto rx=0x7f03f0006fd0 tx=0x7f03f0006e40 comp rx=0 tx=0).ready entity=mgr.14120 client_cookie=0 server_cookie=0 in_seq=0 out_seq=0
2024-04-24T23:43:45.050 INFO:teuthology.orchestra.run.smithi029.stdout:/usr/bin/ceph: stderr
2024-04-24T23:43:44.214+0000 7f03eb7fe700 1 -- 172.21.15.29:0/2286551901 <== mon.0 v2:172.21.15.29:3300/0 6 ==== mon_command_ack([{"prefix": "get_command_descriptions"}]=0 v0) ==== 72+0+186147 (secure 0 0 0) 0x7f03ec019c70 con 0x7f03fc105f80
2024-04-24T23:43:45.050 INFO:teuthology.orchestra.run.smithi029.stdout:/usr/bin/ceph: stderr
2024-04-24T23:43:44.435+0000 7f0400c4f700 1 -- 172.21.15.29:0/2286551901 --> [v2:172.21.15.29:6800/2901429649,v1:172.21.15.29:6801/2901429649] -- mgr_command(tid 0: {"prefix": "orch apply", "service_type": "mon", "unmanaged": true, "target": ["mon-mgr", ""]}) -- 0x7f03fc102bf0 con 0x7f03e4039000
2024-04-24T23:43:45.050 INFO:teuthology.orchestra.run.smithi029.stdout:/usr/bin/ceph: stderr
2024-04-24T23:43:44.439+0000 7f03eb7fe700 1 -- 172.21.15.29:0/2286551901 <== mgr.14120 v2:172.21.15.29:6800/2901429649 1 ==== mgr_command_reply(tid 0: 0 ) ==== 8+0+24 (secure 0 0 0) 0x7f03fc102bf0 con 0x7f03e4039000
2024-04-24T23:43:45.050 INFO:teuthology.orchestra.run.smithi029.stdout:/usr/bin/ceph: stderr
2024-04-24T23:43:44.441+0000 7f0400c4f700 1 -- 172.21.15.29:0/2286551901 >> [v2:172.21.15.29:6800/2901429649,v1:172.21.15.29:6801/2901429649] conn(0x7f03e4039000 msgr2=0x7f03e403b4c0 secure :-1 s=STATE_CONNECTION_ESTABLISHED l=1).mark_down
2024-04-24T23:43:45.050 INFO:teuthology.orchestra.run.smithi029.stdout:/usr/bin/ceph: stderr
2024-04-24T23:43:44.441+0000 7f0400c4f700 1 --2- 172.21.15.29:0/2286551901 >> [v2:172.21.15.29:6800/2901429649,v1:172.21.15.29:6801/2901429649] conn(0x7f03e4039000 0x7f03e403b4c0 secure :-1 s=READY pgs=12 cs=0 l=1 rev1=1 crypto rx=0x7f03f0006fd0 tx=0x7f03f0006e40 comp rx=0 tx=0).stop
2024-04-24T23:43:45.050 INFO:teuthology.orchestra.run.smithi029.stdout:/usr/bin/ceph: stderr
2024-04-24T23:43:44.441+0000 7f0400c4f700 1 -- 172.21.15.29:0/2286551901 >> [v2:172.21.15.29:3300/0,v1:172.21.15.29:6789/0] conn(0x7f03fc105f80 msgr2=0x7f03fc19bce0 secure :-1 s=STATE_CONNECTION_ESTABLISHED l=1).mark_down
2024-04-24T23:43:45.050 INFO:teuthology.orchestra.run.smithi029.stdout:/usr/bin/ceph: stderr
2024-04-24T23:43:44.441+0000 7f0400c4f700 1 --2- 172.21.15.29:0/2286551901 >> [v2:172.21.15.29:3300/0,v1:172.21.15.29:6789/0] conn(0x7f03fc105f80 0x7f03fc19bce0 secure :-1 s=READY pgs=48 cs=0 l=1 rev1=1 crypto rx=0x7f03ec011670 tx=0x7f03ec011b60 comp rx=0 tx=0).stop
2024-04-24T23:43:45.050 INFO:teuthology.orchestra.run.smithi029.stdout:/usr/bin/ceph: stderr
2024-04-24T23:43:44.441+0000 7f0400c4f700 1 -- 172.21.15.29:0/2286551901 shutdown_connections
2024-04-24T23:43:45.050 INFO:teuthology.orchestra.run.smithi029.stdout:/usr/bin/ceph: stderr
2024-04-24T23:43:44.441+0000 7f0400c4f700 1 --2- 172.21.15.29:0/2286551901 >> [v2:172.21.15.29:6800/2901429649,v1:172.21.15.29:6801/2901429649] conn(0x7f03e4039000 0x7f03e403b4c0 unknown :-1 s=CLOSED pgs=12 cs=0 l=1 rev1=1 crypto rx=0 tx=0 comp rx=0 tx=0).stop
2024-04-24T23:43:45.050 INFO:teuthology.orchestra.run.smithi029.stdout:/usr/bin/ceph: stderr
2024-04-24T23:43:44.441+0000 7f0400c4f700 1 --2- 172.21.15.29:0/2286551901 >> [v2:172.21.15.29:3300/0,v1:172.21.15.29:6789/0] conn(0x7f03fc105f80 0x7f03fc19bce0 unknown :-1 s=CLOSED pgs=48 cs=0 l=1 rev1=1 crypto rx=0 tx=0 comp rx=0 tx=0).stop
2024-04-24T23:43:45.050 INFO:teuthology.orchestra.run.smithi029.stdout:/usr/bin/ceph: stderr
2024-04-24T23:43:44.441+0000 7f0400c4f700 1 -- 172.21.15.29:0/2286551901 >> 172.21.15.29:0/2286551901 conn(0x7f03fc1019a0 msgr2=0x7f03fc1024e0 unknown :-1 s=STATE_NONE l=0).mark_down
2024-04-24T23:43:45.050 INFO:teuthology.orchestra.run.smithi029.stdout:/usr/bin/ceph: stderr
2024-04-24T23:43:44.442+0000 7f0400c4f700 1 -- 172.21.15.29:0/2286551901 shutdown_connections
2024-04-24T23:43:45.050 INFO:teuthology.orchestra.run.smithi029.stdout:/usr/bin/ceph: stderr
2024-04-24T23:43:44.442+0000 7f0400c4f700 1 -- 172.21.15.29:0/2286551901 wait complete.
2024-04-24T23:43:45.051 INFO:teuthology.orchestra.run.smithi029.stdout:Deploying unmanaged mgr service...
2024-04-24T23:43:45.618 INFO:journalctl@ceph.mon.a.smithi029.stdout:Apr 24 23:43:45 smithi029 ceph-mon[29389]: from='client.14142 -' entity='client.admin' cmd=[{"prefix": "orch apply", "service_type": "mon", "unmanaged": true, "target": ["mon-mgr", ""]}]: dispatch
2024-04-24T23:43:45.618 INFO:journalctl@ceph.mon.a.smithi029.stdout:Apr 24 23:43:45 smithi029 ceph-mon[29389]: Saving service mon spec with placement count:5
2024-04-24T23:43:45.618 INFO:journalctl@ceph.mon.a.smithi029.stdout:Apr 24 23:43:45 smithi029 ceph-mon[29389]: from='mgr.14120 172.21.15.29:0/3695262263' entity='mgr.x'
2024-04-24T23:43:47.026 INFO:journalctl@ceph.mon.a.smithi029.stdout:Apr 24 23:43:46 smithi029 ceph-mon[29389]: from='client.14144 -' entity='client.admin' cmd=[{"prefix": "orch apply", "service_type": "mgr", "unmanaged": true, "target": ["mon-mgr", ""]}]: dispatch
2024-04-24T23:43:47.026 INFO:journalctl@ceph.mon.a.smithi029.stdout:Apr 24 23:43:46 smithi029 ceph-mon[29389]: Saving service mgr spec with placement count:2
2024-04-24T23:43:47.027 INFO:journalctl@ceph.mon.a.smithi029.stdout:Apr 24 23:43:46 smithi029 ceph-mon[29389]: from='mgr.14120 172.21.15.29:0/3695262263' entity='mgr.x'
2024-04-24T23:43:47.331 INFO:teuthology.orchestra.run.smithi029.stdout:/usr/bin/ceph: stdout Scheduled mgr update...
2024-04-24T23:43:47.332 INFO:teuthology.orchestra.run.smithi029.stdout:/usr/bin/ceph: stderr
2024-04-24T23:43:45.465+0000 7f345a3fd700 1 Processor -- start
2024-04-24T23:43:47.332 INFO:teuthology.orchestra.run.smithi029.stdout:/usr/bin/ceph: stderr
2024-04-24T23:43:45.465+0000 7f345a3fd700 1 -- start start
2024-04-24T23:43:47.332 INFO:teuthology.orchestra.run.smithi029.stdout:/usr/bin/ceph: stderr
2024-04-24T23:43:45.465+0000 7f345a3fd700 1 --2- >> [v2:172.21.15.29:3300/0,v1:172.21.15.29:6789/0] conn(0x7f3454107d00 0x7f3454108120 unknown :-1 s=NONE pgs=0 cs=0 l=0 rev1=0 crypto rx=0 tx=0 comp rx=0 tx=0).connect
2024-04-24T23:43:47.332 INFO:teuthology.orchestra.run.smithi029.stdout:/usr/bin/ceph: stderr
2024-04-24T23:43:45.465+0000 7f345a3fd700 1 -- --> [v2:172.21.15.29:3300/0,v1:172.21.15.29:6789/0] -- mon_getmap magic: 0 -- 0x7f34541086f0 con 0x7f3454107d00
2024-04-24T23:43:47.332 INFO:teuthology.orchestra.run.smithi029.stdout:/usr/bin/ceph: stderr
2024-04-24T23:43:45.465+0000 7f3453fff700 1 --2- >> [v2:172.21.15.29:3300/0,v1:172.21.15.29:6789/0] conn(0x7f3454107d00 0x7f3454108120 unknown :-1 s=BANNER_CONNECTING pgs=0 cs=0 l=0 rev1=0 crypto rx=0 tx=0 comp rx=0 tx=0)._handle_peer_banner_payload supported=3 required=0
2024-04-24T23:43:47.332 INFO:teuthology.orchestra.run.smithi029.stdout:/usr/bin/ceph: stderr
2024-04-24T23:43:45.466+0000 7f3453fff700 1 --2- >> [v2:172.21.15.29:3300/0,v1:172.21.15.29:6789/0] conn(0x7f3454107d00 0x7f3454108120 unknown :-1 s=HELLO_CONNECTING pgs=0 cs=0 l=0 rev1=1 crypto rx=0 tx=0 comp rx=0 tx=0).handle_hello peer v2:172.21.15.29:3300/0 says I am v2:172.21.15.29:32868/0 (socket says 172.21.15.29:32868)
2024-04-24T23:43:47.332 INFO:teuthology.orchestra.run.smithi029.stdout:/usr/bin/ceph: stderr
2024-04-24T23:43:45.466+0000 7f3453fff700 1 -- 172.21.15.29:0/1058719792 learned_addr learned my addr 172.21.15.29:0/1058719792 (peer_addr_for_me v2:172.21.15.29:0/0)
2024-04-24T23:43:47.333 INFO:teuthology.orchestra.run.smithi029.stdout:/usr/bin/ceph: stderr
2024-04-24T23:43:45.466+0000 7f3453fff700 1 -- 172.21.15.29:0/1058719792 --> [v2:172.21.15.29:3300/0,v1:172.21.15.29:6789/0] -- mon_subscribe({config=0+,monmap=0+}) -- 0x7f3454108eb0 con 0x7f3454107d00
2024-04-24T23:43:47.333 INFO:teuthology.orchestra.run.smithi029.stdout:/usr/bin/ceph: stderr
2024-04-24T23:43:45.466+0000 7f3453fff700 1 --2- 172.21.15.29:0/1058719792 >> [v2:172.21.15.29:3300/0,v1:172.21.15.29:6789/0] conn(0x7f3454107d00 0x7f3454108120 secure :-1 s=READY pgs=49 cs=0 l=1 rev1=1 crypto rx=0x7f34440098a0 tx=0x7f3444009bb0 comp rx=0 tx=0).ready entity=mon.0 client_cookie=42a08ff46c14c378 server_cookie=0 in_seq=0 out_seq=0
2024-04-24T23:43:47.333 INFO:teuthology.orchestra.run.smithi029.stdout:/usr/bin/ceph: stderr
2024-04-24T23:43:45.466+0000 7f3452ffd700 1 -- 172.21.15.29:0/1058719792 <== mon.0 v2:172.21.15.29:3300/0 1 ==== mon_map magic: 0 ==== 205+0+0 (secure 0 0 0) 0x7f3444004160 con 0x7f3454107d00
2024-04-24T23:43:47.333 INFO:teuthology.orchestra.run.smithi029.stdout:/usr/bin/ceph: stderr
2024-04-24T23:43:45.466+0000 7f3452ffd700 1 -- 172.21.15.29:0/1058719792 <== mon.0 v2:172.21.15.29:3300/0 2 ==== config(27 keys) ==== 1109+0+0 (secure 0 0 0) 0x7f3444004300 con 0x7f3454107d00
2024-04-24T23:43:47.333 INFO:teuthology.orchestra.run.smithi029.stdout:/usr/bin/ceph: stderr
2024-04-24T23:43:45.466+0000 7f3452ffd700 1 -- 172.21.15.29:0/1058719792 <== mon.0 v2:172.21.15.29:3300/0 3 ==== mon_map magic: 0 ==== 205+0+0 (secure 0 0 0) 0x7f3444011b50 con 0x7f3454107d00
2024-04-24T23:43:47.333 INFO:teuthology.orchestra.run.smithi029.stdout:/usr/bin/ceph: stderr
2024-04-24T23:43:45.467+0000 7f345a3fd700 1 -- 172.21.15.29:0/1058719792 >> [v2:172.21.15.29:3300/0,v1:172.21.15.29:6789/0] conn(0x7f3454107d00 msgr2=0x7f3454108120 secure :-1 s=STATE_CONNECTION_ESTABLISHED l=1).mark_down
2024-04-24T23:43:47.333 INFO:teuthology.orchestra.run.smithi029.stdout:/usr/bin/ceph: stderr
2024-04-24T23:43:45.467+0000 7f345a3fd700 1 --2- 172.21.15.29:0/1058719792 >> [v2:172.21.15.29:3300/0,v1:172.21.15.29:6789/0] conn(0x7f3454107d00 0x7f3454108120 secure :-1 s=READY pgs=49 cs=0 l=1 rev1=1 crypto rx=0x7f34440098a0 tx=0x7f3444009bb0 comp rx=0 tx=0).stop
2024-04-24T23:43:47.333 INFO:teuthology.orchestra.run.smithi029.stdout:/usr/bin/ceph: stderr
2024-04-24T23:43:45.467+0000 7f345a3fd700 1 -- 172.21.15.29:0/1058719792 shutdown_connections
2024-04-24T23:43:47.333 INFO:teuthology.orchestra.run.smithi029.stdout:/usr/bin/ceph: stderr
2024-04-24T23:43:45.467+0000 7f345a3fd700 1 --2- 172.21.15.29:0/1058719792 >> [v2:172.21.15.29:3300/0,v1:172.21.15.29:6789/0] conn(0x7f3454107d00 0x7f3454108120 unknown :-1 s=CLOSED pgs=49 cs=0 l=1 rev1=1 crypto rx=0 tx=0 comp rx=0 tx=0).stop
2024-04-24T23:43:47.333 INFO:teuthology.orchestra.run.smithi029.stdout:/usr/bin/ceph: stderr
2024-04-24T23:43:45.467+0000 7f345a3fd700 1 -- 172.21.15.29:0/1058719792 >> 172.21.15.29:0/1058719792 conn(0x7f3454103320 msgr2=0x7f3454105740 unknown :-1 s=STATE_NONE l=0).mark_down
2024-04-24T23:43:47.333 INFO:teuthology.orchestra.run.smithi029.stdout:/usr/bin/ceph: stderr
2024-04-24T23:43:45.467+0000 7f345a3fd700 1 -- 172.21.15.29:0/1058719792 shutdown_connections
2024-04-24T23:43:47.333 INFO:teuthology.orchestra.run.smithi029.stdout:/usr/bin/ceph: stderr
2024-04-24T23:43:45.467+0000 7f345a3fd700 1 -- 172.21.15.29:0/1058719792 wait complete.
2024-04-24T23:43:47.333 INFO:teuthology.orchestra.run.smithi029.stdout:/usr/bin/ceph: stderr
2024-04-24T23:43:45.467+0000 7f345a3fd700 1 Processor -- start
2024-04-24T23:43:47.333 INFO:teuthology.orchestra.run.smithi029.stdout:/usr/bin/ceph: stderr
2024-04-24T23:43:45.467+0000 7f345a3fd700 1 -- start start
2024-04-24T23:43:47.334 INFO:teuthology.orchestra.run.smithi029.stdout:/usr/bin/ceph: stderr
2024-04-24T23:43:45.468+0000 7f345a3fd700 1 --2- >> [v2:172.21.15.29:3300/0,v1:172.21.15.29:6789/0] conn(0x7f3454107d00 0x7f345407db10 unknown :-1 s=NONE pgs=0 cs=0 l=1 rev1=0 crypto rx=0 tx=0 comp rx=0 tx=0).connect
2024-04-24T23:43:47.334 INFO:teuthology.orchestra.run.smithi029.stdout:/usr/bin/ceph: stderr
2024-04-24T23:43:45.468+0000 7f345a3fd700 1 -- --> [v2:172.21.15.29:3300/0,v1:172.21.15.29:6789/0] -- mon_getmap magic: 0 -- 0x7f345410c260 con 0x7f3454107d00
2024-04-24T23:43:47.334 INFO:teuthology.orchestra.run.smithi029.stdout:/usr/bin/ceph: stderr
2024-04-24T23:43:45.468+0000 7f3453fff700 1 --2- >> [v2:172.21.15.29:3300/0,v1:172.21.15.29:6789/0] conn(0x7f3454107d00 0x7f345407db10 unknown :-1 s=BANNER_CONNECTING pgs=0 cs=0 l=1 rev1=0 crypto rx=0 tx=0 comp rx=0 tx=0)._handle_peer_banner_payload supported=3 required=0
2024-04-24T23:43:47.334 INFO:teuthology.orchestra.run.smithi029.stdout:/usr/bin/ceph: stderr
2024-04-24T23:43:45.468+0000 7f3453fff700 1 --2- >> [v2:172.21.15.29:3300/0,v1:172.21.15.29:6789/0] conn(0x7f3454107d00 0x7f345407db10 unknown :-1 s=HELLO_CONNECTING pgs=0 cs=0 l=1 rev1=1 crypto rx=0 tx=0 comp rx=0 tx=0).handle_hello peer v2:172.21.15.29:3300/0 says I am v2:172.21.15.29:32882/0 (socket says 172.21.15.29:32882)
2024-04-24T23:43:47.334 INFO:teuthology.orchestra.run.smithi029.stdout:/usr/bin/ceph: stderr
2024-04-24T23:43:45.468+0000 7f3453fff700 1 -- 172.21.15.29:0/2131088341 learned_addr learned my addr 172.21.15.29:0/2131088341 (peer_addr_for_me v2:172.21.15.29:0/0)
2024-04-24T23:43:47.334 INFO:teuthology.orchestra.run.smithi029.stdout:/usr/bin/ceph: stderr
2024-04-24T23:43:45.468+0000 7f3453fff700 1 -- 172.21.15.29:0/2131088341 --> [v2:172.21.15.29:3300/0,v1:172.21.15.29:6789/0] -- mon_subscribe({config=0+,monmap=0+}) -- 0x7f345407e050 con 0x7f3454107d00
2024-04-24T23:43:47.334 INFO:teuthology.orchestra.run.smithi029.stdout:/usr/bin/ceph: stderr
2024-04-24T23:43:45.468+0000 7f3453fff700 1 --2- 172.21.15.29:0/2131088341 >> [v2:172.21.15.29:3300/0,v1:172.21.15.29:6789/0] conn(0x7f3454107d00 0x7f345407db10 secure :-1 s=READY pgs=50 cs=0 l=1 rev1=1 crypto rx=0x7f3444000c00 tx=0x7f3444011c10 comp rx=0 tx=0).ready entity=mon.0 client_cookie=0 server_cookie=0 in_seq=0 out_seq=0
2024-04-24T23:43:47.334 INFO:teuthology.orchestra.run.smithi029.stdout:/usr/bin/ceph: stderr
2024-04-24T23:43:45.468+0000 7f34517fa700 1 -- 172.21.15.29:0/2131088341 <== mon.0 v2:172.21.15.29:3300/0 1 ==== mon_map magic: 0 ==== 205+0+0 (secure 0 0 0) 0x7f3444003b20 con 0x7f3454107d00
2024-04-24T23:43:47.334 INFO:teuthology.orchestra.run.smithi029.stdout:/usr/bin/ceph: stderr
2024-04-24T23:43:45.468+0000 7f34517fa700 1 -- 172.21.15.29:0/2131088341 <== mon.0 v2:172.21.15.29:3300/0 2 ==== config(27 keys) ==== 1109+0+0 (secure 0 0 0) 0x7f3444003cc0 con 0x7f3454107d00
2024-04-24T23:43:47.334 INFO:teuthology.orchestra.run.smithi029.stdout:/usr/bin/ceph: stderr
2024-04-24T23:43:45.468+0000 7f345a3fd700 1 -- 172.21.15.29:0/2131088341 --> [v2:172.21.15.29:3300/0,v1:172.21.15.29:6789/0] -- mon_subscribe({mgrmap=0+}) -- 0x7f345407c240 con 0x7f3454107d00
2024-04-24T23:43:47.334 INFO:teuthology.orchestra.run.smithi029.stdout:/usr/bin/ceph: stderr
2024-04-24T23:43:45.468+0000 7f34517fa700 1 -- 172.21.15.29:0/2131088341 <== mon.0 v2:172.21.15.29:3300/0 3 ==== mon_map magic: 0 ==== 205+0+0 (secure 0 0 0) 0x7f3444024910 con 0x7f3454107d00
2024-04-24T23:43:47.334 INFO:teuthology.orchestra.run.smithi029.stdout:/usr/bin/ceph: stderr
2024-04-24T23:43:45.469+0000 7f345a3fd700 1 -- 172.21.15.29:0/2131088341 --> [v2:172.21.15.29:3300/0,v1:172.21.15.29:6789/0] -- mon_subscribe({osdmap=0}) -- 0x7f345407c780 con 0x7f3454107d00
2024-04-24T23:43:47.334 INFO:teuthology.orchestra.run.smithi029.stdout:/usr/bin/ceph: stderr
2024-04-24T23:43:45.469+0000 7f34517fa700 1 -- 172.21.15.29:0/2131088341 <== mon.0 v2:172.21.15.29:3300/0 4 ==== mgrmap(e 8) ==== 46287+0+0 (secure 0 0 0) 0x7f3444022020 con 0x7f3454107d00
2024-04-24T23:43:47.334 INFO:teuthology.orchestra.run.smithi029.stdout:/usr/bin/ceph: stderr
2024-04-24T23:43:45.470+0000 7f345a3fd700 1 -- 172.21.15.29:0/2131088341 --> [v2:172.21.15.29:3300/0,v1:172.21.15.29:6789/0] -- mon_command({"prefix": "get_command_descriptions"} v 0) -- 0x7f3454063890 con 0x7f3454107d00
2024-04-24T23:43:47.335 INFO:teuthology.orchestra.run.smithi029.stdout:/usr/bin/ceph: stderr
2024-04-24T23:43:45.470+0000 7f34517fa700 1 --2- 172.21.15.29:0/2131088341 >> [v2:172.21.15.29:6800/2901429649,v1:172.21.15.29:6801/2901429649] conn(0x7f343c0390a0 0x7f343c03b560 unknown :-1 s=NONE pgs=0 cs=0 l=1 rev1=0 crypto rx=0 tx=0 comp rx=0 tx=0).connect
2024-04-24T23:43:47.335 INFO:teuthology.orchestra.run.smithi029.stdout:/usr/bin/ceph: stderr
2024-04-24T23:43:45.470+0000 7f34517fa700 1 -- 172.21.15.29:0/2131088341 <== mon.0 v2:172.21.15.29:3300/0 5 ==== osd_map(2..2 src has 1..2) ==== 940+0+0 (secure 0 0 0) 0x7f3444011e00 con 0x7f3454107d00
2024-04-24T23:43:47.335 INFO:teuthology.orchestra.run.smithi029.stdout:/usr/bin/ceph: stderr
2024-04-24T23:43:45.470+0000 7f34537fe700 1 --2- 172.21.15.29:0/2131088341 >> [v2:172.21.15.29:6800/2901429649,v1:172.21.15.29:6801/2901429649] conn(0x7f343c0390a0 0x7f343c03b560 unknown :-1 s=BANNER_CONNECTING pgs=0 cs=0 l=1 rev1=0 crypto rx=0 tx=0 comp rx=0 tx=0)._handle_peer_banner_payload supported=3 required=0
2024-04-24T23:43:47.335 INFO:teuthology.orchestra.run.smithi029.stdout:/usr/bin/ceph: stderr
2024-04-24T23:43:45.470+0000 7f34537fe700 1 --2- 172.21.15.29:0/2131088341 >> [v2:172.21.15.29:6800/2901429649,v1:172.21.15.29:6801/2901429649] conn(0x7f343c0390a0 0x7f343c03b560 secure :-1 s=READY pgs=13 cs=0 l=1 rev1=1 crypto rx=0x7f3448006fd0 tx=0x7f3448006e40 comp rx=0 tx=0).ready entity=mgr.14120 client_cookie=0 server_cookie=0 in_seq=0 out_seq=0
2024-04-24T23:43:47.335 INFO:teuthology.orchestra.run.smithi029.stdout:/usr/bin/ceph: stderr
2024-04-24T23:43:45.475+0000 7f34517fa700 1 -- 172.21.15.29:0/2131088341 <== mon.0 v2:172.21.15.29:3300/0 6 ==== mon_command_ack([{"prefix": "get_command_descriptions"}]=0 v0) ==== 72+0+186147 (secure 0 0 0) 0x7f3444017ca0 con 0x7f3454107d00
2024-04-24T23:43:47.335 INFO:teuthology.orchestra.run.smithi029.stdout:/usr/bin/ceph: stderr
2024-04-24T23:43:45.694+0000 7f345a3fd700 1 -- 172.21.15.29:0/2131088341 --> [v2:172.21.15.29:6800/2901429649,v1:172.21.15.29:6801/2901429649] -- mgr_command(tid 0: {"prefix": "orch apply", "service_type": "mgr", "unmanaged": true, "target": ["mon-mgr", ""]}) -- 0x7f345407cfe0 con 0x7f343c0390a0
2024-04-24T23:43:47.335 INFO:teuthology.orchestra.run.smithi029.stdout:/usr/bin/ceph: stderr
2024-04-24T23:43:45.698+0000 7f34517fa700 1 -- 172.21.15.29:0/2131088341 <== mgr.14120 v2:172.21.15.29:6800/2901429649 1 ==== mgr_command_reply(tid 0: 0 ) ==== 8+0+24 (secure 0 0 0) 0x7f345407cfe0 con 0x7f343c0390a0
2024-04-24T23:43:47.335 INFO:teuthology.orchestra.run.smithi029.stdout:/usr/bin/ceph: stderr
2024-04-24T23:43:45.700+0000 7f345a3fd700 1 -- 172.21.15.29:0/2131088341 >> [v2:172.21.15.29:6800/2901429649,v1:172.21.15.29:6801/2901429649] conn(0x7f343c0390a0 msgr2=0x7f343c03b560 secure :-1 s=STATE_CONNECTION_ESTABLISHED l=1).mark_down
2024-04-24T23:43:47.335 INFO:teuthology.orchestra.run.smithi029.stdout:/usr/bin/ceph: stderr
2024-04-24T23:43:45.700+0000 7f345a3fd700 1 --2- 172.21.15.29:0/2131088341 >> [v2:172.21.15.29:6800/2901429649,v1:172.21.15.29:6801/2901429649] conn(0x7f343c0390a0 0x7f343c03b560 secure :-1 s=READY pgs=13 cs=0 l=1 rev1=1 crypto rx=0x7f3448006fd0 tx=0x7f3448006e40 comp rx=0 tx=0).stop
2024-04-24T23:43:47.335 INFO:teuthology.orchestra.run.smithi029.stdout:/usr/bin/ceph: stderr
2024-04-24T23:43:45.700+0000 7f345a3fd700 1 -- 172.21.15.29:0/2131088341 >> [v2:172.21.15.29:3300/0,v1:172.21.15.29:6789/0] conn(0x7f3454107d00 msgr2=0x7f345407db10 secure :-1 s=STATE_CONNECTION_ESTABLISHED l=1).mark_down
2024-04-24T23:43:47.335 INFO:teuthology.orchestra.run.smithi029.stdout:/usr/bin/ceph: stderr
2024-04-24T23:43:45.700+0000 7f345a3fd700 1 --2- 172.21.15.29:0/2131088341 >> [v2:172.21.15.29:3300/0,v1:172.21.15.29:6789/0] conn(0x7f3454107d00 0x7f345407db10 secure :-1 s=READY pgs=50 cs=0 l=1 rev1=1 crypto rx=0x7f3444000c00 tx=0x7f3444011c10 comp rx=0 tx=0).stop
2024-04-24T23:43:47.335 INFO:teuthology.orchestra.run.smithi029.stdout:/usr/bin/ceph: stderr
2024-04-24T23:43:45.700+0000 7f345a3fd700 1 -- 172.21.15.29:0/2131088341 shutdown_connections
2024-04-24T23:43:47.335 INFO:teuthology.orchestra.run.smithi029.stdout:/usr/bin/ceph: stderr
2024-04-24T23:43:45.700+0000 7f345a3fd700 1 --2- 172.21.15.29:0/2131088341 >> [v2:172.21.15.29:6800/2901429649,v1:172.21.15.29:6801/2901429649] conn(0x7f343c0390a0 0x7f343c03b560 unknown :-1 s=CLOSED pgs=13 cs=0 l=1 rev1=1 crypto rx=0 tx=0 comp rx=0 tx=0).stop
2024-04-24T23:43:47.335 INFO:teuthology.orchestra.run.smithi029.stdout:/usr/bin/ceph: stderr
2024-04-24T23:43:45.700+0000 7f345a3fd700 1 --2- 172.21.15.29:0/2131088341 >> [v2:172.21.15.29:3300/0,v1:172.21.15.29:6789/0] conn(0x7f3454107d00 0x7f345407db10 unknown :-1 s=CLOSED pgs=50 cs=0 l=1 rev1=1 crypto rx=0 tx=0 comp rx=0 tx=0).stop
2024-04-24T23:43:47.335 INFO:teuthology.orchestra.run.smithi029.stdout:/usr/bin/ceph: stderr
2024-04-24T23:43:45.700+0000 7f345a3fd700 1 -- 172.21.15.29:0/2131088341 >> 172.21.15.29:0/2131088341 conn(0x7f3454103320 msgr2=0x7f3454103e90 unknown :-1 s=STATE_NONE l=0).mark_down
2024-04-24T23:43:47.336 INFO:teuthology.orchestra.run.smithi029.stdout:/usr/bin/ceph: stderr
2024-04-24T23:43:45.700+0000 7f345a3fd700 1 -- 172.21.15.29:0/2131088341 shutdown_connections
2024-04-24T23:43:47.336 INFO:teuthology.orchestra.run.smithi029.stdout:/usr/bin/ceph: stderr
2024-04-24T23:43:45.700+0000 7f345a3fd700 1 -- 172.21.15.29:0/2131088341 wait complete.
2024-04-24T23:43:47.989 INFO:journalctl@ceph.mon.a.smithi029.stdout:Apr 24 23:43:47 smithi029 ceph-mon[29389]: from='mgr.14120 172.21.15.29:0/3695262263' entity='mgr.x'
2024-04-24T23:43:47.989 INFO:journalctl@ceph.mon.a.smithi029.stdout:Apr 24 23:43:47 smithi029 ceph-mon[29389]: from='mgr.14120 172.21.15.29:0/3695262263' entity='mgr.x'
2024-04-24T23:43:48.579 INFO:teuthology.orchestra.run.smithi029.stdout:/usr/bin/ceph: stderr
2024-04-24T23:43:47.771+0000 7f3c0cffe700 1 Processor -- start
2024-04-24T23:43:48.579 INFO:teuthology.orchestra.run.smithi029.stdout:/usr/bin/ceph: stderr
2024-04-24T23:43:47.771+0000 7f3c0cffe700 1 -- start start
2024-04-24T23:43:48.579 INFO:teuthology.orchestra.run.smithi029.stdout:/usr/bin/ceph: stderr
2024-04-24T23:43:47.771+0000 7f3c0cffe700 1 --2- >> [v2:172.21.15.29:3300/0,v1:172.21.15.29:6789/0] conn(0x7f3c08107ce0 0x7f3c08108100 unknown :-1 s=NONE pgs=0 cs=0 l=0 rev1=0 crypto rx=0 tx=0 comp rx=0 tx=0).connect
2024-04-24T23:43:48.579 INFO:teuthology.orchestra.run.smithi029.stdout:/usr/bin/ceph: stderr
2024-04-24T23:43:47.771+0000 7f3c0cffe700 1 -- --> [v2:172.21.15.29:3300/0,v1:172.21.15.29:6789/0] -- mon_getmap magic: 0 -- 0x7f3c081086d0 con 0x7f3c08107ce0
2024-04-24T23:43:48.579 INFO:teuthology.orchestra.run.smithi029.stdout:/usr/bin/ceph: stderr
2024-04-24T23:43:47.771+0000 7f3c0659c700 1 --2- >> [v2:172.21.15.29:3300/0,v1:172.21.15.29:6789/0] conn(0x7f3c08107ce0 0x7f3c08108100 unknown :-1 s=BANNER_CONNECTING pgs=0 cs=0 l=0 rev1=0 crypto rx=0 tx=0 comp rx=0 tx=0)._handle_peer_banner_payload supported=3 required=0
2024-04-24T23:43:48.580 INFO:teuthology.orchestra.run.smithi029.stdout:/usr/bin/ceph: stderr
2024-04-24T23:43:47.771+0000 7f3c0659c700 1 --2- >> [v2:172.21.15.29:3300/0,v1:172.21.15.29:6789/0] conn(0x7f3c08107ce0 0x7f3c08108100 unknown :-1 s=HELLO_CONNECTING pgs=0 cs=0 l=0 rev1=1 crypto rx=0 tx=0 comp rx=0 tx=0).handle_hello peer v2:172.21.15.29:3300/0 says I am v2:172.21.15.29:41804/0 (socket says 172.21.15.29:41804)
2024-04-24T23:43:48.580 INFO:teuthology.orchestra.run.smithi029.stdout:/usr/bin/ceph: stderr
2024-04-24T23:43:47.771+0000 7f3c0659c700 1 -- 172.21.15.29:0/2242084805 learned_addr learned my addr 172.21.15.29:0/2242084805 (peer_addr_for_me v2:172.21.15.29:0/0)
2024-04-24T23:43:48.580 INFO:teuthology.orchestra.run.smithi029.stdout:/usr/bin/ceph: stderr
2024-04-24T23:43:47.772+0000 7f3c0659c700 1 -- 172.21.15.29:0/2242084805 --> [v2:172.21.15.29:3300/0,v1:172.21.15.29:6789/0] -- mon_subscribe({config=0+,monmap=0+}) -- 0x7f3c08108e90 con 0x7f3c08107ce0
2024-04-24T23:43:48.580 INFO:teuthology.orchestra.run.smithi029.stdout:/usr/bin/ceph: stderr
2024-04-24T23:43:47.772+0000 7f3c0659c700 1 --2- 172.21.15.29:0/2242084805 >> [v2:172.21.15.29:3300/0,v1:172.21.15.29:6789/0] conn(0x7f3c08107ce0 0x7f3c08108100 secure :-1 s=READY pgs=51 cs=0 l=1 rev1=1 crypto rx=0x7f3bf80098a0 tx=0x7f3bf8009bb0 comp rx=0 tx=0).ready entity=mon.0 client_cookie=91fb2697b75b0f93 server_cookie=0 in_seq=0 out_seq=0
2024-04-24T23:43:48.580 INFO:teuthology.orchestra.run.smithi029.stdout:/usr/bin/ceph: stderr
2024-04-24T23:43:47.772+0000 7f3c0559a700 1 -- 172.21.15.29:0/2242084805 <== mon.0 v2:172.21.15.29:3300/0 1 ==== mon_map magic: 0 ==== 205+0+0 (secure 0 0 0) 0x7f3bf8004160 con 0x7f3c08107ce0
2024-04-24T23:43:48.580 INFO:teuthology.orchestra.run.smithi029.stdout:/usr/bin/ceph: stderr
2024-04-24T23:43:47.772+0000 7f3c0559a700 1 -- 172.21.15.29:0/2242084805 <== mon.0 v2:172.21.15.29:3300/0 2 ==== config(27 keys) ==== 1140+0+0 (secure 0 0 0) 0x7f3bf8004300 con 0x7f3c08107ce0
2024-04-24T23:43:48.580 INFO:teuthology.orchestra.run.smithi029.stdout:/usr/bin/ceph: stderr
2024-04-24T23:43:47.772+0000 7f3c0559a700 1 -- 172.21.15.29:0/2242084805 <== mon.0 v2:172.21.15.29:3300/0 3 ==== mon_map magic: 0 ==== 205+0+0 (secure 0 0 0) 0x7f3bf8011b20 con 0x7f3c08107ce0
2024-04-24T23:43:48.580 INFO:teuthology.orchestra.run.smithi029.stdout:/usr/bin/ceph: stderr
2024-04-24T23:43:47.773+0000 7f3c0cffe700 1 -- 172.21.15.29:0/2242084805 >> [v2:172.21.15.29:3300/0,v1:172.21.15.29:6789/0] conn(0x7f3c08107ce0 msgr2=0x7f3c08108100 secure :-1 s=STATE_CONNECTION_ESTABLISHED l=1).mark_down
2024-04-24T23:43:48.580 INFO:teuthology.orchestra.run.smithi029.stdout:/usr/bin/ceph: stderr
2024-04-24T23:43:47.773+0000 7f3c0cffe700 1 --2- 172.21.15.29:0/2242084805 >> [v2:172.21.15.29:3300/0,v1:172.21.15.29:6789/0] conn(0x7f3c08107ce0 0x7f3c08108100 secure :-1 s=READY pgs=51 cs=0 l=1 rev1=1 crypto rx=0x7f3bf80098a0 tx=0x7f3bf8009bb0 comp rx=0 tx=0).stop
2024-04-24T23:43:48.580 INFO:teuthology.orchestra.run.smithi029.stdout:/usr/bin/ceph: stderr
2024-04-24T23:43:47.773+0000 7f3c0cffe700 1 -- 172.21.15.29:0/2242084805 shutdown_connections
2024-04-24T23:43:48.580 INFO:teuthology.orchestra.run.smithi029.stdout:/usr/bin/ceph: stderr
2024-04-24T23:43:47.773+0000 7f3c0cffe700 1 --2- 172.21.15.29:0/2242084805 >> [v2:172.21.15.29:3300/0,v1:172.21.15.29:6789/0] conn(0x7f3c08107ce0 0x7f3c08108100 unknown :-1 s=CLOSED pgs=51 cs=0 l=1 rev1=1 crypto rx=0 tx=0 comp rx=0 tx=0).stop
2024-04-24T23:43:48.580 INFO:teuthology.orchestra.run.smithi029.stdout:/usr/bin/ceph: stderr
2024-04-24T23:43:47.773+0000 7f3c0cffe700 1 -- 172.21.15.29:0/2242084805 >> 172.21.15.29:0/2242084805 conn(0x7f3c081032e0 msgr2=0x7f3c08105700 unknown :-1 s=STATE_NONE l=0).mark_down
2024-04-24T23:43:48.580 INFO:teuthology.orchestra.run.smithi029.stdout:/usr/bin/ceph: stderr
2024-04-24T23:43:47.773+0000 7f3c0cffe700 1 -- 172.21.15.29:0/2242084805 shutdown_connections
2024-04-24T23:43:48.581 INFO:teuthology.orchestra.run.smithi029.stdout:/usr/bin/ceph: stderr
2024-04-24T23:43:47.773+0000 7f3c0cffe700 1 -- 172.21.15.29:0/2242084805 wait complete.
2024-04-24T23:43:48.581 INFO:teuthology.orchestra.run.smithi029.stdout:/usr/bin/ceph: stderr
2024-04-24T23:43:47.773+0000 7f3c0cffe700 1 Processor -- start
2024-04-24T23:43:48.581 INFO:teuthology.orchestra.run.smithi029.stdout:/usr/bin/ceph: stderr
2024-04-24T23:43:47.774+0000 7f3c0cffe700 1 -- start start
2024-04-24T23:43:48.581 INFO:teuthology.orchestra.run.smithi029.stdout:/usr/bin/ceph: stderr
2024-04-24T23:43:47.774+0000 7f3c0cffe700 1 --2- >> [v2:172.21.15.29:3300/0,v1:172.21.15.29:6789/0] conn(0x7f3c08107ce0 0x7f3c0819bc20 unknown :-1 s=NONE pgs=0 cs=0 l=1 rev1=0 crypto rx=0 tx=0 comp rx=0 tx=0).connect
2024-04-24T23:43:48.581 INFO:teuthology.orchestra.run.smithi029.stdout:/usr/bin/ceph: stderr
2024-04-24T23:43:47.774+0000 7f3c0cffe700 1 -- --> [v2:172.21.15.29:3300/0,v1:172.21.15.29:6789/0] -- mon_getmap magic: 0 -- 0x7f3c0810c240 con 0x7f3c08107ce0
2024-04-24T23:43:48.581 INFO:teuthology.orchestra.run.smithi029.stdout:/usr/bin/ceph: stderr
2024-04-24T23:43:47.774+0000 7f3c0659c700 1 --2- >> [v2:172.21.15.29:3300/0,v1:172.21.15.29:6789/0] conn(0x7f3c08107ce0 0x7f3c0819bc20 unknown :-1 s=BANNER_CONNECTING pgs=0 cs=0 l=1 rev1=0 crypto rx=0 tx=0 comp rx=0 tx=0)._handle_peer_banner_payload supported=3 required=0
2024-04-24T23:43:48.581 INFO:teuthology.orchestra.run.smithi029.stdout:/usr/bin/ceph: stderr
2024-04-24T23:43:47.774+0000 7f3c0659c700 1 --2- >> [v2:172.21.15.29:3300/0,v1:172.21.15.29:6789/0] conn(0x7f3c08107ce0 0x7f3c0819bc20 unknown :-1 s=HELLO_CONNECTING pgs=0 cs=0 l=1 rev1=1 crypto rx=0 tx=0 comp rx=0 tx=0).handle_hello peer v2:172.21.15.29:3300/0 says I am v2:172.21.15.29:41810/0 (socket says 172.21.15.29:41810)
2024-04-24T23:43:48.581 INFO:teuthology.orchestra.run.smithi029.stdout:/usr/bin/ceph: stderr
2024-04-24T23:43:47.774+0000 7f3c0659c700 1 -- 172.21.15.29:0/2536985626 learned_addr learned my addr 172.21.15.29:0/2536985626 (peer_addr_for_me v2:172.21.15.29:0/0)
2024-04-24T23:43:48.581 INFO:teuthology.orchestra.run.smithi029.stdout:/usr/bin/ceph: stderr
2024-04-24T23:43:47.774+0000 7f3c0659c700 1 -- 172.21.15.29:0/2536985626 --> [v2:172.21.15.29:3300/0,v1:172.21.15.29:6789/0] -- mon_subscribe({config=0+,monmap=0+}) -- 0x7f3c0819c160 con 0x7f3c08107ce0
2024-04-24T23:43:48.581 INFO:teuthology.orchestra.run.smithi029.stdout:/usr/bin/ceph: stderr
2024-04-24T23:43:47.774+0000 7f3c0659c700 1 --2- 172.21.15.29:0/2536985626 >> [v2:172.21.15.29:3300/0,v1:172.21.15.29:6789/0] conn(0x7f3c08107ce0 0x7f3c0819bc20 secure :-1 s=READY pgs=52 cs=0 l=1 rev1=1 crypto rx=0x7f3bf80117e0 tx=0x7f3bf8011c10 comp rx=0 tx=0).ready entity=mon.0 client_cookie=0 server_cookie=0 in_seq=0 out_seq=0
2024-04-24T23:43:48.581 INFO:teuthology.orchestra.run.smithi029.stdout:/usr/bin/ceph: stderr
2024-04-24T23:43:47.774+0000 7f3bf77fe700 1 -- 172.21.15.29:0/2536985626 <== mon.0 v2:172.21.15.29:3300/0 1 ==== mon_map magic: 0 ==== 205+0+0 (secure 0 0 0) 0x7f3bf8003bf0 con 0x7f3c08107ce0
2024-04-24T23:43:48.581 INFO:teuthology.orchestra.run.smithi029.stdout:/usr/bin/ceph: stderr
2024-04-24T23:43:47.774+0000 7f3bf77fe700 1 -- 172.21.15.29:0/2536985626 <== mon.0 v2:172.21.15.29:3300/0 2 ==== config(27 keys) ==== 1140+0+0 (secure 0 0 0) 0x7f3bf801a910 con 0x7f3c08107ce0
2024-04-24T23:43:48.581 INFO:teuthology.orchestra.run.smithi029.stdout:/usr/bin/ceph: stderr
2024-04-24T23:43:47.774+0000 7f3c0cffe700 1 -- 172.21.15.29:0/2536985626 --> [v2:172.21.15.29:3300/0,v1:172.21.15.29:6789/0] -- mon_subscribe({mgrmap=0+}) -- 0x7f3c0819c3f0 con 0x7f3c08107ce0
2024-04-24T23:43:48.581 INFO:teuthology.orchestra.run.smithi029.stdout:/usr/bin/ceph: stderr
2024-04-24T23:43:47.775+0000 7f3bf77fe700 1 -- 172.21.15.29:0/2536985626 <== mon.0 v2:172.21.15.29:3300/0 3 ==== mon_map magic: 0 ==== 205+0+0 (secure 0 0 0) 0x7f3bf80249a0 con 0x7f3c08107ce0
2024-04-24T23:43:48.581 INFO:teuthology.orchestra.run.smithi029.stdout:/usr/bin/ceph: stderr
2024-04-24T23:43:47.775+0000 7f3c0cffe700 1 -- 172.21.15.29:0/2536985626 --> [v2:172.21.15.29:3300/0,v1:172.21.15.29:6789/0] -- mon_subscribe({osdmap=0}) -- 0x7f3c0819c850 con 0x7f3c08107ce0
2024-04-24T23:43:48.582 INFO:teuthology.orchestra.run.smithi029.stdout:/usr/bin/ceph: stderr
2024-04-24T23:43:47.775+0000 7f3bf77fe700 1 -- 172.21.15.29:0/2536985626 <== mon.0 v2:172.21.15.29:3300/0 4 ==== mgrmap(e 8) ==== 46287+0+0 (secure 0 0 0) 0x7f3bf8022020 con 0x7f3c08107ce0
2024-04-24T23:43:48.582 INFO:teuthology.orchestra.run.smithi029.stdout:/usr/bin/ceph: stderr
2024-04-24T23:43:47.776+0000 7f3bf77fe700 1 --2- 172.21.15.29:0/2536985626 >> [v2:172.21.15.29:6800/2901429649,v1:172.21.15.29:6801/2901429649] conn(0x7f3bf0039050 0x7f3bf003b510 unknown :-1 s=NONE pgs=0 cs=0 l=1 rev1=0 crypto rx=0 tx=0 comp rx=0 tx=0).connect
2024-04-24T23:43:48.582 INFO:teuthology.orchestra.run.smithi029.stdout:/usr/bin/ceph: stderr
2024-04-24T23:43:47.776+0000 7f3bf77fe700 1 -- 172.21.15.29:0/2536985626 <== mon.0 v2:172.21.15.29:3300/0 5 ==== osd_map(2..2 src has 1..2) ==== 940+0+0 (secure 0 0 0) 0x7f3bf804d390 con 0x7f3c08107ce0
2024-04-24T23:43:48.582 INFO:teuthology.orchestra.run.smithi029.stdout:/usr/bin/ceph: stderr
2024-04-24T23:43:47.776+0000 7f3c0cffe700 1 -- 172.21.15.29:0/2536985626 --> [v2:172.21.15.29:3300/0,v1:172.21.15.29:6789/0] -- mon_command({"prefix": "get_command_descriptions"} v 0) -- 0x7f3c08063890 con 0x7f3c08107ce0
2024-04-24T23:43:48.582 INFO:teuthology.orchestra.run.smithi029.stdout:/usr/bin/ceph: stderr
2024-04-24T23:43:47.776+0000 7f3c05d9b700 1 --2- 172.21.15.29:0/2536985626 >> [v2:172.21.15.29:6800/2901429649,v1:172.21.15.29:6801/2901429649] conn(0x7f3bf0039050 0x7f3bf003b510 unknown :-1 s=BANNER_CONNECTING pgs=0 cs=0 l=1 rev1=0 crypto rx=0 tx=0 comp rx=0 tx=0)._handle_peer_banner_payload supported=3 required=0
2024-04-24T23:43:48.582 INFO:teuthology.orchestra.run.smithi029.stdout:/usr/bin/ceph: stderr
2024-04-24T23:43:47.776+0000 7f3c05d9b700 1 --2- 172.21.15.29:0/2536985626 >> [v2:172.21.15.29:6800/2901429649,v1:172.21.15.29:6801/2901429649] conn(0x7f3bf0039050 0x7f3bf003b510 secure :-1 s=READY pgs=14 cs=0 l=1 rev1=1 crypto rx=0x7f3bfc006fd0 tx=0x7f3bfc006e40 comp rx=0 tx=0).ready entity=mgr.14120 client_cookie=0 server_cookie=0 in_seq=0 out_seq=0
2024-04-24T23:43:48.582 INFO:teuthology.orchestra.run.smithi029.stdout:/usr/bin/ceph: stderr
2024-04-24T23:43:47.781+0000 7f3bf77fe700 1 -- 172.21.15.29:0/2536985626 <== mon.0 v2:172.21.15.29:3300/0 6 ==== mon_command_ack([{"prefix": "get_command_descriptions"}]=0 v0) ==== 72+0+186147 (secure 0 0 0) 0x7f3bf8011e20 con 0x7f3c08107ce0
2024-04-24T23:43:48.582 INFO:teuthology.orchestra.run.smithi029.stdout:/usr/bin/ceph: stderr
2024-04-24T23:43:47.990+0000 7f3c0cffe700 1 -- 172.21.15.29:0/2536985626 --> [v2:172.21.15.29:3300/0,v1:172.21.15.29:6789/0] -- mon_command([{prefix=config set, name=mgr/cephadm/container_init}] v 0) -- 0x7f3c0819f5b0 con 0x7f3c08107ce0
2024-04-24T23:43:48.582 INFO:teuthology.orchestra.run.smithi029.stdout:/usr/bin/ceph: stderr
2024-04-24T23:43:47.992+0000 7f3bf77fe700 1 -- 172.21.15.29:0/2536985626 <== mon.0 v2:172.21.15.29:3300/0 7 ==== mon_command_ack([{prefix=config set, name=mgr/cephadm/container_init}]=0 v7)=0 v7) ==== 142+0+0 (secure 0 0 0) 0x7f3bf80172b0 con 0x7f3c08107ce0
2024-04-24T23:43:48.582 INFO:teuthology.orchestra.run.smithi029.stdout:/usr/bin/ceph: stderr
2024-04-24T23:43:47.995+0000 7f3c0cffe700 1 -- 172.21.15.29:0/2536985626 >> [v2:172.21.15.29:6800/2901429649,v1:172.21.15.29:6801/2901429649] conn(0x7f3bf0039050 msgr2=0x7f3bf003b510 secure :-1 s=STATE_CONNECTION_ESTABLISHED l=1).mark_down
2024-04-24T23:43:48.582 INFO:teuthology.orchestra.run.smithi029.stdout:/usr/bin/ceph: stderr
2024-04-24T23:43:47.995+0000 7f3c0cffe700 1 --2- 172.21.15.29:0/2536985626 >> [v2:172.21.15.29:6800/2901429649,v1:172.21.15.29:6801/2901429649] conn(0x7f3bf0039050 0x7f3bf003b510 secure :-1 s=READY pgs=14 cs=0 l=1 rev1=1 crypto rx=0x7f3bfc006fd0 tx=0x7f3bfc006e40 comp rx=0 tx=0).stop
2024-04-24T23:43:48.582 INFO:teuthology.orchestra.run.smithi029.stdout:/usr/bin/ceph: stderr
2024-04-24T23:43:47.995+0000 7f3c0cffe700 1 -- 172.21.15.29:0/2536985626 >> [v2:172.21.15.29:3300/0,v1:172.21.15.29:6789/0] conn(0x7f3c08107ce0 msgr2=0x7f3c0819bc20 secure :-1 s=STATE_CONNECTION_ESTABLISHED l=1).mark_down
2024-04-24T23:43:48.582 INFO:teuthology.orchestra.run.smithi029.stdout:/usr/bin/ceph: stderr
2024-04-24T23:43:47.995+0000 7f3c0cffe700 1 --2- 172.21.15.29:0/2536985626 >> [v2:172.21.15.29:3300/0,v1:172.21.15.29:6789/0] conn(0x7f3c08107ce0 0x7f3c0819bc20 secure :-1 s=READY pgs=52 cs=0 l=1 rev1=1 crypto rx=0x7f3bf80117e0 tx=0x7f3bf8011c10 comp rx=0 tx=0).stop
2024-04-24T23:43:48.582 INFO:teuthology.orchestra.run.smithi029.stdout:/usr/bin/ceph: stderr
2024-04-24T23:43:47.995+0000 7f3c0cffe700 1 -- 172.21.15.29:0/2536985626 shutdown_connections
2024-04-24T23:43:48.583 INFO:teuthology.orchestra.run.smithi029.stdout:/usr/bin/ceph: stderr
2024-04-24T23:43:47.995+0000 7f3c0cffe700 1 --2- 172.21.15.29:0/2536985626 >> [v2:172.21.15.29:6800/2901429649,v1:172.21.15.29:6801/2901429649] conn(0x7f3bf0039050 0x7f3bf003b510 unknown :-1 s=CLOSED pgs=14 cs=0 l=1 rev1=1 crypto rx=0 tx=0 comp rx=0 tx=0).stop
2024-04-24T23:43:48.583 INFO:teuthology.orchestra.run.smithi029.stdout:/usr/bin/ceph: stderr
2024-04-24T23:43:47.995+0000 7f3c0cffe700 1 --2- 172.21.15.29:0/2536985626 >> [v2:172.21.15.29:3300/0,v1:172.21.15.29:6789/0] conn(0x7f3c08107ce0 0x7f3c0819bc20 unknown :-1 s=CLOSED pgs=52 cs=0 l=1 rev1=1 crypto rx=0 tx=0 comp rx=0 tx=0).stop
2024-04-24T23:43:48.583 INFO:teuthology.orchestra.run.smithi029.stdout:/usr/bin/ceph: stderr
2024-04-24T23:43:47.995+0000 7f3c0cffe700 1 -- 172.21.15.29:0/2536985626 >> 172.21.15.29:0/2536985626 conn(0x7f3c081032e0 msgr2=0x7f3c08103db0 unknown :-1 s=STATE_NONE l=0).mark_down
2024-04-24T23:43:48.583 INFO:teuthology.orchestra.run.smithi029.stdout:/usr/bin/ceph: stderr
2024-04-24T23:43:47.995+0000 7f3c0cffe700 1 -- 172.21.15.29:0/2536985626 shutdown_connections
2024-04-24T23:43:48.583 INFO:teuthology.orchestra.run.smithi029.stdout:/usr/bin/ceph: stderr
2024-04-24T23:43:47.995+0000 7f3c0cffe700 1 -- 172.21.15.29:0/2536985626 wait complete.
2024-04-24T23:43:49.210 INFO:journalctl@ceph.mon.a.smithi029.stdout:Apr 24 23:43:48 smithi029 ceph-mon[29389]: from='client.? 172.21.15.29:0/2536985626' entity='client.admin'
2024-04-24T23:43:49.872 INFO:teuthology.orchestra.run.smithi029.stdout:/usr/bin/ceph: stderr
2024-04-24T23:43:48.994+0000 7faf5ac0d700 1 Processor -- start
2024-04-24T23:43:49.872 INFO:teuthology.orchestra.run.smithi029.stdout:/usr/bin/ceph: stderr
2024-04-24T23:43:48.994+0000 7faf5ac0d700 1 -- start start
2024-04-24T23:43:49.872 INFO:teuthology.orchestra.run.smithi029.stdout:/usr/bin/ceph: stderr
2024-04-24T23:43:48.994+0000 7faf5ac0d700 1 --2- >> [v2:172.21.15.29:3300/0,v1:172.21.15.29:6789/0] conn(0x7faf54106bc0 0x7faf54106fe0 unknown :-1 s=NONE pgs=0 cs=0 l=0 rev1=0 crypto rx=0 tx=0 comp rx=0 tx=0).connect
2024-04-24T23:43:49.872 INFO:teuthology.orchestra.run.smithi029.stdout:/usr/bin/ceph: stderr
2024-04-24T23:43:48.994+0000 7faf5ac0d700 1 -- --> [v2:172.21.15.29:3300/0,v1:172.21.15.29:6789/0] -- mon_getmap magic: 0 -- 0x7faf541075b0 con 0x7faf54106bc0
2024-04-24T23:43:49.872 INFO:teuthology.orchestra.run.smithi029.stdout:/usr/bin/ceph: stderr
2024-04-24T23:43:48.994+0000 7faf589a9700 1 --2- >> [v2:172.21.15.29:3300/0,v1:172.21.15.29:6789/0] conn(0x7faf54106bc0 0x7faf54106fe0 unknown :-1 s=BANNER_CONNECTING pgs=0 cs=0 l=0 rev1=0 crypto rx=0 tx=0 comp rx=0 tx=0)._handle_peer_banner_payload supported=3 required=0
2024-04-24T23:43:49.872 INFO:teuthology.orchestra.run.smithi029.stdout:/usr/bin/ceph: stderr
2024-04-24T23:43:48.994+0000 7faf589a9700 1 --2- >> [v2:172.21.15.29:3300/0,v1:172.21.15.29:6789/0] conn(0x7faf54106bc0 0x7faf54106fe0 unknown :-1 s=HELLO_CONNECTING pgs=0 cs=0 l=0 rev1=1 crypto rx=0 tx=0 comp rx=0 tx=0).handle_hello peer v2:172.21.15.29:3300/0 says I am v2:172.21.15.29:41822/0 (socket says 172.21.15.29:41822)
2024-04-24T23:43:49.872 INFO:teuthology.orchestra.run.smithi029.stdout:/usr/bin/ceph: stderr
2024-04-24T23:43:48.994+0000 7faf589a9700 1 -- 172.21.15.29:0/564156379 learned_addr learned my addr 172.21.15.29:0/564156379 (peer_addr_for_me v2:172.21.15.29:0/0)
2024-04-24T23:43:49.872 INFO:teuthology.orchestra.run.smithi029.stdout:/usr/bin/ceph: stderr
2024-04-24T23:43:48.994+0000 7faf589a9700 1 -- 172.21.15.29:0/564156379 --> [v2:172.21.15.29:3300/0,v1:172.21.15.29:6789/0] -- mon_subscribe({config=0+,monmap=0+}) -- 0x7faf54107dc0 con 0x7faf54106bc0
2024-04-24T23:43:49.872 INFO:teuthology.orchestra.run.smithi029.stdout:/usr/bin/ceph: stderr
2024-04-24T23:43:48.994+0000 7faf589a9700 1 --2- 172.21.15.29:0/564156379 >> [v2:172.21.15.29:3300/0,v1:172.21.15.29:6789/0] conn(0x7faf54106bc0 0x7faf54106fe0 secure :-1 s=READY pgs=53 cs=0 l=1 rev1=1 crypto rx=0x7faf440098a0 tx=0x7faf44009bb0 comp rx=0 tx=0).ready entity=mon.0 client_cookie=6e67bb96feff8da server_cookie=0 in_seq=0 out_seq=0
2024-04-24T23:43:49.872 INFO:teuthology.orchestra.run.smithi029.stdout:/usr/bin/ceph: stderr
2024-04-24T23:43:48.995+0000 7faf537fe700 1 -- 172.21.15.29:0/564156379 <== mon.0 v2:172.21.15.29:3300/0 1 ==== mon_map magic: 0 ==== 205+0+0 (secure 0 0 0) 0x7faf44004160 con 0x7faf54106bc0
2024-04-24T23:43:49.872 INFO:teuthology.orchestra.run.smithi029.stdout:/usr/bin/ceph: stderr
2024-04-24T23:43:48.995+0000 7faf537fe700 1 -- 172.21.15.29:0/564156379 <== mon.0 v2:172.21.15.29:3300/0 2 ==== config(27 keys) ==== 1140+0+0 (secure 0 0 0) 0x7faf44004300 con 0x7faf54106bc0
2024-04-24T23:43:49.873 INFO:teuthology.orchestra.run.smithi029.stdout:/usr/bin/ceph: stderr
2024-04-24T23:43:48.995+0000 7faf537fe700 1 -- 172.21.15.29:0/564156379 <== mon.0 v2:172.21.15.29:3300/0 3 ==== mon_map magic: 0 ==== 205+0+0 (secure 0 0 0) 0x7faf44011b20 con 0x7faf54106bc0
2024-04-24T23:43:49.873 INFO:teuthology.orchestra.run.smithi029.stdout:/usr/bin/ceph: stderr
2024-04-24T23:43:48.995+0000 7faf5ac0d700 1 -- 172.21.15.29:0/564156379 >> [v2:172.21.15.29:3300/0,v1:172.21.15.29:6789/0] conn(0x7faf54106bc0 msgr2=0x7faf54106fe0 secure :-1 s=STATE_CONNECTION_ESTABLISHED l=1).mark_down
2024-04-24T23:43:49.873 INFO:teuthology.orchestra.run.smithi029.stdout:/usr/bin/ceph: stderr
2024-04-24T23:43:48.995+0000 7faf5ac0d700 1 --2- 172.21.15.29:0/564156379 >> [v2:172.21.15.29:3300/0,v1:172.21.15.29:6789/0] conn(0x7faf54106bc0 0x7faf54106fe0 secure :-1 s=READY pgs=53 cs=0 l=1 rev1=1 crypto rx=0x7faf440098a0 tx=0x7faf44009bb0 comp rx=0 tx=0).stop
2024-04-24T23:43:49.873 INFO:teuthology.orchestra.run.smithi029.stdout:/usr/bin/ceph: stderr
2024-04-24T23:43:48.995+0000 7faf5ac0d700 1 -- 172.21.15.29:0/564156379 shutdown_connections
2024-04-24T23:43:49.873 INFO:teuthology.orchestra.run.smithi029.stdout:/usr/bin/ceph: stderr
2024-04-24T23:43:48.995+0000 7faf5ac0d700 1 --2- 172.21.15.29:0/564156379 >> [v2:172.21.15.29:3300/0,v1:172.21.15.29:6789/0] conn(0x7faf54106bc0 0x7faf54106fe0 unknown :-1 s=CLOSED pgs=53 cs=0 l=1 rev1=1 crypto rx=0 tx=0 comp rx=0 tx=0).stop
2024-04-24T23:43:49.873 INFO:teuthology.orchestra.run.smithi029.stdout:/usr/bin/ceph: stderr
2024-04-24T23:43:48.995+0000 7faf5ac0d700 1 -- 172.21.15.29:0/564156379 >> 172.21.15.29:0/564156379 conn(0x7faf54102180 msgr2=0x7faf541045a0 unknown :-1 s=STATE_NONE l=0).mark_down
2024-04-24T23:43:49.873 INFO:teuthology.orchestra.run.smithi029.stdout:/usr/bin/ceph: stderr
2024-04-24T23:43:48.995+0000 7faf5ac0d700 1 -- 172.21.15.29:0/564156379 shutdown_connections
2024-04-24T23:43:49.873 INFO:teuthology.orchestra.run.smithi029.stdout:/usr/bin/ceph: stderr
2024-04-24T23:43:48.995+0000 7faf5ac0d700 1 -- 172.21.15.29:0/564156379 wait complete.
2024-04-24T23:43:49.873 INFO:teuthology.orchestra.run.smithi029.stdout:/usr/bin/ceph: stderr
2024-04-24T23:43:48.996+0000 7faf5ac0d700 1 Processor -- start
2024-04-24T23:43:49.873 INFO:teuthology.orchestra.run.smithi029.stdout:/usr/bin/ceph: stderr
2024-04-24T23:43:48.996+0000 7faf5ac0d700 1 -- start start
2024-04-24T23:43:49.873 INFO:teuthology.orchestra.run.smithi029.stdout:/usr/bin/ceph: stderr
2024-04-24T23:43:48.996+0000 7faf5ac0d700 1 --2- >> [v2:172.21.15.29:3300/0,v1:172.21.15.29:6789/0] conn(0x7faf54106bc0 0x7faf5419bcd0 unknown :-1 s=NONE pgs=0 cs=0 l=1 rev1=0 crypto rx=0 tx=0 comp rx=0 tx=0).connect
2024-04-24T23:43:49.873 INFO:teuthology.orchestra.run.smithi029.stdout:/usr/bin/ceph: stderr
2024-04-24T23:43:48.996+0000 7faf5ac0d700 1 -- --> [v2:172.21.15.29:3300/0,v1:172.21.15.29:6789/0] -- mon_getmap magic: 0 -- 0x7faf5410b170 con 0x7faf54106bc0
2024-04-24T23:43:49.873 INFO:teuthology.orchestra.run.smithi029.stdout:/usr/bin/ceph: stderr
2024-04-24T23:43:48.996+0000 7faf589a9700 1 --2- >> [v2:172.21.15.29:3300/0,v1:172.21.15.29:6789/0] conn(0x7faf54106bc0 0x7faf5419bcd0 unknown :-1 s=BANNER_CONNECTING pgs=0 cs=0 l=1 rev1=0 crypto rx=0 tx=0 comp rx=0 tx=0)._handle_peer_banner_payload supported=3 required=0
2024-04-24T23:43:49.873 INFO:teuthology.orchestra.run.smithi029.stdout:/usr/bin/ceph: stderr
2024-04-24T23:43:48.996+0000 7faf589a9700 1 --2- >> [v2:172.21.15.29:3300/0,v1:172.21.15.29:6789/0] conn(0x7faf54106bc0 0x7faf5419bcd0 unknown :-1 s=HELLO_CONNECTING pgs=0 cs=0 l=1 rev1=1 crypto rx=0 tx=0 comp rx=0 tx=0).handle_hello peer v2:172.21.15.29:3300/0 says I am v2:172.21.15.29:41832/0 (socket says 172.21.15.29:41832)
2024-04-24T23:43:49.874 INFO:teuthology.orchestra.run.smithi029.stdout:/usr/bin/ceph: stderr
2024-04-24T23:43:48.996+0000 7faf589a9700 1 -- 172.21.15.29:0/405012084 learned_addr learned my addr 172.21.15.29:0/405012084 (peer_addr_for_me v2:172.21.15.29:0/0)
2024-04-24T23:43:49.874 INFO:teuthology.orchestra.run.smithi029.stdout:/usr/bin/ceph: stderr
2024-04-24T23:43:48.997+0000 7faf589a9700 1 -- 172.21.15.29:0/405012084 --> [v2:172.21.15.29:3300/0,v1:172.21.15.29:6789/0] -- mon_subscribe({config=0+,monmap=0+}) -- 0x7faf5419c210 con 0x7faf54106bc0
2024-04-24T23:43:49.874 INFO:teuthology.orchestra.run.smithi029.stdout:/usr/bin/ceph: stderr
2024-04-24T23:43:48.997+0000 7faf589a9700 1 --2- 172.21.15.29:0/405012084 >> [v2:172.21.15.29:3300/0,v1:172.21.15.29:6789/0] conn(0x7faf54106bc0 0x7faf5419bcd0 secure :-1 s=READY pgs=54 cs=0 l=1 rev1=1 crypto rx=0x7faf440117e0 tx=0x7faf44011c10 comp rx=0 tx=0).ready entity=mon.0 client_cookie=0 server_cookie=0 in_seq=0 out_seq=0
2024-04-24T23:43:49.874 INFO:teuthology.orchestra.run.smithi029.stdout:/usr/bin/ceph: stderr
2024-04-24T23:43:48.997+0000 7faf51ffb700 1 -- 172.21.15.29:0/405012084 <== mon.0 v2:172.21.15.29:3300/0 1 ==== mon_map magic: 0 ==== 205+0+0 (secure 0 0 0) 0x7faf44003bf0 con 0x7faf54106bc0
2024-04-24T23:43:49.874 INFO:teuthology.orchestra.run.smithi029.stdout:/usr/bin/ceph: stderr
2024-04-24T23:43:48.997+0000 7faf5ac0d700 1 -- 172.21.15.29:0/405012084 --> [v2:172.21.15.29:3300/0,v1:172.21.15.29:6789/0] -- mon_subscribe({mgrmap=0+}) -- 0x7faf5419c4a0 con 0x7faf54106bc0
2024-04-24T23:43:49.874 INFO:teuthology.orchestra.run.smithi029.stdout:/usr/bin/ceph: stderr
2024-04-24T23:43:48.997+0000 7faf51ffb700 1 -- 172.21.15.29:0/405012084 <== mon.0 v2:172.21.15.29:3300/0 2 ==== config(27 keys) ==== 1140+0+0 (secure 0 0 0) 0x7faf4401a910 con 0x7faf54106bc0
2024-04-24T23:43:49.874 INFO:teuthology.orchestra.run.smithi029.stdout:/usr/bin/ceph: stderr
