2024-04-24T23:50:51.405+0000 7f7736200700 1 -- --> [v2:172.21.15.26:3300/0,v1:172.21.15.26:6789/0] -- mon_getmap magic: 0 -- 0x7f773007b770 con 0x7f773007cd40
2024-04-24T23:50:52.422 INFO:teuthology.orchestra.run.smithi026.stdout:/usr/bin/ceph: stderr
2024-04-24T23:50:51.406+0000 7f772f400700 1 --2- >> [v2:172.21.15.26:3300/0,v1:172.21.15.26:6789/0] conn(0x7f773007cd40 0x7f773007b1a0 unknown :-1 s=BANNER_CONNECTING pgs=0 cs=0 l=0 rev1=0 crypto rx=0 tx=0 comp rx=0 tx=0)._handle_peer_banner_payload supported=3 required=0
2024-04-24T23:50:52.423 INFO:teuthology.orchestra.run.smithi026.stdout:/usr/bin/ceph: stderr
2024-04-24T23:50:51.406+0000 7f772f400700 1 --2- >> [v2:172.21.15.26:3300/0,v1:172.21.15.26:6789/0] conn(0x7f773007cd40 0x7f773007b1a0 unknown :-1 s=HELLO_CONNECTING pgs=0 cs=0 l=0 rev1=1 crypto rx=0 tx=0 comp rx=0 tx=0).handle_hello peer v2:172.21.15.26:3300/0 says I am v2:172.21.15.26:44714/0 (socket says 172.21.15.26:44714)
2024-04-24T23:50:52.423 INFO:teuthology.orchestra.run.smithi026.stdout:/usr/bin/ceph: stderr
2024-04-24T23:50:51.406+0000 7f772f400700 1 -- 172.21.15.26:0/4039039325 learned_addr learned my addr 172.21.15.26:0/4039039325 (peer_addr_for_me v2:172.21.15.26:0/0)
2024-04-24T23:50:52.423 INFO:teuthology.orchestra.run.smithi026.stdout:/usr/bin/ceph: stderr
2024-04-24T23:50:51.406+0000 7f772f400700 1 -- 172.21.15.26:0/4039039325 --> [v2:172.21.15.26:3300/0,v1:172.21.15.26:6789/0] -- mon_subscribe({config=0+,monmap=0+}) -- 0x7f773007b8f0 con 0x7f773007cd40
2024-04-24T23:50:52.423 INFO:teuthology.orchestra.run.smithi026.stdout:/usr/bin/ceph: stderr
2024-04-24T23:50:51.406+0000 7f772f400700 1 --2- 172.21.15.26:0/4039039325 >> [v2:172.21.15.26:3300/0,v1:172.21.15.26:6789/0] conn(0x7f773007cd40 0x7f773007b1a0 secure :-1 s=READY pgs=37 cs=0 l=1 rev1=1 crypto rx=0x7f77200098a0 tx=0x7f7720009bb0 comp rx=0 tx=0).ready entity=mon.0 client_cookie=bfe8bc6791b2801b server_cookie=0 in_seq=0 out_seq=0
2024-04-24T23:50:52.423 INFO:teuthology.orchestra.run.smithi026.stdout:/usr/bin/ceph: stderr
2024-04-24T23:50:51.407+0000 7f772e000700 1 -- 172.21.15.26:0/4039039325 <== mon.0 v2:172.21.15.26:3300/0 1 ==== mon_map magic: 0 ==== 205+0+0 (secure 0 0 0) 0x7f7720004160 con 0x7f773007cd40
2024-04-24T23:50:52.425 INFO:teuthology.orchestra.run.smithi026.stdout:/usr/bin/ceph: stderr
2024-04-24T23:50:51.407+0000 7f772e000700 1 -- 172.21.15.26:0/4039039325 <== mon.0 v2:172.21.15.26:3300/0 2 ==== config(27 keys) ==== 1109+0+0 (secure 0 0 0) 0x7f7720004300 con 0x7f773007cd40
2024-04-24T23:50:52.425 INFO:teuthology.orchestra.run.smithi026.stdout:/usr/bin/ceph: stderr
2024-04-24T23:50:51.407+0000 7f772e000700 1 -- 172.21.15.26:0/4039039325 <== mon.0 v2:172.21.15.26:3300/0 3 ==== mon_map magic: 0 ==== 205+0+0 (secure 0 0 0) 0x7f7720011b50 con 0x7f773007cd40
2024-04-24T23:50:52.425 INFO:teuthology.orchestra.run.smithi026.stdout:/usr/bin/ceph: stderr
2024-04-24T23:50:51.408+0000 7f7736200700 1 -- 172.21.15.26:0/4039039325 >> [v2:172.21.15.26:3300/0,v1:172.21.15.26:6789/0] conn(0x7f773007cd40 msgr2=0x7f773007b1a0 secure :-1 s=STATE_CONNECTION_ESTABLISHED l=1).mark_down
2024-04-24T23:50:52.426 INFO:teuthology.orchestra.run.smithi026.stdout:/usr/bin/ceph: stderr
2024-04-24T23:50:51.408+0000 7f7736200700 1 --2- 172.21.15.26:0/4039039325 >> [v2:172.21.15.26:3300/0,v1:172.21.15.26:6789/0] conn(0x7f773007cd40 0x7f773007b1a0 secure :-1 s=READY pgs=37 cs=0 l=1 rev1=1 crypto rx=0x7f77200098a0 tx=0x7f7720009bb0 comp rx=0 tx=0).stop
2024-04-24T23:50:52.426 INFO:teuthology.orchestra.run.smithi026.stdout:/usr/bin/ceph: stderr
2024-04-24T23:50:51.408+0000 7f7736200700 1 -- 172.21.15.26:0/4039039325 shutdown_connections
2024-04-24T23:50:52.426 INFO:teuthology.orchestra.run.smithi026.stdout:/usr/bin/ceph: stderr
2024-04-24T23:50:51.408+0000 7f7736200700 1 --2- 172.21.15.26:0/4039039325 >> [v2:172.21.15.26:3300/0,v1:172.21.15.26:6789/0] conn(0x7f773007cd40 0x7f773007b1a0 unknown :-1 s=CLOSED pgs=37 cs=0 l=1 rev1=1 crypto rx=0 tx=0 comp rx=0 tx=0).stop
2024-04-24T23:50:52.426 INFO:teuthology.orchestra.run.smithi026.stdout:/usr/bin/ceph: stderr
2024-04-24T23:50:51.408+0000 7f7736200700 1 -- 172.21.15.26:0/4039039325 >> 172.21.15.26:0/4039039325 conn(0x7f7730103260 msgr2=0x7f77301056a0 unknown :-1 s=STATE_NONE l=0).mark_down
2024-04-24T23:50:52.426 INFO:teuthology.orchestra.run.smithi026.stdout:/usr/bin/ceph: stderr
2024-04-24T23:50:51.408+0000 7f7736200700 1 -- 172.21.15.26:0/4039039325 shutdown_connections
2024-04-24T23:50:52.426 INFO:teuthology.orchestra.run.smithi026.stdout:/usr/bin/ceph: stderr
2024-04-24T23:50:51.409+0000 7f7736200700 1 -- 172.21.15.26:0/4039039325 wait complete.
2024-04-24T23:50:52.426 INFO:teuthology.orchestra.run.smithi026.stdout:/usr/bin/ceph: stderr
2024-04-24T23:50:51.410+0000 7f7736200700 1 Processor -- start
2024-04-24T23:50:52.426 INFO:teuthology.orchestra.run.smithi026.stdout:/usr/bin/ceph: stderr
2024-04-24T23:50:51.410+0000 7f7736200700 1 -- start start
2024-04-24T23:50:52.426 INFO:teuthology.orchestra.run.smithi026.stdout:/usr/bin/ceph: stderr
2024-04-24T23:50:51.410+0000 7f7736200700 1 --2- >> [v2:172.21.15.26:3300/0,v1:172.21.15.26:6789/0] conn(0x7f773007cd40 0x7f773019de80 unknown :-1 s=NONE pgs=0 cs=0 l=1 rev1=0 crypto rx=0 tx=0 comp rx=0 tx=0).connect
2024-04-24T23:50:52.426 INFO:teuthology.orchestra.run.smithi026.stdout:/usr/bin/ceph: stderr
2024-04-24T23:50:51.410+0000 7f7736200700 1 -- --> [v2:172.21.15.26:3300/0,v1:172.21.15.26:6789/0] -- mon_getmap magic: 0 -- 0x7f773010e2b0 con 0x7f773007cd40
2024-04-24T23:50:52.426 INFO:teuthology.orchestra.run.smithi026.stdout:/usr/bin/ceph: stderr
2024-04-24T23:50:51.410+0000 7f772f400700 1 --2- >> [v2:172.21.15.26:3300/0,v1:172.21.15.26:6789/0] conn(0x7f773007cd40 0x7f773019de80 unknown :-1 s=BANNER_CONNECTING pgs=0 cs=0 l=1 rev1=0 crypto rx=0 tx=0 comp rx=0 tx=0)._handle_peer_banner_payload supported=3 required=0
2024-04-24T23:50:52.426 INFO:teuthology.orchestra.run.smithi026.stdout:/usr/bin/ceph: stderr
2024-04-24T23:50:51.410+0000 7f772f400700 1 --2- >> [v2:172.21.15.26:3300/0,v1:172.21.15.26:6789/0] conn(0x7f773007cd40 0x7f773019de80 unknown :-1 s=HELLO_CONNECTING pgs=0 cs=0 l=1 rev1=1 crypto rx=0 tx=0 comp rx=0 tx=0).handle_hello peer v2:172.21.15.26:3300/0 says I am v2:172.21.15.26:44716/0 (socket says 172.21.15.26:44716)
2024-04-24T23:50:52.426 INFO:teuthology.orchestra.run.smithi026.stdout:/usr/bin/ceph: stderr
2024-04-24T23:50:51.410+0000 7f772f400700 1 -- 172.21.15.26:0/506370788 learned_addr learned my addr 172.21.15.26:0/506370788 (peer_addr_for_me v2:172.21.15.26:0/0)
2024-04-24T23:50:52.427 INFO:teuthology.orchestra.run.smithi026.stdout:/usr/bin/ceph: stderr
2024-04-24T23:50:51.411+0000 7f772f400700 1 -- 172.21.15.26:0/506370788 --> [v2:172.21.15.26:3300/0,v1:172.21.15.26:6789/0] -- mon_subscribe({config=0+,monmap=0+}) -- 0x7f773019e3c0 con 0x7f773007cd40
2024-04-24T23:50:52.429 INFO:teuthology.orchestra.run.smithi026.stdout:/usr/bin/ceph: stderr
2024-04-24T23:50:51.411+0000 7f772f400700 1 --2- 172.21.15.26:0/506370788 >> [v2:172.21.15.26:3300/0,v1:172.21.15.26:6789/0] conn(0x7f773007cd40 0x7f773019de80 secure :-1 s=READY pgs=38 cs=0 l=1 rev1=1 crypto rx=0x7f7720011b60 tx=0x7f7720011c40 comp rx=0 tx=0).ready entity=mon.0 client_cookie=0 server_cookie=0 in_seq=0 out_seq=0
2024-04-24T23:50:52.429 INFO:teuthology.orchestra.run.smithi026.stdout:/usr/bin/ceph: stderr
2024-04-24T23:50:51.411+0000 7f7727e00700 1 -- 172.21.15.26:0/506370788 <== mon.0 v2:172.21.15.26:3300/0 1 ==== mon_map magic: 0 ==== 205+0+0 (secure 0 0 0) 0x7f7720003b20 con 0x7f773007cd40
2024-04-24T23:50:52.429 INFO:teuthology.orchestra.run.smithi026.stdout:/usr/bin/ceph: stderr
2024-04-24T23:50:51.411+0000 7f7727e00700 1 -- 172.21.15.26:0/506370788 <== mon.0 v2:172.21.15.26:3300/0 2 ==== config(27 keys) ==== 1109+0+0 (secure 0 0 0) 0x7f7720003cc0 con 0x7f773007cd40
2024-04-24T23:50:52.429 INFO:teuthology.orchestra.run.smithi026.stdout:/usr/bin/ceph: stderr
2024-04-24T23:50:51.411+0000 7f7727e00700 1 -- 172.21.15.26:0/506370788 <== mon.0 v2:172.21.15.26:3300/0 3 ==== mon_map magic: 0 ==== 205+0+0 (secure 0 0 0) 0x7f7720024840 con 0x7f773007cd40
2024-04-24T23:50:52.429 INFO:teuthology.orchestra.run.smithi026.stdout:/usr/bin/ceph: stderr
2024-04-24T23:50:51.411+0000 7f7736200700 1 -- 172.21.15.26:0/506370788 --> [v2:172.21.15.26:3300/0,v1:172.21.15.26:6789/0] -- mon_subscribe({mgrmap=0+}) -- 0x7f773019e650 con 0x7f773007cd40
2024-04-24T23:50:52.429 INFO:teuthology.orchestra.run.smithi026.stdout:/usr/bin/ceph: stderr
2024-04-24T23:50:51.412+0000 7f7736200700 1 -- 172.21.15.26:0/506370788 --> [v2:172.21.15.26:3300/0,v1:172.21.15.26:6789/0] -- mon_subscribe({osdmap=0}) -- 0x7f77301a1340 con 0x7f773007cd40
2024-04-24T23:50:52.429 INFO:teuthology.orchestra.run.smithi026.stdout:/usr/bin/ceph: stderr
2024-04-24T23:50:51.413+0000 7f7727e00700 1 -- 172.21.15.26:0/506370788 <== mon.0 v2:172.21.15.26:3300/0 4 ==== mgrmap(e 8) ==== 46287+0+0 (secure 0 0 0) 0x7f7720022020 con 0x7f773007cd40
2024-04-24T23:50:52.430 INFO:teuthology.orchestra.run.smithi026.stdout:/usr/bin/ceph: stderr
2024-04-24T23:50:51.413+0000 7f7736200700 1 -- 172.21.15.26:0/506370788 --> [v2:172.21.15.26:3300/0,v1:172.21.15.26:6789/0] -- mon_command({"prefix": "get_command_descriptions"} v 0) -- 0x7f7730063890 con 0x7f773007cd40
2024-04-24T23:50:52.430 INFO:teuthology.orchestra.run.smithi026.stdout:/usr/bin/ceph: stderr
2024-04-24T23:50:51.413+0000 7f7727e00700 1 --2- 172.21.15.26:0/506370788 >> [v2:172.21.15.26:6800/2467113492,v1:172.21.15.26:6801/2467113492] conn(0x7f77140390a0 0x7f771403b560 unknown :-1 s=NONE pgs=0 cs=0 l=1 rev1=0 crypto rx=0 tx=0 comp rx=0 tx=0).connect
2024-04-24T23:50:52.430 INFO:teuthology.orchestra.run.smithi026.stdout:/usr/bin/ceph: stderr
2024-04-24T23:50:51.413+0000 7f7727e00700 1 -- 172.21.15.26:0/506370788 <== mon.0 v2:172.21.15.26:3300/0 5 ==== osd_map(2..2 src has 1..2) ==== 940+0+0 (secure 0 0 0) 0x7f7720011e00 con 0x7f773007cd40
2024-04-24T23:50:52.430 INFO:teuthology.orchestra.run.smithi026.stdout:/usr/bin/ceph: stderr
2024-04-24T23:50:51.414+0000 7f772ea00700 1 --2- 172.21.15.26:0/506370788 >> [v2:172.21.15.26:6800/2467113492,v1:172.21.15.26:6801/2467113492] conn(0x7f77140390a0 0x7f771403b560 unknown :-1 s=BANNER_CONNECTING pgs=0 cs=0 l=1 rev1=0 crypto rx=0 tx=0 comp rx=0 tx=0)._handle_peer_banner_payload supported=3 required=0
2024-04-24T23:50:52.430 INFO:teuthology.orchestra.run.smithi026.stdout:/usr/bin/ceph: stderr
2024-04-24T23:50:51.414+0000 7f772ea00700 1 --2- 172.21.15.26:0/506370788 >> [v2:172.21.15.26:6800/2467113492,v1:172.21.15.26:6801/2467113492] conn(0x7f77140390a0 0x7f771403b560 secure :-1 s=READY pgs=7 cs=0 l=1 rev1=1 crypto rx=0x7f771c006fd0 tx=0x7f771c006e40 comp rx=0 tx=0).ready entity=mgr.14120 client_cookie=0 server_cookie=0 in_seq=0 out_seq=0
2024-04-24T23:50:52.430 INFO:teuthology.orchestra.run.smithi026.stdout:/usr/bin/ceph: stderr
2024-04-24T23:50:51.419+0000 7f7727e00700 1 -- 172.21.15.26:0/506370788 <== mon.0 v2:172.21.15.26:3300/0 6 ==== mon_command_ack([{"prefix": "get_command_descriptions"}]=0 v0) ==== 72+0+186147 (secure 0 0 0) 0x7f772001a7b0 con 0x7f773007cd40
2024-04-24T23:50:52.430 INFO:teuthology.orchestra.run.smithi026.stdout:/usr/bin/ceph: stderr
2024-04-24T23:50:51.664+0000 7f7736200700 1 -- 172.21.15.26:0/506370788 --> [v2:172.21.15.26:6800/2467113492,v1:172.21.15.26:6801/2467113492] -- mgr_command(tid 0: {"prefix": "orch set backend", "module_name": "cephadm", "target": ["mon-mgr", ""]}) -- 0x7f7730104510 con 0x7f77140390a0
2024-04-24T23:50:52.430 INFO:teuthology.orchestra.run.smithi026.stdout:/usr/bin/ceph: stderr
2024-04-24T23:50:51.682+0000 7f7727e00700 1 -- 172.21.15.26:0/506370788 <== mgr.14120 v2:172.21.15.26:6800/2467113492 1 ==== mgr_command_reply(tid 0: 0 ) ==== 8+0+0 (secure 0 0 0) 0x7f7730104510 con 0x7f77140390a0
2024-04-24T23:50:52.430 INFO:teuthology.orchestra.run.smithi026.stdout:/usr/bin/ceph: stderr
2024-04-24T23:50:51.685+0000 7f7736200700 1 -- 172.21.15.26:0/506370788 >> [v2:172.21.15.26:6800/2467113492,v1:172.21.15.26:6801/2467113492] conn(0x7f77140390a0 msgr2=0x7f771403b560 secure :-1 s=STATE_CONNECTION_ESTABLISHED l=1).mark_down
2024-04-24T23:50:52.430 INFO:teuthology.orchestra.run.smithi026.stdout:/usr/bin/ceph: stderr
2024-04-24T23:50:51.685+0000 7f7736200700 1 --2- 172.21.15.26:0/506370788 >> [v2:172.21.15.26:6800/2467113492,v1:172.21.15.26:6801/2467113492] conn(0x7f77140390a0 0x7f771403b560 secure :-1 s=READY pgs=7 cs=0 l=1 rev1=1 crypto rx=0x7f771c006fd0 tx=0x7f771c006e40 comp rx=0 tx=0).stop
2024-04-24T23:50:52.430 INFO:teuthology.orchestra.run.smithi026.stdout:/usr/bin/ceph: stderr
2024-04-24T23:50:51.685+0000 7f7736200700 1 -- 172.21.15.26:0/506370788 >> [v2:172.21.15.26:3300/0,v1:172.21.15.26:6789/0] conn(0x7f773007cd40 msgr2=0x7f773019de80 secure :-1 s=STATE_CONNECTION_ESTABLISHED l=1).mark_down
2024-04-24T23:50:52.430 INFO:teuthology.orchestra.run.smithi026.stdout:/usr/bin/ceph: stderr
2024-04-24T23:50:51.685+0000 7f7736200700 1 --2- 172.21.15.26:0/506370788 >> [v2:172.21.15.26:3300/0,v1:172.21.15.26:6789/0] conn(0x7f773007cd40 0x7f773019de80 secure :-1 s=READY pgs=38 cs=0 l=1 rev1=1 crypto rx=0x7f7720011b60 tx=0x7f7720011c40 comp rx=0 tx=0).stop
2024-04-24T23:50:52.430 INFO:teuthology.orchestra.run.smithi026.stdout:/usr/bin/ceph: stderr
2024-04-24T23:50:51.685+0000 7f7736200700 1 -- 172.21.15.26:0/506370788 shutdown_connections
2024-04-24T23:50:52.431 INFO:teuthology.orchestra.run.smithi026.stdout:/usr/bin/ceph: stderr
2024-04-24T23:50:51.685+0000 7f7736200700 1 --2- 172.21.15.26:0/506370788 >> [v2:172.21.15.26:6800/2467113492,v1:172.21.15.26:6801/2467113492] conn(0x7f77140390a0 0x7f771403b560 unknown :-1 s=CLOSED pgs=7 cs=0 l=1 rev1=1 crypto rx=0 tx=0 comp rx=0 tx=0).stop
2024-04-24T23:50:52.431 INFO:teuthology.orchestra.run.smithi026.stdout:/usr/bin/ceph: stderr
2024-04-24T23:50:51.685+0000 7f7736200700 1 --2- 172.21.15.26:0/506370788 >> [v2:172.21.15.26:3300/0,v1:172.21.15.26:6789/0] conn(0x7f773007cd40 0x7f773019de80 unknown :-1 s=CLOSED pgs=38 cs=0 l=1 rev1=1 crypto rx=0 tx=0 comp rx=0 tx=0).stop
2024-04-24T23:50:52.431 INFO:teuthology.orchestra.run.smithi026.stdout:/usr/bin/ceph: stderr
2024-04-24T23:50:51.685+0000 7f7736200700 1 -- 172.21.15.26:0/506370788 >> 172.21.15.26:0/506370788 conn(0x7f7730103260 msgr2=0x7f7730103e00 unknown :-1 s=STATE_NONE l=0).mark_down
2024-04-24T23:50:52.431 INFO:teuthology.orchestra.run.smithi026.stdout:/usr/bin/ceph: stderr
2024-04-24T23:50:51.685+0000 7f7736200700 1 -- 172.21.15.26:0/506370788 shutdown_connections
2024-04-24T23:50:52.431 INFO:teuthology.orchestra.run.smithi026.stdout:/usr/bin/ceph: stderr
2024-04-24T23:50:51.685+0000 7f7736200700 1 -- 172.21.15.26:0/506370788 wait complete.
2024-04-24T23:50:53.956 INFO:teuthology.orchestra.run.smithi026.stdout:/usr/bin/ceph: stdout value unchanged
2024-04-24T23:50:53.957 INFO:teuthology.orchestra.run.smithi026.stdout:/usr/bin/ceph: stderr
2024-04-24T23:50:53.068+0000 7f12cf000700 1 Processor -- start
2024-04-24T23:50:53.957 INFO:teuthology.orchestra.run.smithi026.stdout:/usr/bin/ceph: stderr
2024-04-24T23:50:53.069+0000 7f12cf000700 1 -- start start
2024-04-24T23:50:53.957 INFO:teuthology.orchestra.run.smithi026.stdout:/usr/bin/ceph: stderr
2024-04-24T23:50:53.069+0000 7f12cf000700 1 --2- >> [v2:172.21.15.26:3300/0,v1:172.21.15.26:6789/0] conn(0x7f12c8109d00 0x7f12c810a120 unknown :-1 s=NONE pgs=0 cs=0 l=0 rev1=0 crypto rx=0 tx=0 comp rx=0 tx=0).connect
2024-04-24T23:50:53.957 INFO:teuthology.orchestra.run.smithi026.stdout:/usr/bin/ceph: stderr
2024-04-24T23:50:53.069+0000 7f12cf000700 1 -- --> [v2:172.21.15.26:3300/0,v1:172.21.15.26:6789/0] -- mon_getmap magic: 0 -- 0x7f12c810a6f0 con 0x7f12c8109d00
2024-04-24T23:50:53.957 INFO:teuthology.orchestra.run.smithi026.stdout:/usr/bin/ceph: stderr
2024-04-24T23:50:53.069+0000 7f12cdc00700 1 --2- >> [v2:172.21.15.26:3300/0,v1:172.21.15.26:6789/0] conn(0x7f12c8109d00 0x7f12c810a120 unknown :-1 s=BANNER_CONNECTING pgs=0 cs=0 l=0 rev1=0 crypto rx=0 tx=0 comp rx=0 tx=0)._handle_peer_banner_payload supported=3 required=0
2024-04-24T23:50:53.961 INFO:teuthology.orchestra.run.smithi026.stdout:/usr/bin/ceph: stderr
2024-04-24T23:50:53.069+0000 7f12cdc00700 1 --2- >> [v2:172.21.15.26:3300/0,v1:172.21.15.26:6789/0] conn(0x7f12c8109d00 0x7f12c810a120 unknown :-1 s=HELLO_CONNECTING pgs=0 cs=0 l=0 rev1=1 crypto rx=0 tx=0 comp rx=0 tx=0).handle_hello peer v2:172.21.15.26:3300/0 says I am v2:172.21.15.26:44732/0 (socket says 172.21.15.26:44732)
2024-04-24T23:50:53.961 INFO:teuthology.orchestra.run.smithi026.stdout:/usr/bin/ceph: stderr
2024-04-24T23:50:53.070+0000 7f12cdc00700 1 -- 172.21.15.26:0/323260074 learned_addr learned my addr 172.21.15.26:0/323260074 (peer_addr_for_me v2:172.21.15.26:0/0)
2024-04-24T23:50:53.962 INFO:teuthology.orchestra.run.smithi026.stdout:/usr/bin/ceph: stderr
2024-04-24T23:50:53.070+0000 7f12cdc00700 1 -- 172.21.15.26:0/323260074 --> [v2:172.21.15.26:3300/0,v1:172.21.15.26:6789/0] -- mon_subscribe({config=0+,monmap=0+}) -- 0x7f12c810af00 con 0x7f12c8109d00
2024-04-24T23:50:53.962 INFO:teuthology.orchestra.run.smithi026.stdout:/usr/bin/ceph: stderr
2024-04-24T23:50:53.070+0000 7f12cdc00700 1 --2- 172.21.15.26:0/323260074 >> [v2:172.21.15.26:3300/0,v1:172.21.15.26:6789/0] conn(0x7f12c8109d00 0x7f12c810a120 secure :-1 s=READY pgs=39 cs=0 l=1 rev1=1 crypto rx=0x7f12bc0098a0 tx=0x7f12bc009bb0 comp rx=0 tx=0).ready entity=mon.0 client_cookie=702086bc8e5b233f server_cookie=0 in_seq=0 out_seq=0
2024-04-24T23:50:53.962 INFO:teuthology.orchestra.run.smithi026.stdout:/usr/bin/ceph: stderr
2024-04-24T23:50:53.071+0000 7f12c7e00700 1 -- 172.21.15.26:0/323260074 <== mon.0 v2:172.21.15.26:3300/0 1 ==== mon_map magic: 0 ==== 205+0+0 (secure 0 0 0) 0x7f12bc004160 con 0x7f12c8109d00
2024-04-24T23:50:53.962 INFO:teuthology.orchestra.run.smithi026.stdout:/usr/bin/ceph: stderr
2024-04-24T23:50:53.071+0000 7f12c7e00700 1 -- 172.21.15.26:0/323260074 <== mon.0 v2:172.21.15.26:3300/0 2 ==== config(27 keys) ==== 1109+0+0 (secure 0 0 0) 0x7f12bc004300 con 0x7f12c8109d00
2024-04-24T23:50:53.962 INFO:teuthology.orchestra.run.smithi026.stdout:/usr/bin/ceph: stderr
2024-04-24T23:50:53.071+0000 7f12c7e00700 1 -- 172.21.15.26:0/323260074 <== mon.0 v2:172.21.15.26:3300/0 3 ==== mon_map magic: 0 ==== 205+0+0 (secure 0 0 0) 0x7f12bc011b50 con 0x7f12c8109d00
2024-04-24T23:50:53.962 INFO:teuthology.orchestra.run.smithi026.stdout:/usr/bin/ceph: stderr
2024-04-24T23:50:53.071+0000 7f12cf000700 1 -- 172.21.15.26:0/323260074 >> [v2:172.21.15.26:3300/0,v1:172.21.15.26:6789/0] conn(0x7f12c8109d00 msgr2=0x7f12c810a120 secure :-1 s=STATE_CONNECTION_ESTABLISHED l=1).mark_down
2024-04-24T23:50:53.962 INFO:teuthology.orchestra.run.smithi026.stdout:/usr/bin/ceph: stderr
2024-04-24T23:50:53.071+0000 7f12cf000700 1 --2- 172.21.15.26:0/323260074 >> [v2:172.21.15.26:3300/0,v1:172.21.15.26:6789/0] conn(0x7f12c8109d00 0x7f12c810a120 secure :-1 s=READY pgs=39 cs=0 l=1 rev1=1 crypto rx=0x7f12bc0098a0 tx=0x7f12bc009bb0 comp rx=0 tx=0).stop
2024-04-24T23:50:53.962 INFO:teuthology.orchestra.run.smithi026.stdout:/usr/bin/ceph: stderr
2024-04-24T23:50:53.072+0000 7f12cf000700 1 -- 172.21.15.26:0/323260074 shutdown_connections
2024-04-24T23:50:53.962 INFO:teuthology.orchestra.run.smithi026.stdout:/usr/bin/ceph: stderr
2024-04-24T23:50:53.072+0000 7f12cf000700 1 --2- 172.21.15.26:0/323260074 >> [v2:172.21.15.26:3300/0,v1:172.21.15.26:6789/0] conn(0x7f12c8109d00 0x7f12c810a120 unknown :-1 s=CLOSED pgs=39 cs=0 l=1 rev1=1 crypto rx=0 tx=0 comp rx=0 tx=0).stop
2024-04-24T23:50:53.962 INFO:teuthology.orchestra.run.smithi026.stdout:/usr/bin/ceph: stderr
2024-04-24T23:50:53.072+0000 7f12cf000700 1 -- 172.21.15.26:0/323260074 >> 172.21.15.26:0/323260074 conn(0x7f12c807d0f0 msgr2=0x7f12c807d500 unknown :-1 s=STATE_NONE l=0).mark_down
2024-04-24T23:50:53.962 INFO:teuthology.orchestra.run.smithi026.stdout:/usr/bin/ceph: stderr
2024-04-24T23:50:53.072+0000 7f12cf000700 1 -- 172.21.15.26:0/323260074 shutdown_connections
2024-04-24T23:50:53.962 INFO:teuthology.orchestra.run.smithi026.stdout:/usr/bin/ceph: stderr
2024-04-24T23:50:53.072+0000 7f12cf000700 1 -- 172.21.15.26:0/323260074 wait complete.
2024-04-24T23:50:53.962 INFO:teuthology.orchestra.run.smithi026.stdout:/usr/bin/ceph: stderr
2024-04-24T23:50:53.073+0000 7f12cf000700 1 Processor -- start
2024-04-24T23:50:53.963 INFO:teuthology.orchestra.run.smithi026.stdout:/usr/bin/ceph: stderr
2024-04-24T23:50:53.073+0000 7f12cf000700 1 -- start start
2024-04-24T23:50:53.963 INFO:teuthology.orchestra.run.smithi026.stdout:/usr/bin/ceph: stderr
2024-04-24T23:50:53.073+0000 7f12cf000700 1 --2- >> [v2:172.21.15.26:3300/0,v1:172.21.15.26:6789/0] conn(0x7f12c8109d00 0x7f12c819dd60 unknown :-1 s=NONE pgs=0 cs=0 l=1 rev1=0 crypto rx=0 tx=0 comp rx=0 tx=0).connect
2024-04-24T23:50:53.963 INFO:teuthology.orchestra.run.smithi026.stdout:/usr/bin/ceph: stderr
2024-04-24T23:50:53.073+0000 7f12cf000700 1 -- --> [v2:172.21.15.26:3300/0,v1:172.21.15.26:6789/0] -- mon_getmap magic: 0 -- 0x7f12c810e2b0 con 0x7f12c8109d00
2024-04-24T23:50:53.963 INFO:teuthology.orchestra.run.smithi026.stdout:/usr/bin/ceph: stderr
2024-04-24T23:50:53.074+0000 7f12cdc00700 1 --2- >> [v2:172.21.15.26:3300/0,v1:172.21.15.26:6789/0] conn(0x7f12c8109d00 0x7f12c819dd60 unknown :-1 s=BANNER_CONNECTING pgs=0 cs=0 l=1 rev1=0 crypto rx=0 tx=0 comp rx=0 tx=0)._handle_peer_banner_payload supported=3 required=0
2024-04-24T23:50:53.963 INFO:teuthology.orchestra.run.smithi026.stdout:/usr/bin/ceph: stderr
2024-04-24T23:50:53.074+0000 7f12cdc00700 1 --2- >> [v2:172.21.15.26:3300/0,v1:172.21.15.26:6789/0] conn(0x7f12c8109d00 0x7f12c819dd60 unknown :-1 s=HELLO_CONNECTING pgs=0 cs=0 l=1 rev1=1 crypto rx=0 tx=0 comp rx=0 tx=0).handle_hello peer v2:172.21.15.26:3300/0 says I am v2:172.21.15.26:44748/0 (socket says 172.21.15.26:44748)
2024-04-24T23:50:53.963 INFO:teuthology.orchestra.run.smithi026.stdout:/usr/bin/ceph: stderr
2024-04-24T23:50:53.074+0000 7f12cdc00700 1 -- 172.21.15.26:0/3461646921 learned_addr learned my addr 172.21.15.26:0/3461646921 (peer_addr_for_me v2:172.21.15.26:0/0)
2024-04-24T23:50:53.963 INFO:teuthology.orchestra.run.smithi026.stdout:/usr/bin/ceph: stderr
2024-04-24T23:50:53.074+0000 7f12cdc00700 1 -- 172.21.15.26:0/3461646921 --> [v2:172.21.15.26:3300/0,v1:172.21.15.26:6789/0] -- mon_subscribe({config=0+,monmap=0+}) -- 0x7f12c819e2a0 con 0x7f12c8109d00
2024-04-24T23:50:53.963 INFO:teuthology.orchestra.run.smithi026.stdout:/usr/bin/ceph: stderr
2024-04-24T23:50:53.074+0000 7f12cdc00700 1 --2- 172.21.15.26:0/3461646921 >> [v2:172.21.15.26:3300/0,v1:172.21.15.26:6789/0] conn(0x7f12c8109d00 0x7f12c819dd60 secure :-1 s=READY pgs=40 cs=0 l=1 rev1=1 crypto rx=0x7f12bc011850 tx=0x7f12bc011c10 comp rx=0 tx=0).ready entity=mon.0 client_cookie=0 server_cookie=0 in_seq=0 out_seq=0
2024-04-24T23:50:53.963 INFO:teuthology.orchestra.run.smithi026.stdout:/usr/bin/ceph: stderr
2024-04-24T23:50:53.075+0000 7f12c6000700 1 -- 172.21.15.26:0/3461646921 <== mon.0 v2:172.21.15.26:3300/0 1 ==== mon_map magic: 0 ==== 205+0+0 (secure 0 0 0) 0x7f12bc003af0 con 0x7f12c8109d00
2024-04-24T23:50:53.963 INFO:teuthology.orchestra.run.smithi026.stdout:/usr/bin/ceph: stderr
2024-04-24T23:50:53.075+0000 7f12c6000700 1 -- 172.21.15.26:0/3461646921 <== mon.0 v2:172.21.15.26:3300/0 2 ==== config(27 keys) ==== 1109+0+0 (secure 0 0 0) 0x7f12bc020070 con 0x7f12c8109d00
2024-04-24T23:50:53.963 INFO:teuthology.orchestra.run.smithi026.stdout:/usr/bin/ceph: stderr
2024-04-24T23:50:53.075+0000 7f12cf000700 1 -- 172.21.15.26:0/3461646921 --> [v2:172.21.15.26:3300/0,v1:172.21.15.26:6789/0] -- mon_subscribe({mgrmap=0+}) -- 0x7f12c819e530 con 0x7f12c8109d00
2024-04-24T23:50:53.963 INFO:teuthology.orchestra.run.smithi026.stdout:/usr/bin/ceph: stderr
2024-04-24T23:50:53.075+0000 7f12c6000700 1 -- 172.21.15.26:0/3461646921 <== mon.0 v2:172.21.15.26:3300/0 3 ==== mon_map magic: 0 ==== 205+0+0 (secure 0 0 0) 0x7f12bc0195a0 con 0x7f12c8109d00
2024-04-24T23:50:53.963 INFO:teuthology.orchestra.run.smithi026.stdout:/usr/bin/ceph: stderr
2024-04-24T23:50:53.075+0000 7f12cf000700 1 -- 172.21.15.26:0/3461646921 --> [v2:172.21.15.26:3300/0,v1:172.21.15.26:6789/0] -- mon_subscribe({osdmap=0}) -- 0x7f12c81a1220 con 0x7f12c8109d00
2024-04-24T23:50:53.963 INFO:teuthology.orchestra.run.smithi026.stdout:/usr/bin/ceph: stderr
2024-04-24T23:50:53.076+0000 7f12cf000700 1 -- 172.21.15.26:0/3461646921 --> [v2:172.21.15.26:3300/0,v1:172.21.15.26:6789/0] -- mon_command({"prefix": "get_command_descriptions"} v 0) -- 0x7f12c8069360 con 0x7f12c8109d00
2024-04-24T23:50:53.964 INFO:teuthology.orchestra.run.smithi026.stdout:/usr/bin/ceph: stderr
2024-04-24T23:50:53.076+0000 7f12c6000700 1 -- 172.21.15.26:0/3461646921 <== mon.0 v2:172.21.15.26:3300/0 4 ==== mgrmap(e 8) ==== 46287+0+0 (secure 0 0 0) 0x7f12bc01a430 con 0x7f12c8109d00
2024-04-24T23:50:53.964 INFO:teuthology.orchestra.run.smithi026.stdout:/usr/bin/ceph: stderr
2024-04-24T23:50:53.077+0000 7f12c6000700 1 --2- 172.21.15.26:0/3461646921 >> [v2:172.21.15.26:6800/2467113492,v1:172.21.15.26:6801/2467113492] conn(0x7f12b00390a0 0x7f12b003b560 unknown :-1 s=NONE pgs=0 cs=0 l=1 rev1=0 crypto rx=0 tx=0 comp rx=0 tx=0).connect
2024-04-24T23:50:53.964 INFO:teuthology.orchestra.run.smithi026.stdout:/usr/bin/ceph: stderr
2024-04-24T23:50:53.077+0000 7f12c6000700 1 -- 172.21.15.26:0/3461646921 <== mon.0 v2:172.21.15.26:3300/0 5 ==== osd_map(2..2 src has 1..2) ==== 940+0+0 (secure 0 0 0) 0x7f12bc011e00 con 0x7f12c8109d00
2024-04-24T23:50:53.964 INFO:teuthology.orchestra.run.smithi026.stdout:/usr/bin/ceph: stderr
2024-04-24T23:50:53.077+0000 7f12cd200700 1 --2- 172.21.15.26:0/3461646921 >> [v2:172.21.15.26:6800/2467113492,v1:172.21.15.26:6801/2467113492] conn(0x7f12b00390a0 0x7f12b003b560 unknown :-1 s=BANNER_CONNECTING pgs=0 cs=0 l=1 rev1=0 crypto rx=0 tx=0 comp rx=0 tx=0)._handle_peer_banner_payload supported=3 required=0
2024-04-24T23:50:53.964 INFO:teuthology.orchestra.run.smithi026.stdout:/usr/bin/ceph: stderr
2024-04-24T23:50:53.078+0000 7f12cd200700 1 --2- 172.21.15.26:0/3461646921 >> [v2:172.21.15.26:6800/2467113492,v1:172.21.15.26:6801/2467113492] conn(0x7f12b00390a0 0x7f12b003b560 secure :-1 s=READY pgs=8 cs=0 l=1 rev1=1 crypto rx=0x7f12b4006fd0 tx=0x7f12b4006e40 comp rx=0 tx=0).ready entity=mgr.14120 client_cookie=0 server_cookie=0 in_seq=0 out_seq=0
2024-04-24T23:50:53.964 INFO:teuthology.orchestra.run.smithi026.stdout:/usr/bin/ceph: stderr
2024-04-24T23:50:53.083+0000 7f12c6000700 1 -- 172.21.15.26:0/3461646921 <== mon.0 v2:172.21.15.26:3300/0 6 ==== mon_command_ack([{"prefix": "get_command_descriptions"}]=0 v0) ==== 72+0+186147 (secure 0 0 0) 0x7f12bc00e260 con 0x7f12c8109d00
2024-04-24T23:50:53.964 INFO:teuthology.orchestra.run.smithi026.stdout:/usr/bin/ceph: stderr
2024-04-24T23:50:53.318+0000 7f12cf000700 1 -- 172.21.15.26:0/3461646921 --> [v2:172.21.15.26:6800/2467113492,v1:172.21.15.26:6801/2467113492] -- mgr_command(tid 0: {"prefix": "cephadm set-user", "user": "root", "target": ["mon-mgr", ""]}) -- 0x7f12c8107c60 con 0x7f12b00390a0
2024-04-24T23:50:53.964 INFO:teuthology.orchestra.run.smithi026.stdout:/usr/bin/ceph: stderr
2024-04-24T23:50:53.320+0000 7f12c6000700 1 -- 172.21.15.26:0/3461646921 <== mgr.14120 v2:172.21.15.26:6800/2467113492 1 ==== mgr_command_reply(tid 0: 0 ) ==== 8+0+16 (secure 0 0 0) 0x7f12c8107c60 con 0x7f12b00390a0
2024-04-24T23:50:53.964 INFO:teuthology.orchestra.run.smithi026.stdout:/usr/bin/ceph: stderr
2024-04-24T23:50:53.323+0000 7f12cf000700 1 -- 172.21.15.26:0/3461646921 >> [v2:172.21.15.26:6800/2467113492,v1:172.21.15.26:6801/2467113492] conn(0x7f12b00390a0 msgr2=0x7f12b003b560 secure :-1 s=STATE_CONNECTION_ESTABLISHED l=1).mark_down
2024-04-24T23:50:53.964 INFO:teuthology.orchestra.run.smithi026.stdout:/usr/bin/ceph: stderr
2024-04-24T23:50:53.323+0000 7f12cf000700 1 --2- 172.21.15.26:0/3461646921 >> [v2:172.21.15.26:6800/2467113492,v1:172.21.15.26:6801/2467113492] conn(0x7f12b00390a0 0x7f12b003b560 secure :-1 s=READY pgs=8 cs=0 l=1 rev1=1 crypto rx=0x7f12b4006fd0 tx=0x7f12b4006e40 comp rx=0 tx=0).stop
2024-04-24T23:50:53.964 INFO:teuthology.orchestra.run.smithi026.stdout:/usr/bin/ceph: stderr
2024-04-24T23:50:53.323+0000 7f12cf000700 1 -- 172.21.15.26:0/3461646921 >> [v2:172.21.15.26:3300/0,v1:172.21.15.26:6789/0] conn(0x7f12c8109d00 msgr2=0x7f12c819dd60 secure :-1 s=STATE_CONNECTION_ESTABLISHED l=1).mark_down
2024-04-24T23:50:53.964 INFO:teuthology.orchestra.run.smithi026.stdout:/usr/bin/ceph: stderr
2024-04-24T23:50:53.323+0000 7f12cf000700 1 --2- 172.21.15.26:0/3461646921 >> [v2:172.21.15.26:3300/0,v1:172.21.15.26:6789/0] conn(0x7f12c8109d00 0x7f12c819dd60 secure :-1 s=READY pgs=40 cs=0 l=1 rev1=1 crypto rx=0x7f12bc011850 tx=0x7f12bc011c10 comp rx=0 tx=0).stop
2024-04-24T23:50:53.964 INFO:teuthology.orchestra.run.smithi026.stdout:/usr/bin/ceph: stderr
2024-04-24T23:50:53.323+0000 7f12cf000700 1 -- 172.21.15.26:0/3461646921 shutdown_connections
2024-04-24T23:50:53.965 INFO:teuthology.orchestra.run.smithi026.stdout:/usr/bin/ceph: stderr
2024-04-24T23:50:53.323+0000 7f12cf000700 1 --2- 172.21.15.26:0/3461646921 >> [v2:172.21.15.26:6800/2467113492,v1:172.21.15.26:6801/2467113492] conn(0x7f12b00390a0 0x7f12b003b560 unknown :-1 s=CLOSED pgs=8 cs=0 l=1 rev1=1 crypto rx=0 tx=0 comp rx=0 tx=0).stop
2024-04-24T23:50:53.965 INFO:teuthology.orchestra.run.smithi026.stdout:/usr/bin/ceph: stderr
2024-04-24T23:50:53.323+0000 7f12cf000700 1 --2- 172.21.15.26:0/3461646921 >> [v2:172.21.15.26:3300/0,v1:172.21.15.26:6789/0] conn(0x7f12c8109d00 0x7f12c819dd60 unknown :-1 s=CLOSED pgs=40 cs=0 l=1 rev1=1 crypto rx=0 tx=0 comp rx=0 tx=0).stop
2024-04-24T23:50:53.965 INFO:teuthology.orchestra.run.smithi026.stdout:/usr/bin/ceph: stderr
2024-04-24T23:50:53.323+0000 7f12cf000700 1 -- 172.21.15.26:0/3461646921 >> 172.21.15.26:0/3461646921 conn(0x7f12c807d0f0 msgr2=0x7f12c8107550 unknown :-1 s=STATE_NONE l=0).mark_down
2024-04-24T23:50:53.965 INFO:teuthology.orchestra.run.smithi026.stdout:/usr/bin/ceph: stderr
2024-04-24T23:50:53.323+0000 7f12cf000700 1 -- 172.21.15.26:0/3461646921 shutdown_connections
2024-04-24T23:50:53.965 INFO:teuthology.orchestra.run.smithi026.stdout:/usr/bin/ceph: stderr
2024-04-24T23:50:53.324+0000 7f12cf000700 1 -- 172.21.15.26:0/3461646921 wait complete.
2024-04-24T23:50:53.965 INFO:teuthology.orchestra.run.smithi026.stdout:Generating ssh key...
2024-04-24T23:50:54.257 INFO:journalctl@ceph.mon.a.smithi026.stdout:Apr 24 23:50:54 smithi026 ceph-mon[27936]: from='client.14134 -' entity='client.admin' cmd=[{"prefix": "cephadm set-user", "user": "root", "target": ["mon-mgr", ""]}]: dispatch
2024-04-24T23:50:55.257 INFO:journalctl@ceph.mon.a.smithi026.stdout:Apr 24 23:50:55 smithi026 ceph-mon[27936]: from='client.14136 -' entity='client.admin' cmd=[{"prefix": "cephadm generate-key", "target": ["mon-mgr", ""]}]: dispatch
2024-04-24T23:50:55.257 INFO:journalctl@ceph.mon.a.smithi026.stdout:Apr 24 23:50:55 smithi026 ceph-mon[27936]: Generating ssh key...
2024-04-24T23:50:55.257 INFO:journalctl@ceph.mon.a.smithi026.stdout:Apr 24 23:50:55 smithi026 ceph-mon[27936]: from='mgr.14120 172.21.15.26:0/831325127' entity='mgr.x'
2024-04-24T23:50:55.257 INFO:journalctl@ceph.mon.a.smithi026.stdout:Apr 24 23:50:55 smithi026 ceph-mon[27936]: from='mgr.14120 172.21.15.26:0/831325127' entity='mgr.x'
2024-04-24T23:50:55.257 INFO:journalctl@ceph.mgr.x.smithi026.stdout:Apr 24 23:50:54 smithi026 ceph-3c99b776-0295-11ef-bc93-c7b262605968-mgr-x[28162]: Generating public/private rsa key pair.
2024-04-24T23:50:55.258 INFO:journalctl@ceph.mgr.x.smithi026.stdout:Apr 24 23:50:54 smithi026 ceph-3c99b776-0295-11ef-bc93-c7b262605968-mgr-x[28162]: Your identification has been saved in /tmp/tmpdv2ho4wl/key.
2024-04-24T23:50:55.258 INFO:journalctl@ceph.mgr.x.smithi026.stdout:Apr 24 23:50:54 smithi026 ceph-3c99b776-0295-11ef-bc93-c7b262605968-mgr-x[28162]: Your public key has been saved in /tmp/tmpdv2ho4wl/key.pub.
2024-04-24T23:50:55.258 INFO:journalctl@ceph.mgr.x.smithi026.stdout:Apr 24 23:50:54 smithi026 ceph-3c99b776-0295-11ef-bc93-c7b262605968-mgr-x[28162]: The key fingerprint is:
2024-04-24T23:50:55.258 INFO:journalctl@ceph.mgr.x.smithi026.stdout:Apr 24 23:50:54 smithi026 ceph-3c99b776-0295-11ef-bc93-c7b262605968-mgr-x[28162]: SHA256:JL6+pWJgXBnyw9ZNmBYhHcPQwGFGY79y2oM8Nn/dXug ceph-3c99b776-0295-11ef-bc93-c7b262605968
2024-04-24T23:50:55.258 INFO:journalctl@ceph.mgr.x.smithi026.stdout:Apr 24 23:50:54 smithi026 ceph-3c99b776-0295-11ef-bc93-c7b262605968-mgr-x[28162]: The key's randomart image is:
2024-04-24T23:50:55.258 INFO:journalctl@ceph.mgr.x.smithi026.stdout:Apr 24 23:50:54 smithi026 ceph-3c99b776-0295-11ef-bc93-c7b262605968-mgr-x[28162]: +---[RSA 3072]----+
2024-04-24T23:50:55.258 INFO:journalctl@ceph.mgr.x.smithi026.stdout:Apr 24 23:50:54 smithi026 ceph-3c99b776-0295-11ef-bc93-c7b262605968-mgr-x[28162]: | o@B=* |
2024-04-24T23:50:55.258 INFO:journalctl@ceph.mgr.x.smithi026.stdout:Apr 24 23:50:54 smithi026 ceph-3c99b776-0295-11ef-bc93-c7b262605968-mgr-x[28162]: | .+o+B.. |
2024-04-24T23:50:55.258 INFO:journalctl@ceph.mgr.x.smithi026.stdout:Apr 24 23:50:54 smithi026 ceph-3c99b776-0295-11ef-bc93-c7b262605968-mgr-x[28162]: | + =oo. |
2024-04-24T23:50:55.258 INFO:journalctl@ceph.mgr.x.smithi026.stdout:Apr 24 23:50:54 smithi026 ceph-3c99b776-0295-11ef-bc93-c7b262605968-mgr-x[28162]: | B..+. |
2024-04-24T23:50:55.258 INFO:journalctl@ceph.mgr.x.smithi026.stdout:Apr 24 23:50:54 smithi026 ceph-3c99b776-0295-11ef-bc93-c7b262605968-mgr-x[28162]: | . o..+ S |
2024-04-24T23:50:55.258 INFO:journalctl@ceph.mgr.x.smithi026.stdout:Apr 24 23:50:54 smithi026 ceph-3c99b776-0295-11ef-bc93-c7b262605968-mgr-x[28162]: | +. * . . |
2024-04-24T23:50:55.258 INFO:journalctl@ceph.mgr.x.smithi026.stdout:Apr 24 23:50:54 smithi026 ceph-3c99b776-0295-11ef-bc93-c7b262605968-mgr-x[28162]: | . .B + .. .. . |
2024-04-24T23:50:55.259 INFO:journalctl@ceph.mgr.x.smithi026.stdout:Apr 24 23:50:54 smithi026 ceph-3c99b776-0295-11ef-bc93-c7b262605968-mgr-x[28162]: | .o= +. .... |
2024-04-24T23:50:55.259 INFO:journalctl@ceph.mgr.x.smithi026.stdout:Apr 24 23:50:54 smithi026 ceph-3c99b776-0295-11ef-bc93-c7b262605968-mgr-x[28162]: | . .=o .E |
2024-04-24T23:50:55.259 INFO:journalctl@ceph.mgr.x.smithi026.stdout:Apr 24 23:50:54 smithi026 ceph-3c99b776-0295-11ef-bc93-c7b262605968-mgr-x[28162]: +----[SHA256]-----+
2024-04-24T23:50:55.702 INFO:teuthology.orchestra.run.smithi026.stdout:/usr/bin/ceph: stderr
2024-04-24T23:50:54.549+0000 7f86bac00700 1 Processor -- start
2024-04-24T23:50:55.703 INFO:teuthology.orchestra.run.smithi026.stdout:/usr/bin/ceph: stderr
2024-04-24T23:50:54.550+0000 7f86bac00700 1 -- start start
2024-04-24T23:50:55.703 INFO:teuthology.orchestra.run.smithi026.stdout:/usr/bin/ceph: stderr
2024-04-24T23:50:54.550+0000 7f86bac00700 1 --2- >> [v2:172.21.15.26:3300/0,v1:172.21.15.26:6789/0] conn(0x7f86b4109f00 0x7f86b410a340 unknown :-1 s=NONE pgs=0 cs=0 l=0 rev1=0 crypto rx=0 tx=0 comp rx=0 tx=0).connect
2024-04-24T23:50:55.703 INFO:teuthology.orchestra.run.smithi026.stdout:/usr/bin/ceph: stderr
2024-04-24T23:50:54.550+0000 7f86bac00700 1 -- --> [v2:172.21.15.26:3300/0,v1:172.21.15.26:6789/0] -- mon_getmap magic: 0 -- 0x7f86b410a880 con 0x7f86b4109f00
2024-04-24T23:50:55.703 INFO:teuthology.orchestra.run.smithi026.stdout:/usr/bin/ceph: stderr
2024-04-24T23:50:54.551+0000 7f86b3e00700 1 --2- >> [v2:172.21.15.26:3300/0,v1:172.21.15.26:6789/0] conn(0x7f86b4109f00 0x7f86b410a340 unknown :-1 s=BANNER_CONNECTING pgs=0 cs=0 l=0 rev1=0 crypto rx=0 tx=0 comp rx=0 tx=0)._handle_peer_banner_payload supported=3 required=0
2024-04-24T23:50:55.703 INFO:teuthology.orchestra.run.smithi026.stdout:/usr/bin/ceph: stderr
2024-04-24T23:50:54.551+0000 7f86b3e00700 1 --2- >> [v2:172.21.15.26:3300/0,v1:172.21.15.26:6789/0] conn(0x7f86b4109f00 0x7f86b410a340 unknown :-1 s=HELLO_CONNECTING pgs=0 cs=0 l=0 rev1=1 crypto rx=0 tx=0 comp rx=0 tx=0).handle_hello peer v2:172.21.15.26:3300/0 says I am v2:172.21.15.26:43028/0 (socket says 172.21.15.26:43028)
2024-04-24T23:50:55.703 INFO:teuthology.orchestra.run.smithi026.stdout:/usr/bin/ceph: stderr
2024-04-24T23:50:54.551+0000 7f86b3e00700 1 -- 172.21.15.26:0/2137717345 learned_addr learned my addr 172.21.15.26:0/2137717345 (peer_addr_for_me v2:172.21.15.26:0/0)
2024-04-24T23:50:55.703 INFO:teuthology.orchestra.run.smithi026.stdout:/usr/bin/ceph: stderr
2024-04-24T23:50:54.551+0000 7f86b3e00700 1 -- 172.21.15.26:0/2137717345 --> [v2:172.21.15.26:3300/0,v1:172.21.15.26:6789/0] -- mon_subscribe({config=0+,monmap=0+}) -- 0x7f86b410b0e0 con 0x7f86b4109f00
2024-04-24T23:50:55.704 INFO:teuthology.orchestra.run.smithi026.stdout:/usr/bin/ceph: stderr
2024-04-24T23:50:54.552+0000 7f86b3e00700 1 --2- 172.21.15.26:0/2137717345 >> [v2:172.21.15.26:3300/0,v1:172.21.15.26:6789/0] conn(0x7f86b4109f00 0x7f86b410a340 secure :-1 s=READY pgs=41 cs=0 l=1 rev1=1 crypto rx=0x7f86a40098a0 tx=0x7f86a4009bb0 comp rx=0 tx=0).ready entity=mon.0 client_cookie=7f7753bae858b00c server_cookie=0 in_seq=0 out_seq=0
2024-04-24T23:50:55.704 INFO:teuthology.orchestra.run.smithi026.stdout:/usr/bin/ceph: stderr
2024-04-24T23:50:54.552+0000 7f86b2a00700 1 -- 172.21.15.26:0/2137717345 <== mon.0 v2:172.21.15.26:3300/0 1 ==== mon_map magic: 0 ==== 205+0+0 (secure 0 0 0) 0x7f86a4004160 con 0x7f86b4109f00
2024-04-24T23:50:55.704 INFO:teuthology.orchestra.run.smithi026.stdout:/usr/bin/ceph: stderr
2024-04-24T23:50:54.552+0000 7f86b2a00700 1 -- 172.21.15.26:0/2137717345 <== mon.0 v2:172.21.15.26:3300/0 2 ==== config(27 keys) ==== 1109+0+0 (secure 0 0 0) 0x7f86a4004300 con 0x7f86b4109f00
2024-04-24T23:50:55.704 INFO:teuthology.orchestra.run.smithi026.stdout:/usr/bin/ceph: stderr
2024-04-24T23:50:54.552+0000 7f86b2a00700 1 -- 172.21.15.26:0/2137717345 <== mon.0 v2:172.21.15.26:3300/0 3 ==== mon_map magic: 0 ==== 205+0+0 (secure 0 0 0) 0x7f86a4011b50 con 0x7f86b4109f00
2024-04-24T23:50:55.704 INFO:teuthology.orchestra.run.smithi026.stdout:/usr/bin/ceph: stderr
2024-04-24T23:50:54.552+0000 7f86bac00700 1 -- 172.21.15.26:0/2137717345 >> [v2:172.21.15.26:3300/0,v1:172.21.15.26:6789/0] conn(0x7f86b4109f00 msgr2=0x7f86b410a340 secure :-1 s=STATE_CONNECTION_ESTABLISHED l=1).mark_down
2024-04-24T23:50:55.704 INFO:teuthology.orchestra.run.smithi026.stdout:/usr/bin/ceph: stderr
2024-04-24T23:50:54.552+0000 7f86bac00700 1 --2- 172.21.15.26:0/2137717345 >> [v2:172.21.15.26:3300/0,v1:172.21.15.26:6789/0] conn(0x7f86b4109f00 0x7f86b410a340 secure :-1 s=READY pgs=41 cs=0 l=1 rev1=1 crypto rx=0x7f86a40098a0 tx=0x7f86a4009bb0 comp rx=0 tx=0).stop
2024-04-24T23:50:55.704 INFO:teuthology.orchestra.run.smithi026.stdout:/usr/bin/ceph: stderr
2024-04-24T23:50:54.553+0000 7f86bac00700 1 -- 172.21.15.26:0/2137717345 shutdown_connections
2024-04-24T23:50:55.704 INFO:teuthology.orchestra.run.smithi026.stdout:/usr/bin/ceph: stderr
2024-04-24T23:50:54.553+0000 7f86bac00700 1 --2- 172.21.15.26:0/2137717345 >> [v2:172.21.15.26:3300/0,v1:172.21.15.26:6789/0] conn(0x7f86b4109f00 0x7f86b410a340 unknown :-1 s=CLOSED pgs=41 cs=0 l=1 rev1=1 crypto rx=0 tx=0 comp rx=0 tx=0).stop
2024-04-24T23:50:55.705 INFO:teuthology.orchestra.run.smithi026.stdout:/usr/bin/ceph: stderr
2024-04-24T23:50:54.553+0000 7f86bac00700 1 -- 172.21.15.26:0/2137717345 >> 172.21.15.26:0/2137717345 conn(0x7f86b407d370 msgr2=0x7f86b407d780 unknown :-1 s=STATE_NONE l=0).mark_down
2024-04-24T23:50:55.705 INFO:teuthology.orchestra.run.smithi026.stdout:/usr/bin/ceph: stderr
2024-04-24T23:50:54.553+0000 7f86bac00700 1 -- 172.21.15.26:0/2137717345 shutdown_connections
2024-04-24T23:50:55.705 INFO:teuthology.orchestra.run.smithi026.stdout:/usr/bin/ceph: stderr
2024-04-24T23:50:54.553+0000 7f86bac00700 1 -- 172.21.15.26:0/2137717345 wait complete.
2024-04-24T23:50:55.705 INFO:teuthology.orchestra.run.smithi026.stdout:/usr/bin/ceph: stderr
2024-04-24T23:50:54.554+0000 7f86bac00700 1 Processor -- start
2024-04-24T23:50:55.705 INFO:teuthology.orchestra.run.smithi026.stdout:/usr/bin/ceph: stderr
2024-04-24T23:50:54.554+0000 7f86bac00700 1 -- start start
2024-04-24T23:50:55.705 INFO:teuthology.orchestra.run.smithi026.stdout:/usr/bin/ceph: stderr
2024-04-24T23:50:54.554+0000 7f86bac00700 1 --2- >> [v2:172.21.15.26:3300/0,v1:172.21.15.26:6789/0] conn(0x7f86b4109f00 0x7f86b419df10 unknown :-1 s=NONE pgs=0 cs=0 l=1 rev1=0 crypto rx=0 tx=0 comp rx=0 tx=0).connect
2024-04-24T23:50:55.705 INFO:teuthology.orchestra.run.smithi026.stdout:/usr/bin/ceph: stderr
2024-04-24T23:50:54.554+0000 7f86bac00700 1 -- --> [v2:172.21.15.26:3300/0,v1:172.21.15.26:6789/0] -- mon_getmap magic: 0 -- 0x7f86b410aa00 con 0x7f86b4109f00
2024-04-24T23:50:55.705 INFO:teuthology.orchestra.run.smithi026.stdout:/usr/bin/ceph: stderr
2024-04-24T23:50:54.555+0000 7f86b3e00700 1 --2- >> [v2:172.21.15.26:3300/0,v1:172.21.15.26:6789/0] conn(0x7f86b4109f00 0x7f86b419df10 unknown :-1 s=BANNER_CONNECTING pgs=0 cs=0 l=1 rev1=0 crypto rx=0 tx=0 comp rx=0 tx=0)._handle_peer_banner_payload supported=3 required=0
2024-04-24T23:50:55.705 INFO:teuthology.orchestra.run.smithi026.stdout:/usr/bin/ceph: stderr
2024-04-24T23:50:54.555+0000 7f86b3e00700 1 --2- >> [v2:172.21.15.26:3300/0,v1:172.21.15.26:6789/0] conn(0x7f86b4109f00 0x7f86b419df10 unknown :-1 s=HELLO_CONNECTING pgs=0 cs=0 l=1 rev1=1 crypto rx=0 tx=0 comp rx=0 tx=0).handle_hello peer v2:172.21.15.26:3300/0 says I am v2:172.21.15.26:43034/0 (socket says 172.21.15.26:43034)
2024-04-24T23:50:55.705 INFO:teuthology.orchestra.run.smithi026.stdout:/usr/bin/ceph: stderr
2024-04-24T23:50:54.555+0000 7f86b3e00700 1 -- 172.21.15.26:0/1925339727 learned_addr learned my addr 172.21.15.26:0/1925339727 (peer_addr_for_me v2:172.21.15.26:0/0)
2024-04-24T23:50:55.705 INFO:teuthology.orchestra.run.smithi026.stdout:/usr/bin/ceph: stderr
2024-04-24T23:50:54.555+0000 7f86b3e00700 1 -- 172.21.15.26:0/1925339727 --> [v2:172.21.15.26:3300/0,v1:172.21.15.26:6789/0] -- mon_subscribe({config=0+,monmap=0+}) -- 0x7f86b419e450 con 0x7f86b4109f00
2024-04-24T23:50:55.705 INFO:teuthology.orchestra.run.smithi026.stdout:/usr/bin/ceph: stderr
2024-04-24T23:50:54.555+0000 7f86b3e00700 1 --2- 172.21.15.26:0/1925339727 >> [v2:172.21.15.26:3300/0,v1:172.21.15.26:6789/0] conn(0x7f86b4109f00 0x7f86b419df10 secure :-1 s=READY pgs=42 cs=0 l=1 rev1=1 crypto rx=0x7f86a4011850 tx=0x7f86a4011c10 comp rx=0 tx=0).ready entity=mon.0 client_cookie=0 server_cookie=0 in_seq=0 out_seq=0
2024-04-24T23:50:55.705 INFO:teuthology.orchestra.run.smithi026.stdout:/usr/bin/ceph: stderr
2024-04-24T23:50:54.556+0000 7f86b0c00700 1 -- 172.21.15.26:0/1925339727 <== mon.0 v2:172.21.15.26:3300/0 1 ==== mon_map magic: 0 ==== 205+0+0 (secure 0 0 0) 0x7f86a4003af0 con 0x7f86b4109f00
2024-04-24T23:50:55.706 INFO:teuthology.orchestra.run.smithi026.stdout:/usr/bin/ceph: stderr
2024-04-24T23:50:54.556+0000 7f86b0c00700 1 -- 172.21.15.26:0/1925339727 <== mon.0 v2:172.21.15.26:3300/0 2 ==== config(27 keys) ==== 1109+0+0 (secure 0 0 0) 0x7f86a4020070 con 0x7f86b4109f00
2024-04-24T23:50:55.706 INFO:teuthology.orchestra.run.smithi026.stdout:/usr/bin/ceph: stderr
2024-04-24T23:50:54.556+0000 7f86b0c00700 1 -- 172.21.15.26:0/1925339727 <== mon.0 v2:172.21.15.26:3300/0 3 ==== mon_map magic: 0 ==== 205+0+0 (secure 0 0 0) 0x7f86a40195a0 con 0x7f86b4109f00
2024-04-24T23:50:55.706 INFO:teuthology.orchestra.run.smithi026.stdout:/usr/bin/ceph: stderr
2024-04-24T23:50:54.556+0000 7f86bac00700 1 -- 172.21.15.26:0/1925339727 --> [v2:172.21.15.26:3300/0,v1:172.21.15.26:6789/0] -- mon_subscribe({mgrmap=0+}) -- 0x7f86b419e6e0 con 0x7f86b4109f00
2024-04-24T23:50:55.706 INFO:teuthology.orchestra.run.smithi026.stdout:/usr/bin/ceph: stderr
2024-04-24T23:50:54.556+0000 7f86bac00700 1 -- 172.21.15.26:0/1925339727 --> [v2:172.21.15.26:3300/0,v1:172.21.15.26:6789/0] -- mon_subscribe({osdmap=0}) -- 0x7f86b41a13d0 con 0x7f86b4109f00
2024-04-24T23:50:55.706 INFO:teuthology.orchestra.run.smithi026.stdout:/usr/bin/ceph: stderr
2024-04-24T23:50:54.557+0000 7f86b0c00700 1 -- 172.21.15.26:0/1925339727 <== mon.0 v2:172.21.15.26:3300/0 4 ==== mgrmap(e 8) ==== 46287+0+0 (secure 0 0 0) 0x7f86a4019850 con 0x7f86b4109f00
2024-04-24T23:50:55.706 INFO:teuthology.orchestra.run.smithi026.stdout:/usr/bin/ceph: stderr
2024-04-24T23:50:54.557+0000 7f86bac00700 1 -- 172.21.15.26:0/1925339727 --> [v2:172.21.15.26:3300/0,v1:172.21.15.26:6789/0] -- mon_command({"prefix": "get_command_descriptions"} v 0) -- 0x7f86b4063890 con 0x7f86b4109f00
2024-04-24T23:50:55.706 INFO:teuthology.orchestra.run.smithi026.stdout:/usr/bin/ceph: stderr
2024-04-24T23:50:54.557+0000 7f86b0c00700 1 --2- 172.21.15.26:0/1925339727 >> [v2:172.21.15.26:6800/2467113492,v1:172.21.15.26:6801/2467113492] conn(0x7f86980390a0 0x7f869803b560 unknown :-1 s=NONE pgs=0 cs=0 l=1 rev1=0 crypto rx=0 tx=0 comp rx=0 tx=0).connect
2024-04-24T23:50:55.706 INFO:teuthology.orchestra.run.smithi026.stdout:/usr/bin/ceph: stderr
2024-04-24T23:50:54.557+0000 7f86b0c00700 1 -- 172.21.15.26:0/1925339727 <== mon.0 v2:172.21.15.26:3300/0 5 ==== osd_map(2..2 src has 1..2) ==== 940+0+0 (secure 0 0 0) 0x7f86a4011e00 con 0x7f86b4109f00
2024-04-24T23:50:55.706 INFO:teuthology.orchestra.run.smithi026.stdout:/usr/bin/ceph: stderr
2024-04-24T23:50:54.558+0000 7f86b3400700 1 --2- 172.21.15.26:0/1925339727 >> [v2:172.21.15.26:6800/2467113492,v1:172.21.15.26:6801/2467113492] conn(0x7f86980390a0 0x7f869803b560 unknown :-1 s=BANNER_CONNECTING pgs=0 cs=0 l=1 rev1=0 crypto rx=0 tx=0 comp rx=0 tx=0)._handle_peer_banner_payload supported=3 required=0
2024-04-24T23:50:55.706 INFO:teuthology.orchestra.run.smithi026.stdout:/usr/bin/ceph: stderr
2024-04-24T23:50:54.558+0000 7f86b3400700 1 --2- 172.21.15.26:0/1925339727 >> [v2:172.21.15.26:6800/2467113492,v1:172.21.15.26:6801/2467113492] conn(0x7f86980390a0 0x7f869803b560 secure :-1 s=READY pgs=9 cs=0 l=1 rev1=1 crypto rx=0x7f86a0006fd0 tx=0x7f86a0006e40 comp rx=0 tx=0).ready entity=mgr.14120 client_cookie=0 server_cookie=0 in_seq=0 out_seq=0
2024-04-24T23:50:55.706 INFO:teuthology.orchestra.run.smithi026.stdout:/usr/bin/ceph: stderr
2024-04-24T23:50:54.563+0000 7f86b0c00700 1 -- 172.21.15.26:0/1925339727 <== mon.0 v2:172.21.15.26:3300/0 6 ==== mon_command_ack([{"prefix": "get_command_descriptions"}]=0 v0) ==== 72+0+186147 (secure 0 0 0) 0x7f86a400e260 con 0x7f86b4109f00
2024-04-24T23:50:55.706 INFO:teuthology.orchestra.run.smithi026.stdout:/usr/bin/ceph: stderr
2024-04-24T23:50:54.790+0000 7f86bac00700 1 -- 172.21.15.26:0/1925339727 --> [v2:172.21.15.26:6800/2467113492,v1:172.21.15.26:6801/2467113492] -- mgr_command(tid 0: {"prefix": "cephadm generate-key", "target": ["mon-mgr", ""]}) -- 0x7f86b4107c30 con 0x7f86980390a0
2024-04-24T23:50:55.706 INFO:teuthology.orchestra.run.smithi026.stdout:/usr/bin/ceph: stderr
2024-04-24T23:50:55.008+0000 7f86b0c00700 1 -- 172.21.15.26:0/1925339727 <== mgr.14120 v2:172.21.15.26:6800/2467113492 1 ==== mgr_command_reply(tid 0: 0 ) ==== 8+0+0 (secure 0 0 0) 0x7f86b4107c30 con 0x7f86980390a0
2024-04-24T23:50:55.706 INFO:teuthology.orchestra.run.smithi026.stdout:/usr/bin/ceph: stderr
2024-04-24T23:50:55.012+0000 7f86bac00700 1 -- 172.21.15.26:0/1925339727 >> [v2:172.21.15.26:6800/2467113492,v1:172.21.15.26:6801/2467113492] conn(0x7f86980390a0 msgr2=0x7f869803b560 secure :-1 s=STATE_CONNECTION_ESTABLISHED l=1).mark_down
2024-04-24T23:50:55.707 INFO:teuthology.orchestra.run.smithi026.stdout:/usr/bin/ceph: stderr
2024-04-24T23:50:55.012+0000 7f86bac00700 1 --2- 172.21.15.26:0/1925339727 >> [v2:172.21.15.26:6800/2467113492,v1:172.21.15.26:6801/2467113492] conn(0x7f86980390a0 0x7f869803b560 secure :-1 s=READY pgs=9 cs=0 l=1 rev1=1 crypto rx=0x7f86a0006fd0 tx=0x7f86a0006e40 comp rx=0 tx=0).stop
2024-04-24T23:50:55.707 INFO:teuthology.orchestra.run.smithi026.stdout:/usr/bin/ceph: stderr
2024-04-24T23:50:55.012+0000 7f86bac00700 1 -- 172.21.15.26:0/1925339727 >> [v2:172.21.15.26:3300/0,v1:172.21.15.26:6789/0] conn(0x7f86b4109f00 msgr2=0x7f86b419df10 secure :-1 s=STATE_CONNECTION_ESTABLISHED l=1).mark_down
2024-04-24T23:50:55.707 INFO:teuthology.orchestra.run.smithi026.stdout:/usr/bin/ceph: stderr
2024-04-24T23:50:55.012+0000 7f86bac00700 1 --2- 172.21.15.26:0/1925339727 >> [v2:172.21.15.26:3300/0,v1:172.21.15.26:6789/0] conn(0x7f86b4109f00 0x7f86b419df10 secure :-1 s=READY pgs=42 cs=0 l=1 rev1=1 crypto rx=0x7f86a4011850 tx=0x7f86a4011c10 comp rx=0 tx=0).stop
2024-04-24T23:50:55.707 INFO:teuthology.orchestra.run.smithi026.stdout:/usr/bin/ceph: stderr
2024-04-24T23:50:55.012+0000 7f86bac00700 1 -- 172.21.15.26:0/1925339727 shutdown_connections
2024-04-24T23:50:55.707 INFO:teuthology.orchestra.run.smithi026.stdout:/usr/bin/ceph: stderr
2024-04-24T23:50:55.012+0000 7f86bac00700 1 --2- 172.21.15.26:0/1925339727 >> [v2:172.21.15.26:6800/2467113492,v1:172.21.15.26:6801/2467113492] conn(0x7f86980390a0 0x7f869803b560 unknown :-1 s=CLOSED pgs=9 cs=0 l=1 rev1=1 crypto rx=0 tx=0 comp rx=0 tx=0).stop
2024-04-24T23:50:55.707 INFO:teuthology.orchestra.run.smithi026.stdout:/usr/bin/ceph: stderr
2024-04-24T23:50:55.012+0000 7f86bac00700 1 --2- 172.21.15.26:0/1925339727 >> [v2:172.21.15.26:3300/0,v1:172.21.15.26:6789/0] conn(0x7f86b4109f00 0x7f86b419df10 unknown :-1 s=CLOSED pgs=42 cs=0 l=1 rev1=1 crypto rx=0 tx=0 comp rx=0 tx=0).stop
2024-04-24T23:50:55.707 INFO:teuthology.orchestra.run.smithi026.stdout:/usr/bin/ceph: stderr
2024-04-24T23:50:55.012+0000 7f86bac00700 1 -- 172.21.15.26:0/1925339727 >> 172.21.15.26:0/1925339727 conn(0x7f86b407d370 msgr2=0x7f86b4107520 unknown :-1 s=STATE_NONE l=0).mark_down
2024-04-24T23:50:55.707 INFO:teuthology.orchestra.run.smithi026.stdout:/usr/bin/ceph: stderr
2024-04-24T23:50:55.012+0000 7f86bac00700 1 -- 172.21.15.26:0/1925339727 shutdown_connections
2024-04-24T23:50:55.707 INFO:teuthology.orchestra.run.smithi026.stdout:/usr/bin/ceph: stderr
2024-04-24T23:50:55.012+0000 7f86bac00700 1 -- 172.21.15.26:0/1925339727 wait complete.
2024-04-24T23:50:57.255 INFO:journalctl@ceph.mon.a.smithi026.stdout:Apr 24 23:50:57 smithi026 ceph-mon[27936]: from='client.14138 -' entity='client.admin' cmd=[{"prefix": "cephadm get-pub-key", "target": ["mon-mgr", ""]}]: dispatch
