2024-04-24T23:52:57.758 INFO:teuthology.orchestra.run.smithi110.stdout:/usr/bin/ceph: stderr
2024-04-24T23:52:56.840+0000 7f59aeffd700 1 --2- >> [v2:172.21.15.110:3300/0,v1:172.21.15.110:6789/0] conn(0x7f59b01084e0 0x7f59b019b970 unknown :-1 s=HELLO_CONNECTING pgs=0 cs=0 l=1 rev1=1 crypto rx=0 tx=0 comp rx=0 tx=0).handle_hello peer v2:172.21.15.110:3300/0 says I am v2:172.21.15.110:38200/0 (socket says 172.21.15.110:38200)
2024-04-24T23:52:57.758 INFO:teuthology.orchestra.run.smithi110.stdout:/usr/bin/ceph: stderr
2024-04-24T23:52:56.840+0000 7f59aeffd700 1 -- 172.21.15.110:0/1112945197 learned_addr learned my addr 172.21.15.110:0/1112945197 (peer_addr_for_me v2:172.21.15.110:0/0)
2024-04-24T23:52:57.758 INFO:teuthology.orchestra.run.smithi110.stdout:/usr/bin/ceph: stderr
2024-04-24T23:52:56.841+0000 7f59aeffd700 1 -- 172.21.15.110:0/1112945197 --> [v2:172.21.15.110:3300/0,v1:172.21.15.110:6789/0] -- mon_subscribe({config=0+,monmap=0+}) -- 0x7f59b019beb0 con 0x7f59b01084e0
2024-04-24T23:52:57.758 INFO:teuthology.orchestra.run.smithi110.stdout:/usr/bin/ceph: stderr
2024-04-24T23:52:56.841+0000 7f59aeffd700 1 --2- 172.21.15.110:0/1112945197 >> [v2:172.21.15.110:3300/0,v1:172.21.15.110:6789/0] conn(0x7f59b01084e0 0x7f59b019b970 secure :-1 s=READY pgs=71 cs=0 l=1 rev1=1 crypto rx=0x7f59a4011a20 tx=0x7f59a4011b00 comp rx=0 tx=0).ready entity=mon.0 client_cookie=0 server_cookie=0 in_seq=0 out_seq=0
2024-04-24T23:52:57.758 INFO:teuthology.orchestra.run.smithi110.stdout:/usr/bin/ceph: stderr
2024-04-24T23:52:56.841+0000 7f59b48d4700 1 -- 172.21.15.110:0/1112945197 <== mon.0 v2:172.21.15.110:3300/0 1 ==== mon_map magic: 0 ==== 205+0+0 (secure 0 0 0) 0x7f59a40039c0 con 0x7f59b01084e0
2024-04-24T23:52:57.758 INFO:teuthology.orchestra.run.smithi110.stdout:/usr/bin/ceph: stderr
2024-04-24T23:52:56.841+0000 7f59b48d4700 1 -- 172.21.15.110:0/1112945197 <== mon.0 v2:172.21.15.110:3300/0 2 ==== config(26 keys) ==== 1102+0+0 (secure 0 0 0) 0x7f59a4003b60 con 0x7f59b01084e0
2024-04-24T23:52:57.758 INFO:teuthology.orchestra.run.smithi110.stdout:/usr/bin/ceph: stderr
2024-04-24T23:52:56.841+0000 7f59b58d6700 1 -- 172.21.15.110:0/1112945197 --> [v2:172.21.15.110:3300/0,v1:172.21.15.110:6789/0] -- mon_subscribe({mgrmap=0+}) -- 0x7f59b019c140 con 0x7f59b01084e0
2024-04-24T23:52:57.758 INFO:teuthology.orchestra.run.smithi110.stdout:/usr/bin/ceph: stderr
2024-04-24T23:52:56.841+0000 7f59b48d4700 1 -- 172.21.15.110:0/1112945197 <== mon.0 v2:172.21.15.110:3300/0 3 ==== mon_map magic: 0 ==== 205+0+0 (secure 0 0 0) 0x7f59a401a6b0 con 0x7f59b01084e0
2024-04-24T23:52:57.758 INFO:teuthology.orchestra.run.smithi110.stdout:/usr/bin/ceph: stderr
2024-04-24T23:52:56.841+0000 7f59b58d6700 1 -- 172.21.15.110:0/1112945197 --> [v2:172.21.15.110:3300/0,v1:172.21.15.110:6789/0] -- mon_subscribe({osdmap=0}) -- 0x7f59b019ee30 con 0x7f59b01084e0
2024-04-24T23:52:57.758 INFO:teuthology.orchestra.run.smithi110.stdout:/usr/bin/ceph: stderr
2024-04-24T23:52:56.842+0000 7f59b48d4700 1 -- 172.21.15.110:0/1112945197 <== mon.0 v2:172.21.15.110:3300/0 4 ==== mgrmap(e 11) ==== 46194+0+0 (secure 0 0 0) 0x7f59a401a960 con 0x7f59b01084e0
2024-04-24T23:52:57.759 INFO:teuthology.orchestra.run.smithi110.stdout:/usr/bin/ceph: stderr
2024-04-24T23:52:56.842+0000 7f59b48d4700 1 --2- 172.21.15.110:0/1112945197 >> [v2:172.21.15.110:6800/546485163,v1:172.21.15.110:6801/546485163] conn(0x7f5998038f90 0x7f599803b450 unknown :-1 s=NONE pgs=0 cs=0 l=1 rev1=0 crypto rx=0 tx=0 comp rx=0 tx=0).connect
2024-04-24T23:52:57.759 INFO:teuthology.orchestra.run.smithi110.stdout:/usr/bin/ceph: stderr
2024-04-24T23:52:56.842+0000 7f59b48d4700 1 -- 172.21.15.110:0/1112945197 <== mon.0 v2:172.21.15.110:3300/0 5 ==== osd_map(3..3 src has 1..3) ==== 1155+0+0 (secure 0 0 0) 0x7f59a404d7d0 con 0x7f59b01084e0
2024-04-24T23:52:57.759 INFO:teuthology.orchestra.run.smithi110.stdout:/usr/bin/ceph: stderr
2024-04-24T23:52:56.842+0000 7f59ae7fc700 1 --2- 172.21.15.110:0/1112945197 >> [v2:172.21.15.110:6800/546485163,v1:172.21.15.110:6801/546485163] conn(0x7f5998038f90 0x7f599803b450 unknown :-1 s=BANNER_CONNECTING pgs=0 cs=0 l=1 rev1=0 crypto rx=0 tx=0 comp rx=0 tx=0)._handle_peer_banner_payload supported=3 required=0
2024-04-24T23:52:57.759 INFO:teuthology.orchestra.run.smithi110.stdout:/usr/bin/ceph: stderr
2024-04-24T23:52:56.843+0000 7f59b58d6700 1 -- 172.21.15.110:0/1112945197 --> [v2:172.21.15.110:3300/0,v1:172.21.15.110:6789/0] -- mon_command({"prefix": "get_command_descriptions"} v 0) -- 0x7f59b0063890 con 0x7f59b01084e0
2024-04-24T23:52:57.759 INFO:teuthology.orchestra.run.smithi110.stdout:/usr/bin/ceph: stderr
2024-04-24T23:52:56.843+0000 7f59ae7fc700 1 --2- 172.21.15.110:0/1112945197 >> [v2:172.21.15.110:6800/546485163,v1:172.21.15.110:6801/546485163] conn(0x7f5998038f90 0x7f599803b450 secure :-1 s=READY pgs=7 cs=0 l=1 rev1=1 crypto rx=0x7f59a0006fd0 tx=0x7f59a0006e40 comp rx=0 tx=0).ready entity=mgr.14152 client_cookie=0 server_cookie=0 in_seq=0 out_seq=0
2024-04-24T23:52:57.759 INFO:teuthology.orchestra.run.smithi110.stdout:/usr/bin/ceph: stderr
2024-04-24T23:52:56.848+0000 7f59b48d4700 1 -- 172.21.15.110:0/1112945197 <== mon.0 v2:172.21.15.110:3300/0 6 ==== mon_command_ack([{"prefix": "get_command_descriptions"}]=0 v0) ==== 72+0+186147 (secure 0 0 0) 0x7f59a400ba30 con 0x7f59b01084e0
2024-04-24T23:52:57.759 INFO:teuthology.orchestra.run.smithi110.stdout:/usr/bin/ceph: stderr
2024-04-24T23:52:57.035+0000 7f59b48d4700 1 -- 172.21.15.110:0/1112945197 <== mon.0 v2:172.21.15.110:3300/0 7 ==== mgrmap(e 12) ==== 46300+0+0 (secure 0 0 0) 0x7f59a401aca0 con 0x7f59b01084e0
2024-04-24T23:52:57.759 INFO:teuthology.orchestra.run.smithi110.stdout:/usr/bin/ceph: stderr
2024-04-24T23:52:57.055+0000 7f59b58d6700 1 -- 172.21.15.110:0/1112945197 --> [v2:172.21.15.110:6800/546485163,v1:172.21.15.110:6801/546485163] -- mgr_command(tid 0: {"prefix": "dashboard create-self-signed-cert", "target": ["mon-mgr", ""]}) -- 0x7f59b01030f0 con 0x7f5998038f90
2024-04-24T23:52:57.759 INFO:teuthology.orchestra.run.smithi110.stdout:/usr/bin/ceph: stderr
2024-04-24T23:52:57.218+0000 7f59b48d4700 1 -- 172.21.15.110:0/1112945197 <== mgr.14152 v2:172.21.15.110:6800/546485163 1 ==== mgr_command_reply(tid 0: 0 ) ==== 8+0+32 (secure 0 0 0) 0x7f59b01030f0 con 0x7f5998038f90
2024-04-24T23:52:57.759 INFO:teuthology.orchestra.run.smithi110.stdout:/usr/bin/ceph: stderr
2024-04-24T23:52:57.220+0000 7f59b58d6700 1 -- 172.21.15.110:0/1112945197 >> [v2:172.21.15.110:6800/546485163,v1:172.21.15.110:6801/546485163] conn(0x7f5998038f90 msgr2=0x7f599803b450 secure :-1 s=STATE_CONNECTION_ESTABLISHED l=1).mark_down
2024-04-24T23:52:57.759 INFO:teuthology.orchestra.run.smithi110.stdout:/usr/bin/ceph: stderr
2024-04-24T23:52:57.220+0000 7f59b58d6700 1 --2- 172.21.15.110:0/1112945197 >> [v2:172.21.15.110:6800/546485163,v1:172.21.15.110:6801/546485163] conn(0x7f5998038f90 0x7f599803b450 secure :-1 s=READY pgs=7 cs=0 l=1 rev1=1 crypto rx=0x7f59a0006fd0 tx=0x7f59a0006e40 comp rx=0 tx=0).stop
2024-04-24T23:52:57.759 INFO:teuthology.orchestra.run.smithi110.stdout:/usr/bin/ceph: stderr
2024-04-24T23:52:57.220+0000 7f59b58d6700 1 -- 172.21.15.110:0/1112945197 >> [v2:172.21.15.110:3300/0,v1:172.21.15.110:6789/0] conn(0x7f59b01084e0 msgr2=0x7f59b019b970 secure :-1 s=STATE_CONNECTION_ESTABLISHED l=1).mark_down
2024-04-24T23:52:57.759 INFO:teuthology.orchestra.run.smithi110.stdout:/usr/bin/ceph: stderr
2024-04-24T23:52:57.220+0000 7f59b58d6700 1 --2- 172.21.15.110:0/1112945197 >> [v2:172.21.15.110:3300/0,v1:172.21.15.110:6789/0] conn(0x7f59b01084e0 0x7f59b019b970 secure :-1 s=READY pgs=71 cs=0 l=1 rev1=1 crypto rx=0x7f59a4011a20 tx=0x7f59a4011b00 comp rx=0 tx=0).stop
2024-04-24T23:52:57.759 INFO:teuthology.orchestra.run.smithi110.stdout:/usr/bin/ceph: stderr
2024-04-24T23:52:57.220+0000 7f59b58d6700 1 -- 172.21.15.110:0/1112945197 shutdown_connections
2024-04-24T23:52:57.760 INFO:teuthology.orchestra.run.smithi110.stdout:/usr/bin/ceph: stderr
2024-04-24T23:52:57.220+0000 7f59b58d6700 1 --2- 172.21.15.110:0/1112945197 >> [v2:172.21.15.110:6800/546485163,v1:172.21.15.110:6801/546485163] conn(0x7f5998038f90 0x7f599803b450 unknown :-1 s=CLOSED pgs=7 cs=0 l=1 rev1=1 crypto rx=0 tx=0 comp rx=0 tx=0).stop
2024-04-24T23:52:57.760 INFO:teuthology.orchestra.run.smithi110.stdout:/usr/bin/ceph: stderr
2024-04-24T23:52:57.220+0000 7f59b58d6700 1 --2- 172.21.15.110:0/1112945197 >> [v2:172.21.15.110:3300/0,v1:172.21.15.110:6789/0] conn(0x7f59b01084e0 0x7f59b019b970 unknown :-1 s=CLOSED pgs=71 cs=0 l=1 rev1=1 crypto rx=0 tx=0 comp rx=0 tx=0).stop
2024-04-24T23:52:57.760 INFO:teuthology.orchestra.run.smithi110.stdout:/usr/bin/ceph: stderr
2024-04-24T23:52:57.220+0000 7f59b58d6700 1 -- 172.21.15.110:0/1112945197 >> 172.21.15.110:0/1112945197 conn(0x7f59b0101ed0 msgr2=0x7f59b01029e0 unknown :-1 s=STATE_NONE l=0).mark_down
2024-04-24T23:52:57.760 INFO:teuthology.orchestra.run.smithi110.stdout:/usr/bin/ceph: stderr
2024-04-24T23:52:57.220+0000 7f59b58d6700 1 -- 172.21.15.110:0/1112945197 shutdown_connections
2024-04-24T23:52:57.760 INFO:teuthology.orchestra.run.smithi110.stdout:/usr/bin/ceph: stderr
2024-04-24T23:52:57.220+0000 7f59b58d6700 1 -- 172.21.15.110:0/1112945197 wait complete.
2024-04-24T23:52:57.760 INFO:teuthology.orchestra.run.smithi110.stdout:Creating initial admin user...
2024-04-24T23:52:58.140 INFO:journalctl@ceph.mon.a.smithi110.stdout:Apr 24 23:52:58 smithi110 ceph-mon[29187]: mgrmap e12: x(active, since 2s)
2024-04-24T23:52:58.140 INFO:journalctl@ceph.mon.a.smithi110.stdout:Apr 24 23:52:58 smithi110 ceph-mon[29187]: from='client.14164 -' entity='client.admin' cmd=[{"prefix": "dashboard create-self-signed-cert", "target": ["mon-mgr", ""]}]: dispatch
2024-04-24T23:52:58.140 INFO:journalctl@ceph.mon.a.smithi110.stdout:Apr 24 23:52:58 smithi110 ceph-mon[29187]: from='mgr.14152 172.21.15.110:0/4039693909' entity='mgr.x'
2024-04-24T23:52:58.140 INFO:journalctl@ceph.mon.a.smithi110.stdout:Apr 24 23:52:58 smithi110 ceph-mon[29187]: from='mgr.14152 172.21.15.110:0/4039693909' entity='mgr.x'
2024-04-24T23:52:58.141 INFO:journalctl@ceph.mon.a.smithi110.stdout:Apr 24 23:52:58 smithi110 ceph-mon[29187]: from='mgr.14152 172.21.15.110:0/4039693909' entity='mgr.x'
2024-04-24T23:52:59.285 INFO:journalctl@ceph.mon.a.smithi110.stdout:Apr 24 23:52:59 smithi110 ceph-mon[29187]: from='client.14166 -' entity='client.admin' cmd=[{"prefix": "dashboard ac-user-create", "username": "admin", "rolename": "administrator", "force_password": true, "pwd_update_required": true, "target": ["mon-mgr", ""]}]: dispatch
2024-04-24T23:52:59.286 INFO:journalctl@ceph.mon.a.smithi110.stdout:Apr 24 23:52:59 smithi110 ceph-mon[29187]: from='mgr.14152 172.21.15.110:0/4039693909' entity='mgr.x'
2024-04-24T23:53:00.013 INFO:teuthology.orchestra.run.smithi110.stdout:/usr/bin/ceph: stdout {"username": "admin", "password": "$2b$12$kJ.Dvr.UDrEWMvUovP/arOL5TkSsbuavbCCHOt5WdXEAH.8w.CCzi", "roles": ["administrator"], "name": null, "email": null, "lastUpdate": 1714002778, "enabled": true, "pwdExpirationDate": null, "pwdUpdateRequired": true}
2024-04-24T23:53:00.013 INFO:teuthology.orchestra.run.smithi110.stdout:/usr/bin/ceph: stderr
2024-04-24T23:52:58.242+0000 7f3b12237700 1 Processor -- start
2024-04-24T23:53:00.013 INFO:teuthology.orchestra.run.smithi110.stdout:/usr/bin/ceph: stderr
2024-04-24T23:52:58.242+0000 7f3b12237700 1 -- start start
2024-04-24T23:53:00.013 INFO:teuthology.orchestra.run.smithi110.stdout:/usr/bin/ceph: stderr
2024-04-24T23:52:58.242+0000 7f3b12237700 1 --2- >> [v2:172.21.15.110:3300/0,v1:172.21.15.110:6789/0] conn(0x7f3b0c106330 0x7f3b0c106750 unknown :-1 s=NONE pgs=0 cs=0 l=0 rev1=0 crypto rx=0 tx=0 comp rx=0 tx=0).connect
2024-04-24T23:53:00.013 INFO:teuthology.orchestra.run.smithi110.stdout:/usr/bin/ceph: stderr
2024-04-24T23:52:58.242+0000 7f3b12237700 1 -- --> [v2:172.21.15.110:3300/0,v1:172.21.15.110:6789/0] -- mon_getmap magic: 0 -- 0x7f3b0c07be10 con 0x7f3b0c106330
2024-04-24T23:53:00.013 INFO:teuthology.orchestra.run.smithi110.stdout:/usr/bin/ceph: stderr
2024-04-24T23:52:58.242+0000 7f3b0b7fe700 1 --2- >> [v2:172.21.15.110:3300/0,v1:172.21.15.110:6789/0] conn(0x7f3b0c106330 0x7f3b0c106750 unknown :-1 s=BANNER_CONNECTING pgs=0 cs=0 l=0 rev1=0 crypto rx=0 tx=0 comp rx=0 tx=0)._handle_peer_banner_payload supported=3 required=0
2024-04-24T23:53:00.013 INFO:teuthology.orchestra.run.smithi110.stdout:/usr/bin/ceph: stderr
2024-04-24T23:52:58.242+0000 7f3b0b7fe700 1 --2- >> [v2:172.21.15.110:3300/0,v1:172.21.15.110:6789/0] conn(0x7f3b0c106330 0x7f3b0c106750 unknown :-1 s=HELLO_CONNECTING pgs=0 cs=0 l=0 rev1=1 crypto rx=0 tx=0 comp rx=0 tx=0).handle_hello peer v2:172.21.15.110:3300/0 says I am v2:172.21.15.110:38202/0 (socket says 172.21.15.110:38202)
2024-04-24T23:53:00.013 INFO:teuthology.orchestra.run.smithi110.stdout:/usr/bin/ceph: stderr
2024-04-24T23:52:58.242+0000 7f3b0b7fe700 1 -- 172.21.15.110:0/3675796529 learned_addr learned my addr 172.21.15.110:0/3675796529 (peer_addr_for_me v2:172.21.15.110:0/0)
2024-04-24T23:53:00.013 INFO:teuthology.orchestra.run.smithi110.stdout:/usr/bin/ceph: stderr
2024-04-24T23:52:58.243+0000 7f3b0b7fe700 1 -- 172.21.15.110:0/3675796529 --> [v2:172.21.15.110:3300/0,v1:172.21.15.110:6789/0] -- mon_subscribe({config=0+,monmap=0+}) -- 0x7f3b0c106c90 con 0x7f3b0c106330
2024-04-24T23:53:00.013 INFO:teuthology.orchestra.run.smithi110.stdout:/usr/bin/ceph: stderr
2024-04-24T23:52:58.243+0000 7f3b0b7fe700 1 --2- 172.21.15.110:0/3675796529 >> [v2:172.21.15.110:3300/0,v1:172.21.15.110:6789/0] conn(0x7f3b0c106330 0x7f3b0c106750 secure :-1 s=READY pgs=72 cs=0 l=1 rev1=1 crypto rx=0x7f3afc0098a0 tx=0x7f3afc009bb0 comp rx=0 tx=0).ready entity=mon.0 client_cookie=32b02afecceda3 server_cookie=0 in_seq=0 out_seq=0
2024-04-24T23:53:00.013 INFO:teuthology.orchestra.run.smithi110.stdout:/usr/bin/ceph: stderr
2024-04-24T23:52:58.243+0000 7f3b0a7fc700 1 -- 172.21.15.110:0/3675796529 <== mon.0 v2:172.21.15.110:3300/0 1 ==== mon_map magic: 0 ==== 205+0+0 (secure 0 0 0) 0x7f3afc004160 con 0x7f3b0c106330
2024-04-24T23:53:00.014 INFO:teuthology.orchestra.run.smithi110.stdout:/usr/bin/ceph: stderr
2024-04-24T23:52:58.243+0000 7f3b0a7fc700 1 -- 172.21.15.110:0/3675796529 <== mon.0 v2:172.21.15.110:3300/0 2 ==== config(26 keys) ==== 1102+0+0 (secure 0 0 0) 0x7f3afc004300 con 0x7f3b0c106330
2024-04-24T23:53:00.014 INFO:teuthology.orchestra.run.smithi110.stdout:/usr/bin/ceph: stderr
2024-04-24T23:52:58.243+0000 7f3b0a7fc700 1 -- 172.21.15.110:0/3675796529 <== mon.0 v2:172.21.15.110:3300/0 3 ==== mon_map magic: 0 ==== 205+0+0 (secure 0 0 0) 0x7f3afc011a50 con 0x7f3b0c106330
2024-04-24T23:53:00.014 INFO:teuthology.orchestra.run.smithi110.stdout:/usr/bin/ceph: stderr
2024-04-24T23:52:58.243+0000 7f3b12237700 1 -- 172.21.15.110:0/3675796529 >> [v2:172.21.15.110:3300/0,v1:172.21.15.110:6789/0] conn(0x7f3b0c106330 msgr2=0x7f3b0c106750 secure :-1 s=STATE_CONNECTION_ESTABLISHED l=1).mark_down
2024-04-24T23:53:00.014 INFO:teuthology.orchestra.run.smithi110.stdout:/usr/bin/ceph: stderr
2024-04-24T23:52:58.243+0000 7f3b12237700 1 --2- 172.21.15.110:0/3675796529 >> [v2:172.21.15.110:3300/0,v1:172.21.15.110:6789/0] conn(0x7f3b0c106330 0x7f3b0c106750 secure :-1 s=READY pgs=72 cs=0 l=1 rev1=1 crypto rx=0x7f3afc0098a0 tx=0x7f3afc009bb0 comp rx=0 tx=0).stop
2024-04-24T23:53:00.014 INFO:teuthology.orchestra.run.smithi110.stdout:/usr/bin/ceph: stderr
2024-04-24T23:52:58.244+0000 7f3b12237700 1 -- 172.21.15.110:0/3675796529 shutdown_connections
2024-04-24T23:53:00.014 INFO:teuthology.orchestra.run.smithi110.stdout:/usr/bin/ceph: stderr
2024-04-24T23:52:58.244+0000 7f3b12237700 1 --2- 172.21.15.110:0/3675796529 >> [v2:172.21.15.110:3300/0,v1:172.21.15.110:6789/0] conn(0x7f3b0c106330 0x7f3b0c106750 unknown :-1 s=CLOSED pgs=72 cs=0 l=1 rev1=1 crypto rx=0 tx=0 comp rx=0 tx=0).stop
2024-04-24T23:53:00.014 INFO:teuthology.orchestra.run.smithi110.stdout:/usr/bin/ceph: stderr
2024-04-24T23:52:58.244+0000 7f3b12237700 1 -- 172.21.15.110:0/3675796529 >> 172.21.15.110:0/3675796529 conn(0x7f3b0c101f70 msgr2=0x7f3b0c104390 unknown :-1 s=STATE_NONE l=0).mark_down
2024-04-24T23:53:00.014 INFO:teuthology.orchestra.run.smithi110.stdout:/usr/bin/ceph: stderr
2024-04-24T23:52:58.244+0000 7f3b12237700 1 -- 172.21.15.110:0/3675796529 shutdown_connections
2024-04-24T23:53:00.014 INFO:teuthology.orchestra.run.smithi110.stdout:/usr/bin/ceph: stderr
2024-04-24T23:52:58.244+0000 7f3b12237700 1 -- 172.21.15.110:0/3675796529 wait complete.
2024-04-24T23:53:00.014 INFO:teuthology.orchestra.run.smithi110.stdout:/usr/bin/ceph: stderr
2024-04-24T23:52:58.244+0000 7f3b12237700 1 Processor -- start
2024-04-24T23:53:00.014 INFO:teuthology.orchestra.run.smithi110.stdout:/usr/bin/ceph: stderr
2024-04-24T23:52:58.245+0000 7f3b12237700 1 -- start start
2024-04-24T23:53:00.018 INFO:teuthology.orchestra.run.smithi110.stdout:/usr/bin/ceph: stderr
2024-04-24T23:52:58.245+0000 7f3b12237700 1 --2- >> [v2:172.21.15.110:3300/0,v1:172.21.15.110:6789/0] conn(0x7f3b0c106330 0x7f3b0c19db90 unknown :-1 s=NONE pgs=0 cs=0 l=1 rev1=0 crypto rx=0 tx=0 comp rx=0 tx=0).connect
2024-04-24T23:53:00.018 INFO:teuthology.orchestra.run.smithi110.stdout:/usr/bin/ceph: stderr
2024-04-24T23:52:58.245+0000 7f3b12237700 1 -- --> [v2:172.21.15.110:3300/0,v1:172.21.15.110:6789/0] -- mon_getmap magic: 0 -- 0x7f3b0c107d00 con 0x7f3b0c106330
2024-04-24T23:53:00.018 INFO:teuthology.orchestra.run.smithi110.stdout:/usr/bin/ceph: stderr
2024-04-24T23:52:58.245+0000 7f3b0b7fe700 1 --2- >> [v2:172.21.15.110:3300/0,v1:172.21.15.110:6789/0] conn(0x7f3b0c106330 0x7f3b0c19db90 unknown :-1 s=BANNER_CONNECTING pgs=0 cs=0 l=1 rev1=0 crypto rx=0 tx=0 comp rx=0 tx=0)._handle_peer_banner_payload supported=3 required=0
2024-04-24T23:53:00.018 INFO:teuthology.orchestra.run.smithi110.stdout:/usr/bin/ceph: stderr
2024-04-24T23:52:58.245+0000 7f3b0b7fe700 1 --2- >> [v2:172.21.15.110:3300/0,v1:172.21.15.110:6789/0] conn(0x7f3b0c106330 0x7f3b0c19db90 unknown :-1 s=HELLO_CONNECTING pgs=0 cs=0 l=1 rev1=1 crypto rx=0 tx=0 comp rx=0 tx=0).handle_hello peer v2:172.21.15.110:3300/0 says I am v2:172.21.15.110:38218/0 (socket says 172.21.15.110:38218)
2024-04-24T23:53:00.018 INFO:teuthology.orchestra.run.smithi110.stdout:/usr/bin/ceph: stderr
2024-04-24T23:52:58.245+0000 7f3b0b7fe700 1 -- 172.21.15.110:0/610636913 learned_addr learned my addr 172.21.15.110:0/610636913 (peer_addr_for_me v2:172.21.15.110:0/0)
2024-04-24T23:53:00.018 INFO:teuthology.orchestra.run.smithi110.stdout:/usr/bin/ceph: stderr
2024-04-24T23:52:58.245+0000 7f3b0b7fe700 1 -- 172.21.15.110:0/610636913 --> [v2:172.21.15.110:3300/0,v1:172.21.15.110:6789/0] -- mon_subscribe({config=0+,monmap=0+}) -- 0x7f3b0c19e0d0 con 0x7f3b0c106330
2024-04-24T23:53:00.018 INFO:teuthology.orchestra.run.smithi110.stdout:/usr/bin/ceph: stderr
2024-04-24T23:52:58.246+0000 7f3b0b7fe700 1 --2- 172.21.15.110:0/610636913 >> [v2:172.21.15.110:3300/0,v1:172.21.15.110:6789/0] conn(0x7f3b0c106330 0x7f3b0c19db90 secure :-1 s=READY pgs=73 cs=0 l=1 rev1=1 crypto rx=0x7f3afc011a00 tx=0x7f3afc011ae0 comp rx=0 tx=0).ready entity=mon.0 client_cookie=0 server_cookie=0 in_seq=0 out_seq=0
2024-04-24T23:53:00.018 INFO:teuthology.orchestra.run.smithi110.stdout:/usr/bin/ceph: stderr
2024-04-24T23:52:58.246+0000 7f3b08ff9700 1 -- 172.21.15.110:0/610636913 <== mon.0 v2:172.21.15.110:3300/0 1 ==== mon_map magic: 0 ==== 205+0+0 (secure 0 0 0) 0x7f3afc003af0 con 0x7f3b0c106330
2024-04-24T23:53:00.018 INFO:teuthology.orchestra.run.smithi110.stdout:/usr/bin/ceph: stderr
2024-04-24T23:52:58.246+0000 7f3b08ff9700 1 -- 172.21.15.110:0/610636913 <== mon.0 v2:172.21.15.110:3300/0 2 ==== config(26 keys) ==== 1102+0+0 (secure 0 0 0) 0x7f3afc01a8e0 con 0x7f3b0c106330
2024-04-24T23:53:00.018 INFO:teuthology.orchestra.run.smithi110.stdout:/usr/bin/ceph: stderr
2024-04-24T23:52:58.246+0000 7f3b12237700 1 -- 172.21.15.110:0/610636913 --> [v2:172.21.15.110:3300/0,v1:172.21.15.110:6789/0] -- mon_subscribe({mgrmap=0+}) -- 0x7f3b0c19e360 con 0x7f3b0c106330
2024-04-24T23:53:00.018 INFO:teuthology.orchestra.run.smithi110.stdout:/usr/bin/ceph: stderr
2024-04-24T23:52:58.246+0000 7f3b08ff9700 1 -- 172.21.15.110:0/610636913 <== mon.0 v2:172.21.15.110:3300/0 3 ==== mon_map magic: 0 ==== 205+0+0 (secure 0 0 0) 0x7f3afc024840 con 0x7f3b0c106330
2024-04-24T23:53:00.018 INFO:teuthology.orchestra.run.smithi110.stdout:/usr/bin/ceph: stderr
2024-04-24T23:52:58.246+0000 7f3b12237700 1 -- 172.21.15.110:0/610636913 --> [v2:172.21.15.110:3300/0,v1:172.21.15.110:6789/0] -- mon_subscribe({osdmap=0}) -- 0x7f3b0c1a1050 con 0x7f3b0c106330
2024-04-24T23:53:00.019 INFO:teuthology.orchestra.run.smithi110.stdout:/usr/bin/ceph: stderr
2024-04-24T23:52:58.247+0000 7f3b08ff9700 1 -- 172.21.15.110:0/610636913 <== mon.0 v2:172.21.15.110:3300/0 4 ==== mgrmap(e 12) ==== 46300+0+0 (secure 0 0 0) 0x7f3afc022020 con 0x7f3b0c106330
2024-04-24T23:53:00.019 INFO:teuthology.orchestra.run.smithi110.stdout:/usr/bin/ceph: stderr
2024-04-24T23:52:58.247+0000 7f3b08ff9700 1 --2- 172.21.15.110:0/610636913 >> [v2:172.21.15.110:6800/546485163,v1:172.21.15.110:6801/546485163] conn(0x7f3af40390a0 0x7f3af403b560 unknown :-1 s=NONE pgs=0 cs=0 l=1 rev1=0 crypto rx=0 tx=0 comp rx=0 tx=0).connect
2024-04-24T23:53:00.019 INFO:teuthology.orchestra.run.smithi110.stdout:/usr/bin/ceph: stderr
2024-04-24T23:52:58.247+0000 7f3b08ff9700 1 -- 172.21.15.110:0/610636913 <== mon.0 v2:172.21.15.110:3300/0 5 ==== osd_map(3..3 src has 1..3) ==== 1155+0+0 (secure 0 0 0) 0x7f3afc04e310 con 0x7f3b0c106330
2024-04-24T23:53:00.019 INFO:teuthology.orchestra.run.smithi110.stdout:/usr/bin/ceph: stderr
2024-04-24T23:52:58.247+0000 7f3b0affd700 1 --2- 172.21.15.110:0/610636913 >> [v2:172.21.15.110:6800/546485163,v1:172.21.15.110:6801/546485163] conn(0x7f3af40390a0 0x7f3af403b560 unknown :-1 s=BANNER_CONNECTING pgs=0 cs=0 l=1 rev1=0 crypto rx=0 tx=0 comp rx=0 tx=0)._handle_peer_banner_payload supported=3 required=0
2024-04-24T23:53:00.019 INFO:teuthology.orchestra.run.smithi110.stdout:/usr/bin/ceph: stderr
2024-04-24T23:52:58.247+0000 7f3b12237700 1 -- 172.21.15.110:0/610636913 --> [v2:172.21.15.110:3300/0,v1:172.21.15.110:6789/0] -- mon_command({"prefix": "get_command_descriptions"} v 0) -- 0x7f3b0c063890 con 0x7f3b0c106330
2024-04-24T23:53:00.019 INFO:teuthology.orchestra.run.smithi110.stdout:/usr/bin/ceph: stderr
2024-04-24T23:52:58.248+0000 7f3b0affd700 1 --2- 172.21.15.110:0/610636913 >> [v2:172.21.15.110:6800/546485163,v1:172.21.15.110:6801/546485163] conn(0x7f3af40390a0 0x7f3af403b560 secure :-1 s=READY pgs=8 cs=0 l=1 rev1=1 crypto rx=0x7f3b00006fd0 tx=0x7f3b00006e40 comp rx=0 tx=0).ready entity=mgr.14152 client_cookie=0 server_cookie=0 in_seq=0 out_seq=0
2024-04-24T23:53:00.019 INFO:teuthology.orchestra.run.smithi110.stdout:/usr/bin/ceph: stderr
2024-04-24T23:52:58.252+0000 7f3b08ff9700 1 -- 172.21.15.110:0/610636913 <== mon.0 v2:172.21.15.110:3300/0 6 ==== mon_command_ack([{"prefix": "get_command_descriptions"}]=0 v0) ==== 72+0+186147 (secure 0 0 0) 0x7f3afc0172b0 con 0x7f3b0c106330
2024-04-24T23:53:00.019 INFO:teuthology.orchestra.run.smithi110.stdout:/usr/bin/ceph: stderr
2024-04-24T23:52:58.474+0000 7f3b12237700 1 -- 172.21.15.110:0/610636913 --> [v2:172.21.15.110:6800/546485163,v1:172.21.15.110:6801/546485163] -- mgr_command(tid 0: {"prefix": "dashboard ac-user-create", "username": "admin", "rolename": "administrator", "force_password": true, "pwd_update_required": true, "target": ["mon-mgr", ""]}) -- 0x7f3b0c02dc40 con 0x7f3af40390a0
2024-04-24T23:53:00.019 INFO:teuthology.orchestra.run.smithi110.stdout:/usr/bin/ceph: stderr
2024-04-24T23:52:58.698+0000 7f3b08ff9700 1 -- 172.21.15.110:0/610636913 <== mgr.14152 v2:172.21.15.110:6800/546485163 1 ==== mgr_command_reply(tid 0: 0 ) ==== 8+0+252 (secure 0 0 0) 0x7f3b0c02dc40 con 0x7f3af40390a0
2024-04-24T23:53:00.019 INFO:teuthology.orchestra.run.smithi110.stdout:/usr/bin/ceph: stderr
2024-04-24T23:52:58.700+0000 7f3b12237700 1 -- 172.21.15.110:0/610636913 >> [v2:172.21.15.110:6800/546485163,v1:172.21.15.110:6801/546485163] conn(0x7f3af40390a0 msgr2=0x7f3af403b560 secure :-1 s=STATE_CONNECTION_ESTABLISHED l=1).mark_down
2024-04-24T23:53:00.019 INFO:teuthology.orchestra.run.smithi110.stdout:/usr/bin/ceph: stderr
2024-04-24T23:52:58.700+0000 7f3b12237700 1 --2- 172.21.15.110:0/610636913 >> [v2:172.21.15.110:6800/546485163,v1:172.21.15.110:6801/546485163] conn(0x7f3af40390a0 0x7f3af403b560 secure :-1 s=READY pgs=8 cs=0 l=1 rev1=1 crypto rx=0x7f3b00006fd0 tx=0x7f3b00006e40 comp rx=0 tx=0).stop
2024-04-24T23:53:00.019 INFO:teuthology.orchestra.run.smithi110.stdout:/usr/bin/ceph: stderr
2024-04-24T23:52:58.700+0000 7f3b12237700 1 -- 172.21.15.110:0/610636913 >> [v2:172.21.15.110:3300/0,v1:172.21.15.110:6789/0] conn(0x7f3b0c106330 msgr2=0x7f3b0c19db90 secure :-1 s=STATE_CONNECTION_ESTABLISHED l=1).mark_down
2024-04-24T23:53:00.019 INFO:teuthology.orchestra.run.smithi110.stdout:/usr/bin/ceph: stderr
2024-04-24T23:52:58.700+0000 7f3b12237700 1 --2- 172.21.15.110:0/610636913 >> [v2:172.21.15.110:3300/0,v1:172.21.15.110:6789/0] conn(0x7f3b0c106330 0x7f3b0c19db90 secure :-1 s=READY pgs=73 cs=0 l=1 rev1=1 crypto rx=0x7f3afc011a00 tx=0x7f3afc011ae0 comp rx=0 tx=0).stop
2024-04-24T23:53:00.019 INFO:teuthology.orchestra.run.smithi110.stdout:/usr/bin/ceph: stderr
2024-04-24T23:52:58.700+0000 7f3b12237700 1 -- 172.21.15.110:0/610636913 shutdown_connections
2024-04-24T23:53:00.020 INFO:teuthology.orchestra.run.smithi110.stdout:/usr/bin/ceph: stderr
2024-04-24T23:52:58.700+0000 7f3b12237700 1 --2- 172.21.15.110:0/610636913 >> [v2:172.21.15.110:6800/546485163,v1:172.21.15.110:6801/546485163] conn(0x7f3af40390a0 0x7f3af403b560 unknown :-1 s=CLOSED pgs=8 cs=0 l=1 rev1=1 crypto rx=0 tx=0 comp rx=0 tx=0).stop
2024-04-24T23:53:00.020 INFO:teuthology.orchestra.run.smithi110.stdout:/usr/bin/ceph: stderr
2024-04-24T23:52:58.700+0000 7f3b12237700 1 --2- 172.21.15.110:0/610636913 >> [v2:172.21.15.110:3300/0,v1:172.21.15.110:6789/0] conn(0x7f3b0c106330 0x7f3b0c19db90 unknown :-1 s=CLOSED pgs=73 cs=0 l=1 rev1=1 crypto rx=0 tx=0 comp rx=0 tx=0).stop
2024-04-24T23:53:00.020 INFO:teuthology.orchestra.run.smithi110.stdout:/usr/bin/ceph: stderr
2024-04-24T23:52:58.700+0000 7f3b12237700 1 -- 172.21.15.110:0/610636913 >> 172.21.15.110:0/610636913 conn(0x7f3b0c101f70 msgr2=0x7f3b0c1947f0 unknown :-1 s=STATE_NONE l=0).mark_down
2024-04-24T23:53:00.020 INFO:teuthology.orchestra.run.smithi110.stdout:/usr/bin/ceph: stderr
2024-04-24T23:52:58.700+0000 7f3b12237700 1 -- 172.21.15.110:0/610636913 shutdown_connections
2024-04-24T23:53:00.020 INFO:teuthology.orchestra.run.smithi110.stdout:/usr/bin/ceph: stderr
2024-04-24T23:52:58.700+0000 7f3b12237700 1 -- 172.21.15.110:0/610636913 wait complete.
2024-04-24T23:53:00.020 INFO:teuthology.orchestra.run.smithi110.stdout:Fetching dashboard port number...
2024-04-24T23:53:01.200 INFO:teuthology.orchestra.run.smithi110.stdout:/usr/bin/ceph: stdout 8443
2024-04-24T23:53:01.206 INFO:teuthology.orchestra.run.smithi110.stdout:/usr/bin/ceph: stderr
2024-04-24T23:53:00.470+0000 7f721c683700 1 Processor -- start
2024-04-24T23:53:01.206 INFO:teuthology.orchestra.run.smithi110.stdout:/usr/bin/ceph: stderr
2024-04-24T23:53:00.470+0000 7f721c683700 1 -- start start
2024-04-24T23:53:01.206 INFO:teuthology.orchestra.run.smithi110.stdout:/usr/bin/ceph: stderr
2024-04-24T23:53:00.470+0000 7f721c683700 1 --2- >> [v2:172.21.15.110:3300/0,v1:172.21.15.110:6789/0] conn(0x7f7214107ab0 0x7f7214107ed0 unknown :-1 s=NONE pgs=0 cs=0 l=0 rev1=0 crypto rx=0 tx=0 comp rx=0 tx=0).connect
2024-04-24T23:53:01.206 INFO:teuthology.orchestra.run.smithi110.stdout:/usr/bin/ceph: stderr
2024-04-24T23:53:00.470+0000 7f721c683700 1 -- --> [v2:172.21.15.110:3300/0,v1:172.21.15.110:6789/0] -- mon_getmap magic: 0 -- 0x7f72141084a0 con 0x7f7214107ab0
2024-04-24T23:53:01.206 INFO:teuthology.orchestra.run.smithi110.stdout:/usr/bin/ceph: stderr
2024-04-24T23:53:00.470+0000 7f721a41f700 1 --2- >> [v2:172.21.15.110:3300/0,v1:172.21.15.110:6789/0] conn(0x7f7214107ab0 0x7f7214107ed0 unknown :-1 s=BANNER_CONNECTING pgs=0 cs=0 l=0 rev1=0 crypto rx=0 tx=0 comp rx=0 tx=0)._handle_peer_banner_payload supported=3 required=0
2024-04-24T23:53:01.206 INFO:teuthology.orchestra.run.smithi110.stdout:/usr/bin/ceph: stderr
2024-04-24T23:53:00.470+0000 7f721a41f700 1 --2- >> [v2:172.21.15.110:3300/0,v1:172.21.15.110:6789/0] conn(0x7f7214107ab0 0x7f7214107ed0 unknown :-1 s=HELLO_CONNECTING pgs=0 cs=0 l=0 rev1=1 crypto rx=0 tx=0 comp rx=0 tx=0).handle_hello peer v2:172.21.15.110:3300/0 says I am v2:172.21.15.110:38220/0 (socket says 172.21.15.110:38220)
2024-04-24T23:53:01.206 INFO:teuthology.orchestra.run.smithi110.stdout:/usr/bin/ceph: stderr
2024-04-24T23:53:00.470+0000 7f721a41f700 1 -- 172.21.15.110:0/3854720277 learned_addr learned my addr 172.21.15.110:0/3854720277 (peer_addr_for_me v2:172.21.15.110:0/0)
2024-04-24T23:53:01.206 INFO:teuthology.orchestra.run.smithi110.stdout:/usr/bin/ceph: stderr
2024-04-24T23:53:00.471+0000 7f721a41f700 1 -- 172.21.15.110:0/3854720277 --> [v2:172.21.15.110:3300/0,v1:172.21.15.110:6789/0] -- mon_subscribe({config=0+,monmap=0+}) -- 0x7f7214108c60 con 0x7f7214107ab0
2024-04-24T23:53:01.206 INFO:teuthology.orchestra.run.smithi110.stdout:/usr/bin/ceph: stderr
2024-04-24T23:53:00.471+0000 7f721a41f700 1 --2- 172.21.15.110:0/3854720277 >> [v2:172.21.15.110:3300/0,v1:172.21.15.110:6789/0] conn(0x7f7214107ab0 0x7f7214107ed0 secure :-1 s=READY pgs=74 cs=0 l=1 rev1=1 crypto rx=0x7f720c0098a0 tx=0x7f720c009bb0 comp rx=0 tx=0).ready entity=mon.0 client_cookie=db41c244876ea6b1 server_cookie=0 in_seq=0 out_seq=0
2024-04-24T23:53:01.206 INFO:teuthology.orchestra.run.smithi110.stdout:/usr/bin/ceph: stderr
2024-04-24T23:53:00.471+0000 7f721941d700 1 -- 172.21.15.110:0/3854720277 <== mon.0 v2:172.21.15.110:3300/0 1 ==== mon_map magic: 0 ==== 205+0+0 (secure 0 0 0) 0x7f720c004160 con 0x7f7214107ab0
2024-04-24T23:53:01.206 INFO:teuthology.orchestra.run.smithi110.stdout:/usr/bin/ceph: stderr
2024-04-24T23:53:00.471+0000 7f721941d700 1 -- 172.21.15.110:0/3854720277 <== mon.0 v2:172.21.15.110:3300/0 2 ==== config(26 keys) ==== 1102+0+0 (secure 0 0 0) 0x7f720c004300 con 0x7f7214107ab0
2024-04-24T23:53:01.206 INFO:teuthology.orchestra.run.smithi110.stdout:/usr/bin/ceph: stderr
2024-04-24T23:53:00.471+0000 7f721941d700 1 -- 172.21.15.110:0/3854720277 <== mon.0 v2:172.21.15.110:3300/0 3 ==== mon_map magic: 0 ==== 205+0+0 (secure 0 0 0) 0x7f720c011a50 con 0x7f7214107ab0
2024-04-24T23:53:01.207 INFO:teuthology.orchestra.run.smithi110.stdout:/usr/bin/ceph: stderr
2024-04-24T23:53:00.472+0000 7f721c683700 1 -- 172.21.15.110:0/3854720277 >> [v2:172.21.15.110:3300/0,v1:172.21.15.110:6789/0] conn(0x7f7214107ab0 msgr2=0x7f7214107ed0 secure :-1 s=STATE_CONNECTION_ESTABLISHED l=1).mark_down
2024-04-24T23:53:01.207 INFO:teuthology.orchestra.run.smithi110.stdout:/usr/bin/ceph: stderr
2024-04-24T23:53:00.472+0000 7f721c683700 1 --2- 172.21.15.110:0/3854720277 >> [v2:172.21.15.110:3300/0,v1:172.21.15.110:6789/0] conn(0x7f7214107ab0 0x7f7214107ed0 secure :-1 s=READY pgs=74 cs=0 l=1 rev1=1 crypto rx=0x7f720c0098a0 tx=0x7f720c009bb0 comp rx=0 tx=0).stop
2024-04-24T23:53:01.207 INFO:teuthology.orchestra.run.smithi110.stdout:/usr/bin/ceph: stderr
2024-04-24T23:53:00.472+0000 7f721c683700 1 -- 172.21.15.110:0/3854720277 shutdown_connections
2024-04-24T23:53:01.207 INFO:teuthology.orchestra.run.smithi110.stdout:/usr/bin/ceph: stderr
2024-04-24T23:53:00.472+0000 7f721c683700 1 --2- 172.21.15.110:0/3854720277 >> [v2:172.21.15.110:3300/0,v1:172.21.15.110:6789/0] conn(0x7f7214107ab0 0x7f7214107ed0 unknown :-1 s=CLOSED pgs=74 cs=0 l=1 rev1=1 crypto rx=0 tx=0 comp rx=0 tx=0).stop
2024-04-24T23:53:01.207 INFO:teuthology.orchestra.run.smithi110.stdout:/usr/bin/ceph: stderr
2024-04-24T23:53:00.472+0000 7f721c683700 1 -- 172.21.15.110:0/3854720277 >> 172.21.15.110:0/3854720277 conn(0x7f7214103090 msgr2=0x7f72141054b0 unknown :-1 s=STATE_NONE l=0).mark_down
2024-04-24T23:53:01.207 INFO:teuthology.orchestra.run.smithi110.stdout:/usr/bin/ceph: stderr
2024-04-24T23:53:00.472+0000 7f721c683700 1 -- 172.21.15.110:0/3854720277 shutdown_connections
2024-04-24T23:53:01.207 INFO:teuthology.orchestra.run.smithi110.stdout:/usr/bin/ceph: stderr
2024-04-24T23:53:00.472+0000 7f721c683700 1 -- 172.21.15.110:0/3854720277 wait complete.
2024-04-24T23:53:01.207 INFO:teuthology.orchestra.run.smithi110.stdout:/usr/bin/ceph: stderr
2024-04-24T23:53:00.472+0000 7f721c683700 1 Processor -- start
2024-04-24T23:53:01.207 INFO:teuthology.orchestra.run.smithi110.stdout:/usr/bin/ceph: stderr
2024-04-24T23:53:00.472+0000 7f721c683700 1 -- start start
2024-04-24T23:53:01.207 INFO:teuthology.orchestra.run.smithi110.stdout:/usr/bin/ceph: stderr
2024-04-24T23:53:00.472+0000 7f721c683700 1 --2- >> [v2:172.21.15.110:3300/0,v1:172.21.15.110:6789/0] conn(0x7f7214107ab0 0x7f721419b9b0 unknown :-1 s=NONE pgs=0 cs=0 l=1 rev1=0 crypto rx=0 tx=0 comp rx=0 tx=0).connect
2024-04-24T23:53:01.207 INFO:teuthology.orchestra.run.smithi110.stdout:/usr/bin/ceph: stderr
2024-04-24T23:53:00.472+0000 7f721c683700 1 -- --> [v2:172.21.15.110:3300/0,v1:172.21.15.110:6789/0] -- mon_getmap magic: 0 -- 0x7f721410c010 con 0x7f7214107ab0
2024-04-24T23:53:01.207 INFO:teuthology.orchestra.run.smithi110.stdout:/usr/bin/ceph: stderr
2024-04-24T23:53:00.472+0000 7f721a41f700 1 --2- >> [v2:172.21.15.110:3300/0,v1:172.21.15.110:6789/0] conn(0x7f7214107ab0 0x7f721419b9b0 unknown :-1 s=BANNER_CONNECTING pgs=0 cs=0 l=1 rev1=0 crypto rx=0 tx=0 comp rx=0 tx=0)._handle_peer_banner_payload supported=3 required=0
2024-04-24T23:53:01.207 INFO:teuthology.orchestra.run.smithi110.stdout:/usr/bin/ceph: stderr
2024-04-24T23:53:00.473+0000 7f721a41f700 1 --2- >> [v2:172.21.15.110:3300/0,v1:172.21.15.110:6789/0] conn(0x7f7214107ab0 0x7f721419b9b0 unknown :-1 s=HELLO_CONNECTING pgs=0 cs=0 l=1 rev1=1 crypto rx=0 tx=0 comp rx=0 tx=0).handle_hello peer v2:172.21.15.110:3300/0 says I am v2:172.21.15.110:38232/0 (socket says 172.21.15.110:38232)
2024-04-24T23:53:01.207 INFO:teuthology.orchestra.run.smithi110.stdout:/usr/bin/ceph: stderr
2024-04-24T23:53:00.473+0000 7f721a41f700 1 -- 172.21.15.110:0/3976906597 learned_addr learned my addr 172.21.15.110:0/3976906597 (peer_addr_for_me v2:172.21.15.110:0/0)
2024-04-24T23:53:01.208 INFO:teuthology.orchestra.run.smithi110.stdout:/usr/bin/ceph: stderr
2024-04-24T23:53:00.473+0000 7f721a41f700 1 -- 172.21.15.110:0/3976906597 --> [v2:172.21.15.110:3300/0,v1:172.21.15.110:6789/0] -- mon_subscribe({config=0+,monmap=0+}) -- 0x7f721419bef0 con 0x7f7214107ab0
2024-04-24T23:53:01.208 INFO:teuthology.orchestra.run.smithi110.stdout:/usr/bin/ceph: stderr
2024-04-24T23:53:00.473+0000 7f721a41f700 1 --2- 172.21.15.110:0/3976906597 >> [v2:172.21.15.110:3300/0,v1:172.21.15.110:6789/0] conn(0x7f7214107ab0 0x7f721419b9b0 secure :-1 s=READY pgs=75 cs=0 l=1 rev1=1 crypto rx=0x7f720c011710 tx=0x7f720c011ad0 comp rx=0 tx=0).ready entity=mon.0 client_cookie=0 server_cookie=0 in_seq=0 out_seq=0
2024-04-24T23:53:01.208 INFO:teuthology.orchestra.run.smithi110.stdout:/usr/bin/ceph: stderr
2024-04-24T23:53:00.473+0000 7f720b7fe700 1 -- 172.21.15.110:0/3976906597 <== mon.0 v2:172.21.15.110:3300/0 1 ==== mon_map magic: 0 ==== 205+0+0 (secure 0 0 0) 0x7f720c0039c0 con 0x7f7214107ab0
2024-04-24T23:53:01.208 INFO:teuthology.orchestra.run.smithi110.stdout:/usr/bin/ceph: stderr
2024-04-24T23:53:00.473+0000 7f720b7fe700 1 -- 172.21.15.110:0/3976906597 <== mon.0 v2:172.21.15.110:3300/0 2 ==== config(26 keys) ==== 1102+0+0 (secure 0 0 0) 0x7f720c003b60 con 0x7f7214107ab0
2024-04-24T23:53:01.208 INFO:teuthology.orchestra.run.smithi110.stdout:/usr/bin/ceph: stderr
2024-04-24T23:53:00.473+0000 7f721c683700 1 -- 172.21.15.110:0/3976906597 --> [v2:172.21.15.110:3300/0,v1:172.21.15.110:6789/0] -- mon_subscribe({mgrmap=0+}) -- 0x7f721419c180 con 0x7f7214107ab0
2024-04-24T23:53:01.208 INFO:teuthology.orchestra.run.smithi110.stdout:/usr/bin/ceph: stderr
2024-04-24T23:53:00.473+0000 7f720b7fe700 1 -- 172.21.15.110:0/3976906597 <== mon.0 v2:172.21.15.110:3300/0 3 ==== mon_map magic: 0 ==== 205+0+0 (secure 0 0 0) 0x7f720c01a690 con 0x7f7214107ab0
2024-04-24T23:53:01.208 INFO:teuthology.orchestra.run.smithi110.stdout:/usr/bin/ceph: stderr
2024-04-24T23:53:00.473+0000 7f721c683700 1 -- 172.21.15.110:0/3976906597 --> [v2:172.21.15.110:3300/0,v1:172.21.15.110:6789/0] -- mon_subscribe({osdmap=0}) -- 0x7f721419ee70 con 0x7f7214107ab0
2024-04-24T23:53:01.208 INFO:teuthology.orchestra.run.smithi110.stdout:/usr/bin/ceph: stderr
2024-04-24T23:53:00.474+0000 7f720b7fe700 1 -- 172.21.15.110:0/3976906597 <== mon.0 v2:172.21.15.110:3300/0 4 ==== mgrmap(e 12) ==== 46300+0+0 (secure 0 0 0) 0x7f720c01a990 con 0x7f7214107ab0
2024-04-24T23:53:01.208 INFO:teuthology.orchestra.run.smithi110.stdout:/usr/bin/ceph: stderr
2024-04-24T23:53:00.474+0000 7f721c683700 1 -- 172.21.15.110:0/3976906597 --> [v2:172.21.15.110:3300/0,v1:172.21.15.110:6789/0] -- mon_command({"prefix": "get_command_descriptions"} v 0) -- 0x7f7214063890 con 0x7f7214107ab0
2024-04-24T23:53:01.208 INFO:teuthology.orchestra.run.smithi110.stdout:/usr/bin/ceph: stderr
2024-04-24T23:53:00.474+0000 7f720b7fe700 1 --2- 172.21.15.110:0/3976906597 >> [v2:172.21.15.110:6800/546485163,v1:172.21.15.110:6801/546485163] conn(0x7f7200039050 0x7f720003b510 unknown :-1 s=NONE pgs=0 cs=0 l=1 rev1=0 crypto rx=0 tx=0 comp rx=0 tx=0).connect
2024-04-24T23:53:01.208 INFO:teuthology.orchestra.run.smithi110.stdout:/usr/bin/ceph: stderr
2024-04-24T23:53:00.474+0000 7f720b7fe700 1 -- 172.21.15.110:0/3976906597 <== mon.0 v2:172.21.15.110:3300/0 5 ==== osd_map(3..3 src has 1..3) ==== 1155+0+0 (secure 0 0 0) 0x7f720c04d9c0 con 0x7f7214107ab0
2024-04-24T23:53:01.208 INFO:teuthology.orchestra.run.smithi110.stdout:/usr/bin/ceph: stderr
2024-04-24T23:53:00.474+0000 7f7219c1e700 1 --2- 172.21.15.110:0/3976906597 >> [v2:172.21.15.110:6800/546485163,v1:172.21.15.110:6801/546485163] conn(0x7f7200039050 0x7f720003b510 unknown :-1 s=BANNER_CONNECTING pgs=0 cs=0 l=1 rev1=0 crypto rx=0 tx=0 comp rx=0 tx=0)._handle_peer_banner_payload supported=3 required=0
2024-04-24T23:53:01.208 INFO:teuthology.orchestra.run.smithi110.stdout:/usr/bin/ceph: stderr
2024-04-24T23:53:00.474+0000 7f7219c1e700 1 --2- 172.21.15.110:0/3976906597 >> [v2:172.21.15.110:6800/546485163,v1:172.21.15.110:6801/546485163] conn(0x7f7200039050 0x7f720003b510 secure :-1 s=READY pgs=9 cs=0 l=1 rev1=1 crypto rx=0x7f7204006fd0 tx=0x7f7204006e40 comp rx=0 tx=0).ready entity=mgr.14152 client_cookie=0 server_cookie=0 in_seq=0 out_seq=0
2024-04-24T23:53:01.208 INFO:teuthology.orchestra.run.smithi110.stdout:/usr/bin/ceph: stderr
2024-04-24T23:53:00.479+0000 7f720b7fe700 1 -- 172.21.15.110:0/3976906597 <== mon.0 v2:172.21.15.110:3300/0 6 ==== mon_command_ack([{"prefix": "get_command_descriptions"}]=0 v0) ==== 72+0+186147 (secure 0 0 0) 0x7f720c04fe20 con 0x7f7214107ab0
2024-04-24T23:53:01.209 INFO:teuthology.orchestra.run.smithi110.stdout:/usr/bin/ceph: stderr
2024-04-24T23:53:00.481+0000 7f720b7fe700 1 -- 172.21.15.110:0/3976906597 <== mon.0 v2:172.21.15.110:3300/0 7 ==== mgrmap(e 13) ==== 46344+0+0 (secure 0 0 0) 0x7f720c02d3f0 con 0x7f7214107ab0
2024-04-24T23:53:01.209 INFO:teuthology.orchestra.run.smithi110.stdout:/usr/bin/ceph: stderr
2024-04-24T23:53:00.679+0000 7f721c683700 1 -- 172.21.15.110:0/3976906597 --> [v2:172.21.15.110:3300/0,v1:172.21.15.110:6789/0] -- mon_command({"prefix": "config get", "who": "mgr", "key": "mgr/dashboard/ssl_server_port"} v 0) -- 0x7f721419f420 con 0x7f7214107ab0
2024-04-24T23:53:01.209 INFO:teuthology.orchestra.run.smithi110.stdout:/usr/bin/ceph: stderr
2024-04-24T23:53:00.679+0000 7f720b7fe700 1 -- 172.21.15.110:0/3976906597 <== mon.0 v2:172.21.15.110:3300/0 8 ==== mon_command_ack([{"prefix": "config get", "who": "mgr", "key": "mgr/dashboard/ssl_server_port"}]=0 v8) ==== 112+0+5 (secure 0 0 0) 0x7f720c019c70 con 0x7f7214107ab0
2024-04-24T23:53:01.209 INFO:teuthology.orchestra.run.smithi110.stdout:/usr/bin/ceph: stderr
2024-04-24T23:53:00.681+0000 7f721c683700 1 -- 172.21.15.110:0/3976906597 >> [v2:172.21.15.110:6800/546485163,v1:172.21.15.110:6801/546485163] conn(0x7f7200039050 msgr2=0x7f720003b510 secure :-1 s=STATE_CONNECTION_ESTABLISHED l=1).mark_down
2024-04-24T23:53:01.209 INFO:teuthology.orchestra.run.smithi110.stdout:/usr/bin/ceph: stderr
2024-04-24T23:53:00.681+0000 7f721c683700 1 --2- 172.21.15.110:0/3976906597 >> [v2:172.21.15.110:6800/546485163,v1:172.21.15.110:6801/546485163] conn(0x7f7200039050 0x7f720003b510 secure :-1 s=READY pgs=9 cs=0 l=1 rev1=1 crypto rx=0x7f7204006fd0 tx=0x7f7204006e40 comp rx=0 tx=0).stop
2024-04-24T23:53:01.209 INFO:teuthology.orchestra.run.smithi110.stdout:/usr/bin/ceph: stderr
2024-04-24T23:53:00.681+0000 7f721c683700 1 -- 172.21.15.110:0/3976906597 >> [v2:172.21.15.110:3300/0,v1:172.21.15.110:6789/0] conn(0x7f7214107ab0 msgr2=0x7f721419b9b0 secure :-1 s=STATE_CONNECTION_ESTABLISHED l=1).mark_down
2024-04-24T23:53:01.209 INFO:teuthology.orchestra.run.smithi110.stdout:/usr/bin/ceph: stderr
2024-04-24T23:53:00.681+0000 7f721c683700 1 --2- 172.21.15.110:0/3976906597 >> [v2:172.21.15.110:3300/0,v1:172.21.15.110:6789/0] conn(0x7f7214107ab0 0x7f721419b9b0 secure :-1 s=READY pgs=75 cs=0 l=1 rev1=1 crypto rx=0x7f720c011710 tx=0x7f720c011ad0 comp rx=0 tx=0).stop
2024-04-24T23:53:01.209 INFO:teuthology.orchestra.run.smithi110.stdout:/usr/bin/ceph: stderr
2024-04-24T23:53:00.681+0000 7f721c683700 1 -- 172.21.15.110:0/3976906597 shutdown_connections
2024-04-24T23:53:01.209 INFO:teuthology.orchestra.run.smithi110.stdout:/usr/bin/ceph: stderr
2024-04-24T23:53:00.681+0000 7f721c683700 1 --2- 172.21.15.110:0/3976906597 >> [v2:172.21.15.110:6800/546485163,v1:172.21.15.110:6801/546485163] conn(0x7f7200039050 0x7f720003b510 unknown :-1 s=CLOSED pgs=9 cs=0 l=1 rev1=1 crypto rx=0 tx=0 comp rx=0 tx=0).stop
2024-04-24T23:53:01.209 INFO:teuthology.orchestra.run.smithi110.stdout:/usr/bin/ceph: stderr
2024-04-24T23:53:00.681+0000 7f721c683700 1 --2- 172.21.15.110:0/3976906597 >> [v2:172.21.15.110:3300/0,v1:172.21.15.110:6789/0] conn(0x7f7214107ab0 0x7f721419b9b0 unknown :-1 s=CLOSED pgs=75 cs=0 l=1 rev1=1 crypto rx=0 tx=0 comp rx=0 tx=0).stop
2024-04-24T23:53:01.209 INFO:teuthology.orchestra.run.smithi110.stdout:/usr/bin/ceph: stderr
2024-04-24T23:53:00.681+0000 7f721c683700 1 -- 172.21.15.110:0/3976906597 >> 172.21.15.110:0/3976906597 conn(0x7f7214103090 msgr2=0x7f7214103b60 unknown :-1 s=STATE_NONE l=0).mark_down
2024-04-24T23:53:01.209 INFO:teuthology.orchestra.run.smithi110.stdout:/usr/bin/ceph: stderr
2024-04-24T23:53:00.681+0000 7f721c683700 1 -- 172.21.15.110:0/3976906597 shutdown_connections
2024-04-24T23:53:01.209 INFO:teuthology.orchestra.run.smithi110.stdout:/usr/bin/ceph: stderr
2024-04-24T23:53:00.682+0000 7f721c683700 1 -- 172.21.15.110:0/3976906597 wait complete.
2024-04-24T23:53:01.211 INFO:teuthology.orchestra.run.smithi110.stdout:Non-zero exit code 1 from systemctl is-enabled firewalld.service
2024-04-24T23:53:01.211 INFO:teuthology.orchestra.run.smithi110.stdout:systemctl: stdout disabled
2024-04-24T23:53:01.218 INFO:teuthology.orchestra.run.smithi110.stdout:Non-zero exit code 3 from systemctl is-active firewalld.service
2024-04-24T23:53:01.218 INFO:teuthology.orchestra.run.smithi110.stdout:systemctl: stdout inactive
2024-04-24T23:53:01.218 INFO:teuthology.orchestra.run.smithi110.stdout:firewalld.service is not enabled
2024-04-24T23:53:01.218 INFO:teuthology.orchestra.run.smithi110.stdout:Not possible to open ports <[8443]>. firewalld.service is not available
2024-04-24T23:53:01.220 INFO:teuthology.orchestra.run.smithi110.stdout:Ceph Dashboard is now available at:
2024-04-24T23:53:01.220 INFO:teuthology.orchestra.run.smithi110.stdout:
2024-04-24T23:53:01.220 INFO:teuthology.orchestra.run.smithi110.stdout: URL: https://smithi110:8443/
2024-04-24T23:53:01.220 INFO:teuthology.orchestra.run.smithi110.stdout: User: admin
2024-04-24T23:53:01.220 INFO:teuthology.orchestra.run.smithi110.stdout: Password: 2k29su99tc
2024-04-24T23:53:01.220 INFO:teuthology.orchestra.run.smithi110.stdout:
2024-04-24T23:53:01.221 INFO:teuthology.orchestra.run.smithi110.stdout:Saving cluster configuration to /var/lib/ceph/787fa75a-0295-11ef-bc93-c7b262605968/config directory
2024-04-24T23:53:01.221 INFO:teuthology.orchestra.run.smithi110.stdout:Enabling autotune for osd_memory_target
2024-04-24T23:53:01.658 INFO:journalctl@ceph.mon.a.smithi110.stdout:Apr 24 23:53:01 smithi110 ceph-mon[29187]: mgrmap e13: x(active, since 6s)
2024-04-24T23:53:01.658 INFO:journalctl@ceph.mon.a.smithi110.stdout:Apr 24 23:53:01 smithi110 ceph-mon[29187]: from='client.? 172.21.15.110:0/3976906597' entity='client.admin' cmd=[{"prefix": "config get", "who": "mgr", "key": "mgr/dashboard/ssl_server_port"}]: dispatch
2024-04-24T23:53:02.461 INFO:teuthology.orchestra.run.smithi110.stdout:/usr/bin/ceph: stderr
2024-04-24T23:53:01.677+0000 7fcae8f49700 1 Processor -- start
2024-04-24T23:53:02.461 INFO:teuthology.orchestra.run.smithi110.stdout:/usr/bin/ceph: stderr
2024-04-24T23:53:01.677+0000 7fcae8f49700 1 -- start start
2024-04-24T23:53:02.461 INFO:teuthology.orchestra.run.smithi110.stdout:/usr/bin/ceph: stderr
2024-04-24T23:53:01.677+0000 7fcae8f49700 1 --2- >> [v2:172.21.15.110:3300/0,v1:172.21.15.110:6789/0] conn(0x7fcae4106990 0x7fcae4106db0 unknown :-1 s=NONE pgs=0 cs=0 l=0 rev1=0 crypto rx=0 tx=0 comp rx=0 tx=0).connect
2024-04-24T23:53:02.461 INFO:teuthology.orchestra.run.smithi110.stdout:/usr/bin/ceph: stderr
2024-04-24T23:53:01.677+0000 7fcae8f49700 1 -- --> [v2:172.21.15.110:3300/0,v1:172.21.15.110:6789/0] -- mon_getmap magic: 0 -- 0x7fcae4107380 con 0x7fcae4106990
2024-04-24T23:53:02.461 INFO:teuthology.orchestra.run.smithi110.stdout:/usr/bin/ceph: stderr
2024-04-24T23:53:01.677+0000 7fcae259c700 1 --2- >> [v2:172.21.15.110:3300/0,v1:172.21.15.110:6789/0] conn(0x7fcae4106990 0x7fcae4106db0 unknown :-1 s=BANNER_CONNECTING pgs=0 cs=0 l=0 rev1=0 crypto rx=0 tx=0 comp rx=0 tx=0)._handle_peer_banner_payload supported=3 required=0
2024-04-24T23:53:02.461 INFO:teuthology.orchestra.run.smithi110.stdout:/usr/bin/ceph: stderr
2024-04-24T23:53:01.677+0000 7fcae259c700 1 --2- >> [v2:172.21.15.110:3300/0,v1:172.21.15.110:6789/0] conn(0x7fcae4106990 0x7fcae4106db0 unknown :-1 s=HELLO_CONNECTING pgs=0 cs=0 l=0 rev1=1 crypto rx=0 tx=0 comp rx=0 tx=0).handle_hello peer v2:172.21.15.110:3300/0 says I am v2:172.21.15.110:38238/0 (socket says 172.21.15.110:38238)
2024-04-24T23:53:02.461 INFO:teuthology.orchestra.run.smithi110.stdout:/usr/bin/ceph: stderr
2024-04-24T23:53:01.677+0000 7fcae259c700 1 -- 172.21.15.110:0/1845901399 learned_addr learned my addr 172.21.15.110:0/1845901399 (peer_addr_for_me v2:172.21.15.110:0/0)
2024-04-24T23:53:02.462 INFO:teuthology.orchestra.run.smithi110.stdout:/usr/bin/ceph: stderr
2024-04-24T23:53:01.678+0000 7fcae259c700 1 -- 172.21.15.110:0/1845901399 --> [v2:172.21.15.110:3300/0,v1:172.21.15.110:6789/0] -- mon_subscribe({config=0+,monmap=0+}) -- 0x7fcae4107b90 con 0x7fcae4106990
2024-04-24T23:53:02.462 INFO:teuthology.orchestra.run.smithi110.stdout:/usr/bin/ceph: stderr
2024-04-24T23:53:01.678+0000 7fcae259c700 1 --2- 172.21.15.110:0/1845901399 >> [v2:172.21.15.110:3300/0,v1:172.21.15.110:6789/0] conn(0x7fcae4106990 0x7fcae4106db0 secure :-1 s=READY pgs=76 cs=0 l=1 rev1=1 crypto rx=0x7fcad400bb40 tx=0x7fcad400be50 comp rx=0 tx=0).ready entity=mon.0 client_cookie=856271d66eb7ffde server_cookie=0 in_seq=0 out_seq=0
2024-04-24T23:53:02.462 INFO:teuthology.orchestra.run.smithi110.stdout:/usr/bin/ceph: stderr
2024-04-24T23:53:01.678+0000 7fcae1d9b700 1 -- 172.21.15.110:0/1845901399 <== mon.0 v2:172.21.15.110:3300/0 1 ==== mon_map magic: 0 ==== 205+0+0 (secure 0 0 0) 0x7fcad400dbe0 con 0x7fcae4106990
2024-04-24T23:53:02.462 INFO:teuthology.orchestra.run.smithi110.stdout:/usr/bin/ceph: stderr
2024-04-24T23:53:01.678+0000 7fcae1d9b700 1 -- 172.21.15.110:0/1845901399 <== mon.0 v2:172.21.15.110:3300/0 2 ==== config(26 keys) ==== 1102+0+0 (secure 0 0 0) 0x7fcad40044e0 con 0x7fcae4106990
2024-04-24T23:53:02.462 INFO:teuthology.orchestra.run.smithi110.stdout:/usr/bin/ceph: stderr
2024-04-24T23:53:01.678+0000 7fcae1d9b700 1 -- 172.21.15.110:0/1845901399 <== mon.0 v2:172.21.15.110:3300/0 3 ==== mon_map magic: 0 ==== 205+0+0 (secure 0 0 0) 0x7fcad4010470 con 0x7fcae4106990
2024-04-24T23:53:02.462 INFO:teuthology.orchestra.run.smithi110.stdout:/usr/bin/ceph: stderr
2024-04-24T23:53:01.679+0000 7fcae8f49700 1 -- 172.21.15.110:0/1845901399 >> [v2:172.21.15.110:3300/0,v1:172.21.15.110:6789/0] conn(0x7fcae4106990 msgr2=0x7fcae4106db0 secure :-1 s=STATE_CONNECTION_ESTABLISHED l=1).mark_down
2024-04-24T23:53:02.462 INFO:teuthology.orchestra.run.smithi110.stdout:/usr/bin/ceph: stderr
2024-04-24T23:53:01.679+0000 7fcae8f49700 1 --2- 172.21.15.110:0/1845901399 >> [v2:172.21.15.110:3300/0,v1:172.21.15.110:6789/0] conn(0x7fcae4106990 0x7fcae4106db0 secure :-1 s=READY pgs=76 cs=0 l=1 rev1=1 crypto rx=0x7fcad400bb40 tx=0x7fcad400be50 comp rx=0 tx=0).stop
2024-04-24T23:53:02.462 INFO:teuthology.orchestra.run.smithi110.stdout:/usr/bin/ceph: stderr
2024-04-24T23:53:01.679+0000 7fcae8f49700 1 -- 172.21.15.110:0/1845901399 shutdown_connections
2024-04-24T23:53:02.462 INFO:teuthology.orchestra.run.smithi110.stdout:/usr/bin/ceph: stderr
2024-04-24T23:53:01.679+0000 7fcae8f49700 1 --2- 172.21.15.110:0/1845901399 >> [v2:172.21.15.110:3300/0,v1:172.21.15.110:6789/0] conn(0x7fcae4106990 0x7fcae4106db0 unknown :-1 s=CLOSED pgs=76 cs=0 l=1 rev1=1 crypto rx=0 tx=0 comp rx=0 tx=0).stop
2024-04-24T23:53:02.462 INFO:teuthology.orchestra.run.smithi110.stdout:/usr/bin/ceph: stderr
2024-04-24T23:53:01.679+0000 7fcae8f49700 1 -- 172.21.15.110:0/1845901399 >> 172.21.15.110:0/1845901399 conn(0x7fcae4101f70 msgr2=0x7fcae4104390 unknown :-1 s=STATE_NONE l=0).mark_down
2024-04-24T23:53:02.462 INFO:teuthology.orchestra.run.smithi110.stdout:/usr/bin/ceph: stderr
2024-04-24T23:53:01.679+0000 7fcae8f49700 1 -- 172.21.15.110:0/1845901399 shutdown_connections
2024-04-24T23:53:02.466 INFO:teuthology.orchestra.run.smithi110.stdout:/usr/bin/ceph: stderr
