2024-04-24T23:52:44.876 INFO:teuthology.orchestra.run.smithi110.stdout:/usr/bin/ceph: stderr
2024-04-24T23:52:43.651+0000 7f083c9fc700 1 -- 172.21.15.110:0/3607348389 wait complete.
2024-04-24T23:52:44.876 INFO:teuthology.orchestra.run.smithi110.stdout:/usr/bin/ceph: stderr
2024-04-24T23:52:43.651+0000 7f083c9fc700 1 Processor -- start
2024-04-24T23:52:44.876 INFO:teuthology.orchestra.run.smithi110.stdout:/usr/bin/ceph: stderr
2024-04-24T23:52:43.651+0000 7f083c9fc700 1 -- start start
2024-04-24T23:52:44.876 INFO:teuthology.orchestra.run.smithi110.stdout:/usr/bin/ceph: stderr
2024-04-24T23:52:43.651+0000 7f083c9fc700 1 --2- >> [v2:172.21.15.110:3300/0,v1:172.21.15.110:6789/0] conn(0x7f0838107a70 0x7f083807db10 unknown :-1 s=NONE pgs=0 cs=0 l=1 rev1=0 crypto rx=0 tx=0 comp rx=0 tx=0).connect
2024-04-24T23:52:44.876 INFO:teuthology.orchestra.run.smithi110.stdout:/usr/bin/ceph: stderr
2024-04-24T23:52:43.652+0000 7f083c9fc700 1 -- --> [v2:172.21.15.110:3300/0,v1:172.21.15.110:6789/0] -- mon_getmap magic: 0 -- 0x7f083810bfd0 con 0x7f0838107a70
2024-04-24T23:52:44.877 INFO:teuthology.orchestra.run.smithi110.stdout:/usr/bin/ceph: stderr
2024-04-24T23:52:43.652+0000 7f083659c700 1 --2- >> [v2:172.21.15.110:3300/0,v1:172.21.15.110:6789/0] conn(0x7f0838107a70 0x7f083807db10 unknown :-1 s=BANNER_CONNECTING pgs=0 cs=0 l=1 rev1=0 crypto rx=0 tx=0 comp rx=0 tx=0)._handle_peer_banner_payload supported=3 required=0
2024-04-24T23:52:44.877 INFO:teuthology.orchestra.run.smithi110.stdout:/usr/bin/ceph: stderr
2024-04-24T23:52:43.652+0000 7f083659c700 1 --2- >> [v2:172.21.15.110:3300/0,v1:172.21.15.110:6789/0] conn(0x7f0838107a70 0x7f083807db10 unknown :-1 s=HELLO_CONNECTING pgs=0 cs=0 l=1 rev1=1 crypto rx=0 tx=0 comp rx=0 tx=0).handle_hello peer v2:172.21.15.110:3300/0 says I am v2:172.21.15.110:46928/0 (socket says 172.21.15.110:46928)
2024-04-24T23:52:44.877 INFO:teuthology.orchestra.run.smithi110.stdout:/usr/bin/ceph: stderr
2024-04-24T23:52:43.652+0000 7f083659c700 1 -- 172.21.15.110:0/2993948145 learned_addr learned my addr 172.21.15.110:0/2993948145 (peer_addr_for_me v2:172.21.15.110:0/0)
2024-04-24T23:52:44.877 INFO:teuthology.orchestra.run.smithi110.stdout:/usr/bin/ceph: stderr
2024-04-24T23:52:43.652+0000 7f083659c700 1 -- 172.21.15.110:0/2993948145 --> [v2:172.21.15.110:3300/0,v1:172.21.15.110:6789/0] -- mon_subscribe({config=0+,monmap=0+}) -- 0x7f083807e050 con 0x7f0838107a70
2024-04-24T23:52:44.877 INFO:teuthology.orchestra.run.smithi110.stdout:/usr/bin/ceph: stderr
2024-04-24T23:52:43.652+0000 7f083659c700 1 --2- 172.21.15.110:0/2993948145 >> [v2:172.21.15.110:3300/0,v1:172.21.15.110:6789/0] conn(0x7f0838107a70 0x7f083807db10 secure :-1 s=READY pgs=52 cs=0 l=1 rev1=1 crypto rx=0x7f0828006b20 tx=0x7f0828011ad0 comp rx=0 tx=0).ready entity=mon.0 client_cookie=0 server_cookie=0 in_seq=0 out_seq=0
2024-04-24T23:52:44.877 INFO:teuthology.orchestra.run.smithi110.stdout:/usr/bin/ceph: stderr
2024-04-24T23:52:43.652+0000 7f082f7fe700 1 -- 172.21.15.110:0/2993948145 <== mon.0 v2:172.21.15.110:3300/0 1 ==== mon_map magic: 0 ==== 205+0+0 (secure 0 0 0) 0x7f08280039e0 con 0x7f0838107a70
2024-04-24T23:52:44.877 INFO:teuthology.orchestra.run.smithi110.stdout:/usr/bin/ceph: stderr
2024-04-24T23:52:43.652+0000 7f082f7fe700 1 -- 172.21.15.110:0/2993948145 <== mon.0 v2:172.21.15.110:3300/0 2 ==== config(26 keys) ==== 1102+0+0 (secure 0 0 0) 0x7f082801a8e0 con 0x7f0838107a70
2024-04-24T23:52:44.877 INFO:teuthology.orchestra.run.smithi110.stdout:/usr/bin/ceph: stderr
2024-04-24T23:52:43.652+0000 7f082f7fe700 1 -- 172.21.15.110:0/2993948145 <== mon.0 v2:172.21.15.110:3300/0 3 ==== mon_map magic: 0 ==== 205+0+0 (secure 0 0 0) 0x7f08280247e0 con 0x7f0838107a70
2024-04-24T23:52:44.877 INFO:teuthology.orchestra.run.smithi110.stdout:/usr/bin/ceph: stderr
2024-04-24T23:52:43.652+0000 7f083c9fc700 1 -- 172.21.15.110:0/2993948145 --> [v2:172.21.15.110:3300/0,v1:172.21.15.110:6789/0] -- mon_subscribe({mgrmap=0+}) -- 0x7f083807c240 con 0x7f0838107a70
2024-04-24T23:52:44.877 INFO:teuthology.orchestra.run.smithi110.stdout:/usr/bin/ceph: stderr
2024-04-24T23:52:43.652+0000 7f083c9fc700 1 -- 172.21.15.110:0/2993948145 --> [v2:172.21.15.110:3300/0,v1:172.21.15.110:6789/0] -- mon_subscribe({osdmap=0}) -- 0x7f083807c780 con 0x7f0838107a70
2024-04-24T23:52:44.877 INFO:teuthology.orchestra.run.smithi110.stdout:/usr/bin/ceph: stderr
2024-04-24T23:52:43.653+0000 7f082f7fe700 1 -- 172.21.15.110:0/2993948145 <== mon.0 v2:172.21.15.110:3300/0 4 ==== mgrmap(e 8) ==== 46287+0+0 (secure 0 0 0) 0x7f0828022020 con 0x7f0838107a70
2024-04-24T23:52:44.877 INFO:teuthology.orchestra.run.smithi110.stdout:/usr/bin/ceph: stderr
2024-04-24T23:52:43.653+0000 7f083c9fc700 1 -- 172.21.15.110:0/2993948145 --> [v2:172.21.15.110:3300/0,v1:172.21.15.110:6789/0] -- mon_command({"prefix": "get_command_descriptions"} v 0) -- 0x7f0838063890 con 0x7f0838107a70
2024-04-24T23:52:44.878 INFO:teuthology.orchestra.run.smithi110.stdout:/usr/bin/ceph: stderr
2024-04-24T23:52:43.654+0000 7f082f7fe700 1 --2- 172.21.15.110:0/2993948145 >> [v2:172.21.15.110:6800/1818468115,v1:172.21.15.110:6801/1818468115] conn(0x7f08240390a0 0x7f082403b560 unknown :-1 s=NONE pgs=0 cs=0 l=1 rev1=0 crypto rx=0 tx=0 comp rx=0 tx=0).connect
2024-04-24T23:52:44.878 INFO:teuthology.orchestra.run.smithi110.stdout:/usr/bin/ceph: stderr
2024-04-24T23:52:43.654+0000 7f082f7fe700 1 -- 172.21.15.110:0/2993948145 <== mon.0 v2:172.21.15.110:3300/0 5 ==== osd_map(2..2 src has 1..2) ==== 940+0+0 (secure 0 0 0) 0x7f082804d660 con 0x7f0838107a70
2024-04-24T23:52:44.878 INFO:teuthology.orchestra.run.smithi110.stdout:/usr/bin/ceph: stderr
2024-04-24T23:52:43.654+0000 7f082ffff700 1 --2- 172.21.15.110:0/2993948145 >> [v2:172.21.15.110:6800/1818468115,v1:172.21.15.110:6801/1818468115] conn(0x7f08240390a0 0x7f082403b560 unknown :-1 s=BANNER_CONNECTING pgs=0 cs=0 l=1 rev1=0 crypto rx=0 tx=0 comp rx=0 tx=0)._handle_peer_banner_payload supported=3 required=0
2024-04-24T23:52:44.878 INFO:teuthology.orchestra.run.smithi110.stdout:/usr/bin/ceph: stderr
2024-04-24T23:52:43.654+0000 7f082ffff700 1 --2- 172.21.15.110:0/2993948145 >> [v2:172.21.15.110:6800/1818468115,v1:172.21.15.110:6801/1818468115] conn(0x7f08240390a0 0x7f082403b560 secure :-1 s=READY pgs=14 cs=0 l=1 rev1=1 crypto rx=0x7f0820006fd0 tx=0x7f0820006e40 comp rx=0 tx=0).ready entity=mgr.14120 client_cookie=0 server_cookie=0 in_seq=0 out_seq=0
2024-04-24T23:52:44.878 INFO:teuthology.orchestra.run.smithi110.stdout:/usr/bin/ceph: stderr
2024-04-24T23:52:43.659+0000 7f082f7fe700 1 -- 172.21.15.110:0/2993948145 <== mon.0 v2:172.21.15.110:3300/0 6 ==== mon_command_ack([{"prefix": "get_command_descriptions"}]=0 v0) ==== 72+0+186147 (secure 0 0 0) 0x7f082800b3e0 con 0x7f0838107a70
2024-04-24T23:52:44.878 INFO:teuthology.orchestra.run.smithi110.stdout:/usr/bin/ceph: stderr
2024-04-24T23:52:43.872+0000 7f083c9fc700 1 -- 172.21.15.110:0/2993948145 --> [v2:172.21.15.110:3300/0,v1:172.21.15.110:6789/0] -- mon_command([{prefix=config set, name=mgr/cephadm/container_init}] v 0) -- 0x7f083807d020 con 0x7f0838107a70
2024-04-24T23:52:44.878 INFO:teuthology.orchestra.run.smithi110.stdout:/usr/bin/ceph: stderr
2024-04-24T23:52:43.874+0000 7f082f7fe700 1 -- 172.21.15.110:0/2993948145 <== mon.0 v2:172.21.15.110:3300/0 7 ==== mon_command_ack([{prefix=config set, name=mgr/cephadm/container_init}]=0 v7)=0 v7) ==== 142+0+0 (secure 0 0 0) 0x7f0828021d80 con 0x7f0838107a70
2024-04-24T23:52:44.878 INFO:teuthology.orchestra.run.smithi110.stdout:/usr/bin/ceph: stderr
2024-04-24T23:52:43.877+0000 7f083c9fc700 1 -- 172.21.15.110:0/2993948145 >> [v2:172.21.15.110:6800/1818468115,v1:172.21.15.110:6801/1818468115] conn(0x7f08240390a0 msgr2=0x7f082403b560 secure :-1 s=STATE_CONNECTION_ESTABLISHED l=1).mark_down
2024-04-24T23:52:44.878 INFO:teuthology.orchestra.run.smithi110.stdout:/usr/bin/ceph: stderr
2024-04-24T23:52:43.877+0000 7f083c9fc700 1 --2- 172.21.15.110:0/2993948145 >> [v2:172.21.15.110:6800/1818468115,v1:172.21.15.110:6801/1818468115] conn(0x7f08240390a0 0x7f082403b560 secure :-1 s=READY pgs=14 cs=0 l=1 rev1=1 crypto rx=0x7f0820006fd0 tx=0x7f0820006e40 comp rx=0 tx=0).stop
2024-04-24T23:52:44.878 INFO:teuthology.orchestra.run.smithi110.stdout:/usr/bin/ceph: stderr
2024-04-24T23:52:43.877+0000 7f083c9fc700 1 -- 172.21.15.110:0/2993948145 >> [v2:172.21.15.110:3300/0,v1:172.21.15.110:6789/0] conn(0x7f0838107a70 msgr2=0x7f083807db10 secure :-1 s=STATE_CONNECTION_ESTABLISHED l=1).mark_down
2024-04-24T23:52:44.878 INFO:teuthology.orchestra.run.smithi110.stdout:/usr/bin/ceph: stderr
2024-04-24T23:52:43.877+0000 7f083c9fc700 1 --2- 172.21.15.110:0/2993948145 >> [v2:172.21.15.110:3300/0,v1:172.21.15.110:6789/0] conn(0x7f0838107a70 0x7f083807db10 secure :-1 s=READY pgs=52 cs=0 l=1 rev1=1 crypto rx=0x7f0828006b20 tx=0x7f0828011ad0 comp rx=0 tx=0).stop
2024-04-24T23:52:44.878 INFO:teuthology.orchestra.run.smithi110.stdout:/usr/bin/ceph: stderr
2024-04-24T23:52:43.877+0000 7f083c9fc700 1 -- 172.21.15.110:0/2993948145 shutdown_connections
2024-04-24T23:52:44.879 INFO:teuthology.orchestra.run.smithi110.stdout:/usr/bin/ceph: stderr
2024-04-24T23:52:43.877+0000 7f083c9fc700 1 --2- 172.21.15.110:0/2993948145 >> [v2:172.21.15.110:6800/1818468115,v1:172.21.15.110:6801/1818468115] conn(0x7f08240390a0 0x7f082403b560 unknown :-1 s=CLOSED pgs=14 cs=0 l=1 rev1=1 crypto rx=0 tx=0 comp rx=0 tx=0).stop
2024-04-24T23:52:44.879 INFO:teuthology.orchestra.run.smithi110.stdout:/usr/bin/ceph: stderr
2024-04-24T23:52:43.877+0000 7f083c9fc700 1 --2- 172.21.15.110:0/2993948145 >> [v2:172.21.15.110:3300/0,v1:172.21.15.110:6789/0] conn(0x7f0838107a70 0x7f083807db10 unknown :-1 s=CLOSED pgs=52 cs=0 l=1 rev1=1 crypto rx=0 tx=0 comp rx=0 tx=0).stop
2024-04-24T23:52:44.879 INFO:teuthology.orchestra.run.smithi110.stdout:/usr/bin/ceph: stderr
2024-04-24T23:52:43.877+0000 7f083c9fc700 1 -- 172.21.15.110:0/2993948145 >> 172.21.15.110:0/2993948145 conn(0x7f0838103050 msgr2=0x7f0838103ac0 unknown :-1 s=STATE_NONE l=0).mark_down
2024-04-24T23:52:44.879 INFO:teuthology.orchestra.run.smithi110.stdout:/usr/bin/ceph: stderr
2024-04-24T23:52:43.877+0000 7f083c9fc700 1 -- 172.21.15.110:0/2993948145 shutdown_connections
2024-04-24T23:52:44.879 INFO:teuthology.orchestra.run.smithi110.stdout:/usr/bin/ceph: stderr
2024-04-24T23:52:43.877+0000 7f083c9fc700 1 -- 172.21.15.110:0/2993948145 wait complete.
2024-04-24T23:52:45.140 INFO:journalctl@ceph.mon.a.smithi110.stdout:Apr 24 23:52:44 smithi110 ceph-mon[29187]: from='client.? 172.21.15.110:0/2993948145' entity='client.admin'
2024-04-24T23:52:45.140 INFO:journalctl@ceph.mon.a.smithi110.stdout:Apr 24 23:52:44 smithi110 ceph-mon[29187]: from='mgr.14120 172.21.15.110:0/3919098438' entity='mgr.x'
2024-04-24T23:52:46.181 INFO:teuthology.orchestra.run.smithi110.stdout:/usr/bin/ceph: stderr
2024-04-24T23:52:45.385+0000 7f4a11d3c700 1 Processor -- start
2024-04-24T23:52:46.181 INFO:teuthology.orchestra.run.smithi110.stdout:/usr/bin/ceph: stderr
2024-04-24T23:52:45.385+0000 7f4a11d3c700 1 -- start start
2024-04-24T23:52:46.181 INFO:teuthology.orchestra.run.smithi110.stdout:/usr/bin/ceph: stderr
2024-04-24T23:52:45.385+0000 7f4a11d3c700 1 --2- >> [v2:172.21.15.110:3300/0,v1:172.21.15.110:6789/0] conn(0x7f4a0c108510 0x7f4a0c10a900 unknown :-1 s=NONE pgs=0 cs=0 l=0 rev1=0 crypto rx=0 tx=0 comp rx=0 tx=0).connect
2024-04-24T23:52:46.181 INFO:teuthology.orchestra.run.smithi110.stdout:/usr/bin/ceph: stderr
2024-04-24T23:52:45.385+0000 7f4a11d3c700 1 -- --> [v2:172.21.15.110:3300/0,v1:172.21.15.110:6789/0] -- mon_getmap magic: 0 -- 0x7f4a0c07bdf0 con 0x7f4a0c108510
2024-04-24T23:52:46.181 INFO:teuthology.orchestra.run.smithi110.stdout:/usr/bin/ceph: stderr
2024-04-24T23:52:45.385+0000 7f4a0b7fe700 1 --2- >> [v2:172.21.15.110:3300/0,v1:172.21.15.110:6789/0] conn(0x7f4a0c108510 0x7f4a0c10a900 unknown :-1 s=BANNER_CONNECTING pgs=0 cs=0 l=0 rev1=0 crypto rx=0 tx=0 comp rx=0 tx=0)._handle_peer_banner_payload supported=3 required=0
2024-04-24T23:52:46.181 INFO:teuthology.orchestra.run.smithi110.stdout:/usr/bin/ceph: stderr
2024-04-24T23:52:45.385+0000 7f4a0b7fe700 1 --2- >> [v2:172.21.15.110:3300/0,v1:172.21.15.110:6789/0] conn(0x7f4a0c108510 0x7f4a0c10a900 unknown :-1 s=HELLO_CONNECTING pgs=0 cs=0 l=0 rev1=1 crypto rx=0 tx=0 comp rx=0 tx=0).handle_hello peer v2:172.21.15.110:3300/0 says I am v2:172.21.15.110:46944/0 (socket says 172.21.15.110:46944)
2024-04-24T23:52:46.181 INFO:teuthology.orchestra.run.smithi110.stdout:/usr/bin/ceph: stderr
2024-04-24T23:52:45.385+0000 7f4a0b7fe700 1 -- 172.21.15.110:0/1999987151 learned_addr learned my addr 172.21.15.110:0/1999987151 (peer_addr_for_me v2:172.21.15.110:0/0)
2024-04-24T23:52:46.181 INFO:teuthology.orchestra.run.smithi110.stdout:/usr/bin/ceph: stderr
2024-04-24T23:52:45.386+0000 7f4a0b7fe700 1 -- 172.21.15.110:0/1999987151 --> [v2:172.21.15.110:3300/0,v1:172.21.15.110:6789/0] -- mon_subscribe({config=0+,monmap=0+}) -- 0x7f4a0c10ae40 con 0x7f4a0c108510
2024-04-24T23:52:46.182 INFO:teuthology.orchestra.run.smithi110.stdout:/usr/bin/ceph: stderr
2024-04-24T23:52:45.386+0000 7f4a0b7fe700 1 --2- 172.21.15.110:0/1999987151 >> [v2:172.21.15.110:3300/0,v1:172.21.15.110:6789/0] conn(0x7f4a0c108510 0x7f4a0c10a900 secure :-1 s=READY pgs=53 cs=0 l=1 rev1=1 crypto rx=0x7f49fc0098a0 tx=0x7f49fc009bb0 comp rx=0 tx=0).ready entity=mon.0 client_cookie=7754d712e897ef7 server_cookie=0 in_seq=0 out_seq=0
2024-04-24T23:52:46.182 INFO:teuthology.orchestra.run.smithi110.stdout:/usr/bin/ceph: stderr
2024-04-24T23:52:45.386+0000 7f4a0a7fc700 1 -- 172.21.15.110:0/1999987151 <== mon.0 v2:172.21.15.110:3300/0 1 ==== mon_map magic: 0 ==== 205+0+0 (secure 0 0 0) 0x7f49fc004160 con 0x7f4a0c108510
2024-04-24T23:52:46.182 INFO:teuthology.orchestra.run.smithi110.stdout:/usr/bin/ceph: stderr
2024-04-24T23:52:45.386+0000 7f4a0a7fc700 1 -- 172.21.15.110:0/1999987151 <== mon.0 v2:172.21.15.110:3300/0 2 ==== config(26 keys) ==== 1102+0+0 (secure 0 0 0) 0x7f49fc004300 con 0x7f4a0c108510
2024-04-24T23:52:46.182 INFO:teuthology.orchestra.run.smithi110.stdout:/usr/bin/ceph: stderr
2024-04-24T23:52:45.386+0000 7f4a0a7fc700 1 -- 172.21.15.110:0/1999987151 <== mon.0 v2:172.21.15.110:3300/0 3 ==== mon_map magic: 0 ==== 205+0+0 (secure 0 0 0) 0x7f49fc011a50 con 0x7f4a0c108510
2024-04-24T23:52:46.182 INFO:teuthology.orchestra.run.smithi110.stdout:/usr/bin/ceph: stderr
2024-04-24T23:52:45.387+0000 7f4a11d3c700 1 -- 172.21.15.110:0/1999987151 >> [v2:172.21.15.110:3300/0,v1:172.21.15.110:6789/0] conn(0x7f4a0c108510 msgr2=0x7f4a0c10a900 secure :-1 s=STATE_CONNECTION_ESTABLISHED l=1).mark_down
2024-04-24T23:52:46.182 INFO:teuthology.orchestra.run.smithi110.stdout:/usr/bin/ceph: stderr
2024-04-24T23:52:45.387+0000 7f4a11d3c700 1 --2- 172.21.15.110:0/1999987151 >> [v2:172.21.15.110:3300/0,v1:172.21.15.110:6789/0] conn(0x7f4a0c108510 0x7f4a0c10a900 secure :-1 s=READY pgs=53 cs=0 l=1 rev1=1 crypto rx=0x7f49fc0098a0 tx=0x7f49fc009bb0 comp rx=0 tx=0).stop
2024-04-24T23:52:46.182 INFO:teuthology.orchestra.run.smithi110.stdout:/usr/bin/ceph: stderr
2024-04-24T23:52:45.387+0000 7f4a11d3c700 1 -- 172.21.15.110:0/1999987151 shutdown_connections
2024-04-24T23:52:46.182 INFO:teuthology.orchestra.run.smithi110.stdout:/usr/bin/ceph: stderr
2024-04-24T23:52:45.387+0000 7f4a11d3c700 1 --2- 172.21.15.110:0/1999987151 >> [v2:172.21.15.110:3300/0,v1:172.21.15.110:6789/0] conn(0x7f4a0c108510 0x7f4a0c10a900 unknown :-1 s=CLOSED pgs=53 cs=0 l=1 rev1=1 crypto rx=0 tx=0 comp rx=0 tx=0).stop
2024-04-24T23:52:46.182 INFO:teuthology.orchestra.run.smithi110.stdout:/usr/bin/ceph: stderr
2024-04-24T23:52:45.387+0000 7f4a11d3c700 1 -- 172.21.15.110:0/1999987151 >> 172.21.15.110:0/1999987151 conn(0x7f4a0c101ea0 msgr2=0x7f4a0c104320 unknown :-1 s=STATE_NONE l=0).mark_down
2024-04-24T23:52:46.182 INFO:teuthology.orchestra.run.smithi110.stdout:/usr/bin/ceph: stderr
2024-04-24T23:52:45.387+0000 7f4a11d3c700 1 -- 172.21.15.110:0/1999987151 shutdown_connections
2024-04-24T23:52:46.182 INFO:teuthology.orchestra.run.smithi110.stdout:/usr/bin/ceph: stderr
2024-04-24T23:52:45.387+0000 7f4a11d3c700 1 -- 172.21.15.110:0/1999987151 wait complete.
2024-04-24T23:52:46.182 INFO:teuthology.orchestra.run.smithi110.stdout:/usr/bin/ceph: stderr
2024-04-24T23:52:45.388+0000 7f4a11d3c700 1 Processor -- start
2024-04-24T23:52:46.182 INFO:teuthology.orchestra.run.smithi110.stdout:/usr/bin/ceph: stderr
2024-04-24T23:52:45.388+0000 7f4a11d3c700 1 -- start start
2024-04-24T23:52:46.183 INFO:teuthology.orchestra.run.smithi110.stdout:/usr/bin/ceph: stderr
2024-04-24T23:52:45.388+0000 7f4a11d3c700 1 --2- >> [v2:172.21.15.110:3300/0,v1:172.21.15.110:6789/0] conn(0x7f4a0c108510 0x7f4a0c19b950 unknown :-1 s=NONE pgs=0 cs=0 l=1 rev1=0 crypto rx=0 tx=0 comp rx=0 tx=0).connect
2024-04-24T23:52:46.183 INFO:teuthology.orchestra.run.smithi110.stdout:/usr/bin/ceph: stderr
2024-04-24T23:52:45.388+0000 7f4a11d3c700 1 -- --> [v2:172.21.15.110:3300/0,v1:172.21.15.110:6789/0] -- mon_getmap magic: 0 -- 0x7f4a0c10bdf0 con 0x7f4a0c108510
2024-04-24T23:52:46.183 INFO:teuthology.orchestra.run.smithi110.stdout:/usr/bin/ceph: stderr
2024-04-24T23:52:45.388+0000 7f4a0b7fe700 1 --2- >> [v2:172.21.15.110:3300/0,v1:172.21.15.110:6789/0] conn(0x7f4a0c108510 0x7f4a0c19b950 unknown :-1 s=BANNER_CONNECTING pgs=0 cs=0 l=1 rev1=0 crypto rx=0 tx=0 comp rx=0 tx=0)._handle_peer_banner_payload supported=3 required=0
2024-04-24T23:52:46.183 INFO:teuthology.orchestra.run.smithi110.stdout:/usr/bin/ceph: stderr
2024-04-24T23:52:45.388+0000 7f4a0b7fe700 1 --2- >> [v2:172.21.15.110:3300/0,v1:172.21.15.110:6789/0] conn(0x7f4a0c108510 0x7f4a0c19b950 unknown :-1 s=HELLO_CONNECTING pgs=0 cs=0 l=1 rev1=1 crypto rx=0 tx=0 comp rx=0 tx=0).handle_hello peer v2:172.21.15.110:3300/0 says I am v2:172.21.15.110:46960/0 (socket says 172.21.15.110:46960)
2024-04-24T23:52:46.183 INFO:teuthology.orchestra.run.smithi110.stdout:/usr/bin/ceph: stderr
2024-04-24T23:52:45.388+0000 7f4a0b7fe700 1 -- 172.21.15.110:0/179636234 learned_addr learned my addr 172.21.15.110:0/179636234 (peer_addr_for_me v2:172.21.15.110:0/0)
2024-04-24T23:52:46.183 INFO:teuthology.orchestra.run.smithi110.stdout:/usr/bin/ceph: stderr
2024-04-24T23:52:45.388+0000 7f4a0b7fe700 1 -- 172.21.15.110:0/179636234 --> [v2:172.21.15.110:3300/0,v1:172.21.15.110:6789/0] -- mon_subscribe({config=0+,monmap=0+}) -- 0x7f4a0c19be90 con 0x7f4a0c108510
2024-04-24T23:52:46.183 INFO:teuthology.orchestra.run.smithi110.stdout:/usr/bin/ceph: stderr
2024-04-24T23:52:45.389+0000 7f4a0b7fe700 1 --2- 172.21.15.110:0/179636234 >> [v2:172.21.15.110:3300/0,v1:172.21.15.110:6789/0] conn(0x7f4a0c108510 0x7f4a0c19b950 secure :-1 s=READY pgs=54 cs=0 l=1 rev1=1 crypto rx=0x7f49fc011a00 tx=0x7f49fc011ae0 comp rx=0 tx=0).ready entity=mon.0 client_cookie=0 server_cookie=0 in_seq=0 out_seq=0
2024-04-24T23:52:46.183 INFO:teuthology.orchestra.run.smithi110.stdout:/usr/bin/ceph: stderr
2024-04-24T23:52:45.389+0000 7f4a08ff9700 1 -- 172.21.15.110:0/179636234 <== mon.0 v2:172.21.15.110:3300/0 1 ==== mon_map magic: 0 ==== 205+0+0 (secure 0 0 0) 0x7f49fc003af0 con 0x7f4a0c108510
2024-04-24T23:52:46.183 INFO:teuthology.orchestra.run.smithi110.stdout:/usr/bin/ceph: stderr
2024-04-24T23:52:45.389+0000 7f4a08ff9700 1 -- 172.21.15.110:0/179636234 <== mon.0 v2:172.21.15.110:3300/0 2 ==== config(26 keys) ==== 1102+0+0 (secure 0 0 0) 0x7f49fc01a8e0 con 0x7f4a0c108510
2024-04-24T23:52:46.183 INFO:teuthology.orchestra.run.smithi110.stdout:/usr/bin/ceph: stderr
2024-04-24T23:52:45.389+0000 7f4a08ff9700 1 -- 172.21.15.110:0/179636234 <== mon.0 v2:172.21.15.110:3300/0 3 ==== mon_map magic: 0 ==== 205+0+0 (secure 0 0 0) 0x7f49fc024840 con 0x7f4a0c108510
2024-04-24T23:52:46.183 INFO:teuthology.orchestra.run.smithi110.stdout:/usr/bin/ceph: stderr
2024-04-24T23:52:45.389+0000 7f4a11d3c700 1 -- 172.21.15.110:0/179636234 --> [v2:172.21.15.110:3300/0,v1:172.21.15.110:6789/0] -- mon_subscribe({mgrmap=0+}) -- 0x7f4a0c19c120 con 0x7f4a0c108510
2024-04-24T23:52:46.183 INFO:teuthology.orchestra.run.smithi110.stdout:/usr/bin/ceph: stderr
2024-04-24T23:52:45.389+0000 7f4a11d3c700 1 -- 172.21.15.110:0/179636234 --> [v2:172.21.15.110:3300/0,v1:172.21.15.110:6789/0] -- mon_subscribe({osdmap=0}) -- 0x7f4a0c106300 con 0x7f4a0c108510
2024-04-24T23:52:46.183 INFO:teuthology.orchestra.run.smithi110.stdout:/usr/bin/ceph: stderr
2024-04-24T23:52:45.390+0000 7f4a08ff9700 1 -- 172.21.15.110:0/179636234 <== mon.0 v2:172.21.15.110:3300/0 4 ==== mgrmap(e 8) ==== 46287+0+0 (secure 0 0 0) 0x7f49fc022020 con 0x7f4a0c108510
2024-04-24T23:52:46.184 INFO:teuthology.orchestra.run.smithi110.stdout:/usr/bin/ceph: stderr
2024-04-24T23:52:45.390+0000 7f4a11d3c700 1 -- 172.21.15.110:0/179636234 --> [v2:172.21.15.110:3300/0,v1:172.21.15.110:6789/0] -- mon_command({"prefix": "get_command_descriptions"} v 0) -- 0x7f4a0c063890 con 0x7f4a0c108510
2024-04-24T23:52:46.184 INFO:teuthology.orchestra.run.smithi110.stdout:/usr/bin/ceph: stderr
2024-04-24T23:52:45.390+0000 7f4a08ff9700 1 --2- 172.21.15.110:0/179636234 >> [v2:172.21.15.110:6800/1818468115,v1:172.21.15.110:6801/1818468115] conn(0x7f49f403d460 0x7f49f403f920 unknown :-1 s=NONE pgs=0 cs=0 l=1 rev1=0 crypto rx=0 tx=0 comp rx=0 tx=0).connect
2024-04-24T23:52:46.184 INFO:teuthology.orchestra.run.smithi110.stdout:/usr/bin/ceph: stderr
2024-04-24T23:52:45.390+0000 7f4a08ff9700 1 -- 172.21.15.110:0/179636234 <== mon.0 v2:172.21.15.110:3300/0 5 ==== osd_map(2..2 src has 1..2) ==== 940+0+0 (secure 0 0 0) 0x7f49fc04d3b0 con 0x7f4a0c108510
2024-04-24T23:52:46.184 INFO:teuthology.orchestra.run.smithi110.stdout:/usr/bin/ceph: stderr
2024-04-24T23:52:45.391+0000 7f4a0affd700 1 --2- 172.21.15.110:0/179636234 >> [v2:172.21.15.110:6800/1818468115,v1:172.21.15.110:6801/1818468115] conn(0x7f49f403d460 0x7f49f403f920 unknown :-1 s=BANNER_CONNECTING pgs=0 cs=0 l=1 rev1=0 crypto rx=0 tx=0 comp rx=0 tx=0)._handle_peer_banner_payload supported=3 required=0
2024-04-24T23:52:46.184 INFO:teuthology.orchestra.run.smithi110.stdout:/usr/bin/ceph: stderr
2024-04-24T23:52:45.391+0000 7f4a0affd700 1 --2- 172.21.15.110:0/179636234 >> [v2:172.21.15.110:6800/1818468115,v1:172.21.15.110:6801/1818468115] conn(0x7f49f403d460 0x7f49f403f920 secure :-1 s=READY pgs=15 cs=0 l=1 rev1=1 crypto rx=0x7f4a00006fd0 tx=0x7f4a00006e40 comp rx=0 tx=0).ready entity=mgr.14120 client_cookie=0 server_cookie=0 in_seq=0 out_seq=0
2024-04-24T23:52:46.184 INFO:teuthology.orchestra.run.smithi110.stdout:/usr/bin/ceph: stderr
2024-04-24T23:52:45.396+0000 7f4a08ff9700 1 -- 172.21.15.110:0/179636234 <== mon.0 v2:172.21.15.110:3300/0 6 ==== mon_command_ack([{"prefix": "get_command_descriptions"}]=0 v0) ==== 72+0+186147 (secure 0 0 0) 0x7f49fc021d80 con 0x7f4a0c108510
2024-04-24T23:52:46.184 INFO:teuthology.orchestra.run.smithi110.stdout:/usr/bin/ceph: stderr
2024-04-24T23:52:45.620+0000 7f4a11d3c700 1 -- 172.21.15.110:0/179636234 --> [v2:172.21.15.110:3300/0,v1:172.21.15.110:6789/0] -- mon_command([{prefix=config set, name=mgr/dashboard/ssl_server_port}] v 0) -- 0x7f4a0c106920 con 0x7f4a0c108510
2024-04-24T23:52:46.184 INFO:teuthology.orchestra.run.smithi110.stdout:/usr/bin/ceph: stderr
2024-04-24T23:52:45.623+0000 7f4a08ff9700 1 -- 172.21.15.110:0/179636234 <== mon.0 v2:172.21.15.110:3300/0 7 ==== mon_command_ack([{prefix=config set, name=mgr/dashboard/ssl_server_port}]=0 v8)=0 v8) ==== 130+0+0 (secure 0 0 0) 0x7f49fc02c350 con 0x7f4a0c108510
2024-04-24T23:52:46.184 INFO:teuthology.orchestra.run.smithi110.stdout:/usr/bin/ceph: stderr
2024-04-24T23:52:45.625+0000 7f4a11d3c700 1 -- 172.21.15.110:0/179636234 >> [v2:172.21.15.110:6800/1818468115,v1:172.21.15.110:6801/1818468115] conn(0x7f49f403d460 msgr2=0x7f49f403f920 secure :-1 s=STATE_CONNECTION_ESTABLISHED l=1).mark_down
2024-04-24T23:52:46.184 INFO:teuthology.orchestra.run.smithi110.stdout:/usr/bin/ceph: stderr
2024-04-24T23:52:45.625+0000 7f4a11d3c700 1 --2- 172.21.15.110:0/179636234 >> [v2:172.21.15.110:6800/1818468115,v1:172.21.15.110:6801/1818468115] conn(0x7f49f403d460 0x7f49f403f920 secure :-1 s=READY pgs=15 cs=0 l=1 rev1=1 crypto rx=0x7f4a00006fd0 tx=0x7f4a00006e40 comp rx=0 tx=0).stop
2024-04-24T23:52:46.184 INFO:teuthology.orchestra.run.smithi110.stdout:/usr/bin/ceph: stderr
2024-04-24T23:52:45.625+0000 7f4a11d3c700 1 -- 172.21.15.110:0/179636234 >> [v2:172.21.15.110:3300/0,v1:172.21.15.110:6789/0] conn(0x7f4a0c108510 msgr2=0x7f4a0c19b950 secure :-1 s=STATE_CONNECTION_ESTABLISHED l=1).mark_down
2024-04-24T23:52:46.184 INFO:teuthology.orchestra.run.smithi110.stdout:/usr/bin/ceph: stderr
2024-04-24T23:52:45.625+0000 7f4a11d3c700 1 --2- 172.21.15.110:0/179636234 >> [v2:172.21.15.110:3300/0,v1:172.21.15.110:6789/0] conn(0x7f4a0c108510 0x7f4a0c19b950 secure :-1 s=READY pgs=54 cs=0 l=1 rev1=1 crypto rx=0x7f49fc011a00 tx=0x7f49fc011ae0 comp rx=0 tx=0).stop
2024-04-24T23:52:46.184 INFO:teuthology.orchestra.run.smithi110.stdout:/usr/bin/ceph: stderr
2024-04-24T23:52:45.625+0000 7f4a11d3c700 1 -- 172.21.15.110:0/179636234 shutdown_connections
2024-04-24T23:52:46.184 INFO:teuthology.orchestra.run.smithi110.stdout:/usr/bin/ceph: stderr
2024-04-24T23:52:45.625+0000 7f4a11d3c700 1 --2- 172.21.15.110:0/179636234 >> [v2:172.21.15.110:6800/1818468115,v1:172.21.15.110:6801/1818468115] conn(0x7f49f403d460 0x7f49f403f920 unknown :-1 s=CLOSED pgs=15 cs=0 l=1 rev1=1 crypto rx=0 tx=0 comp rx=0 tx=0).stop
2024-04-24T23:52:46.185 INFO:teuthology.orchestra.run.smithi110.stdout:/usr/bin/ceph: stderr
2024-04-24T23:52:45.625+0000 7f4a11d3c700 1 --2- 172.21.15.110:0/179636234 >> [v2:172.21.15.110:3300/0,v1:172.21.15.110:6789/0] conn(0x7f4a0c108510 0x7f4a0c19b950 unknown :-1 s=CLOSED pgs=54 cs=0 l=1 rev1=1 crypto rx=0 tx=0 comp rx=0 tx=0).stop
2024-04-24T23:52:46.185 INFO:teuthology.orchestra.run.smithi110.stdout:/usr/bin/ceph: stderr
2024-04-24T23:52:45.625+0000 7f4a11d3c700 1 -- 172.21.15.110:0/179636234 >> 172.21.15.110:0/179636234 conn(0x7f4a0c101ea0 msgr2=0x7f4a0c102a00 unknown :-1 s=STATE_NONE l=0).mark_down
2024-04-24T23:52:46.185 INFO:teuthology.orchestra.run.smithi110.stdout:/usr/bin/ceph: stderr
2024-04-24T23:52:45.626+0000 7f4a11d3c700 1 -- 172.21.15.110:0/179636234 shutdown_connections
2024-04-24T23:52:46.185 INFO:teuthology.orchestra.run.smithi110.stdout:/usr/bin/ceph: stderr
2024-04-24T23:52:45.626+0000 7f4a11d3c700 1 -- 172.21.15.110:0/179636234 wait complete.
2024-04-24T23:52:46.185 INFO:teuthology.orchestra.run.smithi110.stdout:Enabling the dashboard module...
2024-04-24T23:52:46.817 INFO:journalctl@ceph.mon.a.smithi110.stdout:Apr 24 23:52:46 smithi110 ceph-mon[29187]: from='mgr.14120 172.21.15.110:0/3919098438' entity='mgr.x'
2024-04-24T23:52:46.817 INFO:journalctl@ceph.mon.a.smithi110.stdout:Apr 24 23:52:46 smithi110 ceph-mon[29187]: from='client.? 172.21.15.110:0/179636234' entity='client.admin'
2024-04-24T23:52:47.868 INFO:journalctl@ceph.mon.a.smithi110.stdout:Apr 24 23:52:47 smithi110 ceph-mon[29187]: from='client.? 172.21.15.110:0/2567665863' entity='client.admin' cmd=[{"prefix": "mgr module enable", "module": "dashboard"}]: dispatch
2024-04-24T23:52:47.868 INFO:journalctl@ceph.mgr.x.smithi110.stdout:Apr 24 23:52:47 smithi110 ceph-787fa75a-0295-11ef-bc93-c7b262605968-mgr-x[29419]: ignoring --setuser ceph since I am not root
2024-04-24T23:52:47.868 INFO:journalctl@ceph.mgr.x.smithi110.stdout:Apr 24 23:52:47 smithi110 ceph-787fa75a-0295-11ef-bc93-c7b262605968-mgr-x[29419]: ignoring --setgroup ceph since I am not root
2024-04-24T23:52:47.868 INFO:journalctl@ceph.mgr.x.smithi110.stdout:Apr 24 23:52:47 smithi110 ceph-787fa75a-0295-11ef-bc93-c7b262605968-mgr-x[29419]:
2024-04-24T23:52:47.746+0000 7f51e4c69200 -1 mgr[py] Module balancer has missing NOTIFY_TYPES member
2024-04-24T23:52:48.237 INFO:journalctl@ceph.mgr.x.smithi110.stdout:Apr 24 23:52:47 smithi110 ceph-787fa75a-0295-11ef-bc93-c7b262605968-mgr-x[29419]:
2024-04-24T23:52:47.931+0000 7f51e4c69200 -1 mgr[py] Module orchestrator has missing NOTIFY_TYPES member
2024-04-24T23:52:48.237 INFO:journalctl@ceph.mgr.x.smithi110.stdout:Apr 24 23:52:48 smithi110 ceph-787fa75a-0295-11ef-bc93-c7b262605968-mgr-x[29419]:
2024-04-24T23:52:48.033+0000 7f51e4c69200 -1 mgr[py] Module snap_schedule has missing NOTIFY_TYPES member
2024-04-24T23:52:48.546 INFO:journalctl@ceph.mgr.x.smithi110.stdout:Apr 24 23:52:48 smithi110 ceph-787fa75a-0295-11ef-bc93-c7b262605968-mgr-x[29419]:
2024-04-24T23:52:48.342+0000 7f51e4c69200 -1 mgr[py] Module progress has missing NOTIFY_TYPES member
2024-04-24T23:52:48.547 INFO:journalctl@ceph.mgr.x.smithi110.stdout:Apr 24 23:52:48 smithi110 ceph-787fa75a-0295-11ef-bc93-c7b262605968-mgr-x[29419]:
2024-04-24T23:52:48.426+0000 7f51e4c69200 -1 mgr[py] Module influx has missing NOTIFY_TYPES member
2024-04-24T23:52:48.563 INFO:teuthology.orchestra.run.smithi110.stdout:/usr/bin/ceph: stderr
2024-04-24T23:52:46.660+0000 7f0bff621700 1 Processor -- start
2024-04-24T23:52:48.564 INFO:teuthology.orchestra.run.smithi110.stdout:/usr/bin/ceph: stderr
2024-04-24T23:52:46.660+0000 7f0bff621700 1 -- start start
2024-04-24T23:52:48.564 INFO:teuthology.orchestra.run.smithi110.stdout:/usr/bin/ceph: stderr
2024-04-24T23:52:46.661+0000 7f0bff621700 1 --2- >> [v2:172.21.15.110:3300/0,v1:172.21.15.110:6789/0] conn(0x7f0bf807ddf0 0x7f0bf807c2a0 unknown :-1 s=NONE pgs=0 cs=0 l=0 rev1=0 crypto rx=0 tx=0 comp rx=0 tx=0).connect
2024-04-24T23:52:48.564 INFO:teuthology.orchestra.run.smithi110.stdout:/usr/bin/ceph: stderr
2024-04-24T23:52:46.661+0000 7f0bff621700 1 -- --> [v2:172.21.15.110:3300/0,v1:172.21.15.110:6789/0] -- mon_getmap magic: 0 -- 0x7f0bf807c870 con 0x7f0bf807ddf0
2024-04-24T23:52:48.564 INFO:teuthology.orchestra.run.smithi110.stdout:/usr/bin/ceph: stderr
2024-04-24T23:52:46.661+0000 7f0bfd3bd700 1 --2- >> [v2:172.21.15.110:3300/0,v1:172.21.15.110:6789/0] conn(0x7f0bf807ddf0 0x7f0bf807c2a0 unknown :-1 s=BANNER_CONNECTING pgs=0 cs=0 l=0 rev1=0 crypto rx=0 tx=0 comp rx=0 tx=0)._handle_peer_banner_payload supported=3 required=0
2024-04-24T23:52:48.564 INFO:teuthology.orchestra.run.smithi110.stdout:/usr/bin/ceph: stderr
2024-04-24T23:52:46.661+0000 7f0bfd3bd700 1 --2- >> [v2:172.21.15.110:3300/0,v1:172.21.15.110:6789/0] conn(0x7f0bf807ddf0 0x7f0bf807c2a0 unknown :-1 s=HELLO_CONNECTING pgs=0 cs=0 l=0 rev1=1 crypto rx=0 tx=0 comp rx=0 tx=0).handle_hello peer v2:172.21.15.110:3300/0 says I am v2:172.21.15.110:33560/0 (socket says 172.21.15.110:33560)
2024-04-24T23:52:48.564 INFO:teuthology.orchestra.run.smithi110.stdout:/usr/bin/ceph: stderr
2024-04-24T23:52:46.661+0000 7f0bfd3bd700 1 -- 172.21.15.110:0/1078693519 learned_addr learned my addr 172.21.15.110:0/1078693519 (peer_addr_for_me v2:172.21.15.110:0/0)
2024-04-24T23:52:48.564 INFO:teuthology.orchestra.run.smithi110.stdout:/usr/bin/ceph: stderr
2024-04-24T23:52:46.661+0000 7f0bfd3bd700 1 -- 172.21.15.110:0/1078693519 --> [v2:172.21.15.110:3300/0,v1:172.21.15.110:6789/0] -- mon_subscribe({config=0+,monmap=0+}) -- 0x7f0bf807c9f0 con 0x7f0bf807ddf0
2024-04-24T23:52:48.564 INFO:teuthology.orchestra.run.smithi110.stdout:/usr/bin/ceph: stderr
2024-04-24T23:52:46.661+0000 7f0bfd3bd700 1 --2- 172.21.15.110:0/1078693519 >> [v2:172.21.15.110:3300/0,v1:172.21.15.110:6789/0] conn(0x7f0bf807ddf0 0x7f0bf807c2a0 secure :-1 s=READY pgs=55 cs=0 l=1 rev1=1 crypto rx=0x7f0bf40098a0 tx=0x7f0bf4009bb0 comp rx=0 tx=0).ready entity=mon.0 client_cookie=dea1a6fb9330adb3 server_cookie=0 in_seq=0 out_seq=0
2024-04-24T23:52:48.564 INFO:teuthology.orchestra.run.smithi110.stdout:/usr/bin/ceph: stderr
2024-04-24T23:52:46.662+0000 7f0beffff700 1 -- 172.21.15.110:0/1078693519 <== mon.0 v2:172.21.15.110:3300/0 1 ==== mon_map magic: 0 ==== 205+0+0 (secure 0 0 0) 0x7f0bf4004160 con 0x7f0bf807ddf0
2024-04-24T23:52:48.564 INFO:teuthology.orchestra.run.smithi110.stdout:/usr/bin/ceph: stderr
2024-04-24T23:52:46.662+0000 7f0beffff700 1 -- 172.21.15.110:0/1078693519 <== mon.0 v2:172.21.15.110:3300/0 2 ==== config(26 keys) ==== 1102+0+0 (secure 0 0 0) 0x7f0bf4004300 con 0x7f0bf807ddf0
2024-04-24T23:52:48.565 INFO:teuthology.orchestra.run.smithi110.stdout:/usr/bin/ceph: stderr
2024-04-24T23:52:46.662+0000 7f0beffff700 1 -- 172.21.15.110:0/1078693519 <== mon.0 v2:172.21.15.110:3300/0 3 ==== mon_map magic: 0 ==== 205+0+0 (secure 0 0 0) 0x7f0bf4011a50 con 0x7f0bf807ddf0
2024-04-24T23:52:48.565 INFO:teuthology.orchestra.run.smithi110.stdout:/usr/bin/ceph: stderr
2024-04-24T23:52:46.662+0000 7f0bff621700 1 -- 172.21.15.110:0/1078693519 >> [v2:172.21.15.110:3300/0,v1:172.21.15.110:6789/0] conn(0x7f0bf807ddf0 msgr2=0x7f0bf807c2a0 secure :-1 s=STATE_CONNECTION_ESTABLISHED l=1).mark_down
2024-04-24T23:52:48.565 INFO:teuthology.orchestra.run.smithi110.stdout:/usr/bin/ceph: stderr
2024-04-24T23:52:46.662+0000 7f0bff621700 1 --2- 172.21.15.110:0/1078693519 >> [v2:172.21.15.110:3300/0,v1:172.21.15.110:6789/0] conn(0x7f0bf807ddf0 0x7f0bf807c2a0 secure :-1 s=READY pgs=55 cs=0 l=1 rev1=1 crypto rx=0x7f0bf40098a0 tx=0x7f0bf4009bb0 comp rx=0 tx=0).stop
2024-04-24T23:52:48.565 INFO:teuthology.orchestra.run.smithi110.stdout:/usr/bin/ceph: stderr
2024-04-24T23:52:46.662+0000 7f0bff621700 1 -- 172.21.15.110:0/1078693519 shutdown_connections
2024-04-24T23:52:48.565 INFO:teuthology.orchestra.run.smithi110.stdout:/usr/bin/ceph: stderr
2024-04-24T23:52:46.662+0000 7f0bff621700 1 --2- 172.21.15.110:0/1078693519 >> [v2:172.21.15.110:3300/0,v1:172.21.15.110:6789/0] conn(0x7f0bf807ddf0 0x7f0bf807c2a0 unknown :-1 s=CLOSED pgs=55 cs=0 l=1 rev1=1 crypto rx=0 tx=0 comp rx=0 tx=0).stop
2024-04-24T23:52:48.565 INFO:teuthology.orchestra.run.smithi110.stdout:/usr/bin/ceph: stderr
2024-04-24T23:52:46.662+0000 7f0bff621700 1 -- 172.21.15.110:0/1078693519 >> 172.21.15.110:0/1078693519 conn(0x7f0bf8103090 msgr2=0x7f0bf81054b0 unknown :-1 s=STATE_NONE l=0).mark_down
2024-04-24T23:52:48.565 INFO:teuthology.orchestra.run.smithi110.stdout:/usr/bin/ceph: stderr
2024-04-24T23:52:46.663+0000 7f0bff621700 1 -- 172.21.15.110:0/1078693519 shutdown_connections
2024-04-24T23:52:48.565 INFO:teuthology.orchestra.run.smithi110.stdout:/usr/bin/ceph: stderr
2024-04-24T23:52:46.663+0000 7f0bff621700 1 -- 172.21.15.110:0/1078693519 wait complete.
2024-04-24T23:52:48.565 INFO:teuthology.orchestra.run.smithi110.stdout:/usr/bin/ceph: stderr
2024-04-24T23:52:46.663+0000 7f0bff621700 1 Processor -- start
2024-04-24T23:52:48.566 INFO:teuthology.orchestra.run.smithi110.stdout:/usr/bin/ceph: stderr
2024-04-24T23:52:46.663+0000 7f0bff621700 1 -- start start
2024-04-24T23:52:48.566 INFO:teuthology.orchestra.run.smithi110.stdout:/usr/bin/ceph: stderr
2024-04-24T23:52:46.663+0000 7f0bff621700 1 --2- >> [v2:172.21.15.110:3300/0,v1:172.21.15.110:6789/0] conn(0x7f0bf807ddf0 0x7f0bf810ad40 unknown :-1 s=NONE pgs=0 cs=0 l=1 rev1=0 crypto rx=0 tx=0 comp rx=0 tx=0).connect
2024-04-24T23:52:48.566 INFO:teuthology.orchestra.run.smithi110.stdout:/usr/bin/ceph: stderr
2024-04-24T23:52:46.663+0000 7f0bff621700 1 -- --> [v2:172.21.15.110:3300/0,v1:172.21.15.110:6789/0] -- mon_getmap magic: 0 -- 0x7f0bf810e050 con 0x7f0bf807ddf0
2024-04-24T23:52:48.566 INFO:teuthology.orchestra.run.smithi110.stdout:/usr/bin/ceph: stderr
2024-04-24T23:52:46.663+0000 7f0bfd3bd700 1 --2- >> [v2:172.21.15.110:3300/0,v1:172.21.15.110:6789/0] conn(0x7f0bf807ddf0 0x7f0bf810ad40 unknown :-1 s=BANNER_CONNECTING pgs=0 cs=0 l=1 rev1=0 crypto rx=0 tx=0 comp rx=0 tx=0)._handle_peer_banner_payload supported=3 required=0
2024-04-24T23:52:48.566 INFO:teuthology.orchestra.run.smithi110.stdout:/usr/bin/ceph: stderr
2024-04-24T23:52:46.663+0000 7f0bfd3bd700 1 --2- >> [v2:172.21.15.110:3300/0,v1:172.21.15.110:6789/0] conn(0x7f0bf807ddf0 0x7f0bf810ad40 unknown :-1 s=HELLO_CONNECTING pgs=0 cs=0 l=1 rev1=1 crypto rx=0 tx=0 comp rx=0 tx=0).handle_hello peer v2:172.21.15.110:3300/0 says I am v2:172.21.15.110:33576/0 (socket says 172.21.15.110:33576)
2024-04-24T23:52:48.566 INFO:teuthology.orchestra.run.smithi110.stdout:/usr/bin/ceph: stderr
2024-04-24T23:52:46.663+0000 7f0bfd3bd700 1 -- 172.21.15.110:0/2567665863 learned_addr learned my addr 172.21.15.110:0/2567665863 (peer_addr_for_me v2:172.21.15.110:0/0)
2024-04-24T23:52:48.566 INFO:teuthology.orchestra.run.smithi110.stdout:/usr/bin/ceph: stderr
2024-04-24T23:52:46.664+0000 7f0bfd3bd700 1 -- 172.21.15.110:0/2567665863 --> [v2:172.21.15.110:3300/0,v1:172.21.15.110:6789/0] -- mon_subscribe({config=0+,monmap=0+}) -- 0x7f0bf810b280 con 0x7f0bf807ddf0
2024-04-24T23:52:48.566 INFO:teuthology.orchestra.run.smithi110.stdout:/usr/bin/ceph: stderr
2024-04-24T23:52:46.664+0000 7f0bfd3bd700 1 --2- 172.21.15.110:0/2567665863 >> [v2:172.21.15.110:3300/0,v1:172.21.15.110:6789/0] conn(0x7f0bf807ddf0 0x7f0bf810ad40 secure :-1 s=READY pgs=56 cs=0 l=1 rev1=1 crypto rx=0x7f0bf4011a20 tx=0x7f0bf4011b00 comp rx=0 tx=0).ready entity=mon.0 client_cookie=0 server_cookie=0 in_seq=0 out_seq=0
2024-04-24T23:52:48.566 INFO:teuthology.orchestra.run.smithi110.stdout:/usr/bin/ceph: stderr
2024-04-24T23:52:46.664+0000 7f0bee7fc700 1 -- 172.21.15.110:0/2567665863 <== mon.0 v2:172.21.15.110:3300/0 1 ==== mon_map magic: 0 ==== 205+0+0 (secure 0 0 0) 0x7f0bf40039c0 con 0x7f0bf807ddf0
2024-04-24T23:52:48.566 INFO:teuthology.orchestra.run.smithi110.stdout:/usr/bin/ceph: stderr
2024-04-24T23:52:46.664+0000 7f0bee7fc700 1 -- 172.21.15.110:0/2567665863 <== mon.0 v2:172.21.15.110:3300/0 2 ==== config(26 keys) ==== 1102+0+0 (secure 0 0 0) 0x7f0bf4003b60 con 0x7f0bf807ddf0
2024-04-24T23:52:48.567 INFO:teuthology.orchestra.run.smithi110.stdout:/usr/bin/ceph: stderr
2024-04-24T23:52:46.664+0000 7f0bff621700 1 -- 172.21.15.110:0/2567665863 --> [v2:172.21.15.110:3300/0,v1:172.21.15.110:6789/0] -- mon_subscribe({mgrmap=0+}) -- 0x7f0bf810b510 con 0x7f0bf807ddf0
2024-04-24T23:52:48.567 INFO:teuthology.orchestra.run.smithi110.stdout:/usr/bin/ceph: stderr
2024-04-24T23:52:46.664+0000 7f0bee7fc700 1 -- 172.21.15.110:0/2567665863 <== mon.0 v2:172.21.15.110:3300/0 3 ==== mon_map magic: 0 ==== 205+0+0 (secure 0 0 0) 0x7f0bf401a6b0 con 0x7f0bf807ddf0
2024-04-24T23:52:48.567 INFO:teuthology.orchestra.run.smithi110.stdout:/usr/bin/ceph: stderr
2024-04-24T23:52:46.664+0000 7f0bff621700 1 -- 172.21.15.110:0/2567665863 --> [v2:172.21.15.110:3300/0,v1:172.21.15.110:6789/0] -- mon_subscribe({osdmap=0}) -- 0x7f0bf8107ad0 con 0x7f0bf807ddf0
2024-04-24T23:52:48.567 INFO:teuthology.orchestra.run.smithi110.stdout:/usr/bin/ceph: stderr
2024-04-24T23:52:46.665+0000 7f0bee7fc700 1 -- 172.21.15.110:0/2567665863 <== mon.0 v2:172.21.15.110:3300/0 4 ==== mgrmap(e 8) ==== 46287+0+0 (secure 0 0 0) 0x7f0bf401a9b0 con 0x7f0bf807ddf0
2024-04-24T23:52:48.567 INFO:teuthology.orchestra.run.smithi110.stdout:/usr/bin/ceph: stderr
2024-04-24T23:52:46.665+0000 7f0bee7fc700 1 --2- 172.21.15.110:0/2567665863 >> [v2:172.21.15.110:6800/1818468115,v1:172.21.15.110:6801/1818468115] conn(0x7f0be4039000 0x7f0be403b4c0 unknown :-1 s=NONE pgs=0 cs=0 l=1 rev1=0 crypto rx=0 tx=0 comp rx=0 tx=0).connect
2024-04-24T23:52:48.567 INFO:teuthology.orchestra.run.smithi110.stdout:/usr/bin/ceph: stderr
2024-04-24T23:52:46.665+0000 7f0bff621700 1 -- 172.21.15.110:0/2567665863 --> [v2:172.21.15.110:3300/0,v1:172.21.15.110:6789/0] -- mon_command({"prefix": "get_command_descriptions"} v 0) -- 0x7f0bf810b6e0 con 0x7f0bf807ddf0
2024-04-24T23:52:48.567 INFO:teuthology.orchestra.run.smithi110.stdout:/usr/bin/ceph: stderr
2024-04-24T23:52:46.665+0000 7f0bee7fc700 1 -- 172.21.15.110:0/2567665863 <== mon.0 v2:172.21.15.110:3300/0 5 ==== osd_map(2..2 src has 1..2) ==== 940+0+0 (secure 0 0 0) 0x7f0bf404d850 con 0x7f0bf807ddf0
2024-04-24T23:52:48.567 INFO:teuthology.orchestra.run.smithi110.stdout:/usr/bin/ceph: stderr
2024-04-24T23:52:46.665+0000 7f0bfcbbc700 1 --2- 172.21.15.110:0/2567665863 >> [v2:172.21.15.110:6800/1818468115,v1:172.21.15.110:6801/1818468115] conn(0x7f0be4039000 0x7f0be403b4c0 unknown :-1 s=BANNER_CONNECTING pgs=0 cs=0 l=1 rev1=0 crypto rx=0 tx=0 comp rx=0 tx=0)._handle_peer_banner_payload supported=3 required=0
2024-04-24T23:52:48.568 INFO:teuthology.orchestra.run.smithi110.stdout:/usr/bin/ceph: stderr
2024-04-24T23:52:46.666+0000 7f0bfcbbc700 1 --2- 172.21.15.110:0/2567665863 >> [v2:172.21.15.110:6800/1818468115,v1:172.21.15.110:6801/1818468115] conn(0x7f0be4039000 0x7f0be403b4c0 secure :-1 s=READY pgs=16 cs=0 l=1 rev1=1 crypto rx=0x7f0be8006fd0 tx=0x7f0be8006e40 comp rx=0 tx=0).ready entity=mgr.14120 client_cookie=0 server_cookie=0 in_seq=0 out_seq=0
2024-04-24T23:52:48.568 INFO:teuthology.orchestra.run.smithi110.stdout:/usr/bin/ceph: stderr
2024-04-24T23:52:46.670+0000 7f0bee7fc700 1 -- 172.21.15.110:0/2567665863 <== mon.0 v2:172.21.15.110:3300/0 6 ==== mon_command_ack([{"prefix": "get_command_descriptions"}]=0 v0) ==== 72+0+186147 (secure 0 0 0) 0x7f0bf810b6e0 con 0x7f0bf807ddf0
2024-04-24T23:52:48.568 INFO:teuthology.orchestra.run.smithi110.stdout:/usr/bin/ceph: stderr
2024-04-24T23:52:46.933+0000 7f0bff621700 1 -- 172.21.15.110:0/2567665863 --> [v2:172.21.15.110:3300/0,v1:172.21.15.110:6789/0] -- mon_command({"prefix": "mgr module enable", "module": "dashboard"} v 0) -- 0x7f0bf8108150 con 0x7f0bf807ddf0
2024-04-24T23:52:48.568 INFO:teuthology.orchestra.run.smithi110.stdout:/usr/bin/ceph: stderr
2024-04-24T23:52:47.565+0000 7f0bee7fc700 1 -- 172.21.15.110:0/2567665863 <== mon.0 v2:172.21.15.110:3300/0 7 ==== mon_command_ack([{"prefix": "mgr module enable", "module": "dashboard"}]=0 v9) ==== 88+0+0 (secure 0 0 0) 0x7f0bf4024a70 con 0x7f0bf807ddf0
2024-04-24T23:52:48.568 INFO:teuthology.orchestra.run.smithi110.stdout:/usr/bin/ceph: stderr
2024-04-24T23:52:47.566+0000 7f0bee7fc700 1 -- 172.21.15.110:0/2567665863 <== mon.0 v2:172.21.15.110:3300/0 8 ==== mgrmap(e 9) ==== 46300+0+0 (secure 0 0 0) 0x7f0bf401aca0 con 0x7f0bf807ddf0
2024-04-24T23:52:48.568 INFO:teuthology.orchestra.run.smithi110.stdout:/usr/bin/ceph: stderr
2024-04-24T23:52:47.567+0000 7f0bff621700 1 -- 172.21.15.110:0/2567665863 >> [v2:172.21.15.110:6800/1818468115,v1:172.21.15.110:6801/1818468115] conn(0x7f0be4039000 msgr2=0x7f0be403b4c0 secure :-1 s=STATE_CONNECTION_ESTABLISHED l=1).mark_down
2024-04-24T23:52:48.568 INFO:teuthology.orchestra.run.smithi110.stdout:/usr/bin/ceph: stderr
2024-04-24T23:52:47.567+0000 7f0bff621700 1 --2- 172.21.15.110:0/2567665863 >> [v2:172.21.15.110:6800/1818468115,v1:172.21.15.110:6801/1818468115] conn(0x7f0be4039000 0x7f0be403b4c0 secure :-1 s=READY pgs=16 cs=0 l=1 rev1=1 crypto rx=0x7f0be8006fd0 tx=0x7f0be8006e40 comp rx=0 tx=0).stop
2024-04-24T23:52:48.568 INFO:teuthology.orchestra.run.smithi110.stdout:/usr/bin/ceph: stderr
2024-04-24T23:52:47.567+0000 7f0bff621700 1 -- 172.21.15.110:0/2567665863 >> [v2:172.21.15.110:3300/0,v1:172.21.15.110:6789/0] conn(0x7f0bf807ddf0 msgr2=0x7f0bf810ad40 secure :-1 s=STATE_CONNECTION_ESTABLISHED l=1).mark_down
2024-04-24T23:52:48.568 INFO:teuthology.orchestra.run.smithi110.stdout:/usr/bin/ceph: stderr
2024-04-24T23:52:47.567+0000 7f0bff621700 1 --2- 172.21.15.110:0/2567665863 >> [v2:172.21.15.110:3300/0,v1:172.21.15.110:6789/0] conn(0x7f0bf807ddf0 0x7f0bf810ad40 secure :-1 s=READY pgs=56 cs=0 l=1 rev1=1 crypto rx=0x7f0bf4011a20 tx=0x7f0bf4011b00 comp rx=0 tx=0).stop
2024-04-24T23:52:48.568 INFO:teuthology.orchestra.run.smithi110.stdout:/usr/bin/ceph: stderr
2024-04-24T23:52:47.567+0000 7f0bff621700 1 -- 172.21.15.110:0/2567665863 shutdown_connections
2024-04-24T23:52:48.569 INFO:teuthology.orchestra.run.smithi110.stdout:/usr/bin/ceph: stderr
2024-04-24T23:52:47.567+0000 7f0bff621700 1 --2- 172.21.15.110:0/2567665863 >> [v2:172.21.15.110:6800/1818468115,v1:172.21.15.110:6801/1818468115] conn(0x7f0be4039000 0x7f0be403b4c0 unknown :-1 s=CLOSED pgs=16 cs=0 l=1 rev1=1 crypto rx=0 tx=0 comp rx=0 tx=0).stop
2024-04-24T23:52:48.569 INFO:teuthology.orchestra.run.smithi110.stdout:/usr/bin/ceph: stderr
2024-04-24T23:52:47.567+0000 7f0bff621700 1 --2- 172.21.15.110:0/2567665863 >> [v2:172.21.15.110:3300/0,v1:172.21.15.110:6789/0] conn(0x7f0bf807ddf0 0x7f0bf810ad40 unknown :-1 s=CLOSED pgs=56 cs=0 l=1 rev1=1 crypto rx=0 tx=0 comp rx=0 tx=0).stop
2024-04-24T23:52:48.569 INFO:teuthology.orchestra.run.smithi110.stdout:/usr/bin/ceph: stderr
2024-04-24T23:52:47.567+0000 7f0bff621700 1 -- 172.21.15.110:0/2567665863 >> 172.21.15.110:0/2567665863 conn(0x7f0bf8103090 msgr2=0x7f0bf8103b60 unknown :-1 s=STATE_NONE l=0).mark_down
2024-04-24T23:52:48.569 INFO:teuthology.orchestra.run.smithi110.stdout:/usr/bin/ceph: stderr
2024-04-24T23:52:47.567+0000 7f0bff621700 1 -- 172.21.15.110:0/2567665863 shutdown_connections
2024-04-24T23:52:48.569 INFO:teuthology.orchestra.run.smithi110.stdout:/usr/bin/ceph: stderr
2024-04-24T23:52:47.567+0000 7f0bff621700 1 -- 172.21.15.110:0/2567665863 wait complete.
2024-04-24T23:52:48.874 INFO:journalctl@ceph.mon.a.smithi110.stdout:Apr 24 23:52:48 smithi110 ceph-mon[29187]: from='client.? 172.21.15.110:0/2567665863' entity='client.admin' cmd='[{"prefix": "mgr module enable", "module": "dashboard"}]': finished
2024-04-24T23:52:48.874 INFO:journalctl@ceph.mon.a.smithi110.stdout:Apr 24 23:52:48 smithi110 ceph-mon[29187]: mgrmap e9: x(active, since 19s)
2024-04-24T23:52:49.869 INFO:journalctl@ceph.mon.a.smithi110.stdout:Apr 24 23:52:49 smithi110 ceph-mon[29187]: from='client.? 172.21.15.110:0/1253111884' entity='client.admin' cmd=[{"prefix": "mgr stat"}]: dispatch
2024-04-24T23:52:49.870 INFO:journalctl@ceph.mgr.x.smithi110.stdout:Apr 24 23:52:49 smithi110 ceph-787fa75a-0295-11ef-bc93-c7b262605968-mgr-x[29419]:
2024-04-24T23:52:49.641+0000 7f51e4c69200 -1 mgr[py] Module telegraf has missing NOTIFY_TYPES member
2024-04-24T23:52:49.870 INFO:journalctl@ceph.mgr.x.smithi110.stdout:Apr 24 23:52:49 smithi110 ceph-787fa75a-0295-11ef-bc93-c7b262605968-mgr-x[29419]:
2024-04-24T23:52:49.813+0000 7f51e4c69200 -1 mgr[py] Module osd_support has missing NOTIFY_TYPES member
2024-04-24T23:52:49.872 INFO:teuthology.orchestra.run.smithi110.stdout:/usr/bin/ceph: stdout {
2024-04-24T23:52:49.878 INFO:teuthology.orchestra.run.smithi110.stdout:/usr/bin/ceph: stdout "epoch": 9,
2024-04-24T23:52:49.878 INFO:teuthology.orchestra.run.smithi110.stdout:/usr/bin/ceph: stdout "available": true,
2024-04-24T23:52:49.878 INFO:teuthology.orchestra.run.smithi110.stdout:/usr/bin/ceph: stdout "active_name": "x",
2024-04-24T23:52:49.878 INFO:teuthology.orchestra.run.smithi110.stdout:/usr/bin/ceph: stdout "num_standby": 0
2024-04-24T23:52:49.879 INFO:teuthology.orchestra.run.smithi110.stdout:/usr/bin/ceph: stdout }
2024-04-24T23:52:49.879 INFO:teuthology.orchestra.run.smithi110.stdout:/usr/bin/ceph: stderr
2024-04-24T23:52:48.978+0000 7fab4af9a700 1 Processor -- start
2024-04-24T23:52:49.879 INFO:teuthology.orchestra.run.smithi110.stdout:/usr/bin/ceph: stderr
2024-04-24T23:52:48.978+0000 7fab4af9a700 1 -- start start
2024-04-24T23:52:49.879 INFO:teuthology.orchestra.run.smithi110.stdout:/usr/bin/ceph: stderr
2024-04-24T23:52:48.979+0000 7fab4af9a700 1 --2- >> [v2:172.21.15.110:3300/0,v1:172.21.15.110:6789/0] conn(0x7fab44105db0 0x7fab441061d0 unknown :-1 s=NONE pgs=0 cs=0 l=0 rev1=0 crypto rx=0 tx=0 comp rx=0 tx=0).connect
2024-04-24T23:52:49.879 INFO:teuthology.orchestra.run.smithi110.stdout:/usr/bin/ceph: stderr
2024-04-24T23:52:48.979+0000 7fab4af9a700 1 -- --> [v2:172.21.15.110:3300/0,v1:172.21.15.110:6789/0] -- mon_getmap magic: 0 -- 0x7fab441067a0 con 0x7fab44105db0
2024-04-24T23:52:49.879 INFO:teuthology.orchestra.run.smithi110.stdout:/usr/bin/ceph: stderr
2024-04-24T23:52:48.979+0000 7fab48d36700 1 --2- >> [v2:172.21.15.110:3300/0,v1:172.21.15.110:6789/0] conn(0x7fab44105db0 0x7fab441061d0 unknown :-1 s=BANNER_CONNECTING pgs=0 cs=0 l=0 rev1=0 crypto rx=0 tx=0 comp rx=0 tx=0)._handle_peer_banner_payload supported=3 required=0
2024-04-24T23:52:49.879 INFO:teuthology.orchestra.run.smithi110.stdout:/usr/bin/ceph: stderr
2024-04-24T23:52:48.979+0000 7fab48d36700 1 --2- >> [v2:172.21.15.110:3300/0,v1:172.21.15.110:6789/0] conn(0x7fab44105db0 0x7fab441061d0 unknown :-1 s=HELLO_CONNECTING pgs=0 cs=0 l=0 rev1=1 crypto rx=0 tx=0 comp rx=0 tx=0).handle_hello peer v2:172.21.15.110:3300/0 says I am v2:172.21.15.110:33598/0 (socket says 172.21.15.110:33598)
2024-04-24T23:52:49.879 INFO:teuthology.orchestra.run.smithi110.stdout:/usr/bin/ceph: stderr
2024-04-24T23:52:48.979+0000 7fab48d36700 1 -- 172.21.15.110:0/1559549981 learned_addr learned my addr 172.21.15.110:0/1559549981 (peer_addr_for_me v2:172.21.15.110:0/0)
2024-04-24T23:52:49.879 INFO:teuthology.orchestra.run.smithi110.stdout:/usr/bin/ceph: stderr
2024-04-24T23:52:48.979+0000 7fab48d36700 1 -- 172.21.15.110:0/1559549981 --> [v2:172.21.15.110:3300/0,v1:172.21.15.110:6789/0] -- mon_subscribe({config=0+,monmap=0+}) -- 0x7fab44108d50 con 0x7fab44105db0
2024-04-24T23:52:49.879 INFO:teuthology.orchestra.run.smithi110.stdout:/usr/bin/ceph: stderr
2024-04-24T23:52:48.979+0000 7fab48d36700 1 --2- 172.21.15.110:0/1559549981 >> [v2:172.21.15.110:3300/0,v1:172.21.15.110:6789/0] conn(0x7fab44105db0 0x7fab441061d0 secure :-1 s=READY pgs=59 cs=0 l=1 rev1=1 crypto rx=0x7fab380098a0 tx=0x7fab38009bb0 comp rx=0 tx=0).ready entity=mon.0 client_cookie=65c6cc742618262c server_cookie=0 in_seq=0 out_seq=0
2024-04-24T23:52:49.879 INFO:teuthology.orchestra.run.smithi110.stdout:/usr/bin/ceph: stderr
2024-04-24T23:52:48.979+0000 7fab437fe700 1 -- 172.21.15.110:0/1559549981 <== mon.0 v2:172.21.15.110:3300/0 1 ==== mon_map magic: 0 ==== 205+0+0 (secure 0 0 0) 0x7fab38004160 con 0x7fab44105db0
2024-04-24T23:52:49.879 INFO:teuthology.orchestra.run.smithi110.stdout:/usr/bin/ceph: stderr
2024-04-24T23:52:48.979+0000 7fab437fe700 1 -- 172.21.15.110:0/1559549981 <== mon.0 v2:172.21.15.110:3300/0 2 ==== config(26 keys) ==== 1102+0+0 (secure 0 0 0) 0x7fab38004300 con 0x7fab44105db0
2024-04-24T23:52:49.879 INFO:teuthology.orchestra.run.smithi110.stdout:/usr/bin/ceph: stderr
2024-04-24T23:52:48.979+0000 7fab437fe700 1 -- 172.21.15.110:0/1559549981 <== mon.0 v2:172.21.15.110:3300/0 3 ==== mon_map magic: 0 ==== 205+0+0 (secure 0 0 0) 0x7fab38011a50 con 0x7fab44105db0
2024-04-24T23:52:49.879 INFO:teuthology.orchestra.run.smithi110.stdout:/usr/bin/ceph: stderr
2024-04-24T23:52:48.980+0000 7fab4af9a700 1 -- 172.21.15.110:0/1559549981 >> [v2:172.21.15.110:3300/0,v1:172.21.15.110:6789/0] conn(0x7fab44105db0 msgr2=0x7fab441061d0 secure :-1 s=STATE_CONNECTION_ESTABLISHED l=1).mark_down
