2024-04-25T00:08:33.278 INFO:teuthology.orchestra.run.smithi042.stdout:/usr/bin/ceph: stderr
2024-04-25T00:08:32.152+0000 7f99cfe00700 1 -- 172.21.15.42:0/1176181961 <== mon.0 v2:172.21.15.42:3300/0 1 ==== mon_map magic: 0 ==== 205+0+0 (secure 0 0 0) 0x7f99c4004160 con 0x7f99d007ddb0
2024-04-25T00:08:33.278 INFO:teuthology.orchestra.run.smithi042.stdout:/usr/bin/ceph: stderr
2024-04-25T00:08:32.152+0000 7f99cfe00700 1 -- 172.21.15.42:0/1176181961 <== mon.0 v2:172.21.15.42:3300/0 2 ==== config(27 keys) ==== 1140+0+0 (secure 0 0 0) 0x7f99c4004300 con 0x7f99d007ddb0
2024-04-25T00:08:33.278 INFO:teuthology.orchestra.run.smithi042.stdout:/usr/bin/ceph: stderr
2024-04-25T00:08:32.152+0000 7f99cfe00700 1 -- 172.21.15.42:0/1176181961 <== mon.0 v2:172.21.15.42:3300/0 3 ==== mon_map magic: 0 ==== 205+0+0 (secure 0 0 0) 0x7f99c4011b20 con 0x7f99d007ddb0
2024-04-25T00:08:33.278 INFO:teuthology.orchestra.run.smithi042.stdout:/usr/bin/ceph: stderr
2024-04-25T00:08:32.153+0000 7f99d8200700 1 -- 172.21.15.42:0/1176181961 >> [v2:172.21.15.42:3300/0,v1:172.21.15.42:6789/0] conn(0x7f99d007ddb0 msgr2=0x7f99d007c320 secure :-1 s=STATE_CONNECTION_ESTABLISHED l=1).mark_down
2024-04-25T00:08:33.279 INFO:teuthology.orchestra.run.smithi042.stdout:/usr/bin/ceph: stderr
2024-04-25T00:08:32.153+0000 7f99d8200700 1 --2- 172.21.15.42:0/1176181961 >> [v2:172.21.15.42:3300/0,v1:172.21.15.42:6789/0] conn(0x7f99d007ddb0 0x7f99d007c320 secure :-1 s=READY pgs=74 cs=0 l=1 rev1=1 crypto rx=0x7f99c40098a0 tx=0x7f99c4009bb0 comp rx=0 tx=0).stop
2024-04-25T00:08:33.279 INFO:teuthology.orchestra.run.smithi042.stdout:/usr/bin/ceph: stderr
2024-04-25T00:08:32.153+0000 7f99d8200700 1 -- 172.21.15.42:0/1176181961 shutdown_connections
2024-04-25T00:08:33.279 INFO:teuthology.orchestra.run.smithi042.stdout:/usr/bin/ceph: stderr
2024-04-25T00:08:32.153+0000 7f99d8200700 1 --2- 172.21.15.42:0/1176181961 >> [v2:172.21.15.42:3300/0,v1:172.21.15.42:6789/0] conn(0x7f99d007ddb0 0x7f99d007c320 unknown :-1 s=CLOSED pgs=74 cs=0 l=1 rev1=1 crypto rx=0 tx=0 comp rx=0 tx=0).stop
2024-04-25T00:08:33.279 INFO:teuthology.orchestra.run.smithi042.stdout:/usr/bin/ceph: stderr
2024-04-25T00:08:32.153+0000 7f99d8200700 1 -- 172.21.15.42:0/1176181961 >> 172.21.15.42:0/1176181961 conn(0x7f99d0103460 msgr2=0x7f99d0105880 unknown :-1 s=STATE_NONE l=0).mark_down
2024-04-25T00:08:33.279 INFO:teuthology.orchestra.run.smithi042.stdout:/usr/bin/ceph: stderr
2024-04-25T00:08:32.153+0000 7f99d8200700 1 -- 172.21.15.42:0/1176181961 shutdown_connections
2024-04-25T00:08:33.279 INFO:teuthology.orchestra.run.smithi042.stdout:/usr/bin/ceph: stderr
2024-04-25T00:08:32.153+0000 7f99d8200700 1 -- 172.21.15.42:0/1176181961 wait complete.
2024-04-25T00:08:33.279 INFO:teuthology.orchestra.run.smithi042.stdout:/usr/bin/ceph: stderr
2024-04-25T00:08:32.154+0000 7f99d8200700 1 Processor -- start
2024-04-25T00:08:33.279 INFO:teuthology.orchestra.run.smithi042.stdout:/usr/bin/ceph: stderr
2024-04-25T00:08:32.154+0000 7f99d8200700 1 -- start start
2024-04-25T00:08:33.280 INFO:teuthology.orchestra.run.smithi042.stdout:/usr/bin/ceph: stderr
2024-04-25T00:08:32.155+0000 7f99d8200700 1 --2- >> [v2:172.21.15.42:3300/0,v1:172.21.15.42:6789/0] conn(0x7f99d007ddb0 0x7f99d019dea0 unknown :-1 s=NONE pgs=0 cs=0 l=1 rev1=0 crypto rx=0 tx=0 comp rx=0 tx=0).connect
2024-04-25T00:08:33.280 INFO:teuthology.orchestra.run.smithi042.stdout:/usr/bin/ceph: stderr
2024-04-25T00:08:32.155+0000 7f99d8200700 1 -- --> [v2:172.21.15.42:3300/0,v1:172.21.15.42:6789/0] -- mon_getmap magic: 0 -- 0x7f99d010e310 con 0x7f99d007ddb0
2024-04-25T00:08:33.280 INFO:teuthology.orchestra.run.smithi042.stdout:/usr/bin/ceph: stderr
2024-04-25T00:08:32.155+0000 7f99d5800700 1 --2- >> [v2:172.21.15.42:3300/0,v1:172.21.15.42:6789/0] conn(0x7f99d007ddb0 0x7f99d019dea0 unknown :-1 s=BANNER_CONNECTING pgs=0 cs=0 l=1 rev1=0 crypto rx=0 tx=0 comp rx=0 tx=0)._handle_peer_banner_payload supported=3 required=0
2024-04-25T00:08:33.280 INFO:teuthology.orchestra.run.smithi042.stdout:/usr/bin/ceph: stderr
2024-04-25T00:08:32.155+0000 7f99d5800700 1 --2- >> [v2:172.21.15.42:3300/0,v1:172.21.15.42:6789/0] conn(0x7f99d007ddb0 0x7f99d019dea0 unknown :-1 s=HELLO_CONNECTING pgs=0 cs=0 l=1 rev1=1 crypto rx=0 tx=0 comp rx=0 tx=0).handle_hello peer v2:172.21.15.42:3300/0 says I am v2:172.21.15.42:49992/0 (socket says 172.21.15.42:49992)
2024-04-25T00:08:33.280 INFO:teuthology.orchestra.run.smithi042.stdout:/usr/bin/ceph: stderr
2024-04-25T00:08:32.155+0000 7f99d5800700 1 -- 172.21.15.42:0/2244845806 learned_addr learned my addr 172.21.15.42:0/2244845806 (peer_addr_for_me v2:172.21.15.42:0/0)
2024-04-25T00:08:33.280 INFO:teuthology.orchestra.run.smithi042.stdout:/usr/bin/ceph: stderr
2024-04-25T00:08:32.156+0000 7f99d5800700 1 -- 172.21.15.42:0/2244845806 --> [v2:172.21.15.42:3300/0,v1:172.21.15.42:6789/0] -- mon_subscribe({config=0+,monmap=0+}) -- 0x7f99d019e3e0 con 0x7f99d007ddb0
2024-04-25T00:08:33.280 INFO:teuthology.orchestra.run.smithi042.stdout:/usr/bin/ceph: stderr
2024-04-25T00:08:32.156+0000 7f99d5800700 1 --2- 172.21.15.42:0/2244845806 >> [v2:172.21.15.42:3300/0,v1:172.21.15.42:6789/0] conn(0x7f99d007ddb0 0x7f99d019dea0 secure :-1 s=READY pgs=75 cs=0 l=1 rev1=1 crypto rx=0x7f99c40117e0 tx=0x7f99c4011ba0 comp rx=0 tx=0).ready entity=mon.0 client_cookie=0 server_cookie=0 in_seq=0 out_seq=0
2024-04-25T00:08:33.280 INFO:teuthology.orchestra.run.smithi042.stdout:/usr/bin/ceph: stderr
2024-04-25T00:08:32.156+0000 7f99ce000700 1 -- 172.21.15.42:0/2244845806 <== mon.0 v2:172.21.15.42:3300/0 1 ==== mon_map magic: 0 ==== 205+0+0 (secure 0 0 0) 0x7f99c4003ba0 con 0x7f99d007ddb0
2024-04-25T00:08:33.280 INFO:teuthology.orchestra.run.smithi042.stdout:/usr/bin/ceph: stderr
2024-04-25T00:08:32.156+0000 7f99ce000700 1 -- 172.21.15.42:0/2244845806 <== mon.0 v2:172.21.15.42:3300/0 2 ==== config(27 keys) ==== 1140+0+0 (secure 0 0 0) 0x7f99c401a910 con 0x7f99d007ddb0
2024-04-25T00:08:33.281 INFO:teuthology.orchestra.run.smithi042.stdout:/usr/bin/ceph: stderr
2024-04-25T00:08:32.156+0000 7f99ce000700 1 -- 172.21.15.42:0/2244845806 <== mon.0 v2:172.21.15.42:3300/0 3 ==== mon_map magic: 0 ==== 205+0+0 (secure 0 0 0) 0x7f99c40248f0 con 0x7f99d007ddb0
2024-04-25T00:08:33.281 INFO:teuthology.orchestra.run.smithi042.stdout:/usr/bin/ceph: stderr
2024-04-25T00:08:32.156+0000 7f99d8200700 1 -- 172.21.15.42:0/2244845806 --> [v2:172.21.15.42:3300/0,v1:172.21.15.42:6789/0] -- mon_subscribe({mgrmap=0+}) -- 0x7f99d019e670 con 0x7f99d007ddb0
2024-04-25T00:08:33.281 INFO:teuthology.orchestra.run.smithi042.stdout:/usr/bin/ceph: stderr
2024-04-25T00:08:32.156+0000 7f99d8200700 1 -- 172.21.15.42:0/2244845806 --> [v2:172.21.15.42:3300/0,v1:172.21.15.42:6789/0] -- mon_subscribe({osdmap=0}) -- 0x7f99d019ead0 con 0x7f99d007ddb0
2024-04-25T00:08:33.281 INFO:teuthology.orchestra.run.smithi042.stdout:/usr/bin/ceph: stderr
2024-04-25T00:08:32.158+0000 7f99ce000700 1 -- 172.21.15.42:0/2244845806 <== mon.0 v2:172.21.15.42:3300/0 4 ==== mgrmap(e 12) ==== 46300+0+0 (secure 0 0 0) 0x7f99c4022020 con 0x7f99d007ddb0
2024-04-25T00:08:33.281 INFO:teuthology.orchestra.run.smithi042.stdout:/usr/bin/ceph: stderr
2024-04-25T00:08:32.158+0000 7f99d8200700 1 -- 172.21.15.42:0/2244845806 --> [v2:172.21.15.42:3300/0,v1:172.21.15.42:6789/0] -- mon_command({"prefix": "get_command_descriptions"} v 0) -- 0x7f99d0063890 con 0x7f99d007ddb0
2024-04-25T00:08:33.281 INFO:teuthology.orchestra.run.smithi042.stdout:/usr/bin/ceph: stderr
2024-04-25T00:08:32.158+0000 7f99ce000700 1 --2- 172.21.15.42:0/2244845806 >> [v2:172.21.15.42:6800/384891702,v1:172.21.15.42:6801/384891702] conn(0x7f99b8039100 0x7f99b803b5c0 unknown :-1 s=NONE pgs=0 cs=0 l=1 rev1=0 crypto rx=0 tx=0 comp rx=0 tx=0).connect
2024-04-25T00:08:33.281 INFO:teuthology.orchestra.run.smithi042.stdout:/usr/bin/ceph: stderr
2024-04-25T00:08:32.158+0000 7f99ce000700 1 -- 172.21.15.42:0/2244845806 <== mon.0 v2:172.21.15.42:3300/0 5 ==== osd_map(3..3 src has 1..3) ==== 1155+0+0 (secure 0 0 0) 0x7f99c404d960 con 0x7f99d007ddb0
2024-04-25T00:08:33.281 INFO:teuthology.orchestra.run.smithi042.stdout:/usr/bin/ceph: stderr
2024-04-25T00:08:32.158+0000 7f99d4e00700 1 --2- 172.21.15.42:0/2244845806 >> [v2:172.21.15.42:6800/384891702,v1:172.21.15.42:6801/384891702] conn(0x7f99b8039100 0x7f99b803b5c0 unknown :-1 s=BANNER_CONNECTING pgs=0 cs=0 l=1 rev1=0 crypto rx=0 tx=0 comp rx=0 tx=0)._handle_peer_banner_payload supported=3 required=0
2024-04-25T00:08:33.281 INFO:teuthology.orchestra.run.smithi042.stdout:/usr/bin/ceph: stderr
2024-04-25T00:08:32.159+0000 7f99d4e00700 1 --2- 172.21.15.42:0/2244845806 >> [v2:172.21.15.42:6800/384891702,v1:172.21.15.42:6801/384891702] conn(0x7f99b8039100 0x7f99b803b5c0 secure :-1 s=READY pgs=9 cs=0 l=1 rev1=1 crypto rx=0x7f99bc006fd0 tx=0x7f99bc006e40 comp rx=0 tx=0).ready entity=mgr.14152 client_cookie=0 server_cookie=0 in_seq=0 out_seq=0
2024-04-25T00:08:33.282 INFO:teuthology.orchestra.run.smithi042.stdout:/usr/bin/ceph: stderr
2024-04-25T00:08:32.164+0000 7f99ce000700 1 -- 172.21.15.42:0/2244845806 <== mon.0 v2:172.21.15.42:3300/0 6 ==== mon_command_ack([{"prefix": "get_command_descriptions"}]=0 v0) ==== 72+0+186147 (secure 0 0 0) 0x7f99c401aac0 con 0x7f99d007ddb0
2024-04-25T00:08:33.282 INFO:teuthology.orchestra.run.smithi042.stdout:/usr/bin/ceph: stderr
2024-04-25T00:08:32.331+0000 7f99ce000700 1 -- 172.21.15.42:0/2244845806 <== mon.0 v2:172.21.15.42:3300/0 7 ==== mgrmap(e 13) ==== 46343+0+0 (secure 0 0 0) 0x7f99c402d910 con 0x7f99d007ddb0
2024-04-25T00:08:33.282 INFO:teuthology.orchestra.run.smithi042.stdout:/usr/bin/ceph: stderr
2024-04-25T00:08:32.421+0000 7f99d8200700 1 -- 172.21.15.42:0/2244845806 --> [v2:172.21.15.42:3300/0,v1:172.21.15.42:6789/0] -- mon_command({"prefix": "config get", "who": "mgr", "key": "mgr/dashboard/ssl_server_port"} v 0) -- 0x7f99d01a1560 con 0x7f99d007ddb0
2024-04-25T00:08:33.282 INFO:teuthology.orchestra.run.smithi042.stdout:/usr/bin/ceph: stderr
2024-04-25T00:08:32.422+0000 7f99ce000700 1 -- 172.21.15.42:0/2244845806 <== mon.0 v2:172.21.15.42:3300/0 8 ==== mon_command_ack([{"prefix": "config get", "who": "mgr", "key": "mgr/dashboard/ssl_server_port"}]=0 v8) ==== 112+0+5 (secure 0 0 0) 0x7f99c4023370 con 0x7f99d007ddb0
2024-04-25T00:08:33.282 INFO:teuthology.orchestra.run.smithi042.stdout:/usr/bin/ceph: stderr
2024-04-25T00:08:32.426+0000 7f99d8200700 1 -- 172.21.15.42:0/2244845806 >> [v2:172.21.15.42:6800/384891702,v1:172.21.15.42:6801/384891702] conn(0x7f99b8039100 msgr2=0x7f99b803b5c0 secure :-1 s=STATE_CONNECTION_ESTABLISHED l=1).mark_down
2024-04-25T00:08:33.282 INFO:teuthology.orchestra.run.smithi042.stdout:/usr/bin/ceph: stderr
2024-04-25T00:08:32.426+0000 7f99d8200700 1 --2- 172.21.15.42:0/2244845806 >> [v2:172.21.15.42:6800/384891702,v1:172.21.15.42:6801/384891702] conn(0x7f99b8039100 0x7f99b803b5c0 secure :-1 s=READY pgs=9 cs=0 l=1 rev1=1 crypto rx=0x7f99bc006fd0 tx=0x7f99bc006e40 comp rx=0 tx=0).stop
2024-04-25T00:08:33.282 INFO:teuthology.orchestra.run.smithi042.stdout:/usr/bin/ceph: stderr
2024-04-25T00:08:32.426+0000 7f99d8200700 1 -- 172.21.15.42:0/2244845806 >> [v2:172.21.15.42:3300/0,v1:172.21.15.42:6789/0] conn(0x7f99d007ddb0 msgr2=0x7f99d019dea0 secure :-1 s=STATE_CONNECTION_ESTABLISHED l=1).mark_down
2024-04-25T00:08:33.282 INFO:teuthology.orchestra.run.smithi042.stdout:/usr/bin/ceph: stderr
2024-04-25T00:08:32.426+0000 7f99d8200700 1 --2- 172.21.15.42:0/2244845806 >> [v2:172.21.15.42:3300/0,v1:172.21.15.42:6789/0] conn(0x7f99d007ddb0 0x7f99d019dea0 secure :-1 s=READY pgs=75 cs=0 l=1 rev1=1 crypto rx=0x7f99c40117e0 tx=0x7f99c4011ba0 comp rx=0 tx=0).stop
2024-04-25T00:08:33.282 INFO:teuthology.orchestra.run.smithi042.stdout:/usr/bin/ceph: stderr
2024-04-25T00:08:32.426+0000 7f99d8200700 1 -- 172.21.15.42:0/2244845806 shutdown_connections
2024-04-25T00:08:33.282 INFO:teuthology.orchestra.run.smithi042.stdout:/usr/bin/ceph: stderr
2024-04-25T00:08:32.426+0000 7f99d8200700 1 --2- 172.21.15.42:0/2244845806 >> [v2:172.21.15.42:6800/384891702,v1:172.21.15.42:6801/384891702] conn(0x7f99b8039100 0x7f99b803b5c0 unknown :-1 s=CLOSED pgs=9 cs=0 l=1 rev1=1 crypto rx=0 tx=0 comp rx=0 tx=0).stop
2024-04-25T00:08:33.283 INFO:teuthology.orchestra.run.smithi042.stdout:/usr/bin/ceph: stderr
2024-04-25T00:08:32.426+0000 7f99d8200700 1 --2- 172.21.15.42:0/2244845806 >> [v2:172.21.15.42:3300/0,v1:172.21.15.42:6789/0] conn(0x7f99d007ddb0 0x7f99d019dea0 unknown :-1 s=CLOSED pgs=75 cs=0 l=1 rev1=1 crypto rx=0 tx=0 comp rx=0 tx=0).stop
2024-04-25T00:08:33.283 INFO:teuthology.orchestra.run.smithi042.stdout:/usr/bin/ceph: stderr
2024-04-25T00:08:32.426+0000 7f99d8200700 1 -- 172.21.15.42:0/2244845806 >> 172.21.15.42:0/2244845806 conn(0x7f99d0103460 msgr2=0x7f99d0103eb0 unknown :-1 s=STATE_NONE l=0).mark_down
2024-04-25T00:08:33.283 INFO:teuthology.orchestra.run.smithi042.stdout:/usr/bin/ceph: stderr
2024-04-25T00:08:32.426+0000 7f99d8200700 1 -- 172.21.15.42:0/2244845806 shutdown_connections
2024-04-25T00:08:33.283 INFO:teuthology.orchestra.run.smithi042.stdout:/usr/bin/ceph: stderr
2024-04-25T00:08:32.426+0000 7f99d8200700 1 -- 172.21.15.42:0/2244845806 wait complete.
2024-04-25T00:08:33.303 INFO:teuthology.orchestra.run.smithi042.stdout:Non-zero exit code 1 from systemctl is-enabled firewalld.service
2024-04-25T00:08:33.303 INFO:teuthology.orchestra.run.smithi042.stdout:systemctl: stdout disabled
2024-04-25T00:08:33.322 INFO:teuthology.orchestra.run.smithi042.stdout:Non-zero exit code 3 from systemctl is-active firewalld.service
2024-04-25T00:08:33.322 INFO:teuthology.orchestra.run.smithi042.stdout:systemctl: stdout inactive
2024-04-25T00:08:33.322 INFO:teuthology.orchestra.run.smithi042.stdout:firewalld.service is not enabled
2024-04-25T00:08:33.322 INFO:teuthology.orchestra.run.smithi042.stdout:Not possible to open ports <[8443]>. firewalld.service is not available
2024-04-25T00:08:33.325 INFO:teuthology.orchestra.run.smithi042.stdout:Ceph Dashboard is now available at:
2024-04-25T00:08:33.325 INFO:teuthology.orchestra.run.smithi042.stdout:
2024-04-25T00:08:33.325 INFO:teuthology.orchestra.run.smithi042.stdout: URL: https://smithi042.front.sepia.ceph.com:8443/
2024-04-25T00:08:33.325 INFO:teuthology.orchestra.run.smithi042.stdout: User: admin
2024-04-25T00:08:33.325 INFO:teuthology.orchestra.run.smithi042.stdout: Password: v0segf3ocf
2024-04-25T00:08:33.325 INFO:teuthology.orchestra.run.smithi042.stdout:
2024-04-25T00:08:33.326 INFO:teuthology.orchestra.run.smithi042.stdout:Saving cluster configuration to /var/lib/ceph/9d95543e-0297-11ef-bc93-c7b262605968/config directory
2024-04-25T00:08:33.326 INFO:teuthology.orchestra.run.smithi042.stdout:Enabling autotune for osd_memory_target
2024-04-25T00:08:33.626 INFO:journalctl@ceph.mon.a.smithi042.stdout:Apr 25 00:08:33 smithi042 ceph-mon[28130]: mgrmap e13: x(active, since 6s)
2024-04-25T00:08:33.626 INFO:journalctl@ceph.mon.a.smithi042.stdout:Apr 25 00:08:33 smithi042 ceph-mon[28130]: from='client.? 172.21.15.42:0/2244845806' entity='client.admin' cmd=[{"prefix": "config get", "who": "mgr", "key": "mgr/dashboard/ssl_server_port"}]: dispatch
2024-04-25T00:08:35.531 INFO:teuthology.orchestra.run.smithi042.stdout:/usr/bin/ceph: stderr
2024-04-25T00:08:34.616+0000 7f8a4da00700 1 Processor -- start
2024-04-25T00:08:35.532 INFO:teuthology.orchestra.run.smithi042.stdout:/usr/bin/ceph: stderr
2024-04-25T00:08:34.617+0000 7f8a4da00700 1 -- start start
2024-04-25T00:08:35.532 INFO:teuthology.orchestra.run.smithi042.stdout:/usr/bin/ceph: stderr
2024-04-25T00:08:34.617+0000 7f8a4da00700 1 --2- >> [v2:172.21.15.42:3300/0,v1:172.21.15.42:6789/0] conn(0x7f8a48109fa0 0x7f8a4810a3c0 unknown :-1 s=NONE pgs=0 cs=0 l=0 rev1=0 crypto rx=0 tx=0 comp rx=0 tx=0).connect
2024-04-25T00:08:35.533 INFO:teuthology.orchestra.run.smithi042.stdout:/usr/bin/ceph: stderr
2024-04-25T00:08:34.617+0000 7f8a4da00700 1 -- --> [v2:172.21.15.42:3300/0,v1:172.21.15.42:6789/0] -- mon_getmap magic: 0 -- 0x7f8a4810a990 con 0x7f8a48109fa0
2024-04-25T00:08:35.533 INFO:teuthology.orchestra.run.smithi042.stdout:/usr/bin/ceph: stderr
2024-04-25T00:08:34.617+0000 7f8a46a00700 1 --2- >> [v2:172.21.15.42:3300/0,v1:172.21.15.42:6789/0] conn(0x7f8a48109fa0 0x7f8a4810a3c0 unknown :-1 s=BANNER_CONNECTING pgs=0 cs=0 l=0 rev1=0 crypto rx=0 tx=0 comp rx=0 tx=0)._handle_peer_banner_payload supported=3 required=0
2024-04-25T00:08:35.533 INFO:teuthology.orchestra.run.smithi042.stdout:/usr/bin/ceph: stderr
2024-04-25T00:08:34.618+0000 7f8a46a00700 1 --2- >> [v2:172.21.15.42:3300/0,v1:172.21.15.42:6789/0] conn(0x7f8a48109fa0 0x7f8a4810a3c0 unknown :-1 s=HELLO_CONNECTING pgs=0 cs=0 l=0 rev1=1 crypto rx=0 tx=0 comp rx=0 tx=0).handle_hello peer v2:172.21.15.42:3300/0 says I am v2:172.21.15.42:50002/0 (socket says 172.21.15.42:50002)
2024-04-25T00:08:35.533 INFO:teuthology.orchestra.run.smithi042.stdout:/usr/bin/ceph: stderr
2024-04-25T00:08:34.618+0000 7f8a46a00700 1 -- 172.21.15.42:0/2018377469 learned_addr learned my addr 172.21.15.42:0/2018377469 (peer_addr_for_me v2:172.21.15.42:0/0)
2024-04-25T00:08:35.533 INFO:teuthology.orchestra.run.smithi042.stdout:/usr/bin/ceph: stderr
2024-04-25T00:08:34.618+0000 7f8a46a00700 1 -- 172.21.15.42:0/2018377469 --> [v2:172.21.15.42:3300/0,v1:172.21.15.42:6789/0] -- mon_subscribe({config=0+,monmap=0+}) -- 0x7f8a4810b1a0 con 0x7f8a48109fa0
2024-04-25T00:08:35.533 INFO:teuthology.orchestra.run.smithi042.stdout:/usr/bin/ceph: stderr
2024-04-25T00:08:34.618+0000 7f8a46a00700 1 --2- 172.21.15.42:0/2018377469 >> [v2:172.21.15.42:3300/0,v1:172.21.15.42:6789/0] conn(0x7f8a48109fa0 0x7f8a4810a3c0 secure :-1 s=READY pgs=76 cs=0 l=1 rev1=1 crypto rx=0x7f8a380098a0 tx=0x7f8a38009bb0 comp rx=0 tx=0).ready entity=mon.0 client_cookie=16a80b2a8a4a52ad server_cookie=0 in_seq=0 out_seq=0
2024-04-25T00:08:35.533 INFO:teuthology.orchestra.run.smithi042.stdout:/usr/bin/ceph: stderr
2024-04-25T00:08:34.619+0000 7f8a45600700 1 -- 172.21.15.42:0/2018377469 <== mon.0 v2:172.21.15.42:3300/0 1 ==== mon_map magic: 0 ==== 205+0+0 (secure 0 0 0) 0x7f8a38004160 con 0x7f8a48109fa0
2024-04-25T00:08:35.533 INFO:teuthology.orchestra.run.smithi042.stdout:/usr/bin/ceph: stderr
2024-04-25T00:08:34.619+0000 7f8a45600700 1 -- 172.21.15.42:0/2018377469 <== mon.0 v2:172.21.15.42:3300/0 2 ==== config(27 keys) ==== 1140+0+0 (secure 0 0 0) 0x7f8a38004300 con 0x7f8a48109fa0
2024-04-25T00:08:35.533 INFO:teuthology.orchestra.run.smithi042.stdout:/usr/bin/ceph: stderr
2024-04-25T00:08:34.619+0000 7f8a45600700 1 -- 172.21.15.42:0/2018377469 <== mon.0 v2:172.21.15.42:3300/0 3 ==== mon_map magic: 0 ==== 205+0+0 (secure 0 0 0) 0x7f8a38011b20 con 0x7f8a48109fa0
2024-04-25T00:08:35.536 INFO:teuthology.orchestra.run.smithi042.stdout:/usr/bin/ceph: stderr
2024-04-25T00:08:34.619+0000 7f8a4da00700 1 -- 172.21.15.42:0/2018377469 >> [v2:172.21.15.42:3300/0,v1:172.21.15.42:6789/0] conn(0x7f8a48109fa0 msgr2=0x7f8a4810a3c0 secure :-1 s=STATE_CONNECTION_ESTABLISHED l=1).mark_down
2024-04-25T00:08:35.536 INFO:teuthology.orchestra.run.smithi042.stdout:/usr/bin/ceph: stderr
2024-04-25T00:08:34.619+0000 7f8a4da00700 1 --2- 172.21.15.42:0/2018377469 >> [v2:172.21.15.42:3300/0,v1:172.21.15.42:6789/0] conn(0x7f8a48109fa0 0x7f8a4810a3c0 secure :-1 s=READY pgs=76 cs=0 l=1 rev1=1 crypto rx=0x7f8a380098a0 tx=0x7f8a38009bb0 comp rx=0 tx=0).stop
2024-04-25T00:08:35.536 INFO:teuthology.orchestra.run.smithi042.stdout:/usr/bin/ceph: stderr
2024-04-25T00:08:34.620+0000 7f8a4da00700 1 -- 172.21.15.42:0/2018377469 shutdown_connections
2024-04-25T00:08:35.537 INFO:teuthology.orchestra.run.smithi042.stdout:/usr/bin/ceph: stderr
2024-04-25T00:08:34.620+0000 7f8a4da00700 1 --2- 172.21.15.42:0/2018377469 >> [v2:172.21.15.42:3300/0,v1:172.21.15.42:6789/0] conn(0x7f8a48109fa0 0x7f8a4810a3c0 unknown :-1 s=CLOSED pgs=76 cs=0 l=1 rev1=1 crypto rx=0 tx=0 comp rx=0 tx=0).stop
2024-04-25T00:08:35.537 INFO:teuthology.orchestra.run.smithi042.stdout:/usr/bin/ceph: stderr
2024-04-25T00:08:34.620+0000 7f8a4da00700 1 -- 172.21.15.42:0/2018377469 >> 172.21.15.42:0/2018377469 conn(0x7f8a4807d3b0 msgr2=0x7f8a4807d7c0 unknown :-1 s=STATE_NONE l=0).mark_down
2024-04-25T00:08:35.537 INFO:teuthology.orchestra.run.smithi042.stdout:/usr/bin/ceph: stderr
2024-04-25T00:08:34.620+0000 7f8a4da00700 1 -- 172.21.15.42:0/2018377469 shutdown_connections
2024-04-25T00:08:35.537 INFO:teuthology.orchestra.run.smithi042.stdout:/usr/bin/ceph: stderr
2024-04-25T00:08:34.620+0000 7f8a4da00700 1 -- 172.21.15.42:0/2018377469 wait complete.
2024-04-25T00:08:35.537 INFO:teuthology.orchestra.run.smithi042.stdout:/usr/bin/ceph: stderr
2024-04-25T00:08:34.621+0000 7f8a4da00700 1 Processor -- start
2024-04-25T00:08:35.537 INFO:teuthology.orchestra.run.smithi042.stdout:/usr/bin/ceph: stderr
2024-04-25T00:08:34.621+0000 7f8a4da00700 1 -- start start
2024-04-25T00:08:35.537 INFO:teuthology.orchestra.run.smithi042.stdout:/usr/bin/ceph: stderr
2024-04-25T00:08:34.621+0000 7f8a4da00700 1 --2- >> [v2:172.21.15.42:3300/0,v1:172.21.15.42:6789/0] conn(0x7f8a48109fa0 0x7f8a4819ded0 unknown :-1 s=NONE pgs=0 cs=0 l=1 rev1=0 crypto rx=0 tx=0 comp rx=0 tx=0).connect
2024-04-25T00:08:35.537 INFO:teuthology.orchestra.run.smithi042.stdout:/usr/bin/ceph: stderr
2024-04-25T00:08:34.621+0000 7f8a4da00700 1 -- --> [v2:172.21.15.42:3300/0,v1:172.21.15.42:6789/0] -- mon_getmap magic: 0 -- 0x7f8a4810e550 con 0x7f8a48109fa0
2024-04-25T00:08:35.537 INFO:teuthology.orchestra.run.smithi042.stdout:/usr/bin/ceph: stderr
2024-04-25T00:08:34.622+0000 7f8a46a00700 1 --2- >> [v2:172.21.15.42:3300/0,v1:172.21.15.42:6789/0] conn(0x7f8a48109fa0 0x7f8a4819ded0 unknown :-1 s=BANNER_CONNECTING pgs=0 cs=0 l=1 rev1=0 crypto rx=0 tx=0 comp rx=0 tx=0)._handle_peer_banner_payload supported=3 required=0
2024-04-25T00:08:35.537 INFO:teuthology.orchestra.run.smithi042.stdout:/usr/bin/ceph: stderr
2024-04-25T00:08:34.622+0000 7f8a46a00700 1 --2- >> [v2:172.21.15.42:3300/0,v1:172.21.15.42:6789/0] conn(0x7f8a48109fa0 0x7f8a4819ded0 unknown :-1 s=HELLO_CONNECTING pgs=0 cs=0 l=1 rev1=1 crypto rx=0 tx=0 comp rx=0 tx=0).handle_hello peer v2:172.21.15.42:3300/0 says I am v2:172.21.15.42:50004/0 (socket says 172.21.15.42:50004)
2024-04-25T00:08:35.537 INFO:teuthology.orchestra.run.smithi042.stdout:/usr/bin/ceph: stderr
2024-04-25T00:08:34.622+0000 7f8a46a00700 1 -- 172.21.15.42:0/946741486 learned_addr learned my addr 172.21.15.42:0/946741486 (peer_addr_for_me v2:172.21.15.42:0/0)
2024-04-25T00:08:35.537 INFO:teuthology.orchestra.run.smithi042.stdout:/usr/bin/ceph: stderr
2024-04-25T00:08:34.622+0000 7f8a46a00700 1 -- 172.21.15.42:0/946741486 --> [v2:172.21.15.42:3300/0,v1:172.21.15.42:6789/0] -- mon_subscribe({config=0+,monmap=0+}) -- 0x7f8a4819e410 con 0x7f8a48109fa0
2024-04-25T00:08:35.537 INFO:teuthology.orchestra.run.smithi042.stdout:/usr/bin/ceph: stderr
2024-04-25T00:08:34.622+0000 7f8a46a00700 1 --2- 172.21.15.42:0/946741486 >> [v2:172.21.15.42:3300/0,v1:172.21.15.42:6789/0] conn(0x7f8a48109fa0 0x7f8a4819ded0 secure :-1 s=READY pgs=77 cs=0 l=1 rev1=1 crypto rx=0x7f8a380117e0 tx=0x7f8a38011ba0 comp rx=0 tx=0).ready entity=mon.0 client_cookie=0 server_cookie=0 in_seq=0 out_seq=0
2024-04-25T00:08:35.537 INFO:teuthology.orchestra.run.smithi042.stdout:/usr/bin/ceph: stderr
2024-04-25T00:08:34.623+0000 7f8a3f400700 1 -- 172.21.15.42:0/946741486 <== mon.0 v2:172.21.15.42:3300/0 1 ==== mon_map magic: 0 ==== 205+0+0 (secure 0 0 0) 0x7f8a38003bf0 con 0x7f8a48109fa0
2024-04-25T00:08:35.538 INFO:teuthology.orchestra.run.smithi042.stdout:/usr/bin/ceph: stderr
2024-04-25T00:08:34.623+0000 7f8a3f400700 1 -- 172.21.15.42:0/946741486 <== mon.0 v2:172.21.15.42:3300/0 2 ==== config(27 keys) ==== 1140+0+0 (secure 0 0 0) 0x7f8a3801a910 con 0x7f8a48109fa0
2024-04-25T00:08:35.538 INFO:teuthology.orchestra.run.smithi042.stdout:/usr/bin/ceph: stderr
2024-04-25T00:08:34.623+0000 7f8a3f400700 1 -- 172.21.15.42:0/946741486 <== mon.0 v2:172.21.15.42:3300/0 3 ==== mon_map magic: 0 ==== 205+0+0 (secure 0 0 0) 0x7f8a38024970 con 0x7f8a48109fa0
2024-04-25T00:08:35.538 INFO:teuthology.orchestra.run.smithi042.stdout:/usr/bin/ceph: stderr
2024-04-25T00:08:34.623+0000 7f8a4da00700 1 -- 172.21.15.42:0/946741486 --> [v2:172.21.15.42:3300/0,v1:172.21.15.42:6789/0] -- mon_subscribe({mgrmap=0+}) -- 0x7f8a4819e6a0 con 0x7f8a48109fa0
2024-04-25T00:08:35.538 INFO:teuthology.orchestra.run.smithi042.stdout:/usr/bin/ceph: stderr
2024-04-25T00:08:34.623+0000 7f8a4da00700 1 -- 172.21.15.42:0/946741486 --> [v2:172.21.15.42:3300/0,v1:172.21.15.42:6789/0] -- mon_subscribe({osdmap=0}) -- 0x7f8a4819eb00 con 0x7f8a48109fa0
2024-04-25T00:08:35.538 INFO:teuthology.orchestra.run.smithi042.stdout:/usr/bin/ceph: stderr
2024-04-25T00:08:34.624+0000 7f8a3f400700 1 -- 172.21.15.42:0/946741486 <== mon.0 v2:172.21.15.42:3300/0 4 ==== mgrmap(e 13) ==== 46343+0+0 (secure 0 0 0) 0x7f8a38022020 con 0x7f8a48109fa0
2024-04-25T00:08:35.538 INFO:teuthology.orchestra.run.smithi042.stdout:/usr/bin/ceph: stderr
2024-04-25T00:08:34.624+0000 7f8a4da00700 1 -- 172.21.15.42:0/946741486 --> [v2:172.21.15.42:3300/0,v1:172.21.15.42:6789/0] -- mon_command({"prefix": "get_command_descriptions"} v 0) -- 0x7f8a48063890 con 0x7f8a48109fa0
2024-04-25T00:08:35.538 INFO:teuthology.orchestra.run.smithi042.stdout:/usr/bin/ceph: stderr
2024-04-25T00:08:34.625+0000 7f8a3f400700 1 --2- 172.21.15.42:0/946741486 >> [v2:172.21.15.42:6800/384891702,v1:172.21.15.42:6801/384891702] conn(0x7f8a2c0391a0 0x7f8a2c03b660 unknown :-1 s=NONE pgs=0 cs=0 l=1 rev1=0 crypto rx=0 tx=0 comp rx=0 tx=0).connect
2024-04-25T00:08:35.538 INFO:teuthology.orchestra.run.smithi042.stdout:/usr/bin/ceph: stderr
2024-04-25T00:08:34.625+0000 7f8a3f400700 1 -- 172.21.15.42:0/946741486 <== mon.0 v2:172.21.15.42:3300/0 5 ==== osd_map(3..3 src has 1..3) ==== 1155+0+0 (secure 0 0 0) 0x7f8a3804d680 con 0x7f8a48109fa0
2024-04-25T00:08:35.540 INFO:teuthology.orchestra.run.smithi042.stdout:/usr/bin/ceph: stderr
2024-04-25T00:08:34.625+0000 7f8a46000700 1 --2- 172.21.15.42:0/946741486 >> [v2:172.21.15.42:6800/384891702,v1:172.21.15.42:6801/384891702] conn(0x7f8a2c0391a0 0x7f8a2c03b660 unknown :-1 s=BANNER_CONNECTING pgs=0 cs=0 l=1 rev1=0 crypto rx=0 tx=0 comp rx=0 tx=0)._handle_peer_banner_payload supported=3 required=0
2024-04-25T00:08:35.540 INFO:teuthology.orchestra.run.smithi042.stdout:/usr/bin/ceph: stderr
2024-04-25T00:08:34.626+0000 7f8a46000700 1 --2- 172.21.15.42:0/946741486 >> [v2:172.21.15.42:6800/384891702,v1:172.21.15.42:6801/384891702] conn(0x7f8a2c0391a0 0x7f8a2c03b660 secure :-1 s=READY pgs=10 cs=0 l=1 rev1=1 crypto rx=0x7f8a34006fd0 tx=0x7f8a34006e40 comp rx=0 tx=0).ready entity=mgr.14152 client_cookie=0 server_cookie=0 in_seq=0 out_seq=0
2024-04-25T00:08:35.540 INFO:teuthology.orchestra.run.smithi042.stdout:/usr/bin/ceph: stderr
2024-04-25T00:08:34.631+0000 7f8a3f400700 1 -- 172.21.15.42:0/946741486 <== mon.0 v2:172.21.15.42:3300/0 6 ==== mon_command_ack([{"prefix": "get_command_descriptions"}]=0 v0) ==== 72+0+186147 (secure 0 0 0) 0x7f8a38010380 con 0x7f8a48109fa0
2024-04-25T00:08:35.540 INFO:teuthology.orchestra.run.smithi042.stdout:/usr/bin/ceph: stderr
2024-04-25T00:08:34.855+0000 7f8a4da00700 1 -- 172.21.15.42:0/946741486 --> [v2:172.21.15.42:3300/0,v1:172.21.15.42:6789/0] -- mon_command([{prefix=config set, name=osd_memory_target_autotune}] v 0) -- 0x7f8a481a1590 con 0x7f8a48109fa0
2024-04-25T00:08:35.540 INFO:teuthology.orchestra.run.smithi042.stdout:/usr/bin/ceph: stderr
2024-04-25T00:08:34.855+0000 7f8a3f400700 1 -- 172.21.15.42:0/946741486 <== mon.0 v2:172.21.15.42:3300/0 7 ==== mon_command_ack([{prefix=config set, name=osd_memory_target_autotune}]=0 v8)=0 v8) ==== 127+0+0 (secure 0 0 0) 0x7f8a380212c0 con 0x7f8a48109fa0
2024-04-25T00:08:35.540 INFO:teuthology.orchestra.run.smithi042.stdout:/usr/bin/ceph: stderr
2024-04-25T00:08:34.858+0000 7f8a4da00700 1 -- 172.21.15.42:0/946741486 >> [v2:172.21.15.42:6800/384891702,v1:172.21.15.42:6801/384891702] conn(0x7f8a2c0391a0 msgr2=0x7f8a2c03b660 secure :-1 s=STATE_CONNECTION_ESTABLISHED l=1).mark_down
2024-04-25T00:08:35.540 INFO:teuthology.orchestra.run.smithi042.stdout:/usr/bin/ceph: stderr
2024-04-25T00:08:34.858+0000 7f8a4da00700 1 --2- 172.21.15.42:0/946741486 >> [v2:172.21.15.42:6800/384891702,v1:172.21.15.42:6801/384891702] conn(0x7f8a2c0391a0 0x7f8a2c03b660 secure :-1 s=READY pgs=10 cs=0 l=1 rev1=1 crypto rx=0x7f8a34006fd0 tx=0x7f8a34006e40 comp rx=0 tx=0).stop
2024-04-25T00:08:35.540 INFO:teuthology.orchestra.run.smithi042.stdout:/usr/bin/ceph: stderr
2024-04-25T00:08:34.858+0000 7f8a4da00700 1 -- 172.21.15.42:0/946741486 >> [v2:172.21.15.42:3300/0,v1:172.21.15.42:6789/0] conn(0x7f8a48109fa0 msgr2=0x7f8a4819ded0 secure :-1 s=STATE_CONNECTION_ESTABLISHED l=1).mark_down
2024-04-25T00:08:35.541 INFO:teuthology.orchestra.run.smithi042.stdout:/usr/bin/ceph: stderr
2024-04-25T00:08:34.858+0000 7f8a4da00700 1 --2- 172.21.15.42:0/946741486 >> [v2:172.21.15.42:3300/0,v1:172.21.15.42:6789/0] conn(0x7f8a48109fa0 0x7f8a4819ded0 secure :-1 s=READY pgs=77 cs=0 l=1 rev1=1 crypto rx=0x7f8a380117e0 tx=0x7f8a38011ba0 comp rx=0 tx=0).stop
2024-04-25T00:08:35.541 INFO:teuthology.orchestra.run.smithi042.stdout:/usr/bin/ceph: stderr
2024-04-25T00:08:34.859+0000 7f8a4da00700 1 -- 172.21.15.42:0/946741486 shutdown_connections
2024-04-25T00:08:35.541 INFO:teuthology.orchestra.run.smithi042.stdout:/usr/bin/ceph: stderr
2024-04-25T00:08:34.859+0000 7f8a4da00700 1 --2- 172.21.15.42:0/946741486 >> [v2:172.21.15.42:6800/384891702,v1:172.21.15.42:6801/384891702] conn(0x7f8a2c0391a0 0x7f8a2c03b660 unknown :-1 s=CLOSED pgs=10 cs=0 l=1 rev1=1 crypto rx=0 tx=0 comp rx=0 tx=0).stop
2024-04-25T00:08:35.541 INFO:teuthology.orchestra.run.smithi042.stdout:/usr/bin/ceph: stderr
2024-04-25T00:08:34.859+0000 7f8a4da00700 1 --2- 172.21.15.42:0/946741486 >> [v2:172.21.15.42:3300/0,v1:172.21.15.42:6789/0] conn(0x7f8a48109fa0 0x7f8a4819ded0 unknown :-1 s=CLOSED pgs=77 cs=0 l=1 rev1=1 crypto rx=0 tx=0 comp rx=0 tx=0).stop
2024-04-25T00:08:35.541 INFO:teuthology.orchestra.run.smithi042.stdout:/usr/bin/ceph: stderr
2024-04-25T00:08:34.859+0000 7f8a4da00700 1 -- 172.21.15.42:0/946741486 >> 172.21.15.42:0/946741486 conn(0x7f8a4807d3b0 msgr2=0x7f8a481073e0 unknown :-1 s=STATE_NONE l=0).mark_down
2024-04-25T00:08:35.541 INFO:teuthology.orchestra.run.smithi042.stdout:/usr/bin/ceph: stderr
2024-04-25T00:08:34.859+0000 7f8a4da00700 1 -- 172.21.15.42:0/946741486 shutdown_connections
2024-04-25T00:08:35.541 INFO:teuthology.orchestra.run.smithi042.stdout:/usr/bin/ceph: stderr
2024-04-25T00:08:34.859+0000 7f8a4da00700 1 -- 172.21.15.42:0/946741486 wait complete.
2024-04-25T00:08:37.204 INFO:teuthology.orchestra.run.smithi042.stdout:/usr/bin/ceph: stderr
2024-04-25T00:08:36.184+0000 7fe633000700 1 Processor -- start
2024-04-25T00:08:37.204 INFO:teuthology.orchestra.run.smithi042.stdout:/usr/bin/ceph: stderr
2024-04-25T00:08:36.184+0000 7fe633000700 1 -- start start
2024-04-25T00:08:37.205 INFO:teuthology.orchestra.run.smithi042.stdout:/usr/bin/ceph: stderr
2024-04-25T00:08:36.185+0000 7fe633000700 1 --2- >> [v2:172.21.15.42:3300/0,v1:172.21.15.42:6789/0] conn(0x7fe62c07ddb0 0x7fe62c07c320 unknown :-1 s=NONE pgs=0 cs=0 l=0 rev1=0 crypto rx=0 tx=0 comp rx=0 tx=0).connect
2024-04-25T00:08:37.205 INFO:teuthology.orchestra.run.smithi042.stdout:/usr/bin/ceph: stderr
2024-04-25T00:08:36.185+0000 7fe633000700 1 -- --> [v2:172.21.15.42:3300/0,v1:172.21.15.42:6789/0] -- mon_getmap magic: 0 -- 0x7fe62c07c860 con 0x7fe62c07ddb0
2024-04-25T00:08:37.205 INFO:teuthology.orchestra.run.smithi042.stdout:/usr/bin/ceph: stderr
2024-04-25T00:08:36.185+0000 7fe631c00700 1 --2- >> [v2:172.21.15.42:3300/0,v1:172.21.15.42:6789/0] conn(0x7fe62c07ddb0 0x7fe62c07c320 unknown :-1 s=BANNER_CONNECTING pgs=0 cs=0 l=0 rev1=0 crypto rx=0 tx=0 comp rx=0 tx=0)._handle_peer_banner_payload supported=3 required=0
2024-04-25T00:08:37.205 INFO:teuthology.orchestra.run.smithi042.stdout:/usr/bin/ceph: stderr
2024-04-25T00:08:36.185+0000 7fe631c00700 1 --2- >> [v2:172.21.15.42:3300/0,v1:172.21.15.42:6789/0] conn(0x7fe62c07ddb0 0x7fe62c07c320 unknown :-1 s=HELLO_CONNECTING pgs=0 cs=0 l=0 rev1=1 crypto rx=0 tx=0 comp rx=0 tx=0).handle_hello peer v2:172.21.15.42:3300/0 says I am v2:172.21.15.42:50018/0 (socket says 172.21.15.42:50018)
2024-04-25T00:08:37.205 INFO:teuthology.orchestra.run.smithi042.stdout:/usr/bin/ceph: stderr
2024-04-25T00:08:36.185+0000 7fe631c00700 1 -- 172.21.15.42:0/1308883185 learned_addr learned my addr 172.21.15.42:0/1308883185 (peer_addr_for_me v2:172.21.15.42:0/0)
2024-04-25T00:08:37.205 INFO:teuthology.orchestra.run.smithi042.stdout:/usr/bin/ceph: stderr
2024-04-25T00:08:36.186+0000 7fe631c00700 1 -- 172.21.15.42:0/1308883185 --> [v2:172.21.15.42:3300/0,v1:172.21.15.42:6789/0] -- mon_subscribe({config=0+,monmap=0+}) -- 0x7fe62c07c9e0 con 0x7fe62c07ddb0
2024-04-25T00:08:37.205 INFO:teuthology.orchestra.run.smithi042.stdout:/usr/bin/ceph: stderr
2024-04-25T00:08:36.186+0000 7fe631c00700 1 --2- 172.21.15.42:0/1308883185 >> [v2:172.21.15.42:3300/0,v1:172.21.15.42:6789/0] conn(0x7fe62c07ddb0 0x7fe62c07c320 secure :-1 s=READY pgs=78 cs=0 l=1 rev1=1 crypto rx=0x7fe6200098a0 tx=0x7fe620009bb0 comp rx=0 tx=0).ready entity=mon.0 client_cookie=fc76d60bc9e5d892 server_cookie=0 in_seq=0 out_seq=0
2024-04-25T00:08:37.205 INFO:teuthology.orchestra.run.smithi042.stdout:/usr/bin/ceph: stderr
2024-04-25T00:08:36.186+0000 7fe62be00700 1 -- 172.21.15.42:0/1308883185 <== mon.0 v2:172.21.15.42:3300/0 1 ==== mon_map magic: 0 ==== 205+0+0 (secure 0 0 0) 0x7fe620004160 con 0x7fe62c07ddb0
2024-04-25T00:08:37.205 INFO:teuthology.orchestra.run.smithi042.stdout:/usr/bin/ceph: stderr
2024-04-25T00:08:36.186+0000 7fe62be00700 1 -- 172.21.15.42:0/1308883185 <== mon.0 v2:172.21.15.42:3300/0 2 ==== config(27 keys) ==== 1140+0+0 (secure 0 0 0) 0x7fe620004300 con 0x7fe62c07ddb0
2024-04-25T00:08:37.205 INFO:teuthology.orchestra.run.smithi042.stdout:/usr/bin/ceph: stderr
2024-04-25T00:08:36.186+0000 7fe62be00700 1 -- 172.21.15.42:0/1308883185 <== mon.0 v2:172.21.15.42:3300/0 3 ==== mon_map magic: 0 ==== 205+0+0 (secure 0 0 0) 0x7fe620011b20 con 0x7fe62c07ddb0
2024-04-25T00:08:37.205 INFO:teuthology.orchestra.run.smithi042.stdout:/usr/bin/ceph: stderr
2024-04-25T00:08:36.187+0000 7fe633000700 1 -- 172.21.15.42:0/1308883185 >> [v2:172.21.15.42:3300/0,v1:172.21.15.42:6789/0] conn(0x7fe62c07ddb0 msgr2=0x7fe62c07c320 secure :-1 s=STATE_CONNECTION_ESTABLISHED l=1).mark_down
2024-04-25T00:08:37.205 INFO:teuthology.orchestra.run.smithi042.stdout:/usr/bin/ceph: stderr
2024-04-25T00:08:36.187+0000 7fe633000700 1 --2- 172.21.15.42:0/1308883185 >> [v2:172.21.15.42:3300/0,v1:172.21.15.42:6789/0] conn(0x7fe62c07ddb0 0x7fe62c07c320 secure :-1 s=READY pgs=78 cs=0 l=1 rev1=1 crypto rx=0x7fe6200098a0 tx=0x7fe620009bb0 comp rx=0 tx=0).stop
2024-04-25T00:08:37.205 INFO:teuthology.orchestra.run.smithi042.stdout:/usr/bin/ceph: stderr
2024-04-25T00:08:36.187+0000 7fe633000700 1 -- 172.21.15.42:0/1308883185 shutdown_connections
2024-04-25T00:08:37.206 INFO:teuthology.orchestra.run.smithi042.stdout:/usr/bin/ceph: stderr
2024-04-25T00:08:36.187+0000 7fe633000700 1 --2- 172.21.15.42:0/1308883185 >> [v2:172.21.15.42:3300/0,v1:172.21.15.42:6789/0] conn(0x7fe62c07ddb0 0x7fe62c07c320 unknown :-1 s=CLOSED pgs=78 cs=0 l=1 rev1=1 crypto rx=0 tx=0 comp rx=0 tx=0).stop
2024-04-25T00:08:37.206 INFO:teuthology.orchestra.run.smithi042.stdout:/usr/bin/ceph: stderr
2024-04-25T00:08:36.187+0000 7fe633000700 1 -- 172.21.15.42:0/1308883185 >> 172.21.15.42:0/1308883185 conn(0x7fe62c103280 msgr2=0x7fe62c1056a0 unknown :-1 s=STATE_NONE l=0).mark_down
2024-04-25T00:08:37.206 INFO:teuthology.orchestra.run.smithi042.stdout:/usr/bin/ceph: stderr
2024-04-25T00:08:36.187+0000 7fe633000700 1 -- 172.21.15.42:0/1308883185 shutdown_connections
2024-04-25T00:08:37.206 INFO:teuthology.orchestra.run.smithi042.stdout:/usr/bin/ceph: stderr
2024-04-25T00:08:36.187+0000 7fe633000700 1 -- 172.21.15.42:0/1308883185 wait complete.
2024-04-25T00:08:37.206 INFO:teuthology.orchestra.run.smithi042.stdout:/usr/bin/ceph: stderr
2024-04-25T00:08:36.188+0000 7fe633000700 1 Processor -- start
2024-04-25T00:08:37.206 INFO:teuthology.orchestra.run.smithi042.stdout:/usr/bin/ceph: stderr
2024-04-25T00:08:36.188+0000 7fe633000700 1 -- start start
2024-04-25T00:08:37.206 INFO:teuthology.orchestra.run.smithi042.stdout:/usr/bin/ceph: stderr
2024-04-25T00:08:36.189+0000 7fe633000700 1 --2- >> [v2:172.21.15.42:3300/0,v1:172.21.15.42:6789/0] conn(0x7fe62c07ddb0 0x7fe62c19dda0 unknown :-1 s=NONE pgs=0 cs=0 l=1 rev1=0 crypto rx=0 tx=0 comp rx=0 tx=0).connect
2024-04-25T00:08:37.206 INFO:teuthology.orchestra.run.smithi042.stdout:/usr/bin/ceph: stderr
2024-04-25T00:08:36.189+0000 7fe633000700 1 -- --> [v2:172.21.15.42:3300/0,v1:172.21.15.42:6789/0] -- mon_getmap magic: 0 -- 0x7fe62c10e150 con 0x7fe62c07ddb0
2024-04-25T00:08:37.206 INFO:teuthology.orchestra.run.smithi042.stdout:/usr/bin/ceph: stderr
2024-04-25T00:08:36.189+0000 7fe631c00700 1 --2- >> [v2:172.21.15.42:3300/0,v1:172.21.15.42:6789/0] conn(0x7fe62c07ddb0 0x7fe62c19dda0 unknown :-1 s=BANNER_CONNECTING pgs=0 cs=0 l=1 rev1=0 crypto rx=0 tx=0 comp rx=0 tx=0)._handle_peer_banner_payload supported=3 required=0
2024-04-25T00:08:37.206 INFO:teuthology.orchestra.run.smithi042.stdout:/usr/bin/ceph: stderr
2024-04-25T00:08:36.189+0000 7fe631c00700 1 --2- >> [v2:172.21.15.42:3300/0,v1:172.21.15.42:6789/0] conn(0x7fe62c07ddb0 0x7fe62c19dda0 unknown :-1 s=HELLO_CONNECTING pgs=0 cs=0 l=1 rev1=1 crypto rx=0 tx=0 comp rx=0 tx=0).handle_hello peer v2:172.21.15.42:3300/0 says I am v2:172.21.15.42:50032/0 (socket says 172.21.15.42:50032)
2024-04-25T00:08:37.206 INFO:teuthology.orchestra.run.smithi042.stdout:/usr/bin/ceph: stderr
2024-04-25T00:08:36.189+0000 7fe631c00700 1 -- 172.21.15.42:0/2590671959 learned_addr learned my addr 172.21.15.42:0/2590671959 (peer_addr_for_me v2:172.21.15.42:0/0)
2024-04-25T00:08:37.206 INFO:teuthology.orchestra.run.smithi042.stdout:/usr/bin/ceph: stderr
2024-04-25T00:08:36.189+0000 7fe631c00700 1 -- 172.21.15.42:0/2590671959 --> [v2:172.21.15.42:3300/0,v1:172.21.15.42:6789/0] -- mon_subscribe({config=0+,monmap=0+}) -- 0x7fe62c19e2e0 con 0x7fe62c07ddb0
2024-04-25T00:08:37.206 INFO:teuthology.orchestra.run.smithi042.stdout:/usr/bin/ceph: stderr
2024-04-25T00:08:36.190+0000 7fe631c00700 1 --2- 172.21.15.42:0/2590671959 >> [v2:172.21.15.42:3300/0,v1:172.21.15.42:6789/0] conn(0x7fe62c07ddb0 0x7fe62c19dda0 secure :-1 s=READY pgs=79 cs=0 l=1 rev1=1 crypto rx=0x7fe6200116a0 tx=0x7fe620011ba0 comp rx=0 tx=0).ready entity=mon.0 client_cookie=0 server_cookie=0 in_seq=0 out_seq=0
2024-04-25T00:08:37.206 INFO:teuthology.orchestra.run.smithi042.stdout:/usr/bin/ceph: stderr
2024-04-25T00:08:36.190+0000 7fe62a000700 1 -- 172.21.15.42:0/2590671959 <== mon.0 v2:172.21.15.42:3300/0 1 ==== mon_map magic: 0 ==== 205+0+0 (secure 0 0 0) 0x7fe620003a40 con 0x7fe62c07ddb0
2024-04-25T00:08:37.207 INFO:teuthology.orchestra.run.smithi042.stdout:/usr/bin/ceph: stderr
2024-04-25T00:08:36.190+0000 7fe62a000700 1 -- 172.21.15.42:0/2590671959 <== mon.0 v2:172.21.15.42:3300/0 2 ==== config(27 keys) ==== 1140+0+0 (secure 0 0 0) 0x7fe620003be0 con 0x7fe62c07ddb0
2024-04-25T00:08:37.207 INFO:teuthology.orchestra.run.smithi042.stdout:/usr/bin/ceph: stderr
2024-04-25T00:08:36.190+0000 7fe62a000700 1 -- 172.21.15.42:0/2590671959 <== mon.0 v2:172.21.15.42:3300/0 3 ==== mon_map magic: 0 ==== 205+0+0 (secure 0 0 0) 0x7fe62001a750 con 0x7fe62c07ddb0
2024-04-25T00:08:37.207 INFO:teuthology.orchestra.run.smithi042.stdout:/usr/bin/ceph: stderr
2024-04-25T00:08:36.190+0000 7fe633000700 1 -- 172.21.15.42:0/2590671959 --> [v2:172.21.15.42:3300/0,v1:172.21.15.42:6789/0] -- mon_subscribe({mgrmap=0+}) -- 0x7fe62c19e570 con 0x7fe62c07ddb0
2024-04-25T00:08:37.207 INFO:teuthology.orchestra.run.smithi042.stdout:/usr/bin/ceph: stderr
2024-04-25T00:08:36.190+0000 7fe633000700 1 -- 172.21.15.42:0/2590671959 --> [v2:172.21.15.42:3300/0,v1:172.21.15.42:6789/0] -- mon_subscribe({osdmap=0}) -- 0x7fe62c1a1220 con 0x7fe62c07ddb0
2024-04-25T00:08:37.207 INFO:teuthology.orchestra.run.smithi042.stdout:/usr/bin/ceph: stderr
2024-04-25T00:08:36.191+0000 7fe62a000700 1 -- 172.21.15.42:0/2590671959 <== mon.0 v2:172.21.15.42:3300/0 4 ==== mgrmap(e 13) ==== 46343+0+0 (secure 0 0 0) 0x7fe620024aa0 con 0x7fe62c07ddb0
2024-04-25T00:08:37.207 INFO:teuthology.orchestra.run.smithi042.stdout:/usr/bin/ceph: stderr
2024-04-25T00:08:36.192+0000 7fe633000700 1 -- 172.21.15.42:0/2590671959 --> [v2:172.21.15.42:3300/0,v1:172.21.15.42:6789/0] -- mon_command({"prefix": "get_command_descriptions"} v 0) -- 0x7fe62c063890 con 0x7fe62c07ddb0
2024-04-25T00:08:37.207 INFO:teuthology.orchestra.run.smithi042.stdout:/usr/bin/ceph: stderr
2024-04-25T00:08:36.192+0000 7fe62a000700 1 --2- 172.21.15.42:0/2590671959 >> [v2:172.21.15.42:6800/384891702,v1:172.21.15.42:6801/384891702] conn(0x7fe614039150 0x7fe61403b610 unknown :-1 s=NONE pgs=0 cs=0 l=1 rev1=0 crypto rx=0 tx=0 comp rx=0 tx=0).connect
2024-04-25T00:08:37.207 INFO:teuthology.orchestra.run.smithi042.stdout:/usr/bin/ceph: stderr
2024-04-25T00:08:36.192+0000 7fe62a000700 1 -- 172.21.15.42:0/2590671959 <== mon.0 v2:172.21.15.42:3300/0 5 ==== osd_map(3..3 src has 1..3) ==== 1155+0+0 (secure 0 0 0) 0x7fe62004d8c0 con 0x7fe62c07ddb0
2024-04-25T00:08:37.207 INFO:teuthology.orchestra.run.smithi042.stdout:/usr/bin/ceph: stderr
2024-04-25T00:08:36.192+0000 7fe631200700 1 --2- 172.21.15.42:0/2590671959 >> [v2:172.21.15.42:6800/384891702,v1:172.21.15.42:6801/384891702] conn(0x7fe614039150 0x7fe61403b610 unknown :-1 s=BANNER_CONNECTING pgs=0 cs=0 l=1 rev1=0 crypto rx=0 tx=0 comp rx=0 tx=0)._handle_peer_banner_payload supported=3 required=0
2024-04-25T00:08:37.207 INFO:teuthology.orchestra.run.smithi042.stdout:/usr/bin/ceph: stderr
2024-04-25T00:08:36.193+0000 7fe631200700 1 --2- 172.21.15.42:0/2590671959 >> [v2:172.21.15.42:6800/384891702,v1:172.21.15.42:6801/384891702] conn(0x7fe614039150 0x7fe61403b610 secure :-1 s=READY pgs=11 cs=0 l=1 rev1=1 crypto rx=0x7fe618006fd0 tx=0x7fe618006e40 comp rx=0 tx=0).ready entity=mgr.14152 client_cookie=0 server_cookie=0 in_seq=0 out_seq=0
2024-04-25T00:08:37.207 INFO:teuthology.orchestra.run.smithi042.stdout:/usr/bin/ceph: stderr
2024-04-25T00:08:36.198+0000 7fe62a000700 1 -- 172.21.15.42:0/2590671959 <== mon.0 v2:172.21.15.42:3300/0 6 ==== mon_command_ack([{"prefix": "get_command_descriptions"}]=0 v0) ==== 72+0+186147 (secure 0 0 0) 0x7fe620011e20 con 0x7fe62c07ddb0
2024-04-25T00:08:37.207 INFO:teuthology.orchestra.run.smithi042.stdout:/usr/bin/ceph: stderr
2024-04-25T00:08:36.542+0000 7fe633000700 1 -- 172.21.15.42:0/2590671959 --> [v2:172.21.15.42:3300/0,v1:172.21.15.42:6789/0] -- mon_command([{prefix=config-key set, key=mgr/dashboard/cluster/status}] v 0) -- 0x7fe62c1a13f0 con 0x7fe62c07ddb0
2024-04-25T00:08:37.207 INFO:teuthology.orchestra.run.smithi042.stdout:/usr/bin/ceph: stderr
2024-04-25T00:08:36.546+0000 7fe62a000700 1 -- 172.21.15.42:0/2590671959 <== mon.0 v2:172.21.15.42:3300/0 7 ==== mon_command_ack([{prefix=config-key set, key=mgr/dashboard/cluster/status}]=0 set mgr/dashboard/cluster/status v28)=0 set mgr/dashboard/cluster/status v28) ==== 153+0+0 (secure 0 0 0) 0x7fe620023390 con 0x7fe62c07ddb0
2024-04-25T00:08:37.207 INFO:teuthology.orchestra.run.smithi042.stdout:/usr/bin/ceph: stderr
2024-04-25T00:08:36.548+0000 7fe633000700 1 -- 172.21.15.42:0/2590671959 >> [v2:172.21.15.42:6800/384891702,v1:172.21.15.42:6801/384891702] conn(0x7fe614039150 msgr2=0x7fe61403b610 secure :-1 s=STATE_CONNECTION_ESTABLISHED l=1).mark_down
2024-04-25T00:08:37.208 INFO:teuthology.orchestra.run.smithi042.stdout:/usr/bin/ceph: stderr
2024-04-25T00:08:36.548+0000 7fe633000700 1 --2- 172.21.15.42:0/2590671959 >> [v2:172.21.15.42:6800/384891702,v1:172.21.15.42:6801/384891702] conn(0x7fe614039150 0x7fe61403b610 secure :-1 s=READY pgs=11 cs=0 l=1 rev1=1 crypto rx=0x7fe618006fd0 tx=0x7fe618006e40 comp rx=0 tx=0).stop
2024-04-25T00:08:37.208 INFO:teuthology.orchestra.run.smithi042.stdout:/usr/bin/ceph: stderr
2024-04-25T00:08:36.548+0000 7fe633000700 1 -- 172.21.15.42:0/2590671959 >> [v2:172.21.15.42:3300/0,v1:172.21.15.42:6789/0] conn(0x7fe62c07ddb0 msgr2=0x7fe62c19dda0 secure :-1 s=STATE_CONNECTION_ESTABLISHED l=1).mark_down
2024-04-25T00:08:37.208 INFO:teuthology.orchestra.run.smithi042.stdout:/usr/bin/ceph: stderr
2024-04-25T00:08:36.548+0000 7fe633000700 1 --2- 172.21.15.42:0/2590671959 >> [v2:172.21.15.42:3300/0,v1:172.21.15.42:6789/0] conn(0x7fe62c07ddb0 0x7fe62c19dda0 secure :-1 s=READY pgs=79 cs=0 l=1 rev1=1 crypto rx=0x7fe6200116a0 tx=0x7fe620011ba0 comp rx=0 tx=0).stop
2024-04-25T00:08:37.208 INFO:teuthology.orchestra.run.smithi042.stdout:/usr/bin/ceph: stderr
2024-04-25T00:08:36.548+0000 7fe633000700 1 -- 172.21.15.42:0/2590671959 shutdown_connections
2024-04-25T00:08:37.208 INFO:teuthology.orchestra.run.smithi042.stdout:/usr/bin/ceph: stderr
2024-04-25T00:08:36.549+0000 7fe633000700 1 --2- 172.21.15.42:0/2590671959 >> [v2:172.21.15.42:6800/384891702,v1:172.21.15.42:6801/384891702] conn(0x7fe614039150 0x7fe61403b610 unknown :-1 s=CLOSED pgs=11 cs=0 l=1 rev1=1 crypto rx=0 tx=0 comp rx=0 tx=0).stop
2024-04-25T00:08:37.208 INFO:teuthology.orchestra.run.smithi042.stdout:/usr/bin/ceph: stderr
2024-04-25T00:08:36.549+0000 7fe633000700 1 --2- 172.21.15.42:0/2590671959 >> [v2:172.21.15.42:3300/0,v1:172.21.15.42:6789/0] conn(0x7fe62c07ddb0 0x7fe62c19dda0 unknown :-1 s=CLOSED pgs=79 cs=0 l=1 rev1=1 crypto rx=0 tx=0 comp rx=0 tx=0).stop
2024-04-25T00:08:37.208 INFO:teuthology.orchestra.run.smithi042.stdout:/usr/bin/ceph: stderr
2024-04-25T00:08:36.549+0000 7fe633000700 1 -- 172.21.15.42:0/2590671959 >> 172.21.15.42:0/2590671959 conn(0x7fe62c103280 msgr2=0x7fe62c103de0 unknown :-1 s=STATE_NONE l=0).mark_down
2024-04-25T00:08:37.208 INFO:teuthology.orchestra.run.smithi042.stdout:/usr/bin/ceph: stderr
2024-04-25T00:08:36.549+0000 7fe633000700 1 -- 172.21.15.42:0/2590671959 shutdown_connections
2024-04-25T00:08:37.208 INFO:teuthology.orchestra.run.smithi042.stdout:/usr/bin/ceph: stderr
2024-04-25T00:08:36.549+0000 7fe633000700 1 -- 172.21.15.42:0/2590671959 wait complete.
2024-04-25T00:08:37.208 INFO:teuthology.orchestra.run.smithi042.stdout:/usr/bin/ceph: stderr set mgr/dashboard/cluster/status
2024-04-25T00:08:37.208 INFO:teuthology.orchestra.run.smithi042.stdout:You can access the Ceph CLI as following in case of multi-cluster or non-default config:
2024-04-25T00:08:37.208 INFO:teuthology.orchestra.run.smithi042.stdout:
2024-04-25T00:08:37.208 INFO:teuthology.orchestra.run.smithi042.stdout: sudo /home/ubuntu/cephtest/cephadm shell --fsid 9d95543e-0297-11ef-bc93-c7b262605968 -c /etc/ceph/ceph.conf -k /etc/ceph/ceph.client.admin.keyring
2024-04-25T00:08:37.208 INFO:teuthology.orchestra.run.smithi042.stdout:
2024-04-25T00:08:37.209 INFO:teuthology.orchestra.run.smithi042.stdout:Or, if you are only running a single cluster on this host:
2024-04-25T00:08:37.209 INFO:teuthology.orchestra.run.smithi042.stdout:
2024-04-25T00:08:37.209 INFO:teuthology.orchestra.run.smithi042.stdout: sudo /home/ubuntu/cephtest/cephadm shell
2024-04-25T00:08:37.209 INFO:teuthology.orchestra.run.smithi042.stdout:
2024-04-25T00:08:37.209 INFO:teuthology.orchestra.run.smithi042.stdout:Please consider enabling telemetry to help improve Ceph:
2024-04-25T00:08:37.209 INFO:teuthology.orchestra.run.smithi042.stdout:
2024-04-25T00:08:37.209 INFO:teuthology.orchestra.run.smithi042.stdout: ceph telemetry on
2024-04-25T00:08:37.209 INFO:teuthology.orchestra.run.smithi042.stdout:
2024-04-25T00:08:37.209 INFO:teuthology.orchestra.run.smithi042.stdout:For more information see:
2024-04-25T00:08:37.209 INFO:teuthology.orchestra.run.smithi042.stdout:
2024-04-25T00:08:37.209 INFO:teuthology.orchestra.run.smithi042.stdout: https://docs.ceph.com/en/latest/mgr/telemetry/
2024-04-25T00:08:37.209 INFO:teuthology.orchestra.run.smithi042.stdout:
2024-04-25T00:08:37.209 INFO:teuthology.orchestra.run.smithi042.stdout:Bootstrap complete.
2024-04-25T00:08:37.291 INFO:tasks.cephadm:Fetching config...
2024-04-25T00:08:37.291 DEBUG:teuthology.orchestra.run.smithi042:> set -ex
2024-04-25T00:08:37.291 DEBUG:teuthology.orchestra.run.smithi042:> dd if=/etc/ceph/ceph.conf of=/dev/stdout
2024-04-25T00:08:37.338 INFO:tasks.cephadm:Fetching client.admin keyring...
2024-04-25T00:08:37.338 DEBUG:teuthology.orchestra.run.smithi042:> set -ex
2024-04-25T00:08:37.338 DEBUG:teuthology.orchestra.run.smithi042:> dd if=/etc/ceph/ceph.client.admin.keyring of=/dev/stdout
2024-04-25T00:08:37.423 INFO:tasks.cephadm:Fetching mon keyring...
2024-04-25T00:08:37.424 DEBUG:teuthology.orchestra.run.smithi042:> set -ex
2024-04-25T00:08:37.424 DEBUG:teuthology.orchestra.run.smithi042:> sudo dd if=/var/lib/ceph/9d95543e-0297-11ef-bc93-c7b262605968/mon.a/keyring of=/dev/stdout
2024-04-25T00:08:37.545 INFO:tasks.cephadm:Fetching pub ssh key...
2024-04-25T00:08:37.545 DEBUG:teuthology.orchestra.run.smithi042:> set -ex
2024-04-25T00:08:37.545 DEBUG:teuthology.orchestra.run.smithi042:> dd if=/home/ubuntu/cephtest/ceph.pub of=/dev/stdout
2024-04-25T00:08:37.597 INFO:tasks.cephadm:Installing pub ssh key for root users...
2024-04-25T00:08:37.597 DEBUG:teuthology.orchestra.run.smithi042:> sudo install -d -m 0700 /root/.ssh && echo 'ssh-rsa AAAAB3NzaC1yc2EAAAADAQABAAABgQC+yawZQKu9a1Cm8B8jvCDmyu2MGQW6dQo/CDvsUxQj22oemCgo1KT7tAhV2mwkg/vjbKju7SObWxZD/ltKmALJx1zTa7sRknntm3UCyPclw/YW3deEH8gsyqmpUoLgyW2GLOjoI30tUJdfJUVTzsbZ+CubiLwLBh1cpy7dgdkuQMYPtK5Xv83bpdZAZ/YNuulNbeQtkPdiUvKbKLYrVHIMM5pYIUUXUwaYmDqIONVB4u/eedw3WJjLtjeLaoWSH5SagJRrZAGTU6W1D0EmTAPF/PJUhf2TXx8e5dTA0tgF/R3u67ypftYOZ5pIVEBmoaQ5Q72AhM7p6J+/GsbSKkSlKG48RwdlrperUO9UBkwLp1k5953oOIjplSipDcR53c6T2AXMfMzXdyVMyKTDmFRGnFF/Ys2QPxvfFrQjGEYEvrsxiiztb2/MTyko9HJNel8XZgnNXLe5lMAZOJv7FEqsJ26k6S+vlNd3RTrtluJVJw9bdOOeFhuRAOUq8CqaH3E= ceph-9d95543e-0297-11ef-bc93-c7b262605968' | sudo tee -a /root/.ssh/authorized_keys && sudo chmod 0600 /root/.ssh/authorized_keys
