2024-04-25T00:07:58.881 INFO:teuthology.orchestra.run.smithi042.stdout:/usr/bin/ceph: stdout ssh-rsa AAAAB3NzaC1yc2EAAAADAQABAAABgQC+yawZQKu9a1Cm8B8jvCDmyu2MGQW6dQo/CDvsUxQj22oemCgo1KT7tAhV2mwkg/vjbKju7SObWxZD/ltKmALJx1zTa7sRknntm3UCyPclw/YW3deEH8gsyqmpUoLgyW2GLOjoI30tUJdfJUVTzsbZ+CubiLwLBh1cpy7dgdkuQMYPtK5Xv83bpdZAZ/YNuulNbeQtkPdiUvKbKLYrVHIMM5pYIUUXUwaYmDqIONVB4u/eedw3WJjLtjeLaoWSH5SagJRrZAGTU6W1D0EmTAPF/PJUhf2TXx8e5dTA0tgF/R3u67ypftYOZ5pIVEBmoaQ5Q72AhM7p6J+/GsbSKkSlKG48RwdlrperUO9UBkwLp1k5953oOIjplSipDcR53c6T2AXMfMzXdyVMyKTDmFRGnFF/Ys2QPxvfFrQjGEYEvrsxiiztb2/MTyko9HJNel8XZgnNXLe5lMAZOJv7FEqsJ26k6S+vlNd3RTrtluJVJw9bdOOeFhuRAOUq8CqaH3E= ceph-9d95543e-0297-11ef-bc93-c7b262605968
2024-04-25T00:07:58.888 INFO:teuthology.orchestra.run.smithi042.stdout:/usr/bin/ceph: stderr
2024-04-25T00:07:57.911+0000 7f1540600700 1 Processor -- start
2024-04-25T00:07:58.889 INFO:teuthology.orchestra.run.smithi042.stdout:/usr/bin/ceph: stderr
2024-04-25T00:07:57.912+0000 7f1540600700 1 -- start start
2024-04-25T00:07:58.889 INFO:teuthology.orchestra.run.smithi042.stdout:/usr/bin/ceph: stderr
2024-04-25T00:07:57.912+0000 7f1540600700 1 --2- >> [v2:172.21.15.42:3300/0,v1:172.21.15.42:6789/0] conn(0x7f1538107db0 0x7f15381081d0 unknown :-1 s=NONE pgs=0 cs=0 l=0 rev1=0 crypto rx=0 tx=0 comp rx=0 tx=0).connect
2024-04-25T00:07:58.889 INFO:teuthology.orchestra.run.smithi042.stdout:/usr/bin/ceph: stderr
2024-04-25T00:07:57.912+0000 7f1540600700 1 -- --> [v2:172.21.15.42:3300/0,v1:172.21.15.42:6789/0] -- mon_getmap magic: 0 -- 0x7f15381087a0 con 0x7f1538107db0
2024-04-25T00:07:58.889 INFO:teuthology.orchestra.run.smithi042.stdout:/usr/bin/ceph: stderr
2024-04-25T00:07:57.913+0000 7f153dc00700 1 --2- >> [v2:172.21.15.42:3300/0,v1:172.21.15.42:6789/0] conn(0x7f1538107db0 0x7f15381081d0 unknown :-1 s=BANNER_CONNECTING pgs=0 cs=0 l=0 rev1=0 crypto rx=0 tx=0 comp rx=0 tx=0)._handle_peer_banner_payload supported=3 required=0
2024-04-25T00:07:58.889 INFO:teuthology.orchestra.run.smithi042.stdout:/usr/bin/ceph: stderr
2024-04-25T00:07:57.913+0000 7f153dc00700 1 --2- >> [v2:172.21.15.42:3300/0,v1:172.21.15.42:6789/0] conn(0x7f1538107db0 0x7f15381081d0 unknown :-1 s=HELLO_CONNECTING pgs=0 cs=0 l=0 rev1=1 crypto rx=0 tx=0 comp rx=0 tx=0).handle_hello peer v2:172.21.15.42:3300/0 says I am v2:172.21.15.42:34594/0 (socket says 172.21.15.42:34594)
2024-04-25T00:07:58.889 INFO:teuthology.orchestra.run.smithi042.stdout:/usr/bin/ceph: stderr
2024-04-25T00:07:57.913+0000 7f153dc00700 1 -- 172.21.15.42:0/3787429934 learned_addr learned my addr 172.21.15.42:0/3787429934 (peer_addr_for_me v2:172.21.15.42:0/0)
2024-04-25T00:07:58.889 INFO:teuthology.orchestra.run.smithi042.stdout:/usr/bin/ceph: stderr
2024-04-25T00:07:57.913+0000 7f153dc00700 1 -- 172.21.15.42:0/3787429934 --> [v2:172.21.15.42:3300/0,v1:172.21.15.42:6789/0] -- mon_subscribe({config=0+,monmap=0+}) -- 0x7f1538108f60 con 0x7f1538107db0
2024-04-25T00:07:58.890 INFO:teuthology.orchestra.run.smithi042.stdout:/usr/bin/ceph: stderr
2024-04-25T00:07:57.914+0000 7f153dc00700 1 --2- 172.21.15.42:0/3787429934 >> [v2:172.21.15.42:3300/0,v1:172.21.15.42:6789/0] conn(0x7f1538107db0 0x7f15381081d0 secure :-1 s=READY pgs=43 cs=0 l=1 rev1=1 crypto rx=0x7f152c009e80 tx=0x7f152c00b330 comp rx=0 tx=0).ready entity=mon.0 client_cookie=e5e76db8e20edeca server_cookie=0 in_seq=0 out_seq=0
2024-04-25T00:07:58.890 INFO:teuthology.orchestra.run.smithi042.stdout:/usr/bin/ceph: stderr
2024-04-25T00:07:57.914+0000 7f1537e00700 1 -- 172.21.15.42:0/3787429934 <== mon.0 v2:172.21.15.42:3300/0 1 ==== mon_map magic: 0 ==== 205+0+0 (secure 0 0 0) 0x7f152c017070 con 0x7f1538107db0
2024-04-25T00:07:58.890 INFO:teuthology.orchestra.run.smithi042.stdout:/usr/bin/ceph: stderr
2024-04-25T00:07:57.914+0000 7f1537e00700 1 -- 172.21.15.42:0/3787429934 <== mon.0 v2:172.21.15.42:3300/0 2 ==== config(27 keys) ==== 1109+0+0 (secure 0 0 0) 0x7f152c00b8c0 con 0x7f1538107db0
2024-04-25T00:07:58.890 INFO:teuthology.orchestra.run.smithi042.stdout:/usr/bin/ceph: stderr
2024-04-25T00:07:57.914+0000 7f1537e00700 1 -- 172.21.15.42:0/3787429934 <== mon.0 v2:172.21.15.42:3300/0 3 ==== mon_map magic: 0 ==== 205+0+0 (secure 0 0 0) 0x7f152c0045c0 con 0x7f1538107db0
2024-04-25T00:07:58.890 INFO:teuthology.orchestra.run.smithi042.stdout:/usr/bin/ceph: stderr
2024-04-25T00:07:57.914+0000 7f1540600700 1 -- 172.21.15.42:0/3787429934 >> [v2:172.21.15.42:3300/0,v1:172.21.15.42:6789/0] conn(0x7f1538107db0 msgr2=0x7f15381081d0 secure :-1 s=STATE_CONNECTION_ESTABLISHED l=1).mark_down
2024-04-25T00:07:58.890 INFO:teuthology.orchestra.run.smithi042.stdout:/usr/bin/ceph: stderr
2024-04-25T00:07:57.915+0000 7f1540600700 1 --2- 172.21.15.42:0/3787429934 >> [v2:172.21.15.42:3300/0,v1:172.21.15.42:6789/0] conn(0x7f1538107db0 0x7f15381081d0 secure :-1 s=READY pgs=43 cs=0 l=1 rev1=1 crypto rx=0x7f152c009e80 tx=0x7f152c00b330 comp rx=0 tx=0).stop
2024-04-25T00:07:58.890 INFO:teuthology.orchestra.run.smithi042.stdout:/usr/bin/ceph: stderr
2024-04-25T00:07:57.915+0000 7f1540600700 1 -- 172.21.15.42:0/3787429934 shutdown_connections
2024-04-25T00:07:58.890 INFO:teuthology.orchestra.run.smithi042.stdout:/usr/bin/ceph: stderr
2024-04-25T00:07:57.915+0000 7f1540600700 1 --2- 172.21.15.42:0/3787429934 >> [v2:172.21.15.42:3300/0,v1:172.21.15.42:6789/0] conn(0x7f1538107db0 0x7f15381081d0 unknown :-1 s=CLOSED pgs=43 cs=0 l=1 rev1=1 crypto rx=0 tx=0 comp rx=0 tx=0).stop
2024-04-25T00:07:58.891 INFO:teuthology.orchestra.run.smithi042.stdout:/usr/bin/ceph: stderr
2024-04-25T00:07:57.915+0000 7f1540600700 1 -- 172.21.15.42:0/3787429934 >> 172.21.15.42:0/3787429934 conn(0x7f1538103370 msgr2=0x7f1538105790 unknown :-1 s=STATE_NONE l=0).mark_down
2024-04-25T00:07:58.891 INFO:teuthology.orchestra.run.smithi042.stdout:/usr/bin/ceph: stderr
2024-04-25T00:07:57.915+0000 7f1540600700 1 -- 172.21.15.42:0/3787429934 shutdown_connections
2024-04-25T00:07:58.891 INFO:teuthology.orchestra.run.smithi042.stdout:/usr/bin/ceph: stderr
2024-04-25T00:07:57.915+0000 7f1540600700 1 -- 172.21.15.42:0/3787429934 wait complete.
2024-04-25T00:07:58.891 INFO:teuthology.orchestra.run.smithi042.stdout:/usr/bin/ceph: stderr
2024-04-25T00:07:57.916+0000 7f1540600700 1 Processor -- start
2024-04-25T00:07:58.891 INFO:teuthology.orchestra.run.smithi042.stdout:/usr/bin/ceph: stderr
2024-04-25T00:07:57.917+0000 7f1540600700 1 -- start start
2024-04-25T00:07:58.891 INFO:teuthology.orchestra.run.smithi042.stdout:/usr/bin/ceph: stderr
2024-04-25T00:07:57.917+0000 7f1540600700 1 --2- >> [v2:172.21.15.42:3300/0,v1:172.21.15.42:6789/0] conn(0x7f1538107db0 0x7f153819bdb0 unknown :-1 s=NONE pgs=0 cs=0 l=1 rev1=0 crypto rx=0 tx=0 comp rx=0 tx=0).connect
2024-04-25T00:07:58.891 INFO:teuthology.orchestra.run.smithi042.stdout:/usr/bin/ceph: stderr
2024-04-25T00:07:57.917+0000 7f1540600700 1 -- --> [v2:172.21.15.42:3300/0,v1:172.21.15.42:6789/0] -- mon_getmap magic: 0 -- 0x7f153810c310 con 0x7f1538107db0
2024-04-25T00:07:58.891 INFO:teuthology.orchestra.run.smithi042.stdout:/usr/bin/ceph: stderr
2024-04-25T00:07:57.917+0000 7f153dc00700 1 --2- >> [v2:172.21.15.42:3300/0,v1:172.21.15.42:6789/0] conn(0x7f1538107db0 0x7f153819bdb0 unknown :-1 s=BANNER_CONNECTING pgs=0 cs=0 l=1 rev1=0 crypto rx=0 tx=0 comp rx=0 tx=0)._handle_peer_banner_payload supported=3 required=0
2024-04-25T00:07:58.892 INFO:teuthology.orchestra.run.smithi042.stdout:/usr/bin/ceph: stderr
2024-04-25T00:07:57.917+0000 7f153dc00700 1 --2- >> [v2:172.21.15.42:3300/0,v1:172.21.15.42:6789/0] conn(0x7f1538107db0 0x7f153819bdb0 unknown :-1 s=HELLO_CONNECTING pgs=0 cs=0 l=1 rev1=1 crypto rx=0 tx=0 comp rx=0 tx=0).handle_hello peer v2:172.21.15.42:3300/0 says I am v2:172.21.15.42:34606/0 (socket says 172.21.15.42:34606)
2024-04-25T00:07:58.892 INFO:teuthology.orchestra.run.smithi042.stdout:/usr/bin/ceph: stderr
2024-04-25T00:07:57.917+0000 7f153dc00700 1 -- 172.21.15.42:0/2801107809 learned_addr learned my addr 172.21.15.42:0/2801107809 (peer_addr_for_me v2:172.21.15.42:0/0)
2024-04-25T00:07:58.892 INFO:teuthology.orchestra.run.smithi042.stdout:/usr/bin/ceph: stderr
2024-04-25T00:07:57.918+0000 7f153dc00700 1 -- 172.21.15.42:0/2801107809 --> [v2:172.21.15.42:3300/0,v1:172.21.15.42:6789/0] -- mon_subscribe({config=0+,monmap=0+}) -- 0x7f153819c2f0 con 0x7f1538107db0
2024-04-25T00:07:58.892 INFO:teuthology.orchestra.run.smithi042.stdout:/usr/bin/ceph: stderr
2024-04-25T00:07:57.918+0000 7f153dc00700 1 --2- 172.21.15.42:0/2801107809 >> [v2:172.21.15.42:3300/0,v1:172.21.15.42:6789/0] conn(0x7f1538107db0 0x7f153819bdb0 secure :-1 s=READY pgs=44 cs=0 l=1 rev1=1 crypto rx=0x7f152c009e50 tx=0x7f152c00bd30 comp rx=0 tx=0).ready entity=mon.0 client_cookie=0 server_cookie=0 in_seq=0 out_seq=0
2024-04-25T00:07:58.892 INFO:teuthology.orchestra.run.smithi042.stdout:/usr/bin/ceph: stderr
2024-04-25T00:07:57.918+0000 7f1536000700 1 -- 172.21.15.42:0/2801107809 <== mon.0 v2:172.21.15.42:3300/0 1 ==== mon_map magic: 0 ==== 205+0+0 (secure 0 0 0) 0x7f152c020020 con 0x7f1538107db0
2024-04-25T00:07:58.892 INFO:teuthology.orchestra.run.smithi042.stdout:/usr/bin/ceph: stderr
2024-04-25T00:07:57.918+0000 7f1536000700 1 -- 172.21.15.42:0/2801107809 <== mon.0 v2:172.21.15.42:3300/0 2 ==== config(27 keys) ==== 1109+0+0 (secure 0 0 0) 0x7f152c003b50 con 0x7f1538107db0
2024-04-25T00:07:58.892 INFO:teuthology.orchestra.run.smithi042.stdout:/usr/bin/ceph: stderr
2024-04-25T00:07:57.918+0000 7f1536000700 1 -- 172.21.15.42:0/2801107809 <== mon.0 v2:172.21.15.42:3300/0 3 ==== mon_map magic: 0 ==== 205+0+0 (secure 0 0 0) 0x7f152c017040 con 0x7f1538107db0
2024-04-25T00:07:58.892 INFO:teuthology.orchestra.run.smithi042.stdout:/usr/bin/ceph: stderr
2024-04-25T00:07:57.918+0000 7f1540600700 1 -- 172.21.15.42:0/2801107809 --> [v2:172.21.15.42:3300/0,v1:172.21.15.42:6789/0] -- mon_subscribe({mgrmap=0+}) -- 0x7f153819c580 con 0x7f1538107db0
2024-04-25T00:07:58.892 INFO:teuthology.orchestra.run.smithi042.stdout:/usr/bin/ceph: stderr
2024-04-25T00:07:57.919+0000 7f1540600700 1 -- 172.21.15.42:0/2801107809 --> [v2:172.21.15.42:3300/0,v1:172.21.15.42:6789/0] -- mon_subscribe({osdmap=0}) -- 0x7f153819f270 con 0x7f1538107db0
2024-04-25T00:07:58.892 INFO:teuthology.orchestra.run.smithi042.stdout:/usr/bin/ceph: stderr
2024-04-25T00:07:57.920+0000 7f1536000700 1 -- 172.21.15.42:0/2801107809 <== mon.0 v2:172.21.15.42:3300/0 4 ==== mgrmap(e 8) ==== 46287+0+0 (secure 0 0 0) 0x7f152c023020 con 0x7f1538107db0
2024-04-25T00:07:58.892 INFO:teuthology.orchestra.run.smithi042.stdout:/usr/bin/ceph: stderr
2024-04-25T00:07:57.920+0000 7f1540600700 1 -- 172.21.15.42:0/2801107809 --> [v2:172.21.15.42:3300/0,v1:172.21.15.42:6789/0] -- mon_command({"prefix": "get_command_descriptions"} v 0) -- 0x7f1538063890 con 0x7f1538107db0
2024-04-25T00:07:58.893 INFO:teuthology.orchestra.run.smithi042.stdout:/usr/bin/ceph: stderr
2024-04-25T00:07:57.920+0000 7f1536000700 1 --2- 172.21.15.42:0/2801107809 >> [v2:172.21.15.42:6800/3681869279,v1:172.21.15.42:6801/3681869279] conn(0x7f1520039050 0x7f152003b510 unknown :-1 s=NONE pgs=0 cs=0 l=1 rev1=0 crypto rx=0 tx=0 comp rx=0 tx=0).connect
2024-04-25T00:07:58.893 INFO:teuthology.orchestra.run.smithi042.stdout:/usr/bin/ceph: stderr
2024-04-25T00:07:57.921+0000 7f1536000700 1 -- 172.21.15.42:0/2801107809 <== mon.0 v2:172.21.15.42:3300/0 5 ==== osd_map(2..2 src has 1..2) ==== 940+0+0 (secure 0 0 0) 0x7f152c00f050 con 0x7f1538107db0
2024-04-25T00:07:58.893 INFO:teuthology.orchestra.run.smithi042.stdout:/usr/bin/ceph: stderr
2024-04-25T00:07:57.921+0000 7f153d200700 1 --2- 172.21.15.42:0/2801107809 >> [v2:172.21.15.42:6800/3681869279,v1:172.21.15.42:6801/3681869279] conn(0x7f1520039050 0x7f152003b510 unknown :-1 s=BANNER_CONNECTING pgs=0 cs=0 l=1 rev1=0 crypto rx=0 tx=0 comp rx=0 tx=0)._handle_peer_banner_payload supported=3 required=0
2024-04-25T00:07:58.893 INFO:teuthology.orchestra.run.smithi042.stdout:/usr/bin/ceph: stderr
2024-04-25T00:07:57.922+0000 7f153d200700 1 --2- 172.21.15.42:0/2801107809 >> [v2:172.21.15.42:6800/3681869279,v1:172.21.15.42:6801/3681869279] conn(0x7f1520039050 0x7f152003b510 secure :-1 s=READY pgs=10 cs=0 l=1 rev1=1 crypto rx=0x7f1524006fd0 tx=0x7f1524006e40 comp rx=0 tx=0).ready entity=mgr.14120 client_cookie=0 server_cookie=0 in_seq=0 out_seq=0
2024-04-25T00:07:58.893 INFO:teuthology.orchestra.run.smithi042.stdout:/usr/bin/ceph: stderr
2024-04-25T00:07:57.926+0000 7f1536000700 1 -- 172.21.15.42:0/2801107809 <== mon.0 v2:172.21.15.42:3300/0 6 ==== mon_command_ack([{"prefix": "get_command_descriptions"}]=0 v0) ==== 72+0+186147 (secure 0 0 0) 0x7f152c02a020 con 0x7f1538107db0
2024-04-25T00:07:58.893 INFO:teuthology.orchestra.run.smithi042.stdout:/usr/bin/ceph: stderr
2024-04-25T00:07:58.156+0000 7f1540600700 1 -- 172.21.15.42:0/2801107809 --> [v2:172.21.15.42:6800/3681869279,v1:172.21.15.42:6801/3681869279] -- mgr_command(tid 0: {"prefix": "cephadm get-pub-key", "target": ["mon-mgr", ""]}) -- 0x7f15381045b0 con 0x7f1520039050
2024-04-25T00:07:58.893 INFO:teuthology.orchestra.run.smithi042.stdout:/usr/bin/ceph: stderr
2024-04-25T00:07:58.158+0000 7f1536000700 1 -- 172.21.15.42:0/2801107809 <== mgr.14120 v2:172.21.15.42:6800/3681869279 1 ==== mgr_command_reply(tid 0: 0 ) ==== 8+0+595 (secure 0 0 0) 0x7f15381045b0 con 0x7f1520039050
2024-04-25T00:07:58.893 INFO:teuthology.orchestra.run.smithi042.stdout:/usr/bin/ceph: stderr
2024-04-25T00:07:58.161+0000 7f1540600700 1 -- 172.21.15.42:0/2801107809 >> [v2:172.21.15.42:6800/3681869279,v1:172.21.15.42:6801/3681869279] conn(0x7f1520039050 msgr2=0x7f152003b510 secure :-1 s=STATE_CONNECTION_ESTABLISHED l=1).mark_down
2024-04-25T00:07:58.893 INFO:teuthology.orchestra.run.smithi042.stdout:/usr/bin/ceph: stderr
2024-04-25T00:07:58.161+0000 7f1540600700 1 --2- 172.21.15.42:0/2801107809 >> [v2:172.21.15.42:6800/3681869279,v1:172.21.15.42:6801/3681869279] conn(0x7f1520039050 0x7f152003b510 secure :-1 s=READY pgs=10 cs=0 l=1 rev1=1 crypto rx=0x7f1524006fd0 tx=0x7f1524006e40 comp rx=0 tx=0).stop
2024-04-25T00:07:58.893 INFO:teuthology.orchestra.run.smithi042.stdout:/usr/bin/ceph: stderr
2024-04-25T00:07:58.161+0000 7f1540600700 1 -- 172.21.15.42:0/2801107809 >> [v2:172.21.15.42:3300/0,v1:172.21.15.42:6789/0] conn(0x7f1538107db0 msgr2=0x7f153819bdb0 secure :-1 s=STATE_CONNECTION_ESTABLISHED l=1).mark_down
2024-04-25T00:07:58.893 INFO:teuthology.orchestra.run.smithi042.stdout:/usr/bin/ceph: stderr
2024-04-25T00:07:58.161+0000 7f1540600700 1 --2- 172.21.15.42:0/2801107809 >> [v2:172.21.15.42:3300/0,v1:172.21.15.42:6789/0] conn(0x7f1538107db0 0x7f153819bdb0 secure :-1 s=READY pgs=44 cs=0 l=1 rev1=1 crypto rx=0x7f152c009e50 tx=0x7f152c00bd30 comp rx=0 tx=0).stop
2024-04-25T00:07:58.894 INFO:teuthology.orchestra.run.smithi042.stdout:/usr/bin/ceph: stderr
2024-04-25T00:07:58.161+0000 7f1540600700 1 -- 172.21.15.42:0/2801107809 shutdown_connections
2024-04-25T00:07:58.894 INFO:teuthology.orchestra.run.smithi042.stdout:/usr/bin/ceph: stderr
2024-04-25T00:07:58.161+0000 7f1540600700 1 --2- 172.21.15.42:0/2801107809 >> [v2:172.21.15.42:6800/3681869279,v1:172.21.15.42:6801/3681869279] conn(0x7f1520039050 0x7f152003b510 unknown :-1 s=CLOSED pgs=10 cs=0 l=1 rev1=1 crypto rx=0 tx=0 comp rx=0 tx=0).stop
2024-04-25T00:07:58.894 INFO:teuthology.orchestra.run.smithi042.stdout:/usr/bin/ceph: stderr
2024-04-25T00:07:58.161+0000 7f1540600700 1 --2- 172.21.15.42:0/2801107809 >> [v2:172.21.15.42:3300/0,v1:172.21.15.42:6789/0] conn(0x7f1538107db0 0x7f153819bdb0 unknown :-1 s=CLOSED pgs=44 cs=0 l=1 rev1=1 crypto rx=0 tx=0 comp rx=0 tx=0).stop
2024-04-25T00:07:58.894 INFO:teuthology.orchestra.run.smithi042.stdout:/usr/bin/ceph: stderr
2024-04-25T00:07:58.161+0000 7f1540600700 1 -- 172.21.15.42:0/2801107809 >> 172.21.15.42:0/2801107809 conn(0x7f1538103370 msgr2=0x7f1538103ea0 unknown :-1 s=STATE_NONE l=0).mark_down
2024-04-25T00:07:58.894 INFO:teuthology.orchestra.run.smithi042.stdout:/usr/bin/ceph: stderr
2024-04-25T00:07:58.161+0000 7f1540600700 1 -- 172.21.15.42:0/2801107809 shutdown_connections
2024-04-25T00:07:58.894 INFO:teuthology.orchestra.run.smithi042.stdout:/usr/bin/ceph: stderr
2024-04-25T00:07:58.161+0000 7f1540600700 1 -- 172.21.15.42:0/2801107809 wait complete.
2024-04-25T00:07:58.895 INFO:teuthology.orchestra.run.smithi042.stdout:Wrote public SSH key to /home/ubuntu/cephtest/ceph.pub
2024-04-25T00:07:58.896 INFO:teuthology.orchestra.run.smithi042.stdout:Adding key to root@localhost authorized_keys...
2024-04-25T00:07:58.896 INFO:teuthology.orchestra.run.smithi042.stdout:Adding host smithi042...
2024-04-25T00:08:00.730 INFO:journalctl@ceph.mon.a.smithi042.stdout:Apr 25 00:08:00 smithi042 ceph-mon[28130]: from='client.14140 -' entity='client.admin' cmd=[{"prefix": "orch host add", "hostname": "smithi042", "addr": "172.21.15.42", "target": ["mon-mgr", ""]}]: dispatch
2024-04-25T00:08:01.626 INFO:journalctl@ceph.mon.a.smithi042.stdout:Apr 25 00:08:01 smithi042 ceph-mon[28130]: Deploying cephadm binary to smithi042
2024-04-25T00:08:06.769 INFO:teuthology.orchestra.run.smithi042.stdout:/usr/bin/ceph: stdout Added host 'smithi042' with addr '172.21.15.42'
2024-04-25T00:08:06.769 INFO:teuthology.orchestra.run.smithi042.stdout:/usr/bin/ceph: stderr
2024-04-25T00:07:59.504+0000 7f8ffca00700 1 Processor -- start
2024-04-25T00:08:06.770 INFO:teuthology.orchestra.run.smithi042.stdout:/usr/bin/ceph: stderr
2024-04-25T00:07:59.504+0000 7f8ffca00700 1 -- start start
2024-04-25T00:08:06.770 INFO:teuthology.orchestra.run.smithi042.stdout:/usr/bin/ceph: stderr
2024-04-25T00:07:59.505+0000 7f8ffca00700 1 --2- >> [v2:172.21.15.42:3300/0,v1:172.21.15.42:6789/0] conn(0x7f8ff8107de0 0x7f8ff8108200 unknown :-1 s=NONE pgs=0 cs=0 l=0 rev1=0 crypto rx=0 tx=0 comp rx=0 tx=0).connect
2024-04-25T00:08:06.770 INFO:teuthology.orchestra.run.smithi042.stdout:/usr/bin/ceph: stderr
2024-04-25T00:07:59.505+0000 7f8ffca00700 1 -- --> [v2:172.21.15.42:3300/0,v1:172.21.15.42:6789/0] -- mon_getmap magic: 0 -- 0x7f8ff8108740 con 0x7f8ff8107de0
2024-04-25T00:08:06.770 INFO:teuthology.orchestra.run.smithi042.stdout:/usr/bin/ceph: stderr
2024-04-25T00:07:59.505+0000 7f8ff5e00700 1 --2- >> [v2:172.21.15.42:3300/0,v1:172.21.15.42:6789/0] conn(0x7f8ff8107de0 0x7f8ff8108200 unknown :-1 s=BANNER_CONNECTING pgs=0 cs=0 l=0 rev1=0 crypto rx=0 tx=0 comp rx=0 tx=0)._handle_peer_banner_payload supported=3 required=0
2024-04-25T00:08:06.770 INFO:teuthology.orchestra.run.smithi042.stdout:/usr/bin/ceph: stderr
2024-04-25T00:07:59.505+0000 7f8ff5e00700 1 --2- >> [v2:172.21.15.42:3300/0,v1:172.21.15.42:6789/0] conn(0x7f8ff8107de0 0x7f8ff8108200 unknown :-1 s=HELLO_CONNECTING pgs=0 cs=0 l=0 rev1=1 crypto rx=0 tx=0 comp rx=0 tx=0).handle_hello peer v2:172.21.15.42:3300/0 says I am v2:172.21.15.42:34622/0 (socket says 172.21.15.42:34622)
2024-04-25T00:08:06.771 INFO:teuthology.orchestra.run.smithi042.stdout:/usr/bin/ceph: stderr
2024-04-25T00:07:59.505+0000 7f8ff5e00700 1 -- 172.21.15.42:0/1247518481 learned_addr learned my addr 172.21.15.42:0/1247518481 (peer_addr_for_me v2:172.21.15.42:0/0)
2024-04-25T00:08:06.771 INFO:teuthology.orchestra.run.smithi042.stdout:/usr/bin/ceph: stderr
2024-04-25T00:07:59.506+0000 7f8ff5e00700 1 -- 172.21.15.42:0/1247518481 --> [v2:172.21.15.42:3300/0,v1:172.21.15.42:6789/0] -- mon_subscribe({config=0+,monmap=0+}) -- 0x7f8ff81088c0 con 0x7f8ff8107de0
2024-04-25T00:08:06.771 INFO:teuthology.orchestra.run.smithi042.stdout:/usr/bin/ceph: stderr
2024-04-25T00:07:59.506+0000 7f8ff5e00700 1 --2- 172.21.15.42:0/1247518481 >> [v2:172.21.15.42:3300/0,v1:172.21.15.42:6789/0] conn(0x7f8ff8107de0 0x7f8ff8108200 secure :-1 s=READY pgs=45 cs=0 l=1 rev1=1 crypto rx=0x7f8fe80098a0 tx=0x7f8fe8009bb0 comp rx=0 tx=0).ready entity=mon.0 client_cookie=95af14ebdc53770 server_cookie=0 in_seq=0 out_seq=0
2024-04-25T00:08:06.771 INFO:teuthology.orchestra.run.smithi042.stdout:/usr/bin/ceph: stderr
2024-04-25T00:07:59.506+0000 7f8ff5400700 1 -- 172.21.15.42:0/1247518481 <== mon.0 v2:172.21.15.42:3300/0 1 ==== mon_map magic: 0 ==== 205+0+0 (secure 0 0 0) 0x7f8fe8004160 con 0x7f8ff8107de0
2024-04-25T00:08:06.771 INFO:teuthology.orchestra.run.smithi042.stdout:/usr/bin/ceph: stderr
2024-04-25T00:07:59.506+0000 7f8ff5400700 1 -- 172.21.15.42:0/1247518481 <== mon.0 v2:172.21.15.42:3300/0 2 ==== config(27 keys) ==== 1109+0+0 (secure 0 0 0) 0x7f8fe8004300 con 0x7f8ff8107de0
2024-04-25T00:08:06.771 INFO:teuthology.orchestra.run.smithi042.stdout:/usr/bin/ceph: stderr
2024-04-25T00:07:59.506+0000 7f8ff5400700 1 -- 172.21.15.42:0/1247518481 <== mon.0 v2:172.21.15.42:3300/0 3 ==== mon_map magic: 0 ==== 205+0+0 (secure 0 0 0) 0x7f8fe8011b50 con 0x7f8ff8107de0
2024-04-25T00:08:06.772 INFO:teuthology.orchestra.run.smithi042.stdout:/usr/bin/ceph: stderr
2024-04-25T00:07:59.507+0000 7f8ffca00700 1 -- 172.21.15.42:0/1247518481 >> [v2:172.21.15.42:3300/0,v1:172.21.15.42:6789/0] conn(0x7f8ff8107de0 msgr2=0x7f8ff8108200 secure :-1 s=STATE_CONNECTION_ESTABLISHED l=1).mark_down
2024-04-25T00:08:06.772 INFO:teuthology.orchestra.run.smithi042.stdout:/usr/bin/ceph: stderr
2024-04-25T00:07:59.507+0000 7f8ffca00700 1 --2- 172.21.15.42:0/1247518481 >> [v2:172.21.15.42:3300/0,v1:172.21.15.42:6789/0] conn(0x7f8ff8107de0 0x7f8ff8108200 secure :-1 s=READY pgs=45 cs=0 l=1 rev1=1 crypto rx=0x7f8fe80098a0 tx=0x7f8fe8009bb0 comp rx=0 tx=0).stop
2024-04-25T00:08:06.772 INFO:teuthology.orchestra.run.smithi042.stdout:/usr/bin/ceph: stderr
2024-04-25T00:07:59.507+0000 7f8ffca00700 1 -- 172.21.15.42:0/1247518481 shutdown_connections
2024-04-25T00:08:06.772 INFO:teuthology.orchestra.run.smithi042.stdout:/usr/bin/ceph: stderr
2024-04-25T00:07:59.507+0000 7f8ffca00700 1 --2- 172.21.15.42:0/1247518481 >> [v2:172.21.15.42:3300/0,v1:172.21.15.42:6789/0] conn(0x7f8ff8107de0 0x7f8ff8108200 unknown :-1 s=CLOSED pgs=45 cs=0 l=1 rev1=1 crypto rx=0 tx=0 comp rx=0 tx=0).stop
2024-04-25T00:08:06.772 INFO:teuthology.orchestra.run.smithi042.stdout:/usr/bin/ceph: stderr
2024-04-25T00:07:59.507+0000 7f8ffca00700 1 -- 172.21.15.42:0/1247518481 >> 172.21.15.42:0/1247518481 conn(0x7f8ff8103460 msgr2=0x7f8ff8105880 unknown :-1 s=STATE_NONE l=0).mark_down
2024-04-25T00:08:06.773 INFO:teuthology.orchestra.run.smithi042.stdout:/usr/bin/ceph: stderr
2024-04-25T00:07:59.508+0000 7f8ffca00700 1 -- 172.21.15.42:0/1247518481 shutdown_connections
2024-04-25T00:08:06.773 INFO:teuthology.orchestra.run.smithi042.stdout:/usr/bin/ceph: stderr
2024-04-25T00:07:59.508+0000 7f8ffca00700 1 -- 172.21.15.42:0/1247518481 wait complete.
2024-04-25T00:08:06.773 INFO:teuthology.orchestra.run.smithi042.stdout:/usr/bin/ceph: stderr
2024-04-25T00:07:59.509+0000 7f8ffca00700 1 Processor -- start
2024-04-25T00:08:06.773 INFO:teuthology.orchestra.run.smithi042.stdout:/usr/bin/ceph: stderr
2024-04-25T00:07:59.509+0000 7f8ffca00700 1 -- start start
2024-04-25T00:08:06.773 INFO:teuthology.orchestra.run.smithi042.stdout:/usr/bin/ceph: stderr
2024-04-25T00:07:59.509+0000 7f8ffca00700 1 --2- >> [v2:172.21.15.42:3300/0,v1:172.21.15.42:6789/0] conn(0x7f8ff8107de0 0x7f8ff819df60 unknown :-1 s=NONE pgs=0 cs=0 l=1 rev1=0 crypto rx=0 tx=0 comp rx=0 tx=0).connect
2024-04-25T00:08:06.773 INFO:teuthology.orchestra.run.smithi042.stdout:/usr/bin/ceph: stderr
2024-04-25T00:07:59.509+0000 7f8ffca00700 1 -- --> [v2:172.21.15.42:3300/0,v1:172.21.15.42:6789/0] -- mon_getmap magic: 0 -- 0x7f8ff810c250 con 0x7f8ff8107de0
2024-04-25T00:08:06.774 INFO:teuthology.orchestra.run.smithi042.stdout:/usr/bin/ceph: stderr
2024-04-25T00:07:59.509+0000 7f8ff5e00700 1 --2- >> [v2:172.21.15.42:3300/0,v1:172.21.15.42:6789/0] conn(0x7f8ff8107de0 0x7f8ff819df60 unknown :-1 s=BANNER_CONNECTING pgs=0 cs=0 l=1 rev1=0 crypto rx=0 tx=0 comp rx=0 tx=0)._handle_peer_banner_payload supported=3 required=0
2024-04-25T00:08:06.774 INFO:teuthology.orchestra.run.smithi042.stdout:/usr/bin/ceph: stderr
2024-04-25T00:07:59.509+0000 7f8ff5e00700 1 --2- >> [v2:172.21.15.42:3300/0,v1:172.21.15.42:6789/0] conn(0x7f8ff8107de0 0x7f8ff819df60 unknown :-1 s=HELLO_CONNECTING pgs=0 cs=0 l=1 rev1=1 crypto rx=0 tx=0 comp rx=0 tx=0).handle_hello peer v2:172.21.15.42:3300/0 says I am v2:172.21.15.42:34634/0 (socket says 172.21.15.42:34634)
2024-04-25T00:08:06.774 INFO:teuthology.orchestra.run.smithi042.stdout:/usr/bin/ceph: stderr
2024-04-25T00:07:59.509+0000 7f8ff5e00700 1 -- 172.21.15.42:0/1054470710 learned_addr learned my addr 172.21.15.42:0/1054470710 (peer_addr_for_me v2:172.21.15.42:0/0)
2024-04-25T00:08:06.774 INFO:teuthology.orchestra.run.smithi042.stdout:/usr/bin/ceph: stderr
2024-04-25T00:07:59.510+0000 7f8ff5e00700 1 -- 172.21.15.42:0/1054470710 --> [v2:172.21.15.42:3300/0,v1:172.21.15.42:6789/0] -- mon_subscribe({config=0+,monmap=0+}) -- 0x7f8ff819e4a0 con 0x7f8ff8107de0
2024-04-25T00:08:06.774 INFO:teuthology.orchestra.run.smithi042.stdout:/usr/bin/ceph: stderr
2024-04-25T00:07:59.510+0000 7f8ff5e00700 1 --2- 172.21.15.42:0/1054470710 >> [v2:172.21.15.42:3300/0,v1:172.21.15.42:6789/0] conn(0x7f8ff8107de0 0x7f8ff819df60 secure :-1 s=READY pgs=46 cs=0 l=1 rev1=1 crypto rx=0x7f8fe8011b60 tx=0x7f8fe8011c40 comp rx=0 tx=0).ready entity=mon.0 client_cookie=0 server_cookie=0 in_seq=0 out_seq=0
2024-04-25T00:08:06.774 INFO:teuthology.orchestra.run.smithi042.stdout:/usr/bin/ceph: stderr
2024-04-25T00:07:59.510+0000 7f8feea00700 1 -- 172.21.15.42:0/1054470710 <== mon.0 v2:172.21.15.42:3300/0 1 ==== mon_map magic: 0 ==== 205+0+0 (secure 0 0 0) 0x7f8fe8003b20 con 0x7f8ff8107de0
2024-04-25T00:08:06.775 INFO:teuthology.orchestra.run.smithi042.stdout:/usr/bin/ceph: stderr
2024-04-25T00:07:59.511+0000 7f8feea00700 1 -- 172.21.15.42:0/1054470710 <== mon.0 v2:172.21.15.42:3300/0 2 ==== config(27 keys) ==== 1109+0+0 (secure 0 0 0) 0x7f8fe8003cc0 con 0x7f8ff8107de0
2024-04-25T00:08:06.775 INFO:teuthology.orchestra.run.smithi042.stdout:/usr/bin/ceph: stderr
2024-04-25T00:07:59.511+0000 7f8feea00700 1 -- 172.21.15.42:0/1054470710 <== mon.0 v2:172.21.15.42:3300/0 3 ==== mon_map magic: 0 ==== 205+0+0 (secure 0 0 0) 0x7f8fe8024840 con 0x7f8ff8107de0
2024-04-25T00:08:06.775 INFO:teuthology.orchestra.run.smithi042.stdout:/usr/bin/ceph: stderr
2024-04-25T00:07:59.511+0000 7f8ffca00700 1 -- 172.21.15.42:0/1054470710 --> [v2:172.21.15.42:3300/0,v1:172.21.15.42:6789/0] -- mon_subscribe({mgrmap=0+}) -- 0x7f8ff819e730 con 0x7f8ff8107de0
2024-04-25T00:08:06.775 INFO:teuthology.orchestra.run.smithi042.stdout:/usr/bin/ceph: stderr
2024-04-25T00:07:59.511+0000 7f8ffca00700 1 -- 172.21.15.42:0/1054470710 --> [v2:172.21.15.42:3300/0,v1:172.21.15.42:6789/0] -- mon_subscribe({osdmap=0}) -- 0x7f8ff81a13d0 con 0x7f8ff8107de0
2024-04-25T00:08:06.775 INFO:teuthology.orchestra.run.smithi042.stdout:/usr/bin/ceph: stderr
2024-04-25T00:07:59.512+0000 7f8feea00700 1 -- 172.21.15.42:0/1054470710 <== mon.0 v2:172.21.15.42:3300/0 4 ==== mgrmap(e 8) ==== 46287+0+0 (secure 0 0 0) 0x7f8fe8022020 con 0x7f8ff8107de0
2024-04-25T00:08:06.775 INFO:teuthology.orchestra.run.smithi042.stdout:/usr/bin/ceph: stderr
2024-04-25T00:07:59.512+0000 7f8ffca00700 1 -- 172.21.15.42:0/1054470710 --> [v2:172.21.15.42:3300/0,v1:172.21.15.42:6789/0] -- mon_command({"prefix": "get_command_descriptions"} v 0) -- 0x7f8ff8063890 con 0x7f8ff8107de0
2024-04-25T00:08:06.776 INFO:teuthology.orchestra.run.smithi042.stdout:/usr/bin/ceph: stderr
2024-04-25T00:07:59.512+0000 7f8feea00700 1 --2- 172.21.15.42:0/1054470710 >> [v2:172.21.15.42:6800/3681869279,v1:172.21.15.42:6801/3681869279] conn(0x7f8fdc0390a0 0x7f8fdc03b560 unknown :-1 s=NONE pgs=0 cs=0 l=1 rev1=0 crypto rx=0 tx=0 comp rx=0 tx=0).connect
2024-04-25T00:08:06.776 INFO:teuthology.orchestra.run.smithi042.stdout:/usr/bin/ceph: stderr
2024-04-25T00:07:59.512+0000 7f8feea00700 1 -- 172.21.15.42:0/1054470710 <== mon.0 v2:172.21.15.42:3300/0 5 ==== osd_map(2..2 src has 1..2) ==== 940+0+0 (secure 0 0 0) 0x7f8fe8011e00 con 0x7f8ff8107de0
2024-04-25T00:08:06.776 INFO:teuthology.orchestra.run.smithi042.stdout:/usr/bin/ceph: stderr
2024-04-25T00:07:59.513+0000 7f8fefe00700 1 --2- 172.21.15.42:0/1054470710 >> [v2:172.21.15.42:6800/3681869279,v1:172.21.15.42:6801/3681869279] conn(0x7f8fdc0390a0 0x7f8fdc03b560 unknown :-1 s=BANNER_CONNECTING pgs=0 cs=0 l=1 rev1=0 crypto rx=0 tx=0 comp rx=0 tx=0)._handle_peer_banner_payload supported=3 required=0
2024-04-25T00:08:06.776 INFO:teuthology.orchestra.run.smithi042.stdout:/usr/bin/ceph: stderr
2024-04-25T00:07:59.513+0000 7f8fefe00700 1 --2- 172.21.15.42:0/1054470710 >> [v2:172.21.15.42:6800/3681869279,v1:172.21.15.42:6801/3681869279] conn(0x7f8fdc0390a0 0x7f8fdc03b560 secure :-1 s=READY pgs=11 cs=0 l=1 rev1=1 crypto rx=0x7f8fe0006fd0 tx=0x7f8fe0006e40 comp rx=0 tx=0).ready entity=mgr.14120 client_cookie=0 server_cookie=0 in_seq=0 out_seq=0
2024-04-25T00:08:06.776 INFO:teuthology.orchestra.run.smithi042.stdout:/usr/bin/ceph: stderr
2024-04-25T00:07:59.518+0000 7f8feea00700 1 -- 172.21.15.42:0/1054470710 <== mon.0 v2:172.21.15.42:3300/0 6 ==== mon_command_ack([{"prefix": "get_command_descriptions"}]=0 v0) ==== 72+0+186147 (secure 0 0 0) 0x7f8fe804cb30 con 0x7f8ff8107de0
2024-04-25T00:08:06.776 INFO:teuthology.orchestra.run.smithi042.stdout:/usr/bin/ceph: stderr
2024-04-25T00:07:59.750+0000 7f8ffca00700 1 -- 172.21.15.42:0/1054470710 --> [v2:172.21.15.42:6800/3681869279,v1:172.21.15.42:6801/3681869279] -- mgr_command(tid 0: {"prefix": "orch host add", "hostname": "smithi042", "addr": "172.21.15.42", "target": ["mon-mgr", ""]}) -- 0x7f8ff8104530 con 0x7f8fdc0390a0
2024-04-25T00:08:06.777 INFO:teuthology.orchestra.run.smithi042.stdout:/usr/bin/ceph: stderr
2024-04-25T00:08:06.011+0000 7f8feea00700 1 -- 172.21.15.42:0/1054470710 <== mgr.14120 v2:172.21.15.42:6800/3681869279 1 ==== mgr_command_reply(tid 0: 0 ) ==== 8+0+48 (secure 0 0 0) 0x7f8ff8104530 con 0x7f8fdc0390a0
2024-04-25T00:08:06.777 INFO:teuthology.orchestra.run.smithi042.stdout:/usr/bin/ceph: stderr
2024-04-25T00:08:06.015+0000 7f8ffca00700 1 -- 172.21.15.42:0/1054470710 >> [v2:172.21.15.42:6800/3681869279,v1:172.21.15.42:6801/3681869279] conn(0x7f8fdc0390a0 msgr2=0x7f8fdc03b560 secure :-1 s=STATE_CONNECTION_ESTABLISHED l=1).mark_down
2024-04-25T00:08:06.777 INFO:teuthology.orchestra.run.smithi042.stdout:/usr/bin/ceph: stderr
2024-04-25T00:08:06.015+0000 7f8ffca00700 1 --2- 172.21.15.42:0/1054470710 >> [v2:172.21.15.42:6800/3681869279,v1:172.21.15.42:6801/3681869279] conn(0x7f8fdc0390a0 0x7f8fdc03b560 secure :-1 s=READY pgs=11 cs=0 l=1 rev1=1 crypto rx=0x7f8fe0006fd0 tx=0x7f8fe0006e40 comp rx=0 tx=0).stop
2024-04-25T00:08:06.777 INFO:teuthology.orchestra.run.smithi042.stdout:/usr/bin/ceph: stderr
2024-04-25T00:08:06.015+0000 7f8ffca00700 1 -- 172.21.15.42:0/1054470710 >> [v2:172.21.15.42:3300/0,v1:172.21.15.42:6789/0] conn(0x7f8ff8107de0 msgr2=0x7f8ff819df60 secure :-1 s=STATE_CONNECTION_ESTABLISHED l=1).mark_down
2024-04-25T00:08:06.777 INFO:teuthology.orchestra.run.smithi042.stdout:/usr/bin/ceph: stderr
2024-04-25T00:08:06.015+0000 7f8ffca00700 1 --2- 172.21.15.42:0/1054470710 >> [v2:172.21.15.42:3300/0,v1:172.21.15.42:6789/0] conn(0x7f8ff8107de0 0x7f8ff819df60 secure :-1 s=READY pgs=46 cs=0 l=1 rev1=1 crypto rx=0x7f8fe8011b60 tx=0x7f8fe8011c40 comp rx=0 tx=0).stop
2024-04-25T00:08:06.777 INFO:teuthology.orchestra.run.smithi042.stdout:/usr/bin/ceph: stderr
2024-04-25T00:08:06.015+0000 7f8ffca00700 1 -- 172.21.15.42:0/1054470710 shutdown_connections
2024-04-25T00:08:06.778 INFO:teuthology.orchestra.run.smithi042.stdout:/usr/bin/ceph: stderr
2024-04-25T00:08:06.015+0000 7f8ffca00700 1 --2- 172.21.15.42:0/1054470710 >> [v2:172.21.15.42:6800/3681869279,v1:172.21.15.42:6801/3681869279] conn(0x7f8fdc0390a0 0x7f8fdc03b560 unknown :-1 s=CLOSED pgs=11 cs=0 l=1 rev1=1 crypto rx=0 tx=0 comp rx=0 tx=0).stop
2024-04-25T00:08:06.778 INFO:teuthology.orchestra.run.smithi042.stdout:/usr/bin/ceph: stderr
2024-04-25T00:08:06.015+0000 7f8ffca00700 1 --2- 172.21.15.42:0/1054470710 >> [v2:172.21.15.42:3300/0,v1:172.21.15.42:6789/0] conn(0x7f8ff8107de0 0x7f8ff819df60 unknown :-1 s=CLOSED pgs=46 cs=0 l=1 rev1=1 crypto rx=0 tx=0 comp rx=0 tx=0).stop
2024-04-25T00:08:06.778 INFO:teuthology.orchestra.run.smithi042.stdout:/usr/bin/ceph: stderr
2024-04-25T00:08:06.015+0000 7f8ffca00700 1 -- 172.21.15.42:0/1054470710 >> 172.21.15.42:0/1054470710 conn(0x7f8ff8103460 msgr2=0x7f8ff8103e20 unknown :-1 s=STATE_NONE l=0).mark_down
2024-04-25T00:08:06.778 INFO:teuthology.orchestra.run.smithi042.stdout:/usr/bin/ceph: stderr
2024-04-25T00:08:06.016+0000 7f8ffca00700 1 -- 172.21.15.42:0/1054470710 shutdown_connections
2024-04-25T00:08:06.778 INFO:teuthology.orchestra.run.smithi042.stdout:/usr/bin/ceph: stderr
2024-04-25T00:08:06.016+0000 7f8ffca00700 1 -- 172.21.15.42:0/1054470710 wait complete.
2024-04-25T00:08:06.778 INFO:teuthology.orchestra.run.smithi042.stdout:Deploying unmanaged mon service...
2024-04-25T00:08:07.258 INFO:journalctl@ceph.mon.a.smithi042.stdout:Apr 25 00:08:07 smithi042 ceph-mon[28130]: from='mgr.14120 172.21.15.42:0/1611477143' entity='mgr.x'
2024-04-25T00:08:07.258 INFO:journalctl@ceph.mon.a.smithi042.stdout:Apr 25 00:08:07 smithi042 ceph-mon[28130]: Added host smithi042
2024-04-25T00:08:07.258 INFO:journalctl@ceph.mon.a.smithi042.stdout:Apr 25 00:08:07 smithi042 ceph-mon[28130]: from='mgr.14120 172.21.15.42:0/1611477143' entity='mgr.x' cmd=[{"prefix": "config dump", "format": "json"}]: dispatch
2024-04-25T00:08:08.854 INFO:teuthology.orchestra.run.smithi042.stdout:/usr/bin/ceph: stdout Scheduled mon update...
2024-04-25T00:08:08.854 INFO:teuthology.orchestra.run.smithi042.stdout:/usr/bin/ceph: stderr
2024-04-25T00:08:07.434+0000 7efe35a00700 1 Processor -- start
2024-04-25T00:08:08.854 INFO:teuthology.orchestra.run.smithi042.stdout:/usr/bin/ceph: stderr
2024-04-25T00:08:07.434+0000 7efe35a00700 1 -- start start
2024-04-25T00:08:08.854 INFO:teuthology.orchestra.run.smithi042.stdout:/usr/bin/ceph: stderr
2024-04-25T00:08:07.435+0000 7efe35a00700 1 --2- >> [v2:172.21.15.42:3300/0,v1:172.21.15.42:6789/0] conn(0x7efe30109e20 0x7efe3010a240 unknown :-1 s=NONE pgs=0 cs=0 l=0 rev1=0 crypto rx=0 tx=0 comp rx=0 tx=0).connect
2024-04-25T00:08:08.854 INFO:teuthology.orchestra.run.smithi042.stdout:/usr/bin/ceph: stderr
2024-04-25T00:08:07.435+0000 7efe35a00700 1 -- --> [v2:172.21.15.42:3300/0,v1:172.21.15.42:6789/0] -- mon_getmap magic: 0 -- 0x7efe3010a810 con 0x7efe30109e20
2024-04-25T00:08:08.857 INFO:teuthology.orchestra.run.smithi042.stdout:/usr/bin/ceph: stderr
2024-04-25T00:08:07.435+0000 7efe2fe00700 1 --2- >> [v2:172.21.15.42:3300/0,v1:172.21.15.42:6789/0] conn(0x7efe30109e20 0x7efe3010a240 unknown :-1 s=BANNER_CONNECTING pgs=0 cs=0 l=0 rev1=0 crypto rx=0 tx=0 comp rx=0 tx=0)._handle_peer_banner_payload supported=3 required=0
2024-04-25T00:08:08.857 INFO:teuthology.orchestra.run.smithi042.stdout:/usr/bin/ceph: stderr
2024-04-25T00:08:07.435+0000 7efe2fe00700 1 --2- >> [v2:172.21.15.42:3300/0,v1:172.21.15.42:6789/0] conn(0x7efe30109e20 0x7efe3010a240 unknown :-1 s=HELLO_CONNECTING pgs=0 cs=0 l=0 rev1=1 crypto rx=0 tx=0 comp rx=0 tx=0).handle_hello peer v2:172.21.15.42:3300/0 says I am v2:172.21.15.42:59922/0 (socket says 172.21.15.42:59922)
2024-04-25T00:08:08.857 INFO:teuthology.orchestra.run.smithi042.stdout:/usr/bin/ceph: stderr
2024-04-25T00:08:07.435+0000 7efe2fe00700 1 -- 172.21.15.42:0/1595583738 learned_addr learned my addr 172.21.15.42:0/1595583738 (peer_addr_for_me v2:172.21.15.42:0/0)
2024-04-25T00:08:08.857 INFO:teuthology.orchestra.run.smithi042.stdout:/usr/bin/ceph: stderr
2024-04-25T00:08:07.435+0000 7efe2fe00700 1 -- 172.21.15.42:0/1595583738 --> [v2:172.21.15.42:3300/0,v1:172.21.15.42:6789/0] -- mon_subscribe({config=0+,monmap=0+}) -- 0x7efe3010afd0 con 0x7efe30109e20
2024-04-25T00:08:08.857 INFO:teuthology.orchestra.run.smithi042.stdout:/usr/bin/ceph: stderr
2024-04-25T00:08:07.436+0000 7efe2fe00700 1 --2- 172.21.15.42:0/1595583738 >> [v2:172.21.15.42:3300/0,v1:172.21.15.42:6789/0] conn(0x7efe30109e20 0x7efe3010a240 secure :-1 s=READY pgs=47 cs=0 l=1 rev1=1 crypto rx=0x7efe200098a0 tx=0x7efe20009bb0 comp rx=0 tx=0).ready entity=mon.0 client_cookie=82ba2c5a0e8531a7 server_cookie=0 in_seq=0 out_seq=0
2024-04-25T00:08:08.857 INFO:teuthology.orchestra.run.smithi042.stdout:/usr/bin/ceph: stderr
2024-04-25T00:08:07.436+0000 7efe2ea00700 1 -- 172.21.15.42:0/1595583738 <== mon.0 v2:172.21.15.42:3300/0 1 ==== mon_map magic: 0 ==== 205+0+0 (secure 0 0 0) 0x7efe20004160 con 0x7efe30109e20
2024-04-25T00:08:08.858 INFO:teuthology.orchestra.run.smithi042.stdout:/usr/bin/ceph: stderr
2024-04-25T00:08:07.436+0000 7efe2ea00700 1 -- 172.21.15.42:0/1595583738 <== mon.0 v2:172.21.15.42:3300/0 2 ==== config(27 keys) ==== 1109+0+0 (secure 0 0 0) 0x7efe20004300 con 0x7efe30109e20
2024-04-25T00:08:08.858 INFO:teuthology.orchestra.run.smithi042.stdout:/usr/bin/ceph: stderr
2024-04-25T00:08:07.436+0000 7efe2ea00700 1 -- 172.21.15.42:0/1595583738 <== mon.0 v2:172.21.15.42:3300/0 3 ==== mon_map magic: 0 ==== 205+0+0 (secure 0 0 0) 0x7efe20011b50 con 0x7efe30109e20
2024-04-25T00:08:08.858 INFO:teuthology.orchestra.run.smithi042.stdout:/usr/bin/ceph: stderr
2024-04-25T00:08:07.437+0000 7efe35a00700 1 -- 172.21.15.42:0/1595583738 >> [v2:172.21.15.42:3300/0,v1:172.21.15.42:6789/0] conn(0x7efe30109e20 msgr2=0x7efe3010a240 secure :-1 s=STATE_CONNECTION_ESTABLISHED l=1).mark_down
2024-04-25T00:08:08.858 INFO:teuthology.orchestra.run.smithi042.stdout:/usr/bin/ceph: stderr
2024-04-25T00:08:07.437+0000 7efe35a00700 1 --2- 172.21.15.42:0/1595583738 >> [v2:172.21.15.42:3300/0,v1:172.21.15.42:6789/0] conn(0x7efe30109e20 0x7efe3010a240 secure :-1 s=READY pgs=47 cs=0 l=1 rev1=1 crypto rx=0x7efe200098a0 tx=0x7efe20009bb0 comp rx=0 tx=0).stop
2024-04-25T00:08:08.858 INFO:teuthology.orchestra.run.smithi042.stdout:/usr/bin/ceph: stderr
2024-04-25T00:08:07.437+0000 7efe35a00700 1 -- 172.21.15.42:0/1595583738 shutdown_connections
2024-04-25T00:08:08.858 INFO:teuthology.orchestra.run.smithi042.stdout:/usr/bin/ceph: stderr
2024-04-25T00:08:07.437+0000 7efe35a00700 1 --2- 172.21.15.42:0/1595583738 >> [v2:172.21.15.42:3300/0,v1:172.21.15.42:6789/0] conn(0x7efe30109e20 0x7efe3010a240 unknown :-1 s=CLOSED pgs=47 cs=0 l=1 rev1=1 crypto rx=0 tx=0 comp rx=0 tx=0).stop
2024-04-25T00:08:08.858 INFO:teuthology.orchestra.run.smithi042.stdout:/usr/bin/ceph: stderr
2024-04-25T00:08:07.437+0000 7efe35a00700 1 -- 172.21.15.42:0/1595583738 >> 172.21.15.42:0/1595583738 conn(0x7efe3007d240 msgr2=0x7efe3007d650 unknown :-1 s=STATE_NONE l=0).mark_down
2024-04-25T00:08:08.858 INFO:teuthology.orchestra.run.smithi042.stdout:/usr/bin/ceph: stderr
2024-04-25T00:08:07.437+0000 7efe35a00700 1 -- 172.21.15.42:0/1595583738 shutdown_connections
2024-04-25T00:08:08.858 INFO:teuthology.orchestra.run.smithi042.stdout:/usr/bin/ceph: stderr
2024-04-25T00:08:07.437+0000 7efe35a00700 1 -- 172.21.15.42:0/1595583738 wait complete.
2024-04-25T00:08:08.858 INFO:teuthology.orchestra.run.smithi042.stdout:/usr/bin/ceph: stderr
2024-04-25T00:08:07.438+0000 7efe35a00700 1 Processor -- start
2024-04-25T00:08:08.858 INFO:teuthology.orchestra.run.smithi042.stdout:/usr/bin/ceph: stderr
2024-04-25T00:08:07.438+0000 7efe35a00700 1 -- start start
2024-04-25T00:08:08.858 INFO:teuthology.orchestra.run.smithi042.stdout:/usr/bin/ceph: stderr
2024-04-25T00:08:07.439+0000 7efe35a00700 1 --2- >> [v2:172.21.15.42:3300/0,v1:172.21.15.42:6789/0] conn(0x7efe30109e20 0x7efe3019de10 unknown :-1 s=NONE pgs=0 cs=0 l=1 rev1=0 crypto rx=0 tx=0 comp rx=0 tx=0).connect
2024-04-25T00:08:08.858 INFO:teuthology.orchestra.run.smithi042.stdout:/usr/bin/ceph: stderr
2024-04-25T00:08:07.439+0000 7efe35a00700 1 -- --> [v2:172.21.15.42:3300/0,v1:172.21.15.42:6789/0] -- mon_getmap magic: 0 -- 0x7efe3010e380 con 0x7efe30109e20
2024-04-25T00:08:08.858 INFO:teuthology.orchestra.run.smithi042.stdout:/usr/bin/ceph: stderr
2024-04-25T00:08:07.439+0000 7efe2fe00700 1 --2- >> [v2:172.21.15.42:3300/0,v1:172.21.15.42:6789/0] conn(0x7efe30109e20 0x7efe3019de10 unknown :-1 s=BANNER_CONNECTING pgs=0 cs=0 l=1 rev1=0 crypto rx=0 tx=0 comp rx=0 tx=0)._handle_peer_banner_payload supported=3 required=0
2024-04-25T00:08:08.859 INFO:teuthology.orchestra.run.smithi042.stdout:/usr/bin/ceph: stderr
2024-04-25T00:08:07.439+0000 7efe2fe00700 1 --2- >> [v2:172.21.15.42:3300/0,v1:172.21.15.42:6789/0] conn(0x7efe30109e20 0x7efe3019de10 unknown :-1 s=HELLO_CONNECTING pgs=0 cs=0 l=1 rev1=1 crypto rx=0 tx=0 comp rx=0 tx=0).handle_hello peer v2:172.21.15.42:3300/0 says I am v2:172.21.15.42:59928/0 (socket says 172.21.15.42:59928)
2024-04-25T00:08:08.859 INFO:teuthology.orchestra.run.smithi042.stdout:/usr/bin/ceph: stderr
2024-04-25T00:08:07.439+0000 7efe2fe00700 1 -- 172.21.15.42:0/1374813844 learned_addr learned my addr 172.21.15.42:0/1374813844 (peer_addr_for_me v2:172.21.15.42:0/0)
2024-04-25T00:08:08.862 INFO:teuthology.orchestra.run.smithi042.stdout:/usr/bin/ceph: stderr
2024-04-25T00:08:07.439+0000 7efe2fe00700 1 -- 172.21.15.42:0/1374813844 --> [v2:172.21.15.42:3300/0,v1:172.21.15.42:6789/0] -- mon_subscribe({config=0+,monmap=0+}) -- 0x7efe3019e350 con 0x7efe30109e20
2024-04-25T00:08:08.862 INFO:teuthology.orchestra.run.smithi042.stdout:/usr/bin/ceph: stderr
2024-04-25T00:08:07.440+0000 7efe2fe00700 1 --2- 172.21.15.42:0/1374813844 >> [v2:172.21.15.42:3300/0,v1:172.21.15.42:6789/0] conn(0x7efe30109e20 0x7efe3019de10 secure :-1 s=READY pgs=48 cs=0 l=1 rev1=1 crypto rx=0x7efe20011850 tx=0x7efe20011c10 comp rx=0 tx=0).ready entity=mon.0 client_cookie=0 server_cookie=0 in_seq=0 out_seq=0
2024-04-25T00:08:08.862 INFO:teuthology.orchestra.run.smithi042.stdout:/usr/bin/ceph: stderr
2024-04-25T00:08:07.440+0000 7efe2cc00700 1 -- 172.21.15.42:0/1374813844 <== mon.0 v2:172.21.15.42:3300/0 1 ==== mon_map magic: 0 ==== 205+0+0 (secure 0 0 0) 0x7efe20003af0 con 0x7efe30109e20
2024-04-25T00:08:08.862 INFO:teuthology.orchestra.run.smithi042.stdout:/usr/bin/ceph: stderr
2024-04-25T00:08:07.440+0000 7efe2cc00700 1 -- 172.21.15.42:0/1374813844 <== mon.0 v2:172.21.15.42:3300/0 2 ==== config(27 keys) ==== 1109+0+0 (secure 0 0 0) 0x7efe20020070 con 0x7efe30109e20
2024-04-25T00:08:08.862 INFO:teuthology.orchestra.run.smithi042.stdout:/usr/bin/ceph: stderr
2024-04-25T00:08:07.440+0000 7efe2cc00700 1 -- 172.21.15.42:0/1374813844 <== mon.0 v2:172.21.15.42:3300/0 3 ==== mon_map magic: 0 ==== 205+0+0 (secure 0 0 0) 0x7efe200195a0 con 0x7efe30109e20
2024-04-25T00:08:08.862 INFO:teuthology.orchestra.run.smithi042.stdout:/usr/bin/ceph: stderr
2024-04-25T00:08:07.440+0000 7efe35a00700 1 -- 172.21.15.42:0/1374813844 --> [v2:172.21.15.42:3300/0,v1:172.21.15.42:6789/0] -- mon_subscribe({mgrmap=0+}) -- 0x7efe3019e5e0 con 0x7efe30109e20
2024-04-25T00:08:08.862 INFO:teuthology.orchestra.run.smithi042.stdout:/usr/bin/ceph: stderr
2024-04-25T00:08:07.440+0000 7efe35a00700 1 -- 172.21.15.42:0/1374813844 --> [v2:172.21.15.42:3300/0,v1:172.21.15.42:6789/0] -- mon_subscribe({osdmap=0}) -- 0x7efe301a12d0 con 0x7efe30109e20
2024-04-25T00:08:08.862 INFO:teuthology.orchestra.run.smithi042.stdout:/usr/bin/ceph: stderr
2024-04-25T00:08:07.441+0000 7efe35a00700 1 -- 172.21.15.42:0/1374813844 --> [v2:172.21.15.42:3300/0,v1:172.21.15.42:6789/0] -- mon_command({"prefix": "get_command_descriptions"} v 0) -- 0x7efe30063890 con 0x7efe30109e20
2024-04-25T00:08:08.862 INFO:teuthology.orchestra.run.smithi042.stdout:/usr/bin/ceph: stderr
2024-04-25T00:08:07.441+0000 7efe2cc00700 1 -- 172.21.15.42:0/1374813844 <== mon.0 v2:172.21.15.42:3300/0 4 ==== mgrmap(e 8) ==== 46287+0+0 (secure 0 0 0) 0x7efe20019850 con 0x7efe30109e20
2024-04-25T00:08:08.862 INFO:teuthology.orchestra.run.smithi042.stdout:/usr/bin/ceph: stderr
2024-04-25T00:08:07.442+0000 7efe2cc00700 1 --2- 172.21.15.42:0/1374813844 >> [v2:172.21.15.42:6800/3681869279,v1:172.21.15.42:6801/3681869279] conn(0x7efe140390a0 0x7efe1403b560 unknown :-1 s=NONE pgs=0 cs=0 l=1 rev1=0 crypto rx=0 tx=0 comp rx=0 tx=0).connect
2024-04-25T00:08:08.862 INFO:teuthology.orchestra.run.smithi042.stdout:/usr/bin/ceph: stderr
2024-04-25T00:08:07.442+0000 7efe2cc00700 1 -- 172.21.15.42:0/1374813844 <== mon.0 v2:172.21.15.42:3300/0 5 ==== osd_map(2..2 src has 1..2) ==== 940+0+0 (secure 0 0 0) 0x7efe20011e00 con 0x7efe30109e20
2024-04-25T00:08:08.862 INFO:teuthology.orchestra.run.smithi042.stdout:/usr/bin/ceph: stderr
2024-04-25T00:08:07.442+0000 7efe2f400700 1 --2- 172.21.15.42:0/1374813844 >> [v2:172.21.15.42:6800/3681869279,v1:172.21.15.42:6801/3681869279] conn(0x7efe140390a0 0x7efe1403b560 unknown :-1 s=BANNER_CONNECTING pgs=0 cs=0 l=1 rev1=0 crypto rx=0 tx=0 comp rx=0 tx=0)._handle_peer_banner_payload supported=3 required=0
2024-04-25T00:08:08.862 INFO:teuthology.orchestra.run.smithi042.stdout:/usr/bin/ceph: stderr
2024-04-25T00:08:07.443+0000 7efe2f400700 1 --2- 172.21.15.42:0/1374813844 >> [v2:172.21.15.42:6800/3681869279,v1:172.21.15.42:6801/3681869279] conn(0x7efe140390a0 0x7efe1403b560 secure :-1 s=READY pgs=12 cs=0 l=1 rev1=1 crypto rx=0x7efe1c006fd0 tx=0x7efe1c006e40 comp rx=0 tx=0).ready entity=mgr.14120 client_cookie=0 server_cookie=0 in_seq=0 out_seq=0
2024-04-25T00:08:08.863 INFO:teuthology.orchestra.run.smithi042.stdout:/usr/bin/ceph: stderr
2024-04-25T00:08:07.448+0000 7efe2cc00700 1 -- 172.21.15.42:0/1374813844 <== mon.0 v2:172.21.15.42:3300/0 6 ==== mon_command_ack([{"prefix": "get_command_descriptions"}]=0 v0) ==== 72+0+186147 (secure 0 0 0) 0x7efe2000e260 con 0x7efe30109e20
2024-04-25T00:08:08.863 INFO:teuthology.orchestra.run.smithi042.stdout:/usr/bin/ceph: stderr
2024-04-25T00:08:07.722+0000 7efe35a00700 1 -- 172.21.15.42:0/1374813844 --> [v2:172.21.15.42:6800/3681869279,v1:172.21.15.42:6801/3681869279] -- mgr_command(tid 0: {"prefix": "orch apply", "service_type": "mon", "unmanaged": true, "target": ["mon-mgr", ""]}) -- 0x7efe30107cd0 con 0x7efe140390a0
2024-04-25T00:08:08.863 INFO:teuthology.orchestra.run.smithi042.stdout:/usr/bin/ceph: stderr
2024-04-25T00:08:07.729+0000 7efe2cc00700 1 -- 172.21.15.42:0/1374813844 <== mgr.14120 v2:172.21.15.42:6800/3681869279 1 ==== mgr_command_reply(tid 0: 0 ) ==== 8+0+24 (secure 0 0 0) 0x7efe30107cd0 con 0x7efe140390a0
2024-04-25T00:08:08.863 INFO:teuthology.orchestra.run.smithi042.stdout:/usr/bin/ceph: stderr
2024-04-25T00:08:07.733+0000 7efe35a00700 1 -- 172.21.15.42:0/1374813844 >> [v2:172.21.15.42:6800/3681869279,v1:172.21.15.42:6801/3681869279] conn(0x7efe140390a0 msgr2=0x7efe1403b560 secure :-1 s=STATE_CONNECTION_ESTABLISHED l=1).mark_down
2024-04-25T00:08:08.863 INFO:teuthology.orchestra.run.smithi042.stdout:/usr/bin/ceph: stderr
2024-04-25T00:08:07.733+0000 7efe35a00700 1 --2- 172.21.15.42:0/1374813844 >> [v2:172.21.15.42:6800/3681869279,v1:172.21.15.42:6801/3681869279] conn(0x7efe140390a0 0x7efe1403b560 secure :-1 s=READY pgs=12 cs=0 l=1 rev1=1 crypto rx=0x7efe1c006fd0 tx=0x7efe1c006e40 comp rx=0 tx=0).stop
2024-04-25T00:08:08.863 INFO:teuthology.orchestra.run.smithi042.stdout:/usr/bin/ceph: stderr
2024-04-25T00:08:07.733+0000 7efe35a00700 1 -- 172.21.15.42:0/1374813844 >> [v2:172.21.15.42:3300/0,v1:172.21.15.42:6789/0] conn(0x7efe30109e20 msgr2=0x7efe3019de10 secure :-1 s=STATE_CONNECTION_ESTABLISHED l=1).mark_down
2024-04-25T00:08:08.863 INFO:teuthology.orchestra.run.smithi042.stdout:/usr/bin/ceph: stderr
2024-04-25T00:08:07.733+0000 7efe35a00700 1 --2- 172.21.15.42:0/1374813844 >> [v2:172.21.15.42:3300/0,v1:172.21.15.42:6789/0] conn(0x7efe30109e20 0x7efe3019de10 secure :-1 s=READY pgs=48 cs=0 l=1 rev1=1 crypto rx=0x7efe20011850 tx=0x7efe20011c10 comp rx=0 tx=0).stop
2024-04-25T00:08:08.863 INFO:teuthology.orchestra.run.smithi042.stdout:/usr/bin/ceph: stderr
2024-04-25T00:08:07.733+0000 7efe35a00700 1 -- 172.21.15.42:0/1374813844 shutdown_connections
2024-04-25T00:08:08.863 INFO:teuthology.orchestra.run.smithi042.stdout:/usr/bin/ceph: stderr
2024-04-25T00:08:07.733+0000 7efe35a00700 1 --2- 172.21.15.42:0/1374813844 >> [v2:172.21.15.42:6800/3681869279,v1:172.21.15.42:6801/3681869279] conn(0x7efe140390a0 0x7efe1403b560 unknown :-1 s=CLOSED pgs=12 cs=0 l=1 rev1=1 crypto rx=0 tx=0 comp rx=0 tx=0).stop
2024-04-25T00:08:08.863 INFO:teuthology.orchestra.run.smithi042.stdout:/usr/bin/ceph: stderr
2024-04-25T00:08:07.733+0000 7efe35a00700 1 --2- 172.21.15.42:0/1374813844 >> [v2:172.21.15.42:3300/0,v1:172.21.15.42:6789/0] conn(0x7efe30109e20 0x7efe3019de10 unknown :-1 s=CLOSED pgs=48 cs=0 l=1 rev1=1 crypto rx=0 tx=0 comp rx=0 tx=0).stop
2024-04-25T00:08:08.863 INFO:teuthology.orchestra.run.smithi042.stdout:/usr/bin/ceph: stderr
2024-04-25T00:08:07.733+0000 7efe35a00700 1 -- 172.21.15.42:0/1374813844 >> 172.21.15.42:0/1374813844 conn(0x7efe3007d240 msgr2=0x7efe301075c0 unknown :-1 s=STATE_NONE l=0).mark_down
2024-04-25T00:08:08.863 INFO:teuthology.orchestra.run.smithi042.stdout:/usr/bin/ceph: stderr
2024-04-25T00:08:07.733+0000 7efe35a00700 1 -- 172.21.15.42:0/1374813844 shutdown_connections
2024-04-25T00:08:08.863 INFO:teuthology.orchestra.run.smithi042.stdout:/usr/bin/ceph: stderr
2024-04-25T00:08:07.734+0000 7efe35a00700 1 -- 172.21.15.42:0/1374813844 wait complete.
2024-04-25T00:08:08.863 INFO:teuthology.orchestra.run.smithi042.stdout:Deploying unmanaged mgr service...
2024-04-25T00:08:09.010 INFO:journalctl@ceph.mon.a.smithi042.stdout:Apr 25 00:08:08 smithi042 ceph-mon[28130]: from='client.14142 -' entity='client.admin' cmd=[{"prefix": "orch apply", "service_type": "mon", "unmanaged": true, "target": ["mon-mgr", ""]}]: dispatch
2024-04-25T00:08:09.010 INFO:journalctl@ceph.mon.a.smithi042.stdout:Apr 25 00:08:08 smithi042 ceph-mon[28130]: Saving service mon spec with placement count:5
2024-04-25T00:08:09.010 INFO:journalctl@ceph.mon.a.smithi042.stdout:Apr 25 00:08:08 smithi042 ceph-mon[28130]: from='mgr.14120 172.21.15.42:0/1611477143' entity='mgr.x'
2024-04-25T00:08:10.626 INFO:journalctl@ceph.mon.a.smithi042.stdout:Apr 25 00:08:10 smithi042 ceph-mon[28130]: from='mgr.14120 172.21.15.42:0/1611477143' entity='mgr.x'
2024-04-25T00:08:10.626 INFO:journalctl@ceph.mon.a.smithi042.stdout:Apr 25 00:08:10 smithi042 ceph-mon[28130]: from='mgr.14120 172.21.15.42:0/1611477143' entity='mgr.x'
2024-04-25T00:08:10.626 INFO:journalctl@ceph.mon.a.smithi042.stdout:Apr 25 00:08:10 smithi042 ceph-mon[28130]: from='mgr.14120 172.21.15.42:0/1611477143' entity='mgr.x'
