2024-04-25T00:06:46.445+0000 7f8f9e4d5700 1 Processor -- start
2024-04-25T00:06:47.398 INFO:teuthology.orchestra.run.smithi107.stdout:/usr/bin/ceph: stderr
2024-04-25T00:06:46.445+0000 7f8f9e4d5700 1 -- start start
2024-04-25T00:06:47.398 INFO:teuthology.orchestra.run.smithi107.stdout:/usr/bin/ceph: stderr
2024-04-25T00:06:46.445+0000 7f8f9e4d5700 1 --2- >> [v2:172.21.15.107:3300/0,v1:172.21.15.107:6789/0] conn(0x7f8f98107c60 0x7f8f98108080 unknown :-1 s=NONE pgs=0 cs=0 l=0 rev1=0 crypto rx=0 tx=0 comp rx=0 tx=0).connect
2024-04-25T00:06:47.398 INFO:teuthology.orchestra.run.smithi107.stdout:/usr/bin/ceph: stderr
2024-04-25T00:06:46.445+0000 7f8f9e4d5700 1 -- --> [v2:172.21.15.107:3300/0,v1:172.21.15.107:6789/0] -- mon_getmap magic: 0 -- 0x7f8f981085c0 con 0x7f8f98107c60
2024-04-25T00:06:47.398 INFO:teuthology.orchestra.run.smithi107.stdout:/usr/bin/ceph: stderr
2024-04-25T00:06:46.445+0000 7f8f97fff700 1 --2- >> [v2:172.21.15.107:3300/0,v1:172.21.15.107:6789/0] conn(0x7f8f98107c60 0x7f8f98108080 unknown :-1 s=BANNER_CONNECTING pgs=0 cs=0 l=0 rev1=0 crypto rx=0 tx=0 comp rx=0 tx=0)._handle_peer_banner_payload supported=3 required=0
2024-04-25T00:06:47.398 INFO:teuthology.orchestra.run.smithi107.stdout:/usr/bin/ceph: stderr
2024-04-25T00:06:46.445+0000 7f8f97fff700 1 --2- >> [v2:172.21.15.107:3300/0,v1:172.21.15.107:6789/0] conn(0x7f8f98107c60 0x7f8f98108080 unknown :-1 s=HELLO_CONNECTING pgs=0 cs=0 l=0 rev1=1 crypto rx=0 tx=0 comp rx=0 tx=0).handle_hello peer v2:172.21.15.107:3300/0 says I am v2:172.21.15.107:38274/0 (socket says 172.21.15.107:38274)
2024-04-25T00:06:47.398 INFO:teuthology.orchestra.run.smithi107.stdout:/usr/bin/ceph: stderr
2024-04-25T00:06:46.445+0000 7f8f97fff700 1 -- 172.21.15.107:0/3932398332 learned_addr learned my addr 172.21.15.107:0/3932398332 (peer_addr_for_me v2:172.21.15.107:0/0)
2024-04-25T00:06:47.399 INFO:teuthology.orchestra.run.smithi107.stdout:/usr/bin/ceph: stderr
2024-04-25T00:06:46.445+0000 7f8f97fff700 1 -- 172.21.15.107:0/3932398332 --> [v2:172.21.15.107:3300/0,v1:172.21.15.107:6789/0] -- mon_subscribe({config=0+,monmap=0+}) -- 0x7f8f98108740 con 0x7f8f98107c60
2024-04-25T00:06:47.399 INFO:teuthology.orchestra.run.smithi107.stdout:/usr/bin/ceph: stderr
2024-04-25T00:06:46.445+0000 7f8f97fff700 1 --2- 172.21.15.107:0/3932398332 >> [v2:172.21.15.107:3300/0,v1:172.21.15.107:6789/0] conn(0x7f8f98107c60 0x7f8f98108080 secure :-1 s=READY pgs=47 cs=0 l=1 rev1=1 crypto rx=0x7f8f880098a0 tx=0x7f8f88009bb0 comp rx=0 tx=0).ready entity=mon.0 client_cookie=d774e94e1b31c80a server_cookie=0 in_seq=0 out_seq=0
2024-04-25T00:06:47.399 INFO:teuthology.orchestra.run.smithi107.stdout:/usr/bin/ceph: stderr
2024-04-25T00:06:46.446+0000 7f8f96ffd700 1 -- 172.21.15.107:0/3932398332 <== mon.0 v2:172.21.15.107:3300/0 1 ==== mon_map magic: 0 ==== 205+0+0 (secure 0 0 0) 0x7f8f88004160 con 0x7f8f98107c60
2024-04-25T00:06:47.399 INFO:teuthology.orchestra.run.smithi107.stdout:/usr/bin/ceph: stderr
2024-04-25T00:06:46.446+0000 7f8f96ffd700 1 -- 172.21.15.107:0/3932398332 <== mon.0 v2:172.21.15.107:3300/0 2 ==== config(27 keys) ==== 1109+0+0 (secure 0 0 0) 0x7f8f88004300 con 0x7f8f98107c60
2024-04-25T00:06:47.399 INFO:teuthology.orchestra.run.smithi107.stdout:/usr/bin/ceph: stderr
2024-04-25T00:06:46.446+0000 7f8f96ffd700 1 -- 172.21.15.107:0/3932398332 <== mon.0 v2:172.21.15.107:3300/0 3 ==== mon_map magic: 0 ==== 205+0+0 (secure 0 0 0) 0x7f8f88011b50 con 0x7f8f98107c60
2024-04-25T00:06:47.399 INFO:teuthology.orchestra.run.smithi107.stdout:/usr/bin/ceph: stderr
2024-04-25T00:06:46.446+0000 7f8f9e4d5700 1 -- 172.21.15.107:0/3932398332 >> [v2:172.21.15.107:3300/0,v1:172.21.15.107:6789/0] conn(0x7f8f98107c60 msgr2=0x7f8f98108080 secure :-1 s=STATE_CONNECTION_ESTABLISHED l=1).mark_down
2024-04-25T00:06:47.399 INFO:teuthology.orchestra.run.smithi107.stdout:/usr/bin/ceph: stderr
2024-04-25T00:06:46.446+0000 7f8f9e4d5700 1 --2- 172.21.15.107:0/3932398332 >> [v2:172.21.15.107:3300/0,v1:172.21.15.107:6789/0] conn(0x7f8f98107c60 0x7f8f98108080 secure :-1 s=READY pgs=47 cs=0 l=1 rev1=1 crypto rx=0x7f8f880098a0 tx=0x7f8f88009bb0 comp rx=0 tx=0).stop
2024-04-25T00:06:47.399 INFO:teuthology.orchestra.run.smithi107.stdout:/usr/bin/ceph: stderr
2024-04-25T00:06:46.446+0000 7f8f9e4d5700 1 -- 172.21.15.107:0/3932398332 shutdown_connections
2024-04-25T00:06:47.399 INFO:teuthology.orchestra.run.smithi107.stdout:/usr/bin/ceph: stderr
2024-04-25T00:06:46.446+0000 7f8f9e4d5700 1 --2- 172.21.15.107:0/3932398332 >> [v2:172.21.15.107:3300/0,v1:172.21.15.107:6789/0] conn(0x7f8f98107c60 0x7f8f98108080 unknown :-1 s=CLOSED pgs=47 cs=0 l=1 rev1=1 crypto rx=0 tx=0 comp rx=0 tx=0).stop
2024-04-25T00:06:47.399 INFO:teuthology.orchestra.run.smithi107.stdout:/usr/bin/ceph: stderr
2024-04-25T00:06:46.446+0000 7f8f9e4d5700 1 -- 172.21.15.107:0/3932398332 >> 172.21.15.107:0/3932398332 conn(0x7f8f981032a0 msgr2=0x7f8f981056e0 unknown :-1 s=STATE_NONE l=0).mark_down
2024-04-25T00:06:47.399 INFO:teuthology.orchestra.run.smithi107.stdout:/usr/bin/ceph: stderr
2024-04-25T00:06:46.446+0000 7f8f9e4d5700 1 -- 172.21.15.107:0/3932398332 shutdown_connections
2024-04-25T00:06:47.399 INFO:teuthology.orchestra.run.smithi107.stdout:/usr/bin/ceph: stderr
2024-04-25T00:06:46.446+0000 7f8f9e4d5700 1 -- 172.21.15.107:0/3932398332 wait complete.
2024-04-25T00:06:47.399 INFO:teuthology.orchestra.run.smithi107.stdout:/usr/bin/ceph: stderr
2024-04-25T00:06:46.447+0000 7f8f9e4d5700 1 Processor -- start
2024-04-25T00:06:47.399 INFO:teuthology.orchestra.run.smithi107.stdout:/usr/bin/ceph: stderr
2024-04-25T00:06:46.447+0000 7f8f9e4d5700 1 -- start start
2024-04-25T00:06:47.399 INFO:teuthology.orchestra.run.smithi107.stdout:/usr/bin/ceph: stderr
2024-04-25T00:06:46.447+0000 7f8f9e4d5700 1 --2- >> [v2:172.21.15.107:3300/0,v1:172.21.15.107:6789/0] conn(0x7f8f98107c60 0x7f8f9819bbb0 unknown :-1 s=NONE pgs=0 cs=0 l=1 rev1=0 crypto rx=0 tx=0 comp rx=0 tx=0).connect
2024-04-25T00:06:47.400 INFO:teuthology.orchestra.run.smithi107.stdout:/usr/bin/ceph: stderr
2024-04-25T00:06:46.447+0000 7f8f9e4d5700 1 -- --> [v2:172.21.15.107:3300/0,v1:172.21.15.107:6789/0] -- mon_getmap magic: 0 -- 0x7f8f9810c0d0 con 0x7f8f98107c60
2024-04-25T00:06:47.400 INFO:teuthology.orchestra.run.smithi107.stdout:/usr/bin/ceph: stderr
2024-04-25T00:06:46.447+0000 7f8f97fff700 1 --2- >> [v2:172.21.15.107:3300/0,v1:172.21.15.107:6789/0] conn(0x7f8f98107c60 0x7f8f9819bbb0 unknown :-1 s=BANNER_CONNECTING pgs=0 cs=0 l=1 rev1=0 crypto rx=0 tx=0 comp rx=0 tx=0)._handle_peer_banner_payload supported=3 required=0
2024-04-25T00:06:47.400 INFO:teuthology.orchestra.run.smithi107.stdout:/usr/bin/ceph: stderr
2024-04-25T00:06:46.448+0000 7f8f97fff700 1 --2- >> [v2:172.21.15.107:3300/0,v1:172.21.15.107:6789/0] conn(0x7f8f98107c60 0x7f8f9819bbb0 unknown :-1 s=HELLO_CONNECTING pgs=0 cs=0 l=1 rev1=1 crypto rx=0 tx=0 comp rx=0 tx=0).handle_hello peer v2:172.21.15.107:3300/0 says I am v2:172.21.15.107:38278/0 (socket says 172.21.15.107:38278)
2024-04-25T00:06:47.400 INFO:teuthology.orchestra.run.smithi107.stdout:/usr/bin/ceph: stderr
2024-04-25T00:06:46.448+0000 7f8f97fff700 1 -- 172.21.15.107:0/823034442 learned_addr learned my addr 172.21.15.107:0/823034442 (peer_addr_for_me v2:172.21.15.107:0/0)
2024-04-25T00:06:47.400 INFO:teuthology.orchestra.run.smithi107.stdout:/usr/bin/ceph: stderr
2024-04-25T00:06:46.448+0000 7f8f97fff700 1 -- 172.21.15.107:0/823034442 --> [v2:172.21.15.107:3300/0,v1:172.21.15.107:6789/0] -- mon_subscribe({config=0+,monmap=0+}) -- 0x7f8f9819c0f0 con 0x7f8f98107c60
2024-04-25T00:06:47.400 INFO:teuthology.orchestra.run.smithi107.stdout:/usr/bin/ceph: stderr
2024-04-25T00:06:46.448+0000 7f8f97fff700 1 --2- 172.21.15.107:0/823034442 >> [v2:172.21.15.107:3300/0,v1:172.21.15.107:6789/0] conn(0x7f8f98107c60 0x7f8f9819bbb0 secure :-1 s=READY pgs=48 cs=0 l=1 rev1=1 crypto rx=0x7f8f88011670 tx=0x7f8f88011b60 comp rx=0 tx=0).ready entity=mon.0 client_cookie=0 server_cookie=0 in_seq=0 out_seq=0
2024-04-25T00:06:47.400 INFO:teuthology.orchestra.run.smithi107.stdout:/usr/bin/ceph: stderr
2024-04-25T00:06:46.448+0000 7f8f957fa700 1 -- 172.21.15.107:0/823034442 <== mon.0 v2:172.21.15.107:3300/0 1 ==== mon_map magic: 0 ==== 205+0+0 (secure 0 0 0) 0x7f8f880039c0 con 0x7f8f98107c60
2024-04-25T00:06:47.400 INFO:teuthology.orchestra.run.smithi107.stdout:/usr/bin/ceph: stderr
2024-04-25T00:06:46.448+0000 7f8f9e4d5700 1 -- 172.21.15.107:0/823034442 --> [v2:172.21.15.107:3300/0,v1:172.21.15.107:6789/0] -- mon_subscribe({mgrmap=0+}) -- 0x7f8f9819c380 con 0x7f8f98107c60
2024-04-25T00:06:47.400 INFO:teuthology.orchestra.run.smithi107.stdout:/usr/bin/ceph: stderr
2024-04-25T00:06:46.448+0000 7f8f957fa700 1 -- 172.21.15.107:0/823034442 <== mon.0 v2:172.21.15.107:3300/0 2 ==== config(27 keys) ==== 1109+0+0 (secure 0 0 0) 0x7f8f88011e50 con 0x7f8f98107c60
2024-04-25T00:06:47.400 INFO:teuthology.orchestra.run.smithi107.stdout:/usr/bin/ceph: stderr
2024-04-25T00:06:46.448+0000 7f8f957fa700 1 -- 172.21.15.107:0/823034442 <== mon.0 v2:172.21.15.107:3300/0 3 ==== mon_map magic: 0 ==== 205+0+0 (secure 0 0 0) 0x7f8f8801a5c0 con 0x7f8f98107c60
2024-04-25T00:06:47.400 INFO:teuthology.orchestra.run.smithi107.stdout:/usr/bin/ceph: stderr
2024-04-25T00:06:46.448+0000 7f8f9e4d5700 1 -- 172.21.15.107:0/823034442 --> [v2:172.21.15.107:3300/0,v1:172.21.15.107:6789/0] -- mon_subscribe({osdmap=0}) -- 0x7f8f9819f070 con 0x7f8f98107c60
2024-04-25T00:06:47.400 INFO:teuthology.orchestra.run.smithi107.stdout:/usr/bin/ceph: stderr
2024-04-25T00:06:46.449+0000 7f8f957fa700 1 -- 172.21.15.107:0/823034442 <== mon.0 v2:172.21.15.107:3300/0 4 ==== mgrmap(e 8) ==== 46287+0+0 (secure 0 0 0) 0x7f8f8801a870 con 0x7f8f98107c60
2024-04-25T00:06:47.400 INFO:teuthology.orchestra.run.smithi107.stdout:/usr/bin/ceph: stderr
2024-04-25T00:06:46.449+0000 7f8f9e4d5700 1 -- 172.21.15.107:0/823034442 --> [v2:172.21.15.107:3300/0,v1:172.21.15.107:6789/0] -- mon_command({"prefix": "get_command_descriptions"} v 0) -- 0x7f8f98063890 con 0x7f8f98107c60
2024-04-25T00:06:47.401 INFO:teuthology.orchestra.run.smithi107.stdout:/usr/bin/ceph: stderr
2024-04-25T00:06:46.449+0000 7f8f957fa700 1 --2- 172.21.15.107:0/823034442 >> [v2:172.21.15.107:6800/153169302,v1:172.21.15.107:6801/153169302] conn(0x7f8f80039050 0x7f8f8003b510 unknown :-1 s=NONE pgs=0 cs=0 l=1 rev1=0 crypto rx=0 tx=0 comp rx=0 tx=0).connect
2024-04-25T00:06:47.401 INFO:teuthology.orchestra.run.smithi107.stdout:/usr/bin/ceph: stderr
2024-04-25T00:06:46.449+0000 7f8f957fa700 1 -- 172.21.15.107:0/823034442 <== mon.0 v2:172.21.15.107:3300/0 5 ==== osd_map(2..2 src has 1..2) ==== 940+0+0 (secure 0 0 0) 0x7f8f8804d390 con 0x7f8f98107c60
2024-04-25T00:06:47.401 INFO:teuthology.orchestra.run.smithi107.stdout:/usr/bin/ceph: stderr
2024-04-25T00:06:46.449+0000 7f8f977fe700 1 --2- 172.21.15.107:0/823034442 >> [v2:172.21.15.107:6800/153169302,v1:172.21.15.107:6801/153169302] conn(0x7f8f80039050 0x7f8f8003b510 unknown :-1 s=BANNER_CONNECTING pgs=0 cs=0 l=1 rev1=0 crypto rx=0 tx=0 comp rx=0 tx=0)._handle_peer_banner_payload supported=3 required=0
2024-04-25T00:06:47.401 INFO:teuthology.orchestra.run.smithi107.stdout:/usr/bin/ceph: stderr
2024-04-25T00:06:46.450+0000 7f8f977fe700 1 --2- 172.21.15.107:0/823034442 >> [v2:172.21.15.107:6800/153169302,v1:172.21.15.107:6801/153169302] conn(0x7f8f80039050 0x7f8f8003b510 secure :-1 s=READY pgs=12 cs=0 l=1 rev1=1 crypto rx=0x7f8f8c006fd0 tx=0x7f8f8c006e40 comp rx=0 tx=0).ready entity=mgr.14120 client_cookie=0 server_cookie=0 in_seq=0 out_seq=0
2024-04-25T00:06:47.401 INFO:teuthology.orchestra.run.smithi107.stdout:/usr/bin/ceph: stderr
2024-04-25T00:06:46.454+0000 7f8f957fa700 1 -- 172.21.15.107:0/823034442 <== mon.0 v2:172.21.15.107:3300/0 6 ==== mon_command_ack([{"prefix": "get_command_descriptions"}]=0 v0) ==== 72+0+186147 (secure 0 0 0) 0x7f8f88019c70 con 0x7f8f98107c60
2024-04-25T00:06:47.401 INFO:teuthology.orchestra.run.smithi107.stdout:/usr/bin/ceph: stderr
2024-04-25T00:06:46.669+0000 7f8f9e4d5700 1 -- 172.21.15.107:0/823034442 --> [v2:172.21.15.107:6800/153169302,v1:172.21.15.107:6801/153169302] -- mgr_command(tid 0: {"prefix": "orch apply", "service_type": "mon", "unmanaged": true, "target": ["mon-mgr", ""]}) -- 0x7f8f98104480 con 0x7f8f80039050
2024-04-25T00:06:47.401 INFO:teuthology.orchestra.run.smithi107.stdout:/usr/bin/ceph: stderr
2024-04-25T00:06:46.673+0000 7f8f957fa700 1 -- 172.21.15.107:0/823034442 <== mgr.14120 v2:172.21.15.107:6800/153169302 1 ==== mgr_command_reply(tid 0: 0 ) ==== 8+0+24 (secure 0 0 0) 0x7f8f98104480 con 0x7f8f80039050
2024-04-25T00:06:47.401 INFO:teuthology.orchestra.run.smithi107.stdout:/usr/bin/ceph: stderr
2024-04-25T00:06:46.675+0000 7f8f9e4d5700 1 -- 172.21.15.107:0/823034442 >> [v2:172.21.15.107:6800/153169302,v1:172.21.15.107:6801/153169302] conn(0x7f8f80039050 msgr2=0x7f8f8003b510 secure :-1 s=STATE_CONNECTION_ESTABLISHED l=1).mark_down
2024-04-25T00:06:47.401 INFO:teuthology.orchestra.run.smithi107.stdout:/usr/bin/ceph: stderr
2024-04-25T00:06:46.675+0000 7f8f9e4d5700 1 --2- 172.21.15.107:0/823034442 >> [v2:172.21.15.107:6800/153169302,v1:172.21.15.107:6801/153169302] conn(0x7f8f80039050 0x7f8f8003b510 secure :-1 s=READY pgs=12 cs=0 l=1 rev1=1 crypto rx=0x7f8f8c006fd0 tx=0x7f8f8c006e40 comp rx=0 tx=0).stop
2024-04-25T00:06:47.401 INFO:teuthology.orchestra.run.smithi107.stdout:/usr/bin/ceph: stderr
2024-04-25T00:06:46.675+0000 7f8f9e4d5700 1 -- 172.21.15.107:0/823034442 >> [v2:172.21.15.107:3300/0,v1:172.21.15.107:6789/0] conn(0x7f8f98107c60 msgr2=0x7f8f9819bbb0 secure :-1 s=STATE_CONNECTION_ESTABLISHED l=1).mark_down
2024-04-25T00:06:47.401 INFO:teuthology.orchestra.run.smithi107.stdout:/usr/bin/ceph: stderr
2024-04-25T00:06:46.676+0000 7f8f9e4d5700 1 --2- 172.21.15.107:0/823034442 >> [v2:172.21.15.107:3300/0,v1:172.21.15.107:6789/0] conn(0x7f8f98107c60 0x7f8f9819bbb0 secure :-1 s=READY pgs=48 cs=0 l=1 rev1=1 crypto rx=0x7f8f88011670 tx=0x7f8f88011b60 comp rx=0 tx=0).stop
2024-04-25T00:06:47.401 INFO:teuthology.orchestra.run.smithi107.stdout:/usr/bin/ceph: stderr
2024-04-25T00:06:46.676+0000 7f8f9e4d5700 1 -- 172.21.15.107:0/823034442 shutdown_connections
2024-04-25T00:06:47.401 INFO:teuthology.orchestra.run.smithi107.stdout:/usr/bin/ceph: stderr
2024-04-25T00:06:46.676+0000 7f8f9e4d5700 1 --2- 172.21.15.107:0/823034442 >> [v2:172.21.15.107:6800/153169302,v1:172.21.15.107:6801/153169302] conn(0x7f8f80039050 0x7f8f8003b510 unknown :-1 s=CLOSED pgs=12 cs=0 l=1 rev1=1 crypto rx=0 tx=0 comp rx=0 tx=0).stop
2024-04-25T00:06:47.401 INFO:teuthology.orchestra.run.smithi107.stdout:/usr/bin/ceph: stderr
2024-04-25T00:06:46.676+0000 7f8f9e4d5700 1 --2- 172.21.15.107:0/823034442 >> [v2:172.21.15.107:3300/0,v1:172.21.15.107:6789/0] conn(0x7f8f98107c60 0x7f8f9819bbb0 unknown :-1 s=CLOSED pgs=48 cs=0 l=1 rev1=1 crypto rx=0 tx=0 comp rx=0 tx=0).stop
2024-04-25T00:06:47.402 INFO:teuthology.orchestra.run.smithi107.stdout:/usr/bin/ceph: stderr
2024-04-25T00:06:46.676+0000 7f8f9e4d5700 1 -- 172.21.15.107:0/823034442 >> 172.21.15.107:0/823034442 conn(0x7f8f981032a0 msgr2=0x7f8f98103d70 unknown :-1 s=STATE_NONE l=0).mark_down
2024-04-25T00:06:47.402 INFO:teuthology.orchestra.run.smithi107.stdout:/usr/bin/ceph: stderr
2024-04-25T00:06:46.676+0000 7f8f9e4d5700 1 -- 172.21.15.107:0/823034442 shutdown_connections
2024-04-25T00:06:47.402 INFO:teuthology.orchestra.run.smithi107.stdout:/usr/bin/ceph: stderr
2024-04-25T00:06:46.676+0000 7f8f9e4d5700 1 -- 172.21.15.107:0/823034442 wait complete.
2024-04-25T00:06:47.402 INFO:teuthology.orchestra.run.smithi107.stdout:Deploying unmanaged mgr service...
2024-04-25T00:06:47.952 INFO:journalctl@ceph.mon.a.smithi107.stdout:Apr 25 00:06:47 smithi107 ceph-mon[29153]: from='client.14142 -' entity='client.admin' cmd=[{"prefix": "orch apply", "service_type": "mon", "unmanaged": true, "target": ["mon-mgr", ""]}]: dispatch
2024-04-25T00:06:47.952 INFO:journalctl@ceph.mon.a.smithi107.stdout:Apr 25 00:06:47 smithi107 ceph-mon[29153]: Saving service mon spec with placement count:5
2024-04-25T00:06:47.952 INFO:journalctl@ceph.mon.a.smithi107.stdout:Apr 25 00:06:47 smithi107 ceph-mon[29153]: from='mgr.14120 172.21.15.107:0/3931718172' entity='mgr.x'
2024-04-25T00:06:49.428 INFO:journalctl@ceph.mon.a.smithi107.stdout:Apr 25 00:06:49 smithi107 ceph-mon[29153]: from='client.14144 -' entity='client.admin' cmd=[{"prefix": "orch apply", "service_type": "mgr", "unmanaged": true, "target": ["mon-mgr", ""]}]: dispatch
2024-04-25T00:06:49.428 INFO:journalctl@ceph.mon.a.smithi107.stdout:Apr 25 00:06:49 smithi107 ceph-mon[29153]: Saving service mgr spec with placement count:2
2024-04-25T00:06:49.428 INFO:journalctl@ceph.mon.a.smithi107.stdout:Apr 25 00:06:49 smithi107 ceph-mon[29153]: from='mgr.14120 172.21.15.107:0/3931718172' entity='mgr.x'
2024-04-25T00:06:49.428 INFO:journalctl@ceph.mon.a.smithi107.stdout:Apr 25 00:06:49 smithi107 ceph-mon[29153]: from='mgr.14120 172.21.15.107:0/3931718172' entity='mgr.x'
2024-04-25T00:06:49.436 INFO:teuthology.orchestra.run.smithi107.stdout:/usr/bin/ceph: stdout Scheduled mgr update...
2024-04-25T00:06:49.436 INFO:teuthology.orchestra.run.smithi107.stdout:/usr/bin/ceph: stderr
2024-04-25T00:06:47.853+0000 7f106f2b7700 1 Processor -- start
2024-04-25T00:06:49.436 INFO:teuthology.orchestra.run.smithi107.stdout:/usr/bin/ceph: stderr
2024-04-25T00:06:47.853+0000 7f106f2b7700 1 -- start start
2024-04-25T00:06:49.436 INFO:teuthology.orchestra.run.smithi107.stdout:/usr/bin/ceph: stderr
2024-04-25T00:06:47.853+0000 7f106f2b7700 1 --2- >> [v2:172.21.15.107:3300/0,v1:172.21.15.107:6789/0] conn(0x7f1068105f00 0x7f1068106320 unknown :-1 s=NONE pgs=0 cs=0 l=0 rev1=0 crypto rx=0 tx=0 comp rx=0 tx=0).connect
2024-04-25T00:06:49.436 INFO:teuthology.orchestra.run.smithi107.stdout:/usr/bin/ceph: stderr
2024-04-25T00:06:47.853+0000 7f106f2b7700 1 -- --> [v2:172.21.15.107:3300/0,v1:172.21.15.107:6789/0] -- mon_getmap magic: 0 -- 0x7f10681068f0 con 0x7f1068105f00
2024-04-25T00:06:49.437 INFO:teuthology.orchestra.run.smithi107.stdout:/usr/bin/ceph: stderr
2024-04-25T00:06:47.854+0000 7f106d053700 1 --2- >> [v2:172.21.15.107:3300/0,v1:172.21.15.107:6789/0] conn(0x7f1068105f00 0x7f1068106320 unknown :-1 s=BANNER_CONNECTING pgs=0 cs=0 l=0 rev1=0 crypto rx=0 tx=0 comp rx=0 tx=0)._handle_peer_banner_payload supported=3 required=0
2024-04-25T00:06:49.437 INFO:teuthology.orchestra.run.smithi107.stdout:/usr/bin/ceph: stderr
2024-04-25T00:06:47.854+0000 7f106d053700 1 --2- >> [v2:172.21.15.107:3300/0,v1:172.21.15.107:6789/0] conn(0x7f1068105f00 0x7f1068106320 unknown :-1 s=HELLO_CONNECTING pgs=0 cs=0 l=0 rev1=1 crypto rx=0 tx=0 comp rx=0 tx=0).handle_hello peer v2:172.21.15.107:3300/0 says I am v2:172.21.15.107:38288/0 (socket says 172.21.15.107:38288)
2024-04-25T00:06:49.437 INFO:teuthology.orchestra.run.smithi107.stdout:/usr/bin/ceph: stderr
2024-04-25T00:06:47.854+0000 7f106d053700 1 -- 172.21.15.107:0/1199268890 learned_addr learned my addr 172.21.15.107:0/1199268890 (peer_addr_for_me v2:172.21.15.107:0/0)
2024-04-25T00:06:49.437 INFO:teuthology.orchestra.run.smithi107.stdout:/usr/bin/ceph: stderr
2024-04-25T00:06:47.854+0000 7f106d053700 1 -- 172.21.15.107:0/1199268890 --> [v2:172.21.15.107:3300/0,v1:172.21.15.107:6789/0] -- mon_subscribe({config=0+,monmap=0+}) -- 0x7f1068108e90 con 0x7f1068105f00
2024-04-25T00:06:49.437 INFO:teuthology.orchestra.run.smithi107.stdout:/usr/bin/ceph: stderr
2024-04-25T00:06:47.854+0000 7f106d053700 1 --2- 172.21.15.107:0/1199268890 >> [v2:172.21.15.107:3300/0,v1:172.21.15.107:6789/0] conn(0x7f1068105f00 0x7f1068106320 secure :-1 s=READY pgs=49 cs=0 l=1 rev1=1 crypto rx=0x7f105c0098a0 tx=0x7f105c009bb0 comp rx=0 tx=0).ready entity=mon.0 client_cookie=ef43f0dfedea0850 server_cookie=0 in_seq=0 out_seq=0
2024-04-25T00:06:49.437 INFO:teuthology.orchestra.run.smithi107.stdout:/usr/bin/ceph: stderr
2024-04-25T00:06:47.854+0000 7f105bfff700 1 -- 172.21.15.107:0/1199268890 <== mon.0 v2:172.21.15.107:3300/0 1 ==== mon_map magic: 0 ==== 205+0+0 (secure 0 0 0) 0x7f105c004160 con 0x7f1068105f00
2024-04-25T00:06:49.437 INFO:teuthology.orchestra.run.smithi107.stdout:/usr/bin/ceph: stderr
2024-04-25T00:06:47.854+0000 7f105bfff700 1 -- 172.21.15.107:0/1199268890 <== mon.0 v2:172.21.15.107:3300/0 2 ==== config(27 keys) ==== 1109+0+0 (secure 0 0 0) 0x7f105c004300 con 0x7f1068105f00
2024-04-25T00:06:49.437 INFO:teuthology.orchestra.run.smithi107.stdout:/usr/bin/ceph: stderr
2024-04-25T00:06:47.854+0000 7f105bfff700 1 -- 172.21.15.107:0/1199268890 <== mon.0 v2:172.21.15.107:3300/0 3 ==== mon_map magic: 0 ==== 205+0+0 (secure 0 0 0) 0x7f105c011b50 con 0x7f1068105f00
2024-04-25T00:06:49.437 INFO:teuthology.orchestra.run.smithi107.stdout:/usr/bin/ceph: stderr
2024-04-25T00:06:47.855+0000 7f106f2b7700 1 -- 172.21.15.107:0/1199268890 >> [v2:172.21.15.107:3300/0,v1:172.21.15.107:6789/0] conn(0x7f1068105f00 msgr2=0x7f1068106320 secure :-1 s=STATE_CONNECTION_ESTABLISHED l=1).mark_down
2024-04-25T00:06:49.437 INFO:teuthology.orchestra.run.smithi107.stdout:/usr/bin/ceph: stderr
2024-04-25T00:06:47.855+0000 7f106f2b7700 1 --2- 172.21.15.107:0/1199268890 >> [v2:172.21.15.107:3300/0,v1:172.21.15.107:6789/0] conn(0x7f1068105f00 0x7f1068106320 secure :-1 s=READY pgs=49 cs=0 l=1 rev1=1 crypto rx=0x7f105c0098a0 tx=0x7f105c009bb0 comp rx=0 tx=0).stop
2024-04-25T00:06:49.437 INFO:teuthology.orchestra.run.smithi107.stdout:/usr/bin/ceph: stderr
2024-04-25T00:06:47.855+0000 7f106f2b7700 1 -- 172.21.15.107:0/1199268890 shutdown_connections
2024-04-25T00:06:49.437 INFO:teuthology.orchestra.run.smithi107.stdout:/usr/bin/ceph: stderr
2024-04-25T00:06:47.855+0000 7f106f2b7700 1 --2- 172.21.15.107:0/1199268890 >> [v2:172.21.15.107:3300/0,v1:172.21.15.107:6789/0] conn(0x7f1068105f00 0x7f1068106320 unknown :-1 s=CLOSED pgs=49 cs=0 l=1 rev1=1 crypto rx=0 tx=0 comp rx=0 tx=0).stop
2024-04-25T00:06:49.437 INFO:teuthology.orchestra.run.smithi107.stdout:/usr/bin/ceph: stderr
2024-04-25T00:06:47.855+0000 7f106f2b7700 1 -- 172.21.15.107:0/1199268890 >> 172.21.15.107:0/1199268890 conn(0x7f1068101810 msgr2=0x7f1068103c70 unknown :-1 s=STATE_NONE l=0).mark_down
2024-04-25T00:06:49.437 INFO:teuthology.orchestra.run.smithi107.stdout:/usr/bin/ceph: stderr
2024-04-25T00:06:47.855+0000 7f106f2b7700 1 -- 172.21.15.107:0/1199268890 shutdown_connections
2024-04-25T00:06:49.438 INFO:teuthology.orchestra.run.smithi107.stdout:/usr/bin/ceph: stderr
2024-04-25T00:06:47.855+0000 7f106f2b7700 1 -- 172.21.15.107:0/1199268890 wait complete.
2024-04-25T00:06:49.438 INFO:teuthology.orchestra.run.smithi107.stdout:/usr/bin/ceph: stderr
2024-04-25T00:06:47.855+0000 7f106f2b7700 1 Processor -- start
2024-04-25T00:06:49.438 INFO:teuthology.orchestra.run.smithi107.stdout:/usr/bin/ceph: stderr
2024-04-25T00:06:47.856+0000 7f106f2b7700 1 -- start start
2024-04-25T00:06:49.438 INFO:teuthology.orchestra.run.smithi107.stdout:/usr/bin/ceph: stderr
2024-04-25T00:06:47.856+0000 7f106f2b7700 1 --2- >> [v2:172.21.15.107:3300/0,v1:172.21.15.107:6789/0] conn(0x7f1068105f00 0x7f106819bc00 unknown :-1 s=NONE pgs=0 cs=0 l=1 rev1=0 crypto rx=0 tx=0 comp rx=0 tx=0).connect
2024-04-25T00:06:49.438 INFO:teuthology.orchestra.run.smithi107.stdout:/usr/bin/ceph: stderr
2024-04-25T00:06:47.856+0000 7f106f2b7700 1 -- --> [v2:172.21.15.107:3300/0,v1:172.21.15.107:6789/0] -- mon_getmap magic: 0 -- 0x7f106810c240 con 0x7f1068105f00
2024-04-25T00:06:49.438 INFO:teuthology.orchestra.run.smithi107.stdout:/usr/bin/ceph: stderr
2024-04-25T00:06:47.856+0000 7f106d053700 1 --2- >> [v2:172.21.15.107:3300/0,v1:172.21.15.107:6789/0] conn(0x7f1068105f00 0x7f106819bc00 unknown :-1 s=BANNER_CONNECTING pgs=0 cs=0 l=1 rev1=0 crypto rx=0 tx=0 comp rx=0 tx=0)._handle_peer_banner_payload supported=3 required=0
2024-04-25T00:06:49.438 INFO:teuthology.orchestra.run.smithi107.stdout:/usr/bin/ceph: stderr
2024-04-25T00:06:47.856+0000 7f106d053700 1 --2- >> [v2:172.21.15.107:3300/0,v1:172.21.15.107:6789/0] conn(0x7f1068105f00 0x7f106819bc00 unknown :-1 s=HELLO_CONNECTING pgs=0 cs=0 l=1 rev1=1 crypto rx=0 tx=0 comp rx=0 tx=0).handle_hello peer v2:172.21.15.107:3300/0 says I am v2:172.21.15.107:38290/0 (socket says 172.21.15.107:38290)
2024-04-25T00:06:49.438 INFO:teuthology.orchestra.run.smithi107.stdout:/usr/bin/ceph: stderr
2024-04-25T00:06:47.856+0000 7f106d053700 1 -- 172.21.15.107:0/2633849967 learned_addr learned my addr 172.21.15.107:0/2633849967 (peer_addr_for_me v2:172.21.15.107:0/0)
2024-04-25T00:06:49.438 INFO:teuthology.orchestra.run.smithi107.stdout:/usr/bin/ceph: stderr
2024-04-25T00:06:47.856+0000 7f106d053700 1 -- 172.21.15.107:0/2633849967 --> [v2:172.21.15.107:3300/0,v1:172.21.15.107:6789/0] -- mon_subscribe({config=0+,monmap=0+}) -- 0x7f106819c140 con 0x7f1068105f00
2024-04-25T00:06:49.438 INFO:teuthology.orchestra.run.smithi107.stdout:/usr/bin/ceph: stderr
2024-04-25T00:06:47.856+0000 7f106d053700 1 --2- 172.21.15.107:0/2633849967 >> [v2:172.21.15.107:3300/0,v1:172.21.15.107:6789/0] conn(0x7f1068105f00 0x7f106819bc00 secure :-1 s=READY pgs=50 cs=0 l=1 rev1=1 crypto rx=0x7f105c011670 tx=0x7f105c011b60 comp rx=0 tx=0).ready entity=mon.0 client_cookie=0 server_cookie=0 in_seq=0 out_seq=0
2024-04-25T00:06:49.438 INFO:teuthology.orchestra.run.smithi107.stdout:/usr/bin/ceph: stderr
2024-04-25T00:06:47.856+0000 7f105a7fc700 1 -- 172.21.15.107:0/2633849967 <== mon.0 v2:172.21.15.107:3300/0 1 ==== mon_map magic: 0 ==== 205+0+0 (secure 0 0 0) 0x7f105c0039c0 con 0x7f1068105f00
2024-04-25T00:06:49.438 INFO:teuthology.orchestra.run.smithi107.stdout:/usr/bin/ceph: stderr
2024-04-25T00:06:47.856+0000 7f106f2b7700 1 -- 172.21.15.107:0/2633849967 --> [v2:172.21.15.107:3300/0,v1:172.21.15.107:6789/0] -- mon_subscribe({mgrmap=0+}) -- 0x7f106819c3d0 con 0x7f1068105f00
2024-04-25T00:06:49.438 INFO:teuthology.orchestra.run.smithi107.stdout:/usr/bin/ceph: stderr
2024-04-25T00:06:47.856+0000 7f105a7fc700 1 -- 172.21.15.107:0/2633849967 <== mon.0 v2:172.21.15.107:3300/0 2 ==== config(27 keys) ==== 1109+0+0 (secure 0 0 0) 0x7f105c011e50 con 0x7f1068105f00
2024-04-25T00:06:49.438 INFO:teuthology.orchestra.run.smithi107.stdout:/usr/bin/ceph: stderr
2024-04-25T00:06:47.856+0000 7f105a7fc700 1 -- 172.21.15.107:0/2633849967 <== mon.0 v2:172.21.15.107:3300/0 3 ==== mon_map magic: 0 ==== 205+0+0 (secure 0 0 0) 0x7f105c01a5c0 con 0x7f1068105f00
2024-04-25T00:06:49.438 INFO:teuthology.orchestra.run.smithi107.stdout:/usr/bin/ceph: stderr
2024-04-25T00:06:47.856+0000 7f106f2b7700 1 -- 172.21.15.107:0/2633849967 --> [v2:172.21.15.107:3300/0,v1:172.21.15.107:6789/0] -- mon_subscribe({osdmap=0}) -- 0x7f106819f0c0 con 0x7f1068105f00
2024-04-25T00:06:49.439 INFO:teuthology.orchestra.run.smithi107.stdout:/usr/bin/ceph: stderr
2024-04-25T00:06:47.857+0000 7f105a7fc700 1 -- 172.21.15.107:0/2633849967 <== mon.0 v2:172.21.15.107:3300/0 4 ==== mgrmap(e 8) ==== 46287+0+0 (secure 0 0 0) 0x7f105c024430 con 0x7f1068105f00
2024-04-25T00:06:49.439 INFO:teuthology.orchestra.run.smithi107.stdout:/usr/bin/ceph: stderr
2024-04-25T00:06:47.857+0000 7f106f2b7700 1 -- 172.21.15.107:0/2633849967 --> [v2:172.21.15.107:3300/0,v1:172.21.15.107:6789/0] -- mon_command({"prefix": "get_command_descriptions"} v 0) -- 0x7f1068063890 con 0x7f1068105f00
2024-04-25T00:06:49.439 INFO:teuthology.orchestra.run.smithi107.stdout:/usr/bin/ceph: stderr
2024-04-25T00:06:47.857+0000 7f105a7fc700 1 --2- 172.21.15.107:0/2633849967 >> [v2:172.21.15.107:6800/153169302,v1:172.21.15.107:6801/153169302] conn(0x7f1054039000 0x7f105403b4c0 unknown :-1 s=NONE pgs=0 cs=0 l=1 rev1=0 crypto rx=0 tx=0 comp rx=0 tx=0).connect
2024-04-25T00:06:49.439 INFO:teuthology.orchestra.run.smithi107.stdout:/usr/bin/ceph: stderr
2024-04-25T00:06:47.857+0000 7f105a7fc700 1 -- 172.21.15.107:0/2633849967 <== mon.0 v2:172.21.15.107:3300/0 5 ==== osd_map(2..2 src has 1..2) ==== 940+0+0 (secure 0 0 0) 0x7f105c04d520 con 0x7f1068105f00
2024-04-25T00:06:49.439 INFO:teuthology.orchestra.run.smithi107.stdout:/usr/bin/ceph: stderr
2024-04-25T00:06:47.858+0000 7f106c852700 1 --2- 172.21.15.107:0/2633849967 >> [v2:172.21.15.107:6800/153169302,v1:172.21.15.107:6801/153169302] conn(0x7f1054039000 0x7f105403b4c0 unknown :-1 s=BANNER_CONNECTING pgs=0 cs=0 l=1 rev1=0 crypto rx=0 tx=0 comp rx=0 tx=0)._handle_peer_banner_payload supported=3 required=0
2024-04-25T00:06:49.439 INFO:teuthology.orchestra.run.smithi107.stdout:/usr/bin/ceph: stderr
2024-04-25T00:06:47.858+0000 7f106c852700 1 --2- 172.21.15.107:0/2633849967 >> [v2:172.21.15.107:6800/153169302,v1:172.21.15.107:6801/153169302] conn(0x7f1054039000 0x7f105403b4c0 secure :-1 s=READY pgs=13 cs=0 l=1 rev1=1 crypto rx=0x7f1064006fd0 tx=0x7f1064006e40 comp rx=0 tx=0).ready entity=mgr.14120 client_cookie=0 server_cookie=0 in_seq=0 out_seq=0
2024-04-25T00:06:49.439 INFO:teuthology.orchestra.run.smithi107.stdout:/usr/bin/ceph: stderr
2024-04-25T00:06:47.862+0000 7f105a7fc700 1 -- 172.21.15.107:0/2633849967 <== mon.0 v2:172.21.15.107:3300/0 6 ==== mon_command_ack([{"prefix": "get_command_descriptions"}]=0 v0) ==== 72+0+186147 (secure 0 0 0) 0x7f105c003b60 con 0x7f1068105f00
2024-04-25T00:06:49.439 INFO:teuthology.orchestra.run.smithi107.stdout:/usr/bin/ceph: stderr
2024-04-25T00:06:48.073+0000 7f106f2b7700 1 -- 172.21.15.107:0/2633849967 --> [v2:172.21.15.107:6800/153169302,v1:172.21.15.107:6801/153169302] -- mgr_command(tid 0: {"prefix": "orch apply", "service_type": "mgr", "unmanaged": true, "target": ["mon-mgr", ""]}) -- 0x7f1068102ae0 con 0x7f1054039000
2024-04-25T00:06:49.439 INFO:teuthology.orchestra.run.smithi107.stdout:/usr/bin/ceph: stderr
2024-04-25T00:06:48.078+0000 7f105a7fc700 1 -- 172.21.15.107:0/2633849967 <== mgr.14120 v2:172.21.15.107:6800/153169302 1 ==== mgr_command_reply(tid 0: 0 ) ==== 8+0+24 (secure 0 0 0) 0x7f1068102ae0 con 0x7f1054039000
2024-04-25T00:06:49.439 INFO:teuthology.orchestra.run.smithi107.stdout:/usr/bin/ceph: stderr
2024-04-25T00:06:48.080+0000 7f106f2b7700 1 -- 172.21.15.107:0/2633849967 >> [v2:172.21.15.107:6800/153169302,v1:172.21.15.107:6801/153169302] conn(0x7f1054039000 msgr2=0x7f105403b4c0 secure :-1 s=STATE_CONNECTION_ESTABLISHED l=1).mark_down
2024-04-25T00:06:49.439 INFO:teuthology.orchestra.run.smithi107.stdout:/usr/bin/ceph: stderr
2024-04-25T00:06:48.080+0000 7f106f2b7700 1 --2- 172.21.15.107:0/2633849967 >> [v2:172.21.15.107:6800/153169302,v1:172.21.15.107:6801/153169302] conn(0x7f1054039000 0x7f105403b4c0 secure :-1 s=READY pgs=13 cs=0 l=1 rev1=1 crypto rx=0x7f1064006fd0 tx=0x7f1064006e40 comp rx=0 tx=0).stop
2024-04-25T00:06:49.439 INFO:teuthology.orchestra.run.smithi107.stdout:/usr/bin/ceph: stderr
2024-04-25T00:06:48.080+0000 7f106f2b7700 1 -- 172.21.15.107:0/2633849967 >> [v2:172.21.15.107:3300/0,v1:172.21.15.107:6789/0] conn(0x7f1068105f00 msgr2=0x7f106819bc00 secure :-1 s=STATE_CONNECTION_ESTABLISHED l=1).mark_down
2024-04-25T00:06:49.439 INFO:teuthology.orchestra.run.smithi107.stdout:/usr/bin/ceph: stderr
2024-04-25T00:06:48.080+0000 7f106f2b7700 1 --2- 172.21.15.107:0/2633849967 >> [v2:172.21.15.107:3300/0,v1:172.21.15.107:6789/0] conn(0x7f1068105f00 0x7f106819bc00 secure :-1 s=READY pgs=50 cs=0 l=1 rev1=1 crypto rx=0x7f105c011670 tx=0x7f105c011b60 comp rx=0 tx=0).stop
2024-04-25T00:06:49.440 INFO:teuthology.orchestra.run.smithi107.stdout:/usr/bin/ceph: stderr
2024-04-25T00:06:48.081+0000 7f106f2b7700 1 -- 172.21.15.107:0/2633849967 shutdown_connections
2024-04-25T00:06:49.440 INFO:teuthology.orchestra.run.smithi107.stdout:/usr/bin/ceph: stderr
2024-04-25T00:06:48.081+0000 7f106f2b7700 1 --2- 172.21.15.107:0/2633849967 >> [v2:172.21.15.107:6800/153169302,v1:172.21.15.107:6801/153169302] conn(0x7f1054039000 0x7f105403b4c0 unknown :-1 s=CLOSED pgs=13 cs=0 l=1 rev1=1 crypto rx=0 tx=0 comp rx=0 tx=0).stop
2024-04-25T00:06:49.440 INFO:teuthology.orchestra.run.smithi107.stdout:/usr/bin/ceph: stderr
2024-04-25T00:06:48.081+0000 7f106f2b7700 1 --2- 172.21.15.107:0/2633849967 >> [v2:172.21.15.107:3300/0,v1:172.21.15.107:6789/0] conn(0x7f1068105f00 0x7f106819bc00 unknown :-1 s=CLOSED pgs=50 cs=0 l=1 rev1=1 crypto rx=0 tx=0 comp rx=0 tx=0).stop
2024-04-25T00:06:49.440 INFO:teuthology.orchestra.run.smithi107.stdout:/usr/bin/ceph: stderr
2024-04-25T00:06:48.081+0000 7f106f2b7700 1 -- 172.21.15.107:0/2633849967 >> 172.21.15.107:0/2633849967 conn(0x7f1068101810 msgr2=0x7f10681023d0 unknown :-1 s=STATE_NONE l=0).mark_down
2024-04-25T00:06:49.440 INFO:teuthology.orchestra.run.smithi107.stdout:/usr/bin/ceph: stderr
2024-04-25T00:06:48.081+0000 7f106f2b7700 1 -- 172.21.15.107:0/2633849967 shutdown_connections
2024-04-25T00:06:49.440 INFO:teuthology.orchestra.run.smithi107.stdout:/usr/bin/ceph: stderr
2024-04-25T00:06:48.081+0000 7f106f2b7700 1 -- 172.21.15.107:0/2633849967 wait complete.
2024-04-25T00:06:50.759 INFO:teuthology.orchestra.run.smithi107.stdout:/usr/bin/ceph: stderr
2024-04-25T00:06:49.887+0000 7fdb8aa06700 1 Processor -- start
2024-04-25T00:06:50.759 INFO:teuthology.orchestra.run.smithi107.stdout:/usr/bin/ceph: stderr
2024-04-25T00:06:49.887+0000 7fdb8aa06700 1 -- start start
2024-04-25T00:06:50.759 INFO:teuthology.orchestra.run.smithi107.stdout:/usr/bin/ceph: stderr
2024-04-25T00:06:49.887+0000 7fdb8aa06700 1 --2- >> [v2:172.21.15.107:3300/0,v1:172.21.15.107:6789/0] conn(0x7fdb84108770 0x7fdb8410ab60 unknown :-1 s=NONE pgs=0 cs=0 l=0 rev1=0 crypto rx=0 tx=0 comp rx=0 tx=0).connect
2024-04-25T00:06:50.760 INFO:teuthology.orchestra.run.smithi107.stdout:/usr/bin/ceph: stderr
2024-04-25T00:06:49.887+0000 7fdb8aa06700 1 -- --> [v2:172.21.15.107:3300/0,v1:172.21.15.107:6789/0] -- mon_getmap magic: 0 -- 0x7fdb8407bdd0 con 0x7fdb84108770
2024-04-25T00:06:50.760 INFO:teuthology.orchestra.run.smithi107.stdout:/usr/bin/ceph: stderr
2024-04-25T00:06:49.887+0000 7fdb83fff700 1 --2- >> [v2:172.21.15.107:3300/0,v1:172.21.15.107:6789/0] conn(0x7fdb84108770 0x7fdb8410ab60 unknown :-1 s=BANNER_CONNECTING pgs=0 cs=0 l=0 rev1=0 crypto rx=0 tx=0 comp rx=0 tx=0)._handle_peer_banner_payload supported=3 required=0
2024-04-25T00:06:50.760 INFO:teuthology.orchestra.run.smithi107.stdout:/usr/bin/ceph: stderr
2024-04-25T00:06:49.887+0000 7fdb83fff700 1 --2- >> [v2:172.21.15.107:3300/0,v1:172.21.15.107:6789/0] conn(0x7fdb84108770 0x7fdb8410ab60 unknown :-1 s=HELLO_CONNECTING pgs=0 cs=0 l=0 rev1=1 crypto rx=0 tx=0 comp rx=0 tx=0).handle_hello peer v2:172.21.15.107:3300/0 says I am v2:172.21.15.107:37726/0 (socket says 172.21.15.107:37726)
2024-04-25T00:06:50.760 INFO:teuthology.orchestra.run.smithi107.stdout:/usr/bin/ceph: stderr
2024-04-25T00:06:49.887+0000 7fdb83fff700 1 -- 172.21.15.107:0/1887062628 learned_addr learned my addr 172.21.15.107:0/1887062628 (peer_addr_for_me v2:172.21.15.107:0/0)
2024-04-25T00:06:50.760 INFO:teuthology.orchestra.run.smithi107.stdout:/usr/bin/ceph: stderr
2024-04-25T00:06:49.887+0000 7fdb83fff700 1 -- 172.21.15.107:0/1887062628 --> [v2:172.21.15.107:3300/0,v1:172.21.15.107:6789/0] -- mon_subscribe({config=0+,monmap=0+}) -- 0x7fdb8410b0a0 con 0x7fdb84108770
2024-04-25T00:06:50.760 INFO:teuthology.orchestra.run.smithi107.stdout:/usr/bin/ceph: stderr
2024-04-25T00:06:49.887+0000 7fdb83fff700 1 --2- 172.21.15.107:0/1887062628 >> [v2:172.21.15.107:3300/0,v1:172.21.15.107:6789/0] conn(0x7fdb84108770 0x7fdb8410ab60 secure :-1 s=READY pgs=51 cs=0 l=1 rev1=1 crypto rx=0x7fdb740098a0 tx=0x7fdb74009bb0 comp rx=0 tx=0).ready entity=mon.0 client_cookie=dbe6cb2baab1b0c6 server_cookie=0 in_seq=0 out_seq=0
2024-04-25T00:06:50.760 INFO:teuthology.orchestra.run.smithi107.stdout:/usr/bin/ceph: stderr
2024-04-25T00:06:49.888+0000 7fdb82ffd700 1 -- 172.21.15.107:0/1887062628 <== mon.0 v2:172.21.15.107:3300/0 1 ==== mon_map magic: 0 ==== 205+0+0 (secure 0 0 0) 0x7fdb74004160 con 0x7fdb84108770
2024-04-25T00:06:50.760 INFO:teuthology.orchestra.run.smithi107.stdout:/usr/bin/ceph: stderr
2024-04-25T00:06:49.888+0000 7fdb82ffd700 1 -- 172.21.15.107:0/1887062628 <== mon.0 v2:172.21.15.107:3300/0 2 ==== config(27 keys) ==== 1140+0+0 (secure 0 0 0) 0x7fdb74004300 con 0x7fdb84108770
2024-04-25T00:06:50.760 INFO:teuthology.orchestra.run.smithi107.stdout:/usr/bin/ceph: stderr
2024-04-25T00:06:49.888+0000 7fdb82ffd700 1 -- 172.21.15.107:0/1887062628 <== mon.0 v2:172.21.15.107:3300/0 3 ==== mon_map magic: 0 ==== 205+0+0 (secure 0 0 0) 0x7fdb74011b20 con 0x7fdb84108770
2024-04-25T00:06:50.760 INFO:teuthology.orchestra.run.smithi107.stdout:/usr/bin/ceph: stderr
2024-04-25T00:06:49.888+0000 7fdb8aa06700 1 -- 172.21.15.107:0/1887062628 >> [v2:172.21.15.107:3300/0,v1:172.21.15.107:6789/0] conn(0x7fdb84108770 msgr2=0x7fdb8410ab60 secure :-1 s=STATE_CONNECTION_ESTABLISHED l=1).mark_down
2024-04-25T00:06:50.760 INFO:teuthology.orchestra.run.smithi107.stdout:/usr/bin/ceph: stderr
2024-04-25T00:06:49.888+0000 7fdb8aa06700 1 --2- 172.21.15.107:0/1887062628 >> [v2:172.21.15.107:3300/0,v1:172.21.15.107:6789/0] conn(0x7fdb84108770 0x7fdb8410ab60 secure :-1 s=READY pgs=51 cs=0 l=1 rev1=1 crypto rx=0x7fdb740098a0 tx=0x7fdb74009bb0 comp rx=0 tx=0).stop
2024-04-25T00:06:50.760 INFO:teuthology.orchestra.run.smithi107.stdout:/usr/bin/ceph: stderr
2024-04-25T00:06:49.888+0000 7fdb8aa06700 1 -- 172.21.15.107:0/1887062628 shutdown_connections
2024-04-25T00:06:50.760 INFO:teuthology.orchestra.run.smithi107.stdout:/usr/bin/ceph: stderr
2024-04-25T00:06:49.888+0000 7fdb8aa06700 1 --2- 172.21.15.107:0/1887062628 >> [v2:172.21.15.107:3300/0,v1:172.21.15.107:6789/0] conn(0x7fdb84108770 0x7fdb8410ab60 unknown :-1 s=CLOSED pgs=51 cs=0 l=1 rev1=1 crypto rx=0 tx=0 comp rx=0 tx=0).stop
2024-04-25T00:06:50.760 INFO:teuthology.orchestra.run.smithi107.stdout:/usr/bin/ceph: stderr
2024-04-25T00:06:49.888+0000 7fdb8aa06700 1 -- 172.21.15.107:0/1887062628 >> 172.21.15.107:0/1887062628 conn(0x7fdb841020a0 msgr2=0x7fdb84104500 unknown :-1 s=STATE_NONE l=0).mark_down
2024-04-25T00:06:50.761 INFO:teuthology.orchestra.run.smithi107.stdout:/usr/bin/ceph: stderr
2024-04-25T00:06:49.888+0000 7fdb8aa06700 1 -- 172.21.15.107:0/1887062628 shutdown_connections
2024-04-25T00:06:50.761 INFO:teuthology.orchestra.run.smithi107.stdout:/usr/bin/ceph: stderr
2024-04-25T00:06:49.888+0000 7fdb8aa06700 1 -- 172.21.15.107:0/1887062628 wait complete.
2024-04-25T00:06:50.761 INFO:teuthology.orchestra.run.smithi107.stdout:/usr/bin/ceph: stderr
2024-04-25T00:06:49.889+0000 7fdb8aa06700 1 Processor -- start
2024-04-25T00:06:50.761 INFO:teuthology.orchestra.run.smithi107.stdout:/usr/bin/ceph: stderr
2024-04-25T00:06:49.889+0000 7fdb8aa06700 1 -- start start
2024-04-25T00:06:50.761 INFO:teuthology.orchestra.run.smithi107.stdout:/usr/bin/ceph: stderr
2024-04-25T00:06:49.889+0000 7fdb8aa06700 1 --2- >> [v2:172.21.15.107:3300/0,v1:172.21.15.107:6789/0] conn(0x7fdb84108770 0x7fdb8419bb90 unknown :-1 s=NONE pgs=0 cs=0 l=1 rev1=0 crypto rx=0 tx=0 comp rx=0 tx=0).connect
2024-04-25T00:06:50.761 INFO:teuthology.orchestra.run.smithi107.stdout:/usr/bin/ceph: stderr
2024-04-25T00:06:49.889+0000 7fdb8aa06700 1 -- --> [v2:172.21.15.107:3300/0,v1:172.21.15.107:6789/0] -- mon_getmap magic: 0 -- 0x7fdb8410c040 con 0x7fdb84108770
2024-04-25T00:06:50.761 INFO:teuthology.orchestra.run.smithi107.stdout:/usr/bin/ceph: stderr
2024-04-25T00:06:49.889+0000 7fdb83fff700 1 --2- >> [v2:172.21.15.107:3300/0,v1:172.21.15.107:6789/0] conn(0x7fdb84108770 0x7fdb8419bb90 unknown :-1 s=BANNER_CONNECTING pgs=0 cs=0 l=1 rev1=0 crypto rx=0 tx=0 comp rx=0 tx=0)._handle_peer_banner_payload supported=3 required=0
2024-04-25T00:06:50.761 INFO:teuthology.orchestra.run.smithi107.stdout:/usr/bin/ceph: stderr
2024-04-25T00:06:49.889+0000 7fdb83fff700 1 --2- >> [v2:172.21.15.107:3300/0,v1:172.21.15.107:6789/0] conn(0x7fdb84108770 0x7fdb8419bb90 unknown :-1 s=HELLO_CONNECTING pgs=0 cs=0 l=1 rev1=1 crypto rx=0 tx=0 comp rx=0 tx=0).handle_hello peer v2:172.21.15.107:3300/0 says I am v2:172.21.15.107:37742/0 (socket says 172.21.15.107:37742)
2024-04-25T00:06:50.761 INFO:teuthology.orchestra.run.smithi107.stdout:/usr/bin/ceph: stderr
2024-04-25T00:06:49.889+0000 7fdb83fff700 1 -- 172.21.15.107:0/3694718958 learned_addr learned my addr 172.21.15.107:0/3694718958 (peer_addr_for_me v2:172.21.15.107:0/0)
2024-04-25T00:06:50.761 INFO:teuthology.orchestra.run.smithi107.stdout:/usr/bin/ceph: stderr
2024-04-25T00:06:49.890+0000 7fdb83fff700 1 -- 172.21.15.107:0/3694718958 --> [v2:172.21.15.107:3300/0,v1:172.21.15.107:6789/0] -- mon_subscribe({config=0+,monmap=0+}) -- 0x7fdb8419c0d0 con 0x7fdb84108770
2024-04-25T00:06:50.762 INFO:teuthology.orchestra.run.smithi107.stdout:/usr/bin/ceph: stderr
2024-04-25T00:06:49.890+0000 7fdb83fff700 1 --2- 172.21.15.107:0/3694718958 >> [v2:172.21.15.107:3300/0,v1:172.21.15.107:6789/0] conn(0x7fdb84108770 0x7fdb8419bb90 secure :-1 s=READY pgs=52 cs=0 l=1 rev1=1 crypto rx=0x7fdb740117e0 tx=0x7fdb74011ba0 comp rx=0 tx=0).ready entity=mon.0 client_cookie=0 server_cookie=0 in_seq=0 out_seq=0
2024-04-25T00:06:50.762 INFO:teuthology.orchestra.run.smithi107.stdout:/usr/bin/ceph: stderr
2024-04-25T00:06:49.890+0000 7fdb817fa700 1 -- 172.21.15.107:0/3694718958 <== mon.0 v2:172.21.15.107:3300/0 1 ==== mon_map magic: 0 ==== 205+0+0 (secure 0 0 0) 0x7fdb74003ba0 con 0x7fdb84108770
2024-04-25T00:06:50.762 INFO:teuthology.orchestra.run.smithi107.stdout:/usr/bin/ceph: stderr
2024-04-25T00:06:49.890+0000 7fdb8aa06700 1 -- 172.21.15.107:0/3694718958 --> [v2:172.21.15.107:3300/0,v1:172.21.15.107:6789/0] -- mon_subscribe({mgrmap=0+}) -- 0x7fdb8419c360 con 0x7fdb84108770
2024-04-25T00:06:50.762 INFO:teuthology.orchestra.run.smithi107.stdout:/usr/bin/ceph: stderr
2024-04-25T00:06:49.890+0000 7fdb817fa700 1 -- 172.21.15.107:0/3694718958 <== mon.0 v2:172.21.15.107:3300/0 2 ==== config(27 keys) ==== 1140+0+0 (secure 0 0 0) 0x7fdb7401a910 con 0x7fdb84108770
2024-04-25T00:06:50.762 INFO:teuthology.orchestra.run.smithi107.stdout:/usr/bin/ceph: stderr
2024-04-25T00:06:49.890+0000 7fdb817fa700 1 -- 172.21.15.107:0/3694718958 <== mon.0 v2:172.21.15.107:3300/0 3 ==== mon_map magic: 0 ==== 205+0+0 (secure 0 0 0) 0x7fdb740248f0 con 0x7fdb84108770
2024-04-25T00:06:50.762 INFO:teuthology.orchestra.run.smithi107.stdout:/usr/bin/ceph: stderr
2024-04-25T00:06:49.890+0000 7fdb8aa06700 1 -- 172.21.15.107:0/3694718958 --> [v2:172.21.15.107:3300/0,v1:172.21.15.107:6789/0] -- mon_subscribe({osdmap=0}) -- 0x7fdb8419c7c0 con 0x7fdb84108770
2024-04-25T00:06:50.762 INFO:teuthology.orchestra.run.smithi107.stdout:/usr/bin/ceph: stderr
2024-04-25T00:06:49.891+0000 7fdb817fa700 1 -- 172.21.15.107:0/3694718958 <== mon.0 v2:172.21.15.107:3300/0 4 ==== mgrmap(e 8) ==== 46287+0+0 (secure 0 0 0) 0x7fdb74022020 con 0x7fdb84108770
2024-04-25T00:06:50.762 INFO:teuthology.orchestra.run.smithi107.stdout:/usr/bin/ceph: stderr
2024-04-25T00:06:49.891+0000 7fdb8aa06700 1 -- 172.21.15.107:0/3694718958 --> [v2:172.21.15.107:3300/0,v1:172.21.15.107:6789/0] -- mon_command({"prefix": "get_command_descriptions"} v 0) -- 0x7fdb84063890 con 0x7fdb84108770
2024-04-25T00:06:50.762 INFO:teuthology.orchestra.run.smithi107.stdout:/usr/bin/ceph: stderr
2024-04-25T00:06:49.891+0000 7fdb817fa700 1 --2- 172.21.15.107:0/3694718958 >> [v2:172.21.15.107:6800/153169302,v1:172.21.15.107:6801/153169302] conn(0x7fdb6c039050 0x7fdb6c03b510 unknown :-1 s=NONE pgs=0 cs=0 l=1 rev1=0 crypto rx=0 tx=0 comp rx=0 tx=0).connect
2024-04-25T00:06:50.762 INFO:teuthology.orchestra.run.smithi107.stdout:/usr/bin/ceph: stderr
2024-04-25T00:06:49.891+0000 7fdb817fa700 1 -- 172.21.15.107:0/3694718958 <== mon.0 v2:172.21.15.107:3300/0 5 ==== osd_map(2..2 src has 1..2) ==== 940+0+0 (secure 0 0 0) 0x7fdb7404d8f0 con 0x7fdb84108770
2024-04-25T00:06:50.762 INFO:teuthology.orchestra.run.smithi107.stdout:/usr/bin/ceph: stderr
2024-04-25T00:06:49.892+0000 7fdb837fe700 1 --2- 172.21.15.107:0/3694718958 >> [v2:172.21.15.107:6800/153169302,v1:172.21.15.107:6801/153169302] conn(0x7fdb6c039050 0x7fdb6c03b510 unknown :-1 s=BANNER_CONNECTING pgs=0 cs=0 l=1 rev1=0 crypto rx=0 tx=0 comp rx=0 tx=0)._handle_peer_banner_payload supported=3 required=0
2024-04-25T00:06:50.762 INFO:teuthology.orchestra.run.smithi107.stdout:/usr/bin/ceph: stderr
2024-04-25T00:06:49.892+0000 7fdb837fe700 1 --2- 172.21.15.107:0/3694718958 >> [v2:172.21.15.107:6800/153169302,v1:172.21.15.107:6801/153169302] conn(0x7fdb6c039050 0x7fdb6c03b510 secure :-1 s=READY pgs=14 cs=0 l=1 rev1=1 crypto rx=0x7fdb78006fd0 tx=0x7fdb78006e40 comp rx=0 tx=0).ready entity=mgr.14120 client_cookie=0 server_cookie=0 in_seq=0 out_seq=0
2024-04-25T00:06:50.762 INFO:teuthology.orchestra.run.smithi107.stdout:/usr/bin/ceph: stderr
2024-04-25T00:06:49.896+0000 7fdb817fa700 1 -- 172.21.15.107:0/3694718958 <== mon.0 v2:172.21.15.107:3300/0 6 ==== mon_command_ack([{"prefix": "get_command_descriptions"}]=0 v0) ==== 72+0+186147 (secure 0 0 0) 0x7fdb74020c10 con 0x7fdb84108770
2024-04-25T00:06:50.762 INFO:teuthology.orchestra.run.smithi107.stdout:/usr/bin/ceph: stderr
2024-04-25T00:06:50.099+0000 7fdb8aa06700 1 -- 172.21.15.107:0/3694718958 --> [v2:172.21.15.107:3300/0,v1:172.21.15.107:6789/0] -- mon_command([{prefix=config set, name=mgr/cephadm/container_init}] v 0) -- 0x7fdb8419f110 con 0x7fdb84108770
2024-04-25T00:06:50.763 INFO:teuthology.orchestra.run.smithi107.stdout:/usr/bin/ceph: stderr
2024-04-25T00:06:50.102+0000 7fdb817fa700 1 -- 172.21.15.107:0/3694718958 <== mon.0 v2:172.21.15.107:3300/0 7 ==== mon_command_ack([{prefix=config set, name=mgr/cephadm/container_init}]=0 v7)=0 v7) ==== 142+0+0 (secure 0 0 0) 0x7fdb7400b5a0 con 0x7fdb84108770
2024-04-25T00:06:50.763 INFO:teuthology.orchestra.run.smithi107.stdout:/usr/bin/ceph: stderr
2024-04-25T00:06:50.104+0000 7fdb8aa06700 1 -- 172.21.15.107:0/3694718958 >> [v2:172.21.15.107:6800/153169302,v1:172.21.15.107:6801/153169302] conn(0x7fdb6c039050 msgr2=0x7fdb6c03b510 secure :-1 s=STATE_CONNECTION_ESTABLISHED l=1).mark_down
2024-04-25T00:06:50.763 INFO:teuthology.orchestra.run.smithi107.stdout:/usr/bin/ceph: stderr
2024-04-25T00:06:50.104+0000 7fdb8aa06700 1 --2- 172.21.15.107:0/3694718958 >> [v2:172.21.15.107:6800/153169302,v1:172.21.15.107:6801/153169302] conn(0x7fdb6c039050 0x7fdb6c03b510 secure :-1 s=READY pgs=14 cs=0 l=1 rev1=1 crypto rx=0x7fdb78006fd0 tx=0x7fdb78006e40 comp rx=0 tx=0).stop
2024-04-25T00:06:50.763 INFO:teuthology.orchestra.run.smithi107.stdout:/usr/bin/ceph: stderr
2024-04-25T00:06:50.104+0000 7fdb8aa06700 1 -- 172.21.15.107:0/3694718958 >> [v2:172.21.15.107:3300/0,v1:172.21.15.107:6789/0] conn(0x7fdb84108770 msgr2=0x7fdb8419bb90 secure :-1 s=STATE_CONNECTION_ESTABLISHED l=1).mark_down
2024-04-25T00:06:50.763 INFO:teuthology.orchestra.run.smithi107.stdout:/usr/bin/ceph: stderr
2024-04-25T00:06:50.104+0000 7fdb8aa06700 1 --2- 172.21.15.107:0/3694718958 >> [v2:172.21.15.107:3300/0,v1:172.21.15.107:6789/0] conn(0x7fdb84108770 0x7fdb8419bb90 secure :-1 s=READY pgs=52 cs=0 l=1 rev1=1 crypto rx=0x7fdb740117e0 tx=0x7fdb74011ba0 comp rx=0 tx=0).stop
2024-04-25T00:06:50.763 INFO:teuthology.orchestra.run.smithi107.stdout:/usr/bin/ceph: stderr
2024-04-25T00:06:50.104+0000 7fdb8aa06700 1 -- 172.21.15.107:0/3694718958 shutdown_connections
2024-04-25T00:06:50.763 INFO:teuthology.orchestra.run.smithi107.stdout:/usr/bin/ceph: stderr
2024-04-25T00:06:50.104+0000 7fdb8aa06700 1 --2- 172.21.15.107:0/3694718958 >> [v2:172.21.15.107:6800/153169302,v1:172.21.15.107:6801/153169302] conn(0x7fdb6c039050 0x7fdb6c03b510 unknown :-1 s=CLOSED pgs=14 cs=0 l=1 rev1=1 crypto rx=0 tx=0 comp rx=0 tx=0).stop
2024-04-25T00:06:50.763 INFO:teuthology.orchestra.run.smithi107.stdout:/usr/bin/ceph: stderr
2024-04-25T00:06:50.104+0000 7fdb8aa06700 1 --2- 172.21.15.107:0/3694718958 >> [v2:172.21.15.107:3300/0,v1:172.21.15.107:6789/0] conn(0x7fdb84108770 0x7fdb8419bb90 unknown :-1 s=CLOSED pgs=52 cs=0 l=1 rev1=1 crypto rx=0 tx=0 comp rx=0 tx=0).stop
2024-04-25T00:06:50.763 INFO:teuthology.orchestra.run.smithi107.stdout:/usr/bin/ceph: stderr
2024-04-25T00:06:50.104+0000 7fdb8aa06700 1 -- 172.21.15.107:0/3694718958 >> 172.21.15.107:0/3694718958 conn(0x7fdb841020a0 msgr2=0x7fdb84102bb0 unknown :-1 s=STATE_NONE l=0).mark_down
2024-04-25T00:06:50.763 INFO:teuthology.orchestra.run.smithi107.stdout:/usr/bin/ceph: stderr
2024-04-25T00:06:50.104+0000 7fdb8aa06700 1 -- 172.21.15.107:0/3694718958 shutdown_connections
2024-04-25T00:06:50.763 INFO:teuthology.orchestra.run.smithi107.stdout:/usr/bin/ceph: stderr
2024-04-25T00:06:50.104+0000 7fdb8aa06700 1 -- 172.21.15.107:0/3694718958 wait complete.
2024-04-25T00:06:51.006 INFO:journalctl@ceph.mon.a.smithi107.stdout:Apr 25 00:06:50 smithi107 ceph-mon[29153]: from='mgr.14120 172.21.15.107:0/3931718172' entity='mgr.x'
2024-04-25T00:06:51.006 INFO:journalctl@ceph.mon.a.smithi107.stdout:Apr 25 00:06:50 smithi107 ceph-mon[29153]: from='client.? 172.21.15.107:0/3694718958' entity='client.admin'
2024-04-25T00:06:52.173 INFO:teuthology.orchestra.run.smithi107.stdout:/usr/bin/ceph: stderr
2024-04-25T00:06:51.206+0000 7ff3384fa700 1 Processor -- start
2024-04-25T00:06:52.173 INFO:teuthology.orchestra.run.smithi107.stdout:/usr/bin/ceph: stderr
2024-04-25T00:06:51.206+0000 7ff3384fa700 1 -- start start
2024-04-25T00:06:52.173 INFO:teuthology.orchestra.run.smithi107.stdout:/usr/bin/ceph: stderr
2024-04-25T00:06:51.206+0000 7ff3384fa700 1 --2- >> [v2:172.21.15.107:3300/0,v1:172.21.15.107:6789/0] conn(0x7ff330105ed0 0x7ff3301062f0 unknown :-1 s=NONE pgs=0 cs=0 l=0 rev1=0 crypto rx=0 tx=0 comp rx=0 tx=0).connect
2024-04-25T00:06:52.173 INFO:teuthology.orchestra.run.smithi107.stdout:/usr/bin/ceph: stderr
2024-04-25T00:06:51.206+0000 7ff3384fa700 1 -- --> [v2:172.21.15.107:3300/0,v1:172.21.15.107:6789/0] -- mon_getmap magic: 0 -- 0x7ff3301068c0 con 0x7ff330105ed0
2024-04-25T00:06:52.174 INFO:teuthology.orchestra.run.smithi107.stdout:/usr/bin/ceph: stderr
2024-04-25T00:06:51.206+0000 7ff336296700 1 --2- >> [v2:172.21.15.107:3300/0,v1:172.21.15.107:6789/0] conn(0x7ff330105ed0 0x7ff3301062f0 unknown :-1 s=BANNER_CONNECTING pgs=0 cs=0 l=0 rev1=0 crypto rx=0 tx=0 comp rx=0 tx=0)._handle_peer_banner_payload supported=3 required=0
2024-04-25T00:06:52.174 INFO:teuthology.orchestra.run.smithi107.stdout:/usr/bin/ceph: stderr
