2024-04-25T00:08:27.582+0000 7fd510aa0700 1 -- 172.21.15.134:0/3734331454 shutdown_connections
2024-04-25T00:08:28.308 INFO:teuthology.orchestra.run.smithi134.stdout:/usr/bin/ceph: stderr
2024-04-25T00:08:27.582+0000 7fd510aa0700 1 --2- 172.21.15.134:0/3734331454 >> [v2:172.21.15.134:6800/1011777317,v1:172.21.15.134:6801/1011777317] conn(0x7fd4f403bca0 0x7fd4f403e080 unknown :-1 s=CLOSED pgs=2 cs=0 l=1 rev1=1 crypto rx=0 tx=0 comp rx=0 tx=0).stop
2024-04-25T00:08:28.308 INFO:teuthology.orchestra.run.smithi134.stdout:/usr/bin/ceph: stderr
2024-04-25T00:08:27.582+0000 7fd510aa0700 1 --2- 172.21.15.134:0/3734331454 >> [v2:172.21.15.134:3300/0,v1:172.21.15.134:6789/0] conn(0x7fd50c106650 0x7fd50c199840 unknown :-1 s=CLOSED pgs=74 cs=0 l=1 rev1=1 crypto rx=0 tx=0 comp rx=0 tx=0).stop
2024-04-25T00:08:28.308 INFO:teuthology.orchestra.run.smithi134.stdout:/usr/bin/ceph: stderr
2024-04-25T00:08:27.582+0000 7fd510aa0700 1 --2- 172.21.15.134:0/3734331454 >> [v2:172.21.15.134:6800/1373302474,v1:172.21.15.134:6801/1373302474] conn(0x7fd4f40383f0 0x7fd4f403a8a0 unknown :-1 s=CLOSED pgs=0 cs=0 l=1 rev1=0 crypto rx=0 tx=0 comp rx=0 tx=0).stop
2024-04-25T00:08:28.308 INFO:teuthology.orchestra.run.smithi134.stdout:/usr/bin/ceph: stderr
2024-04-25T00:08:27.582+0000 7fd510aa0700 1 -- 172.21.15.134:0/3734331454 >> 172.21.15.134:0/3734331454 conn(0x7fd50c100070 msgr2=0x7fd50c101760 unknown :-1 s=STATE_NONE l=0).mark_down
2024-04-25T00:08:28.308 INFO:teuthology.orchestra.run.smithi134.stdout:/usr/bin/ceph: stderr
2024-04-25T00:08:27.582+0000 7fd510aa0700 1 -- 172.21.15.134:0/3734331454 shutdown_connections
2024-04-25T00:08:28.308 INFO:teuthology.orchestra.run.smithi134.stdout:/usr/bin/ceph: stderr
2024-04-25T00:08:27.582+0000 7fd510aa0700 1 -- 172.21.15.134:0/3734331454 wait complete.
2024-04-25T00:08:28.308 INFO:teuthology.orchestra.run.smithi134.stdout:mgr epoch 9 is available
2024-04-25T00:08:28.308 INFO:teuthology.orchestra.run.smithi134.stdout:Generating a dashboard self-signed certificate...
2024-04-25T00:08:28.812 INFO:journalctl@ceph.mon.smithi134.smithi134.stdout:Apr 25 00:08:28 smithi134 ceph-mon[26609]: mgrmap e11: smithi134.tarcwc(active, since 1.00558s)
2024-04-25T00:08:28.812 INFO:journalctl@ceph.mon.smithi134.smithi134.stdout:Apr 25 00:08:28 smithi134 ceph-mon[26609]: [25/Apr/2024:00:08:27] ENGINE Bus STARTING
2024-04-25T00:08:28.812 INFO:journalctl@ceph.mon.smithi134.smithi134.stdout:Apr 25 00:08:28 smithi134 ceph-mon[26609]: [25/Apr/2024:00:08:27] ENGINE Serving on http://172.21.15.134:8765
2024-04-25T00:08:28.813 INFO:journalctl@ceph.mon.smithi134.smithi134.stdout:Apr 25 00:08:28 smithi134 ceph-mon[26609]: [25/Apr/2024:00:08:27] ENGINE Serving on https://172.21.15.134:7150
2024-04-25T00:08:28.813 INFO:journalctl@ceph.mon.smithi134.smithi134.stdout:Apr 25 00:08:28 smithi134 ceph-mon[26609]: [25/Apr/2024:00:08:27] ENGINE Bus STARTED
2024-04-25T00:08:28.813 INFO:journalctl@ceph.mon.smithi134.smithi134.stdout:Apr 25 00:08:28 smithi134 ceph-mon[26609]: from='mgr.14164 172.21.15.134:0/2707232805' entity='mgr.smithi134.tarcwc'
2024-04-25T00:08:29.808 INFO:teuthology.orchestra.run.smithi134.stdout:/usr/bin/ceph: stdout Self-signed certificate created
2024-04-25T00:08:29.808 INFO:teuthology.orchestra.run.smithi134.stdout:/usr/bin/ceph: stderr
2024-04-25T00:08:28.891+0000 7ff1813b7700 1 Processor -- start
2024-04-25T00:08:29.808 INFO:teuthology.orchestra.run.smithi134.stdout:/usr/bin/ceph: stderr
2024-04-25T00:08:28.891+0000 7ff1813b7700 1 -- start start
2024-04-25T00:08:29.808 INFO:teuthology.orchestra.run.smithi134.stdout:/usr/bin/ceph: stderr
2024-04-25T00:08:28.891+0000 7ff1813b7700 1 --2- >> [v2:172.21.15.134:3300/0,v1:172.21.15.134:6789/0] conn(0x7ff17c07bdd0 0x7ff17c07a2d0 unknown :-1 s=NONE pgs=0 cs=0 l=0 rev1=0 crypto rx=0 tx=0 comp rx=0 tx=0).connect
2024-04-25T00:08:29.808 INFO:teuthology.orchestra.run.smithi134.stdout:/usr/bin/ceph: stderr
2024-04-25T00:08:28.891+0000 7ff1813b7700 1 -- --> [v2:172.21.15.134:3300/0,v1:172.21.15.134:6789/0] -- mon_getmap magic: 0 v1 -- 0x7ff17c07a810 con 0x7ff17c07bdd0
2024-04-25T00:08:29.808 INFO:teuthology.orchestra.run.smithi134.stdout:/usr/bin/ceph: stderr
2024-04-25T00:08:28.892+0000 7ff17affd700 1 --2- >> [v2:172.21.15.134:3300/0,v1:172.21.15.134:6789/0] conn(0x7ff17c07bdd0 0x7ff17c07a2d0 unknown :-1 s=BANNER_CONNECTING pgs=0 cs=0 l=0 rev1=0 crypto rx=0 tx=0 comp rx=0 tx=0)._handle_peer_banner_payload supported=3 required=0
2024-04-25T00:08:29.808 INFO:teuthology.orchestra.run.smithi134.stdout:/usr/bin/ceph: stderr
2024-04-25T00:08:28.892+0000 7ff17affd700 1 --2- >> [v2:172.21.15.134:3300/0,v1:172.21.15.134:6789/0] conn(0x7ff17c07bdd0 0x7ff17c07a2d0 unknown :-1 s=HELLO_CONNECTING pgs=0 cs=0 l=0 rev1=1 crypto rx=0 tx=0 comp rx=0 tx=0).handle_hello peer v2:172.21.15.134:3300/0 says I am v2:172.21.15.134:55656/0 (socket says 172.21.15.134:55656)
2024-04-25T00:08:29.808 INFO:teuthology.orchestra.run.smithi134.stdout:/usr/bin/ceph: stderr
2024-04-25T00:08:28.892+0000 7ff17affd700 1 -- 172.21.15.134:0/2138834053 learned_addr learned my addr 172.21.15.134:0/2138834053 (peer_addr_for_me v2:172.21.15.134:0/0)
2024-04-25T00:08:29.808 INFO:teuthology.orchestra.run.smithi134.stdout:/usr/bin/ceph: stderr
2024-04-25T00:08:28.892+0000 7ff17affd700 1 -- 172.21.15.134:0/2138834053 --> [v2:172.21.15.134:3300/0,v1:172.21.15.134:6789/0] -- mon_subscribe({config=0+,monmap=0+}) v3 -- 0x7ff17c07a950 con 0x7ff17c07bdd0
2024-04-25T00:08:29.809 INFO:teuthology.orchestra.run.smithi134.stdout:/usr/bin/ceph: stderr
2024-04-25T00:08:28.892+0000 7ff17affd700 1 --2- 172.21.15.134:0/2138834053 >> [v2:172.21.15.134:3300/0,v1:172.21.15.134:6789/0] conn(0x7ff17c07bdd0 0x7ff17c07a2d0 secure :-1 s=READY pgs=82 cs=0 l=1 rev1=1 crypto rx=0x7ff16c0098a0 tx=0x7ff16c009bb0 comp rx=0 tx=0).ready entity=mon.0 client_cookie=c9c398c0e9b84a3d server_cookie=0 in_seq=0 out_seq=0
2024-04-25T00:08:29.809 INFO:teuthology.orchestra.run.smithi134.stdout:/usr/bin/ceph: stderr
2024-04-25T00:08:28.892+0000 7ff179ffb700 1 -- 172.21.15.134:0/2138834053 <== mon.0 v2:172.21.15.134:3300/0 1 ==== mon_map magic: 0 v1 ==== 229+0+0 (secure 0 0 0) 0x7ff16c004180 con 0x7ff17c07bdd0
2024-04-25T00:08:29.809 INFO:teuthology.orchestra.run.smithi134.stdout:/usr/bin/ceph: stderr
2024-04-25T00:08:28.892+0000 7ff179ffb700 1 -- 172.21.15.134:0/2138834053 <== mon.0 v2:172.21.15.134:3300/0 2 ==== config(27 keys) v1 ==== 1101+0+0 (secure 0 0 0) 0x7ff16c0042e0 con 0x7ff17c07bdd0
2024-04-25T00:08:29.809 INFO:teuthology.orchestra.run.smithi134.stdout:/usr/bin/ceph: stderr
2024-04-25T00:08:28.892+0000 7ff179ffb700 1 -- 172.21.15.134:0/2138834053 <== mon.0 v2:172.21.15.134:3300/0 3 ==== mon_map magic: 0 v1 ==== 229+0+0 (secure 0 0 0) 0x7ff16c011af0 con 0x7ff17c07bdd0
2024-04-25T00:08:29.809 INFO:teuthology.orchestra.run.smithi134.stdout:/usr/bin/ceph: stderr
2024-04-25T00:08:28.893+0000 7ff1813b7700 1 -- 172.21.15.134:0/2138834053 >> [v2:172.21.15.134:3300/0,v1:172.21.15.134:6789/0] conn(0x7ff17c07bdd0 msgr2=0x7ff17c07a2d0 secure :-1 s=STATE_CONNECTION_ESTABLISHED l=1).mark_down
2024-04-25T00:08:29.809 INFO:teuthology.orchestra.run.smithi134.stdout:/usr/bin/ceph: stderr
2024-04-25T00:08:28.893+0000 7ff1813b7700 1 --2- 172.21.15.134:0/2138834053 >> [v2:172.21.15.134:3300/0,v1:172.21.15.134:6789/0] conn(0x7ff17c07bdd0 0x7ff17c07a2d0 secure :-1 s=READY pgs=82 cs=0 l=1 rev1=1 crypto rx=0x7ff16c0098a0 tx=0x7ff16c009bb0 comp rx=0 tx=0).stop
2024-04-25T00:08:29.809 INFO:teuthology.orchestra.run.smithi134.stdout:/usr/bin/ceph: stderr
2024-04-25T00:08:28.893+0000 7ff1813b7700 1 -- 172.21.15.134:0/2138834053 shutdown_connections
2024-04-25T00:08:29.809 INFO:teuthology.orchestra.run.smithi134.stdout:/usr/bin/ceph: stderr
2024-04-25T00:08:28.893+0000 7ff1813b7700 1 --2- 172.21.15.134:0/2138834053 >> [v2:172.21.15.134:3300/0,v1:172.21.15.134:6789/0] conn(0x7ff17c07bdd0 0x7ff17c07a2d0 unknown :-1 s=CLOSED pgs=82 cs=0 l=1 rev1=1 crypto rx=0 tx=0 comp rx=0 tx=0).stop
2024-04-25T00:08:29.809 INFO:teuthology.orchestra.run.smithi134.stdout:/usr/bin/ceph: stderr
2024-04-25T00:08:28.893+0000 7ff1813b7700 1 -- 172.21.15.134:0/2138834053 >> 172.21.15.134:0/2138834053 conn(0x7ff17c101180 msgr2=0x7ff17c103590 unknown :-1 s=STATE_NONE l=0).mark_down
2024-04-25T00:08:29.809 INFO:teuthology.orchestra.run.smithi134.stdout:/usr/bin/ceph: stderr
2024-04-25T00:08:28.893+0000 7ff1813b7700 1 -- 172.21.15.134:0/2138834053 shutdown_connections
2024-04-25T00:08:29.809 INFO:teuthology.orchestra.run.smithi134.stdout:/usr/bin/ceph: stderr
2024-04-25T00:08:28.893+0000 7ff1813b7700 1 -- 172.21.15.134:0/2138834053 wait complete.
2024-04-25T00:08:29.809 INFO:teuthology.orchestra.run.smithi134.stdout:/usr/bin/ceph: stderr
2024-04-25T00:08:28.893+0000 7ff1813b7700 1 Processor -- start
2024-04-25T00:08:29.809 INFO:teuthology.orchestra.run.smithi134.stdout:/usr/bin/ceph: stderr
2024-04-25T00:08:28.894+0000 7ff1813b7700 1 -- start start
2024-04-25T00:08:29.809 INFO:teuthology.orchestra.run.smithi134.stdout:/usr/bin/ceph: stderr
2024-04-25T00:08:28.894+0000 7ff1813b7700 1 --2- >> [v2:172.21.15.134:3300/0,v1:172.21.15.134:6789/0] conn(0x7ff17c07bdd0 0x7ff17c19ba90 unknown :-1 s=NONE pgs=0 cs=0 l=1 rev1=0 crypto rx=0 tx=0 comp rx=0 tx=0).connect
2024-04-25T00:08:29.810 INFO:teuthology.orchestra.run.smithi134.stdout:/usr/bin/ceph: stderr
2024-04-25T00:08:28.894+0000 7ff1813b7700 1 -- --> [v2:172.21.15.134:3300/0,v1:172.21.15.134:6789/0] -- mon_getmap magic: 0 v1 -- 0x7ff17c19bfd0 con 0x7ff17c07bdd0
2024-04-25T00:08:29.810 INFO:teuthology.orchestra.run.smithi134.stdout:/usr/bin/ceph: stderr
2024-04-25T00:08:28.894+0000 7ff17affd700 1 --2- >> [v2:172.21.15.134:3300/0,v1:172.21.15.134:6789/0] conn(0x7ff17c07bdd0 0x7ff17c19ba90 unknown :-1 s=BANNER_CONNECTING pgs=0 cs=0 l=1 rev1=0 crypto rx=0 tx=0 comp rx=0 tx=0)._handle_peer_banner_payload supported=3 required=0
2024-04-25T00:08:29.810 INFO:teuthology.orchestra.run.smithi134.stdout:/usr/bin/ceph: stderr
2024-04-25T00:08:28.894+0000 7ff17affd700 1 --2- >> [v2:172.21.15.134:3300/0,v1:172.21.15.134:6789/0] conn(0x7ff17c07bdd0 0x7ff17c19ba90 unknown :-1 s=HELLO_CONNECTING pgs=0 cs=0 l=1 rev1=1 crypto rx=0 tx=0 comp rx=0 tx=0).handle_hello peer v2:172.21.15.134:3300/0 says I am v2:172.21.15.134:55664/0 (socket says 172.21.15.134:55664)
2024-04-25T00:08:29.810 INFO:teuthology.orchestra.run.smithi134.stdout:/usr/bin/ceph: stderr
2024-04-25T00:08:28.894+0000 7ff17affd700 1 -- 172.21.15.134:0/2636171756 learned_addr learned my addr 172.21.15.134:0/2636171756 (peer_addr_for_me v2:172.21.15.134:0/0)
2024-04-25T00:08:29.810 INFO:teuthology.orchestra.run.smithi134.stdout:/usr/bin/ceph: stderr
2024-04-25T00:08:28.894+0000 7ff17affd700 1 -- 172.21.15.134:0/2636171756 --> [v2:172.21.15.134:3300/0,v1:172.21.15.134:6789/0] -- mon_subscribe({config=0+,monmap=0+}) v3 -- 0x7ff16c009550 con 0x7ff17c07bdd0
2024-04-25T00:08:29.810 INFO:teuthology.orchestra.run.smithi134.stdout:/usr/bin/ceph: stderr
2024-04-25T00:08:28.894+0000 7ff17affd700 1 --2- 172.21.15.134:0/2636171756 >> [v2:172.21.15.134:3300/0,v1:172.21.15.134:6789/0] conn(0x7ff17c07bdd0 0x7ff17c19ba90 secure :-1 s=READY pgs=83 cs=0 l=1 rev1=1 crypto rx=0x7ff16c006ba0 tx=0x7ff16c011b50 comp rx=0 tx=0).ready entity=mon.0 client_cookie=0 server_cookie=0 in_seq=0 out_seq=0
2024-04-25T00:08:29.810 INFO:teuthology.orchestra.run.smithi134.stdout:/usr/bin/ceph: stderr
2024-04-25T00:08:28.894+0000 7ff163fff700 1 -- 172.21.15.134:0/2636171756 <== mon.0 v2:172.21.15.134:3300/0 1 ==== mon_map magic: 0 v1 ==== 229+0+0 (secure 0 0 0) 0x7ff16c003b00 con 0x7ff17c07bdd0
2024-04-25T00:08:29.810 INFO:teuthology.orchestra.run.smithi134.stdout:/usr/bin/ceph: stderr
2024-04-25T00:08:28.894+0000 7ff1813b7700 1 -- 172.21.15.134:0/2636171756 --> [v2:172.21.15.134:3300/0,v1:172.21.15.134:6789/0] -- mon_subscribe({mgrmap=0+}) v3 -- 0x7ff17c19c1d0 con 0x7ff17c07bdd0
2024-04-25T00:08:29.810 INFO:teuthology.orchestra.run.smithi134.stdout:/usr/bin/ceph: stderr
2024-04-25T00:08:28.894+0000 7ff163fff700 1 -- 172.21.15.134:0/2636171756 <== mon.0 v2:172.21.15.134:3300/0 2 ==== config(27 keys) v1 ==== 1101+0+0 (secure 0 0 0) 0x7ff16c01a8e0 con 0x7ff17c07bdd0
2024-04-25T00:08:29.810 INFO:teuthology.orchestra.run.smithi134.stdout:/usr/bin/ceph: stderr
2024-04-25T00:08:28.894+0000 7ff163fff700 1 -- 172.21.15.134:0/2636171756 <== mon.0 v2:172.21.15.134:3300/0 3 ==== mon_map magic: 0 v1 ==== 229+0+0 (secure 0 0 0) 0x7ff16c019990 con 0x7ff17c07bdd0
2024-04-25T00:08:29.810 INFO:teuthology.orchestra.run.smithi134.stdout:/usr/bin/ceph: stderr
2024-04-25T00:08:28.894+0000 7ff1813b7700 1 -- 172.21.15.134:0/2636171756 --> [v2:172.21.15.134:3300/0,v1:172.21.15.134:6789/0] -- mon_subscribe({osdmap=0}) v3 -- 0x7ff17c19c5f0 con 0x7ff17c07bdd0
2024-04-25T00:08:29.810 INFO:teuthology.orchestra.run.smithi134.stdout:/usr/bin/ceph: stderr
2024-04-25T00:08:28.895+0000 7ff163fff700 1 -- 172.21.15.134:0/2636171756 <== mon.0 v2:172.21.15.134:3300/0 4 ==== mgrmap(e 11) v1 ==== 44991+0+0 (secure 0 0 0) 0x7ff16c019c50 con 0x7ff17c07bdd0
2024-04-25T00:08:29.810 INFO:teuthology.orchestra.run.smithi134.stdout:/usr/bin/ceph: stderr
2024-04-25T00:08:28.895+0000 7ff163fff700 1 --2- 172.21.15.134:0/2636171756 >> [v2:172.21.15.134:6800/1011777317,v1:172.21.15.134:6801/1011777317] conn(0x7ff1640382c0 0x7ff16403a770 unknown :-1 s=NONE pgs=0 cs=0 l=1 rev1=0 crypto rx=0 tx=0 comp rx=0 tx=0).connect
2024-04-25T00:08:29.810 INFO:teuthology.orchestra.run.smithi134.stdout:/usr/bin/ceph: stderr
2024-04-25T00:08:28.895+0000 7ff1813b7700 1 -- 172.21.15.134:0/2636171756 --> [v2:172.21.15.134:3300/0,v1:172.21.15.134:6789/0] -- mon_command({"prefix": "get_command_descriptions"} v 0) v1 -- 0x7ff17c062380 con 0x7ff17c07bdd0
2024-04-25T00:08:29.811 INFO:teuthology.orchestra.run.smithi134.stdout:/usr/bin/ceph: stderr
2024-04-25T00:08:28.895+0000 7ff163fff700 1 -- 172.21.15.134:0/2636171756 <== mon.0 v2:172.21.15.134:3300/0 5 ==== osd_map(3..3 src has 1..3) v4 ==== 1155+0+0 (secure 0 0 0) 0x7ff16c04c520 con 0x7ff17c07bdd0
2024-04-25T00:08:29.811 INFO:teuthology.orchestra.run.smithi134.stdout:/usr/bin/ceph: stderr
2024-04-25T00:08:28.895+0000 7ff17a7fc700 1 --2- 172.21.15.134:0/2636171756 >> [v2:172.21.15.134:6800/1011777317,v1:172.21.15.134:6801/1011777317] conn(0x7ff1640382c0 0x7ff16403a770 unknown :-1 s=BANNER_CONNECTING pgs=0 cs=0 l=1 rev1=0 crypto rx=0 tx=0 comp rx=0 tx=0)._handle_peer_banner_payload supported=3 required=0
2024-04-25T00:08:29.811 INFO:teuthology.orchestra.run.smithi134.stdout:/usr/bin/ceph: stderr
2024-04-25T00:08:28.896+0000 7ff17a7fc700 1 --2- 172.21.15.134:0/2636171756 >> [v2:172.21.15.134:6800/1011777317,v1:172.21.15.134:6801/1011777317] conn(0x7ff1640382c0 0x7ff16403a770 secure :-1 s=READY pgs=7 cs=0 l=1 rev1=1 crypto rx=0x7ff170006fd0 tx=0x7ff170006e40 comp rx=0 tx=0).ready entity=mgr.14164 client_cookie=0 server_cookie=0 in_seq=0 out_seq=0
2024-04-25T00:08:29.811 INFO:teuthology.orchestra.run.smithi134.stdout:/usr/bin/ceph: stderr
2024-04-25T00:08:28.900+0000 7ff163fff700 1 -- 172.21.15.134:0/2636171756 <== mon.0 v2:172.21.15.134:3300/0 6 ==== mon_command_ack([{"prefix": "get_command_descriptions"}]=0 v0) v1 ==== 72+0+177933 (secure 0 0 0) 0x7ff16c01a430 con 0x7ff17c07bdd0
2024-04-25T00:08:29.811 INFO:teuthology.orchestra.run.smithi134.stdout:/usr/bin/ceph: stderr
2024-04-25T00:08:29.102+0000 7ff1813b7700 1 -- 172.21.15.134:0/2636171756 --> [v2:172.21.15.134:6800/1011777317,v1:172.21.15.134:6801/1011777317] -- mgr_command(tid 0: {"prefix": "dashboard create-self-signed-cert", "target": ["mon-mgr", ""]}) v1 -- 0x7ff17c102670 con 0x7ff1640382c0
2024-04-25T00:08:29.811 INFO:teuthology.orchestra.run.smithi134.stdout:/usr/bin/ceph: stderr
2024-04-25T00:08:29.206+0000 7ff163fff700 1 -- 172.21.15.134:0/2636171756 <== mgr.14164 v2:172.21.15.134:6800/1011777317 1 ==== mgr_command_reply(tid 0: 0 ) v1 ==== 8+0+32 (secure 0 0 0) 0x7ff17c102670 con 0x7ff1640382c0
2024-04-25T00:08:29.811 INFO:teuthology.orchestra.run.smithi134.stdout:/usr/bin/ceph: stderr
2024-04-25T00:08:29.208+0000 7ff1813b7700 1 -- 172.21.15.134:0/2636171756 >> [v2:172.21.15.134:6800/1011777317,v1:172.21.15.134:6801/1011777317] conn(0x7ff1640382c0 msgr2=0x7ff16403a770 secure :-1 s=STATE_CONNECTION_ESTABLISHED l=1).mark_down
2024-04-25T00:08:29.811 INFO:teuthology.orchestra.run.smithi134.stdout:/usr/bin/ceph: stderr
2024-04-25T00:08:29.208+0000 7ff1813b7700 1 --2- 172.21.15.134:0/2636171756 >> [v2:172.21.15.134:6800/1011777317,v1:172.21.15.134:6801/1011777317] conn(0x7ff1640382c0 0x7ff16403a770 secure :-1 s=READY pgs=7 cs=0 l=1 rev1=1 crypto rx=0x7ff170006fd0 tx=0x7ff170006e40 comp rx=0 tx=0).stop
2024-04-25T00:08:29.811 INFO:teuthology.orchestra.run.smithi134.stdout:/usr/bin/ceph: stderr
2024-04-25T00:08:29.208+0000 7ff1813b7700 1 -- 172.21.15.134:0/2636171756 >> [v2:172.21.15.134:3300/0,v1:172.21.15.134:6789/0] conn(0x7ff17c07bdd0 msgr2=0x7ff17c19ba90 secure :-1 s=STATE_CONNECTION_ESTABLISHED l=1).mark_down
2024-04-25T00:08:29.811 INFO:teuthology.orchestra.run.smithi134.stdout:/usr/bin/ceph: stderr
2024-04-25T00:08:29.208+0000 7ff1813b7700 1 --2- 172.21.15.134:0/2636171756 >> [v2:172.21.15.134:3300/0,v1:172.21.15.134:6789/0] conn(0x7ff17c07bdd0 0x7ff17c19ba90 secure :-1 s=READY pgs=83 cs=0 l=1 rev1=1 crypto rx=0x7ff16c006ba0 tx=0x7ff16c011b50 comp rx=0 tx=0).stop
2024-04-25T00:08:29.811 INFO:teuthology.orchestra.run.smithi134.stdout:/usr/bin/ceph: stderr
2024-04-25T00:08:29.208+0000 7ff1813b7700 1 -- 172.21.15.134:0/2636171756 shutdown_connections
2024-04-25T00:08:29.811 INFO:teuthology.orchestra.run.smithi134.stdout:/usr/bin/ceph: stderr
2024-04-25T00:08:29.208+0000 7ff1813b7700 1 --2- 172.21.15.134:0/2636171756 >> [v2:172.21.15.134:6800/1011777317,v1:172.21.15.134:6801/1011777317] conn(0x7ff1640382c0 0x7ff16403a770 unknown :-1 s=CLOSED pgs=7 cs=0 l=1 rev1=1 crypto rx=0 tx=0 comp rx=0 tx=0).stop
2024-04-25T00:08:29.811 INFO:teuthology.orchestra.run.smithi134.stdout:/usr/bin/ceph: stderr
2024-04-25T00:08:29.208+0000 7ff1813b7700 1 --2- 172.21.15.134:0/2636171756 >> [v2:172.21.15.134:3300/0,v1:172.21.15.134:6789/0] conn(0x7ff17c07bdd0 0x7ff17c19ba90 unknown :-1 s=CLOSED pgs=83 cs=0 l=1 rev1=1 crypto rx=0 tx=0 comp rx=0 tx=0).stop
2024-04-25T00:08:29.811 INFO:teuthology.orchestra.run.smithi134.stdout:/usr/bin/ceph: stderr
2024-04-25T00:08:29.208+0000 7ff1813b7700 1 -- 172.21.15.134:0/2636171756 >> 172.21.15.134:0/2636171756 conn(0x7ff17c101180 msgr2=0x7ff17c101f60 unknown :-1 s=STATE_NONE l=0).mark_down
2024-04-25T00:08:29.812 INFO:teuthology.orchestra.run.smithi134.stdout:/usr/bin/ceph: stderr
2024-04-25T00:08:29.208+0000 7ff1813b7700 1 -- 172.21.15.134:0/2636171756 shutdown_connections
2024-04-25T00:08:29.812 INFO:teuthology.orchestra.run.smithi134.stdout:/usr/bin/ceph: stderr
2024-04-25T00:08:29.208+0000 7ff1813b7700 1 -- 172.21.15.134:0/2636171756 wait complete.
2024-04-25T00:08:29.812 INFO:teuthology.orchestra.run.smithi134.stdout:Creating initial admin user...
2024-04-25T00:08:30.425 INFO:journalctl@ceph.mon.smithi134.smithi134.stdout:Apr 25 00:08:30 smithi134 ceph-mon[26609]: from='client.14176 -' entity='client.admin' cmd=[{"prefix": "dashboard create-self-signed-cert", "target": ["mon-mgr", ""]}]: dispatch
2024-04-25T00:08:30.426 INFO:journalctl@ceph.mon.smithi134.smithi134.stdout:Apr 25 00:08:30 smithi134 ceph-mon[26609]: from='mgr.14164 172.21.15.134:0/2707232805' entity='mgr.smithi134.tarcwc'
2024-04-25T00:08:30.426 INFO:journalctl@ceph.mon.smithi134.smithi134.stdout:Apr 25 00:08:30 smithi134 ceph-mon[26609]: from='mgr.14164 172.21.15.134:0/2707232805' entity='mgr.smithi134.tarcwc'
2024-04-25T00:08:30.426 INFO:journalctl@ceph.mon.smithi134.smithi134.stdout:Apr 25 00:08:30 smithi134 ceph-mon[26609]: mgrmap e12: smithi134.tarcwc(active, since 2s)
2024-04-25T00:08:30.426 INFO:journalctl@ceph.mon.smithi134.smithi134.stdout:Apr 25 00:08:30 smithi134 ceph-mon[26609]: from='mgr.14164 172.21.15.134:0/2707232805' entity='mgr.smithi134.tarcwc'
2024-04-25T00:08:31.311 INFO:teuthology.orchestra.run.smithi134.stdout:/usr/bin/ceph: stdout {"username": "admin", "password": "$2b$12$l4l86rjFrg42aDDKteqMq.AldnOJGbuTQrdk474fhmPKcfLLdwe66", "roles": ["administrator"], "name": null, "email": null, "lastUpdate": 1714003710, "enabled": true, "pwdExpirationDate": null, "pwdUpdateRequired": true}
2024-04-25T00:08:31.312 INFO:teuthology.orchestra.run.smithi134.stdout:/usr/bin/ceph: stderr
2024-04-25T00:08:30.228+0000 7f1225b21700 1 Processor -- start
2024-04-25T00:08:31.312 INFO:teuthology.orchestra.run.smithi134.stdout:/usr/bin/ceph: stderr
2024-04-25T00:08:30.228+0000 7f1225b21700 1 -- start start
2024-04-25T00:08:31.312 INFO:teuthology.orchestra.run.smithi134.stdout:/usr/bin/ceph: stderr
2024-04-25T00:08:30.228+0000 7f1225b21700 1 --2- >> [v2:172.21.15.134:3300/0,v1:172.21.15.134:6789/0] conn(0x7f1220080300 0x7f122010ecd0 unknown :-1 s=NONE pgs=0 cs=0 l=0 rev1=0 crypto rx=0 tx=0 comp rx=0 tx=0).connect
2024-04-25T00:08:31.312 INFO:teuthology.orchestra.run.smithi134.stdout:/usr/bin/ceph: stderr
2024-04-25T00:08:30.228+0000 7f1225b21700 1 -- --> [v2:172.21.15.134:3300/0,v1:172.21.15.134:6789/0] -- mon_getmap magic: 0 v1 -- 0x7f122010f210 con 0x7f1220080300
2024-04-25T00:08:31.312 INFO:teuthology.orchestra.run.smithi134.stdout:/usr/bin/ceph: stderr
2024-04-25T00:08:30.228+0000 7f121f7fe700 1 --2- >> [v2:172.21.15.134:3300/0,v1:172.21.15.134:6789/0] conn(0x7f1220080300 0x7f122010ecd0 unknown :-1 s=BANNER_CONNECTING pgs=0 cs=0 l=0 rev1=0 crypto rx=0 tx=0 comp rx=0 tx=0)._handle_peer_banner_payload supported=3 required=0
2024-04-25T00:08:31.312 INFO:teuthology.orchestra.run.smithi134.stdout:/usr/bin/ceph: stderr
2024-04-25T00:08:30.228+0000 7f121f7fe700 1 --2- >> [v2:172.21.15.134:3300/0,v1:172.21.15.134:6789/0] conn(0x7f1220080300 0x7f122010ecd0 unknown :-1 s=HELLO_CONNECTING pgs=0 cs=0 l=0 rev1=1 crypto rx=0 tx=0 comp rx=0 tx=0).handle_hello peer v2:172.21.15.134:3300/0 says I am v2:172.21.15.134:55676/0 (socket says 172.21.15.134:55676)
2024-04-25T00:08:31.312 INFO:teuthology.orchestra.run.smithi134.stdout:/usr/bin/ceph: stderr
2024-04-25T00:08:30.228+0000 7f121f7fe700 1 -- 172.21.15.134:0/3124983096 learned_addr learned my addr 172.21.15.134:0/3124983096 (peer_addr_for_me v2:172.21.15.134:0/0)
2024-04-25T00:08:31.312 INFO:teuthology.orchestra.run.smithi134.stdout:/usr/bin/ceph: stderr
2024-04-25T00:08:30.228+0000 7f121f7fe700 1 -- 172.21.15.134:0/3124983096 --> [v2:172.21.15.134:3300/0,v1:172.21.15.134:6789/0] -- mon_subscribe({config=0+,monmap=0+}) v3 -- 0x7f122010f350 con 0x7f1220080300
2024-04-25T00:08:31.312 INFO:teuthology.orchestra.run.smithi134.stdout:/usr/bin/ceph: stderr
2024-04-25T00:08:30.229+0000 7f121f7fe700 1 --2- 172.21.15.134:0/3124983096 >> [v2:172.21.15.134:3300/0,v1:172.21.15.134:6789/0] conn(0x7f1220080300 0x7f122010ecd0 secure :-1 s=READY pgs=84 cs=0 l=1 rev1=1 crypto rx=0x7f12100098a0 tx=0x7f1210009bb0 comp rx=0 tx=0).ready entity=mon.0 client_cookie=ac2b0e9bcceecaf server_cookie=0 in_seq=0 out_seq=0
2024-04-25T00:08:31.313 INFO:teuthology.orchestra.run.smithi134.stdout:/usr/bin/ceph: stderr
2024-04-25T00:08:30.229+0000 7f121e7fc700 1 -- 172.21.15.134:0/3124983096 <== mon.0 v2:172.21.15.134:3300/0 1 ==== mon_map magic: 0 v1 ==== 229+0+0 (secure 0 0 0) 0x7f1210004180 con 0x7f1220080300
2024-04-25T00:08:31.313 INFO:teuthology.orchestra.run.smithi134.stdout:/usr/bin/ceph: stderr
2024-04-25T00:08:30.229+0000 7f121e7fc700 1 -- 172.21.15.134:0/3124983096 <== mon.0 v2:172.21.15.134:3300/0 2 ==== config(27 keys) v1 ==== 1101+0+0 (secure 0 0 0) 0x7f12100042e0 con 0x7f1220080300
2024-04-25T00:08:31.313 INFO:teuthology.orchestra.run.smithi134.stdout:/usr/bin/ceph: stderr
2024-04-25T00:08:30.229+0000 7f121e7fc700 1 -- 172.21.15.134:0/3124983096 <== mon.0 v2:172.21.15.134:3300/0 3 ==== mon_map magic: 0 v1 ==== 229+0+0 (secure 0 0 0) 0x7f1210011af0 con 0x7f1220080300
2024-04-25T00:08:31.313 INFO:teuthology.orchestra.run.smithi134.stdout:/usr/bin/ceph: stderr
2024-04-25T00:08:30.230+0000 7f1225b21700 1 -- 172.21.15.134:0/3124983096 >> [v2:172.21.15.134:3300/0,v1:172.21.15.134:6789/0] conn(0x7f1220080300 msgr2=0x7f122010ecd0 secure :-1 s=STATE_CONNECTION_ESTABLISHED l=1).mark_down
2024-04-25T00:08:31.313 INFO:teuthology.orchestra.run.smithi134.stdout:/usr/bin/ceph: stderr
2024-04-25T00:08:30.230+0000 7f1225b21700 1 --2- 172.21.15.134:0/3124983096 >> [v2:172.21.15.134:3300/0,v1:172.21.15.134:6789/0] conn(0x7f1220080300 0x7f122010ecd0 secure :-1 s=READY pgs=84 cs=0 l=1 rev1=1 crypto rx=0x7f12100098a0 tx=0x7f1210009bb0 comp rx=0 tx=0).stop
2024-04-25T00:08:31.313 INFO:teuthology.orchestra.run.smithi134.stdout:/usr/bin/ceph: stderr
2024-04-25T00:08:30.230+0000 7f1225b21700 1 -- 172.21.15.134:0/3124983096 shutdown_connections
2024-04-25T00:08:31.313 INFO:teuthology.orchestra.run.smithi134.stdout:/usr/bin/ceph: stderr
2024-04-25T00:08:30.230+0000 7f1225b21700 1 --2- 172.21.15.134:0/3124983096 >> [v2:172.21.15.134:3300/0,v1:172.21.15.134:6789/0] conn(0x7f1220080300 0x7f122010ecd0 unknown :-1 s=CLOSED pgs=84 cs=0 l=1 rev1=1 crypto rx=0 tx=0 comp rx=0 tx=0).stop
2024-04-25T00:08:31.313 INFO:teuthology.orchestra.run.smithi134.stdout:/usr/bin/ceph: stderr
2024-04-25T00:08:30.230+0000 7f1225b21700 1 -- 172.21.15.134:0/3124983096 >> 172.21.15.134:0/3124983096 conn(0x7f122007b220 msgr2=0x7f122007d670 unknown :-1 s=STATE_NONE l=0).mark_down
2024-04-25T00:08:31.313 INFO:teuthology.orchestra.run.smithi134.stdout:/usr/bin/ceph: stderr
2024-04-25T00:08:30.230+0000 7f1225b21700 1 -- 172.21.15.134:0/3124983096 shutdown_connections
2024-04-25T00:08:31.313 INFO:teuthology.orchestra.run.smithi134.stdout:/usr/bin/ceph: stderr
2024-04-25T00:08:30.230+0000 7f1225b21700 1 -- 172.21.15.134:0/3124983096 wait complete.
2024-04-25T00:08:31.314 INFO:teuthology.orchestra.run.smithi134.stdout:/usr/bin/ceph: stderr
2024-04-25T00:08:30.230+0000 7f1225b21700 1 Processor -- start
2024-04-25T00:08:31.314 INFO:teuthology.orchestra.run.smithi134.stdout:/usr/bin/ceph: stderr
2024-04-25T00:08:30.230+0000 7f1225b21700 1 -- start start
2024-04-25T00:08:31.314 INFO:teuthology.orchestra.run.smithi134.stdout:/usr/bin/ceph: stderr
2024-04-25T00:08:30.231+0000 7f1225b21700 1 --2- >> [v2:172.21.15.134:3300/0,v1:172.21.15.134:6789/0] conn(0x7f1220080300 0x7f122019ff20 unknown :-1 s=NONE pgs=0 cs=0 l=1 rev1=0 crypto rx=0 tx=0 comp rx=0 tx=0).connect
2024-04-25T00:08:31.314 INFO:teuthology.orchestra.run.smithi134.stdout:/usr/bin/ceph: stderr
2024-04-25T00:08:30.231+0000 7f1225b21700 1 -- --> [v2:172.21.15.134:3300/0,v1:172.21.15.134:6789/0] -- mon_getmap magic: 0 v1 -- 0x7f12201a0460 con 0x7f1220080300
2024-04-25T00:08:31.314 INFO:teuthology.orchestra.run.smithi134.stdout:/usr/bin/ceph: stderr
2024-04-25T00:08:30.231+0000 7f121f7fe700 1 --2- >> [v2:172.21.15.134:3300/0,v1:172.21.15.134:6789/0] conn(0x7f1220080300 0x7f122019ff20 unknown :-1 s=BANNER_CONNECTING pgs=0 cs=0 l=1 rev1=0 crypto rx=0 tx=0 comp rx=0 tx=0)._handle_peer_banner_payload supported=3 required=0
2024-04-25T00:08:31.314 INFO:teuthology.orchestra.run.smithi134.stdout:/usr/bin/ceph: stderr
2024-04-25T00:08:30.231+0000 7f121f7fe700 1 --2- >> [v2:172.21.15.134:3300/0,v1:172.21.15.134:6789/0] conn(0x7f1220080300 0x7f122019ff20 unknown :-1 s=HELLO_CONNECTING pgs=0 cs=0 l=1 rev1=1 crypto rx=0 tx=0 comp rx=0 tx=0).handle_hello peer v2:172.21.15.134:3300/0 says I am v2:172.21.15.134:55688/0 (socket says 172.21.15.134:55688)
2024-04-25T00:08:31.314 INFO:teuthology.orchestra.run.smithi134.stdout:/usr/bin/ceph: stderr
2024-04-25T00:08:30.231+0000 7f121f7fe700 1 -- 172.21.15.134:0/1183390695 learned_addr learned my addr 172.21.15.134:0/1183390695 (peer_addr_for_me v2:172.21.15.134:0/0)
2024-04-25T00:08:31.314 INFO:teuthology.orchestra.run.smithi134.stdout:/usr/bin/ceph: stderr
2024-04-25T00:08:30.231+0000 7f121f7fe700 1 -- 172.21.15.134:0/1183390695 --> [v2:172.21.15.134:3300/0,v1:172.21.15.134:6789/0] -- mon_subscribe({config=0+,monmap=0+}) v3 -- 0x7f1210009550 con 0x7f1220080300
2024-04-25T00:08:31.315 INFO:teuthology.orchestra.run.smithi134.stdout:/usr/bin/ceph: stderr
2024-04-25T00:08:30.232+0000 7f121f7fe700 1 --2- 172.21.15.134:0/1183390695 >> [v2:172.21.15.134:3300/0,v1:172.21.15.134:6789/0] conn(0x7f1220080300 0x7f122019ff20 secure :-1 s=READY pgs=85 cs=0 l=1 rev1=1 crypto rx=0x7f1210011670 tx=0x7f1210011aa0 comp rx=0 tx=0).ready entity=mon.0 client_cookie=0 server_cookie=0 in_seq=0 out_seq=0
2024-04-25T00:08:31.315 INFO:teuthology.orchestra.run.smithi134.stdout:/usr/bin/ceph: stderr
2024-04-25T00:08:30.232+0000 7f121cff9700 1 -- 172.21.15.134:0/1183390695 <== mon.0 v2:172.21.15.134:3300/0 1 ==== mon_map magic: 0 v1 ==== 229+0+0 (secure 0 0 0) 0x7f12100039c0 con 0x7f1220080300
2024-04-25T00:08:31.315 INFO:teuthology.orchestra.run.smithi134.stdout:/usr/bin/ceph: stderr
2024-04-25T00:08:30.232+0000 7f121cff9700 1 -- 172.21.15.134:0/1183390695 <== mon.0 v2:172.21.15.134:3300/0 2 ==== config(27 keys) v1 ==== 1101+0+0 (secure 0 0 0) 0x7f1210003b20 con 0x7f1220080300
2024-04-25T00:08:31.315 INFO:teuthology.orchestra.run.smithi134.stdout:/usr/bin/ceph: stderr
2024-04-25T00:08:30.232+0000 7f1225b21700 1 -- 172.21.15.134:0/1183390695 --> [v2:172.21.15.134:3300/0,v1:172.21.15.134:6789/0] -- mon_subscribe({mgrmap=0+}) v3 -- 0x7f12201a0660 con 0x7f1220080300
2024-04-25T00:08:31.315 INFO:teuthology.orchestra.run.smithi134.stdout:/usr/bin/ceph: stderr
2024-04-25T00:08:30.232+0000 7f121cff9700 1 -- 172.21.15.134:0/1183390695 <== mon.0 v2:172.21.15.134:3300/0 3 ==== mon_map magic: 0 v1 ==== 229+0+0 (secure 0 0 0) 0x7f12100247f0 con 0x7f1220080300
2024-04-25T00:08:31.315 INFO:teuthology.orchestra.run.smithi134.stdout:/usr/bin/ceph: stderr
2024-04-25T00:08:30.232+0000 7f1225b21700 1 -- 172.21.15.134:0/1183390695 --> [v2:172.21.15.134:3300/0,v1:172.21.15.134:6789/0] -- mon_subscribe({osdmap=0}) v3 -- 0x7f12201a0a80 con 0x7f1220080300
2024-04-25T00:08:31.315 INFO:teuthology.orchestra.run.smithi134.stdout:/usr/bin/ceph: stderr
2024-04-25T00:08:30.233+0000 7f1225b21700 1 -- 172.21.15.134:0/1183390695 --> [v2:172.21.15.134:3300/0,v1:172.21.15.134:6789/0] -- mon_command({"prefix": "get_command_descriptions"} v 0) v1 -- 0x7f1220199f40 con 0x7f1220080300
2024-04-25T00:08:31.315 INFO:teuthology.orchestra.run.smithi134.stdout:/usr/bin/ceph: stderr
2024-04-25T00:08:30.233+0000 7f121cff9700 1 -- 172.21.15.134:0/1183390695 <== mon.0 v2:172.21.15.134:3300/0 4 ==== mgrmap(e 12) v1 ==== 45097+0+0 (secure 0 0 0) 0x7f121001ac70 con 0x7f1220080300
2024-04-25T00:08:31.315 INFO:teuthology.orchestra.run.smithi134.stdout:/usr/bin/ceph: stderr
2024-04-25T00:08:30.233+0000 7f121cff9700 1 --2- 172.21.15.134:0/1183390695 >> [v2:172.21.15.134:6800/1011777317,v1:172.21.15.134:6801/1011777317] conn(0x7f1208038450 0x7f120803a900 unknown :-1 s=NONE pgs=0 cs=0 l=1 rev1=0 crypto rx=0 tx=0 comp rx=0 tx=0).connect
2024-04-25T00:08:31.316 INFO:teuthology.orchestra.run.smithi134.stdout:/usr/bin/ceph: stderr
2024-04-25T00:08:30.234+0000 7f121cff9700 1 -- 172.21.15.134:0/1183390695 <== mon.0 v2:172.21.15.134:3300/0 5 ==== osd_map(3..3 src has 1..3) v4 ==== 1155+0+0 (secure 0 0 0) 0x7f121004c410 con 0x7f1220080300
2024-04-25T00:08:31.316 INFO:teuthology.orchestra.run.smithi134.stdout:/usr/bin/ceph: stderr
2024-04-25T00:08:30.234+0000 7f121effd700 1 --2- 172.21.15.134:0/1183390695 >> [v2:172.21.15.134:6800/1011777317,v1:172.21.15.134:6801/1011777317] conn(0x7f1208038450 0x7f120803a900 unknown :-1 s=BANNER_CONNECTING pgs=0 cs=0 l=1 rev1=0 crypto rx=0 tx=0 comp rx=0 tx=0)._handle_peer_banner_payload supported=3 required=0
2024-04-25T00:08:31.316 INFO:teuthology.orchestra.run.smithi134.stdout:/usr/bin/ceph: stderr
2024-04-25T00:08:30.234+0000 7f121effd700 1 --2- 172.21.15.134:0/1183390695 >> [v2:172.21.15.134:6800/1011777317,v1:172.21.15.134:6801/1011777317] conn(0x7f1208038450 0x7f120803a900 secure :-1 s=READY pgs=8 cs=0 l=1 rev1=1 crypto rx=0x7f1214006fd0 tx=0x7f1214006e40 comp rx=0 tx=0).ready entity=mgr.14164 client_cookie=0 server_cookie=0 in_seq=0 out_seq=0
2024-04-25T00:08:31.316 INFO:teuthology.orchestra.run.smithi134.stdout:/usr/bin/ceph: stderr
2024-04-25T00:08:30.238+0000 7f121cff9700 1 -- 172.21.15.134:0/1183390695 <== mon.0 v2:172.21.15.134:3300/0 6 ==== mon_command_ack([{"prefix": "get_command_descriptions"}]=0 v0) v1 ==== 72+0+177933 (secure 0 0 0) 0x7f1210024a60 con 0x7f1220080300
2024-04-25T00:08:31.316 INFO:teuthology.orchestra.run.smithi134.stdout:/usr/bin/ceph: stderr
2024-04-25T00:08:30.449+0000 7f1225b21700 1 -- 172.21.15.134:0/1183390695 --> [v2:172.21.15.134:6800/1011777317,v1:172.21.15.134:6801/1011777317] -- mgr_command(tid 0: {"prefix": "dashboard ac-user-create", "username": "admin", "rolename": "administrator", "force_password": true, "pwd_update_required": true, "target": ["mon-mgr", ""]}) v1 -- 0x7f12200621a0 con 0x7f1208038450
2024-04-25T00:08:31.316 INFO:teuthology.orchestra.run.smithi134.stdout:/usr/bin/ceph: stderr
2024-04-25T00:08:30.673+0000 7f121cff9700 1 -- 172.21.15.134:0/1183390695 <== mgr.14164 v2:172.21.15.134:6800/1011777317 1 ==== mgr_command_reply(tid 0: 0 ) v1 ==== 8+0+252 (secure 0 0 0) 0x7f12200621a0 con 0x7f1208038450
2024-04-25T00:08:31.316 INFO:teuthology.orchestra.run.smithi134.stdout:/usr/bin/ceph: stderr
2024-04-25T00:08:30.675+0000 7f1225b21700 1 -- 172.21.15.134:0/1183390695 >> [v2:172.21.15.134:6800/1011777317,v1:172.21.15.134:6801/1011777317] conn(0x7f1208038450 msgr2=0x7f120803a900 secure :-1 s=STATE_CONNECTION_ESTABLISHED l=1).mark_down
2024-04-25T00:08:31.316 INFO:teuthology.orchestra.run.smithi134.stdout:/usr/bin/ceph: stderr
2024-04-25T00:08:30.675+0000 7f1225b21700 1 --2- 172.21.15.134:0/1183390695 >> [v2:172.21.15.134:6800/1011777317,v1:172.21.15.134:6801/1011777317] conn(0x7f1208038450 0x7f120803a900 secure :-1 s=READY pgs=8 cs=0 l=1 rev1=1 crypto rx=0x7f1214006fd0 tx=0x7f1214006e40 comp rx=0 tx=0).stop
2024-04-25T00:08:31.316 INFO:teuthology.orchestra.run.smithi134.stdout:/usr/bin/ceph: stderr
2024-04-25T00:08:30.675+0000 7f1225b21700 1 -- 172.21.15.134:0/1183390695 >> [v2:172.21.15.134:3300/0,v1:172.21.15.134:6789/0] conn(0x7f1220080300 msgr2=0x7f122019ff20 secure :-1 s=STATE_CONNECTION_ESTABLISHED l=1).mark_down
2024-04-25T00:08:31.316 INFO:teuthology.orchestra.run.smithi134.stdout:/usr/bin/ceph: stderr
2024-04-25T00:08:30.675+0000 7f1225b21700 1 --2- 172.21.15.134:0/1183390695 >> [v2:172.21.15.134:3300/0,v1:172.21.15.134:6789/0] conn(0x7f1220080300 0x7f122019ff20 secure :-1 s=READY pgs=85 cs=0 l=1 rev1=1 crypto rx=0x7f1210011670 tx=0x7f1210011aa0 comp rx=0 tx=0).stop
2024-04-25T00:08:31.317 INFO:teuthology.orchestra.run.smithi134.stdout:/usr/bin/ceph: stderr
2024-04-25T00:08:30.675+0000 7f1225b21700 1 -- 172.21.15.134:0/1183390695 shutdown_connections
2024-04-25T00:08:31.317 INFO:teuthology.orchestra.run.smithi134.stdout:/usr/bin/ceph: stderr
2024-04-25T00:08:30.675+0000 7f1225b21700 1 --2- 172.21.15.134:0/1183390695 >> [v2:172.21.15.134:6800/1011777317,v1:172.21.15.134:6801/1011777317] conn(0x7f1208038450 0x7f120803a900 unknown :-1 s=CLOSED pgs=8 cs=0 l=1 rev1=1 crypto rx=0 tx=0 comp rx=0 tx=0).stop
2024-04-25T00:08:31.317 INFO:teuthology.orchestra.run.smithi134.stdout:/usr/bin/ceph: stderr
2024-04-25T00:08:30.675+0000 7f1225b21700 1 --2- 172.21.15.134:0/1183390695 >> [v2:172.21.15.134:3300/0,v1:172.21.15.134:6789/0] conn(0x7f1220080300 0x7f122019ff20 unknown :-1 s=CLOSED pgs=85 cs=0 l=1 rev1=1 crypto rx=0 tx=0 comp rx=0 tx=0).stop
2024-04-25T00:08:31.317 INFO:teuthology.orchestra.run.smithi134.stdout:/usr/bin/ceph: stderr
2024-04-25T00:08:30.675+0000 7f1225b21700 1 -- 172.21.15.134:0/1183390695 >> 172.21.15.134:0/1183390695 conn(0x7f122007b220 msgr2=0x7f122007c9a0 unknown :-1 s=STATE_NONE l=0).mark_down
2024-04-25T00:08:31.317 INFO:teuthology.orchestra.run.smithi134.stdout:/usr/bin/ceph: stderr
2024-04-25T00:08:30.675+0000 7f1225b21700 1 -- 172.21.15.134:0/1183390695 shutdown_connections
2024-04-25T00:08:31.317 INFO:teuthology.orchestra.run.smithi134.stdout:/usr/bin/ceph: stderr
2024-04-25T00:08:30.675+0000 7f1225b21700 1 -- 172.21.15.134:0/1183390695 wait complete.
2024-04-25T00:08:31.317 INFO:teuthology.orchestra.run.smithi134.stdout:Fetching dashboard port number...
2024-04-25T00:08:31.872 INFO:journalctl@ceph.mon.smithi134.smithi134.stdout:Apr 25 00:08:31 smithi134 ceph-mon[26609]: from='client.14178 -' entity='client.admin' cmd=[{"prefix": "dashboard ac-user-create", "username": "admin", "rolename": "administrator", "force_password": true, "pwd_update_required": true, "target": ["mon-mgr", ""]}]: dispatch
2024-04-25T00:08:31.872 INFO:journalctl@ceph.mon.smithi134.smithi134.stdout:Apr 25 00:08:31 smithi134 ceph-mon[26609]: from='mgr.14164 172.21.15.134:0/2707232805' entity='mgr.smithi134.tarcwc'
2024-04-25T00:08:32.943 INFO:journalctl@ceph.mon.smithi134.smithi134.stdout:Apr 25 00:08:32 smithi134 ceph-mon[26609]: from='client.? 172.21.15.134:0/154603094' entity='client.admin' cmd=[{"prefix": "config get", "who": "mgr", "key": "mgr/dashboard/ssl_server_port"}]: dispatch
2024-04-25T00:08:32.955 INFO:teuthology.orchestra.run.smithi134.stdout:/usr/bin/ceph: stdout 8443
2024-04-25T00:08:32.955 INFO:teuthology.orchestra.run.smithi134.stdout:/usr/bin/ceph: stderr
2024-04-25T00:08:32.122+0000 7fba97929700 1 Processor -- start
2024-04-25T00:08:32.955 INFO:teuthology.orchestra.run.smithi134.stdout:/usr/bin/ceph: stderr
2024-04-25T00:08:32.122+0000 7fba97929700 1 -- start start
2024-04-25T00:08:32.955 INFO:teuthology.orchestra.run.smithi134.stdout:/usr/bin/ceph: stderr
2024-04-25T00:08:32.123+0000 7fba97929700 1 --2- >> [v2:172.21.15.134:3300/0,v1:172.21.15.134:6789/0] conn(0x7fba90105b10 0x7fba90105f20 unknown :-1 s=NONE pgs=0 cs=0 l=0 rev1=0 crypto rx=0 tx=0 comp rx=0 tx=0).connect
2024-04-25T00:08:32.956 INFO:teuthology.orchestra.run.smithi134.stdout:/usr/bin/ceph: stderr
2024-04-25T00:08:32.123+0000 7fba97929700 1 -- --> [v2:172.21.15.134:3300/0,v1:172.21.15.134:6789/0] -- mon_getmap magic: 0 v1 -- 0x7fba90106460 con 0x7fba90105b10
2024-04-25T00:08:32.956 INFO:teuthology.orchestra.run.smithi134.stdout:/usr/bin/ceph: stderr
2024-04-25T00:08:32.123+0000 7fba956c5700 1 --2- >> [v2:172.21.15.134:3300/0,v1:172.21.15.134:6789/0] conn(0x7fba90105b10 0x7fba90105f20 unknown :-1 s=BANNER_CONNECTING pgs=0 cs=0 l=0 rev1=0 crypto rx=0 tx=0 comp rx=0 tx=0)._handle_peer_banner_payload supported=3 required=0
2024-04-25T00:08:32.956 INFO:teuthology.orchestra.run.smithi134.stdout:/usr/bin/ceph: stderr
2024-04-25T00:08:32.123+0000 7fba956c5700 1 --2- >> [v2:172.21.15.134:3300/0,v1:172.21.15.134:6789/0] conn(0x7fba90105b10 0x7fba90105f20 unknown :-1 s=HELLO_CONNECTING pgs=0 cs=0 l=0 rev1=1 crypto rx=0 tx=0 comp rx=0 tx=0).handle_hello peer v2:172.21.15.134:3300/0 says I am v2:172.21.15.134:41326/0 (socket says 172.21.15.134:41326)
2024-04-25T00:08:32.956 INFO:teuthology.orchestra.run.smithi134.stdout:/usr/bin/ceph: stderr
2024-04-25T00:08:32.123+0000 7fba956c5700 1 -- 172.21.15.134:0/633735671 learned_addr learned my addr 172.21.15.134:0/633735671 (peer_addr_for_me v2:172.21.15.134:0/0)
2024-04-25T00:08:32.956 INFO:teuthology.orchestra.run.smithi134.stdout:/usr/bin/ceph: stderr
2024-04-25T00:08:32.123+0000 7fba956c5700 1 -- 172.21.15.134:0/633735671 --> [v2:172.21.15.134:3300/0,v1:172.21.15.134:6789/0] -- mon_subscribe({config=0+,monmap=0+}) v3 -- 0x7fba901065a0 con 0x7fba90105b10
2024-04-25T00:08:32.956 INFO:teuthology.orchestra.run.smithi134.stdout:/usr/bin/ceph: stderr
2024-04-25T00:08:32.123+0000 7fba956c5700 1 --2- 172.21.15.134:0/633735671 >> [v2:172.21.15.134:3300/0,v1:172.21.15.134:6789/0] conn(0x7fba90105b10 0x7fba90105f20 secure :-1 s=READY pgs=86 cs=0 l=1 rev1=1 crypto rx=0x7fba800098a0 tx=0x7fba80009bb0 comp rx=0 tx=0).ready entity=mon.0 client_cookie=ebbfa0a2b49b5a6d server_cookie=0 in_seq=0 out_seq=0
2024-04-25T00:08:32.956 INFO:teuthology.orchestra.run.smithi134.stdout:/usr/bin/ceph: stderr
2024-04-25T00:08:32.124+0000 7fba87fff700 1 -- 172.21.15.134:0/633735671 <== mon.0 v2:172.21.15.134:3300/0 1 ==== mon_map magic: 0 v1 ==== 229+0+0 (secure 0 0 0) 0x7fba80004180 con 0x7fba90105b10
2024-04-25T00:08:32.957 INFO:teuthology.orchestra.run.smithi134.stdout:/usr/bin/ceph: stderr
2024-04-25T00:08:32.124+0000 7fba87fff700 1 -- 172.21.15.134:0/633735671 <== mon.0 v2:172.21.15.134:3300/0 2 ==== config(27 keys) v1 ==== 1101+0+0 (secure 0 0 0) 0x7fba800042e0 con 0x7fba90105b10
2024-04-25T00:08:32.957 INFO:teuthology.orchestra.run.smithi134.stdout:/usr/bin/ceph: stderr
2024-04-25T00:08:32.124+0000 7fba87fff700 1 -- 172.21.15.134:0/633735671 <== mon.0 v2:172.21.15.134:3300/0 3 ==== mon_map magic: 0 v1 ==== 229+0+0 (secure 0 0 0) 0x7fba80011af0 con 0x7fba90105b10
2024-04-25T00:08:32.957 INFO:teuthology.orchestra.run.smithi134.stdout:/usr/bin/ceph: stderr
2024-04-25T00:08:32.124+0000 7fba97929700 1 -- 172.21.15.134:0/633735671 >> [v2:172.21.15.134:3300/0,v1:172.21.15.134:6789/0] conn(0x7fba90105b10 msgr2=0x7fba90105f20 secure :-1 s=STATE_CONNECTION_ESTABLISHED l=1).mark_down
2024-04-25T00:08:32.957 INFO:teuthology.orchestra.run.smithi134.stdout:/usr/bin/ceph: stderr
2024-04-25T00:08:32.124+0000 7fba97929700 1 --2- 172.21.15.134:0/633735671 >> [v2:172.21.15.134:3300/0,v1:172.21.15.134:6789/0] conn(0x7fba90105b10 0x7fba90105f20 secure :-1 s=READY pgs=86 cs=0 l=1 rev1=1 crypto rx=0x7fba800098a0 tx=0x7fba80009bb0 comp rx=0 tx=0).stop
2024-04-25T00:08:32.957 INFO:teuthology.orchestra.run.smithi134.stdout:/usr/bin/ceph: stderr
2024-04-25T00:08:32.124+0000 7fba97929700 1 -- 172.21.15.134:0/633735671 shutdown_connections
2024-04-25T00:08:32.957 INFO:teuthology.orchestra.run.smithi134.stdout:/usr/bin/ceph: stderr
2024-04-25T00:08:32.124+0000 7fba97929700 1 --2- 172.21.15.134:0/633735671 >> [v2:172.21.15.134:3300/0,v1:172.21.15.134:6789/0] conn(0x7fba90105b10 0x7fba90105f20 unknown :-1 s=CLOSED pgs=86 cs=0 l=1 rev1=1 crypto rx=0 tx=0 comp rx=0 tx=0).stop
2024-04-25T00:08:32.957 INFO:teuthology.orchestra.run.smithi134.stdout:/usr/bin/ceph: stderr
2024-04-25T00:08:32.124+0000 7fba97929700 1 -- 172.21.15.134:0/633735671 >> 172.21.15.134:0/633735671 conn(0x7fba90101180 msgr2=0x7fba90103590 unknown :-1 s=STATE_NONE l=0).mark_down
2024-04-25T00:08:32.957 INFO:teuthology.orchestra.run.smithi134.stdout:/usr/bin/ceph: stderr
2024-04-25T00:08:32.124+0000 7fba97929700 1 -- 172.21.15.134:0/633735671 shutdown_connections
2024-04-25T00:08:32.958 INFO:teuthology.orchestra.run.smithi134.stdout:/usr/bin/ceph: stderr
2024-04-25T00:08:32.124+0000 7fba97929700 1 -- 172.21.15.134:0/633735671 wait complete.
2024-04-25T00:08:32.958 INFO:teuthology.orchestra.run.smithi134.stdout:/usr/bin/ceph: stderr
2024-04-25T00:08:32.125+0000 7fba97929700 1 Processor -- start
2024-04-25T00:08:32.958 INFO:teuthology.orchestra.run.smithi134.stdout:/usr/bin/ceph: stderr
2024-04-25T00:08:32.125+0000 7fba97929700 1 -- start start
2024-04-25T00:08:32.958 INFO:teuthology.orchestra.run.smithi134.stdout:/usr/bin/ceph: stderr
2024-04-25T00:08:32.125+0000 7fba97929700 1 --2- >> [v2:172.21.15.134:3300/0,v1:172.21.15.134:6789/0] conn(0x7fba90105b10 0x7fba9007bc40 unknown :-1 s=NONE pgs=0 cs=0 l=1 rev1=0 crypto rx=0 tx=0 comp rx=0 tx=0).connect
2024-04-25T00:08:32.958 INFO:teuthology.orchestra.run.smithi134.stdout:/usr/bin/ceph: stderr
2024-04-25T00:08:32.125+0000 7fba97929700 1 -- --> [v2:172.21.15.134:3300/0,v1:172.21.15.134:6789/0] -- mon_getmap magic: 0 v1 -- 0x7fba9007c180 con 0x7fba90105b10
2024-04-25T00:08:32.958 INFO:teuthology.orchestra.run.smithi134.stdout:/usr/bin/ceph: stderr
2024-04-25T00:08:32.125+0000 7fba956c5700 1 --2- >> [v2:172.21.15.134:3300/0,v1:172.21.15.134:6789/0] conn(0x7fba90105b10 0x7fba9007bc40 unknown :-1 s=BANNER_CONNECTING pgs=0 cs=0 l=1 rev1=0 crypto rx=0 tx=0 comp rx=0 tx=0)._handle_peer_banner_payload supported=3 required=0
2024-04-25T00:08:32.958 INFO:teuthology.orchestra.run.smithi134.stdout:/usr/bin/ceph: stderr
2024-04-25T00:08:32.125+0000 7fba956c5700 1 --2- >> [v2:172.21.15.134:3300/0,v1:172.21.15.134:6789/0] conn(0x7fba90105b10 0x7fba9007bc40 unknown :-1 s=HELLO_CONNECTING pgs=0 cs=0 l=1 rev1=1 crypto rx=0 tx=0 comp rx=0 tx=0).handle_hello peer v2:172.21.15.134:3300/0 says I am v2:172.21.15.134:41328/0 (socket says 172.21.15.134:41328)
2024-04-25T00:08:32.958 INFO:teuthology.orchestra.run.smithi134.stdout:/usr/bin/ceph: stderr
2024-04-25T00:08:32.125+0000 7fba956c5700 1 -- 172.21.15.134:0/154603094 learned_addr learned my addr 172.21.15.134:0/154603094 (peer_addr_for_me v2:172.21.15.134:0/0)
2024-04-25T00:08:32.958 INFO:teuthology.orchestra.run.smithi134.stdout:/usr/bin/ceph: stderr
2024-04-25T00:08:32.125+0000 7fba956c5700 1 -- 172.21.15.134:0/154603094 --> [v2:172.21.15.134:3300/0,v1:172.21.15.134:6789/0] -- mon_subscribe({config=0+,monmap=0+}) v3 -- 0x7fba80009550 con 0x7fba90105b10
2024-04-25T00:08:32.959 INFO:teuthology.orchestra.run.smithi134.stdout:/usr/bin/ceph: stderr
2024-04-25T00:08:32.126+0000 7fba956c5700 1 --2- 172.21.15.134:0/154603094 >> [v2:172.21.15.134:3300/0,v1:172.21.15.134:6789/0] conn(0x7fba90105b10 0x7fba9007bc40 secure :-1 s=READY pgs=87 cs=0 l=1 rev1=1 crypto rx=0x7fba80006ba0 tx=0x7fba80011b50 comp rx=0 tx=0).ready entity=mon.0 client_cookie=0 server_cookie=0 in_seq=0 out_seq=0
2024-04-25T00:08:32.959 INFO:teuthology.orchestra.run.smithi134.stdout:/usr/bin/ceph: stderr
2024-04-25T00:08:32.126+0000 7fba867fc700 1 -- 172.21.15.134:0/154603094 <== mon.0 v2:172.21.15.134:3300/0 1 ==== mon_map magic: 0 v1 ==== 229+0+0 (secure 0 0 0) 0x7fba80003b00 con 0x7fba90105b10
2024-04-25T00:08:32.959 INFO:teuthology.orchestra.run.smithi134.stdout:/usr/bin/ceph: stderr
2024-04-25T00:08:32.126+0000 7fba867fc700 1 -- 172.21.15.134:0/154603094 <== mon.0 v2:172.21.15.134:3300/0 2 ==== config(27 keys) v1 ==== 1101+0+0 (secure 0 0 0) 0x7fba8001a8e0 con 0x7fba90105b10
2024-04-25T00:08:32.959 INFO:teuthology.orchestra.run.smithi134.stdout:/usr/bin/ceph: stderr
2024-04-25T00:08:32.126+0000 7fba97929700 1 -- 172.21.15.134:0/154603094 --> [v2:172.21.15.134:3300/0,v1:172.21.15.134:6789/0] -- mon_subscribe({mgrmap=0+}) v3 -- 0x7fba9007a290 con 0x7fba90105b10
2024-04-25T00:08:32.959 INFO:teuthology.orchestra.run.smithi134.stdout:/usr/bin/ceph: stderr
2024-04-25T00:08:32.126+0000 7fba867fc700 1 -- 172.21.15.134:0/154603094 <== mon.0 v2:172.21.15.134:3300/0 3 ==== mon_map magic: 0 v1 ==== 229+0+0 (secure 0 0 0) 0x7fba800199c0 con 0x7fba90105b10
2024-04-25T00:08:32.959 INFO:teuthology.orchestra.run.smithi134.stdout:/usr/bin/ceph: stderr
2024-04-25T00:08:32.126+0000 7fba97929700 1 -- 172.21.15.134:0/154603094 --> [v2:172.21.15.134:3300/0,v1:172.21.15.134:6789/0] -- mon_subscribe({osdmap=0}) v3 -- 0x7fba9007a6b0 con 0x7fba90105b10
2024-04-25T00:08:32.959 INFO:teuthology.orchestra.run.smithi134.stdout:/usr/bin/ceph: stderr
2024-04-25T00:08:32.127+0000 7fba867fc700 1 -- 172.21.15.134:0/154603094 <== mon.0 v2:172.21.15.134:3300/0 4 ==== mgrmap(e 12) v1 ==== 45097+0+0 (secure 0 0 0) 0x7fba80019c80 con 0x7fba90105b10
2024-04-25T00:08:32.959 INFO:teuthology.orchestra.run.smithi134.stdout:/usr/bin/ceph: stderr
2024-04-25T00:08:32.127+0000 7fba97929700 1 -- 172.21.15.134:0/154603094 --> [v2:172.21.15.134:3300/0,v1:172.21.15.134:6789/0] -- mon_command({"prefix": "get_command_descriptions"} v 0) v1 -- 0x7fba90062380 con 0x7fba90105b10
2024-04-25T00:08:32.960 INFO:teuthology.orchestra.run.smithi134.stdout:/usr/bin/ceph: stderr
2024-04-25T00:08:32.127+0000 7fba867fc700 1 --2- 172.21.15.134:0/154603094 >> [v2:172.21.15.134:6800/1011777317,v1:172.21.15.134:6801/1011777317] conn(0x7fba7c0383f0 0x7fba7c03a8a0 unknown :-1 s=NONE pgs=0 cs=0 l=1 rev1=0 crypto rx=0 tx=0 comp rx=0 tx=0).connect
2024-04-25T00:08:32.960 INFO:teuthology.orchestra.run.smithi134.stdout:/usr/bin/ceph: stderr
2024-04-25T00:08:32.127+0000 7fba867fc700 1 -- 172.21.15.134:0/154603094 <== mon.0 v2:172.21.15.134:3300/0 5 ==== osd_map(3..3 src has 1..3) v4 ==== 1155+0+0 (secure 0 0 0) 0x7fba8004c910 con 0x7fba90105b10
2024-04-25T00:08:32.960 INFO:teuthology.orchestra.run.smithi134.stdout:/usr/bin/ceph: stderr
2024-04-25T00:08:32.127+0000 7fba94ec4700 1 --2- 172.21.15.134:0/154603094 >> [v2:172.21.15.134:6800/1011777317,v1:172.21.15.134:6801/1011777317] conn(0x7fba7c0383f0 0x7fba7c03a8a0 unknown :-1 s=BANNER_CONNECTING pgs=0 cs=0 l=1 rev1=0 crypto rx=0 tx=0 comp rx=0 tx=0)._handle_peer_banner_payload supported=3 required=0
2024-04-25T00:08:32.960 INFO:teuthology.orchestra.run.smithi134.stdout:/usr/bin/ceph: stderr
2024-04-25T00:08:32.127+0000 7fba94ec4700 1 --2- 172.21.15.134:0/154603094 >> [v2:172.21.15.134:6800/1011777317,v1:172.21.15.134:6801/1011777317] conn(0x7fba7c0383f0 0x7fba7c03a8a0 secure :-1 s=READY pgs=9 cs=0 l=1 rev1=1 crypto rx=0x7fba8c006fd0 tx=0x7fba8c006e40 comp rx=0 tx=0).ready entity=mgr.14164 client_cookie=0 server_cookie=0 in_seq=0 out_seq=0
2024-04-25T00:08:32.960 INFO:teuthology.orchestra.run.smithi134.stdout:/usr/bin/ceph: stderr
2024-04-25T00:08:32.132+0000 7fba867fc700 1 -- 172.21.15.134:0/154603094 <== mon.0 v2:172.21.15.134:3300/0 6 ==== mon_command_ack([{"prefix": "get_command_descriptions"}]=0 v0) v1 ==== 72+0+177933 (secure 0 0 0) 0x7fba8002d440 con 0x7fba90105b10
2024-04-25T00:08:32.960 INFO:teuthology.orchestra.run.smithi134.stdout:/usr/bin/ceph: stderr
2024-04-25T00:08:32.322+0000 7fba97929700 1 -- 172.21.15.134:0/154603094 --> [v2:172.21.15.134:3300/0,v1:172.21.15.134:6789/0] -- mon_command({"prefix": "config get", "who": "mgr", "key": "mgr/dashboard/ssl_server_port"} v 0) v1 -- 0x7fba9007b080 con 0x7fba90105b10
2024-04-25T00:08:32.961 INFO:teuthology.orchestra.run.smithi134.stdout:/usr/bin/ceph: stderr
2024-04-25T00:08:32.323+0000 7fba867fc700 1 -- 172.21.15.134:0/154603094 <== mon.0 v2:172.21.15.134:3300/0 7 ==== mon_command_ack([{"prefix": "config get", "who": "mgr", "key": "mgr/dashboard/ssl_server_port"}]=0 v8) v1 ==== 112+0+5 (secure 0 0 0) 0x7fba8002b340 con 0x7fba90105b10
2024-04-25T00:08:32.961 INFO:teuthology.orchestra.run.smithi134.stdout:/usr/bin/ceph: stderr
2024-04-25T00:08:32.325+0000 7fba97929700 1 -- 172.21.15.134:0/154603094 >> [v2:172.21.15.134:6800/1011777317,v1:172.21.15.134:6801/1011777317] conn(0x7fba7c0383f0 msgr2=0x7fba7c03a8a0 secure :-1 s=STATE_CONNECTION_ESTABLISHED l=1).mark_down
