2024-04-25T00:08:20.504 INFO:teuthology.orchestra.run.smithi134.stdout:/usr/bin/ceph: stderr
2024-04-25T00:08:18.836+0000 7f3b4affd700 1 -- 172.21.15.134:0/2363056193 learned_addr learned my addr 172.21.15.134:0/2363056193 (peer_addr_for_me v2:172.21.15.134:0/0)
2024-04-25T00:08:20.505 INFO:teuthology.orchestra.run.smithi134.stdout:/usr/bin/ceph: stderr
2024-04-25T00:08:18.836+0000 7f3b4affd700 1 -- 172.21.15.134:0/2363056193 --> [v2:172.21.15.134:3300/0,v1:172.21.15.134:6789/0] -- mon_subscribe({config=0+,monmap=0+}) v3 -- 0x7f3b44009b30 con 0x7f3b4c1049f0
2024-04-25T00:08:20.505 INFO:teuthology.orchestra.run.smithi134.stdout:/usr/bin/ceph: stderr
2024-04-25T00:08:18.836+0000 7f3b4affd700 1 --2- 172.21.15.134:0/2363056193 >> [v2:172.21.15.134:3300/0,v1:172.21.15.134:6789/0] conn(0x7f3b4c1049f0 0x7f3b4c079b20 secure :-1 s=READY pgs=68 cs=0 l=1 rev1=1 crypto rx=0x7f3b44004070 tx=0x7f3b440049f0 comp rx=0 tx=0).ready entity=mon.0 client_cookie=0 server_cookie=0 in_seq=0 out_seq=0
2024-04-25T00:08:20.505 INFO:teuthology.orchestra.run.smithi134.stdout:/usr/bin/ceph: stderr
2024-04-25T00:08:18.837+0000 7f3b33fff700 1 -- 172.21.15.134:0/2363056193 <== mon.0 v2:172.21.15.134:3300/0 1 ==== mon_map magic: 0 v1 ==== 229+0+0 (secure 0 0 0) 0x7f3b4400e040 con 0x7f3b4c1049f0
2024-04-25T00:08:20.505 INFO:teuthology.orchestra.run.smithi134.stdout:/usr/bin/ceph: stderr
2024-04-25T00:08:18.837+0000 7f3b33fff700 1 -- 172.21.15.134:0/2363056193 <== mon.0 v2:172.21.15.134:3300/0 2 ==== config(27 keys) v1 ==== 1101+0+0 (secure 0 0 0) 0x7f3b4400be00 con 0x7f3b4c1049f0
2024-04-25T00:08:20.505 INFO:teuthology.orchestra.run.smithi134.stdout:/usr/bin/ceph: stderr
2024-04-25T00:08:18.837+0000 7f3b5170d700 1 -- 172.21.15.134:0/2363056193 --> [v2:172.21.15.134:3300/0,v1:172.21.15.134:6789/0] -- mon_subscribe({mgrmap=0+}) v3 -- 0x7f3b4c19c690 con 0x7f3b4c1049f0
2024-04-25T00:08:20.505 INFO:teuthology.orchestra.run.smithi134.stdout:/usr/bin/ceph: stderr
2024-04-25T00:08:18.837+0000 7f3b33fff700 1 -- 172.21.15.134:0/2363056193 <== mon.0 v2:172.21.15.134:3300/0 3 ==== mon_map magic: 0 v1 ==== 229+0+0 (secure 0 0 0) 0x7f3b44012770 con 0x7f3b4c1049f0
2024-04-25T00:08:20.505 INFO:teuthology.orchestra.run.smithi134.stdout:/usr/bin/ceph: stderr
2024-04-25T00:08:18.837+0000 7f3b5170d700 1 -- 172.21.15.134:0/2363056193 --> [v2:172.21.15.134:3300/0,v1:172.21.15.134:6789/0] -- mon_subscribe({osdmap=0}) v3 -- 0x7f3b4c19cb10 con 0x7f3b4c1049f0
2024-04-25T00:08:20.505 INFO:teuthology.orchestra.run.smithi134.stdout:/usr/bin/ceph: stderr
2024-04-25T00:08:18.837+0000 7f3b33fff700 1 -- 172.21.15.134:0/2363056193 <== mon.0 v2:172.21.15.134:3300/0 4 ==== mgrmap(e 8) v1 ==== 45084+0+0 (secure 0 0 0) 0x7f3b44019040 con 0x7f3b4c1049f0
2024-04-25T00:08:20.505 INFO:teuthology.orchestra.run.smithi134.stdout:/usr/bin/ceph: stderr
2024-04-25T00:08:18.838+0000 7f3b5170d700 1 -- 172.21.15.134:0/2363056193 --> [v2:172.21.15.134:3300/0,v1:172.21.15.134:6789/0] -- mon_command({"prefix": "get_command_descriptions"} v 0) v1 -- 0x7f3b4c062380 con 0x7f3b4c1049f0
2024-04-25T00:08:20.505 INFO:teuthology.orchestra.run.smithi134.stdout:/usr/bin/ceph: stderr
2024-04-25T00:08:18.838+0000 7f3b33fff700 1 --2- 172.21.15.134:0/2363056193 >> [v2:172.21.15.134:6800/1373302474,v1:172.21.15.134:6801/1373302474] conn(0x7f3b34038440 0x7f3b3403a8f0 unknown :-1 s=NONE pgs=0 cs=0 l=1 rev1=0 crypto rx=0 tx=0 comp rx=0 tx=0).connect
2024-04-25T00:08:20.505 INFO:teuthology.orchestra.run.smithi134.stdout:/usr/bin/ceph: stderr
2024-04-25T00:08:18.838+0000 7f3b33fff700 1 -- 172.21.15.134:0/2363056193 <== mon.0 v2:172.21.15.134:3300/0 5 ==== osd_map(2..2 src has 1..2) v4 ==== 940+0+0 (secure 0 0 0) 0x7f3b4404bf20 con 0x7f3b4c1049f0
2024-04-25T00:08:20.505 INFO:teuthology.orchestra.run.smithi134.stdout:/usr/bin/ceph: stderr
2024-04-25T00:08:18.838+0000 7f3b4a7fc700 1 --2- 172.21.15.134:0/2363056193 >> [v2:172.21.15.134:6800/1373302474,v1:172.21.15.134:6801/1373302474] conn(0x7f3b34038440 0x7f3b3403a8f0 unknown :-1 s=BANNER_CONNECTING pgs=0 cs=0 l=1 rev1=0 crypto rx=0 tx=0 comp rx=0 tx=0)._handle_peer_banner_payload supported=3 required=0
2024-04-25T00:08:20.505 INFO:teuthology.orchestra.run.smithi134.stdout:/usr/bin/ceph: stderr
2024-04-25T00:08:18.838+0000 7f3b4a7fc700 1 --2- 172.21.15.134:0/2363056193 >> [v2:172.21.15.134:6800/1373302474,v1:172.21.15.134:6801/1373302474] conn(0x7f3b34038440 0x7f3b3403a8f0 secure :-1 s=READY pgs=22 cs=0 l=1 rev1=1 crypto rx=0x7f3b40006fd0 tx=0x7f3b40006e40 comp rx=0 tx=0).ready entity=mgr.14120 client_cookie=0 server_cookie=0 in_seq=0 out_seq=0
2024-04-25T00:08:20.505 INFO:teuthology.orchestra.run.smithi134.stdout:/usr/bin/ceph: stderr
2024-04-25T00:08:18.843+0000 7f3b33fff700 1 -- 172.21.15.134:0/2363056193 <== mon.0 v2:172.21.15.134:3300/0 6 ==== mon_command_ack([{"prefix": "get_command_descriptions"}]=0 v0) v1 ==== 72+0+177933 (secure 0 0 0) 0x7f3b4401b610 con 0x7f3b4c1049f0
2024-04-25T00:08:20.505 INFO:teuthology.orchestra.run.smithi134.stdout:/usr/bin/ceph: stderr
2024-04-25T00:08:19.084+0000 7f3b5170d700 1 -- 172.21.15.134:0/2363056193 --> [v2:172.21.15.134:3300/0,v1:172.21.15.134:6789/0] -- mon_command({"prefix": "mgr module enable", "module": "dashboard"} v 0) v1 -- 0x7f3b4c19d4f0 con 0x7f3b4c1049f0
2024-04-25T00:08:20.506 INFO:teuthology.orchestra.run.smithi134.stdout:/usr/bin/ceph: stderr
2024-04-25T00:08:19.886+0000 7f3b33fff700 1 -- 172.21.15.134:0/2363056193 <== mon.0 v2:172.21.15.134:3300/0 7 ==== mgrmap(e 9) v1 ==== 45097+0+0 (secure 0 0 0) 0x7f3b440244b0 con 0x7f3b4c1049f0
2024-04-25T00:08:20.506 INFO:teuthology.orchestra.run.smithi134.stdout:/usr/bin/ceph: stderr
2024-04-25T00:08:19.888+0000 7f3b33fff700 1 -- 172.21.15.134:0/2363056193 <== mon.0 v2:172.21.15.134:3300/0 8 ==== mon_command_ack([{"prefix": "mgr module enable", "module": "dashboard"}]=0 v9) v1 ==== 88+0+0 (secure 0 0 0) 0x7f3b4401bc00 con 0x7f3b4c1049f0
2024-04-25T00:08:20.506 INFO:teuthology.orchestra.run.smithi134.stdout:/usr/bin/ceph: stderr
2024-04-25T00:08:19.890+0000 7f3b5170d700 1 -- 172.21.15.134:0/2363056193 >> [v2:172.21.15.134:6800/1373302474,v1:172.21.15.134:6801/1373302474] conn(0x7f3b34038440 msgr2=0x7f3b3403a8f0 secure :-1 s=STATE_CONNECTION_ESTABLISHED l=1).mark_down
2024-04-25T00:08:20.506 INFO:teuthology.orchestra.run.smithi134.stdout:/usr/bin/ceph: stderr
2024-04-25T00:08:19.890+0000 7f3b5170d700 1 --2- 172.21.15.134:0/2363056193 >> [v2:172.21.15.134:6800/1373302474,v1:172.21.15.134:6801/1373302474] conn(0x7f3b34038440 0x7f3b3403a8f0 secure :-1 s=READY pgs=22 cs=0 l=1 rev1=1 crypto rx=0x7f3b40006fd0 tx=0x7f3b40006e40 comp rx=0 tx=0).stop
2024-04-25T00:08:20.506 INFO:teuthology.orchestra.run.smithi134.stdout:/usr/bin/ceph: stderr
2024-04-25T00:08:19.890+0000 7f3b5170d700 1 -- 172.21.15.134:0/2363056193 >> [v2:172.21.15.134:3300/0,v1:172.21.15.134:6789/0] conn(0x7f3b4c1049f0 msgr2=0x7f3b4c079b20 secure :-1 s=STATE_CONNECTION_ESTABLISHED l=1).mark_down
2024-04-25T00:08:20.506 INFO:teuthology.orchestra.run.smithi134.stdout:/usr/bin/ceph: stderr
2024-04-25T00:08:19.890+0000 7f3b5170d700 1 --2- 172.21.15.134:0/2363056193 >> [v2:172.21.15.134:3300/0,v1:172.21.15.134:6789/0] conn(0x7f3b4c1049f0 0x7f3b4c079b20 secure :-1 s=READY pgs=68 cs=0 l=1 rev1=1 crypto rx=0x7f3b44004070 tx=0x7f3b440049f0 comp rx=0 tx=0).stop
2024-04-25T00:08:20.506 INFO:teuthology.orchestra.run.smithi134.stdout:/usr/bin/ceph: stderr
2024-04-25T00:08:19.890+0000 7f3b5170d700 1 -- 172.21.15.134:0/2363056193 shutdown_connections
2024-04-25T00:08:20.506 INFO:teuthology.orchestra.run.smithi134.stdout:/usr/bin/ceph: stderr
2024-04-25T00:08:19.890+0000 7f3b5170d700 1 --2- 172.21.15.134:0/2363056193 >> [v2:172.21.15.134:6800/1373302474,v1:172.21.15.134:6801/1373302474] conn(0x7f3b34038440 0x7f3b3403a8f0 unknown :-1 s=CLOSED pgs=22 cs=0 l=1 rev1=1 crypto rx=0 tx=0 comp rx=0 tx=0).stop
2024-04-25T00:08:20.506 INFO:teuthology.orchestra.run.smithi134.stdout:/usr/bin/ceph: stderr
2024-04-25T00:08:19.890+0000 7f3b5170d700 1 --2- 172.21.15.134:0/2363056193 >> [v2:172.21.15.134:3300/0,v1:172.21.15.134:6789/0] conn(0x7f3b4c1049f0 0x7f3b4c079b20 unknown :-1 s=CLOSED pgs=68 cs=0 l=1 rev1=1 crypto rx=0 tx=0 comp rx=0 tx=0).stop
2024-04-25T00:08:20.506 INFO:teuthology.orchestra.run.smithi134.stdout:/usr/bin/ceph: stderr
2024-04-25T00:08:19.890+0000 7f3b5170d700 1 -- 172.21.15.134:0/2363056193 >> 172.21.15.134:0/2363056193 conn(0x7f3b4c100080 msgr2=0x7f3b4c100e00 unknown :-1 s=STATE_NONE l=0).mark_down
2024-04-25T00:08:20.506 INFO:teuthology.orchestra.run.smithi134.stdout:/usr/bin/ceph: stderr
2024-04-25T00:08:19.891+0000 7f3b5170d700 1 -- 172.21.15.134:0/2363056193 shutdown_connections
2024-04-25T00:08:20.506 INFO:teuthology.orchestra.run.smithi134.stdout:/usr/bin/ceph: stderr
2024-04-25T00:08:19.891+0000 7f3b5170d700 1 -- 172.21.15.134:0/2363056193 wait complete.
2024-04-25T00:08:21.062 INFO:journalctl@ceph.mon.smithi134.smithi134.stdout:Apr 25 00:08:20 smithi134 ceph-mon[26609]: from='client.? 172.21.15.134:0/2363056193' entity='client.admin' cmd='[{"prefix": "mgr module enable", "module": "dashboard"}]': finished
2024-04-25T00:08:21.062 INFO:journalctl@ceph.mon.smithi134.smithi134.stdout:Apr 25 00:08:20 smithi134 ceph-mon[26609]: mgrmap e9: smithi134.tarcwc(active, since 25s)
2024-04-25T00:08:21.785 INFO:teuthology.orchestra.run.smithi134.stdout:/usr/bin/ceph: stdout {
2024-04-25T00:08:21.785 INFO:teuthology.orchestra.run.smithi134.stdout:/usr/bin/ceph: stdout "epoch": 9,
2024-04-25T00:08:21.786 INFO:teuthology.orchestra.run.smithi134.stdout:/usr/bin/ceph: stdout "available": true,
2024-04-25T00:08:21.786 INFO:teuthology.orchestra.run.smithi134.stdout:/usr/bin/ceph: stdout "active_name": "smithi134.tarcwc",
2024-04-25T00:08:21.786 INFO:teuthology.orchestra.run.smithi134.stdout:/usr/bin/ceph: stdout "num_standby": 0
2024-04-25T00:08:21.786 INFO:teuthology.orchestra.run.smithi134.stdout:/usr/bin/ceph: stdout }
2024-04-25T00:08:21.786 INFO:teuthology.orchestra.run.smithi134.stdout:/usr/bin/ceph: stderr
2024-04-25T00:08:20.982+0000 7fa8e778f700 1 Processor -- start
2024-04-25T00:08:21.786 INFO:teuthology.orchestra.run.smithi134.stdout:/usr/bin/ceph: stderr
2024-04-25T00:08:20.982+0000 7fa8e778f700 1 -- start start
2024-04-25T00:08:21.786 INFO:teuthology.orchestra.run.smithi134.stdout:/usr/bin/ceph: stderr
2024-04-25T00:08:20.982+0000 7fa8e778f700 1 --2- >> [v2:172.21.15.134:3300/0,v1:172.21.15.134:6789/0] conn(0x7fa8e0104a00 0x7fa8e0104e10 unknown :-1 s=NONE pgs=0 cs=0 l=0 rev1=0 crypto rx=0 tx=0 comp rx=0 tx=0).connect
2024-04-25T00:08:21.786 INFO:teuthology.orchestra.run.smithi134.stdout:/usr/bin/ceph: stderr
2024-04-25T00:08:20.982+0000 7fa8e778f700 1 -- --> [v2:172.21.15.134:3300/0,v1:172.21.15.134:6789/0] -- mon_getmap magic: 0 v1 -- 0x7fa8e0105350 con 0x7fa8e0104a00
2024-04-25T00:08:21.786 INFO:teuthology.orchestra.run.smithi134.stdout:/usr/bin/ceph: stderr
2024-04-25T00:08:20.982+0000 7fa8e552b700 1 --2- >> [v2:172.21.15.134:3300/0,v1:172.21.15.134:6789/0] conn(0x7fa8e0104a00 0x7fa8e0104e10 unknown :-1 s=BANNER_CONNECTING pgs=0 cs=0 l=0 rev1=0 crypto rx=0 tx=0 comp rx=0 tx=0)._handle_peer_banner_payload supported=3 required=0
2024-04-25T00:08:21.786 INFO:teuthology.orchestra.run.smithi134.stdout:/usr/bin/ceph: stderr
2024-04-25T00:08:20.982+0000 7fa8e552b700 1 --2- >> [v2:172.21.15.134:3300/0,v1:172.21.15.134:6789/0] conn(0x7fa8e0104a00 0x7fa8e0104e10 unknown :-1 s=HELLO_CONNECTING pgs=0 cs=0 l=0 rev1=1 crypto rx=0 tx=0 comp rx=0 tx=0).handle_hello peer v2:172.21.15.134:3300/0 says I am v2:172.21.15.134:55576/0 (socket says 172.21.15.134:55576)
2024-04-25T00:08:21.786 INFO:teuthology.orchestra.run.smithi134.stdout:/usr/bin/ceph: stderr
2024-04-25T00:08:20.982+0000 7fa8e552b700 1 -- 172.21.15.134:0/2899380689 learned_addr learned my addr 172.21.15.134:0/2899380689 (peer_addr_for_me v2:172.21.15.134:0/0)
2024-04-25T00:08:21.786 INFO:teuthology.orchestra.run.smithi134.stdout:/usr/bin/ceph: stderr
2024-04-25T00:08:20.982+0000 7fa8e552b700 1 -- 172.21.15.134:0/2899380689 --> [v2:172.21.15.134:3300/0,v1:172.21.15.134:6789/0] -- mon_subscribe({config=0+,monmap=0+}) v3 -- 0x7fa8e0105490 con 0x7fa8e0104a00
2024-04-25T00:08:21.787 INFO:teuthology.orchestra.run.smithi134.stdout:/usr/bin/ceph: stderr
2024-04-25T00:08:20.983+0000 7fa8e552b700 1 --2- 172.21.15.134:0/2899380689 >> [v2:172.21.15.134:3300/0,v1:172.21.15.134:6789/0] conn(0x7fa8e0104a00 0x7fa8e0104e10 secure :-1 s=READY pgs=71 cs=0 l=1 rev1=1 crypto rx=0x7fa8dc0098a0 tx=0x7fa8dc009bb0 comp rx=0 tx=0).ready entity=mon.0 client_cookie=3017930ef711e3f7 server_cookie=0 in_seq=0 out_seq=0
2024-04-25T00:08:21.787 INFO:teuthology.orchestra.run.smithi134.stdout:/usr/bin/ceph: stderr
2024-04-25T00:08:20.983+0000 7fa8d7fff700 1 -- 172.21.15.134:0/2899380689 <== mon.0 v2:172.21.15.134:3300/0 1 ==== mon_map magic: 0 v1 ==== 229+0+0 (secure 0 0 0) 0x7fa8dc004180 con 0x7fa8e0104a00
2024-04-25T00:08:21.787 INFO:teuthology.orchestra.run.smithi134.stdout:/usr/bin/ceph: stderr
2024-04-25T00:08:20.983+0000 7fa8d7fff700 1 -- 172.21.15.134:0/2899380689 <== mon.0 v2:172.21.15.134:3300/0 2 ==== config(27 keys) v1 ==== 1101+0+0 (secure 0 0 0) 0x7fa8dc0042e0 con 0x7fa8e0104a00
2024-04-25T00:08:21.787 INFO:teuthology.orchestra.run.smithi134.stdout:/usr/bin/ceph: stderr
2024-04-25T00:08:20.983+0000 7fa8d7fff700 1 -- 172.21.15.134:0/2899380689 <== mon.0 v2:172.21.15.134:3300/0 3 ==== mon_map magic: 0 v1 ==== 229+0+0 (secure 0 0 0) 0x7fa8dc011af0 con 0x7fa8e0104a00
2024-04-25T00:08:21.787 INFO:teuthology.orchestra.run.smithi134.stdout:/usr/bin/ceph: stderr
2024-04-25T00:08:20.983+0000 7fa8e778f700 1 -- 172.21.15.134:0/2899380689 >> [v2:172.21.15.134:3300/0,v1:172.21.15.134:6789/0] conn(0x7fa8e0104a00 msgr2=0x7fa8e0104e10 secure :-1 s=STATE_CONNECTION_ESTABLISHED l=1).mark_down
2024-04-25T00:08:21.787 INFO:teuthology.orchestra.run.smithi134.stdout:/usr/bin/ceph: stderr
2024-04-25T00:08:20.983+0000 7fa8e778f700 1 --2- 172.21.15.134:0/2899380689 >> [v2:172.21.15.134:3300/0,v1:172.21.15.134:6789/0] conn(0x7fa8e0104a00 0x7fa8e0104e10 secure :-1 s=READY pgs=71 cs=0 l=1 rev1=1 crypto rx=0x7fa8dc0098a0 tx=0x7fa8dc009bb0 comp rx=0 tx=0).stop
2024-04-25T00:08:21.787 INFO:teuthology.orchestra.run.smithi134.stdout:/usr/bin/ceph: stderr
2024-04-25T00:08:20.983+0000 7fa8e778f700 1 -- 172.21.15.134:0/2899380689 shutdown_connections
2024-04-25T00:08:21.787 INFO:teuthology.orchestra.run.smithi134.stdout:/usr/bin/ceph: stderr
2024-04-25T00:08:20.983+0000 7fa8e778f700 1 --2- 172.21.15.134:0/2899380689 >> [v2:172.21.15.134:3300/0,v1:172.21.15.134:6789/0] conn(0x7fa8e0104a00 0x7fa8e0104e10 unknown :-1 s=CLOSED pgs=71 cs=0 l=1 rev1=1 crypto rx=0 tx=0 comp rx=0 tx=0).stop
2024-04-25T00:08:21.787 INFO:teuthology.orchestra.run.smithi134.stdout:/usr/bin/ceph: stderr
2024-04-25T00:08:20.983+0000 7fa8e778f700 1 -- 172.21.15.134:0/2899380689 >> 172.21.15.134:0/2899380689 conn(0x7fa8e0100070 msgr2=0x7fa8e0102480 unknown :-1 s=STATE_NONE l=0).mark_down
2024-04-25T00:08:21.788 INFO:teuthology.orchestra.run.smithi134.stdout:/usr/bin/ceph: stderr
2024-04-25T00:08:20.983+0000 7fa8e778f700 1 -- 172.21.15.134:0/2899380689 shutdown_connections
2024-04-25T00:08:21.788 INFO:teuthology.orchestra.run.smithi134.stdout:/usr/bin/ceph: stderr
2024-04-25T00:08:20.983+0000 7fa8e778f700 1 -- 172.21.15.134:0/2899380689 wait complete.
2024-04-25T00:08:21.788 INFO:teuthology.orchestra.run.smithi134.stdout:/usr/bin/ceph: stderr
2024-04-25T00:08:20.984+0000 7fa8e778f700 1 Processor -- start
2024-04-25T00:08:21.788 INFO:teuthology.orchestra.run.smithi134.stdout:/usr/bin/ceph: stderr
2024-04-25T00:08:20.984+0000 7fa8e778f700 1 -- start start
2024-04-25T00:08:21.788 INFO:teuthology.orchestra.run.smithi134.stdout:/usr/bin/ceph: stderr
2024-04-25T00:08:20.984+0000 7fa8e778f700 1 --2- >> [v2:172.21.15.134:3300/0,v1:172.21.15.134:6789/0] conn(0x7fa8e0104a00 0x7fa8e0074320 unknown :-1 s=NONE pgs=0 cs=0 l=1 rev1=0 crypto rx=0 tx=0 comp rx=0 tx=0).connect
2024-04-25T00:08:21.788 INFO:teuthology.orchestra.run.smithi134.stdout:/usr/bin/ceph: stderr
2024-04-25T00:08:20.984+0000 7fa8e778f700 1 -- --> [v2:172.21.15.134:3300/0,v1:172.21.15.134:6789/0] -- mon_getmap magic: 0 v1 -- 0x7fa8e019c570 con 0x7fa8e0104a00
2024-04-25T00:08:21.788 INFO:teuthology.orchestra.run.smithi134.stdout:/usr/bin/ceph: stderr
2024-04-25T00:08:20.984+0000 7fa8e552b700 1 --2- >> [v2:172.21.15.134:3300/0,v1:172.21.15.134:6789/0] conn(0x7fa8e0104a00 0x7fa8e0074320 unknown :-1 s=BANNER_CONNECTING pgs=0 cs=0 l=1 rev1=0 crypto rx=0 tx=0 comp rx=0 tx=0)._handle_peer_banner_payload supported=3 required=0
2024-04-25T00:08:21.788 INFO:teuthology.orchestra.run.smithi134.stdout:/usr/bin/ceph: stderr
2024-04-25T00:08:20.984+0000 7fa8e552b700 1 --2- >> [v2:172.21.15.134:3300/0,v1:172.21.15.134:6789/0] conn(0x7fa8e0104a00 0x7fa8e0074320 unknown :-1 s=HELLO_CONNECTING pgs=0 cs=0 l=1 rev1=1 crypto rx=0 tx=0 comp rx=0 tx=0).handle_hello peer v2:172.21.15.134:3300/0 says I am v2:172.21.15.134:55580/0 (socket says 172.21.15.134:55580)
2024-04-25T00:08:21.788 INFO:teuthology.orchestra.run.smithi134.stdout:/usr/bin/ceph: stderr
2024-04-25T00:08:20.984+0000 7fa8e552b700 1 -- 172.21.15.134:0/882801461 learned_addr learned my addr 172.21.15.134:0/882801461 (peer_addr_for_me v2:172.21.15.134:0/0)
2024-04-25T00:08:21.789 INFO:teuthology.orchestra.run.smithi134.stdout:/usr/bin/ceph: stderr
2024-04-25T00:08:20.985+0000 7fa8e552b700 1 -- 172.21.15.134:0/882801461 --> [v2:172.21.15.134:3300/0,v1:172.21.15.134:6789/0] -- mon_subscribe({config=0+,monmap=0+}) v3 -- 0x7fa8dc009550 con 0x7fa8e0104a00
2024-04-25T00:08:21.789 INFO:teuthology.orchestra.run.smithi134.stdout:/usr/bin/ceph: stderr
2024-04-25T00:08:20.985+0000 7fa8e552b700 1 --2- 172.21.15.134:0/882801461 >> [v2:172.21.15.134:3300/0,v1:172.21.15.134:6789/0] conn(0x7fa8e0104a00 0x7fa8e0074320 secure :-1 s=READY pgs=72 cs=0 l=1 rev1=1 crypto rx=0x7fa8dc006ba0 tx=0x7fa8dc011b50 comp rx=0 tx=0).ready entity=mon.0 client_cookie=0 server_cookie=0 in_seq=0 out_seq=0
2024-04-25T00:08:21.789 INFO:teuthology.orchestra.run.smithi134.stdout:/usr/bin/ceph: stderr
2024-04-25T00:08:20.985+0000 7fa8d67fc700 1 -- 172.21.15.134:0/882801461 <== mon.0 v2:172.21.15.134:3300/0 1 ==== mon_map magic: 0 v1 ==== 229+0+0 (secure 0 0 0) 0x7fa8dc003b00 con 0x7fa8e0104a00
2024-04-25T00:08:21.789 INFO:teuthology.orchestra.run.smithi134.stdout:/usr/bin/ceph: stderr
2024-04-25T00:08:20.985+0000 7fa8d67fc700 1 -- 172.21.15.134:0/882801461 <== mon.0 v2:172.21.15.134:3300/0 2 ==== config(27 keys) v1 ==== 1101+0+0 (secure 0 0 0) 0x7fa8dc01a8e0 con 0x7fa8e0104a00
2024-04-25T00:08:21.789 INFO:teuthology.orchestra.run.smithi134.stdout:/usr/bin/ceph: stderr
2024-04-25T00:08:20.985+0000 7fa8e778f700 1 -- 172.21.15.134:0/882801461 --> [v2:172.21.15.134:3300/0,v1:172.21.15.134:6789/0] -- mon_subscribe({mgrmap=0+}) v3 -- 0x7fa8e019c6b0 con 0x7fa8e0104a00
2024-04-25T00:08:21.789 INFO:teuthology.orchestra.run.smithi134.stdout:/usr/bin/ceph: stderr
2024-04-25T00:08:20.985+0000 7fa8d67fc700 1 -- 172.21.15.134:0/882801461 <== mon.0 v2:172.21.15.134:3300/0 3 ==== mon_map magic: 0 v1 ==== 229+0+0 (secure 0 0 0) 0x7fa8dc0199c0 con 0x7fa8e0104a00
2024-04-25T00:08:21.789 INFO:teuthology.orchestra.run.smithi134.stdout:/usr/bin/ceph: stderr
2024-04-25T00:08:20.985+0000 7fa8e778f700 1 -- 172.21.15.134:0/882801461 --> [v2:172.21.15.134:3300/0,v1:172.21.15.134:6789/0] -- mon_subscribe({osdmap=0}) v3 -- 0x7fa8e019cad0 con 0x7fa8e0104a00
2024-04-25T00:08:21.789 INFO:teuthology.orchestra.run.smithi134.stdout:/usr/bin/ceph: stderr
2024-04-25T00:08:20.986+0000 7fa8d67fc700 1 -- 172.21.15.134:0/882801461 <== mon.0 v2:172.21.15.134:3300/0 4 ==== mgrmap(e 9) v1 ==== 45097+0+0 (secure 0 0 0) 0x7fa8dc019c30 con 0x7fa8e0104a00
2024-04-25T00:08:21.789 INFO:teuthology.orchestra.run.smithi134.stdout:/usr/bin/ceph: stderr
2024-04-25T00:08:20.986+0000 7fa8e778f700 1 -- 172.21.15.134:0/882801461 --> [v2:172.21.15.134:3300/0,v1:172.21.15.134:6789/0] -- mon_command({"prefix": "get_command_descriptions"} v 0) v1 -- 0x7fa8e0062380 con 0x7fa8e0104a00
2024-04-25T00:08:21.790 INFO:teuthology.orchestra.run.smithi134.stdout:/usr/bin/ceph: stderr
2024-04-25T00:08:20.986+0000 7fa8d67fc700 1 --2- 172.21.15.134:0/882801461 >> [v2:172.21.15.134:6800/1373302474,v1:172.21.15.134:6801/1373302474] conn(0x7fa8cc038440 0x7fa8cc03a8f0 unknown :-1 s=NONE pgs=0 cs=0 l=1 rev1=0 crypto rx=0 tx=0 comp rx=0 tx=0).connect
2024-04-25T00:08:21.790 INFO:teuthology.orchestra.run.smithi134.stdout:/usr/bin/ceph: stderr
2024-04-25T00:08:20.986+0000 7fa8d67fc700 1 -- 172.21.15.134:0/882801461 <== mon.0 v2:172.21.15.134:3300/0 5 ==== osd_map(2..2 src has 1..2) v4 ==== 940+0+0 (secure 0 0 0) 0x7fa8dc04c5f0 con 0x7fa8e0104a00
2024-04-25T00:08:21.790 INFO:teuthology.orchestra.run.smithi134.stdout:/usr/bin/ceph: stderr
2024-04-25T00:08:20.986+0000 7fa8e4d2a700 1 -- 172.21.15.134:0/882801461 >> [v2:172.21.15.134:6800/1373302474,v1:172.21.15.134:6801/1373302474] conn(0x7fa8cc038440 msgr2=0x7fa8cc03a8f0 unknown :-1 s=STATE_CONNECTING_RE l=1).process reconnect failed to v2:172.21.15.134:6800/1373302474
2024-04-25T00:08:21.790 INFO:teuthology.orchestra.run.smithi134.stdout:/usr/bin/ceph: stderr
2024-04-25T00:08:20.986+0000 7fa8e4d2a700 1 --2- 172.21.15.134:0/882801461 >> [v2:172.21.15.134:6800/1373302474,v1:172.21.15.134:6801/1373302474] conn(0x7fa8cc038440 0x7fa8cc03a8f0 unknown :-1 s=START_CONNECT pgs=0 cs=0 l=1 rev1=0 crypto rx=0 tx=0 comp rx=0 tx=0)._fault waiting 0.200000
2024-04-25T00:08:21.790 INFO:teuthology.orchestra.run.smithi134.stdout:/usr/bin/ceph: stderr
2024-04-25T00:08:20.991+0000 7fa8d67fc700 1 -- 172.21.15.134:0/882801461 <== mon.0 v2:172.21.15.134:3300/0 6 ==== mon_command_ack([{"prefix": "get_command_descriptions"}]=0 v0) v1 ==== 72+0+177933 (secure 0 0 0) 0x7fa8dc02d440 con 0x7fa8e0104a00
2024-04-25T00:08:21.790 INFO:teuthology.orchestra.run.smithi134.stdout:/usr/bin/ceph: stderr
2024-04-25T00:08:21.187+0000 7fa8e4d2a700 1 -- 172.21.15.134:0/882801461 >> [v2:172.21.15.134:6800/1373302474,v1:172.21.15.134:6801/1373302474] conn(0x7fa8cc038440 msgr2=0x7fa8cc03a8f0 unknown :-1 s=STATE_CONNECTING_RE l=1).process reconnect failed to v2:172.21.15.134:6800/1373302474
2024-04-25T00:08:21.790 INFO:teuthology.orchestra.run.smithi134.stdout:/usr/bin/ceph: stderr
2024-04-25T00:08:21.187+0000 7fa8e4d2a700 1 --2- 172.21.15.134:0/882801461 >> [v2:172.21.15.134:6800/1373302474,v1:172.21.15.134:6801/1373302474] conn(0x7fa8cc038440 0x7fa8cc03a8f0 unknown :-1 s=START_CONNECT pgs=0 cs=0 l=1 rev1=0 crypto rx=0 tx=0 comp rx=0 tx=0)._fault waiting 0.400000
2024-04-25T00:08:21.790 INFO:teuthology.orchestra.run.smithi134.stdout:/usr/bin/ceph: stderr
2024-04-25T00:08:21.278+0000 7fa8e778f700 1 -- 172.21.15.134:0/882801461 --> [v2:172.21.15.134:3300/0,v1:172.21.15.134:6789/0] -- mon_command({"prefix": "mgr stat"} v 0) v1 -- 0x7fa8e019d130 con 0x7fa8e0104a00
2024-04-25T00:08:21.790 INFO:teuthology.orchestra.run.smithi134.stdout:/usr/bin/ceph: stderr
2024-04-25T00:08:21.279+0000 7fa8d67fc700 1 -- 172.21.15.134:0/882801461 <== mon.0 v2:172.21.15.134:3300/0 7 ==== mon_command_ack([{"prefix": "mgr stat"}]=0 v9) v1 ==== 56+0+103 (secure 0 0 0) 0x7fa8dc02b340 con 0x7fa8e0104a00
2024-04-25T00:08:21.790 INFO:teuthology.orchestra.run.smithi134.stdout:/usr/bin/ceph: stderr
2024-04-25T00:08:21.281+0000 7fa8e778f700 1 -- 172.21.15.134:0/882801461 >> [v2:172.21.15.134:6800/1373302474,v1:172.21.15.134:6801/1373302474] conn(0x7fa8cc038440 msgr2=0x7fa8cc03a8f0 unknown :-1 s=STATE_CONNECTING l=1).mark_down
2024-04-25T00:08:21.790 INFO:teuthology.orchestra.run.smithi134.stdout:/usr/bin/ceph: stderr
2024-04-25T00:08:21.281+0000 7fa8e778f700 1 --2- 172.21.15.134:0/882801461 >> [v2:172.21.15.134:6800/1373302474,v1:172.21.15.134:6801/1373302474] conn(0x7fa8cc038440 0x7fa8cc03a8f0 unknown :-1 s=START_CONNECT pgs=0 cs=0 l=1 rev1=0 crypto rx=0 tx=0 comp rx=0 tx=0).stop
2024-04-25T00:08:21.790 INFO:teuthology.orchestra.run.smithi134.stdout:/usr/bin/ceph: stderr
2024-04-25T00:08:21.281+0000 7fa8e778f700 1 -- 172.21.15.134:0/882801461 >> [v2:172.21.15.134:3300/0,v1:172.21.15.134:6789/0] conn(0x7fa8e0104a00 msgr2=0x7fa8e0074320 secure :-1 s=STATE_CONNECTION_ESTABLISHED l=1).mark_down
2024-04-25T00:08:21.791 INFO:teuthology.orchestra.run.smithi134.stdout:/usr/bin/ceph: stderr
2024-04-25T00:08:21.281+0000 7fa8e778f700 1 --2- 172.21.15.134:0/882801461 >> [v2:172.21.15.134:3300/0,v1:172.21.15.134:6789/0] conn(0x7fa8e0104a00 0x7fa8e0074320 secure :-1 s=READY pgs=72 cs=0 l=1 rev1=1 crypto rx=0x7fa8dc006ba0 tx=0x7fa8dc011b50 comp rx=0 tx=0).stop
2024-04-25T00:08:21.791 INFO:teuthology.orchestra.run.smithi134.stdout:/usr/bin/ceph: stderr
2024-04-25T00:08:21.281+0000 7fa8e778f700 1 -- 172.21.15.134:0/882801461 shutdown_connections
2024-04-25T00:08:21.791 INFO:teuthology.orchestra.run.smithi134.stdout:/usr/bin/ceph: stderr
2024-04-25T00:08:21.281+0000 7fa8e778f700 1 --2- 172.21.15.134:0/882801461 >> [v2:172.21.15.134:6800/1373302474,v1:172.21.15.134:6801/1373302474] conn(0x7fa8cc038440 0x7fa8cc03a8f0 unknown :-1 s=CLOSED pgs=0 cs=0 l=1 rev1=0 crypto rx=0 tx=0 comp rx=0 tx=0).stop
2024-04-25T00:08:21.791 INFO:teuthology.orchestra.run.smithi134.stdout:/usr/bin/ceph: stderr
2024-04-25T00:08:21.281+0000 7fa8e778f700 1 --2- 172.21.15.134:0/882801461 >> [v2:172.21.15.134:3300/0,v1:172.21.15.134:6789/0] conn(0x7fa8e0104a00 0x7fa8e0074320 unknown :-1 s=CLOSED pgs=72 cs=0 l=1 rev1=1 crypto rx=0 tx=0 comp rx=0 tx=0).stop
2024-04-25T00:08:21.791 INFO:teuthology.orchestra.run.smithi134.stdout:/usr/bin/ceph: stderr
2024-04-25T00:08:21.281+0000 7fa8e778f700 1 -- 172.21.15.134:0/882801461 >> 172.21.15.134:0/882801461 conn(0x7fa8e0100070 msgr2=0x7fa8e0100e40 unknown :-1 s=STATE_NONE l=0).mark_down
2024-04-25T00:08:21.791 INFO:teuthology.orchestra.run.smithi134.stdout:/usr/bin/ceph: stderr
2024-04-25T00:08:21.281+0000 7fa8e778f700 1 -- 172.21.15.134:0/882801461 shutdown_connections
2024-04-25T00:08:21.791 INFO:teuthology.orchestra.run.smithi134.stdout:/usr/bin/ceph: stderr
2024-04-25T00:08:21.281+0000 7fa8e778f700 1 -- 172.21.15.134:0/882801461 wait complete.
2024-04-25T00:08:21.791 INFO:teuthology.orchestra.run.smithi134.stdout:Waiting for the mgr to restart...
2024-04-25T00:08:21.791 INFO:teuthology.orchestra.run.smithi134.stdout:Waiting for mgr epoch 9...
2024-04-25T00:08:22.137 INFO:journalctl@ceph.mon.smithi134.smithi134.stdout:Apr 25 00:08:21 smithi134 ceph-mon[26609]: from='client.? 172.21.15.134:0/882801461' entity='client.admin' cmd=[{"prefix": "mgr stat"}]: dispatch
2024-04-25T00:08:27.062 INFO:journalctl@ceph.mon.smithi134.smithi134.stdout:Apr 25 00:08:26 smithi134 ceph-mon[26609]: Active manager daemon smithi134.tarcwc restarted
2024-04-25T00:08:27.063 INFO:journalctl@ceph.mon.smithi134.smithi134.stdout:Apr 25 00:08:26 smithi134 ceph-mon[26609]: Activating manager daemon smithi134.tarcwc
2024-04-25T00:08:27.063 INFO:journalctl@ceph.mon.smithi134.smithi134.stdout:Apr 25 00:08:26 smithi134 ceph-mon[26609]: osdmap e3: 0 total, 0 up, 0 in
2024-04-25T00:08:27.063 INFO:journalctl@ceph.mon.smithi134.smithi134.stdout:Apr 25 00:08:26 smithi134 ceph-mon[26609]: mgrmap e10: smithi134.tarcwc(active, starting, since 0.00375851s)
2024-04-25T00:08:27.063 INFO:journalctl@ceph.mon.smithi134.smithi134.stdout:Apr 25 00:08:26 smithi134 ceph-mon[26609]: from='mgr.14164 172.21.15.134:0/2707232805' entity='mgr.smithi134.tarcwc' cmd=[{"prefix": "mon metadata", "id": "smithi134"}]: dispatch
2024-04-25T00:08:27.063 INFO:journalctl@ceph.mon.smithi134.smithi134.stdout:Apr 25 00:08:26 smithi134 ceph-mon[26609]: from='mgr.14164 172.21.15.134:0/2707232805' entity='mgr.smithi134.tarcwc' cmd=[{"prefix": "mgr metadata", "who": "smithi134.tarcwc", "id": "smithi134.tarcwc"}]: dispatch
2024-04-25T00:08:27.063 INFO:journalctl@ceph.mon.smithi134.smithi134.stdout:Apr 25 00:08:26 smithi134 ceph-mon[26609]: from='mgr.14164 172.21.15.134:0/2707232805' entity='mgr.smithi134.tarcwc' cmd=[{"prefix": "mds metadata"}]: dispatch
2024-04-25T00:08:27.063 INFO:journalctl@ceph.mon.smithi134.smithi134.stdout:Apr 25 00:08:26 smithi134 ceph-mon[26609]: from='mgr.14164 172.21.15.134:0/2707232805' entity='mgr.smithi134.tarcwc' cmd=[{"prefix": "osd metadata"}]: dispatch
2024-04-25T00:08:27.063 INFO:journalctl@ceph.mon.smithi134.smithi134.stdout:Apr 25 00:08:26 smithi134 ceph-mon[26609]: from='mgr.14164 172.21.15.134:0/2707232805' entity='mgr.smithi134.tarcwc' cmd=[{"prefix": "mon metadata"}]: dispatch
2024-04-25T00:08:27.063 INFO:journalctl@ceph.mon.smithi134.smithi134.stdout:Apr 25 00:08:26 smithi134 ceph-mon[26609]: Manager daemon smithi134.tarcwc is now available
2024-04-25T00:08:27.063 INFO:journalctl@ceph.mon.smithi134.smithi134.stdout:Apr 25 00:08:26 smithi134 ceph-mon[26609]: from='mgr.14164 172.21.15.134:0/2707232805' entity='mgr.smithi134.tarcwc' cmd=[{"prefix": "config dump", "format": "json"}]: dispatch
2024-04-25T00:08:27.063 INFO:journalctl@ceph.mon.smithi134.smithi134.stdout:Apr 25 00:08:26 smithi134 ceph-mon[26609]: from='mgr.14164 172.21.15.134:0/2707232805' entity='mgr.smithi134.tarcwc' cmd=[{"prefix": "config dump", "format": "json"}]: dispatch
2024-04-25T00:08:27.063 INFO:journalctl@ceph.mon.smithi134.smithi134.stdout:Apr 25 00:08:26 smithi134 ceph-mon[26609]: from='mgr.14164 172.21.15.134:0/2707232805' entity='mgr.smithi134.tarcwc' cmd=[{"prefix":"config rm","who":"mgr","name":"mgr/rbd_support/smithi134.tarcwc/mirror_snapshot_schedule"}]: dispatch
2024-04-25T00:08:27.064 INFO:journalctl@ceph.mon.smithi134.smithi134.stdout:Apr 25 00:08:26 smithi134 ceph-mon[26609]: from='mgr.14164 172.21.15.134:0/2707232805' entity='mgr.smithi134.tarcwc' cmd=[{"prefix":"config rm","who":"mgr","name":"mgr/rbd_support/smithi134.tarcwc/trash_purge_schedule"}]: dispatch
2024-04-25T00:08:28.303 INFO:teuthology.orchestra.run.smithi134.stdout:/usr/bin/ceph: stdout {
2024-04-25T00:08:28.303 INFO:teuthology.orchestra.run.smithi134.stdout:/usr/bin/ceph: stdout "mgrmap_epoch": 11,
2024-04-25T00:08:28.303 INFO:teuthology.orchestra.run.smithi134.stdout:/usr/bin/ceph: stdout "initialized": true
2024-04-25T00:08:28.303 INFO:teuthology.orchestra.run.smithi134.stdout:/usr/bin/ceph: stdout }
2024-04-25T00:08:28.303 INFO:teuthology.orchestra.run.smithi134.stdout:/usr/bin/ceph: stderr
2024-04-25T00:08:22.161+0000 7fd510aa0700 1 Processor -- start
2024-04-25T00:08:28.303 INFO:teuthology.orchestra.run.smithi134.stdout:/usr/bin/ceph: stderr
2024-04-25T00:08:22.161+0000 7fd510aa0700 1 -- start start
2024-04-25T00:08:28.303 INFO:teuthology.orchestra.run.smithi134.stdout:/usr/bin/ceph: stderr
2024-04-25T00:08:22.162+0000 7fd510aa0700 1 --2- >> [v2:172.21.15.134:3300/0,v1:172.21.15.134:6789/0] conn(0x7fd50c106650 0x7fd50c108a30 unknown :-1 s=NONE pgs=0 cs=0 l=0 rev1=0 crypto rx=0 tx=0 comp rx=0 tx=0).connect
2024-04-25T00:08:28.303 INFO:teuthology.orchestra.run.smithi134.stdout:/usr/bin/ceph: stderr
2024-04-25T00:08:22.162+0000 7fd510aa0700 1 -- --> [v2:172.21.15.134:3300/0,v1:172.21.15.134:6789/0] -- mon_getmap magic: 0 v1 -- 0x7fd50c0744d0 con 0x7fd50c106650
2024-04-25T00:08:28.304 INFO:teuthology.orchestra.run.smithi134.stdout:/usr/bin/ceph: stderr
2024-04-25T00:08:22.162+0000 7fd50a59c700 1 --2- >> [v2:172.21.15.134:3300/0,v1:172.21.15.134:6789/0] conn(0x7fd50c106650 0x7fd50c108a30 unknown :-1 s=BANNER_CONNECTING pgs=0 cs=0 l=0 rev1=0 crypto rx=0 tx=0 comp rx=0 tx=0)._handle_peer_banner_payload supported=3 required=0
2024-04-25T00:08:28.304 INFO:teuthology.orchestra.run.smithi134.stdout:/usr/bin/ceph: stderr
2024-04-25T00:08:22.162+0000 7fd50a59c700 1 --2- >> [v2:172.21.15.134:3300/0,v1:172.21.15.134:6789/0] conn(0x7fd50c106650 0x7fd50c108a30 unknown :-1 s=HELLO_CONNECTING pgs=0 cs=0 l=0 rev1=1 crypto rx=0 tx=0 comp rx=0 tx=0).handle_hello peer v2:172.21.15.134:3300/0 says I am v2:172.21.15.134:55594/0 (socket says 172.21.15.134:55594)
2024-04-25T00:08:28.304 INFO:teuthology.orchestra.run.smithi134.stdout:/usr/bin/ceph: stderr
2024-04-25T00:08:22.162+0000 7fd50a59c700 1 -- 172.21.15.134:0/1972716085 learned_addr learned my addr 172.21.15.134:0/1972716085 (peer_addr_for_me v2:172.21.15.134:0/0)
2024-04-25T00:08:28.304 INFO:teuthology.orchestra.run.smithi134.stdout:/usr/bin/ceph: stderr
2024-04-25T00:08:22.162+0000 7fd50a59c700 1 -- 172.21.15.134:0/1972716085 --> [v2:172.21.15.134:3300/0,v1:172.21.15.134:6789/0] -- mon_subscribe({config=0+,monmap=0+}) v3 -- 0x7fd50c074610 con 0x7fd50c106650
2024-04-25T00:08:28.304 INFO:teuthology.orchestra.run.smithi134.stdout:/usr/bin/ceph: stderr
2024-04-25T00:08:22.162+0000 7fd50a59c700 1 --2- 172.21.15.134:0/1972716085 >> [v2:172.21.15.134:3300/0,v1:172.21.15.134:6789/0] conn(0x7fd50c106650 0x7fd50c108a30 secure :-1 s=READY pgs=73 cs=0 l=1 rev1=1 crypto rx=0x7fd4fc0098a0 tx=0x7fd4fc009bb0 comp rx=0 tx=0).ready entity=mon.0 client_cookie=ff7807d444baecf server_cookie=0 in_seq=0 out_seq=0
2024-04-25T00:08:28.304 INFO:teuthology.orchestra.run.smithi134.stdout:/usr/bin/ceph: stderr
2024-04-25T00:08:22.162+0000 7fd50959a700 1 -- 172.21.15.134:0/1972716085 <== mon.0 v2:172.21.15.134:3300/0 1 ==== mon_map magic: 0 v1 ==== 229+0+0 (secure 0 0 0) 0x7fd4fc004180 con 0x7fd50c106650
2024-04-25T00:08:28.304 INFO:teuthology.orchestra.run.smithi134.stdout:/usr/bin/ceph: stderr
2024-04-25T00:08:22.162+0000 7fd50959a700 1 -- 172.21.15.134:0/1972716085 <== mon.0 v2:172.21.15.134:3300/0 2 ==== config(27 keys) v1 ==== 1101+0+0 (secure 0 0 0) 0x7fd4fc0042e0 con 0x7fd50c106650
2024-04-25T00:08:28.304 INFO:teuthology.orchestra.run.smithi134.stdout:/usr/bin/ceph: stderr
2024-04-25T00:08:22.162+0000 7fd50959a700 1 -- 172.21.15.134:0/1972716085 <== mon.0 v2:172.21.15.134:3300/0 3 ==== mon_map magic: 0 v1 ==== 229+0+0 (secure 0 0 0) 0x7fd4fc011af0 con 0x7fd50c106650
2024-04-25T00:08:28.304 INFO:teuthology.orchestra.run.smithi134.stdout:/usr/bin/ceph: stderr
2024-04-25T00:08:22.163+0000 7fd510aa0700 1 -- 172.21.15.134:0/1972716085 >> [v2:172.21.15.134:3300/0,v1:172.21.15.134:6789/0] conn(0x7fd50c106650 msgr2=0x7fd50c108a30 secure :-1 s=STATE_CONNECTION_ESTABLISHED l=1).mark_down
2024-04-25T00:08:28.304 INFO:teuthology.orchestra.run.smithi134.stdout:/usr/bin/ceph: stderr
2024-04-25T00:08:22.163+0000 7fd510aa0700 1 --2- 172.21.15.134:0/1972716085 >> [v2:172.21.15.134:3300/0,v1:172.21.15.134:6789/0] conn(0x7fd50c106650 0x7fd50c108a30 secure :-1 s=READY pgs=73 cs=0 l=1 rev1=1 crypto rx=0x7fd4fc0098a0 tx=0x7fd4fc009bb0 comp rx=0 tx=0).stop
2024-04-25T00:08:28.304 INFO:teuthology.orchestra.run.smithi134.stdout:/usr/bin/ceph: stderr
2024-04-25T00:08:22.163+0000 7fd510aa0700 1 -- 172.21.15.134:0/1972716085 shutdown_connections
2024-04-25T00:08:28.304 INFO:teuthology.orchestra.run.smithi134.stdout:/usr/bin/ceph: stderr
2024-04-25T00:08:22.163+0000 7fd510aa0700 1 --2- 172.21.15.134:0/1972716085 >> [v2:172.21.15.134:3300/0,v1:172.21.15.134:6789/0] conn(0x7fd50c106650 0x7fd50c108a30 unknown :-1 s=CLOSED pgs=73 cs=0 l=1 rev1=1 crypto rx=0 tx=0 comp rx=0 tx=0).stop
2024-04-25T00:08:28.304 INFO:teuthology.orchestra.run.smithi134.stdout:/usr/bin/ceph: stderr
2024-04-25T00:08:22.163+0000 7fd510aa0700 1 -- 172.21.15.134:0/1972716085 >> 172.21.15.134:0/1972716085 conn(0x7fd50c100070 msgr2=0x7fd50c102480 unknown :-1 s=STATE_NONE l=0).mark_down
2024-04-25T00:08:28.304 INFO:teuthology.orchestra.run.smithi134.stdout:/usr/bin/ceph: stderr
2024-04-25T00:08:22.163+0000 7fd510aa0700 1 -- 172.21.15.134:0/1972716085 shutdown_connections
2024-04-25T00:08:28.305 INFO:teuthology.orchestra.run.smithi134.stdout:/usr/bin/ceph: stderr
2024-04-25T00:08:22.163+0000 7fd510aa0700 1 -- 172.21.15.134:0/1972716085 wait complete.
2024-04-25T00:08:28.305 INFO:teuthology.orchestra.run.smithi134.stdout:/usr/bin/ceph: stderr
2024-04-25T00:08:22.164+0000 7fd510aa0700 1 Processor -- start
2024-04-25T00:08:28.305 INFO:teuthology.orchestra.run.smithi134.stdout:/usr/bin/ceph: stderr
2024-04-25T00:08:22.164+0000 7fd510aa0700 1 -- start start
2024-04-25T00:08:28.305 INFO:teuthology.orchestra.run.smithi134.stdout:/usr/bin/ceph: stderr
2024-04-25T00:08:22.164+0000 7fd510aa0700 1 --2- >> [v2:172.21.15.134:3300/0,v1:172.21.15.134:6789/0] conn(0x7fd50c106650 0x7fd50c199840 unknown :-1 s=NONE pgs=0 cs=0 l=1 rev1=0 crypto rx=0 tx=0 comp rx=0 tx=0).connect
2024-04-25T00:08:28.305 INFO:teuthology.orchestra.run.smithi134.stdout:/usr/bin/ceph: stderr
2024-04-25T00:08:22.164+0000 7fd510aa0700 1 -- --> [v2:172.21.15.134:3300/0,v1:172.21.15.134:6789/0] -- mon_getmap magic: 0 v1 -- 0x7fd50c199d80 con 0x7fd50c106650
2024-04-25T00:08:28.305 INFO:teuthology.orchestra.run.smithi134.stdout:/usr/bin/ceph: stderr
2024-04-25T00:08:22.164+0000 7fd50a59c700 1 --2- >> [v2:172.21.15.134:3300/0,v1:172.21.15.134:6789/0] conn(0x7fd50c106650 0x7fd50c199840 unknown :-1 s=BANNER_CONNECTING pgs=0 cs=0 l=1 rev1=0 crypto rx=0 tx=0 comp rx=0 tx=0)._handle_peer_banner_payload supported=3 required=0
2024-04-25T00:08:28.305 INFO:teuthology.orchestra.run.smithi134.stdout:/usr/bin/ceph: stderr
2024-04-25T00:08:22.164+0000 7fd50a59c700 1 --2- >> [v2:172.21.15.134:3300/0,v1:172.21.15.134:6789/0] conn(0x7fd50c106650 0x7fd50c199840 unknown :-1 s=HELLO_CONNECTING pgs=0 cs=0 l=1 rev1=1 crypto rx=0 tx=0 comp rx=0 tx=0).handle_hello peer v2:172.21.15.134:3300/0 says I am v2:172.21.15.134:55598/0 (socket says 172.21.15.134:55598)
2024-04-25T00:08:28.305 INFO:teuthology.orchestra.run.smithi134.stdout:/usr/bin/ceph: stderr
2024-04-25T00:08:22.164+0000 7fd50a59c700 1 -- 172.21.15.134:0/3734331454 learned_addr learned my addr 172.21.15.134:0/3734331454 (peer_addr_for_me v2:172.21.15.134:0/0)
2024-04-25T00:08:28.305 INFO:teuthology.orchestra.run.smithi134.stdout:/usr/bin/ceph: stderr
2024-04-25T00:08:22.165+0000 7fd50a59c700 1 -- 172.21.15.134:0/3734331454 --> [v2:172.21.15.134:3300/0,v1:172.21.15.134:6789/0] -- mon_subscribe({config=0+,monmap=0+}) v3 -- 0x7fd4fc009550 con 0x7fd50c106650
2024-04-25T00:08:28.305 INFO:teuthology.orchestra.run.smithi134.stdout:/usr/bin/ceph: stderr
2024-04-25T00:08:22.165+0000 7fd50a59c700 1 --2- 172.21.15.134:0/3734331454 >> [v2:172.21.15.134:3300/0,v1:172.21.15.134:6789/0] conn(0x7fd50c106650 0x7fd50c199840 secure :-1 s=READY pgs=74 cs=0 l=1 rev1=1 crypto rx=0x7fd4fc006ba0 tx=0x7fd4fc011b50 comp rx=0 tx=0).ready entity=mon.0 client_cookie=0 server_cookie=0 in_seq=0 out_seq=0
2024-04-25T00:08:28.305 INFO:teuthology.orchestra.run.smithi134.stdout:/usr/bin/ceph: stderr
2024-04-25T00:08:22.165+0000 7fd4fb7fe700 1 -- 172.21.15.134:0/3734331454 <== mon.0 v2:172.21.15.134:3300/0 1 ==== mon_map magic: 0 v1 ==== 229+0+0 (secure 0 0 0) 0x7fd4fc003b00 con 0x7fd50c106650
2024-04-25T00:08:28.305 INFO:teuthology.orchestra.run.smithi134.stdout:/usr/bin/ceph: stderr
2024-04-25T00:08:22.165+0000 7fd4fb7fe700 1 -- 172.21.15.134:0/3734331454 <== mon.0 v2:172.21.15.134:3300/0 2 ==== config(27 keys) v1 ==== 1101+0+0 (secure 0 0 0) 0x7fd4fc01a8e0 con 0x7fd50c106650
2024-04-25T00:08:28.305 INFO:teuthology.orchestra.run.smithi134.stdout:/usr/bin/ceph: stderr
2024-04-25T00:08:22.165+0000 7fd510aa0700 1 -- 172.21.15.134:0/3734331454 --> [v2:172.21.15.134:3300/0,v1:172.21.15.134:6789/0] -- mon_subscribe({mgrmap=0+}) v3 -- 0x7fd50c199fe0 con 0x7fd50c106650
2024-04-25T00:08:28.305 INFO:teuthology.orchestra.run.smithi134.stdout:/usr/bin/ceph: stderr
2024-04-25T00:08:22.165+0000 7fd4fb7fe700 1 -- 172.21.15.134:0/3734331454 <== mon.0 v2:172.21.15.134:3300/0 3 ==== mon_map magic: 0 v1 ==== 229+0+0 (secure 0 0 0) 0x7fd4fc019990 con 0x7fd50c106650
2024-04-25T00:08:28.306 INFO:teuthology.orchestra.run.smithi134.stdout:/usr/bin/ceph: stderr
2024-04-25T00:08:22.165+0000 7fd510aa0700 1 -- 172.21.15.134:0/3734331454 --> [v2:172.21.15.134:3300/0,v1:172.21.15.134:6789/0] -- mon_subscribe({osdmap=0}) v3 -- 0x7fd50c19a460 con 0x7fd50c106650
2024-04-25T00:08:28.306 INFO:teuthology.orchestra.run.smithi134.stdout:/usr/bin/ceph: stderr
2024-04-25T00:08:22.166+0000 7fd4fb7fe700 1 -- 172.21.15.134:0/3734331454 <== mon.0 v2:172.21.15.134:3300/0 4 ==== mgrmap(e 9) v1 ==== 45097+0+0 (secure 0 0 0) 0x7fd4fc019c50 con 0x7fd50c106650
2024-04-25T00:08:28.306 INFO:teuthology.orchestra.run.smithi134.stdout:/usr/bin/ceph: stderr
2024-04-25T00:08:22.166+0000 7fd4fb7fe700 1 --2- 172.21.15.134:0/3734331454 >> [v2:172.21.15.134:6800/1373302474,v1:172.21.15.134:6801/1373302474] conn(0x7fd4f40383f0 0x7fd4f403a8a0 unknown :-1 s=NONE pgs=0 cs=0 l=1 rev1=0 crypto rx=0 tx=0 comp rx=0 tx=0).connect
2024-04-25T00:08:28.306 INFO:teuthology.orchestra.run.smithi134.stdout:/usr/bin/ceph: stderr
2024-04-25T00:08:22.166+0000 7fd510aa0700 1 -- 172.21.15.134:0/3734331454 --> [v2:172.21.15.134:6800/1373302474,v1:172.21.15.134:6801/1373302474] -- command(tid 0: {"prefix": "get_command_descriptions"}) v1 -- 0x7fd50c109b70 con 0x7fd4f40383f0
2024-04-25T00:08:28.306 INFO:teuthology.orchestra.run.smithi134.stdout:/usr/bin/ceph: stderr
2024-04-25T00:08:22.166+0000 7fd4fb7fe700 1 -- 172.21.15.134:0/3734331454 <== mon.0 v2:172.21.15.134:3300/0 5 ==== osd_map(2..2 src has 1..2) v4 ==== 940+0+0 (secure 0 0 0) 0x7fd4fc04c790 con 0x7fd50c106650
2024-04-25T00:08:28.306 INFO:teuthology.orchestra.run.smithi134.stdout:/usr/bin/ceph: stderr
2024-04-25T00:08:22.166+0000 7fd509d9b700 1 -- 172.21.15.134:0/3734331454 >> [v2:172.21.15.134:6800/1373302474,v1:172.21.15.134:6801/1373302474] conn(0x7fd4f40383f0 msgr2=0x7fd4f403a8a0 unknown :-1 s=STATE_CONNECTING_RE l=1).process reconnect failed to v2:172.21.15.134:6800/1373302474
2024-04-25T00:08:28.306 INFO:teuthology.orchestra.run.smithi134.stdout:/usr/bin/ceph: stderr
2024-04-25T00:08:22.166+0000 7fd509d9b700 1 --2- 172.21.15.134:0/3734331454 >> [v2:172.21.15.134:6800/1373302474,v1:172.21.15.134:6801/1373302474] conn(0x7fd4f40383f0 0x7fd4f403a8a0 unknown :-1 s=START_CONNECT pgs=0 cs=0 l=1 rev1=0 crypto rx=0 tx=0 comp rx=0 tx=0)._fault waiting 0.200000
2024-04-25T00:08:28.306 INFO:teuthology.orchestra.run.smithi134.stdout:/usr/bin/ceph: stderr
2024-04-25T00:08:22.367+0000 7fd509d9b700 1 -- 172.21.15.134:0/3734331454 >> [v2:172.21.15.134:6800/1373302474,v1:172.21.15.134:6801/1373302474] conn(0x7fd4f40383f0 msgr2=0x7fd4f403a8a0 unknown :-1 s=STATE_CONNECTING_RE l=1).process reconnect failed to v2:172.21.15.134:6800/1373302474
2024-04-25T00:08:28.306 INFO:teuthology.orchestra.run.smithi134.stdout:/usr/bin/ceph: stderr
2024-04-25T00:08:22.367+0000 7fd509d9b700 1 --2- 172.21.15.134:0/3734331454 >> [v2:172.21.15.134:6800/1373302474,v1:172.21.15.134:6801/1373302474] conn(0x7fd4f40383f0 0x7fd4f403a8a0 unknown :-1 s=START_CONNECT pgs=0 cs=0 l=1 rev1=0 crypto rx=0 tx=0 comp rx=0 tx=0)._fault waiting 0.400000
2024-04-25T00:08:28.306 INFO:teuthology.orchestra.run.smithi134.stdout:/usr/bin/ceph: stderr
2024-04-25T00:08:22.768+0000 7fd509d9b700 1 -- 172.21.15.134:0/3734331454 >> [v2:172.21.15.134:6800/1373302474,v1:172.21.15.134:6801/1373302474] conn(0x7fd4f40383f0 msgr2=0x7fd4f403a8a0 unknown :-1 s=STATE_CONNECTING_RE l=1).process reconnect failed to v2:172.21.15.134:6800/1373302474
2024-04-25T00:08:28.306 INFO:teuthology.orchestra.run.smithi134.stdout:/usr/bin/ceph: stderr
2024-04-25T00:08:22.768+0000 7fd509d9b700 1 --2- 172.21.15.134:0/3734331454 >> [v2:172.21.15.134:6800/1373302474,v1:172.21.15.134:6801/1373302474] conn(0x7fd4f40383f0 0x7fd4f403a8a0 unknown :-1 s=START_CONNECT pgs=0 cs=0 l=1 rev1=0 crypto rx=0 tx=0 comp rx=0 tx=0)._fault waiting 0.800000
2024-04-25T00:08:28.306 INFO:teuthology.orchestra.run.smithi134.stdout:/usr/bin/ceph: stderr
2024-04-25T00:08:23.570+0000 7fd509d9b700 1 -- 172.21.15.134:0/3734331454 >> [v2:172.21.15.134:6800/1373302474,v1:172.21.15.134:6801/1373302474] conn(0x7fd4f40383f0 msgr2=0x7fd4f403a8a0 unknown :-1 s=STATE_CONNECTING_RE l=1).process reconnect failed to v2:172.21.15.134:6800/1373302474
2024-04-25T00:08:28.306 INFO:teuthology.orchestra.run.smithi134.stdout:/usr/bin/ceph: stderr
2024-04-25T00:08:23.570+0000 7fd509d9b700 1 --2- 172.21.15.134:0/3734331454 >> [v2:172.21.15.134:6800/1373302474,v1:172.21.15.134:6801/1373302474] conn(0x7fd4f40383f0 0x7fd4f403a8a0 unknown :-1 s=START_CONNECT pgs=0 cs=0 l=1 rev1=0 crypto rx=0 tx=0 comp rx=0 tx=0)._fault waiting 1.600000
2024-04-25T00:08:28.307 INFO:teuthology.orchestra.run.smithi134.stdout:/usr/bin/ceph: stderr
2024-04-25T00:08:25.171+0000 7fd509d9b700 1 -- 172.21.15.134:0/3734331454 >> [v2:172.21.15.134:6800/1373302474,v1:172.21.15.134:6801/1373302474] conn(0x7fd4f40383f0 msgr2=0x7fd4f403a8a0 unknown :-1 s=STATE_CONNECTING_RE l=1).process reconnect failed to v2:172.21.15.134:6800/1373302474
2024-04-25T00:08:28.307 INFO:teuthology.orchestra.run.smithi134.stdout:/usr/bin/ceph: stderr
2024-04-25T00:08:25.171+0000 7fd509d9b700 1 --2- 172.21.15.134:0/3734331454 >> [v2:172.21.15.134:6800/1373302474,v1:172.21.15.134:6801/1373302474] conn(0x7fd4f40383f0 0x7fd4f403a8a0 unknown :-1 s=START_CONNECT pgs=0 cs=0 l=1 rev1=0 crypto rx=0 tx=0 comp rx=0 tx=0)._fault waiting 3.200000
2024-04-25T00:08:28.307 INFO:teuthology.orchestra.run.smithi134.stdout:/usr/bin/ceph: stderr
2024-04-25T00:08:26.568+0000 7fd4fb7fe700 1 -- 172.21.15.134:0/3734331454 <== mon.0 v2:172.21.15.134:3300/0 6 ==== mgrmap(e 10) v1 ==== 44864+0+0 (secure 0 0 0) 0x7fd4fc02c3a0 con 0x7fd50c106650
2024-04-25T00:08:28.307 INFO:teuthology.orchestra.run.smithi134.stdout:/usr/bin/ceph: stderr
2024-04-25T00:08:26.568+0000 7fd4fb7fe700 1 -- 172.21.15.134:0/3734331454 >> [v2:172.21.15.134:6800/1373302474,v1:172.21.15.134:6801/1373302474] conn(0x7fd4f40383f0 msgr2=0x7fd4f403a8a0 unknown :-1 s=STATE_CONNECTING l=1).mark_down
2024-04-25T00:08:28.307 INFO:teuthology.orchestra.run.smithi134.stdout:/usr/bin/ceph: stderr
2024-04-25T00:08:26.568+0000 7fd4fb7fe700 1 --2- 172.21.15.134:0/3734331454 >> [v2:172.21.15.134:6800/1373302474,v1:172.21.15.134:6801/1373302474] conn(0x7fd4f40383f0 0x7fd4f403a8a0 unknown :-1 s=START_CONNECT pgs=0 cs=0 l=1 rev1=0 crypto rx=0 tx=0 comp rx=0 tx=0).stop
2024-04-25T00:08:28.307 INFO:teuthology.orchestra.run.smithi134.stdout:/usr/bin/ceph: stderr
2024-04-25T00:08:27.569+0000 7fd4fb7fe700 1 -- 172.21.15.134:0/3734331454 <== mon.0 v2:172.21.15.134:3300/0 7 ==== mgrmap(e 11) v1 ==== 44991+0+0 (secure 0 0 0) 0x7fd4fc00fdc0 con 0x7fd50c106650
2024-04-25T00:08:28.307 INFO:teuthology.orchestra.run.smithi134.stdout:/usr/bin/ceph: stderr
2024-04-25T00:08:27.569+0000 7fd4fb7fe700 1 --2- 172.21.15.134:0/3734331454 >> [v2:172.21.15.134:6800/1011777317,v1:172.21.15.134:6801/1011777317] conn(0x7fd4f403bca0 0x7fd4f403e080 unknown :-1 s=NONE pgs=0 cs=0 l=1 rev1=0 crypto rx=0 tx=0 comp rx=0 tx=0).connect
2024-04-25T00:08:28.307 INFO:teuthology.orchestra.run.smithi134.stdout:/usr/bin/ceph: stderr
2024-04-25T00:08:27.569+0000 7fd4fb7fe700 1 -- 172.21.15.134:0/3734331454 --> [v2:172.21.15.134:6800/1011777317,v1:172.21.15.134:6801/1011777317] -- command(tid 0: {"prefix": "get_command_descriptions"}) v1 -- 0x7fd50c109b70 con 0x7fd4f403bca0
2024-04-25T00:08:28.307 INFO:teuthology.orchestra.run.smithi134.stdout:/usr/bin/ceph: stderr
2024-04-25T00:08:27.569+0000 7fd509d9b700 1 --2- 172.21.15.134:0/3734331454 >> [v2:172.21.15.134:6800/1011777317,v1:172.21.15.134:6801/1011777317] conn(0x7fd4f403bca0 0x7fd4f403e080 unknown :-1 s=BANNER_CONNECTING pgs=0 cs=0 l=1 rev1=0 crypto rx=0 tx=0 comp rx=0 tx=0)._handle_peer_banner_payload supported=3 required=0
2024-04-25T00:08:28.307 INFO:teuthology.orchestra.run.smithi134.stdout:/usr/bin/ceph: stderr
2024-04-25T00:08:27.570+0000 7fd509d9b700 1 --2- 172.21.15.134:0/3734331454 >> [v2:172.21.15.134:6800/1011777317,v1:172.21.15.134:6801/1011777317] conn(0x7fd4f403bca0 0x7fd4f403e080 secure :-1 s=READY pgs=2 cs=0 l=1 rev1=1 crypto rx=0x7fd500003a10 tx=0x7fd5000092b0 comp rx=0 tx=0).ready entity=mgr.14164 client_cookie=0 server_cookie=0 in_seq=0 out_seq=0
2024-04-25T00:08:28.307 INFO:teuthology.orchestra.run.smithi134.stdout:/usr/bin/ceph: stderr
2024-04-25T00:08:27.570+0000 7fd4fb7fe700 1 -- 172.21.15.134:0/3734331454 <== mgr.14164 v2:172.21.15.134:6800/1011777317 1 ==== command_reply(tid 0: 0 ) v1 ==== 8+0+6910 (secure 0 0 0) 0x7fd50c109b70 con 0x7fd4f403bca0
2024-04-25T00:08:28.307 INFO:teuthology.orchestra.run.smithi134.stdout:/usr/bin/ceph: stderr
2024-04-25T00:08:27.581+0000 7fd510aa0700 1 -- 172.21.15.134:0/3734331454 --> [v2:172.21.15.134:6800/1011777317,v1:172.21.15.134:6801/1011777317] -- command(tid 1: {"prefix": "mgr_status"}) v1 -- 0x7fd50c19ab80 con 0x7fd4f403bca0
2024-04-25T00:08:28.307 INFO:teuthology.orchestra.run.smithi134.stdout:/usr/bin/ceph: stderr
2024-04-25T00:08:27.581+0000 7fd4fb7fe700 1 -- 172.21.15.134:0/3734331454 <== mgr.14164 v2:172.21.15.134:6800/1011777317 2 ==== command_reply(tid 1: 0 ) v1 ==== 8+0+52 (secure 0 0 0) 0x7fd50c19ab80 con 0x7fd4f403bca0
2024-04-25T00:08:28.307 INFO:teuthology.orchestra.run.smithi134.stdout:/usr/bin/ceph: stderr
2024-04-25T00:08:27.582+0000 7fd510aa0700 1 -- 172.21.15.134:0/3734331454 >> [v2:172.21.15.134:6800/1011777317,v1:172.21.15.134:6801/1011777317] conn(0x7fd4f403bca0 msgr2=0x7fd4f403e080 secure :-1 s=STATE_CONNECTION_ESTABLISHED l=1).mark_down
2024-04-25T00:08:28.308 INFO:teuthology.orchestra.run.smithi134.stdout:/usr/bin/ceph: stderr
2024-04-25T00:08:27.582+0000 7fd510aa0700 1 --2- 172.21.15.134:0/3734331454 >> [v2:172.21.15.134:6800/1011777317,v1:172.21.15.134:6801/1011777317] conn(0x7fd4f403bca0 0x7fd4f403e080 secure :-1 s=READY pgs=2 cs=0 l=1 rev1=1 crypto rx=0x7fd500003a10 tx=0x7fd5000092b0 comp rx=0 tx=0).stop
2024-04-25T00:08:28.308 INFO:teuthology.orchestra.run.smithi134.stdout:/usr/bin/ceph: stderr
2024-04-25T00:08:27.582+0000 7fd510aa0700 1 -- 172.21.15.134:0/3734331454 >> [v2:172.21.15.134:3300/0,v1:172.21.15.134:6789/0] conn(0x7fd50c106650 msgr2=0x7fd50c199840 secure :-1 s=STATE_CONNECTION_ESTABLISHED l=1).mark_down
2024-04-25T00:08:28.308 INFO:teuthology.orchestra.run.smithi134.stdout:/usr/bin/ceph: stderr
2024-04-25T00:08:27.582+0000 7fd510aa0700 1 --2- 172.21.15.134:0/3734331454 >> [v2:172.21.15.134:3300/0,v1:172.21.15.134:6789/0] conn(0x7fd50c106650 0x7fd50c199840 secure :-1 s=READY pgs=74 cs=0 l=1 rev1=1 crypto rx=0x7fd4fc006ba0 tx=0x7fd4fc011b50 comp rx=0 tx=0).stop
2024-04-25T00:08:28.308 INFO:teuthology.orchestra.run.smithi134.stdout:/usr/bin/ceph: stderr
