2024-04-25T00:11:47.334+0000 7fb41f193700 1 -- 172.21.15.45:0/1404086458 --> [v2:172.21.15.45:3300/0,v1:172.21.15.45:6789/0] -- mon_subscribe({mgrmap=0+}) -- 0x7fb41819e5f0 con 0x7fb4181080c0
2024-04-25T00:11:48.386 INFO:teuthology.orchestra.run.smithi045.stdout:/usr/bin/ceph: stderr
2024-04-25T00:11:47.334+0000 7fb415ffb700 1 -- 172.21.15.45:0/1404086458 <== mon.0 v2:172.21.15.45:3300/0 3 ==== mon_map magic: 0 ==== 205+0+0 (secure 0 0 0) 0x7fb40c0193c0 con 0x7fb4181080c0
2024-04-25T00:11:48.386 INFO:teuthology.orchestra.run.smithi045.stdout:/usr/bin/ceph: stderr
2024-04-25T00:11:47.335+0000 7fb41f193700 1 -- 172.21.15.45:0/1404086458 --> [v2:172.21.15.45:3300/0,v1:172.21.15.45:6789/0] -- mon_subscribe({osdmap=0}) -- 0x7fb4181a1280 con 0x7fb4181080c0
2024-04-25T00:11:48.386 INFO:teuthology.orchestra.run.smithi045.stdout:/usr/bin/ceph: stderr
2024-04-25T00:11:47.335+0000 7fb415ffb700 1 -- 172.21.15.45:0/1404086458 <== mon.0 v2:172.21.15.45:3300/0 4 ==== mgrmap(e 3) ==== 46170+0+0 (secure 0 0 0) 0x7fb40c01a430 con 0x7fb4181080c0
2024-04-25T00:11:48.386 INFO:teuthology.orchestra.run.smithi045.stdout:/usr/bin/ceph: stderr
2024-04-25T00:11:47.336+0000 7fb41f193700 1 -- 172.21.15.45:0/1404086458 --> [v2:172.21.15.45:3300/0,v1:172.21.15.45:6789/0] -- mon_command({"prefix": "get_command_descriptions"} v 0) -- 0x7fb418063890 con 0x7fb4181080c0
2024-04-25T00:11:48.387 INFO:teuthology.orchestra.run.smithi045.stdout:/usr/bin/ceph: stderr
2024-04-25T00:11:47.336+0000 7fb415ffb700 1 --2- 172.21.15.45:0/1404086458 >> [v2:172.21.15.45:6800/200010672,v1:172.21.15.45:6801/200010672] conn(0x7fb408038ef0 0x7fb40803b3b0 unknown :-1 s=NONE pgs=0 cs=0 l=1 rev1=0 crypto rx=0 tx=0 comp rx=0 tx=0).connect
2024-04-25T00:11:48.387 INFO:teuthology.orchestra.run.smithi045.stdout:/usr/bin/ceph: stderr
2024-04-25T00:11:47.336+0000 7fb415ffb700 1 -- 172.21.15.45:0/1404086458 <== mon.0 v2:172.21.15.45:3300/0 5 ==== osd_map(1..1 src has 1..1) ==== 725+0+0 (secure 0 0 0) 0x7fb40c04cf70 con 0x7fb4181080c0
2024-04-25T00:11:48.387 INFO:teuthology.orchestra.run.smithi045.stdout:/usr/bin/ceph: stderr
2024-04-25T00:11:47.336+0000 7fb417fff700 1 --2- 172.21.15.45:0/1404086458 >> [v2:172.21.15.45:6800/200010672,v1:172.21.15.45:6801/200010672] conn(0x7fb408038ef0 0x7fb40803b3b0 unknown :-1 s=BANNER_CONNECTING pgs=0 cs=0 l=1 rev1=0 crypto rx=0 tx=0 comp rx=0 tx=0)._handle_peer_banner_payload supported=3 required=0
2024-04-25T00:11:48.387 INFO:teuthology.orchestra.run.smithi045.stdout:/usr/bin/ceph: stderr
2024-04-25T00:11:47.336+0000 7fb417fff700 1 --2- 172.21.15.45:0/1404086458 >> [v2:172.21.15.45:6800/200010672,v1:172.21.15.45:6801/200010672] conn(0x7fb408038ef0 0x7fb40803b3b0 secure :-1 s=READY pgs=6 cs=0 l=1 rev1=1 crypto rx=0x7fb404006fd0 tx=0x7fb404006e40 comp rx=0 tx=0).ready entity=mgr.14100 client_cookie=0 server_cookie=0 in_seq=0 out_seq=0
2024-04-25T00:11:48.387 INFO:teuthology.orchestra.run.smithi045.stdout:/usr/bin/ceph: stderr
2024-04-25T00:11:47.341+0000 7fb415ffb700 1 -- 172.21.15.45:0/1404086458 <== mon.0 v2:172.21.15.45:3300/0 6 ==== mon_command_ack([{"prefix": "get_command_descriptions"}]=0 v0) ==== 72+0+186147 (secure 0 0 0) 0x7fb40c003b00 con 0x7fb4181080c0
2024-04-25T00:11:48.387 INFO:teuthology.orchestra.run.smithi045.stdout:/usr/bin/ceph: stderr
2024-04-25T00:11:47.637+0000 7fb41f193700 1 -- 172.21.15.45:0/1404086458 --> [v2:172.21.15.45:3300/0,v1:172.21.15.45:6789/0] -- mon_command({"prefix": "status", "format": "json-pretty"} v 0) -- 0x7fb418197320 con 0x7fb4181080c0
2024-04-25T00:11:48.387 INFO:teuthology.orchestra.run.smithi045.stdout:/usr/bin/ceph: stderr
2024-04-25T00:11:47.637+0000 7fb415ffb700 1 -- 172.21.15.45:0/1404086458 <== mon.0 v2:172.21.15.45:3300/0 7 ==== mon_command_ack([{"prefix": "status", "format": "json-pretty"}]=0 v0) ==== 79+0+1239 (secure 0 0 0) 0x7fb418197320 con 0x7fb4181080c0
2024-04-25T00:11:48.387 INFO:teuthology.orchestra.run.smithi045.stdout:/usr/bin/ceph: stderr
2024-04-25T00:11:47.639+0000 7fb41f193700 1 -- 172.21.15.45:0/1404086458 >> [v2:172.21.15.45:6800/200010672,v1:172.21.15.45:6801/200010672] conn(0x7fb408038ef0 msgr2=0x7fb40803b3b0 secure :-1 s=STATE_CONNECTION_ESTABLISHED l=1).mark_down
2024-04-25T00:11:48.387 INFO:teuthology.orchestra.run.smithi045.stdout:/usr/bin/ceph: stderr
2024-04-25T00:11:47.639+0000 7fb41f193700 1 --2- 172.21.15.45:0/1404086458 >> [v2:172.21.15.45:6800/200010672,v1:172.21.15.45:6801/200010672] conn(0x7fb408038ef0 0x7fb40803b3b0 secure :-1 s=READY pgs=6 cs=0 l=1 rev1=1 crypto rx=0x7fb404006fd0 tx=0x7fb404006e40 comp rx=0 tx=0).stop
2024-04-25T00:11:48.387 INFO:teuthology.orchestra.run.smithi045.stdout:/usr/bin/ceph: stderr
2024-04-25T00:11:47.639+0000 7fb41f193700 1 -- 172.21.15.45:0/1404086458 >> [v2:172.21.15.45:3300/0,v1:172.21.15.45:6789/0] conn(0x7fb4181080c0 msgr2=0x7fb41819ddc0 secure :-1 s=STATE_CONNECTION_ESTABLISHED l=1).mark_down
2024-04-25T00:11:48.387 INFO:teuthology.orchestra.run.smithi045.stdout:/usr/bin/ceph: stderr
2024-04-25T00:11:47.639+0000 7fb41f193700 1 --2- 172.21.15.45:0/1404086458 >> [v2:172.21.15.45:3300/0,v1:172.21.15.45:6789/0] conn(0x7fb4181080c0 0x7fb41819ddc0 secure :-1 s=READY pgs=17 cs=0 l=1 rev1=1 crypto rx=0x7fb40c009fb0 tx=0x7fb40c011bf0 comp rx=0 tx=0).stop
2024-04-25T00:11:48.387 INFO:teuthology.orchestra.run.smithi045.stdout:/usr/bin/ceph: stderr
2024-04-25T00:11:47.639+0000 7fb41f193700 1 -- 172.21.15.45:0/1404086458 shutdown_connections
2024-04-25T00:11:48.387 INFO:teuthology.orchestra.run.smithi045.stdout:/usr/bin/ceph: stderr
2024-04-25T00:11:47.639+0000 7fb41f193700 1 --2- 172.21.15.45:0/1404086458 >> [v2:172.21.15.45:6800/200010672,v1:172.21.15.45:6801/200010672] conn(0x7fb408038ef0 0x7fb40803b3b0 unknown :-1 s=CLOSED pgs=6 cs=0 l=1 rev1=1 crypto rx=0 tx=0 comp rx=0 tx=0).stop
2024-04-25T00:11:48.387 INFO:teuthology.orchestra.run.smithi045.stdout:/usr/bin/ceph: stderr
2024-04-25T00:11:47.639+0000 7fb41f193700 1 --2- 172.21.15.45:0/1404086458 >> [v2:172.21.15.45:3300/0,v1:172.21.15.45:6789/0] conn(0x7fb4181080c0 0x7fb41819ddc0 unknown :-1 s=CLOSED pgs=17 cs=0 l=1 rev1=1 crypto rx=0 tx=0 comp rx=0 tx=0).stop
2024-04-25T00:11:48.387 INFO:teuthology.orchestra.run.smithi045.stdout:/usr/bin/ceph: stderr
2024-04-25T00:11:47.639+0000 7fb41f193700 1 -- 172.21.15.45:0/1404086458 >> 172.21.15.45:0/1404086458 conn(0x7fb418101850 msgr2=0x7fb418194400 unknown :-1 s=STATE_NONE l=0).mark_down
2024-04-25T00:11:48.388 INFO:teuthology.orchestra.run.smithi045.stdout:/usr/bin/ceph: stderr
2024-04-25T00:11:47.639+0000 7fb41f193700 1 -- 172.21.15.45:0/1404086458 shutdown_connections
2024-04-25T00:11:48.388 INFO:teuthology.orchestra.run.smithi045.stdout:/usr/bin/ceph: stderr
2024-04-25T00:11:47.640+0000 7fb41f193700 1 -- 172.21.15.45:0/1404086458 wait complete.
2024-04-25T00:11:48.388 INFO:teuthology.orchestra.run.smithi045.stdout:mgr is available
2024-04-25T00:11:49.399 INFO:journalctl@ceph.mon.a.smithi045.stdout:Apr 25 00:11:48 smithi045 ceph-mon[29194]: mgrmap e4: x(active, since 2s)
2024-04-25T00:11:49.575 INFO:teuthology.orchestra.run.smithi045.stdout:/usr/bin/ceph: stdout
2024-04-25T00:11:49.576 INFO:teuthology.orchestra.run.smithi045.stdout:/usr/bin/ceph: stdout [global]
2024-04-25T00:11:49.576 INFO:teuthology.orchestra.run.smithi045.stdout:/usr/bin/ceph: stdout fsid = 24bb2e7a-0298-11ef-bc93-c7b262605968
2024-04-25T00:11:49.576 INFO:teuthology.orchestra.run.smithi045.stdout:/usr/bin/ceph: stdout mon_osd_allow_pg_remap = true
2024-04-25T00:11:49.576 INFO:teuthology.orchestra.run.smithi045.stdout:/usr/bin/ceph: stdout mon_osd_allow_primary_affinity = true
2024-04-25T00:11:49.576 INFO:teuthology.orchestra.run.smithi045.stdout:/usr/bin/ceph: stdout mon_warn_on_no_sortbitwise = false
2024-04-25T00:11:49.576 INFO:teuthology.orchestra.run.smithi045.stdout:/usr/bin/ceph: stdout osd_crush_chooseleaf_type = 0
2024-04-25T00:11:49.576 INFO:teuthology.orchestra.run.smithi045.stdout:/usr/bin/ceph: stdout
2024-04-25T00:11:49.576 INFO:teuthology.orchestra.run.smithi045.stdout:/usr/bin/ceph: stdout [mgr]
2024-04-25T00:11:49.576 INFO:teuthology.orchestra.run.smithi045.stdout:/usr/bin/ceph: stdout mgr/telemetry/nag = false
2024-04-25T00:11:49.576 INFO:teuthology.orchestra.run.smithi045.stdout:/usr/bin/ceph: stdout
2024-04-25T00:11:49.576 INFO:teuthology.orchestra.run.smithi045.stdout:/usr/bin/ceph: stdout [osd]
2024-04-25T00:11:49.576 INFO:teuthology.orchestra.run.smithi045.stdout:/usr/bin/ceph: stdout mon_osd_backfillfull_ratio = 0.85
2024-04-25T00:11:49.576 INFO:teuthology.orchestra.run.smithi045.stdout:/usr/bin/ceph: stdout mon_osd_full_ratio = 0.9
2024-04-25T00:11:49.577 INFO:teuthology.orchestra.run.smithi045.stdout:/usr/bin/ceph: stdout mon_osd_nearfull_ratio = 0.8
2024-04-25T00:11:49.577 INFO:teuthology.orchestra.run.smithi045.stdout:/usr/bin/ceph: stdout osd_map_max_advance = 10
2024-04-25T00:11:49.577 INFO:teuthology.orchestra.run.smithi045.stdout:/usr/bin/ceph: stdout osd_sloppy_crc = true
2024-04-25T00:11:49.577 INFO:teuthology.orchestra.run.smithi045.stdout:/usr/bin/ceph: stderr
2024-04-25T00:11:48.794+0000 7f6878adc700 1 Processor -- start
2024-04-25T00:11:49.577 INFO:teuthology.orchestra.run.smithi045.stdout:/usr/bin/ceph: stderr
2024-04-25T00:11:48.794+0000 7f6878adc700 1 -- start start
2024-04-25T00:11:49.577 INFO:teuthology.orchestra.run.smithi045.stdout:/usr/bin/ceph: stderr
2024-04-25T00:11:48.794+0000 7f6878adc700 1 --2- >> [v2:172.21.15.45:3300/0,v1:172.21.15.45:6789/0] conn(0x7f6874105ec0 0x7f68741062e0 unknown :-1 s=NONE pgs=0 cs=0 l=0 rev1=0 crypto rx=0 tx=0 comp rx=0 tx=0).connect
2024-04-25T00:11:49.577 INFO:teuthology.orchestra.run.smithi045.stdout:/usr/bin/ceph: stderr
2024-04-25T00:11:48.794+0000 7f6878adc700 1 -- --> [v2:172.21.15.45:3300/0,v1:172.21.15.45:6789/0] -- mon_getmap magic: 0 -- 0x7f68741068b0 con 0x7f6874105ec0
2024-04-25T00:11:49.577 INFO:teuthology.orchestra.run.smithi045.stdout:/usr/bin/ceph: stderr
2024-04-25T00:11:48.795+0000 7f687259c700 1 --2- >> [v2:172.21.15.45:3300/0,v1:172.21.15.45:6789/0] conn(0x7f6874105ec0 0x7f68741062e0 unknown :-1 s=BANNER_CONNECTING pgs=0 cs=0 l=0 rev1=0 crypto rx=0 tx=0 comp rx=0 tx=0)._handle_peer_banner_payload supported=3 required=0
2024-04-25T00:11:49.577 INFO:teuthology.orchestra.run.smithi045.stdout:/usr/bin/ceph: stderr
2024-04-25T00:11:48.795+0000 7f687259c700 1 --2- >> [v2:172.21.15.45:3300/0,v1:172.21.15.45:6789/0] conn(0x7f6874105ec0 0x7f68741062e0 unknown :-1 s=HELLO_CONNECTING pgs=0 cs=0 l=0 rev1=1 crypto rx=0 tx=0 comp rx=0 tx=0).handle_hello peer v2:172.21.15.45:3300/0 says I am v2:172.21.15.45:40104/0 (socket says 172.21.15.45:40104)
2024-04-25T00:11:49.577 INFO:teuthology.orchestra.run.smithi045.stdout:/usr/bin/ceph: stderr
2024-04-25T00:11:48.795+0000 7f687259c700 1 -- 172.21.15.45:0/4161413364 learned_addr learned my addr 172.21.15.45:0/4161413364 (peer_addr_for_me v2:172.21.15.45:0/0)
2024-04-25T00:11:49.577 INFO:teuthology.orchestra.run.smithi045.stdout:/usr/bin/ceph: stderr
2024-04-25T00:11:48.795+0000 7f687259c700 1 -- 172.21.15.45:0/4161413364 --> [v2:172.21.15.45:3300/0,v1:172.21.15.45:6789/0] -- mon_subscribe({config=0+,monmap=0+}) -- 0x7f6874108ea0 con 0x7f6874105ec0
2024-04-25T00:11:49.577 INFO:teuthology.orchestra.run.smithi045.stdout:/usr/bin/ceph: stderr
2024-04-25T00:11:48.795+0000 7f687259c700 1 --2- 172.21.15.45:0/4161413364 >> [v2:172.21.15.45:3300/0,v1:172.21.15.45:6789/0] conn(0x7f6874105ec0 0x7f68741062e0 secure :-1 s=READY pgs=18 cs=0 l=1 rev1=1 crypto rx=0x7f686c009e80 tx=0x7f686c00b330 comp rx=0 tx=0).ready entity=mon.0 client_cookie=e9d5be2ef81ec894 server_cookie=0 in_seq=0 out_seq=0
2024-04-25T00:11:49.577 INFO:teuthology.orchestra.run.smithi045.stdout:/usr/bin/ceph: stderr
2024-04-25T00:11:48.795+0000 7f687159a700 1 -- 172.21.15.45:0/4161413364 <== mon.0 v2:172.21.15.45:3300/0 1 ==== mon_map magic: 0 ==== 205+0+0 (secure 0 0 0) 0x7f686c017070 con 0x7f6874105ec0
2024-04-25T00:11:49.577 INFO:teuthology.orchestra.run.smithi045.stdout:/usr/bin/ceph: stderr
2024-04-25T00:11:48.795+0000 7f687159a700 1 -- 172.21.15.45:0/4161413364 <== mon.0 v2:172.21.15.45:3300/0 2 ==== config(27 keys) ==== 1109+0+0 (secure 0 0 0) 0x7f686c00b8c0 con 0x7f6874105ec0
2024-04-25T00:11:49.577 INFO:teuthology.orchestra.run.smithi045.stdout:/usr/bin/ceph: stderr
2024-04-25T00:11:48.795+0000 7f687159a700 1 -- 172.21.15.45:0/4161413364 <== mon.0 v2:172.21.15.45:3300/0 3 ==== mon_map magic: 0 ==== 205+0+0 (secure 0 0 0) 0x7f686c0045c0 con 0x7f6874105ec0
2024-04-25T00:11:49.578 INFO:teuthology.orchestra.run.smithi045.stdout:/usr/bin/ceph: stderr
2024-04-25T00:11:48.796+0000 7f6878adc700 1 -- 172.21.15.45:0/4161413364 >> [v2:172.21.15.45:3300/0,v1:172.21.15.45:6789/0] conn(0x7f6874105ec0 msgr2=0x7f68741062e0 secure :-1 s=STATE_CONNECTION_ESTABLISHED l=1).mark_down
2024-04-25T00:11:49.578 INFO:teuthology.orchestra.run.smithi045.stdout:/usr/bin/ceph: stderr
2024-04-25T00:11:48.796+0000 7f6878adc700 1 --2- 172.21.15.45:0/4161413364 >> [v2:172.21.15.45:3300/0,v1:172.21.15.45:6789/0] conn(0x7f6874105ec0 0x7f68741062e0 secure :-1 s=READY pgs=18 cs=0 l=1 rev1=1 crypto rx=0x7f686c009e80 tx=0x7f686c00b330 comp rx=0 tx=0).stop
2024-04-25T00:11:49.578 INFO:teuthology.orchestra.run.smithi045.stdout:/usr/bin/ceph: stderr
2024-04-25T00:11:48.796+0000 7f6878adc700 1 -- 172.21.15.45:0/4161413364 shutdown_connections
2024-04-25T00:11:49.578 INFO:teuthology.orchestra.run.smithi045.stdout:/usr/bin/ceph: stderr
2024-04-25T00:11:48.796+0000 7f6878adc700 1 --2- 172.21.15.45:0/4161413364 >> [v2:172.21.15.45:3300/0,v1:172.21.15.45:6789/0] conn(0x7f6874105ec0 0x7f68741062e0 unknown :-1 s=CLOSED pgs=18 cs=0 l=1 rev1=1 crypto rx=0 tx=0 comp rx=0 tx=0).stop
2024-04-25T00:11:49.578 INFO:teuthology.orchestra.run.smithi045.stdout:/usr/bin/ceph: stderr
2024-04-25T00:11:48.796+0000 7f6878adc700 1 -- 172.21.15.45:0/4161413364 >> 172.21.15.45:0/4161413364 conn(0x7f68741018e0 msgr2=0x7f6874103d00 unknown :-1 s=STATE_NONE l=0).mark_down
2024-04-25T00:11:49.578 INFO:teuthology.orchestra.run.smithi045.stdout:/usr/bin/ceph: stderr
2024-04-25T00:11:48.796+0000 7f6878adc700 1 -- 172.21.15.45:0/4161413364 shutdown_connections
2024-04-25T00:11:49.578 INFO:teuthology.orchestra.run.smithi045.stdout:/usr/bin/ceph: stderr
2024-04-25T00:11:48.796+0000 7f6878adc700 1 -- 172.21.15.45:0/4161413364 wait complete.
2024-04-25T00:11:49.578 INFO:teuthology.orchestra.run.smithi045.stdout:/usr/bin/ceph: stderr
2024-04-25T00:11:48.797+0000 7f6878adc700 1 Processor -- start
2024-04-25T00:11:49.578 INFO:teuthology.orchestra.run.smithi045.stdout:/usr/bin/ceph: stderr
2024-04-25T00:11:48.797+0000 7f6878adc700 1 -- start start
2024-04-25T00:11:49.578 INFO:teuthology.orchestra.run.smithi045.stdout:/usr/bin/ceph: stderr
2024-04-25T00:11:48.797+0000 7f6878adc700 1 --2- >> [v2:172.21.15.45:3300/0,v1:172.21.15.45:6789/0] conn(0x7f6874105ec0 0x7f687419dda0 unknown :-1 s=NONE pgs=0 cs=0 l=1 rev1=0 crypto rx=0 tx=0 comp rx=0 tx=0).connect
2024-04-25T00:11:49.578 INFO:teuthology.orchestra.run.smithi045.stdout:/usr/bin/ceph: stderr
2024-04-25T00:11:48.797+0000 7f6878adc700 1 -- --> [v2:172.21.15.45:3300/0,v1:172.21.15.45:6789/0] -- mon_getmap magic: 0 -- 0x7f687410c250 con 0x7f6874105ec0
2024-04-25T00:11:49.578 INFO:teuthology.orchestra.run.smithi045.stdout:/usr/bin/ceph: stderr
2024-04-25T00:11:48.797+0000 7f687259c700 1 --2- >> [v2:172.21.15.45:3300/0,v1:172.21.15.45:6789/0] conn(0x7f6874105ec0 0x7f687419dda0 unknown :-1 s=BANNER_CONNECTING pgs=0 cs=0 l=1 rev1=0 crypto rx=0 tx=0 comp rx=0 tx=0)._handle_peer_banner_payload supported=3 required=0
2024-04-25T00:11:49.578 INFO:teuthology.orchestra.run.smithi045.stdout:/usr/bin/ceph: stderr
2024-04-25T00:11:48.797+0000 7f687259c700 1 --2- >> [v2:172.21.15.45:3300/0,v1:172.21.15.45:6789/0] conn(0x7f6874105ec0 0x7f687419dda0 unknown :-1 s=HELLO_CONNECTING pgs=0 cs=0 l=1 rev1=1 crypto rx=0 tx=0 comp rx=0 tx=0).handle_hello peer v2:172.21.15.45:3300/0 says I am v2:172.21.15.45:40116/0 (socket says 172.21.15.45:40116)
2024-04-25T00:11:49.578 INFO:teuthology.orchestra.run.smithi045.stdout:/usr/bin/ceph: stderr
2024-04-25T00:11:48.797+0000 7f687259c700 1 -- 172.21.15.45:0/864791311 learned_addr learned my addr 172.21.15.45:0/864791311 (peer_addr_for_me v2:172.21.15.45:0/0)
2024-04-25T00:11:49.578 INFO:teuthology.orchestra.run.smithi045.stdout:/usr/bin/ceph: stderr
2024-04-25T00:11:48.797+0000 7f687259c700 1 -- 172.21.15.45:0/864791311 --> [v2:172.21.15.45:3300/0,v1:172.21.15.45:6789/0] -- mon_subscribe({config=0+,monmap=0+}) -- 0x7f687419e2e0 con 0x7f6874105ec0
2024-04-25T00:11:49.579 INFO:teuthology.orchestra.run.smithi045.stdout:/usr/bin/ceph: stderr
2024-04-25T00:11:48.798+0000 7f687259c700 1 --2- 172.21.15.45:0/864791311 >> [v2:172.21.15.45:3300/0,v1:172.21.15.45:6789/0] conn(0x7f6874105ec0 0x7f687419dda0 secure :-1 s=READY pgs=19 cs=0 l=1 rev1=1 crypto rx=0x7f686c0072a0 tx=0x7f686c00bd50 comp rx=0 tx=0).ready entity=mon.0 client_cookie=0 server_cookie=0 in_seq=0 out_seq=0
2024-04-25T00:11:49.579 INFO:teuthology.orchestra.run.smithi045.stdout:/usr/bin/ceph: stderr
2024-04-25T00:11:48.798+0000 7f686b7fe700 1 -- 172.21.15.45:0/864791311 <== mon.0 v2:172.21.15.45:3300/0 1 ==== mon_map magic: 0 ==== 205+0+0 (secure 0 0 0) 0x7f686c020020 con 0x7f6874105ec0
2024-04-25T00:11:49.579 INFO:teuthology.orchestra.run.smithi045.stdout:/usr/bin/ceph: stderr
2024-04-25T00:11:48.798+0000 7f6878adc700 1 -- 172.21.15.45:0/864791311 --> [v2:172.21.15.45:3300/0,v1:172.21.15.45:6789/0] -- mon_subscribe({mgrmap=0+}) -- 0x7f687419e570 con 0x7f6874105ec0
2024-04-25T00:11:49.579 INFO:teuthology.orchestra.run.smithi045.stdout:/usr/bin/ceph: stderr
2024-04-25T00:11:48.798+0000 7f686b7fe700 1 -- 172.21.15.45:0/864791311 <== mon.0 v2:172.21.15.45:3300/0 2 ==== config(27 keys) ==== 1109+0+0 (secure 0 0 0) 0x7f686c003b50 con 0x7f6874105ec0
2024-04-25T00:11:49.579 INFO:teuthology.orchestra.run.smithi045.stdout:/usr/bin/ceph: stderr
2024-04-25T00:11:48.798+0000 7f686b7fe700 1 -- 172.21.15.45:0/864791311 <== mon.0 v2:172.21.15.45:3300/0 3 ==== mon_map magic: 0 ==== 205+0+0 (secure 0 0 0) 0x7f686c017040 con 0x7f6874105ec0
2024-04-25T00:11:49.579 INFO:teuthology.orchestra.run.smithi045.stdout:/usr/bin/ceph: stderr
2024-04-25T00:11:48.798+0000 7f6878adc700 1 -- 172.21.15.45:0/864791311 --> [v2:172.21.15.45:3300/0,v1:172.21.15.45:6789/0] -- mon_subscribe({osdmap=0}) -- 0x7f68741a1260 con 0x7f6874105ec0
2024-04-25T00:11:49.579 INFO:teuthology.orchestra.run.smithi045.stdout:/usr/bin/ceph: stderr
2024-04-25T00:11:48.799+0000 7f686b7fe700 1 -- 172.21.15.45:0/864791311 <== mon.0 v2:172.21.15.45:3300/0 4 ==== mgrmap(e 4) ==== 46276+0+0 (secure 0 0 0) 0x7f686c023020 con 0x7f6874105ec0
2024-04-25T00:11:49.579 INFO:teuthology.orchestra.run.smithi045.stdout:/usr/bin/ceph: stderr
2024-04-25T00:11:48.799+0000 7f6878adc700 1 -- 172.21.15.45:0/864791311 --> [v2:172.21.15.45:3300/0,v1:172.21.15.45:6789/0] -- mon_command({"prefix": "get_command_descriptions"} v 0) -- 0x7f6874063890 con 0x7f6874105ec0
2024-04-25T00:11:49.579 INFO:teuthology.orchestra.run.smithi045.stdout:/usr/bin/ceph: stderr
2024-04-25T00:11:48.799+0000 7f686b7fe700 1 --2- 172.21.15.45:0/864791311 >> [v2:172.21.15.45:6800/200010672,v1:172.21.15.45:6801/200010672] conn(0x7f6860038fb0 0x7f686003b470 unknown :-1 s=NONE pgs=0 cs=0 l=1 rev1=0 crypto rx=0 tx=0 comp rx=0 tx=0).connect
2024-04-25T00:11:49.579 INFO:teuthology.orchestra.run.smithi045.stdout:/usr/bin/ceph: stderr
2024-04-25T00:11:48.799+0000 7f686b7fe700 1 -- 172.21.15.45:0/864791311 <== mon.0 v2:172.21.15.45:3300/0 5 ==== osd_map(1..1 src has 1..1) ==== 725+0+0 (secure 0 0 0) 0x7f686c00f050 con 0x7f6874105ec0
2024-04-25T00:11:49.579 INFO:teuthology.orchestra.run.smithi045.stdout:/usr/bin/ceph: stderr
2024-04-25T00:11:48.799+0000 7f6871d9b700 1 --2- 172.21.15.45:0/864791311 >> [v2:172.21.15.45:6800/200010672,v1:172.21.15.45:6801/200010672] conn(0x7f6860038fb0 0x7f686003b470 unknown :-1 s=BANNER_CONNECTING pgs=0 cs=0 l=1 rev1=0 crypto rx=0 tx=0 comp rx=0 tx=0)._handle_peer_banner_payload supported=3 required=0
2024-04-25T00:11:49.579 INFO:teuthology.orchestra.run.smithi045.stdout:/usr/bin/ceph: stderr
2024-04-25T00:11:48.800+0000 7f6871d9b700 1 --2- 172.21.15.45:0/864791311 >> [v2:172.21.15.45:6800/200010672,v1:172.21.15.45:6801/200010672] conn(0x7f6860038fb0 0x7f686003b470 secure :-1 s=READY pgs=7 cs=0 l=1 rev1=1 crypto rx=0x7f685c006fd0 tx=0x7f685c006e40 comp rx=0 tx=0).ready entity=mgr.14100 client_cookie=0 server_cookie=0 in_seq=0 out_seq=0
2024-04-25T00:11:49.579 INFO:teuthology.orchestra.run.smithi045.stdout:/usr/bin/ceph: stderr
2024-04-25T00:11:48.804+0000 7f686b7fe700 1 -- 172.21.15.45:0/864791311 <== mon.0 v2:172.21.15.45:3300/0 6 ==== mon_command_ack([{"prefix": "get_command_descriptions"}]=0 v0) ==== 72+0+186147 (secure 0 0 0) 0x7f686c02a020 con 0x7f6874105ec0
2024-04-25T00:11:49.579 INFO:teuthology.orchestra.run.smithi045.stdout:/usr/bin/ceph: stderr
2024-04-25T00:11:49.012+0000 7f6878adc700 1 -- 172.21.15.45:0/864791311 --> [v2:172.21.15.45:3300/0,v1:172.21.15.45:6789/0] -- mon_command({"prefix": "config assimilate-conf"} v 0) -- 0x7f68741a2ad0 con 0x7f6874105ec0
2024-04-25T00:11:49.580 INFO:teuthology.orchestra.run.smithi045.stdout:/usr/bin/ceph: stderr
2024-04-25T00:11:49.013+0000 7f686b7fe700 1 -- 172.21.15.45:0/864791311 <== mon.0 v2:172.21.15.45:3300/0 7 ==== mon_command_ack([{"prefix": "config assimilate-conf"}]=0 v3) ==== 70+0+373 (secure 0 0 0) 0x7f686c01b730 con 0x7f6874105ec0
2024-04-25T00:11:49.580 INFO:teuthology.orchestra.run.smithi045.stdout:/usr/bin/ceph: stderr
2024-04-25T00:11:49.015+0000 7f6878adc700 1 -- 172.21.15.45:0/864791311 >> [v2:172.21.15.45:6800/200010672,v1:172.21.15.45:6801/200010672] conn(0x7f6860038fb0 msgr2=0x7f686003b470 secure :-1 s=STATE_CONNECTION_ESTABLISHED l=1).mark_down
2024-04-25T00:11:49.580 INFO:teuthology.orchestra.run.smithi045.stdout:/usr/bin/ceph: stderr
2024-04-25T00:11:49.015+0000 7f6878adc700 1 --2- 172.21.15.45:0/864791311 >> [v2:172.21.15.45:6800/200010672,v1:172.21.15.45:6801/200010672] conn(0x7f6860038fb0 0x7f686003b470 secure :-1 s=READY pgs=7 cs=0 l=1 rev1=1 crypto rx=0x7f685c006fd0 tx=0x7f685c006e40 comp rx=0 tx=0).stop
2024-04-25T00:11:49.580 INFO:teuthology.orchestra.run.smithi045.stdout:/usr/bin/ceph: stderr
2024-04-25T00:11:49.015+0000 7f6878adc700 1 -- 172.21.15.45:0/864791311 >> [v2:172.21.15.45:3300/0,v1:172.21.15.45:6789/0] conn(0x7f6874105ec0 msgr2=0x7f687419dda0 secure :-1 s=STATE_CONNECTION_ESTABLISHED l=1).mark_down
2024-04-25T00:11:49.580 INFO:teuthology.orchestra.run.smithi045.stdout:/usr/bin/ceph: stderr
2024-04-25T00:11:49.015+0000 7f6878adc700 1 --2- 172.21.15.45:0/864791311 >> [v2:172.21.15.45:3300/0,v1:172.21.15.45:6789/0] conn(0x7f6874105ec0 0x7f687419dda0 secure :-1 s=READY pgs=19 cs=0 l=1 rev1=1 crypto rx=0x7f686c0072a0 tx=0x7f686c00bd50 comp rx=0 tx=0).stop
2024-04-25T00:11:49.580 INFO:teuthology.orchestra.run.smithi045.stdout:/usr/bin/ceph: stderr
2024-04-25T00:11:49.015+0000 7f6878adc700 1 -- 172.21.15.45:0/864791311 shutdown_connections
2024-04-25T00:11:49.580 INFO:teuthology.orchestra.run.smithi045.stdout:/usr/bin/ceph: stderr
2024-04-25T00:11:49.015+0000 7f6878adc700 1 --2- 172.21.15.45:0/864791311 >> [v2:172.21.15.45:6800/200010672,v1:172.21.15.45:6801/200010672] conn(0x7f6860038fb0 0x7f686003b470 unknown :-1 s=CLOSED pgs=7 cs=0 l=1 rev1=1 crypto rx=0 tx=0 comp rx=0 tx=0).stop
2024-04-25T00:11:49.580 INFO:teuthology.orchestra.run.smithi045.stdout:/usr/bin/ceph: stderr
2024-04-25T00:11:49.015+0000 7f6878adc700 1 --2- 172.21.15.45:0/864791311 >> [v2:172.21.15.45:3300/0,v1:172.21.15.45:6789/0] conn(0x7f6874105ec0 0x7f687419dda0 unknown :-1 s=CLOSED pgs=19 cs=0 l=1 rev1=1 crypto rx=0 tx=0 comp rx=0 tx=0).stop
2024-04-25T00:11:49.580 INFO:teuthology.orchestra.run.smithi045.stdout:/usr/bin/ceph: stderr
2024-04-25T00:11:49.015+0000 7f6878adc700 1 -- 172.21.15.45:0/864791311 >> 172.21.15.45:0/864791311 conn(0x7f68741018e0 msgr2=0x7f68741023a0 unknown :-1 s=STATE_NONE l=0).mark_down
2024-04-25T00:11:49.580 INFO:teuthology.orchestra.run.smithi045.stdout:/usr/bin/ceph: stderr
2024-04-25T00:11:49.015+0000 7f6878adc700 1 -- 172.21.15.45:0/864791311 shutdown_connections
2024-04-25T00:11:49.580 INFO:teuthology.orchestra.run.smithi045.stdout:/usr/bin/ceph: stderr
2024-04-25T00:11:49.016+0000 7f6878adc700 1 -- 172.21.15.45:0/864791311 wait complete.
2024-04-25T00:11:49.580 INFO:teuthology.orchestra.run.smithi045.stdout:Enabling cephadm module...
2024-04-25T00:11:50.149 INFO:journalctl@ceph.mon.a.smithi045.stdout:Apr 25 00:11:49 smithi045 ceph-mon[29194]: from='client.? 172.21.15.45:0/864791311' entity='client.admin' cmd=[{"prefix": "config assimilate-conf"}]: dispatch
2024-04-25T00:11:51.255 INFO:journalctl@ceph.mon.a.smithi045.stdout:Apr 25 00:11:50 smithi045 ceph-mon[29194]: from='client.? 172.21.15.45:0/1245317596' entity='client.admin' cmd=[{"prefix": "mgr module enable", "module": "cephadm"}]: dispatch
2024-04-25T00:11:51.256 INFO:journalctl@ceph.mgr.x.smithi045.stdout:Apr 25 00:11:51 smithi045 ceph-24bb2e7a-0298-11ef-bc93-c7b262605968-mgr-x[29425]: ignoring --setuser ceph since I am not root
2024-04-25T00:11:51.256 INFO:journalctl@ceph.mgr.x.smithi045.stdout:Apr 25 00:11:51 smithi045 ceph-24bb2e7a-0298-11ef-bc93-c7b262605968-mgr-x[29425]: ignoring --setgroup ceph since I am not root
2024-04-25T00:11:51.256 INFO:journalctl@ceph.mgr.x.smithi045.stdout:Apr 25 00:11:51 smithi045 ceph-24bb2e7a-0298-11ef-bc93-c7b262605968-mgr-x[29425]:
2024-04-25T00:11:51.145+0000 7fec6992a200 -1 mgr[py] Module balancer has missing NOTIFY_TYPES member
2024-04-25T00:11:51.484 INFO:teuthology.orchestra.run.smithi045.stdout:/usr/bin/ceph: stderr
2024-04-25T00:11:49.985+0000 7f109afbb700 1 Processor -- start
2024-04-25T00:11:51.485 INFO:teuthology.orchestra.run.smithi045.stdout:/usr/bin/ceph: stderr
2024-04-25T00:11:49.985+0000 7f109afbb700 1 -- start start
2024-04-25T00:11:51.485 INFO:teuthology.orchestra.run.smithi045.stdout:/usr/bin/ceph: stderr
2024-04-25T00:11:49.985+0000 7f109afbb700 1 --2- >> [v2:172.21.15.45:3300/0,v1:172.21.15.45:6789/0] conn(0x7f1094105ec0 0x7f10941062e0 unknown :-1 s=NONE pgs=0 cs=0 l=0 rev1=0 crypto rx=0 tx=0 comp rx=0 tx=0).connect
2024-04-25T00:11:51.485 INFO:teuthology.orchestra.run.smithi045.stdout:/usr/bin/ceph: stderr
2024-04-25T00:11:49.985+0000 7f109afbb700 1 -- --> [v2:172.21.15.45:3300/0,v1:172.21.15.45:6789/0] -- mon_getmap magic: 0 -- 0x7f10941068b0 con 0x7f1094105ec0
2024-04-25T00:11:51.485 INFO:teuthology.orchestra.run.smithi045.stdout:/usr/bin/ceph: stderr
2024-04-25T00:11:49.986+0000 7f1098d57700 1 --2- >> [v2:172.21.15.45:3300/0,v1:172.21.15.45:6789/0] conn(0x7f1094105ec0 0x7f10941062e0 unknown :-1 s=BANNER_CONNECTING pgs=0 cs=0 l=0 rev1=0 crypto rx=0 tx=0 comp rx=0 tx=0)._handle_peer_banner_payload supported=3 required=0
2024-04-25T00:11:51.485 INFO:teuthology.orchestra.run.smithi045.stdout:/usr/bin/ceph: stderr
2024-04-25T00:11:49.986+0000 7f1098d57700 1 --2- >> [v2:172.21.15.45:3300/0,v1:172.21.15.45:6789/0] conn(0x7f1094105ec0 0x7f10941062e0 unknown :-1 s=HELLO_CONNECTING pgs=0 cs=0 l=0 rev1=1 crypto rx=0 tx=0 comp rx=0 tx=0).handle_hello peer v2:172.21.15.45:3300/0 says I am v2:172.21.15.45:40124/0 (socket says 172.21.15.45:40124)
2024-04-25T00:11:51.485 INFO:teuthology.orchestra.run.smithi045.stdout:/usr/bin/ceph: stderr
2024-04-25T00:11:49.986+0000 7f1098d57700 1 -- 172.21.15.45:0/3416231874 learned_addr learned my addr 172.21.15.45:0/3416231874 (peer_addr_for_me v2:172.21.15.45:0/0)
2024-04-25T00:11:51.485 INFO:teuthology.orchestra.run.smithi045.stdout:/usr/bin/ceph: stderr
2024-04-25T00:11:49.986+0000 7f1098d57700 1 -- 172.21.15.45:0/3416231874 --> [v2:172.21.15.45:3300/0,v1:172.21.15.45:6789/0] -- mon_subscribe({config=0+,monmap=0+}) -- 0x7f1094108ea0 con 0x7f1094105ec0
2024-04-25T00:11:51.485 INFO:teuthology.orchestra.run.smithi045.stdout:/usr/bin/ceph: stderr
2024-04-25T00:11:49.986+0000 7f1098d57700 1 --2- 172.21.15.45:0/3416231874 >> [v2:172.21.15.45:3300/0,v1:172.21.15.45:6789/0] conn(0x7f1094105ec0 0x7f10941062e0 secure :-1 s=READY pgs=20 cs=0 l=1 rev1=1 crypto rx=0x7f108c009e80 tx=0x7f108c00b330 comp rx=0 tx=0).ready entity=mon.0 client_cookie=5a650d75571a67c9 server_cookie=0 in_seq=0 out_seq=0
2024-04-25T00:11:51.485 INFO:teuthology.orchestra.run.smithi045.stdout:/usr/bin/ceph: stderr
2024-04-25T00:11:49.986+0000 7f10937fe700 1 -- 172.21.15.45:0/3416231874 <== mon.0 v2:172.21.15.45:3300/0 1 ==== mon_map magic: 0 ==== 205+0+0 (secure 0 0 0) 0x7f108c017070 con 0x7f1094105ec0
2024-04-25T00:11:51.485 INFO:teuthology.orchestra.run.smithi045.stdout:/usr/bin/ceph: stderr
2024-04-25T00:11:49.986+0000 7f10937fe700 1 -- 172.21.15.45:0/3416231874 <== mon.0 v2:172.21.15.45:3300/0 2 ==== config(27 keys) ==== 1109+0+0 (secure 0 0 0) 0x7f108c00b8c0 con 0x7f1094105ec0
2024-04-25T00:11:51.485 INFO:teuthology.orchestra.run.smithi045.stdout:/usr/bin/ceph: stderr
2024-04-25T00:11:49.986+0000 7f10937fe700 1 -- 172.21.15.45:0/3416231874 <== mon.0 v2:172.21.15.45:3300/0 3 ==== mon_map magic: 0 ==== 205+0+0 (secure 0 0 0) 0x7f108c0045c0 con 0x7f1094105ec0
2024-04-25T00:11:51.486 INFO:teuthology.orchestra.run.smithi045.stdout:/usr/bin/ceph: stderr
2024-04-25T00:11:49.987+0000 7f109afbb700 1 -- 172.21.15.45:0/3416231874 >> [v2:172.21.15.45:3300/0,v1:172.21.15.45:6789/0] conn(0x7f1094105ec0 msgr2=0x7f10941062e0 secure :-1 s=STATE_CONNECTION_ESTABLISHED l=1).mark_down
2024-04-25T00:11:51.486 INFO:teuthology.orchestra.run.smithi045.stdout:/usr/bin/ceph: stderr
2024-04-25T00:11:49.987+0000 7f109afbb700 1 --2- 172.21.15.45:0/3416231874 >> [v2:172.21.15.45:3300/0,v1:172.21.15.45:6789/0] conn(0x7f1094105ec0 0x7f10941062e0 secure :-1 s=READY pgs=20 cs=0 l=1 rev1=1 crypto rx=0x7f108c009e80 tx=0x7f108c00b330 comp rx=0 tx=0).stop
2024-04-25T00:11:51.486 INFO:teuthology.orchestra.run.smithi045.stdout:/usr/bin/ceph: stderr
2024-04-25T00:11:49.987+0000 7f109afbb700 1 -- 172.21.15.45:0/3416231874 shutdown_connections
2024-04-25T00:11:51.486 INFO:teuthology.orchestra.run.smithi045.stdout:/usr/bin/ceph: stderr
2024-04-25T00:11:49.987+0000 7f109afbb700 1 --2- 172.21.15.45:0/3416231874 >> [v2:172.21.15.45:3300/0,v1:172.21.15.45:6789/0] conn(0x7f1094105ec0 0x7f10941062e0 unknown :-1 s=CLOSED pgs=20 cs=0 l=1 rev1=1 crypto rx=0 tx=0 comp rx=0 tx=0).stop
2024-04-25T00:11:51.486 INFO:teuthology.orchestra.run.smithi045.stdout:/usr/bin/ceph: stderr
2024-04-25T00:11:49.987+0000 7f109afbb700 1 -- 172.21.15.45:0/3416231874 >> 172.21.15.45:0/3416231874 conn(0x7f10941018e0 msgr2=0x7f1094103d00 unknown :-1 s=STATE_NONE l=0).mark_down
2024-04-25T00:11:51.486 INFO:teuthology.orchestra.run.smithi045.stdout:/usr/bin/ceph: stderr
2024-04-25T00:11:49.987+0000 7f109afbb700 1 -- 172.21.15.45:0/3416231874 shutdown_connections
2024-04-25T00:11:51.486 INFO:teuthology.orchestra.run.smithi045.stdout:/usr/bin/ceph: stderr
2024-04-25T00:11:49.987+0000 7f109afbb700 1 -- 172.21.15.45:0/3416231874 wait complete.
2024-04-25T00:11:51.487 INFO:teuthology.orchestra.run.smithi045.stdout:/usr/bin/ceph: stderr
2024-04-25T00:11:49.988+0000 7f109afbb700 1 Processor -- start
2024-04-25T00:11:51.487 INFO:teuthology.orchestra.run.smithi045.stdout:/usr/bin/ceph: stderr
2024-04-25T00:11:49.988+0000 7f109afbb700 1 -- start start
2024-04-25T00:11:51.487 INFO:teuthology.orchestra.run.smithi045.stdout:/usr/bin/ceph: stderr
2024-04-25T00:11:49.988+0000 7f109afbb700 1 --2- >> [v2:172.21.15.45:3300/0,v1:172.21.15.45:6789/0] conn(0x7f1094105ec0 0x7f1094108720 unknown :-1 s=NONE pgs=0 cs=0 l=1 rev1=0 crypto rx=0 tx=0 comp rx=0 tx=0).connect
2024-04-25T00:11:51.487 INFO:teuthology.orchestra.run.smithi045.stdout:/usr/bin/ceph: stderr
2024-04-25T00:11:49.988+0000 7f109afbb700 1 -- --> [v2:172.21.15.45:3300/0,v1:172.21.15.45:6789/0] -- mon_getmap magic: 0 -- 0x7f109410c250 con 0x7f1094105ec0
2024-04-25T00:11:51.487 INFO:teuthology.orchestra.run.smithi045.stdout:/usr/bin/ceph: stderr
2024-04-25T00:11:49.988+0000 7f1098d57700 1 --2- >> [v2:172.21.15.45:3300/0,v1:172.21.15.45:6789/0] conn(0x7f1094105ec0 0x7f1094108720 unknown :-1 s=BANNER_CONNECTING pgs=0 cs=0 l=1 rev1=0 crypto rx=0 tx=0 comp rx=0 tx=0)._handle_peer_banner_payload supported=3 required=0
2024-04-25T00:11:51.487 INFO:teuthology.orchestra.run.smithi045.stdout:/usr/bin/ceph: stderr
2024-04-25T00:11:49.988+0000 7f1098d57700 1 --2- >> [v2:172.21.15.45:3300/0,v1:172.21.15.45:6789/0] conn(0x7f1094105ec0 0x7f1094108720 unknown :-1 s=HELLO_CONNECTING pgs=0 cs=0 l=1 rev1=1 crypto rx=0 tx=0 comp rx=0 tx=0).handle_hello peer v2:172.21.15.45:3300/0 says I am v2:172.21.15.45:40126/0 (socket says 172.21.15.45:40126)
2024-04-25T00:11:51.487 INFO:teuthology.orchestra.run.smithi045.stdout:/usr/bin/ceph: stderr
2024-04-25T00:11:49.988+0000 7f1098d57700 1 -- 172.21.15.45:0/1245317596 learned_addr learned my addr 172.21.15.45:0/1245317596 (peer_addr_for_me v2:172.21.15.45:0/0)
2024-04-25T00:11:51.487 INFO:teuthology.orchestra.run.smithi045.stdout:/usr/bin/ceph: stderr
2024-04-25T00:11:49.988+0000 7f1098d57700 1 -- 172.21.15.45:0/1245317596 --> [v2:172.21.15.45:3300/0,v1:172.21.15.45:6789/0] -- mon_subscribe({config=0+,monmap=0+}) -- 0x7f1094108c60 con 0x7f1094105ec0
2024-04-25T00:11:51.487 INFO:teuthology.orchestra.run.smithi045.stdout:/usr/bin/ceph: stderr
2024-04-25T00:11:49.988+0000 7f1098d57700 1 --2- 172.21.15.45:0/1245317596 >> [v2:172.21.15.45:3300/0,v1:172.21.15.45:6789/0] conn(0x7f1094105ec0 0x7f1094108720 secure :-1 s=READY pgs=21 cs=0 l=1 rev1=1 crypto rx=0x7f108c0072a0 tx=0x7f108c00bd50 comp rx=0 tx=0).ready entity=mon.0 client_cookie=0 server_cookie=0 in_seq=0 out_seq=0
2024-04-25T00:11:51.488 INFO:teuthology.orchestra.run.smithi045.stdout:/usr/bin/ceph: stderr
2024-04-25T00:11:49.988+0000 7f1091ffb700 1 -- 172.21.15.45:0/1245317596 <== mon.0 v2:172.21.15.45:3300/0 1 ==== mon_map magic: 0 ==== 205+0+0 (secure 0 0 0) 0x7f108c020020 con 0x7f1094105ec0
2024-04-25T00:11:51.488 INFO:teuthology.orchestra.run.smithi045.stdout:/usr/bin/ceph: stderr
2024-04-25T00:11:49.989+0000 7f1091ffb700 1 -- 172.21.15.45:0/1245317596 <== mon.0 v2:172.21.15.45:3300/0 2 ==== config(27 keys) ==== 1109+0+0 (secure 0 0 0) 0x7f108c003b50 con 0x7f1094105ec0
2024-04-25T00:11:51.488 INFO:teuthology.orchestra.run.smithi045.stdout:/usr/bin/ceph: stderr
2024-04-25T00:11:49.989+0000 7f109afbb700 1 -- 172.21.15.45:0/1245317596 --> [v2:172.21.15.45:3300/0,v1:172.21.15.45:6789/0] -- mon_subscribe({mgrmap=0+}) -- 0x7f1094106e50 con 0x7f1094105ec0
2024-04-25T00:11:51.488 INFO:teuthology.orchestra.run.smithi045.stdout:/usr/bin/ceph: stderr
2024-04-25T00:11:49.989+0000 7f1091ffb700 1 -- 172.21.15.45:0/1245317596 <== mon.0 v2:172.21.15.45:3300/0 3 ==== mon_map magic: 0 ==== 205+0+0 (secure 0 0 0) 0x7f108c017040 con 0x7f1094105ec0
2024-04-25T00:11:51.488 INFO:teuthology.orchestra.run.smithi045.stdout:/usr/bin/ceph: stderr
2024-04-25T00:11:49.989+0000 7f109afbb700 1 -- 172.21.15.45:0/1245317596 --> [v2:172.21.15.45:3300/0,v1:172.21.15.45:6789/0] -- mon_subscribe({osdmap=0}) -- 0x7f1094107390 con 0x7f1094105ec0
2024-04-25T00:11:51.488 INFO:teuthology.orchestra.run.smithi045.stdout:/usr/bin/ceph: stderr
2024-04-25T00:11:49.990+0000 7f1091ffb700 1 -- 172.21.15.45:0/1245317596 <== mon.0 v2:172.21.15.45:3300/0 4 ==== mgrmap(e 4) ==== 46276+0+0 (secure 0 0 0) 0x7f108c023020 con 0x7f1094105ec0
2024-04-25T00:11:51.488 INFO:teuthology.orchestra.run.smithi045.stdout:/usr/bin/ceph: stderr
2024-04-25T00:11:49.990+0000 7f1091ffb700 1 --2- 172.21.15.45:0/1245317596 >> [v2:172.21.15.45:6800/200010672,v1:172.21.15.45:6801/200010672] conn(0x7f107c038fb0 0x7f107c03b470 unknown :-1 s=NONE pgs=0 cs=0 l=1 rev1=0 crypto rx=0 tx=0 comp rx=0 tx=0).connect
2024-04-25T00:11:51.488 INFO:teuthology.orchestra.run.smithi045.stdout:/usr/bin/ceph: stderr
2024-04-25T00:11:49.990+0000 7f1091ffb700 1 -- 172.21.15.45:0/1245317596 <== mon.0 v2:172.21.15.45:3300/0 5 ==== osd_map(1..1 src has 1..1) ==== 725+0+0 (secure 0 0 0) 0x7f108c00f050 con 0x7f1094105ec0
2024-04-25T00:11:51.489 INFO:teuthology.orchestra.run.smithi045.stdout:/usr/bin/ceph: stderr
2024-04-25T00:11:49.990+0000 7f109afbb700 1 -- 172.21.15.45:0/1245317596 --> [v2:172.21.15.45:3300/0,v1:172.21.15.45:6789/0] -- mon_command({"prefix": "get_command_descriptions"} v 0) -- 0x7f1094063890 con 0x7f1094105ec0
2024-04-25T00:11:51.489 INFO:teuthology.orchestra.run.smithi045.stdout:/usr/bin/ceph: stderr
2024-04-25T00:11:49.990+0000 7f1093fff700 1 --2- 172.21.15.45:0/1245317596 >> [v2:172.21.15.45:6800/200010672,v1:172.21.15.45:6801/200010672] conn(0x7f107c038fb0 0x7f107c03b470 unknown :-1 s=BANNER_CONNECTING pgs=0 cs=0 l=1 rev1=0 crypto rx=0 tx=0 comp rx=0 tx=0)._handle_peer_banner_payload supported=3 required=0
2024-04-25T00:11:51.489 INFO:teuthology.orchestra.run.smithi045.stdout:/usr/bin/ceph: stderr
2024-04-25T00:11:49.990+0000 7f1093fff700 1 --2- 172.21.15.45:0/1245317596 >> [v2:172.21.15.45:6800/200010672,v1:172.21.15.45:6801/200010672] conn(0x7f107c038fb0 0x7f107c03b470 secure :-1 s=READY pgs=8 cs=0 l=1 rev1=1 crypto rx=0x7f1088006fd0 tx=0x7f1088006e40 comp rx=0 tx=0).ready entity=mgr.14100 client_cookie=0 server_cookie=0 in_seq=0 out_seq=0
2024-04-25T00:11:51.489 INFO:teuthology.orchestra.run.smithi045.stdout:/usr/bin/ceph: stderr
2024-04-25T00:11:49.995+0000 7f1091ffb700 1 -- 172.21.15.45:0/1245317596 <== mon.0 v2:172.21.15.45:3300/0 6 ==== mon_command_ack([{"prefix": "get_command_descriptions"}]=0 v0) ==== 72+0+186147 (secure 0 0 0) 0x7f108c02a020 con 0x7f1094105ec0
2024-04-25T00:11:51.489 INFO:teuthology.orchestra.run.smithi045.stdout:/usr/bin/ceph: stderr
2024-04-25T00:11:50.265+0000 7f109afbb700 1 -- 172.21.15.45:0/1245317596 --> [v2:172.21.15.45:3300/0,v1:172.21.15.45:6789/0] -- mon_command({"prefix": "mgr module enable", "module": "cephadm"} v 0) -- 0x7f1094107560 con 0x7f1094105ec0
2024-04-25T00:11:51.489 INFO:teuthology.orchestra.run.smithi045.stdout:/usr/bin/ceph: stderr
2024-04-25T00:11:50.964+0000 7f1091ffb700 1 -- 172.21.15.45:0/1245317596 <== mon.0 v2:172.21.15.45:3300/0 7 ==== mon_command_ack([{"prefix": "mgr module enable", "module": "cephadm"}]=0 v5) ==== 86+0+0 (secure 0 0 0) 0x7f108c01b730 con 0x7f1094105ec0
2024-04-25T00:11:51.489 INFO:teuthology.orchestra.run.smithi045.stdout:/usr/bin/ceph: stderr
2024-04-25T00:11:50.966+0000 7f1091ffb700 1 -- 172.21.15.45:0/1245317596 <== mon.0 v2:172.21.15.45:3300/0 8 ==== mgrmap(e 5) ==== 46287+0+0 (secure 0 0 0) 0x7f108c023d80 con 0x7f1094105ec0
2024-04-25T00:11:51.490 INFO:teuthology.orchestra.run.smithi045.stdout:/usr/bin/ceph: stderr
2024-04-25T00:11:50.968+0000 7f109afbb700 1 -- 172.21.15.45:0/1245317596 >> [v2:172.21.15.45:6800/200010672,v1:172.21.15.45:6801/200010672] conn(0x7f107c038fb0 msgr2=0x7f107c03b470 secure :-1 s=STATE_CONNECTION_ESTABLISHED l=1).mark_down
2024-04-25T00:11:51.490 INFO:teuthology.orchestra.run.smithi045.stdout:/usr/bin/ceph: stderr
2024-04-25T00:11:50.968+0000 7f109afbb700 1 --2- 172.21.15.45:0/1245317596 >> [v2:172.21.15.45:6800/200010672,v1:172.21.15.45:6801/200010672] conn(0x7f107c038fb0 0x7f107c03b470 secure :-1 s=READY pgs=8 cs=0 l=1 rev1=1 crypto rx=0x7f1088006fd0 tx=0x7f1088006e40 comp rx=0 tx=0).stop
2024-04-25T00:11:51.490 INFO:teuthology.orchestra.run.smithi045.stdout:/usr/bin/ceph: stderr
2024-04-25T00:11:50.968+0000 7f109afbb700 1 -- 172.21.15.45:0/1245317596 >> [v2:172.21.15.45:3300/0,v1:172.21.15.45:6789/0] conn(0x7f1094105ec0 msgr2=0x7f1094108720 secure :-1 s=STATE_CONNECTION_ESTABLISHED l=1).mark_down
2024-04-25T00:11:51.490 INFO:teuthology.orchestra.run.smithi045.stdout:/usr/bin/ceph: stderr
2024-04-25T00:11:50.968+0000 7f109afbb700 1 --2- 172.21.15.45:0/1245317596 >> [v2:172.21.15.45:3300/0,v1:172.21.15.45:6789/0] conn(0x7f1094105ec0 0x7f1094108720 secure :-1 s=READY pgs=21 cs=0 l=1 rev1=1 crypto rx=0x7f108c0072a0 tx=0x7f108c00bd50 comp rx=0 tx=0).stop
2024-04-25T00:11:51.490 INFO:teuthology.orchestra.run.smithi045.stdout:/usr/bin/ceph: stderr
2024-04-25T00:11:50.968+0000 7f109afbb700 1 -- 172.21.15.45:0/1245317596 shutdown_connections
2024-04-25T00:11:51.490 INFO:teuthology.orchestra.run.smithi045.stdout:/usr/bin/ceph: stderr
2024-04-25T00:11:50.969+0000 7f109afbb700 1 --2- 172.21.15.45:0/1245317596 >> [v2:172.21.15.45:6800/200010672,v1:172.21.15.45:6801/200010672] conn(0x7f107c038fb0 0x7f107c03b470 unknown :-1 s=CLOSED pgs=8 cs=0 l=1 rev1=1 crypto rx=0 tx=0 comp rx=0 tx=0).stop
2024-04-25T00:11:51.491 INFO:teuthology.orchestra.run.smithi045.stdout:/usr/bin/ceph: stderr
2024-04-25T00:11:50.969+0000 7f109afbb700 1 --2- 172.21.15.45:0/1245317596 >> [v2:172.21.15.45:3300/0,v1:172.21.15.45:6789/0] conn(0x7f1094105ec0 0x7f1094108720 unknown :-1 s=CLOSED pgs=21 cs=0 l=1 rev1=1 crypto rx=0 tx=0 comp rx=0 tx=0).stop
2024-04-25T00:11:51.491 INFO:teuthology.orchestra.run.smithi045.stdout:/usr/bin/ceph: stderr
2024-04-25T00:11:50.969+0000 7f109afbb700 1 -- 172.21.15.45:0/1245317596 >> 172.21.15.45:0/1245317596 conn(0x7f10941018e0 msgr2=0x7f1094102450 unknown :-1 s=STATE_NONE l=0).mark_down
2024-04-25T00:11:51.491 INFO:teuthology.orchestra.run.smithi045.stdout:/usr/bin/ceph: stderr
2024-04-25T00:11:50.969+0000 7f109afbb700 1 -- 172.21.15.45:0/1245317596 shutdown_connections
2024-04-25T00:11:51.491 INFO:teuthology.orchestra.run.smithi045.stdout:/usr/bin/ceph: stderr
2024-04-25T00:11:50.969+0000 7f109afbb700 1 -- 172.21.15.45:0/1245317596 wait complete.
2024-04-25T00:11:51.601 INFO:journalctl@ceph.mgr.x.smithi045.stdout:Apr 25 00:11:51 smithi045 ceph-24bb2e7a-0298-11ef-bc93-c7b262605968-mgr-x[29425]:
2024-04-25T00:11:51.336+0000 7fec6992a200 -1 mgr[py] Module orchestrator has missing NOTIFY_TYPES member
2024-04-25T00:11:51.601 INFO:journalctl@ceph.mgr.x.smithi045.stdout:Apr 25 00:11:51 smithi045 ceph-24bb2e7a-0298-11ef-bc93-c7b262605968-mgr-x[29425]:
2024-04-25T00:11:51.442+0000 7fec6992a200 -1 mgr[py] Module snap_schedule has missing NOTIFY_TYPES member
2024-04-25T00:11:51.858 INFO:journalctl@ceph.mgr.x.smithi045.stdout:Apr 25 00:11:51 smithi045 ceph-24bb2e7a-0298-11ef-bc93-c7b262605968-mgr-x[29425]:
2024-04-25T00:11:51.769+0000 7fec6992a200 -1 mgr[py] Module progress has missing NOTIFY_TYPES member
2024-04-25T00:11:51.859 INFO:journalctl@ceph.mgr.x.smithi045.stdout:Apr 25 00:11:51 smithi045 ceph-24bb2e7a-0298-11ef-bc93-c7b262605968-mgr-x[29425]:
2024-04-25T00:11:51.858+0000 7fec6992a200 -1 mgr[py] Module influx has missing NOTIFY_TYPES member
2024-04-25T00:11:52.149 INFO:journalctl@ceph.mon.a.smithi045.stdout:Apr 25 00:11:51 smithi045 ceph-mon[29194]: from='client.? 172.21.15.45:0/1245317596' entity='client.admin' cmd='[{"prefix": "mgr module enable", "module": "cephadm"}]': finished
2024-04-25T00:11:52.149 INFO:journalctl@ceph.mon.a.smithi045.stdout:Apr 25 00:11:51 smithi045 ceph-mon[29194]: mgrmap e5: x(active, since 5s)
2024-04-25T00:11:53.456 INFO:journalctl@ceph.mon.a.smithi045.stdout:Apr 25 00:11:53 smithi045 ceph-mon[29194]: from='client.? 172.21.15.45:0/242317590' entity='client.admin' cmd=[{"prefix": "mgr stat"}]: dispatch
2024-04-25T00:11:53.456 INFO:journalctl@ceph.mgr.x.smithi045.stdout:Apr 25 00:11:53 smithi045 ceph-24bb2e7a-0298-11ef-bc93-c7b262605968-mgr-x[29425]:
2024-04-25T00:11:53.155+0000 7fec6992a200 -1 mgr[py] Module telegraf has missing NOTIFY_TYPES member
2024-04-25T00:11:53.456 INFO:journalctl@ceph.mgr.x.smithi045.stdout:Apr 25 00:11:53 smithi045 ceph-24bb2e7a-0298-11ef-bc93-c7b262605968-mgr-x[29425]:
2024-04-25T00:11:53.340+0000 7fec6992a200 -1 mgr[py] Module osd_support has missing NOTIFY_TYPES member
2024-04-25T00:11:53.797 INFO:journalctl@ceph.mgr.x.smithi045.stdout:Apr 25 00:11:53 smithi045 ceph-24bb2e7a-0298-11ef-bc93-c7b262605968-mgr-x[29425]:
2024-04-25T00:11:53.529+0000 7fec6992a200 -1 mgr[py] Module iostat has missing NOTIFY_TYPES member
2024-04-25T00:11:54.135 INFO:journalctl@ceph.mgr.x.smithi045.stdout:Apr 25 00:11:53 smithi045 ceph-24bb2e7a-0298-11ef-bc93-c7b262605968-mgr-x[29425]:
2024-04-25T00:11:53.828+0000 7fec6992a200 -1 mgr[py] Module alerts has missing NOTIFY_TYPES member
2024-04-25T00:11:54.135 INFO:journalctl@ceph.mgr.x.smithi045.stdout:Apr 25 00:11:53 smithi045 ceph-24bb2e7a-0298-11ef-bc93-c7b262605968-mgr-x[29425]:
2024-04-25T00:11:53.924+0000 7fec6992a200 -1 mgr[py] Module selftest has missing NOTIFY_TYPES member
2024-04-25T00:11:54.136 INFO:journalctl@ceph.mgr.x.smithi045.stdout:Apr 25 00:11:54 smithi045 ceph-24bb2e7a-0298-11ef-bc93-c7b262605968-mgr-x[29425]:
2024-04-25T00:11:54.134+0000 7fec6992a200 -1 mgr[py] Module pg_autoscaler has missing NOTIFY_TYPES member
2024-04-25T00:11:54.399 INFO:journalctl@ceph.mgr.x.smithi045.stdout:Apr 25 00:11:54 smithi045 ceph-24bb2e7a-0298-11ef-bc93-c7b262605968-mgr-x[29425]:
2024-04-25T00:11:54.334+0000 7fec6992a200 -1 mgr[py] Module test_orchestrator has missing NOTIFY_TYPES member
2024-04-25T00:11:55.399 INFO:journalctl@ceph.mgr.x.smithi045.stdout:Apr 25 00:11:54 smithi045 ceph-24bb2e7a-0298-11ef-bc93-c7b262605968-mgr-x[29425]:
2024-04-25T00:11:54.960+0000 7fec6992a200 -1 mgr[py] Module rook has missing NOTIFY_TYPES member
2024-04-25T00:11:55.708 INFO:journalctl@ceph.mgr.x.smithi045.stdout:Apr 25 00:11:55 smithi045 ceph-24bb2e7a-0298-11ef-bc93-c7b262605968-mgr-x[29425]:
2024-04-25T00:11:55.399+0000 7fec6992a200 -1 mgr[py] Module volumes has missing NOTIFY_TYPES member
2024-04-25T00:11:55.708 INFO:journalctl@ceph.mgr.x.smithi045.stdout:Apr 25 00:11:55 smithi045 ceph-24bb2e7a-0298-11ef-bc93-c7b262605968-mgr-x[29425]:
2024-04-25T00:11:55.498+0000 7fec6992a200 -1 mgr[py] Module crash has missing NOTIFY_TYPES member
2024-04-25T00:11:55.708 INFO:journalctl@ceph.mgr.x.smithi045.stdout:Apr 25 00:11:55 smithi045 ceph-24bb2e7a-0298-11ef-bc93-c7b262605968-mgr-x[29425]:
2024-04-25T00:11:55.707+0000 7fec6992a200 -1 mgr[py] Module rgw has missing NOTIFY_TYPES member
2024-04-25T00:11:56.510 INFO:journalctl@ceph.mgr.x.smithi045.stdout:Apr 25 00:11:56 smithi045 ceph-24bb2e7a-0298-11ef-bc93-c7b262605968-mgr-x[29425]:
2024-04-25T00:11:56.254+0000 7fec6992a200 -1 mgr[py] Module prometheus has missing NOTIFY_TYPES member
2024-04-25T00:11:56.510 INFO:journalctl@ceph.mgr.x.smithi045.stdout:Apr 25 00:11:56 smithi045 ceph-24bb2e7a-0298-11ef-bc93-c7b262605968-mgr-x[29425]:
2024-04-25T00:11:56.348+0000 7fec6992a200 -1 mgr[py] Module devicehealth has missing NOTIFY_TYPES member
2024-04-25T00:11:56.837 INFO:journalctl@ceph.mgr.x.smithi045.stdout:Apr 25 00:11:56 smithi045 ceph-24bb2e7a-0298-11ef-bc93-c7b262605968-mgr-x[29425]:
2024-04-25T00:11:56.600+0000 7fec6992a200 -1 mgr[py] Module telemetry has missing NOTIFY_TYPES member
2024-04-25T00:11:56.838 INFO:journalctl@ceph.mgr.x.smithi045.stdout:Apr 25 00:11:56 smithi045 ceph-24bb2e7a-0298-11ef-bc93-c7b262605968-mgr-x[29425]:
2024-04-25T00:11:56.739+0000 7fec6992a200 -1 mgr[py] Module diskprediction_local has missing NOTIFY_TYPES member
2024-04-25T00:11:56.838 INFO:journalctl@ceph.mgr.x.smithi045.stdout:Apr 25 00:11:56 smithi045 ceph-24bb2e7a-0298-11ef-bc93-c7b262605968-mgr-x[29425]:
2024-04-25T00:11:56.837+0000 7fec6992a200 -1 mgr[py] Module osd_perf_query has missing NOTIFY_TYPES member
2024-04-25T00:11:57.149 INFO:journalctl@ceph.mgr.x.smithi045.stdout:Apr 25 00:11:56 smithi045 ceph-24bb2e7a-0298-11ef-bc93-c7b262605968-mgr-x[29425]:
2024-04-25T00:11:56.956+0000 7fec6992a200 -1 mgr[py] Module rbd_support has missing NOTIFY_TYPES member
2024-04-25T00:11:57.149 INFO:journalctl@ceph.mgr.x.smithi045.stdout:Apr 25 00:11:57 smithi045 ceph-24bb2e7a-0298-11ef-bc93-c7b262605968-mgr-x[29425]:
2024-04-25T00:11:57.051+0000 7fec6992a200 -1 mgr[py] Module zabbix has missing NOTIFY_TYPES member
2024-04-25T00:11:58.149 INFO:journalctl@ceph.mgr.x.smithi045.stdout:Apr 25 00:11:57 smithi045 ceph-24bb2e7a-0298-11ef-bc93-c7b262605968-mgr-x[29425]:
2024-04-25T00:11:57.897+0000 7fec6992a200 -1 mgr[py] Module status has missing NOTIFY_TYPES member
2024-04-25T00:11:58.149 INFO:journalctl@ceph.mgr.x.smithi045.stdout:Apr 25 00:11:58 smithi045 ceph-24bb2e7a-0298-11ef-bc93-c7b262605968-mgr-x[29425]:
2024-04-25T00:11:58.118+0000 7fec6992a200 -1 mgr[py] Module nfs has missing NOTIFY_TYPES member
2024-04-25T00:11:58.649 INFO:journalctl@ceph.mon.a.smithi045.stdout:Apr 25 00:11:58 smithi045 ceph-mon[29194]: Active manager daemon x restarted
2024-04-25T00:11:58.649 INFO:journalctl@ceph.mon.a.smithi045.stdout:Apr 25 00:11:58 smithi045 ceph-mon[29194]: Activating manager daemon x
2024-04-25T00:11:58.649 INFO:journalctl@ceph.mon.a.smithi045.stdout:Apr 25 00:11:58 smithi045 ceph-mon[29194]: osdmap e2: 0 total, 0 up, 0 in
2024-04-25T00:11:58.649 INFO:journalctl@ceph.mon.a.smithi045.stdout:Apr 25 00:11:58 smithi045 ceph-mon[29194]: mgrmap e6: x(active, starting, since 0.00333046s)
2024-04-25T00:11:58.649 INFO:journalctl@ceph.mon.a.smithi045.stdout:Apr 25 00:11:58 smithi045 ceph-mon[29194]: from='mgr.14118 172.21.15.45:0/77254032' entity='mgr.x' cmd=[{"prefix": "mon metadata", "id": "a"}]: dispatch
2024-04-25T00:11:58.650 INFO:journalctl@ceph.mon.a.smithi045.stdout:Apr 25 00:11:58 smithi045 ceph-mon[29194]: from='mgr.14118 172.21.15.45:0/77254032' entity='mgr.x' cmd=[{"prefix": "mgr metadata", "who": "x", "id": "x"}]: dispatch
2024-04-25T00:11:58.650 INFO:journalctl@ceph.mon.a.smithi045.stdout:Apr 25 00:11:58 smithi045 ceph-mon[29194]: from='mgr.14118 172.21.15.45:0/77254032' entity='mgr.x' cmd=[{"prefix": "mds metadata"}]: dispatch
2024-04-25T00:11:58.650 INFO:journalctl@ceph.mon.a.smithi045.stdout:Apr 25 00:11:58 smithi045 ceph-mon[29194]: from='mgr.14118 172.21.15.45:0/77254032' entity='mgr.x' cmd=[{"prefix": "osd metadata"}]: dispatch
2024-04-25T00:11:58.650 INFO:journalctl@ceph.mon.a.smithi045.stdout:Apr 25 00:11:58 smithi045 ceph-mon[29194]: from='mgr.14118 172.21.15.45:0/77254032' entity='mgr.x' cmd=[{"prefix": "mon metadata"}]: dispatch
2024-04-25T00:11:58.650 INFO:journalctl@ceph.mon.a.smithi045.stdout:Apr 25 00:11:58 smithi045 ceph-mon[29194]: Manager daemon x is now available
2024-04-25T00:11:58.650 INFO:journalctl@ceph.mon.a.smithi045.stdout:Apr 25 00:11:58 smithi045 ceph-mon[29194]: from='mgr.14118 172.21.15.45:0/77254032' entity='mgr.x'
2024-04-25T00:11:58.650 INFO:journalctl@ceph.mon.a.smithi045.stdout:Apr 25 00:11:58 smithi045 ceph-mon[29194]: from='mgr.14118 172.21.15.45:0/77254032' entity='mgr.x'
