2024-04-25T00:11:58.650 INFO:journalctl@ceph.mon.a.smithi045.stdout:Apr 25 00:11:58 smithi045 ceph-mon[29194]: from='mgr.14118 172.21.15.45:0/77254032' entity='mgr.x' cmd=[{"prefix": "config dump", "format": "json"}]: dispatch
2024-04-25T00:11:58.650 INFO:journalctl@ceph.mon.a.smithi045.stdout:Apr 25 00:11:58 smithi045 ceph-mon[29194]: from='mgr.14118 172.21.15.45:0/77254032' entity='mgr.x' cmd=[{"prefix": "config dump", "format": "json"}]: dispatch
2024-04-25T00:11:58.650 INFO:journalctl@ceph.mon.a.smithi045.stdout:Apr 25 00:11:58 smithi045 ceph-mon[29194]: from='mgr.14118 172.21.15.45:0/77254032' entity='mgr.x' cmd=[{"prefix":"config rm","who":"mgr","name":"mgr/rbd_support/x/mirror_snapshot_schedule"}]: dispatch
2024-04-25T00:11:59.041 INFO:teuthology.orchestra.run.smithi045.stdout:/usr/bin/ceph: stdout {
2024-04-25T00:11:59.041 INFO:teuthology.orchestra.run.smithi045.stdout:/usr/bin/ceph: stdout "epoch": 5,
2024-04-25T00:11:59.041 INFO:teuthology.orchestra.run.smithi045.stdout:/usr/bin/ceph: stdout "available": true,
2024-04-25T00:11:59.042 INFO:teuthology.orchestra.run.smithi045.stdout:/usr/bin/ceph: stdout "active_name": "x",
2024-04-25T00:11:59.042 INFO:teuthology.orchestra.run.smithi045.stdout:/usr/bin/ceph: stdout "num_standby": 0
2024-04-25T00:11:59.042 INFO:teuthology.orchestra.run.smithi045.stdout:/usr/bin/ceph: stdout }
2024-04-25T00:11:59.042 INFO:teuthology.orchestra.run.smithi045.stdout:/usr/bin/ceph: stderr
2024-04-25T00:11:52.946+0000 7f090f66b700 1 Processor -- start
2024-04-25T00:11:59.042 INFO:teuthology.orchestra.run.smithi045.stdout:/usr/bin/ceph: stderr
2024-04-25T00:11:52.946+0000 7f090f66b700 1 -- start start
2024-04-25T00:11:59.042 INFO:teuthology.orchestra.run.smithi045.stdout:/usr/bin/ceph: stderr
2024-04-25T00:11:52.946+0000 7f090f66b700 1 --2- >> [v2:172.21.15.45:3300/0,v1:172.21.15.45:6789/0] conn(0x7f0908107c80 0x7f09081080a0 unknown :-1 s=NONE pgs=0 cs=0 l=0 rev1=0 crypto rx=0 tx=0 comp rx=0 tx=0).connect
2024-04-25T00:11:59.042 INFO:teuthology.orchestra.run.smithi045.stdout:/usr/bin/ceph: stderr
2024-04-25T00:11:52.946+0000 7f090f66b700 1 -- --> [v2:172.21.15.45:3300/0,v1:172.21.15.45:6789/0] -- mon_getmap magic: 0 -- 0x7f09081085e0 con 0x7f0908107c80
2024-04-25T00:11:59.042 INFO:teuthology.orchestra.run.smithi045.stdout:/usr/bin/ceph: stderr
2024-04-25T00:11:52.946+0000 7f090d407700 1 --2- >> [v2:172.21.15.45:3300/0,v1:172.21.15.45:6789/0] conn(0x7f0908107c80 0x7f09081080a0 unknown :-1 s=BANNER_CONNECTING pgs=0 cs=0 l=0 rev1=0 crypto rx=0 tx=0 comp rx=0 tx=0)._handle_peer_banner_payload supported=3 required=0
2024-04-25T00:11:59.042 INFO:teuthology.orchestra.run.smithi045.stdout:/usr/bin/ceph: stderr
2024-04-25T00:11:52.947+0000 7f090d407700 1 --2- >> [v2:172.21.15.45:3300/0,v1:172.21.15.45:6789/0] conn(0x7f0908107c80 0x7f09081080a0 unknown :-1 s=HELLO_CONNECTING pgs=0 cs=0 l=0 rev1=1 crypto rx=0 tx=0 comp rx=0 tx=0).handle_hello peer v2:172.21.15.45:3300/0 says I am v2:172.21.15.45:40158/0 (socket says 172.21.15.45:40158)
2024-04-25T00:11:59.042 INFO:teuthology.orchestra.run.smithi045.stdout:/usr/bin/ceph: stderr
2024-04-25T00:11:52.947+0000 7f090d407700 1 -- 172.21.15.45:0/467794968 learned_addr learned my addr 172.21.15.45:0/467794968 (peer_addr_for_me v2:172.21.15.45:0/0)
2024-04-25T00:11:59.042 INFO:teuthology.orchestra.run.smithi045.stdout:/usr/bin/ceph: stderr
2024-04-25T00:11:52.947+0000 7f090d407700 1 -- 172.21.15.45:0/467794968 --> [v2:172.21.15.45:3300/0,v1:172.21.15.45:6789/0] -- mon_subscribe({config=0+,monmap=0+}) -- 0x7f0908108760 con 0x7f0908107c80
2024-04-25T00:11:59.042 INFO:teuthology.orchestra.run.smithi045.stdout:/usr/bin/ceph: stderr
2024-04-25T00:11:52.947+0000 7f090d407700 1 --2- 172.21.15.45:0/467794968 >> [v2:172.21.15.45:3300/0,v1:172.21.15.45:6789/0] conn(0x7f0908107c80 0x7f09081080a0 secure :-1 s=READY pgs=24 cs=0 l=1 rev1=1 crypto rx=0x7f09040098a0 tx=0x7f0904009bb0 comp rx=0 tx=0).ready entity=mon.0 client_cookie=282ef5f6a570e945 server_cookie=0 in_seq=0 out_seq=0
2024-04-25T00:11:59.042 INFO:teuthology.orchestra.run.smithi045.stdout:/usr/bin/ceph: stderr
2024-04-25T00:11:52.947+0000 7f08fffff700 1 -- 172.21.15.45:0/467794968 <== mon.0 v2:172.21.15.45:3300/0 1 ==== mon_map magic: 0 ==== 205+0+0 (secure 0 0 0) 0x7f0904004160 con 0x7f0908107c80
2024-04-25T00:11:59.042 INFO:teuthology.orchestra.run.smithi045.stdout:/usr/bin/ceph: stderr
2024-04-25T00:11:52.947+0000 7f08fffff700 1 -- 172.21.15.45:0/467794968 <== mon.0 v2:172.21.15.45:3300/0 2 ==== config(27 keys) ==== 1109+0+0 (secure 0 0 0) 0x7f0904004300 con 0x7f0908107c80
2024-04-25T00:11:59.043 INFO:teuthology.orchestra.run.smithi045.stdout:/usr/bin/ceph: stderr
2024-04-25T00:11:52.947+0000 7f08fffff700 1 -- 172.21.15.45:0/467794968 <== mon.0 v2:172.21.15.45:3300/0 3 ==== mon_map magic: 0 ==== 205+0+0 (secure 0 0 0) 0x7f0904011b50 con 0x7f0908107c80
2024-04-25T00:11:59.043 INFO:teuthology.orchestra.run.smithi045.stdout:/usr/bin/ceph: stderr
2024-04-25T00:11:52.948+0000 7f090f66b700 1 -- 172.21.15.45:0/467794968 >> [v2:172.21.15.45:3300/0,v1:172.21.15.45:6789/0] conn(0x7f0908107c80 msgr2=0x7f09081080a0 secure :-1 s=STATE_CONNECTION_ESTABLISHED l=1).mark_down
2024-04-25T00:11:59.043 INFO:teuthology.orchestra.run.smithi045.stdout:/usr/bin/ceph: stderr
2024-04-25T00:11:52.948+0000 7f090f66b700 1 --2- 172.21.15.45:0/467794968 >> [v2:172.21.15.45:3300/0,v1:172.21.15.45:6789/0] conn(0x7f0908107c80 0x7f09081080a0 secure :-1 s=READY pgs=24 cs=0 l=1 rev1=1 crypto rx=0x7f09040098a0 tx=0x7f0904009bb0 comp rx=0 tx=0).stop
2024-04-25T00:11:59.043 INFO:teuthology.orchestra.run.smithi045.stdout:/usr/bin/ceph: stderr
2024-04-25T00:11:52.948+0000 7f090f66b700 1 -- 172.21.15.45:0/467794968 shutdown_connections
2024-04-25T00:11:59.043 INFO:teuthology.orchestra.run.smithi045.stdout:/usr/bin/ceph: stderr
2024-04-25T00:11:52.948+0000 7f090f66b700 1 --2- 172.21.15.45:0/467794968 >> [v2:172.21.15.45:3300/0,v1:172.21.15.45:6789/0] conn(0x7f0908107c80 0x7f09081080a0 unknown :-1 s=CLOSED pgs=24 cs=0 l=1 rev1=1 crypto rx=0 tx=0 comp rx=0 tx=0).stop
2024-04-25T00:11:59.043 INFO:teuthology.orchestra.run.smithi045.stdout:/usr/bin/ceph: stderr
2024-04-25T00:11:52.948+0000 7f090f66b700 1 -- 172.21.15.45:0/467794968 >> 172.21.15.45:0/467794968 conn(0x7f09081032a0 msgr2=0x7f0908105700 unknown :-1 s=STATE_NONE l=0).mark_down
2024-04-25T00:11:59.043 INFO:teuthology.orchestra.run.smithi045.stdout:/usr/bin/ceph: stderr
2024-04-25T00:11:52.948+0000 7f090f66b700 1 -- 172.21.15.45:0/467794968 shutdown_connections
2024-04-25T00:11:59.043 INFO:teuthology.orchestra.run.smithi045.stdout:/usr/bin/ceph: stderr
2024-04-25T00:11:52.948+0000 7f090f66b700 1 -- 172.21.15.45:0/467794968 wait complete.
2024-04-25T00:11:59.043 INFO:teuthology.orchestra.run.smithi045.stdout:/usr/bin/ceph: stderr
2024-04-25T00:11:52.949+0000 7f090f66b700 1 Processor -- start
2024-04-25T00:11:59.043 INFO:teuthology.orchestra.run.smithi045.stdout:/usr/bin/ceph: stderr
2024-04-25T00:11:52.949+0000 7f090f66b700 1 -- start start
2024-04-25T00:11:59.043 INFO:teuthology.orchestra.run.smithi045.stdout:/usr/bin/ceph: stderr
2024-04-25T00:11:52.949+0000 7f090f66b700 1 --2- >> [v2:172.21.15.45:3300/0,v1:172.21.15.45:6789/0] conn(0x7f0908107c80 0x7f090819bbc0 unknown :-1 s=NONE pgs=0 cs=0 l=1 rev1=0 crypto rx=0 tx=0 comp rx=0 tx=0).connect
2024-04-25T00:11:59.043 INFO:teuthology.orchestra.run.smithi045.stdout:/usr/bin/ceph: stderr
2024-04-25T00:11:52.949+0000 7f090f66b700 1 -- --> [v2:172.21.15.45:3300/0,v1:172.21.15.45:6789/0] -- mon_getmap magic: 0 -- 0x7f090810c0f0 con 0x7f0908107c80
2024-04-25T00:11:59.043 INFO:teuthology.orchestra.run.smithi045.stdout:/usr/bin/ceph: stderr
2024-04-25T00:11:52.949+0000 7f090d407700 1 --2- >> [v2:172.21.15.45:3300/0,v1:172.21.15.45:6789/0] conn(0x7f0908107c80 0x7f090819bbc0 unknown :-1 s=BANNER_CONNECTING pgs=0 cs=0 l=1 rev1=0 crypto rx=0 tx=0 comp rx=0 tx=0)._handle_peer_banner_payload supported=3 required=0
2024-04-25T00:11:59.043 INFO:teuthology.orchestra.run.smithi045.stdout:/usr/bin/ceph: stderr
2024-04-25T00:11:52.949+0000 7f090d407700 1 --2- >> [v2:172.21.15.45:3300/0,v1:172.21.15.45:6789/0] conn(0x7f0908107c80 0x7f090819bbc0 unknown :-1 s=HELLO_CONNECTING pgs=0 cs=0 l=1 rev1=1 crypto rx=0 tx=0 comp rx=0 tx=0).handle_hello peer v2:172.21.15.45:3300/0 says I am v2:172.21.15.45:40170/0 (socket says 172.21.15.45:40170)
2024-04-25T00:11:59.044 INFO:teuthology.orchestra.run.smithi045.stdout:/usr/bin/ceph: stderr
2024-04-25T00:11:52.949+0000 7f090d407700 1 -- 172.21.15.45:0/242317590 learned_addr learned my addr 172.21.15.45:0/242317590 (peer_addr_for_me v2:172.21.15.45:0/0)
2024-04-25T00:11:59.044 INFO:teuthology.orchestra.run.smithi045.stdout:/usr/bin/ceph: stderr
2024-04-25T00:11:52.950+0000 7f090d407700 1 -- 172.21.15.45:0/242317590 --> [v2:172.21.15.45:3300/0,v1:172.21.15.45:6789/0] -- mon_subscribe({config=0+,monmap=0+}) -- 0x7f090819c100 con 0x7f0908107c80
2024-04-25T00:11:59.044 INFO:teuthology.orchestra.run.smithi045.stdout:/usr/bin/ceph: stderr
2024-04-25T00:11:52.950+0000 7f090d407700 1 --2- 172.21.15.45:0/242317590 >> [v2:172.21.15.45:3300/0,v1:172.21.15.45:6789/0] conn(0x7f0908107c80 0x7f090819bbc0 secure :-1 s=READY pgs=25 cs=0 l=1 rev1=1 crypto rx=0x7f0904011b60 tx=0x7f0904011c40 comp rx=0 tx=0).ready entity=mon.0 client_cookie=0 server_cookie=0 in_seq=0 out_seq=0
2024-04-25T00:11:59.044 INFO:teuthology.orchestra.run.smithi045.stdout:/usr/bin/ceph: stderr
2024-04-25T00:11:52.950+0000 7f08fe7fc700 1 -- 172.21.15.45:0/242317590 <== mon.0 v2:172.21.15.45:3300/0 1 ==== mon_map magic: 0 ==== 205+0+0 (secure 0 0 0) 0x7f0904003b20 con 0x7f0908107c80
2024-04-25T00:11:59.044 INFO:teuthology.orchestra.run.smithi045.stdout:/usr/bin/ceph: stderr
2024-04-25T00:11:52.950+0000 7f08fe7fc700 1 -- 172.21.15.45:0/242317590 <== mon.0 v2:172.21.15.45:3300/0 2 ==== config(27 keys) ==== 1109+0+0 (secure 0 0 0) 0x7f0904003cc0 con 0x7f0908107c80
2024-04-25T00:11:59.044 INFO:teuthology.orchestra.run.smithi045.stdout:/usr/bin/ceph: stderr
2024-04-25T00:11:52.950+0000 7f090f66b700 1 -- 172.21.15.45:0/242317590 --> [v2:172.21.15.45:3300/0,v1:172.21.15.45:6789/0] -- mon_subscribe({mgrmap=0+}) -- 0x7f090819c390 con 0x7f0908107c80
2024-04-25T00:11:59.044 INFO:teuthology.orchestra.run.smithi045.stdout:/usr/bin/ceph: stderr
2024-04-25T00:11:52.950+0000 7f08fe7fc700 1 -- 172.21.15.45:0/242317590 <== mon.0 v2:172.21.15.45:3300/0 3 ==== mon_map magic: 0 ==== 205+0+0 (secure 0 0 0) 0x7f0904024840 con 0x7f0908107c80
2024-04-25T00:11:59.044 INFO:teuthology.orchestra.run.smithi045.stdout:/usr/bin/ceph: stderr
2024-04-25T00:11:52.950+0000 7f090f66b700 1 -- 172.21.15.45:0/242317590 --> [v2:172.21.15.45:3300/0,v1:172.21.15.45:6789/0] -- mon_subscribe({osdmap=0}) -- 0x7f090819f080 con 0x7f0908107c80
2024-04-25T00:11:59.044 INFO:teuthology.orchestra.run.smithi045.stdout:/usr/bin/ceph: stderr
2024-04-25T00:11:52.951+0000 7f08fe7fc700 1 -- 172.21.15.45:0/242317590 <== mon.0 v2:172.21.15.45:3300/0 4 ==== mgrmap(e 5) ==== 46287+0+0 (secure 0 0 0) 0x7f0904022020 con 0x7f0908107c80
2024-04-25T00:11:59.044 INFO:teuthology.orchestra.run.smithi045.stdout:/usr/bin/ceph: stderr
2024-04-25T00:11:52.951+0000 7f08fe7fc700 1 --2- 172.21.15.45:0/242317590 >> [v2:172.21.15.45:6800/200010672,v1:172.21.15.45:6801/200010672] conn(0x7f08f4039050 0x7f08f403b510 unknown :-1 s=NONE pgs=0 cs=0 l=1 rev1=0 crypto rx=0 tx=0 comp rx=0 tx=0).connect
2024-04-25T00:11:59.044 INFO:teuthology.orchestra.run.smithi045.stdout:/usr/bin/ceph: stderr
2024-04-25T00:11:52.951+0000 7f08fe7fc700 1 -- 172.21.15.45:0/242317590 <== mon.0 v2:172.21.15.45:3300/0 5 ==== osd_map(1..1 src has 1..1) ==== 725+0+0 (secure 0 0 0) 0x7f0904011e00 con 0x7f0908107c80
2024-04-25T00:11:59.044 INFO:teuthology.orchestra.run.smithi045.stdout:/usr/bin/ceph: stderr
2024-04-25T00:11:52.951+0000 7f090cc06700 1 -- 172.21.15.45:0/242317590 >> [v2:172.21.15.45:6800/200010672,v1:172.21.15.45:6801/200010672] conn(0x7f08f4039050 msgr2=0x7f08f403b510 unknown :-1 s=STATE_CONNECTING_RE l=1).process reconnect failed to v2:172.21.15.45:6800/200010672
2024-04-25T00:11:59.044 INFO:teuthology.orchestra.run.smithi045.stdout:/usr/bin/ceph: stderr
2024-04-25T00:11:52.951+0000 7f090cc06700 1 --2- 172.21.15.45:0/242317590 >> [v2:172.21.15.45:6800/200010672,v1:172.21.15.45:6801/200010672] conn(0x7f08f4039050 0x7f08f403b510 unknown :-1 s=START_CONNECT pgs=0 cs=0 l=1 rev1=0 crypto rx=0 tx=0 comp rx=0 tx=0)._fault waiting 0.200000
2024-04-25T00:11:59.044 INFO:teuthology.orchestra.run.smithi045.stdout:/usr/bin/ceph: stderr
2024-04-25T00:11:52.951+0000 7f090f66b700 1 -- 172.21.15.45:0/242317590 --> [v2:172.21.15.45:3300/0,v1:172.21.15.45:6789/0] -- mon_command({"prefix": "get_command_descriptions"} v 0) -- 0x7f0908063890 con 0x7f0908107c80
2024-04-25T00:11:59.044 INFO:teuthology.orchestra.run.smithi045.stdout:/usr/bin/ceph: stderr
2024-04-25T00:11:52.957+0000 7f08fe7fc700 1 -- 172.21.15.45:0/242317590 <== mon.0 v2:172.21.15.45:3300/0 6 ==== mon_command_ack([{"prefix": "get_command_descriptions"}]=0 v0) ==== 72+0+186147 (secure 0 0 0) 0x7f09040172b0 con 0x7f0908107c80
2024-04-25T00:11:59.045 INFO:teuthology.orchestra.run.smithi045.stdout:/usr/bin/ceph: stderr
2024-04-25T00:11:53.152+0000 7f090cc06700 1 -- 172.21.15.45:0/242317590 >> [v2:172.21.15.45:6800/200010672,v1:172.21.15.45:6801/200010672] conn(0x7f08f4039050 msgr2=0x7f08f403b510 unknown :-1 s=STATE_CONNECTING_RE l=1).process reconnect failed to v2:172.21.15.45:6800/200010672
2024-04-25T00:11:59.045 INFO:teuthology.orchestra.run.smithi045.stdout:/usr/bin/ceph: stderr
2024-04-25T00:11:53.152+0000 7f090cc06700 1 --2- 172.21.15.45:0/242317590 >> [v2:172.21.15.45:6800/200010672,v1:172.21.15.45:6801/200010672] conn(0x7f08f4039050 0x7f08f403b510 unknown :-1 s=START_CONNECT pgs=0 cs=0 l=1 rev1=0 crypto rx=0 tx=0 comp rx=0 tx=0)._fault waiting 0.400000
2024-04-25T00:11:59.045 INFO:teuthology.orchestra.run.smithi045.stdout:/usr/bin/ceph: stderr
2024-04-25T00:11:53.248+0000 7f090f66b700 1 -- 172.21.15.45:0/242317590 --> [v2:172.21.15.45:3300/0,v1:172.21.15.45:6789/0] -- mon_command({"prefix": "mgr stat"} v 0) -- 0x7f090819f250 con 0x7f0908107c80
2024-04-25T00:11:59.045 INFO:teuthology.orchestra.run.smithi045.stdout:/usr/bin/ceph: stderr
2024-04-25T00:11:53.249+0000 7f08fe7fc700 1 -- 172.21.15.45:0/242317590 <== mon.0 v2:172.21.15.45:3300/0 7 ==== mon_command_ack([{"prefix": "mgr stat"}]=0 v5) ==== 56+0+88 (secure 0 0 0) 0x7f090400ba30 con 0x7f0908107c80
2024-04-25T00:11:59.045 INFO:teuthology.orchestra.run.smithi045.stdout:/usr/bin/ceph: stderr
2024-04-25T00:11:53.251+0000 7f090f66b700 1 -- 172.21.15.45:0/242317590 >> [v2:172.21.15.45:6800/200010672,v1:172.21.15.45:6801/200010672] conn(0x7f08f4039050 msgr2=0x7f08f403b510 unknown :-1 s=STATE_CONNECTING l=1).mark_down
2024-04-25T00:11:59.045 INFO:teuthology.orchestra.run.smithi045.stdout:/usr/bin/ceph: stderr
2024-04-25T00:11:53.251+0000 7f090f66b700 1 --2- 172.21.15.45:0/242317590 >> [v2:172.21.15.45:6800/200010672,v1:172.21.15.45:6801/200010672] conn(0x7f08f4039050 0x7f08f403b510 unknown :-1 s=START_CONNECT pgs=0 cs=0 l=1 rev1=0 crypto rx=0 tx=0 comp rx=0 tx=0).stop
2024-04-25T00:11:59.045 INFO:teuthology.orchestra.run.smithi045.stdout:/usr/bin/ceph: stderr
2024-04-25T00:11:53.251+0000 7f090f66b700 1 -- 172.21.15.45:0/242317590 >> [v2:172.21.15.45:3300/0,v1:172.21.15.45:6789/0] conn(0x7f0908107c80 msgr2=0x7f090819bbc0 secure :-1 s=STATE_CONNECTION_ESTABLISHED l=1).mark_down
2024-04-25T00:11:59.045 INFO:teuthology.orchestra.run.smithi045.stdout:/usr/bin/ceph: stderr
2024-04-25T00:11:53.251+0000 7f090f66b700 1 --2- 172.21.15.45:0/242317590 >> [v2:172.21.15.45:3300/0,v1:172.21.15.45:6789/0] conn(0x7f0908107c80 0x7f090819bbc0 secure :-1 s=READY pgs=25 cs=0 l=1 rev1=1 crypto rx=0x7f0904011b60 tx=0x7f0904011c40 comp rx=0 tx=0).stop
2024-04-25T00:11:59.045 INFO:teuthology.orchestra.run.smithi045.stdout:/usr/bin/ceph: stderr
2024-04-25T00:11:53.251+0000 7f090f66b700 1 -- 172.21.15.45:0/242317590 shutdown_connections
2024-04-25T00:11:59.045 INFO:teuthology.orchestra.run.smithi045.stdout:/usr/bin/ceph: stderr
2024-04-25T00:11:53.251+0000 7f090f66b700 1 --2- 172.21.15.45:0/242317590 >> [v2:172.21.15.45:6800/200010672,v1:172.21.15.45:6801/200010672] conn(0x7f08f4039050 0x7f08f403b510 unknown :-1 s=CLOSED pgs=0 cs=0 l=1 rev1=0 crypto rx=0 tx=0 comp rx=0 tx=0).stop
2024-04-25T00:11:59.045 INFO:teuthology.orchestra.run.smithi045.stdout:/usr/bin/ceph: stderr
2024-04-25T00:11:53.251+0000 7f090f66b700 1 --2- 172.21.15.45:0/242317590 >> [v2:172.21.15.45:3300/0,v1:172.21.15.45:6789/0] conn(0x7f0908107c80 0x7f090819bbc0 unknown :-1 s=CLOSED pgs=25 cs=0 l=1 rev1=1 crypto rx=0 tx=0 comp rx=0 tx=0).stop
2024-04-25T00:11:59.045 INFO:teuthology.orchestra.run.smithi045.stdout:/usr/bin/ceph: stderr
2024-04-25T00:11:53.251+0000 7f090f66b700 1 -- 172.21.15.45:0/242317590 >> 172.21.15.45:0/242317590 conn(0x7f09081032a0 msgr2=0x7f0908103d40 unknown :-1 s=STATE_NONE l=0).mark_down
2024-04-25T00:11:59.045 INFO:teuthology.orchestra.run.smithi045.stdout:/usr/bin/ceph: stderr
2024-04-25T00:11:53.251+0000 7f090f66b700 1 -- 172.21.15.45:0/242317590 shutdown_connections
2024-04-25T00:11:59.045 INFO:teuthology.orchestra.run.smithi045.stdout:/usr/bin/ceph: stderr
2024-04-25T00:11:53.251+0000 7f090f66b700 1 -- 172.21.15.45:0/242317590 wait complete.
2024-04-25T00:11:59.045 INFO:teuthology.orchestra.run.smithi045.stdout:Waiting for the mgr to restart...
2024-04-25T00:11:59.045 INFO:teuthology.orchestra.run.smithi045.stdout:Waiting for mgr epoch 5...
2024-04-25T00:11:59.379 INFO:journalctl@ceph.mon.a.smithi045.stdout:Apr 25 00:11:59 smithi045 ceph-mon[29194]: Found migration_current of "None". Setting to last migration.
2024-04-25T00:11:59.622 INFO:journalctl@ceph.mon.a.smithi045.stdout:Apr 25 00:11:59 smithi045 ceph-mon[29194]: from='mgr.14118 172.21.15.45:0/77254032' entity='mgr.x' cmd=[{"prefix":"config rm","who":"mgr","name":"mgr/rbd_support/x/trash_purge_schedule"}]: dispatch
2024-04-25T00:11:59.623 INFO:journalctl@ceph.mon.a.smithi045.stdout:Apr 25 00:11:59 smithi045 ceph-mon[29194]: from='mgr.14118 172.21.15.45:0/77254032' entity='mgr.x'
2024-04-25T00:11:59.623 INFO:journalctl@ceph.mon.a.smithi045.stdout:Apr 25 00:11:59 smithi045 ceph-mon[29194]: from='mgr.14118 172.21.15.45:0/77254032' entity='mgr.x'
2024-04-25T00:11:59.623 INFO:journalctl@ceph.mon.a.smithi045.stdout:Apr 25 00:11:59 smithi045 ceph-mon[29194]: mgrmap e7: x(active, since 1.00588s)
2024-04-25T00:12:00.252 INFO:journalctl@ceph.mon.a.smithi045.stdout:Apr 25 00:12:00 smithi045 ceph-mon[29194]: [25/Apr/2024:00:11:59] ENGINE Bus STARTING
2024-04-25T00:12:00.252 INFO:journalctl@ceph.mon.a.smithi045.stdout:Apr 25 00:12:00 smithi045 ceph-mon[29194]: [25/Apr/2024:00:11:59] ENGINE Serving on http://172.21.15.45:8765
2024-04-25T00:12:00.252 INFO:journalctl@ceph.mon.a.smithi045.stdout:Apr 25 00:12:00 smithi045 ceph-mon[29194]: [25/Apr/2024:00:11:59] ENGINE Serving on https://172.21.15.45:7150
2024-04-25T00:12:00.252 INFO:journalctl@ceph.mon.a.smithi045.stdout:Apr 25 00:12:00 smithi045 ceph-mon[29194]: [25/Apr/2024:00:11:59] ENGINE Bus STARTED
2024-04-25T00:12:00.252 INFO:journalctl@ceph.mon.a.smithi045.stdout:Apr 25 00:12:00 smithi045 ceph-mon[29194]: from='mgr.14118 172.21.15.45:0/77254032' entity='mgr.x' cmd=[{"prefix": "config dump", "format": "json"}]: dispatch
2024-04-25T00:12:00.253 INFO:journalctl@ceph.mon.a.smithi045.stdout:Apr 25 00:12:00 smithi045 ceph-mon[29194]: from='client.14128 -' entity='client.admin' cmd=[{"prefix": "get_command_descriptions"}]: dispatch
2024-04-25T00:12:00.253 INFO:journalctl@ceph.mon.a.smithi045.stdout:Apr 25 00:12:00 smithi045 ceph-mon[29194]: from='client.14128 -' entity='client.admin' cmd=[{"prefix": "mgr_status"}]: dispatch
2024-04-25T00:12:00.261 INFO:teuthology.orchestra.run.smithi045.stdout:/usr/bin/ceph: stdout {
2024-04-25T00:12:00.262 INFO:teuthology.orchestra.run.smithi045.stdout:/usr/bin/ceph: stdout "mgrmap_epoch": 7,
2024-04-25T00:12:00.262 INFO:teuthology.orchestra.run.smithi045.stdout:/usr/bin/ceph: stdout "initialized": true
2024-04-25T00:12:00.262 INFO:teuthology.orchestra.run.smithi045.stdout:/usr/bin/ceph: stdout }
2024-04-25T00:12:00.262 INFO:teuthology.orchestra.run.smithi045.stdout:/usr/bin/ceph: stderr
2024-04-25T00:11:59.684+0000 7fe68a0a0700 1 Processor -- start
2024-04-25T00:12:00.262 INFO:teuthology.orchestra.run.smithi045.stdout:/usr/bin/ceph: stderr
2024-04-25T00:11:59.684+0000 7fe68a0a0700 1 -- start start
2024-04-25T00:12:00.262 INFO:teuthology.orchestra.run.smithi045.stdout:/usr/bin/ceph: stderr
2024-04-25T00:11:59.684+0000 7fe68a0a0700 1 --2- >> [v2:172.21.15.45:3300/0,v1:172.21.15.45:6789/0] conn(0x7fe684108710 0x7fe68410ab00 unknown :-1 s=NONE pgs=0 cs=0 l=0 rev1=0 crypto rx=0 tx=0 comp rx=0 tx=0).connect
2024-04-25T00:12:00.262 INFO:teuthology.orchestra.run.smithi045.stdout:/usr/bin/ceph: stderr
2024-04-25T00:11:59.684+0000 7fe68a0a0700 1 -- --> [v2:172.21.15.45:3300/0,v1:172.21.15.45:6789/0] -- mon_getmap magic: 0 -- 0x7fe68407beb0 con 0x7fe684108710
2024-04-25T00:12:00.262 INFO:teuthology.orchestra.run.smithi045.stdout:/usr/bin/ceph: stderr
2024-04-25T00:11:59.684+0000 7fe6837fe700 1 --2- >> [v2:172.21.15.45:3300/0,v1:172.21.15.45:6789/0] conn(0x7fe684108710 0x7fe68410ab00 unknown :-1 s=BANNER_CONNECTING pgs=0 cs=0 l=0 rev1=0 crypto rx=0 tx=0 comp rx=0 tx=0)._handle_peer_banner_payload supported=3 required=0
2024-04-25T00:12:00.262 INFO:teuthology.orchestra.run.smithi045.stdout:/usr/bin/ceph: stderr
2024-04-25T00:11:59.684+0000 7fe6837fe700 1 --2- >> [v2:172.21.15.45:3300/0,v1:172.21.15.45:6789/0] conn(0x7fe684108710 0x7fe68410ab00 unknown :-1 s=HELLO_CONNECTING pgs=0 cs=0 l=0 rev1=1 crypto rx=0 tx=0 comp rx=0 tx=0).handle_hello peer v2:172.21.15.45:3300/0 says I am v2:172.21.15.45:33758/0 (socket says 172.21.15.45:33758)
2024-04-25T00:12:00.263 INFO:teuthology.orchestra.run.smithi045.stdout:/usr/bin/ceph: stderr
2024-04-25T00:11:59.684+0000 7fe6837fe700 1 -- 172.21.15.45:0/2533312343 learned_addr learned my addr 172.21.15.45:0/2533312343 (peer_addr_for_me v2:172.21.15.45:0/0)
2024-04-25T00:12:00.263 INFO:teuthology.orchestra.run.smithi045.stdout:/usr/bin/ceph: stderr
2024-04-25T00:11:59.685+0000 7fe6837fe700 1 -- 172.21.15.45:0/2533312343 --> [v2:172.21.15.45:3300/0,v1:172.21.15.45:6789/0] -- mon_subscribe({config=0+,monmap=0+}) -- 0x7fe68410b040 con 0x7fe684108710
2024-04-25T00:12:00.263 INFO:teuthology.orchestra.run.smithi045.stdout:/usr/bin/ceph: stderr
2024-04-25T00:11:59.685+0000 7fe6837fe700 1 --2- 172.21.15.45:0/2533312343 >> [v2:172.21.15.45:3300/0,v1:172.21.15.45:6789/0] conn(0x7fe684108710 0x7fe68410ab00 secure :-1 s=READY pgs=33 cs=0 l=1 rev1=1 crypto rx=0x7fe6740098a0 tx=0x7fe674009bb0 comp rx=0 tx=0).ready entity=mon.0 client_cookie=69a0f742e71076f6 server_cookie=0 in_seq=0 out_seq=0
2024-04-25T00:12:00.263 INFO:teuthology.orchestra.run.smithi045.stdout:/usr/bin/ceph: stderr
2024-04-25T00:11:59.685+0000 7fe6827fc700 1 -- 172.21.15.45:0/2533312343 <== mon.0 v2:172.21.15.45:3300/0 1 ==== mon_map magic: 0 ==== 205+0+0 (secure 0 0 0) 0x7fe674004160 con 0x7fe684108710
2024-04-25T00:12:00.263 INFO:teuthology.orchestra.run.smithi045.stdout:/usr/bin/ceph: stderr
2024-04-25T00:11:59.685+0000 7fe6827fc700 1 -- 172.21.15.45:0/2533312343 <== mon.0 v2:172.21.15.45:3300/0 2 ==== config(27 keys) ==== 1109+0+0 (secure 0 0 0) 0x7fe674004300 con 0x7fe684108710
2024-04-25T00:12:00.263 INFO:teuthology.orchestra.run.smithi045.stdout:/usr/bin/ceph: stderr
2024-04-25T00:11:59.685+0000 7fe6827fc700 1 -- 172.21.15.45:0/2533312343 <== mon.0 v2:172.21.15.45:3300/0 3 ==== mon_map magic: 0 ==== 205+0+0 (secure 0 0 0) 0x7fe674011b50 con 0x7fe684108710
2024-04-25T00:12:00.263 INFO:teuthology.orchestra.run.smithi045.stdout:/usr/bin/ceph: stderr
2024-04-25T00:11:59.686+0000 7fe68a0a0700 1 -- 172.21.15.45:0/2533312343 >> [v2:172.21.15.45:3300/0,v1:172.21.15.45:6789/0] conn(0x7fe684108710 msgr2=0x7fe68410ab00 secure :-1 s=STATE_CONNECTION_ESTABLISHED l=1).mark_down
2024-04-25T00:12:00.263 INFO:teuthology.orchestra.run.smithi045.stdout:/usr/bin/ceph: stderr
2024-04-25T00:11:59.686+0000 7fe68a0a0700 1 --2- 172.21.15.45:0/2533312343 >> [v2:172.21.15.45:3300/0,v1:172.21.15.45:6789/0] conn(0x7fe684108710 0x7fe68410ab00 secure :-1 s=READY pgs=33 cs=0 l=1 rev1=1 crypto rx=0x7fe6740098a0 tx=0x7fe674009bb0 comp rx=0 tx=0).stop
2024-04-25T00:12:00.263 INFO:teuthology.orchestra.run.smithi045.stdout:/usr/bin/ceph: stderr
2024-04-25T00:11:59.686+0000 7fe68a0a0700 1 -- 172.21.15.45:0/2533312343 shutdown_connections
2024-04-25T00:12:00.263 INFO:teuthology.orchestra.run.smithi045.stdout:/usr/bin/ceph: stderr
2024-04-25T00:11:59.686+0000 7fe68a0a0700 1 --2- 172.21.15.45:0/2533312343 >> [v2:172.21.15.45:3300/0,v1:172.21.15.45:6789/0] conn(0x7fe684108710 0x7fe68410ab00 unknown :-1 s=CLOSED pgs=33 cs=0 l=1 rev1=1 crypto rx=0 tx=0 comp rx=0 tx=0).stop
2024-04-25T00:12:00.263 INFO:teuthology.orchestra.run.smithi045.stdout:/usr/bin/ceph: stderr
2024-04-25T00:11:59.686+0000 7fe68a0a0700 1 -- 172.21.15.45:0/2533312343 >> 172.21.15.45:0/2533312343 conn(0x7fe684102180 msgr2=0x7fe6841045a0 unknown :-1 s=STATE_NONE l=0).mark_down
2024-04-25T00:12:00.264 INFO:teuthology.orchestra.run.smithi045.stdout:/usr/bin/ceph: stderr
2024-04-25T00:11:59.686+0000 7fe68a0a0700 1 -- 172.21.15.45:0/2533312343 shutdown_connections
2024-04-25T00:12:00.264 INFO:teuthology.orchestra.run.smithi045.stdout:/usr/bin/ceph: stderr
2024-04-25T00:11:59.686+0000 7fe68a0a0700 1 -- 172.21.15.45:0/2533312343 wait complete.
2024-04-25T00:12:00.264 INFO:teuthology.orchestra.run.smithi045.stdout:/usr/bin/ceph: stderr
2024-04-25T00:11:59.686+0000 7fe68a0a0700 1 Processor -- start
2024-04-25T00:12:00.264 INFO:teuthology.orchestra.run.smithi045.stdout:/usr/bin/ceph: stderr
2024-04-25T00:11:59.687+0000 7fe68a0a0700 1 -- start start
2024-04-25T00:12:00.264 INFO:teuthology.orchestra.run.smithi045.stdout:/usr/bin/ceph: stderr
2024-04-25T00:11:59.687+0000 7fe68a0a0700 1 --2- >> [v2:172.21.15.45:3300/0,v1:172.21.15.45:6789/0] conn(0x7fe684108710 0x7fe68419bc10 unknown :-1 s=NONE pgs=0 cs=0 l=1 rev1=0 crypto rx=0 tx=0 comp rx=0 tx=0).connect
2024-04-25T00:12:00.264 INFO:teuthology.orchestra.run.smithi045.stdout:/usr/bin/ceph: stderr
2024-04-25T00:11:59.687+0000 7fe68a0a0700 1 -- --> [v2:172.21.15.45:3300/0,v1:172.21.15.45:6789/0] -- mon_getmap magic: 0 -- 0x7fe68410c070 con 0x7fe684108710
2024-04-25T00:12:00.264 INFO:teuthology.orchestra.run.smithi045.stdout:/usr/bin/ceph: stderr
2024-04-25T00:11:59.687+0000 7fe6837fe700 1 --2- >> [v2:172.21.15.45:3300/0,v1:172.21.15.45:6789/0] conn(0x7fe684108710 0x7fe68419bc10 unknown :-1 s=BANNER_CONNECTING pgs=0 cs=0 l=1 rev1=0 crypto rx=0 tx=0 comp rx=0 tx=0)._handle_peer_banner_payload supported=3 required=0
2024-04-25T00:12:00.264 INFO:teuthology.orchestra.run.smithi045.stdout:/usr/bin/ceph: stderr
2024-04-25T00:11:59.687+0000 7fe6837fe700 1 --2- >> [v2:172.21.15.45:3300/0,v1:172.21.15.45:6789/0] conn(0x7fe684108710 0x7fe68419bc10 unknown :-1 s=HELLO_CONNECTING pgs=0 cs=0 l=1 rev1=1 crypto rx=0 tx=0 comp rx=0 tx=0).handle_hello peer v2:172.21.15.45:3300/0 says I am v2:172.21.15.45:33766/0 (socket says 172.21.15.45:33766)
2024-04-25T00:12:00.264 INFO:teuthology.orchestra.run.smithi045.stdout:/usr/bin/ceph: stderr
2024-04-25T00:11:59.687+0000 7fe6837fe700 1 -- 172.21.15.45:0/3201363623 learned_addr learned my addr 172.21.15.45:0/3201363623 (peer_addr_for_me v2:172.21.15.45:0/0)
2024-04-25T00:12:00.264 INFO:teuthology.orchestra.run.smithi045.stdout:/usr/bin/ceph: stderr
2024-04-25T00:11:59.687+0000 7fe6837fe700 1 -- 172.21.15.45:0/3201363623 --> [v2:172.21.15.45:3300/0,v1:172.21.15.45:6789/0] -- mon_subscribe({config=0+,monmap=0+}) -- 0x7fe68419c150 con 0x7fe684108710
2024-04-25T00:12:00.264 INFO:teuthology.orchestra.run.smithi045.stdout:/usr/bin/ceph: stderr
2024-04-25T00:11:59.687+0000 7fe6837fe700 1 --2- 172.21.15.45:0/3201363623 >> [v2:172.21.15.45:3300/0,v1:172.21.15.45:6789/0] conn(0x7fe684108710 0x7fe68419bc10 secure :-1 s=READY pgs=34 cs=0 l=1 rev1=1 crypto rx=0x7fe674011670 tx=0x7fe674011b60 comp rx=0 tx=0).ready entity=mon.0 client_cookie=0 server_cookie=0 in_seq=0 out_seq=0
2024-04-25T00:12:00.265 INFO:teuthology.orchestra.run.smithi045.stdout:/usr/bin/ceph: stderr
2024-04-25T00:11:59.687+0000 7fe680ff9700 1 -- 172.21.15.45:0/3201363623 <== mon.0 v2:172.21.15.45:3300/0 1 ==== mon_map magic: 0 ==== 205+0+0 (secure 0 0 0) 0x7fe6740039c0 con 0x7fe684108710
2024-04-25T00:12:00.265 INFO:teuthology.orchestra.run.smithi045.stdout:/usr/bin/ceph: stderr
2024-04-25T00:11:59.687+0000 7fe68a0a0700 1 -- 172.21.15.45:0/3201363623 --> [v2:172.21.15.45:3300/0,v1:172.21.15.45:6789/0] -- mon_subscribe({mgrmap=0+}) -- 0x7fe68419c3e0 con 0x7fe684108710
2024-04-25T00:12:00.265 INFO:teuthology.orchestra.run.smithi045.stdout:/usr/bin/ceph: stderr
2024-04-25T00:11:59.687+0000 7fe680ff9700 1 -- 172.21.15.45:0/3201363623 <== mon.0 v2:172.21.15.45:3300/0 2 ==== config(27 keys) ==== 1109+0+0 (secure 0 0 0) 0x7fe674011e50 con 0x7fe684108710
2024-04-25T00:12:00.265 INFO:teuthology.orchestra.run.smithi045.stdout:/usr/bin/ceph: stderr
2024-04-25T00:11:59.688+0000 7fe680ff9700 1 -- 172.21.15.45:0/3201363623 <== mon.0 v2:172.21.15.45:3300/0 3 ==== mon_map magic: 0 ==== 205+0+0 (secure 0 0 0) 0x7fe67401a5c0 con 0x7fe684108710
2024-04-25T00:12:00.265 INFO:teuthology.orchestra.run.smithi045.stdout:/usr/bin/ceph: stderr
2024-04-25T00:11:59.688+0000 7fe68a0a0700 1 -- 172.21.15.45:0/3201363623 --> [v2:172.21.15.45:3300/0,v1:172.21.15.45:6789/0] -- mon_subscribe({osdmap=0}) -- 0x7fe68419f0d0 con 0x7fe684108710
2024-04-25T00:12:00.265 INFO:teuthology.orchestra.run.smithi045.stdout:/usr/bin/ceph: stderr
2024-04-25T00:11:59.688+0000 7fe680ff9700 1 -- 172.21.15.45:0/3201363623 <== mon.0 v2:172.21.15.45:3300/0 4 ==== mgrmap(e 7) ==== 46181+0+0 (secure 0 0 0) 0x7fe67401a8c0 con 0x7fe684108710
2024-04-25T00:12:00.265 INFO:teuthology.orchestra.run.smithi045.stdout:/usr/bin/ceph: stderr
2024-04-25T00:11:59.689+0000 7fe680ff9700 1 --2- 172.21.15.45:0/3201363623 >> [v2:172.21.15.45:6800/1299966585,v1:172.21.15.45:6801/1299966585] conn(0x7fe66c038ef0 0x7fe66c03b3b0 unknown :-1 s=NONE pgs=0 cs=0 l=1 rev1=0 crypto rx=0 tx=0 comp rx=0 tx=0).connect
2024-04-25T00:12:00.265 INFO:teuthology.orchestra.run.smithi045.stdout:/usr/bin/ceph: stderr
2024-04-25T00:11:59.689+0000 7fe680ff9700 1 -- 172.21.15.45:0/3201363623 --> [v2:172.21.15.45:6800/1299966585,v1:172.21.15.45:6801/1299966585] -- command(tid 0: {"prefix": "get_command_descriptions"}) -- 0x7fe66c03bac0 con 0x7fe66c038ef0
2024-04-25T00:12:00.265 INFO:teuthology.orchestra.run.smithi045.stdout:/usr/bin/ceph: stderr
2024-04-25T00:11:59.689+0000 7fe680ff9700 1 -- 172.21.15.45:0/3201363623 <== mon.0 v2:172.21.15.45:3300/0 5 ==== osd_map(2..2 src has 1..2) ==== 940+0+0 (secure 0 0 0) 0x7fe67404d400 con 0x7fe684108710
2024-04-25T00:12:00.265 INFO:teuthology.orchestra.run.smithi045.stdout:/usr/bin/ceph: stderr
2024-04-25T00:11:59.689+0000 7fe682ffd700 1 --2- 172.21.15.45:0/3201363623 >> [v2:172.21.15.45:6800/1299966585,v1:172.21.15.45:6801/1299966585] conn(0x7fe66c038ef0 0x7fe66c03b3b0 unknown :-1 s=BANNER_CONNECTING pgs=0 cs=0 l=1 rev1=0 crypto rx=0 tx=0 comp rx=0 tx=0)._handle_peer_banner_payload supported=3 required=0
2024-04-25T00:12:00.266 INFO:teuthology.orchestra.run.smithi045.stdout:/usr/bin/ceph: stderr
2024-04-25T00:11:59.689+0000 7fe682ffd700 1 --2- 172.21.15.45:0/3201363623 >> [v2:172.21.15.45:6800/1299966585,v1:172.21.15.45:6801/1299966585] conn(0x7fe66c038ef0 0x7fe66c03b3b0 secure :-1 s=READY pgs=6 cs=0 l=1 rev1=1 crypto rx=0x7fe678006fd0 tx=0x7fe678006e40 comp rx=0 tx=0).ready entity=mgr.14118 client_cookie=0 server_cookie=0 in_seq=0 out_seq=0
2024-04-25T00:12:00.266 INFO:teuthology.orchestra.run.smithi045.stdout:/usr/bin/ceph: stderr
2024-04-25T00:11:59.689+0000 7fe680ff9700 1 -- 172.21.15.45:0/3201363623 <== mgr.14118 v2:172.21.15.45:6800/1299966585 1 ==== command_reply(tid 0: 0 ) ==== 8+0+7774 (secure 0 0 0) 0x7fe66c03bac0 con 0x7fe66c038ef0
2024-04-25T00:12:00.266 INFO:teuthology.orchestra.run.smithi045.stdout:/usr/bin/ceph: stderr
2024-04-25T00:11:59.696+0000 7fe68a0a0700 1 -- 172.21.15.45:0/3201363623 --> [v2:172.21.15.45:6800/1299966585,v1:172.21.15.45:6801/1299966585] -- command(tid 1: {"prefix": "mgr_status"}) -- 0x7fe684063890 con 0x7fe66c038ef0
2024-04-25T00:12:00.266 INFO:teuthology.orchestra.run.smithi045.stdout:/usr/bin/ceph: stderr
2024-04-25T00:11:59.696+0000 7fe680ff9700 1 -- 172.21.15.45:0/3201363623 <== mgr.14118 v2:172.21.15.45:6800/1299966585 2 ==== command_reply(tid 1: 0 ) ==== 8+0+51 (secure 0 0 0) 0x7fe684063890 con 0x7fe66c038ef0
2024-04-25T00:12:00.266 INFO:teuthology.orchestra.run.smithi045.stdout:/usr/bin/ceph: stderr
2024-04-25T00:11:59.696+0000 7fe68a0a0700 1 -- 172.21.15.45:0/3201363623 >> [v2:172.21.15.45:6800/1299966585,v1:172.21.15.45:6801/1299966585] conn(0x7fe66c038ef0 msgr2=0x7fe66c03b3b0 secure :-1 s=STATE_CONNECTION_ESTABLISHED l=1).mark_down
2024-04-25T00:12:00.266 INFO:teuthology.orchestra.run.smithi045.stdout:/usr/bin/ceph: stderr
2024-04-25T00:11:59.696+0000 7fe68a0a0700 1 --2- 172.21.15.45:0/3201363623 >> [v2:172.21.15.45:6800/1299966585,v1:172.21.15.45:6801/1299966585] conn(0x7fe66c038ef0 0x7fe66c03b3b0 secure :-1 s=READY pgs=6 cs=0 l=1 rev1=1 crypto rx=0x7fe678006fd0 tx=0x7fe678006e40 comp rx=0 tx=0).stop
2024-04-25T00:12:00.266 INFO:teuthology.orchestra.run.smithi045.stdout:/usr/bin/ceph: stderr
2024-04-25T00:11:59.696+0000 7fe68a0a0700 1 -- 172.21.15.45:0/3201363623 >> [v2:172.21.15.45:3300/0,v1:172.21.15.45:6789/0] conn(0x7fe684108710 msgr2=0x7fe68419bc10 secure :-1 s=STATE_CONNECTION_ESTABLISHED l=1).mark_down
2024-04-25T00:12:00.266 INFO:teuthology.orchestra.run.smithi045.stdout:/usr/bin/ceph: stderr
2024-04-25T00:11:59.696+0000 7fe68a0a0700 1 --2- 172.21.15.45:0/3201363623 >> [v2:172.21.15.45:3300/0,v1:172.21.15.45:6789/0] conn(0x7fe684108710 0x7fe68419bc10 secure :-1 s=READY pgs=34 cs=0 l=1 rev1=1 crypto rx=0x7fe674011670 tx=0x7fe674011b60 comp rx=0 tx=0).stop
2024-04-25T00:12:00.266 INFO:teuthology.orchestra.run.smithi045.stdout:/usr/bin/ceph: stderr
2024-04-25T00:11:59.696+0000 7fe68a0a0700 1 -- 172.21.15.45:0/3201363623 shutdown_connections
2024-04-25T00:12:00.267 INFO:teuthology.orchestra.run.smithi045.stdout:/usr/bin/ceph: stderr
2024-04-25T00:11:59.696+0000 7fe68a0a0700 1 --2- 172.21.15.45:0/3201363623 >> [v2:172.21.15.45:6800/1299966585,v1:172.21.15.45:6801/1299966585] conn(0x7fe66c038ef0 0x7fe66c03b3b0 unknown :-1 s=CLOSED pgs=6 cs=0 l=1 rev1=1 crypto rx=0 tx=0 comp rx=0 tx=0).stop
2024-04-25T00:12:00.267 INFO:teuthology.orchestra.run.smithi045.stdout:/usr/bin/ceph: stderr
2024-04-25T00:11:59.696+0000 7fe68a0a0700 1 --2- 172.21.15.45:0/3201363623 >> [v2:172.21.15.45:3300/0,v1:172.21.15.45:6789/0] conn(0x7fe684108710 0x7fe68419bc10 unknown :-1 s=CLOSED pgs=34 cs=0 l=1 rev1=1 crypto rx=0 tx=0 comp rx=0 tx=0).stop
2024-04-25T00:12:00.267 INFO:teuthology.orchestra.run.smithi045.stdout:/usr/bin/ceph: stderr
2024-04-25T00:11:59.696+0000 7fe68a0a0700 1 -- 172.21.15.45:0/3201363623 >> 172.21.15.45:0/3201363623 conn(0x7fe684102180 msgr2=0x7fe684102c40 unknown :-1 s=STATE_NONE l=0).mark_down
2024-04-25T00:12:00.267 INFO:teuthology.orchestra.run.smithi045.stdout:/usr/bin/ceph: stderr
2024-04-25T00:11:59.696+0000 7fe68a0a0700 1 -- 172.21.15.45:0/3201363623 shutdown_connections
2024-04-25T00:12:00.267 INFO:teuthology.orchestra.run.smithi045.stdout:/usr/bin/ceph: stderr
2024-04-25T00:11:59.696+0000 7fe68a0a0700 1 -- 172.21.15.45:0/3201363623 wait complete.
2024-04-25T00:12:00.267 INFO:teuthology.orchestra.run.smithi045.stdout:mgr epoch 5 is available
2024-04-25T00:12:00.267 INFO:teuthology.orchestra.run.smithi045.stdout:Setting orchestrator backend to cephadm...
2024-04-25T00:12:01.428 INFO:journalctl@ceph.mon.a.smithi045.stdout:Apr 25 00:12:01 smithi045 ceph-mon[29194]: mgrmap e8: x(active, since 2s)
2024-04-25T00:12:01.428 INFO:journalctl@ceph.mon.a.smithi045.stdout:Apr 25 00:12:01 smithi045 ceph-mon[29194]: from='client.14130 -' entity='client.admin' cmd=[{"prefix": "orch set backend", "module_name": "cephadm", "target": ["mon-mgr", ""]}]: dispatch
2024-04-25T00:12:01.429 INFO:journalctl@ceph.mon.a.smithi045.stdout:Apr 25 00:12:01 smithi045 ceph-mon[29194]: from='mgr.14118 172.21.15.45:0/77254032' entity='mgr.x'
2024-04-25T00:12:01.429 INFO:journalctl@ceph.mon.a.smithi045.stdout:Apr 25 00:12:01 smithi045 ceph-mon[29194]: from='mgr.14118 172.21.15.45:0/77254032' entity='mgr.x' cmd=[{"prefix": "config dump", "format": "json"}]: dispatch
2024-04-25T00:12:01.435 INFO:teuthology.orchestra.run.smithi045.stdout:/usr/bin/ceph: stderr
2024-04-25T00:12:00.627+0000 7f973e44c700 1 Processor -- start
2024-04-25T00:12:01.435 INFO:teuthology.orchestra.run.smithi045.stdout:/usr/bin/ceph: stderr
2024-04-25T00:12:00.627+0000 7f973e44c700 1 -- start start
2024-04-25T00:12:01.435 INFO:teuthology.orchestra.run.smithi045.stdout:/usr/bin/ceph: stderr
2024-04-25T00:12:00.628+0000 7f973e44c700 1 --2- >> [v2:172.21.15.45:3300/0,v1:172.21.15.45:6789/0] conn(0x7f9738107d00 0x7f9738108120 unknown :-1 s=NONE pgs=0 cs=0 l=0 rev1=0 crypto rx=0 tx=0 comp rx=0 tx=0).connect
2024-04-25T00:12:01.435 INFO:teuthology.orchestra.run.smithi045.stdout:/usr/bin/ceph: stderr
2024-04-25T00:12:00.628+0000 7f973e44c700 1 -- --> [v2:172.21.15.45:3300/0,v1:172.21.15.45:6789/0] -- mon_getmap magic: 0 -- 0x7f9738108660 con 0x7f9738107d00
2024-04-25T00:12:01.435 INFO:teuthology.orchestra.run.smithi045.stdout:/usr/bin/ceph: stderr
2024-04-25T00:12:00.628+0000 7f9737fff700 1 --2- >> [v2:172.21.15.45:3300/0,v1:172.21.15.45:6789/0] conn(0x7f9738107d00 0x7f9738108120 unknown :-1 s=BANNER_CONNECTING pgs=0 cs=0 l=0 rev1=0 crypto rx=0 tx=0 comp rx=0 tx=0)._handle_peer_banner_payload supported=3 required=0
2024-04-25T00:12:01.435 INFO:teuthology.orchestra.run.smithi045.stdout:/usr/bin/ceph: stderr
2024-04-25T00:12:00.628+0000 7f9737fff700 1 --2- >> [v2:172.21.15.45:3300/0,v1:172.21.15.45:6789/0] conn(0x7f9738107d00 0x7f9738108120 unknown :-1 s=HELLO_CONNECTING pgs=0 cs=0 l=0 rev1=1 crypto rx=0 tx=0 comp rx=0 tx=0).handle_hello peer v2:172.21.15.45:3300/0 says I am v2:172.21.15.45:33770/0 (socket says 172.21.15.45:33770)
2024-04-25T00:12:01.435 INFO:teuthology.orchestra.run.smithi045.stdout:/usr/bin/ceph: stderr
2024-04-25T00:12:00.628+0000 7f9737fff700 1 -- 172.21.15.45:0/2762690681 learned_addr learned my addr 172.21.15.45:0/2762690681 (peer_addr_for_me v2:172.21.15.45:0/0)
2024-04-25T00:12:01.435 INFO:teuthology.orchestra.run.smithi045.stdout:/usr/bin/ceph: stderr
2024-04-25T00:12:00.628+0000 7f9737fff700 1 -- 172.21.15.45:0/2762690681 --> [v2:172.21.15.45:3300/0,v1:172.21.15.45:6789/0] -- mon_subscribe({config=0+,monmap=0+}) -- 0x7f97381087e0 con 0x7f9738107d00
2024-04-25T00:12:01.435 INFO:teuthology.orchestra.run.smithi045.stdout:/usr/bin/ceph: stderr
2024-04-25T00:12:00.628+0000 7f9737fff700 1 --2- 172.21.15.45:0/2762690681 >> [v2:172.21.15.45:3300/0,v1:172.21.15.45:6789/0] conn(0x7f9738107d00 0x7f9738108120 secure :-1 s=READY pgs=35 cs=0 l=1 rev1=1 crypto rx=0x7f97200098a0 tx=0x7f9720009bb0 comp rx=0 tx=0).ready entity=mon.0 client_cookie=80eeac2c671a9883 server_cookie=0 in_seq=0 out_seq=0
2024-04-25T00:12:01.436 INFO:teuthology.orchestra.run.smithi045.stdout:/usr/bin/ceph: stderr
2024-04-25T00:12:00.628+0000 7f9736ffd700 1 -- 172.21.15.45:0/2762690681 <== mon.0 v2:172.21.15.45:3300/0 1 ==== mon_map magic: 0 ==== 205+0+0 (secure 0 0 0) 0x7f9720004160 con 0x7f9738107d00
2024-04-25T00:12:01.436 INFO:teuthology.orchestra.run.smithi045.stdout:/usr/bin/ceph: stderr
2024-04-25T00:12:00.629+0000 7f9736ffd700 1 -- 172.21.15.45:0/2762690681 <== mon.0 v2:172.21.15.45:3300/0 2 ==== config(27 keys) ==== 1109+0+0 (secure 0 0 0) 0x7f9720004300 con 0x7f9738107d00
2024-04-25T00:12:01.436 INFO:teuthology.orchestra.run.smithi045.stdout:/usr/bin/ceph: stderr
2024-04-25T00:12:00.629+0000 7f9736ffd700 1 -- 172.21.15.45:0/2762690681 <== mon.0 v2:172.21.15.45:3300/0 3 ==== mon_map magic: 0 ==== 205+0+0 (secure 0 0 0) 0x7f9720011b50 con 0x7f9738107d00
2024-04-25T00:12:01.436 INFO:teuthology.orchestra.run.smithi045.stdout:/usr/bin/ceph: stderr
2024-04-25T00:12:00.629+0000 7f973e44c700 1 -- 172.21.15.45:0/2762690681 >> [v2:172.21.15.45:3300/0,v1:172.21.15.45:6789/0] conn(0x7f9738107d00 msgr2=0x7f9738108120 secure :-1 s=STATE_CONNECTION_ESTABLISHED l=1).mark_down
2024-04-25T00:12:01.436 INFO:teuthology.orchestra.run.smithi045.stdout:/usr/bin/ceph: stderr
2024-04-25T00:12:00.629+0000 7f973e44c700 1 --2- 172.21.15.45:0/2762690681 >> [v2:172.21.15.45:3300/0,v1:172.21.15.45:6789/0] conn(0x7f9738107d00 0x7f9738108120 secure :-1 s=READY pgs=35 cs=0 l=1 rev1=1 crypto rx=0x7f97200098a0 tx=0x7f9720009bb0 comp rx=0 tx=0).stop
2024-04-25T00:12:01.436 INFO:teuthology.orchestra.run.smithi045.stdout:/usr/bin/ceph: stderr
2024-04-25T00:12:00.629+0000 7f973e44c700 1 -- 172.21.15.45:0/2762690681 shutdown_connections
2024-04-25T00:12:01.436 INFO:teuthology.orchestra.run.smithi045.stdout:/usr/bin/ceph: stderr
2024-04-25T00:12:00.629+0000 7f973e44c700 1 --2- 172.21.15.45:0/2762690681 >> [v2:172.21.15.45:3300/0,v1:172.21.15.45:6789/0] conn(0x7f9738107d00 0x7f9738108120 unknown :-1 s=CLOSED pgs=35 cs=0 l=1 rev1=1 crypto rx=0 tx=0 comp rx=0 tx=0).stop
2024-04-25T00:12:01.436 INFO:teuthology.orchestra.run.smithi045.stdout:/usr/bin/ceph: stderr
2024-04-25T00:12:00.629+0000 7f973e44c700 1 -- 172.21.15.45:0/2762690681 >> 172.21.15.45:0/2762690681 conn(0x7f97381033a0 msgr2=0x7f97381057c0 unknown :-1 s=STATE_NONE l=0).mark_down
2024-04-25T00:12:01.436 INFO:teuthology.orchestra.run.smithi045.stdout:/usr/bin/ceph: stderr
2024-04-25T00:12:00.629+0000 7f973e44c700 1 -- 172.21.15.45:0/2762690681 shutdown_connections
2024-04-25T00:12:01.436 INFO:teuthology.orchestra.run.smithi045.stdout:/usr/bin/ceph: stderr
2024-04-25T00:12:00.629+0000 7f973e44c700 1 -- 172.21.15.45:0/2762690681 wait complete.
2024-04-25T00:12:01.436 INFO:teuthology.orchestra.run.smithi045.stdout:/usr/bin/ceph: stderr
2024-04-25T00:12:00.630+0000 7f973e44c700 1 Processor -- start
2024-04-25T00:12:01.436 INFO:teuthology.orchestra.run.smithi045.stdout:/usr/bin/ceph: stderr
2024-04-25T00:12:00.630+0000 7f973e44c700 1 -- start start
2024-04-25T00:12:01.436 INFO:teuthology.orchestra.run.smithi045.stdout:/usr/bin/ceph: stderr
2024-04-25T00:12:00.630+0000 7f973e44c700 1 --2- >> [v2:172.21.15.45:3300/0,v1:172.21.15.45:6789/0] conn(0x7f9738107d00 0x7f973807db70 unknown :-1 s=NONE pgs=0 cs=0 l=1 rev1=0 crypto rx=0 tx=0 comp rx=0 tx=0).connect
2024-04-25T00:12:01.437 INFO:teuthology.orchestra.run.smithi045.stdout:/usr/bin/ceph: stderr
2024-04-25T00:12:00.630+0000 7f973e44c700 1 -- --> [v2:172.21.15.45:3300/0,v1:172.21.15.45:6789/0] -- mon_getmap magic: 0 -- 0x7f973810c120 con 0x7f9738107d00
2024-04-25T00:12:01.437 INFO:teuthology.orchestra.run.smithi045.stdout:/usr/bin/ceph: stderr
2024-04-25T00:12:00.630+0000 7f9737fff700 1 --2- >> [v2:172.21.15.45:3300/0,v1:172.21.15.45:6789/0] conn(0x7f9738107d00 0x7f973807db70 unknown :-1 s=BANNER_CONNECTING pgs=0 cs=0 l=1 rev1=0 crypto rx=0 tx=0 comp rx=0 tx=0)._handle_peer_banner_payload supported=3 required=0
2024-04-25T00:12:01.437 INFO:teuthology.orchestra.run.smithi045.stdout:/usr/bin/ceph: stderr
2024-04-25T00:12:00.630+0000 7f9737fff700 1 --2- >> [v2:172.21.15.45:3300/0,v1:172.21.15.45:6789/0] conn(0x7f9738107d00 0x7f973807db70 unknown :-1 s=HELLO_CONNECTING pgs=0 cs=0 l=1 rev1=1 crypto rx=0 tx=0 comp rx=0 tx=0).handle_hello peer v2:172.21.15.45:3300/0 says I am v2:172.21.15.45:33786/0 (socket says 172.21.15.45:33786)
2024-04-25T00:12:01.437 INFO:teuthology.orchestra.run.smithi045.stdout:/usr/bin/ceph: stderr
2024-04-25T00:12:00.630+0000 7f9737fff700 1 -- 172.21.15.45:0/1735469434 learned_addr learned my addr 172.21.15.45:0/1735469434 (peer_addr_for_me v2:172.21.15.45:0/0)
2024-04-25T00:12:01.437 INFO:teuthology.orchestra.run.smithi045.stdout:/usr/bin/ceph: stderr
2024-04-25T00:12:00.631+0000 7f9737fff700 1 -- 172.21.15.45:0/1735469434 --> [v2:172.21.15.45:3300/0,v1:172.21.15.45:6789/0] -- mon_subscribe({config=0+,monmap=0+}) -- 0x7f973807e0b0 con 0x7f9738107d00
2024-04-25T00:12:01.437 INFO:teuthology.orchestra.run.smithi045.stdout:/usr/bin/ceph: stderr
2024-04-25T00:12:00.631+0000 7f9737fff700 1 --2- 172.21.15.45:0/1735469434 >> [v2:172.21.15.45:3300/0,v1:172.21.15.45:6789/0] conn(0x7f9738107d00 0x7f973807db70 secure :-1 s=READY pgs=36 cs=0 l=1 rev1=1 crypto rx=0x7f9720011670 tx=0x7f9720011b60 comp rx=0 tx=0).ready entity=mon.0 client_cookie=0 server_cookie=0 in_seq=0 out_seq=0
2024-04-25T00:12:01.437 INFO:teuthology.orchestra.run.smithi045.stdout:/usr/bin/ceph: stderr
2024-04-25T00:12:00.631+0000 7f97357fa700 1 -- 172.21.15.45:0/1735469434 <== mon.0 v2:172.21.15.45:3300/0 1 ==== mon_map magic: 0 ==== 205+0+0 (secure 0 0 0) 0x7f97200039c0 con 0x7f9738107d00
2024-04-25T00:12:01.437 INFO:teuthology.orchestra.run.smithi045.stdout:/usr/bin/ceph: stderr
2024-04-25T00:12:00.631+0000 7f97357fa700 1 -- 172.21.15.45:0/1735469434 <== mon.0 v2:172.21.15.45:3300/0 2 ==== config(27 keys) ==== 1109+0+0 (secure 0 0 0) 0x7f9720011e50 con 0x7f9738107d00
2024-04-25T00:12:01.437 INFO:teuthology.orchestra.run.smithi045.stdout:/usr/bin/ceph: stderr
2024-04-25T00:12:00.631+0000 7f973e44c700 1 -- 172.21.15.45:0/1735469434 --> [v2:172.21.15.45:3300/0,v1:172.21.15.45:6789/0] -- mon_subscribe({mgrmap=0+}) -- 0x7f973807c2a0 con 0x7f9738107d00
2024-04-25T00:12:01.437 INFO:teuthology.orchestra.run.smithi045.stdout:/usr/bin/ceph: stderr
2024-04-25T00:12:00.631+0000 7f97357fa700 1 -- 172.21.15.45:0/1735469434 <== mon.0 v2:172.21.15.45:3300/0 3 ==== mon_map magic: 0 ==== 205+0+0 (secure 0 0 0) 0x7f972001a5c0 con 0x7f9738107d00
2024-04-25T00:12:01.437 INFO:teuthology.orchestra.run.smithi045.stdout:/usr/bin/ceph: stderr
2024-04-25T00:12:00.631+0000 7f973e44c700 1 -- 172.21.15.45:0/1735469434 --> [v2:172.21.15.45:3300/0,v1:172.21.15.45:6789/0] -- mon_subscribe({osdmap=0}) -- 0x7f973807c7e0 con 0x7f9738107d00
2024-04-25T00:12:01.437 INFO:teuthology.orchestra.run.smithi045.stdout:/usr/bin/ceph: stderr
2024-04-25T00:12:00.632+0000 7f97357fa700 1 -- 172.21.15.45:0/1735469434 <== mon.0 v2:172.21.15.45:3300/0 4 ==== mgrmap(e 8) ==== 46287+0+0 (secure 0 0 0) 0x7f972001a870 con 0x7f9738107d00
2024-04-25T00:12:01.437 INFO:teuthology.orchestra.run.smithi045.stdout:/usr/bin/ceph: stderr
2024-04-25T00:12:00.632+0000 7f97357fa700 1 --2- 172.21.15.45:0/1735469434 >> [v2:172.21.15.45:6800/1299966585,v1:172.21.15.45:6801/1299966585] conn(0x7f9724039050 0x7f972403b510 unknown :-1 s=NONE pgs=0 cs=0 l=1 rev1=0 crypto rx=0 tx=0 comp rx=0 tx=0).connect
2024-04-25T00:12:01.437 INFO:teuthology.orchestra.run.smithi045.stdout:/usr/bin/ceph: stderr
2024-04-25T00:12:00.632+0000 7f97357fa700 1 -- 172.21.15.45:0/1735469434 <== mon.0 v2:172.21.15.45:3300/0 5 ==== osd_map(2..2 src has 1..2) ==== 940+0+0 (secure 0 0 0) 0x7f972004d450 con 0x7f9738107d00
2024-04-25T00:12:01.438 INFO:teuthology.orchestra.run.smithi045.stdout:/usr/bin/ceph: stderr
2024-04-25T00:12:00.632+0000 7f97377fe700 1 --2- 172.21.15.45:0/1735469434 >> [v2:172.21.15.45:6800/1299966585,v1:172.21.15.45:6801/1299966585] conn(0x7f9724039050 0x7f972403b510 unknown :-1 s=BANNER_CONNECTING pgs=0 cs=0 l=1 rev1=0 crypto rx=0 tx=0 comp rx=0 tx=0)._handle_peer_banner_payload supported=3 required=0
2024-04-25T00:12:01.438 INFO:teuthology.orchestra.run.smithi045.stdout:/usr/bin/ceph: stderr
2024-04-25T00:12:00.632+0000 7f973e44c700 1 -- 172.21.15.45:0/1735469434 --> [v2:172.21.15.45:3300/0,v1:172.21.15.45:6789/0] -- mon_command({"prefix": "get_command_descriptions"} v 0) -- 0x7f9738063890 con 0x7f9738107d00
2024-04-25T00:12:01.438 INFO:teuthology.orchestra.run.smithi045.stdout:/usr/bin/ceph: stderr
2024-04-25T00:12:00.633+0000 7f97377fe700 1 --2- 172.21.15.45:0/1735469434 >> [v2:172.21.15.45:6800/1299966585,v1:172.21.15.45:6801/1299966585] conn(0x7f9724039050 0x7f972403b510 secure :-1 s=READY pgs=7 cs=0 l=1 rev1=1 crypto rx=0x7f9728006fd0 tx=0x7f9728006e40 comp rx=0 tx=0).ready entity=mgr.14118 client_cookie=0 server_cookie=0 in_seq=0 out_seq=0
2024-04-25T00:12:01.438 INFO:teuthology.orchestra.run.smithi045.stdout:/usr/bin/ceph: stderr
2024-04-25T00:12:00.637+0000 7f97357fa700 1 -- 172.21.15.45:0/1735469434 <== mon.0 v2:172.21.15.45:3300/0 6 ==== mon_command_ack([{"prefix": "get_command_descriptions"}]=0 v0) ==== 72+0+186147 (secure 0 0 0) 0x7f972002cc00 con 0x7f9738107d00
2024-04-25T00:12:01.438 INFO:teuthology.orchestra.run.smithi045.stdout:/usr/bin/ceph: stderr
2024-04-25T00:12:00.860+0000 7f973e44c700 1 -- 172.21.15.45:0/1735469434 --> [v2:172.21.15.45:6800/1299966585,v1:172.21.15.45:6801/1299966585] -- mgr_command(tid 0: {"prefix": "orch set backend", "module_name": "cephadm", "target": ["mon-mgr", ""]}) -- 0x7f973807d110 con 0x7f9724039050
2024-04-25T00:12:01.438 INFO:teuthology.orchestra.run.smithi045.stdout:/usr/bin/ceph: stderr
2024-04-25T00:12:00.865+0000 7f97357fa700 1 -- 172.21.15.45:0/1735469434 <== mgr.14118 v2:172.21.15.45:6800/1299966585 1 ==== mgr_command_reply(tid 0: 0 ) ==== 8+0+0 (secure 0 0 0) 0x7f973807d110 con 0x7f9724039050
2024-04-25T00:12:01.438 INFO:teuthology.orchestra.run.smithi045.stdout:/usr/bin/ceph: stderr
2024-04-25T00:12:00.867+0000 7f973e44c700 1 -- 172.21.15.45:0/1735469434 >> [v2:172.21.15.45:6800/1299966585,v1:172.21.15.45:6801/1299966585] conn(0x7f9724039050 msgr2=0x7f972403b510 secure :-1 s=STATE_CONNECTION_ESTABLISHED l=1).mark_down
2024-04-25T00:12:01.438 INFO:teuthology.orchestra.run.smithi045.stdout:/usr/bin/ceph: stderr
2024-04-25T00:12:00.867+0000 7f973e44c700 1 --2- 172.21.15.45:0/1735469434 >> [v2:172.21.15.45:6800/1299966585,v1:172.21.15.45:6801/1299966585] conn(0x7f9724039050 0x7f972403b510 secure :-1 s=READY pgs=7 cs=0 l=1 rev1=1 crypto rx=0x7f9728006fd0 tx=0x7f9728006e40 comp rx=0 tx=0).stop
2024-04-25T00:12:01.438 INFO:teuthology.orchestra.run.smithi045.stdout:/usr/bin/ceph: stderr
