2024-04-25T00:12:18.038+0000 7fa2e39af700 1 -- 172.21.15.45:0/1318994117 >> [v2:172.21.15.45:3300/0,v1:172.21.15.45:6789/0] conn(0x7fa2dc106b60 msgr2=0x7fa2dc19bc30 secure :-1 s=STATE_CONNECTION_ESTABLISHED l=1).mark_down
2024-04-25T00:12:18.557 INFO:teuthology.orchestra.run.smithi045.stdout:/usr/bin/ceph: stderr
2024-04-25T00:12:18.038+0000 7fa2e39af700 1 --2- 172.21.15.45:0/1318994117 >> [v2:172.21.15.45:3300/0,v1:172.21.15.45:6789/0] conn(0x7fa2dc106b60 0x7fa2dc19bc30 secure :-1 s=READY pgs=54 cs=0 l=1 rev1=1 crypto rx=0x7fa2d80117e0 tx=0x7fa2d8011c10 comp rx=0 tx=0).stop
2024-04-25T00:12:18.557 INFO:teuthology.orchestra.run.smithi045.stdout:/usr/bin/ceph: stderr
2024-04-25T00:12:18.038+0000 7fa2e39af700 1 -- 172.21.15.45:0/1318994117 shutdown_connections
2024-04-25T00:12:18.557 INFO:teuthology.orchestra.run.smithi045.stdout:/usr/bin/ceph: stderr
2024-04-25T00:12:18.038+0000 7fa2e39af700 1 --2- 172.21.15.45:0/1318994117 >> [v2:172.21.15.45:6800/1299966585,v1:172.21.15.45:6801/1299966585] conn(0x7fa2c803d410 0x7fa2c803f8d0 unknown :-1 s=CLOSED pgs=16 cs=0 l=1 rev1=1 crypto rx=0 tx=0 comp rx=0 tx=0).stop
2024-04-25T00:12:18.557 INFO:teuthology.orchestra.run.smithi045.stdout:/usr/bin/ceph: stderr
2024-04-25T00:12:18.038+0000 7fa2e39af700 1 --2- 172.21.15.45:0/1318994117 >> [v2:172.21.15.45:3300/0,v1:172.21.15.45:6789/0] conn(0x7fa2dc106b60 0x7fa2dc19bc30 unknown :-1 s=CLOSED pgs=54 cs=0 l=1 rev1=1 crypto rx=0 tx=0 comp rx=0 tx=0).stop
2024-04-25T00:12:18.558 INFO:teuthology.orchestra.run.smithi045.stdout:/usr/bin/ceph: stderr
2024-04-25T00:12:18.038+0000 7fa2e39af700 1 -- 172.21.15.45:0/1318994117 >> 172.21.15.45:0/1318994117 conn(0x7fa2dc102120 msgr2=0x7fa2dc102fb0 unknown :-1 s=STATE_NONE l=0).mark_down
2024-04-25T00:12:18.558 INFO:teuthology.orchestra.run.smithi045.stdout:/usr/bin/ceph: stderr
2024-04-25T00:12:18.038+0000 7fa2e39af700 1 -- 172.21.15.45:0/1318994117 shutdown_connections
2024-04-25T00:12:18.558 INFO:teuthology.orchestra.run.smithi045.stdout:/usr/bin/ceph: stderr
2024-04-25T00:12:18.038+0000 7fa2e39af700 1 -- 172.21.15.45:0/1318994117 wait complete.
2024-04-25T00:12:19.149 INFO:journalctl@ceph.mon.a.smithi045.stdout:Apr 25 00:12:19 smithi045 ceph-mon[29194]: from='client.? 172.21.15.45:0/1318994117' entity='client.admin' cmd='[{"prefix": "mgr module enable", "module": "dashboard"}]': finished
2024-04-25T00:12:19.149 INFO:journalctl@ceph.mon.a.smithi045.stdout:Apr 25 00:12:19 smithi045 ceph-mon[29194]: mgrmap e9: x(active, since 19s)
2024-04-25T00:12:19.149 INFO:journalctl@ceph.mgr.x.smithi045.stdout:Apr 25 00:12:18 smithi045 ceph-24bb2e7a-0298-11ef-bc93-c7b262605968-mgr-x[29425]:
2024-04-25T00:12:18.842+0000 7eff1d091200 -1 mgr[py] Module progress has missing NOTIFY_TYPES member
2024-04-25T00:12:19.149 INFO:journalctl@ceph.mgr.x.smithi045.stdout:Apr 25 00:12:18 smithi045 ceph-24bb2e7a-0298-11ef-bc93-c7b262605968-mgr-x[29425]:
2024-04-25T00:12:18.932+0000 7eff1d091200 -1 mgr[py] Module influx has missing NOTIFY_TYPES member
2024-04-25T00:12:19.791 INFO:teuthology.orchestra.run.smithi045.stdout:/usr/bin/ceph: stdout {
2024-04-25T00:12:19.792 INFO:teuthology.orchestra.run.smithi045.stdout:/usr/bin/ceph: stdout "epoch": 9,
2024-04-25T00:12:19.792 INFO:teuthology.orchestra.run.smithi045.stdout:/usr/bin/ceph: stdout "available": true,
2024-04-25T00:12:19.792 INFO:teuthology.orchestra.run.smithi045.stdout:/usr/bin/ceph: stdout "active_name": "x",
2024-04-25T00:12:19.792 INFO:teuthology.orchestra.run.smithi045.stdout:/usr/bin/ceph: stdout "num_standby": 0
2024-04-25T00:12:19.792 INFO:teuthology.orchestra.run.smithi045.stdout:/usr/bin/ceph: stdout }
2024-04-25T00:12:19.792 INFO:teuthology.orchestra.run.smithi045.stdout:/usr/bin/ceph: stderr
2024-04-25T00:12:18.968+0000 7fec5f434700 1 Processor -- start
2024-04-25T00:12:19.793 INFO:teuthology.orchestra.run.smithi045.stdout:/usr/bin/ceph: stderr
2024-04-25T00:12:18.969+0000 7fec5f434700 1 -- start start
2024-04-25T00:12:19.793 INFO:teuthology.orchestra.run.smithi045.stdout:/usr/bin/ceph: stderr
2024-04-25T00:12:18.969+0000 7fec5f434700 1 --2- >> [v2:172.21.15.45:3300/0,v1:172.21.15.45:6789/0] conn(0x7fec58108710 0x7fec5810ab00 unknown :-1 s=NONE pgs=0 cs=0 l=0 rev1=0 crypto rx=0 tx=0 comp rx=0 tx=0).connect
2024-04-25T00:12:19.793 INFO:teuthology.orchestra.run.smithi045.stdout:/usr/bin/ceph: stderr
2024-04-25T00:12:18.969+0000 7fec5f434700 1 -- --> [v2:172.21.15.45:3300/0,v1:172.21.15.45:6789/0] -- mon_getmap magic: 0 -- 0x7fec5807be30 con 0x7fec58108710
2024-04-25T00:12:19.793 INFO:teuthology.orchestra.run.smithi045.stdout:/usr/bin/ceph: stderr
2024-04-25T00:12:18.969+0000 7fec5d1d0700 1 --2- >> [v2:172.21.15.45:3300/0,v1:172.21.15.45:6789/0] conn(0x7fec58108710 0x7fec5810ab00 unknown :-1 s=BANNER_CONNECTING pgs=0 cs=0 l=0 rev1=0 crypto rx=0 tx=0 comp rx=0 tx=0)._handle_peer_banner_payload supported=3 required=0
2024-04-25T00:12:19.793 INFO:teuthology.orchestra.run.smithi045.stdout:/usr/bin/ceph: stderr
2024-04-25T00:12:18.969+0000 7fec5d1d0700 1 --2- >> [v2:172.21.15.45:3300/0,v1:172.21.15.45:6789/0] conn(0x7fec58108710 0x7fec5810ab00 unknown :-1 s=HELLO_CONNECTING pgs=0 cs=0 l=0 rev1=1 crypto rx=0 tx=0 comp rx=0 tx=0).handle_hello peer v2:172.21.15.45:3300/0 says I am v2:172.21.15.45:35274/0 (socket says 172.21.15.45:35274)
2024-04-25T00:12:19.793 INFO:teuthology.orchestra.run.smithi045.stdout:/usr/bin/ceph: stderr
2024-04-25T00:12:18.969+0000 7fec5d1d0700 1 -- 172.21.15.45:0/1401897890 learned_addr learned my addr 172.21.15.45:0/1401897890 (peer_addr_for_me v2:172.21.15.45:0/0)
2024-04-25T00:12:19.793 INFO:teuthology.orchestra.run.smithi045.stdout:/usr/bin/ceph: stderr
2024-04-25T00:12:18.969+0000 7fec5d1d0700 1 -- 172.21.15.45:0/1401897890 --> [v2:172.21.15.45:3300/0,v1:172.21.15.45:6789/0] -- mon_subscribe({config=0+,monmap=0+}) -- 0x7fec5810b040 con 0x7fec58108710
2024-04-25T00:12:19.794 INFO:teuthology.orchestra.run.smithi045.stdout:/usr/bin/ceph: stderr
2024-04-25T00:12:18.970+0000 7fec5d1d0700 1 --2- 172.21.15.45:0/1401897890 >> [v2:172.21.15.45:3300/0,v1:172.21.15.45:6789/0] conn(0x7fec58108710 0x7fec5810ab00 secure :-1 s=READY pgs=57 cs=0 l=1 rev1=1 crypto rx=0x7fec540098a0 tx=0x7fec54009bb0 comp rx=0 tx=0).ready entity=mon.0 client_cookie=ad738e3a453189df server_cookie=0 in_seq=0 out_seq=0
2024-04-25T00:12:19.794 INFO:teuthology.orchestra.run.smithi045.stdout:/usr/bin/ceph: stderr
2024-04-25T00:12:18.970+0000 7fec4ffff700 1 -- 172.21.15.45:0/1401897890 <== mon.0 v2:172.21.15.45:3300/0 1 ==== mon_map magic: 0 ==== 205+0+0 (secure 0 0 0) 0x7fec54004160 con 0x7fec58108710
2024-04-25T00:12:19.794 INFO:teuthology.orchestra.run.smithi045.stdout:/usr/bin/ceph: stderr
2024-04-25T00:12:18.970+0000 7fec4ffff700 1 -- 172.21.15.45:0/1401897890 <== mon.0 v2:172.21.15.45:3300/0 2 ==== config(27 keys) ==== 1140+0+0 (secure 0 0 0) 0x7fec54004300 con 0x7fec58108710
2024-04-25T00:12:19.794 INFO:teuthology.orchestra.run.smithi045.stdout:/usr/bin/ceph: stderr
2024-04-25T00:12:18.970+0000 7fec4ffff700 1 -- 172.21.15.45:0/1401897890 <== mon.0 v2:172.21.15.45:3300/0 3 ==== mon_map magic: 0 ==== 205+0+0 (secure 0 0 0) 0x7fec54011b20 con 0x7fec58108710
2024-04-25T00:12:19.794 INFO:teuthology.orchestra.run.smithi045.stdout:/usr/bin/ceph: stderr
2024-04-25T00:12:18.970+0000 7fec5f434700 1 -- 172.21.15.45:0/1401897890 >> [v2:172.21.15.45:3300/0,v1:172.21.15.45:6789/0] conn(0x7fec58108710 msgr2=0x7fec5810ab00 secure :-1 s=STATE_CONNECTION_ESTABLISHED l=1).mark_down
2024-04-25T00:12:19.795 INFO:teuthology.orchestra.run.smithi045.stdout:/usr/bin/ceph: stderr
2024-04-25T00:12:18.970+0000 7fec5f434700 1 --2- 172.21.15.45:0/1401897890 >> [v2:172.21.15.45:3300/0,v1:172.21.15.45:6789/0] conn(0x7fec58108710 0x7fec5810ab00 secure :-1 s=READY pgs=57 cs=0 l=1 rev1=1 crypto rx=0x7fec540098a0 tx=0x7fec54009bb0 comp rx=0 tx=0).stop
2024-04-25T00:12:19.795 INFO:teuthology.orchestra.run.smithi045.stdout:/usr/bin/ceph: stderr
2024-04-25T00:12:18.970+0000 7fec5f434700 1 -- 172.21.15.45:0/1401897890 shutdown_connections
2024-04-25T00:12:19.795 INFO:teuthology.orchestra.run.smithi045.stdout:/usr/bin/ceph: stderr
2024-04-25T00:12:18.970+0000 7fec5f434700 1 --2- 172.21.15.45:0/1401897890 >> [v2:172.21.15.45:3300/0,v1:172.21.15.45:6789/0] conn(0x7fec58108710 0x7fec5810ab00 unknown :-1 s=CLOSED pgs=57 cs=0 l=1 rev1=1 crypto rx=0 tx=0 comp rx=0 tx=0).stop
2024-04-25T00:12:19.795 INFO:teuthology.orchestra.run.smithi045.stdout:/usr/bin/ceph: stderr
2024-04-25T00:12:18.970+0000 7fec5f434700 1 -- 172.21.15.45:0/1401897890 >> 172.21.15.45:0/1401897890 conn(0x7fec58102100 msgr2=0x7fec58104520 unknown :-1 s=STATE_NONE l=0).mark_down
2024-04-25T00:12:19.795 INFO:teuthology.orchestra.run.smithi045.stdout:/usr/bin/ceph: stderr
2024-04-25T00:12:18.971+0000 7fec5f434700 1 -- 172.21.15.45:0/1401897890 shutdown_connections
2024-04-25T00:12:19.795 INFO:teuthology.orchestra.run.smithi045.stdout:/usr/bin/ceph: stderr
2024-04-25T00:12:18.971+0000 7fec5f434700 1 -- 172.21.15.45:0/1401897890 wait complete.
2024-04-25T00:12:19.796 INFO:teuthology.orchestra.run.smithi045.stdout:/usr/bin/ceph: stderr
2024-04-25T00:12:18.971+0000 7fec5f434700 1 Processor -- start
2024-04-25T00:12:19.796 INFO:teuthology.orchestra.run.smithi045.stdout:/usr/bin/ceph: stderr
2024-04-25T00:12:18.971+0000 7fec5f434700 1 -- start start
2024-04-25T00:12:19.796 INFO:teuthology.orchestra.run.smithi045.stdout:/usr/bin/ceph: stderr
2024-04-25T00:12:18.971+0000 7fec5f434700 1 --2- >> [v2:172.21.15.45:3300/0,v1:172.21.15.45:6789/0] conn(0x7fec58108710 0x7fec5819bb60 unknown :-1 s=NONE pgs=0 cs=0 l=1 rev1=0 crypto rx=0 tx=0 comp rx=0 tx=0).connect
2024-04-25T00:12:19.796 INFO:teuthology.orchestra.run.smithi045.stdout:/usr/bin/ceph: stderr
2024-04-25T00:12:18.971+0000 7fec5f434700 1 -- --> [v2:172.21.15.45:3300/0,v1:172.21.15.45:6789/0] -- mon_getmap magic: 0 -- 0x7fec5810c040 con 0x7fec58108710
2024-04-25T00:12:19.796 INFO:teuthology.orchestra.run.smithi045.stdout:/usr/bin/ceph: stderr
2024-04-25T00:12:18.971+0000 7fec5d1d0700 1 --2- >> [v2:172.21.15.45:3300/0,v1:172.21.15.45:6789/0] conn(0x7fec58108710 0x7fec5819bb60 unknown :-1 s=BANNER_CONNECTING pgs=0 cs=0 l=1 rev1=0 crypto rx=0 tx=0 comp rx=0 tx=0)._handle_peer_banner_payload supported=3 required=0
2024-04-25T00:12:19.797 INFO:teuthology.orchestra.run.smithi045.stdout:/usr/bin/ceph: stderr
2024-04-25T00:12:18.971+0000 7fec5d1d0700 1 --2- >> [v2:172.21.15.45:3300/0,v1:172.21.15.45:6789/0] conn(0x7fec58108710 0x7fec5819bb60 unknown :-1 s=HELLO_CONNECTING pgs=0 cs=0 l=1 rev1=1 crypto rx=0 tx=0 comp rx=0 tx=0).handle_hello peer v2:172.21.15.45:3300/0 says I am v2:172.21.15.45:35290/0 (socket says 172.21.15.45:35290)
2024-04-25T00:12:19.797 INFO:teuthology.orchestra.run.smithi045.stdout:/usr/bin/ceph: stderr
2024-04-25T00:12:18.971+0000 7fec5d1d0700 1 -- 172.21.15.45:0/1139256760 learned_addr learned my addr 172.21.15.45:0/1139256760 (peer_addr_for_me v2:172.21.15.45:0/0)
2024-04-25T00:12:19.797 INFO:teuthology.orchestra.run.smithi045.stdout:/usr/bin/ceph: stderr
2024-04-25T00:12:18.972+0000 7fec5d1d0700 1 -- 172.21.15.45:0/1139256760 --> [v2:172.21.15.45:3300/0,v1:172.21.15.45:6789/0] -- mon_subscribe({config=0+,monmap=0+}) -- 0x7fec5819c0a0 con 0x7fec58108710
2024-04-25T00:12:19.797 INFO:teuthology.orchestra.run.smithi045.stdout:/usr/bin/ceph: stderr
2024-04-25T00:12:18.972+0000 7fec5d1d0700 1 --2- 172.21.15.45:0/1139256760 >> [v2:172.21.15.45:3300/0,v1:172.21.15.45:6789/0] conn(0x7fec58108710 0x7fec5819bb60 secure :-1 s=READY pgs=58 cs=0 l=1 rev1=1 crypto rx=0x7fec540117e0 tx=0x7fec54011ba0 comp rx=0 tx=0).ready entity=mon.0 client_cookie=0 server_cookie=0 in_seq=0 out_seq=0
2024-04-25T00:12:19.798 INFO:teuthology.orchestra.run.smithi045.stdout:/usr/bin/ceph: stderr
2024-04-25T00:12:18.972+0000 7fec4e7fc700 1 -- 172.21.15.45:0/1139256760 <== mon.0 v2:172.21.15.45:3300/0 1 ==== mon_map magic: 0 ==== 205+0+0 (secure 0 0 0) 0x7fec54003ba0 con 0x7fec58108710
2024-04-25T00:12:19.798 INFO:teuthology.orchestra.run.smithi045.stdout:/usr/bin/ceph: stderr
2024-04-25T00:12:18.972+0000 7fec5f434700 1 -- 172.21.15.45:0/1139256760 --> [v2:172.21.15.45:3300/0,v1:172.21.15.45:6789/0] -- mon_subscribe({mgrmap=0+}) -- 0x7fec5819c330 con 0x7fec58108710
2024-04-25T00:12:19.798 INFO:teuthology.orchestra.run.smithi045.stdout:/usr/bin/ceph: stderr
2024-04-25T00:12:18.972+0000 7fec4e7fc700 1 -- 172.21.15.45:0/1139256760 <== mon.0 v2:172.21.15.45:3300/0 2 ==== config(27 keys) ==== 1140+0+0 (secure 0 0 0) 0x7fec5401a910 con 0x7fec58108710
2024-04-25T00:12:19.798 INFO:teuthology.orchestra.run.smithi045.stdout:/usr/bin/ceph: stderr
2024-04-25T00:12:18.972+0000 7fec4e7fc700 1 -- 172.21.15.45:0/1139256760 <== mon.0 v2:172.21.15.45:3300/0 3 ==== mon_map magic: 0 ==== 205+0+0 (secure 0 0 0) 0x7fec540248f0 con 0x7fec58108710
2024-04-25T00:12:19.798 INFO:teuthology.orchestra.run.smithi045.stdout:/usr/bin/ceph: stderr
2024-04-25T00:12:18.972+0000 7fec5f434700 1 -- 172.21.15.45:0/1139256760 --> [v2:172.21.15.45:3300/0,v1:172.21.15.45:6789/0] -- mon_subscribe({osdmap=0}) -- 0x7fec5819c790 con 0x7fec58108710
2024-04-25T00:12:19.799 INFO:teuthology.orchestra.run.smithi045.stdout:/usr/bin/ceph: stderr
2024-04-25T00:12:18.973+0000 7fec5f434700 1 -- 172.21.15.45:0/1139256760 --> [v2:172.21.15.45:3300/0,v1:172.21.15.45:6789/0] -- mon_command({"prefix": "get_command_descriptions"} v 0) -- 0x7fec58063890 con 0x7fec58108710
2024-04-25T00:12:19.799 INFO:teuthology.orchestra.run.smithi045.stdout:/usr/bin/ceph: stderr
2024-04-25T00:12:18.973+0000 7fec4e7fc700 1 -- 172.21.15.45:0/1139256760 <== mon.0 v2:172.21.15.45:3300/0 4 ==== mgrmap(e 9) ==== 46300+0+0 (secure 0 0 0) 0x7fec54022020 con 0x7fec58108710
2024-04-25T00:12:19.799 INFO:teuthology.orchestra.run.smithi045.stdout:/usr/bin/ceph: stderr
2024-04-25T00:12:18.973+0000 7fec4e7fc700 1 --2- 172.21.15.45:0/1139256760 >> [v2:172.21.15.45:6800/1299966585,v1:172.21.15.45:6801/1299966585] conn(0x7fec440390a0 0x7fec4403b560 unknown :-1 s=NONE pgs=0 cs=0 l=1 rev1=0 crypto rx=0 tx=0 comp rx=0 tx=0).connect
2024-04-25T00:12:19.800 INFO:teuthology.orchestra.run.smithi045.stdout:/usr/bin/ceph: stderr
2024-04-25T00:12:18.973+0000 7fec4e7fc700 1 -- 172.21.15.45:0/1139256760 <== mon.0 v2:172.21.15.45:3300/0 5 ==== osd_map(2..2 src has 1..2) ==== 940+0+0 (secure 0 0 0) 0x7fec5404da40 con 0x7fec58108710
2024-04-25T00:12:19.800 INFO:teuthology.orchestra.run.smithi045.stdout:/usr/bin/ceph: stderr
2024-04-25T00:12:18.973+0000 7fec5c9cf700 1 -- 172.21.15.45:0/1139256760 >> [v2:172.21.15.45:6800/1299966585,v1:172.21.15.45:6801/1299966585] conn(0x7fec440390a0 msgr2=0x7fec4403b560 unknown :-1 s=STATE_CONNECTING_RE l=1).process reconnect failed to v2:172.21.15.45:6800/1299966585
2024-04-25T00:12:19.800 INFO:teuthology.orchestra.run.smithi045.stdout:/usr/bin/ceph: stderr
2024-04-25T00:12:18.973+0000 7fec5c9cf700 1 --2- 172.21.15.45:0/1139256760 >> [v2:172.21.15.45:6800/1299966585,v1:172.21.15.45:6801/1299966585] conn(0x7fec440390a0 0x7fec4403b560 unknown :-1 s=START_CONNECT pgs=0 cs=0 l=1 rev1=0 crypto rx=0 tx=0 comp rx=0 tx=0)._fault waiting 0.200000
2024-04-25T00:12:19.800 INFO:teuthology.orchestra.run.smithi045.stdout:/usr/bin/ceph: stderr
2024-04-25T00:12:18.978+0000 7fec4e7fc700 1 -- 172.21.15.45:0/1139256760 <== mon.0 v2:172.21.15.45:3300/0 6 ==== mon_command_ack([{"prefix": "get_command_descriptions"}]=0 v0) ==== 72+0+186147 (secure 0 0 0) 0x7fec5401ab30 con 0x7fec58108710
2024-04-25T00:12:19.800 INFO:teuthology.orchestra.run.smithi045.stdout:/usr/bin/ceph: stderr
2024-04-25T00:12:19.174+0000 7fec5c9cf700 1 -- 172.21.15.45:0/1139256760 >> [v2:172.21.15.45:6800/1299966585,v1:172.21.15.45:6801/1299966585] conn(0x7fec440390a0 msgr2=0x7fec4403b560 unknown :-1 s=STATE_CONNECTING_RE l=1).process reconnect failed to v2:172.21.15.45:6800/1299966585
2024-04-25T00:12:19.800 INFO:teuthology.orchestra.run.smithi045.stdout:/usr/bin/ceph: stderr
2024-04-25T00:12:19.174+0000 7fec5c9cf700 1 --2- 172.21.15.45:0/1139256760 >> [v2:172.21.15.45:6800/1299966585,v1:172.21.15.45:6801/1299966585] conn(0x7fec440390a0 0x7fec4403b560 unknown :-1 s=START_CONNECT pgs=0 cs=0 l=1 rev1=0 crypto rx=0 tx=0 comp rx=0 tx=0)._fault waiting 0.400000
2024-04-25T00:12:19.801 INFO:teuthology.orchestra.run.smithi045.stdout:/usr/bin/ceph: stderr
2024-04-25T00:12:19.249+0000 7fec5f434700 1 -- 172.21.15.45:0/1139256760 --> [v2:172.21.15.45:3300/0,v1:172.21.15.45:6789/0] -- mon_command({"prefix": "mgr stat"} v 0) -- 0x7fec5819f140 con 0x7fec58108710
2024-04-25T00:12:19.801 INFO:teuthology.orchestra.run.smithi045.stdout:/usr/bin/ceph: stderr
2024-04-25T00:12:19.249+0000 7fec4e7fc700 1 -- 172.21.15.45:0/1139256760 <== mon.0 v2:172.21.15.45:3300/0 7 ==== mon_command_ack([{"prefix": "mgr stat"}]=0 v9) ==== 56+0+88 (secure 0 0 0) 0x7fec5404de20 con 0x7fec58108710
2024-04-25T00:12:19.801 INFO:teuthology.orchestra.run.smithi045.stdout:/usr/bin/ceph: stderr
2024-04-25T00:12:19.251+0000 7fec5f434700 1 -- 172.21.15.45:0/1139256760 >> [v2:172.21.15.45:6800/1299966585,v1:172.21.15.45:6801/1299966585] conn(0x7fec440390a0 msgr2=0x7fec4403b560 unknown :-1 s=STATE_CONNECTING l=1).mark_down
2024-04-25T00:12:19.801 INFO:teuthology.orchestra.run.smithi045.stdout:/usr/bin/ceph: stderr
2024-04-25T00:12:19.251+0000 7fec5f434700 1 --2- 172.21.15.45:0/1139256760 >> [v2:172.21.15.45:6800/1299966585,v1:172.21.15.45:6801/1299966585] conn(0x7fec440390a0 0x7fec4403b560 unknown :-1 s=START_CONNECT pgs=0 cs=0 l=1 rev1=0 crypto rx=0 tx=0 comp rx=0 tx=0).stop
2024-04-25T00:12:19.801 INFO:teuthology.orchestra.run.smithi045.stdout:/usr/bin/ceph: stderr
2024-04-25T00:12:19.251+0000 7fec5f434700 1 -- 172.21.15.45:0/1139256760 >> [v2:172.21.15.45:3300/0,v1:172.21.15.45:6789/0] conn(0x7fec58108710 msgr2=0x7fec5819bb60 secure :-1 s=STATE_CONNECTION_ESTABLISHED l=1).mark_down
2024-04-25T00:12:19.802 INFO:teuthology.orchestra.run.smithi045.stdout:/usr/bin/ceph: stderr
2024-04-25T00:12:19.251+0000 7fec5f434700 1 --2- 172.21.15.45:0/1139256760 >> [v2:172.21.15.45:3300/0,v1:172.21.15.45:6789/0] conn(0x7fec58108710 0x7fec5819bb60 secure :-1 s=READY pgs=58 cs=0 l=1 rev1=1 crypto rx=0x7fec540117e0 tx=0x7fec54011ba0 comp rx=0 tx=0).stop
2024-04-25T00:12:19.802 INFO:teuthology.orchestra.run.smithi045.stdout:/usr/bin/ceph: stderr
2024-04-25T00:12:19.251+0000 7fec5f434700 1 -- 172.21.15.45:0/1139256760 shutdown_connections
2024-04-25T00:12:19.802 INFO:teuthology.orchestra.run.smithi045.stdout:/usr/bin/ceph: stderr
2024-04-25T00:12:19.251+0000 7fec5f434700 1 --2- 172.21.15.45:0/1139256760 >> [v2:172.21.15.45:6800/1299966585,v1:172.21.15.45:6801/1299966585] conn(0x7fec440390a0 0x7fec4403b560 unknown :-1 s=CLOSED pgs=0 cs=0 l=1 rev1=0 crypto rx=0 tx=0 comp rx=0 tx=0).stop
2024-04-25T00:12:19.802 INFO:teuthology.orchestra.run.smithi045.stdout:/usr/bin/ceph: stderr
2024-04-25T00:12:19.251+0000 7fec5f434700 1 --2- 172.21.15.45:0/1139256760 >> [v2:172.21.15.45:3300/0,v1:172.21.15.45:6789/0] conn(0x7fec58108710 0x7fec5819bb60 unknown :-1 s=CLOSED pgs=58 cs=0 l=1 rev1=1 crypto rx=0 tx=0 comp rx=0 tx=0).stop
2024-04-25T00:12:19.802 INFO:teuthology.orchestra.run.smithi045.stdout:/usr/bin/ceph: stderr
2024-04-25T00:12:19.251+0000 7fec5f434700 1 -- 172.21.15.45:0/1139256760 >> 172.21.15.45:0/1139256760 conn(0x7fec58102100 msgr2=0x7fec58102b30 unknown :-1 s=STATE_NONE l=0).mark_down
2024-04-25T00:12:19.802 INFO:teuthology.orchestra.run.smithi045.stdout:/usr/bin/ceph: stderr
2024-04-25T00:12:19.251+0000 7fec5f434700 1 -- 172.21.15.45:0/1139256760 shutdown_connections
2024-04-25T00:12:19.803 INFO:teuthology.orchestra.run.smithi045.stdout:/usr/bin/ceph: stderr
2024-04-25T00:12:19.251+0000 7fec5f434700 1 -- 172.21.15.45:0/1139256760 wait complete.
2024-04-25T00:12:19.803 INFO:teuthology.orchestra.run.smithi045.stdout:Waiting for the mgr to restart...
2024-04-25T00:12:19.803 INFO:teuthology.orchestra.run.smithi045.stdout:Waiting for mgr epoch 9...
2024-04-25T00:12:20.196 INFO:journalctl@ceph.mon.a.smithi045.stdout:Apr 25 00:12:20 smithi045 ceph-mon[29194]: from='client.? 172.21.15.45:0/1139256760' entity='client.admin' cmd=[{"prefix": "mgr stat"}]: dispatch
2024-04-25T00:12:20.450 INFO:journalctl@ceph.mgr.x.smithi045.stdout:Apr 25 00:12:20 smithi045 ceph-24bb2e7a-0298-11ef-bc93-c7b262605968-mgr-x[29425]:
2024-04-25T00:12:20.196+0000 7eff1d091200 -1 mgr[py] Module telegraf has missing NOTIFY_TYPES member
2024-04-25T00:12:20.451 INFO:journalctl@ceph.mgr.x.smithi045.stdout:Apr 25 00:12:20 smithi045 ceph-24bb2e7a-0298-11ef-bc93-c7b262605968-mgr-x[29425]:
2024-04-25T00:12:20.376+0000 7eff1d091200 -1 mgr[py] Module osd_support has missing NOTIFY_TYPES member
2024-04-25T00:12:20.851 INFO:journalctl@ceph.mgr.x.smithi045.stdout:Apr 25 00:12:20 smithi045 ceph-24bb2e7a-0298-11ef-bc93-c7b262605968-mgr-x[29425]:
2024-04-25T00:12:20.553+0000 7eff1d091200 -1 mgr[py] Module iostat has missing NOTIFY_TYPES member
2024-04-25T00:12:21.149 INFO:journalctl@ceph.mgr.x.smithi045.stdout:Apr 25 00:12:20 smithi045 ceph-24bb2e7a-0298-11ef-bc93-c7b262605968-mgr-x[29425]:
2024-04-25T00:12:20.854+0000 7eff1d091200 -1 mgr[py] Module alerts has missing NOTIFY_TYPES member
2024-04-25T00:12:21.149 INFO:journalctl@ceph.mgr.x.smithi045.stdout:Apr 25 00:12:20 smithi045 ceph-24bb2e7a-0298-11ef-bc93-c7b262605968-mgr-x[29425]:
2024-04-25T00:12:20.950+0000 7eff1d091200 -1 mgr[py] Module selftest has missing NOTIFY_TYPES member
2024-04-25T00:12:21.649 INFO:journalctl@ceph.mgr.x.smithi045.stdout:Apr 25 00:12:21 smithi045 ceph-24bb2e7a-0298-11ef-bc93-c7b262605968-mgr-x[29425]:
2024-04-25T00:12:21.161+0000 7eff1d091200 -1 mgr[py] Module pg_autoscaler has missing NOTIFY_TYPES member
2024-04-25T00:12:21.649 INFO:journalctl@ceph.mgr.x.smithi045.stdout:Apr 25 00:12:21 smithi045 ceph-24bb2e7a-0298-11ef-bc93-c7b262605968-mgr-x[29425]:
2024-04-25T00:12:21.360+0000 7eff1d091200 -1 mgr[py] Module test_orchestrator has missing NOTIFY_TYPES member
2024-04-25T00:12:22.399 INFO:journalctl@ceph.mgr.x.smithi045.stdout:Apr 25 00:12:21 smithi045 ceph-24bb2e7a-0298-11ef-bc93-c7b262605968-mgr-x[29425]:
2024-04-25T00:12:21.985+0000 7eff1d091200 -1 mgr[py] Module rook has missing NOTIFY_TYPES member
2024-04-25T00:12:22.732 INFO:journalctl@ceph.mgr.x.smithi045.stdout:Apr 25 00:12:22 smithi045 ceph-24bb2e7a-0298-11ef-bc93-c7b262605968-mgr-x[29425]:
2024-04-25T00:12:22.423+0000 7eff1d091200 -1 mgr[py] Module volumes has missing NOTIFY_TYPES member
2024-04-25T00:12:22.732 INFO:journalctl@ceph.mgr.x.smithi045.stdout:Apr 25 00:12:22 smithi045 ceph-24bb2e7a-0298-11ef-bc93-c7b262605968-mgr-x[29425]:
2024-04-25T00:12:22.523+0000 7eff1d091200 -1 mgr[py] Module crash has missing NOTIFY_TYPES member
2024-04-25T00:12:22.732 INFO:journalctl@ceph.mgr.x.smithi045.stdout:Apr 25 00:12:22 smithi045 ceph-24bb2e7a-0298-11ef-bc93-c7b262605968-mgr-x[29425]:
2024-04-25T00:12:22.731+0000 7eff1d091200 -1 mgr[py] Module rgw has missing NOTIFY_TYPES member
2024-04-25T00:12:23.647 INFO:journalctl@ceph.mgr.x.smithi045.stdout:Apr 25 00:12:23 smithi045 ceph-24bb2e7a-0298-11ef-bc93-c7b262605968-mgr-x[29425]:
2024-04-25T00:12:23.291+0000 7eff1d091200 -1 mgr[py] Module prometheus has missing NOTIFY_TYPES member
2024-04-25T00:12:23.647 INFO:journalctl@ceph.mgr.x.smithi045.stdout:Apr 25 00:12:23 smithi045 ceph-24bb2e7a-0298-11ef-bc93-c7b262605968-mgr-x[29425]:
2024-04-25T00:12:23.389+0000 7eff1d091200 -1 mgr[py] Module devicehealth has missing NOTIFY_TYPES member
2024-04-25T00:12:23.899 INFO:journalctl@ceph.mgr.x.smithi045.stdout:Apr 25 00:12:23 smithi045 ceph-24bb2e7a-0298-11ef-bc93-c7b262605968-mgr-x[29425]:
2024-04-25T00:12:23.647+0000 7eff1d091200 -1 mgr[py] Module telemetry has missing NOTIFY_TYPES member
2024-04-25T00:12:23.922 INFO:journalctl@ceph.mgr.x.smithi045.stdout:Apr 25 00:12:23 smithi045 ceph-24bb2e7a-0298-11ef-bc93-c7b262605968-mgr-x[29425]:
2024-04-25T00:12:23.787+0000 7eff1d091200 -1 mgr[py] Module diskprediction_local has missing NOTIFY_TYPES member
2024-04-25T00:12:23.922 INFO:journalctl@ceph.mgr.x.smithi045.stdout:Apr 25 00:12:23 smithi045 ceph-24bb2e7a-0298-11ef-bc93-c7b262605968-mgr-x[29425]:
2024-04-25T00:12:23.887+0000 7eff1d091200 -1 mgr[py] Module osd_perf_query has missing NOTIFY_TYPES member
2024-04-25T00:12:24.399 INFO:journalctl@ceph.mgr.x.smithi045.stdout:Apr 25 00:12:24 smithi045 ceph-24bb2e7a-0298-11ef-bc93-c7b262605968-mgr-x[29425]:
2024-04-25T00:12:24.009+0000 7eff1d091200 -1 mgr[py] Module rbd_support has missing NOTIFY_TYPES member
2024-04-25T00:12:24.399 INFO:journalctl@ceph.mgr.x.smithi045.stdout:Apr 25 00:12:24 smithi045 ceph-24bb2e7a-0298-11ef-bc93-c7b262605968-mgr-x[29425]:
2024-04-25T00:12:24.105+0000 7eff1d091200 -1 mgr[py] Module zabbix has missing NOTIFY_TYPES member
2024-04-25T00:12:25.227 INFO:journalctl@ceph.mgr.x.smithi045.stdout:Apr 25 00:12:24 smithi045 ceph-24bb2e7a-0298-11ef-bc93-c7b262605968-mgr-x[29425]:
2024-04-25T00:12:24.949+0000 7eff1d091200 -1 mgr[py] Module status has missing NOTIFY_TYPES member
2024-04-25T00:12:25.227 INFO:journalctl@ceph.mgr.x.smithi045.stdout:Apr 25 00:12:25 smithi045 ceph-24bb2e7a-0298-11ef-bc93-c7b262605968-mgr-x[29425]:
2024-04-25T00:12:25.173+0000 7eff1d091200 -1 mgr[py] Module nfs has missing NOTIFY_TYPES member
2024-04-25T00:12:25.649 INFO:journalctl@ceph.mon.a.smithi045.stdout:Apr 25 00:12:25 smithi045 ceph-mon[29194]: Active manager daemon x restarted
2024-04-25T00:12:25.649 INFO:journalctl@ceph.mon.a.smithi045.stdout:Apr 25 00:12:25 smithi045 ceph-mon[29194]: Activating manager daemon x
2024-04-25T00:12:25.649 INFO:journalctl@ceph.mon.a.smithi045.stdout:Apr 25 00:12:25 smithi045 ceph-mon[29194]: osdmap e3: 0 total, 0 up, 0 in
2024-04-25T00:12:25.649 INFO:journalctl@ceph.mon.a.smithi045.stdout:Apr 25 00:12:25 smithi045 ceph-mon[29194]: mgrmap e10: x(active, starting, since 0.00343466s)
2024-04-25T00:12:25.649 INFO:journalctl@ceph.mon.a.smithi045.stdout:Apr 25 00:12:25 smithi045 ceph-mon[29194]: from='mgr.14150 172.21.15.45:0/2123716385' entity='mgr.x' cmd=[{"prefix": "mon metadata", "id": "a"}]: dispatch
2024-04-25T00:12:25.650 INFO:journalctl@ceph.mon.a.smithi045.stdout:Apr 25 00:12:25 smithi045 ceph-mon[29194]: from='mgr.14150 172.21.15.45:0/2123716385' entity='mgr.x' cmd=[{"prefix": "mgr metadata", "who": "x", "id": "x"}]: dispatch
2024-04-25T00:12:25.650 INFO:journalctl@ceph.mon.a.smithi045.stdout:Apr 25 00:12:25 smithi045 ceph-mon[29194]: from='mgr.14150 172.21.15.45:0/2123716385' entity='mgr.x' cmd=[{"prefix": "mds metadata"}]: dispatch
2024-04-25T00:12:25.650 INFO:journalctl@ceph.mon.a.smithi045.stdout:Apr 25 00:12:25 smithi045 ceph-mon[29194]: from='mgr.14150 172.21.15.45:0/2123716385' entity='mgr.x' cmd=[{"prefix": "osd metadata"}]: dispatch
2024-04-25T00:12:25.650 INFO:journalctl@ceph.mon.a.smithi045.stdout:Apr 25 00:12:25 smithi045 ceph-mon[29194]: from='mgr.14150 172.21.15.45:0/2123716385' entity='mgr.x' cmd=[{"prefix": "mon metadata"}]: dispatch
2024-04-25T00:12:25.650 INFO:journalctl@ceph.mon.a.smithi045.stdout:Apr 25 00:12:25 smithi045 ceph-mon[29194]: Manager daemon x is now available
2024-04-25T00:12:25.650 INFO:journalctl@ceph.mon.a.smithi045.stdout:Apr 25 00:12:25 smithi045 ceph-mon[29194]: from='mgr.14150 172.21.15.45:0/2123716385' entity='mgr.x' cmd=[{"prefix": "config dump", "format": "json"}]: dispatch
2024-04-25T00:12:26.402 INFO:journalctl@ceph.mon.a.smithi045.stdout:Apr 25 00:12:26 smithi045 ceph-mon[29194]: from='mgr.14150 172.21.15.45:0/2123716385' entity='mgr.x' cmd=[{"prefix":"config rm","who":"mgr","name":"mgr/rbd_support/x/mirror_snapshot_schedule"}]: dispatch
2024-04-25T00:12:26.402 INFO:journalctl@ceph.mon.a.smithi045.stdout:Apr 25 00:12:26 smithi045 ceph-mon[29194]: from='mgr.14150 172.21.15.45:0/2123716385' entity='mgr.x' cmd=[{"prefix":"config rm","who":"mgr","name":"mgr/rbd_support/x/trash_purge_schedule"}]: dispatch
2024-04-25T00:12:26.402 INFO:journalctl@ceph.mon.a.smithi045.stdout:Apr 25 00:12:26 smithi045 ceph-mon[29194]: [25/Apr/2024:00:12:25] ENGINE Bus STARTING
2024-04-25T00:12:26.402 INFO:journalctl@ceph.mon.a.smithi045.stdout:Apr 25 00:12:26 smithi045 ceph-mon[29194]: [25/Apr/2024:00:12:25] ENGINE Serving on https://172.21.15.45:7150
2024-04-25T00:12:26.402 INFO:journalctl@ceph.mon.a.smithi045.stdout:Apr 25 00:12:26 smithi045 ceph-mon[29194]: [25/Apr/2024:00:12:26] ENGINE Serving on http://172.21.15.45:8765
2024-04-25T00:12:26.403 INFO:journalctl@ceph.mon.a.smithi045.stdout:Apr 25 00:12:26 smithi045 ceph-mon[29194]: [25/Apr/2024:00:12:26] ENGINE Bus STARTED
2024-04-25T00:12:26.403 INFO:journalctl@ceph.mon.a.smithi045.stdout:Apr 25 00:12:26 smithi045 ceph-mon[29194]: mgrmap e11: x(active, since 1.00608s)
2024-04-25T00:12:26.974 INFO:teuthology.orchestra.run.smithi045.stdout:/usr/bin/ceph: stdout {
2024-04-25T00:12:26.974 INFO:teuthology.orchestra.run.smithi045.stdout:/usr/bin/ceph: stdout "mgrmap_epoch": 11,
2024-04-25T00:12:26.974 INFO:teuthology.orchestra.run.smithi045.stdout:/usr/bin/ceph: stdout "initialized": true
2024-04-25T00:12:26.975 INFO:teuthology.orchestra.run.smithi045.stdout:/usr/bin/ceph: stdout }
2024-04-25T00:12:26.975 INFO:teuthology.orchestra.run.smithi045.stdout:/usr/bin/ceph: stderr
2024-04-25T00:12:20.244+0000 7f8b2c2be700 1 Processor -- start
2024-04-25T00:12:26.975 INFO:teuthology.orchestra.run.smithi045.stdout:/usr/bin/ceph: stderr
2024-04-25T00:12:20.244+0000 7f8b2c2be700 1 -- start start
2024-04-25T00:12:26.975 INFO:teuthology.orchestra.run.smithi045.stdout:/usr/bin/ceph: stderr
2024-04-25T00:12:20.245+0000 7f8b2c2be700 1 --2- >> [v2:172.21.15.45:3300/0,v1:172.21.15.45:6789/0] conn(0x7f8b24106b80 0x7f8b24106fa0 unknown :-1 s=NONE pgs=0 cs=0 l=0 rev1=0 crypto rx=0 tx=0 comp rx=0 tx=0).connect
2024-04-25T00:12:26.975 INFO:teuthology.orchestra.run.smithi045.stdout:/usr/bin/ceph: stderr
2024-04-25T00:12:20.245+0000 7f8b2c2be700 1 -- --> [v2:172.21.15.45:3300/0,v1:172.21.15.45:6789/0] -- mon_getmap magic: 0 -- 0x7f8b24107570 con 0x7f8b24106b80
2024-04-25T00:12:26.975 INFO:teuthology.orchestra.run.smithi045.stdout:/usr/bin/ceph: stderr
2024-04-25T00:12:20.245+0000 7f8b2a05a700 1 --2- >> [v2:172.21.15.45:3300/0,v1:172.21.15.45:6789/0] conn(0x7f8b24106b80 0x7f8b24106fa0 unknown :-1 s=BANNER_CONNECTING pgs=0 cs=0 l=0 rev1=0 crypto rx=0 tx=0 comp rx=0 tx=0)._handle_peer_banner_payload supported=3 required=0
2024-04-25T00:12:26.975 INFO:teuthology.orchestra.run.smithi045.stdout:/usr/bin/ceph: stderr
2024-04-25T00:12:20.245+0000 7f8b2a05a700 1 --2- >> [v2:172.21.15.45:3300/0,v1:172.21.15.45:6789/0] conn(0x7f8b24106b80 0x7f8b24106fa0 unknown :-1 s=HELLO_CONNECTING pgs=0 cs=0 l=0 rev1=1 crypto rx=0 tx=0 comp rx=0 tx=0).handle_hello peer v2:172.21.15.45:3300/0 says I am v2:172.21.15.45:35298/0 (socket says 172.21.15.45:35298)
2024-04-25T00:12:26.975 INFO:teuthology.orchestra.run.smithi045.stdout:/usr/bin/ceph: stderr
2024-04-25T00:12:20.245+0000 7f8b2a05a700 1 -- 172.21.15.45:0/3875989988 learned_addr learned my addr 172.21.15.45:0/3875989988 (peer_addr_for_me v2:172.21.15.45:0/0)
2024-04-25T00:12:26.975 INFO:teuthology.orchestra.run.smithi045.stdout:/usr/bin/ceph: stderr
2024-04-25T00:12:20.245+0000 7f8b2a05a700 1 -- 172.21.15.45:0/3875989988 --> [v2:172.21.15.45:3300/0,v1:172.21.15.45:6789/0] -- mon_subscribe({config=0+,monmap=0+}) -- 0x7f8b24107d80 con 0x7f8b24106b80
2024-04-25T00:12:26.975 INFO:teuthology.orchestra.run.smithi045.stdout:/usr/bin/ceph: stderr
2024-04-25T00:12:20.245+0000 7f8b2a05a700 1 --2- 172.21.15.45:0/3875989988 >> [v2:172.21.15.45:3300/0,v1:172.21.15.45:6789/0] conn(0x7f8b24106b80 0x7f8b24106fa0 secure :-1 s=READY pgs=59 cs=0 l=1 rev1=1 crypto rx=0x7f8b200098a0 tx=0x7f8b20009bb0 comp rx=0 tx=0).ready entity=mon.0 client_cookie=98cf47f0bdbd86f4 server_cookie=0 in_seq=0 out_seq=0
2024-04-25T00:12:26.975 INFO:teuthology.orchestra.run.smithi045.stdout:/usr/bin/ceph: stderr
2024-04-25T00:12:20.246+0000 7f8b29058700 1 -- 172.21.15.45:0/3875989988 <== mon.0 v2:172.21.15.45:3300/0 1 ==== mon_map magic: 0 ==== 205+0+0 (secure 0 0 0) 0x7f8b20004160 con 0x7f8b24106b80
2024-04-25T00:12:26.975 INFO:teuthology.orchestra.run.smithi045.stdout:/usr/bin/ceph: stderr
2024-04-25T00:12:20.246+0000 7f8b29058700 1 -- 172.21.15.45:0/3875989988 <== mon.0 v2:172.21.15.45:3300/0 2 ==== config(27 keys) ==== 1140+0+0 (secure 0 0 0) 0x7f8b20004300 con 0x7f8b24106b80
2024-04-25T00:12:26.975 INFO:teuthology.orchestra.run.smithi045.stdout:/usr/bin/ceph: stderr
2024-04-25T00:12:20.246+0000 7f8b29058700 1 -- 172.21.15.45:0/3875989988 <== mon.0 v2:172.21.15.45:3300/0 3 ==== mon_map magic: 0 ==== 205+0+0 (secure 0 0 0) 0x7f8b20011b20 con 0x7f8b24106b80
2024-04-25T00:12:26.975 INFO:teuthology.orchestra.run.smithi045.stdout:/usr/bin/ceph: stderr
2024-04-25T00:12:20.246+0000 7f8b2c2be700 1 -- 172.21.15.45:0/3875989988 >> [v2:172.21.15.45:3300/0,v1:172.21.15.45:6789/0] conn(0x7f8b24106b80 msgr2=0x7f8b24106fa0 secure :-1 s=STATE_CONNECTION_ESTABLISHED l=1).mark_down
2024-04-25T00:12:26.976 INFO:teuthology.orchestra.run.smithi045.stdout:/usr/bin/ceph: stderr
2024-04-25T00:12:20.246+0000 7f8b2c2be700 1 --2- 172.21.15.45:0/3875989988 >> [v2:172.21.15.45:3300/0,v1:172.21.15.45:6789/0] conn(0x7f8b24106b80 0x7f8b24106fa0 secure :-1 s=READY pgs=59 cs=0 l=1 rev1=1 crypto rx=0x7f8b200098a0 tx=0x7f8b20009bb0 comp rx=0 tx=0).stop
2024-04-25T00:12:26.976 INFO:teuthology.orchestra.run.smithi045.stdout:/usr/bin/ceph: stderr
2024-04-25T00:12:20.246+0000 7f8b2c2be700 1 -- 172.21.15.45:0/3875989988 shutdown_connections
2024-04-25T00:12:26.976 INFO:teuthology.orchestra.run.smithi045.stdout:/usr/bin/ceph: stderr
2024-04-25T00:12:20.246+0000 7f8b2c2be700 1 --2- 172.21.15.45:0/3875989988 >> [v2:172.21.15.45:3300/0,v1:172.21.15.45:6789/0] conn(0x7f8b24106b80 0x7f8b24106fa0 unknown :-1 s=CLOSED pgs=59 cs=0 l=1 rev1=1 crypto rx=0 tx=0 comp rx=0 tx=0).stop
2024-04-25T00:12:26.976 INFO:teuthology.orchestra.run.smithi045.stdout:/usr/bin/ceph: stderr
2024-04-25T00:12:20.246+0000 7f8b2c2be700 1 -- 172.21.15.45:0/3875989988 >> 172.21.15.45:0/3875989988 conn(0x7f8b24102100 msgr2=0x7f8b24104560 unknown :-1 s=STATE_NONE l=0).mark_down
2024-04-25T00:12:26.976 INFO:teuthology.orchestra.run.smithi045.stdout:/usr/bin/ceph: stderr
2024-04-25T00:12:20.246+0000 7f8b2c2be700 1 -- 172.21.15.45:0/3875989988 shutdown_connections
2024-04-25T00:12:26.976 INFO:teuthology.orchestra.run.smithi045.stdout:/usr/bin/ceph: stderr
2024-04-25T00:12:20.246+0000 7f8b2c2be700 1 -- 172.21.15.45:0/3875989988 wait complete.
2024-04-25T00:12:26.976 INFO:teuthology.orchestra.run.smithi045.stdout:/usr/bin/ceph: stderr
2024-04-25T00:12:20.247+0000 7f8b2c2be700 1 Processor -- start
2024-04-25T00:12:26.976 INFO:teuthology.orchestra.run.smithi045.stdout:/usr/bin/ceph: stderr
2024-04-25T00:12:20.247+0000 7f8b2c2be700 1 -- start start
2024-04-25T00:12:26.976 INFO:teuthology.orchestra.run.smithi045.stdout:/usr/bin/ceph: stderr
2024-04-25T00:12:20.247+0000 7f8b2c2be700 1 --2- >> [v2:172.21.15.45:3300/0,v1:172.21.15.45:6789/0] conn(0x7f8b24106b80 0x7f8b2419bc60 unknown :-1 s=NONE pgs=0 cs=0 l=1 rev1=0 crypto rx=0 tx=0 comp rx=0 tx=0).connect
2024-04-25T00:12:26.976 INFO:teuthology.orchestra.run.smithi045.stdout:/usr/bin/ceph: stderr
2024-04-25T00:12:20.247+0000 7f8b2c2be700 1 -- --> [v2:172.21.15.45:3300/0,v1:172.21.15.45:6789/0] -- mon_getmap magic: 0 -- 0x7f8b2410b130 con 0x7f8b24106b80
2024-04-25T00:12:26.976 INFO:teuthology.orchestra.run.smithi045.stdout:/usr/bin/ceph: stderr
2024-04-25T00:12:20.247+0000 7f8b2a05a700 1 --2- >> [v2:172.21.15.45:3300/0,v1:172.21.15.45:6789/0] conn(0x7f8b24106b80 0x7f8b2419bc60 unknown :-1 s=BANNER_CONNECTING pgs=0 cs=0 l=1 rev1=0 crypto rx=0 tx=0 comp rx=0 tx=0)._handle_peer_banner_payload supported=3 required=0
2024-04-25T00:12:26.976 INFO:teuthology.orchestra.run.smithi045.stdout:/usr/bin/ceph: stderr
2024-04-25T00:12:20.247+0000 7f8b2a05a700 1 --2- >> [v2:172.21.15.45:3300/0,v1:172.21.15.45:6789/0] conn(0x7f8b24106b80 0x7f8b2419bc60 unknown :-1 s=HELLO_CONNECTING pgs=0 cs=0 l=1 rev1=1 crypto rx=0 tx=0 comp rx=0 tx=0).handle_hello peer v2:172.21.15.45:3300/0 says I am v2:172.21.15.45:35302/0 (socket says 172.21.15.45:35302)
2024-04-25T00:12:26.976 INFO:teuthology.orchestra.run.smithi045.stdout:/usr/bin/ceph: stderr
2024-04-25T00:12:20.247+0000 7f8b2a05a700 1 -- 172.21.15.45:0/1471115826 learned_addr learned my addr 172.21.15.45:0/1471115826 (peer_addr_for_me v2:172.21.15.45:0/0)
2024-04-25T00:12:26.976 INFO:teuthology.orchestra.run.smithi045.stdout:/usr/bin/ceph: stderr
2024-04-25T00:12:20.248+0000 7f8b2a05a700 1 -- 172.21.15.45:0/1471115826 --> [v2:172.21.15.45:3300/0,v1:172.21.15.45:6789/0] -- mon_subscribe({config=0+,monmap=0+}) -- 0x7f8b2419c1a0 con 0x7f8b24106b80
2024-04-25T00:12:26.977 INFO:teuthology.orchestra.run.smithi045.stdout:/usr/bin/ceph: stderr
2024-04-25T00:12:20.248+0000 7f8b2a05a700 1 --2- 172.21.15.45:0/1471115826 >> [v2:172.21.15.45:3300/0,v1:172.21.15.45:6789/0] conn(0x7f8b24106b80 0x7f8b2419bc60 secure :-1 s=READY pgs=60 cs=0 l=1 rev1=1 crypto rx=0x7f8b200116a0 tx=0x7f8b20011ba0 comp rx=0 tx=0).ready entity=mon.0 client_cookie=0 server_cookie=0 in_seq=0 out_seq=0
2024-04-25T00:12:26.977 INFO:teuthology.orchestra.run.smithi045.stdout:/usr/bin/ceph: stderr
2024-04-25T00:12:20.248+0000 7f8b1b7fe700 1 -- 172.21.15.45:0/1471115826 <== mon.0 v2:172.21.15.45:3300/0 1 ==== mon_map magic: 0 ==== 205+0+0 (secure 0 0 0) 0x7f8b20003a40 con 0x7f8b24106b80
2024-04-25T00:12:26.977 INFO:teuthology.orchestra.run.smithi045.stdout:/usr/bin/ceph: stderr
2024-04-25T00:12:20.248+0000 7f8b2c2be700 1 -- 172.21.15.45:0/1471115826 --> [v2:172.21.15.45:3300/0,v1:172.21.15.45:6789/0] -- mon_subscribe({mgrmap=0+}) -- 0x7f8b2419c430 con 0x7f8b24106b80
2024-04-25T00:12:26.977 INFO:teuthology.orchestra.run.smithi045.stdout:/usr/bin/ceph: stderr
2024-04-25T00:12:20.248+0000 7f8b1b7fe700 1 -- 172.21.15.45:0/1471115826 <== mon.0 v2:172.21.15.45:3300/0 2 ==== config(27 keys) ==== 1140+0+0 (secure 0 0 0) 0x7f8b20003be0 con 0x7f8b24106b80
2024-04-25T00:12:26.977 INFO:teuthology.orchestra.run.smithi045.stdout:/usr/bin/ceph: stderr
2024-04-25T00:12:20.248+0000 7f8b1b7fe700 1 -- 172.21.15.45:0/1471115826 <== mon.0 v2:172.21.15.45:3300/0 3 ==== mon_map magic: 0 ==== 205+0+0 (secure 0 0 0) 0x7f8b2001a720 con 0x7f8b24106b80
2024-04-25T00:12:26.977 INFO:teuthology.orchestra.run.smithi045.stdout:/usr/bin/ceph: stderr
2024-04-25T00:12:20.248+0000 7f8b2c2be700 1 -- 172.21.15.45:0/1471115826 --> [v2:172.21.15.45:3300/0,v1:172.21.15.45:6789/0] -- mon_subscribe({osdmap=0}) -- 0x7f8b2419c890 con 0x7f8b24106b80
2024-04-25T00:12:26.977 INFO:teuthology.orchestra.run.smithi045.stdout:/usr/bin/ceph: stderr
2024-04-25T00:12:20.249+0000 7f8b1b7fe700 1 -- 172.21.15.45:0/1471115826 <== mon.0 v2:172.21.15.45:3300/0 4 ==== mgrmap(e 9) ==== 46300+0+0 (secure 0 0 0) 0x7f8b20024aa0 con 0x7f8b24106b80
2024-04-25T00:12:26.977 INFO:teuthology.orchestra.run.smithi045.stdout:/usr/bin/ceph: stderr
2024-04-25T00:12:20.249+0000 7f8b1b7fe700 1 --2- 172.21.15.45:0/1471115826 >> [v2:172.21.15.45:6800/1299966585,v1:172.21.15.45:6801/1299966585] conn(0x7f8b10039050 0x7f8b1003b510 unknown :-1 s=NONE pgs=0 cs=0 l=1 rev1=0 crypto rx=0 tx=0 comp rx=0 tx=0).connect
2024-04-25T00:12:26.977 INFO:teuthology.orchestra.run.smithi045.stdout:/usr/bin/ceph: stderr
2024-04-25T00:12:20.249+0000 7f8b1b7fe700 1 -- 172.21.15.45:0/1471115826 --> [v2:172.21.15.45:6800/1299966585,v1:172.21.15.45:6801/1299966585] -- command(tid 0: {"prefix": "get_command_descriptions"}) -- 0x7f8b1003bc20 con 0x7f8b10039050
2024-04-25T00:12:26.977 INFO:teuthology.orchestra.run.smithi045.stdout:/usr/bin/ceph: stderr
2024-04-25T00:12:20.249+0000 7f8b1b7fe700 1 -- 172.21.15.45:0/1471115826 <== mon.0 v2:172.21.15.45:3300/0 5 ==== osd_map(2..2 src has 1..2) ==== 940+0+0 (secure 0 0 0) 0x7f8b2004d700 con 0x7f8b24106b80
2024-04-25T00:12:26.977 INFO:teuthology.orchestra.run.smithi045.stdout:/usr/bin/ceph: stderr
2024-04-25T00:12:20.249+0000 7f8b29859700 1 -- 172.21.15.45:0/1471115826 >> [v2:172.21.15.45:6800/1299966585,v1:172.21.15.45:6801/1299966585] conn(0x7f8b10039050 msgr2=0x7f8b1003b510 unknown :-1 s=STATE_CONNECTING_RE l=1).process reconnect failed to v2:172.21.15.45:6800/1299966585
2024-04-25T00:12:26.977 INFO:teuthology.orchestra.run.smithi045.stdout:/usr/bin/ceph: stderr
2024-04-25T00:12:20.249+0000 7f8b29859700 1 --2- 172.21.15.45:0/1471115826 >> [v2:172.21.15.45:6800/1299966585,v1:172.21.15.45:6801/1299966585] conn(0x7f8b10039050 0x7f8b1003b510 unknown :-1 s=START_CONNECT pgs=0 cs=0 l=1 rev1=0 crypto rx=0 tx=0 comp rx=0 tx=0)._fault waiting 0.200000
2024-04-25T00:12:26.977 INFO:teuthology.orchestra.run.smithi045.stdout:/usr/bin/ceph: stderr
2024-04-25T00:12:20.450+0000 7f8b29859700 1 -- 172.21.15.45:0/1471115826 >> [v2:172.21.15.45:6800/1299966585,v1:172.21.15.45:6801/1299966585] conn(0x7f8b10039050 msgr2=0x7f8b1003b510 unknown :-1 s=STATE_CONNECTING_RE l=1).process reconnect failed to v2:172.21.15.45:6800/1299966585
2024-04-25T00:12:26.977 INFO:teuthology.orchestra.run.smithi045.stdout:/usr/bin/ceph: stderr
2024-04-25T00:12:20.450+0000 7f8b29859700 1 --2- 172.21.15.45:0/1471115826 >> [v2:172.21.15.45:6800/1299966585,v1:172.21.15.45:6801/1299966585] conn(0x7f8b10039050 0x7f8b1003b510 unknown :-1 s=START_CONNECT pgs=0 cs=0 l=1 rev1=0 crypto rx=0 tx=0 comp rx=0 tx=0)._fault waiting 0.400000
2024-04-25T00:12:26.977 INFO:teuthology.orchestra.run.smithi045.stdout:/usr/bin/ceph: stderr
2024-04-25T00:12:20.851+0000 7f8b29859700 1 -- 172.21.15.45:0/1471115826 >> [v2:172.21.15.45:6800/1299966585,v1:172.21.15.45:6801/1299966585] conn(0x7f8b10039050 msgr2=0x7f8b1003b510 unknown :-1 s=STATE_CONNECTING_RE l=1).process reconnect failed to v2:172.21.15.45:6800/1299966585
2024-04-25T00:12:26.978 INFO:teuthology.orchestra.run.smithi045.stdout:/usr/bin/ceph: stderr
2024-04-25T00:12:20.851+0000 7f8b29859700 1 --2- 172.21.15.45:0/1471115826 >> [v2:172.21.15.45:6800/1299966585,v1:172.21.15.45:6801/1299966585] conn(0x7f8b10039050 0x7f8b1003b510 unknown :-1 s=START_CONNECT pgs=0 cs=0 l=1 rev1=0 crypto rx=0 tx=0 comp rx=0 tx=0)._fault waiting 0.800000
2024-04-25T00:12:26.978 INFO:teuthology.orchestra.run.smithi045.stdout:/usr/bin/ceph: stderr
2024-04-25T00:12:21.652+0000 7f8b29859700 1 -- 172.21.15.45:0/1471115826 >> [v2:172.21.15.45:6800/1299966585,v1:172.21.15.45:6801/1299966585] conn(0x7f8b10039050 msgr2=0x7f8b1003b510 unknown :-1 s=STATE_CONNECTING_RE l=1).process reconnect failed to v2:172.21.15.45:6800/1299966585
2024-04-25T00:12:26.978 INFO:teuthology.orchestra.run.smithi045.stdout:/usr/bin/ceph: stderr
2024-04-25T00:12:21.652+0000 7f8b29859700 1 --2- 172.21.15.45:0/1471115826 >> [v2:172.21.15.45:6800/1299966585,v1:172.21.15.45:6801/1299966585] conn(0x7f8b10039050 0x7f8b1003b510 unknown :-1 s=START_CONNECT pgs=0 cs=0 l=1 rev1=0 crypto rx=0 tx=0 comp rx=0 tx=0)._fault waiting 1.600000
2024-04-25T00:12:26.978 INFO:teuthology.orchestra.run.smithi045.stdout:/usr/bin/ceph: stderr
2024-04-25T00:12:23.253+0000 7f8b29859700 1 -- 172.21.15.45:0/1471115826 >> [v2:172.21.15.45:6800/1299966585,v1:172.21.15.45:6801/1299966585] conn(0x7f8b10039050 msgr2=0x7f8b1003b510 unknown :-1 s=STATE_CONNECTING_RE l=1).process reconnect failed to v2:172.21.15.45:6800/1299966585
2024-04-25T00:12:26.978 INFO:teuthology.orchestra.run.smithi045.stdout:/usr/bin/ceph: stderr
2024-04-25T00:12:23.253+0000 7f8b29859700 1 --2- 172.21.15.45:0/1471115826 >> [v2:172.21.15.45:6800/1299966585,v1:172.21.15.45:6801/1299966585] conn(0x7f8b10039050 0x7f8b1003b510 unknown :-1 s=START_CONNECT pgs=0 cs=0 l=1 rev1=0 crypto rx=0 tx=0 comp rx=0 tx=0)._fault waiting 3.200000
2024-04-25T00:12:26.978 INFO:teuthology.orchestra.run.smithi045.stdout:/usr/bin/ceph: stderr
2024-04-25T00:12:25.176+0000 7f8b1b7fe700 1 -- 172.21.15.45:0/1471115826 <== mon.0 v2:172.21.15.45:3300/0 6 ==== mgrmap(e 10) ==== 46067+0+0 (secure 0 0 0) 0x7f8b20024430 con 0x7f8b24106b80
2024-04-25T00:12:26.978 INFO:teuthology.orchestra.run.smithi045.stdout:/usr/bin/ceph: stderr
2024-04-25T00:12:25.176+0000 7f8b1b7fe700 1 -- 172.21.15.45:0/1471115826 >> [v2:172.21.15.45:6800/1299966585,v1:172.21.15.45:6801/1299966585] conn(0x7f8b10039050 msgr2=0x7f8b1003b510 unknown :-1 s=STATE_CONNECTING l=1).mark_down
2024-04-25T00:12:26.978 INFO:teuthology.orchestra.run.smithi045.stdout:/usr/bin/ceph: stderr
2024-04-25T00:12:25.176+0000 7f8b1b7fe700 1 --2- 172.21.15.45:0/1471115826 >> [v2:172.21.15.45:6800/1299966585,v1:172.21.15.45:6801/1299966585] conn(0x7f8b10039050 0x7f8b1003b510 unknown :-1 s=START_CONNECT pgs=0 cs=0 l=1 rev1=0 crypto rx=0 tx=0 comp rx=0 tx=0).stop
2024-04-25T00:12:26.978 INFO:teuthology.orchestra.run.smithi045.stdout:/usr/bin/ceph: stderr
2024-04-25T00:12:26.178+0000 7f8b1b7fe700 1 -- 172.21.15.45:0/1471115826 <== mon.0 v2:172.21.15.45:3300/0 7 ==== mgrmap(e 11) ==== 46194+0+0 (secure 0 0 0) 0x7f8b2004ef70 con 0x7f8b24106b80
2024-04-25T00:12:26.978 INFO:teuthology.orchestra.run.smithi045.stdout:/usr/bin/ceph: stderr
2024-04-25T00:12:26.178+0000 7f8b1b7fe700 1 --2- 172.21.15.45:0/1471115826 >> [v2:172.21.15.45:6800/3305016128,v1:172.21.15.45:6801/3305016128] conn(0x7f8b1003cb10 0x7f8b1003ef00 unknown :-1 s=NONE pgs=0 cs=0 l=1 rev1=0 crypto rx=0 tx=0 comp rx=0 tx=0).connect
2024-04-25T00:12:26.978 INFO:teuthology.orchestra.run.smithi045.stdout:/usr/bin/ceph: stderr
2024-04-25T00:12:26.178+0000 7f8b1b7fe700 1 -- 172.21.15.45:0/1471115826 --> [v2:172.21.15.45:6800/3305016128,v1:172.21.15.45:6801/3305016128] -- command(tid 0: {"prefix": "get_command_descriptions"}) -- 0x7f8b20020ec0 con 0x7f8b1003cb10
2024-04-25T00:12:26.978 INFO:teuthology.orchestra.run.smithi045.stdout:/usr/bin/ceph: stderr
2024-04-25T00:12:26.179+0000 7f8b29859700 1 --2- 172.21.15.45:0/1471115826 >> [v2:172.21.15.45:6800/3305016128,v1:172.21.15.45:6801/3305016128] conn(0x7f8b1003cb10 0x7f8b1003ef00 unknown :-1 s=BANNER_CONNECTING pgs=0 cs=0 l=1 rev1=0 crypto rx=0 tx=0 comp rx=0 tx=0)._handle_peer_banner_payload supported=3 required=0
2024-04-25T00:12:26.978 INFO:teuthology.orchestra.run.smithi045.stdout:/usr/bin/ceph: stderr
2024-04-25T00:12:26.179+0000 7f8b29859700 1 --2- 172.21.15.45:0/1471115826 >> [v2:172.21.15.45:6800/3305016128,v1:172.21.15.45:6801/3305016128] conn(0x7f8b1003cb10 0x7f8b1003ef00 secure :-1 s=READY pgs=2 cs=0 l=1 rev1=1 crypto rx=0x7f8b14003a10 tx=0x7f8b140092b0 comp rx=0 tx=0).ready entity=mgr.14150 client_cookie=0 server_cookie=0 in_seq=0 out_seq=0
2024-04-25T00:12:26.978 INFO:teuthology.orchestra.run.smithi045.stdout:/usr/bin/ceph: stderr
2024-04-25T00:12:26.180+0000 7f8b1b7fe700 1 -- 172.21.15.45:0/1471115826 <== mgr.14150 v2:172.21.15.45:6800/3305016128 1 ==== command_reply(tid 0: 0 ) ==== 8+0+7774 (secure 0 0 0) 0x7f8b20020ec0 con 0x7f8b1003cb10
2024-04-25T00:12:26.978 INFO:teuthology.orchestra.run.smithi045.stdout:/usr/bin/ceph: stderr
2024-04-25T00:12:26.187+0000 7f8b2c2be700 1 -- 172.21.15.45:0/1471115826 --> [v2:172.21.15.45:6800/3305016128,v1:172.21.15.45:6801/3305016128] -- command(tid 1: {"prefix": "mgr_status"}) -- 0x7f8b24063890 con 0x7f8b1003cb10
2024-04-25T00:12:26.979 INFO:teuthology.orchestra.run.smithi045.stdout:/usr/bin/ceph: stderr
2024-04-25T00:12:26.187+0000 7f8b1b7fe700 1 -- 172.21.15.45:0/1471115826 <== mgr.14150 v2:172.21.15.45:6800/3305016128 2 ==== command_reply(tid 1: 0 ) ==== 8+0+52 (secure 0 0 0) 0x7f8b24063890 con 0x7f8b1003cb10
2024-04-25T00:12:26.979 INFO:teuthology.orchestra.run.smithi045.stdout:/usr/bin/ceph: stderr
2024-04-25T00:12:26.187+0000 7f8b2c2be700 1 -- 172.21.15.45:0/1471115826 >> [v2:172.21.15.45:6800/3305016128,v1:172.21.15.45:6801/3305016128] conn(0x7f8b1003cb10 msgr2=0x7f8b1003ef00 secure :-1 s=STATE_CONNECTION_ESTABLISHED l=1).mark_down
2024-04-25T00:12:26.979 INFO:teuthology.orchestra.run.smithi045.stdout:/usr/bin/ceph: stderr
2024-04-25T00:12:26.187+0000 7f8b2c2be700 1 --2- 172.21.15.45:0/1471115826 >> [v2:172.21.15.45:6800/3305016128,v1:172.21.15.45:6801/3305016128] conn(0x7f8b1003cb10 0x7f8b1003ef00 secure :-1 s=READY pgs=2 cs=0 l=1 rev1=1 crypto rx=0x7f8b14003a10 tx=0x7f8b140092b0 comp rx=0 tx=0).stop
2024-04-25T00:12:26.979 INFO:teuthology.orchestra.run.smithi045.stdout:/usr/bin/ceph: stderr
2024-04-25T00:12:26.187+0000 7f8b2c2be700 1 -- 172.21.15.45:0/1471115826 >> [v2:172.21.15.45:3300/0,v1:172.21.15.45:6789/0] conn(0x7f8b24106b80 msgr2=0x7f8b2419bc60 secure :-1 s=STATE_CONNECTION_ESTABLISHED l=1).mark_down
2024-04-25T00:12:26.979 INFO:teuthology.orchestra.run.smithi045.stdout:/usr/bin/ceph: stderr
2024-04-25T00:12:26.187+0000 7f8b2c2be700 1 --2- 172.21.15.45:0/1471115826 >> [v2:172.21.15.45:3300/0,v1:172.21.15.45:6789/0] conn(0x7f8b24106b80 0x7f8b2419bc60 secure :-1 s=READY pgs=60 cs=0 l=1 rev1=1 crypto rx=0x7f8b200116a0 tx=0x7f8b20011ba0 comp rx=0 tx=0).stop
2024-04-25T00:12:26.979 INFO:teuthology.orchestra.run.smithi045.stdout:/usr/bin/ceph: stderr
2024-04-25T00:12:26.187+0000 7f8b2c2be700 1 -- 172.21.15.45:0/1471115826 shutdown_connections
2024-04-25T00:12:26.979 INFO:teuthology.orchestra.run.smithi045.stdout:/usr/bin/ceph: stderr
2024-04-25T00:12:26.187+0000 7f8b2c2be700 1 --2- 172.21.15.45:0/1471115826 >> [v2:172.21.15.45:6800/3305016128,v1:172.21.15.45:6801/3305016128] conn(0x7f8b1003cb10 0x7f8b1003ef00 unknown :-1 s=CLOSED pgs=2 cs=0 l=1 rev1=1 crypto rx=0 tx=0 comp rx=0 tx=0).stop
2024-04-25T00:12:26.979 INFO:teuthology.orchestra.run.smithi045.stdout:/usr/bin/ceph: stderr
2024-04-25T00:12:26.187+0000 7f8b2c2be700 1 --2- 172.21.15.45:0/1471115826 >> [v2:172.21.15.45:3300/0,v1:172.21.15.45:6789/0] conn(0x7f8b24106b80 0x7f8b2419bc60 unknown :-1 s=CLOSED pgs=60 cs=0 l=1 rev1=1 crypto rx=0 tx=0 comp rx=0 tx=0).stop
2024-04-25T00:12:26.979 INFO:teuthology.orchestra.run.smithi045.stdout:/usr/bin/ceph: stderr
2024-04-25T00:12:26.187+0000 7f8b2c2be700 1 --2- 172.21.15.45:0/1471115826 >> [v2:172.21.15.45:6800/1299966585,v1:172.21.15.45:6801/1299966585] conn(0x7f8b10039050 0x7f8b1003b510 unknown :-1 s=CLOSED pgs=0 cs=0 l=1 rev1=0 crypto rx=0 tx=0 comp rx=0 tx=0).stop
2024-04-25T00:12:26.979 INFO:teuthology.orchestra.run.smithi045.stdout:/usr/bin/ceph: stderr
2024-04-25T00:12:26.187+0000 7f8b2c2be700 1 -- 172.21.15.45:0/1471115826 >> 172.21.15.45:0/1471115826 conn(0x7f8b24102100 msgr2=0x7f8b24102fd0 unknown :-1 s=STATE_NONE l=0).mark_down
