2024-04-25T00:21:08.427+0000 7f4bb2ffd700 1 -- 172.21.15.31:0/1931841095 <== mon.0 v2:172.21.15.31:3300/0 1 ==== mon_map magic: 0 ==== 205+0+0 (secure 0 0 0) 0x7f4ba4004160 con 0x7f4bb4108620
2024-04-25T00:21:15.192 INFO:teuthology.orchestra.run.smithi031.stdout:/usr/bin/ceph: stderr
2024-04-25T00:21:08.427+0000 7f4bb2ffd700 1 -- 172.21.15.31:0/1931841095 <== mon.0 v2:172.21.15.31:3300/0 2 ==== config(26 keys) ==== 1102+0+0 (secure 0 0 0) 0x7f4ba4004300 con 0x7f4bb4108620
2024-04-25T00:21:15.192 INFO:teuthology.orchestra.run.smithi031.stdout:/usr/bin/ceph: stderr
2024-04-25T00:21:08.427+0000 7f4bb2ffd700 1 -- 172.21.15.31:0/1931841095 <== mon.0 v2:172.21.15.31:3300/0 3 ==== mon_map magic: 0 ==== 205+0+0 (secure 0 0 0) 0x7f4ba4011a50 con 0x7f4bb4108620
2024-04-25T00:21:15.192 INFO:teuthology.orchestra.run.smithi031.stdout:/usr/bin/ceph: stderr
2024-04-25T00:21:08.427+0000 7f4bba9c0700 1 -- 172.21.15.31:0/1931841095 >> [v2:172.21.15.31:3300/0,v1:172.21.15.31:6789/0] conn(0x7f4bb4108620 msgr2=0x7f4bb410aa10 secure :-1 s=STATE_CONNECTION_ESTABLISHED l=1).mark_down
2024-04-25T00:21:15.192 INFO:teuthology.orchestra.run.smithi031.stdout:/usr/bin/ceph: stderr
2024-04-25T00:21:08.427+0000 7f4bba9c0700 1 --2- 172.21.15.31:0/1931841095 >> [v2:172.21.15.31:3300/0,v1:172.21.15.31:6789/0] conn(0x7f4bb4108620 0x7f4bb410aa10 secure :-1 s=READY pgs=59 cs=0 l=1 rev1=1 crypto rx=0x7f4ba40098a0 tx=0x7f4ba4009bb0 comp rx=0 tx=0).stop
2024-04-25T00:21:15.192 INFO:teuthology.orchestra.run.smithi031.stdout:/usr/bin/ceph: stderr
2024-04-25T00:21:08.427+0000 7f4bba9c0700 1 -- 172.21.15.31:0/1931841095 shutdown_connections
2024-04-25T00:21:15.193 INFO:teuthology.orchestra.run.smithi031.stdout:/usr/bin/ceph: stderr
2024-04-25T00:21:08.427+0000 7f4bba9c0700 1 --2- 172.21.15.31:0/1931841095 >> [v2:172.21.15.31:3300/0,v1:172.21.15.31:6789/0] conn(0x7f4bb4108620 0x7f4bb410aa10 unknown :-1 s=CLOSED pgs=59 cs=0 l=1 rev1=1 crypto rx=0 tx=0 comp rx=0 tx=0).stop
2024-04-25T00:21:15.193 INFO:teuthology.orchestra.run.smithi031.stdout:/usr/bin/ceph: stderr
2024-04-25T00:21:08.427+0000 7f4bba9c0700 1 -- 172.21.15.31:0/1931841095 >> 172.21.15.31:0/1931841095 conn(0x7f4bb4101ff0 msgr2=0x7f4bb4104430 unknown :-1 s=STATE_NONE l=0).mark_down
2024-04-25T00:21:15.193 INFO:teuthology.orchestra.run.smithi031.stdout:/usr/bin/ceph: stderr
2024-04-25T00:21:08.427+0000 7f4bba9c0700 1 -- 172.21.15.31:0/1931841095 shutdown_connections
2024-04-25T00:21:15.193 INFO:teuthology.orchestra.run.smithi031.stdout:/usr/bin/ceph: stderr
2024-04-25T00:21:08.427+0000 7f4bba9c0700 1 -- 172.21.15.31:0/1931841095 wait complete.
2024-04-25T00:21:15.193 INFO:teuthology.orchestra.run.smithi031.stdout:/usr/bin/ceph: stderr
2024-04-25T00:21:08.428+0000 7f4bba9c0700 1 Processor -- start
2024-04-25T00:21:15.193 INFO:teuthology.orchestra.run.smithi031.stdout:/usr/bin/ceph: stderr
2024-04-25T00:21:08.428+0000 7f4bba9c0700 1 -- start start
2024-04-25T00:21:15.193 INFO:teuthology.orchestra.run.smithi031.stdout:/usr/bin/ceph: stderr
2024-04-25T00:21:08.428+0000 7f4bba9c0700 1 --2- >> [v2:172.21.15.31:3300/0,v1:172.21.15.31:6789/0] conn(0x7f4bb4108620 0x7f4bb419ba00 unknown :-1 s=NONE pgs=0 cs=0 l=1 rev1=0 crypto rx=0 tx=0 comp rx=0 tx=0).connect
2024-04-25T00:21:15.193 INFO:teuthology.orchestra.run.smithi031.stdout:/usr/bin/ceph: stderr
2024-04-25T00:21:08.428+0000 7f4bba9c0700 1 -- --> [v2:172.21.15.31:3300/0,v1:172.21.15.31:6789/0] -- mon_getmap magic: 0 -- 0x7f4bb410bf00 con 0x7f4bb4108620
2024-04-25T00:21:15.193 INFO:teuthology.orchestra.run.smithi031.stdout:/usr/bin/ceph: stderr
2024-04-25T00:21:08.429+0000 7f4bb3fff700 1 --2- >> [v2:172.21.15.31:3300/0,v1:172.21.15.31:6789/0] conn(0x7f4bb4108620 0x7f4bb419ba00 unknown :-1 s=BANNER_CONNECTING pgs=0 cs=0 l=1 rev1=0 crypto rx=0 tx=0 comp rx=0 tx=0)._handle_peer_banner_payload supported=3 required=0
2024-04-25T00:21:15.193 INFO:teuthology.orchestra.run.smithi031.stdout:/usr/bin/ceph: stderr
2024-04-25T00:21:08.429+0000 7f4bb3fff700 1 --2- >> [v2:172.21.15.31:3300/0,v1:172.21.15.31:6789/0] conn(0x7f4bb4108620 0x7f4bb419ba00 unknown :-1 s=HELLO_CONNECTING pgs=0 cs=0 l=1 rev1=1 crypto rx=0 tx=0 comp rx=0 tx=0).handle_hello peer v2:172.21.15.31:3300/0 says I am v2:172.21.15.31:57236/0 (socket says 172.21.15.31:57236)
2024-04-25T00:21:15.193 INFO:teuthology.orchestra.run.smithi031.stdout:/usr/bin/ceph: stderr
2024-04-25T00:21:08.429+0000 7f4bb3fff700 1 -- 172.21.15.31:0/3137532828 learned_addr learned my addr 172.21.15.31:0/3137532828 (peer_addr_for_me v2:172.21.15.31:0/0)
2024-04-25T00:21:15.193 INFO:teuthology.orchestra.run.smithi031.stdout:/usr/bin/ceph: stderr
2024-04-25T00:21:08.429+0000 7f4bb3fff700 1 -- 172.21.15.31:0/3137532828 --> [v2:172.21.15.31:3300/0,v1:172.21.15.31:6789/0] -- mon_subscribe({config=0+,monmap=0+}) -- 0x7f4bb419bf40 con 0x7f4bb4108620
2024-04-25T00:21:15.193 INFO:teuthology.orchestra.run.smithi031.stdout:/usr/bin/ceph: stderr
2024-04-25T00:21:08.429+0000 7f4bb3fff700 1 --2- 172.21.15.31:0/3137532828 >> [v2:172.21.15.31:3300/0,v1:172.21.15.31:6789/0] conn(0x7f4bb4108620 0x7f4bb419ba00 secure :-1 s=READY pgs=60 cs=0 l=1 rev1=1 crypto rx=0x7f4ba4011a20 tx=0x7f4ba4011b00 comp rx=0 tx=0).ready entity=mon.0 client_cookie=0 server_cookie=0 in_seq=0 out_seq=0
2024-04-25T00:21:15.193 INFO:teuthology.orchestra.run.smithi031.stdout:/usr/bin/ceph: stderr
2024-04-25T00:21:08.429+0000 7f4bb17fa700 1 -- 172.21.15.31:0/3137532828 <== mon.0 v2:172.21.15.31:3300/0 1 ==== mon_map magic: 0 ==== 205+0+0 (secure 0 0 0) 0x7f4ba4003b70 con 0x7f4bb4108620
2024-04-25T00:21:15.194 INFO:teuthology.orchestra.run.smithi031.stdout:/usr/bin/ceph: stderr
2024-04-25T00:21:08.429+0000 7f4bb17fa700 1 -- 172.21.15.31:0/3137532828 <== mon.0 v2:172.21.15.31:3300/0 2 ==== config(26 keys) ==== 1102+0+0 (secure 0 0 0) 0x7f4ba401a8e0 con 0x7f4bb4108620
2024-04-25T00:21:15.194 INFO:teuthology.orchestra.run.smithi031.stdout:/usr/bin/ceph: stderr
2024-04-25T00:21:08.429+0000 7f4bba9c0700 1 -- 172.21.15.31:0/3137532828 --> [v2:172.21.15.31:3300/0,v1:172.21.15.31:6789/0] -- mon_subscribe({mgrmap=0+}) -- 0x7f4bb419c1d0 con 0x7f4bb4108620
2024-04-25T00:21:15.194 INFO:teuthology.orchestra.run.smithi031.stdout:/usr/bin/ceph: stderr
2024-04-25T00:21:08.429+0000 7f4bb17fa700 1 -- 172.21.15.31:0/3137532828 <== mon.0 v2:172.21.15.31:3300/0 3 ==== mon_map magic: 0 ==== 205+0+0 (secure 0 0 0) 0x7f4ba4024990 con 0x7f4bb4108620
2024-04-25T00:21:15.194 INFO:teuthology.orchestra.run.smithi031.stdout:/usr/bin/ceph: stderr
2024-04-25T00:21:08.429+0000 7f4bba9c0700 1 -- 172.21.15.31:0/3137532828 --> [v2:172.21.15.31:3300/0,v1:172.21.15.31:6789/0] -- mon_subscribe({osdmap=0}) -- 0x7f4bb419eec0 con 0x7f4bb4108620
2024-04-25T00:21:15.194 INFO:teuthology.orchestra.run.smithi031.stdout:/usr/bin/ceph: stderr
2024-04-25T00:21:08.430+0000 7f4bb17fa700 1 -- 172.21.15.31:0/3137532828 <== mon.0 v2:172.21.15.31:3300/0 4 ==== mgrmap(e 9) ==== 46300+0+0 (secure 0 0 0) 0x7f4ba4022020 con 0x7f4bb4108620
2024-04-25T00:21:15.194 INFO:teuthology.orchestra.run.smithi031.stdout:/usr/bin/ceph: stderr
2024-04-25T00:21:08.431+0000 7f4bb17fa700 1 --2- 172.21.15.31:0/3137532828 >> [v2:172.21.15.31:6800/3443312222,v1:172.21.15.31:6801/3443312222] conn(0x7f4b9c039050 0x7f4b9c03b510 unknown :-1 s=NONE pgs=0 cs=0 l=1 rev1=0 crypto rx=0 tx=0 comp rx=0 tx=0).connect
2024-04-25T00:21:15.194 INFO:teuthology.orchestra.run.smithi031.stdout:/usr/bin/ceph: stderr
2024-04-25T00:21:08.431+0000 7f4bb17fa700 1 -- 172.21.15.31:0/3137532828 --> [v2:172.21.15.31:6800/3443312222,v1:172.21.15.31:6801/3443312222] -- command(tid 0: {"prefix": "get_command_descriptions"}) -- 0x7f4b9c03bc20 con 0x7f4b9c039050
2024-04-25T00:21:15.194 INFO:teuthology.orchestra.run.smithi031.stdout:/usr/bin/ceph: stderr
2024-04-25T00:21:08.431+0000 7f4bb17fa700 1 -- 172.21.15.31:0/3137532828 <== mon.0 v2:172.21.15.31:3300/0 5 ==== osd_map(2..2 src has 1..2) ==== 940+0+0 (secure 0 0 0) 0x7f4ba404d3f0 con 0x7f4bb4108620
2024-04-25T00:21:15.194 INFO:teuthology.orchestra.run.smithi031.stdout:/usr/bin/ceph: stderr
2024-04-25T00:21:08.431+0000 7f4bb37fe700 1 -- 172.21.15.31:0/3137532828 >> [v2:172.21.15.31:6800/3443312222,v1:172.21.15.31:6801/3443312222] conn(0x7f4b9c039050 msgr2=0x7f4b9c03b510 unknown :-1 s=STATE_CONNECTING_RE l=1).process reconnect failed to v2:172.21.15.31:6800/3443312222
2024-04-25T00:21:15.194 INFO:teuthology.orchestra.run.smithi031.stdout:/usr/bin/ceph: stderr
2024-04-25T00:21:08.431+0000 7f4bb37fe700 1 --2- 172.21.15.31:0/3137532828 >> [v2:172.21.15.31:6800/3443312222,v1:172.21.15.31:6801/3443312222] conn(0x7f4b9c039050 0x7f4b9c03b510 unknown :-1 s=START_CONNECT pgs=0 cs=0 l=1 rev1=0 crypto rx=0 tx=0 comp rx=0 tx=0)._fault waiting 0.200000
2024-04-25T00:21:15.195 INFO:teuthology.orchestra.run.smithi031.stdout:/usr/bin/ceph: stderr
2024-04-25T00:21:08.632+0000 7f4bb37fe700 1 -- 172.21.15.31:0/3137532828 >> [v2:172.21.15.31:6800/3443312222,v1:172.21.15.31:6801/3443312222] conn(0x7f4b9c039050 msgr2=0x7f4b9c03b510 unknown :-1 s=STATE_CONNECTING_RE l=1).process reconnect failed to v2:172.21.15.31:6800/3443312222
2024-04-25T00:21:15.195 INFO:teuthology.orchestra.run.smithi031.stdout:/usr/bin/ceph: stderr
2024-04-25T00:21:08.632+0000 7f4bb37fe700 1 --2- 172.21.15.31:0/3137532828 >> [v2:172.21.15.31:6800/3443312222,v1:172.21.15.31:6801/3443312222] conn(0x7f4b9c039050 0x7f4b9c03b510 unknown :-1 s=START_CONNECT pgs=0 cs=0 l=1 rev1=0 crypto rx=0 tx=0 comp rx=0 tx=0)._fault waiting 0.400000
2024-04-25T00:21:15.195 INFO:teuthology.orchestra.run.smithi031.stdout:/usr/bin/ceph: stderr
2024-04-25T00:21:09.033+0000 7f4bb37fe700 1 -- 172.21.15.31:0/3137532828 >> [v2:172.21.15.31:6800/3443312222,v1:172.21.15.31:6801/3443312222] conn(0x7f4b9c039050 msgr2=0x7f4b9c03b510 unknown :-1 s=STATE_CONNECTING_RE l=1).process reconnect failed to v2:172.21.15.31:6800/3443312222
2024-04-25T00:21:15.195 INFO:teuthology.orchestra.run.smithi031.stdout:/usr/bin/ceph: stderr
2024-04-25T00:21:09.033+0000 7f4bb37fe700 1 --2- 172.21.15.31:0/3137532828 >> [v2:172.21.15.31:6800/3443312222,v1:172.21.15.31:6801/3443312222] conn(0x7f4b9c039050 0x7f4b9c03b510 unknown :-1 s=START_CONNECT pgs=0 cs=0 l=1 rev1=0 crypto rx=0 tx=0 comp rx=0 tx=0)._fault waiting 0.800000
2024-04-25T00:21:15.195 INFO:teuthology.orchestra.run.smithi031.stdout:/usr/bin/ceph: stderr
2024-04-25T00:21:09.834+0000 7f4bb37fe700 1 -- 172.21.15.31:0/3137532828 >> [v2:172.21.15.31:6800/3443312222,v1:172.21.15.31:6801/3443312222] conn(0x7f4b9c039050 msgr2=0x7f4b9c03b510 unknown :-1 s=STATE_CONNECTING_RE l=1).process reconnect failed to v2:172.21.15.31:6800/3443312222
2024-04-25T00:21:15.195 INFO:teuthology.orchestra.run.smithi031.stdout:/usr/bin/ceph: stderr
2024-04-25T00:21:09.834+0000 7f4bb37fe700 1 --2- 172.21.15.31:0/3137532828 >> [v2:172.21.15.31:6800/3443312222,v1:172.21.15.31:6801/3443312222] conn(0x7f4b9c039050 0x7f4b9c03b510 unknown :-1 s=START_CONNECT pgs=0 cs=0 l=1 rev1=0 crypto rx=0 tx=0 comp rx=0 tx=0)._fault waiting 1.600000
2024-04-25T00:21:15.195 INFO:teuthology.orchestra.run.smithi031.stdout:/usr/bin/ceph: stderr
2024-04-25T00:21:11.436+0000 7f4bb37fe700 1 -- 172.21.15.31:0/3137532828 >> [v2:172.21.15.31:6800/3443312222,v1:172.21.15.31:6801/3443312222] conn(0x7f4b9c039050 msgr2=0x7f4b9c03b510 unknown :-1 s=STATE_CONNECTING_RE l=1).process reconnect failed to v2:172.21.15.31:6800/3443312222
2024-04-25T00:21:15.195 INFO:teuthology.orchestra.run.smithi031.stdout:/usr/bin/ceph: stderr
2024-04-25T00:21:11.436+0000 7f4bb37fe700 1 --2- 172.21.15.31:0/3137532828 >> [v2:172.21.15.31:6800/3443312222,v1:172.21.15.31:6801/3443312222] conn(0x7f4b9c039050 0x7f4b9c03b510 unknown :-1 s=START_CONNECT pgs=0 cs=0 l=1 rev1=0 crypto rx=0 tx=0 comp rx=0 tx=0)._fault waiting 3.200000
2024-04-25T00:21:15.195 INFO:teuthology.orchestra.run.smithi031.stdout:/usr/bin/ceph: stderr
2024-04-25T00:21:13.220+0000 7f4bb17fa700 1 -- 172.21.15.31:0/3137532828 <== mon.0 v2:172.21.15.31:3300/0 6 ==== mgrmap(e 10) ==== 46067+0+0 (secure 0 0 0) 0x7f4ba401aa90 con 0x7f4bb4108620
2024-04-25T00:21:15.195 INFO:teuthology.orchestra.run.smithi031.stdout:/usr/bin/ceph: stderr
2024-04-25T00:21:13.220+0000 7f4bb17fa700 1 -- 172.21.15.31:0/3137532828 >> [v2:172.21.15.31:6800/3443312222,v1:172.21.15.31:6801/3443312222] conn(0x7f4b9c039050 msgr2=0x7f4b9c03b510 unknown :-1 s=STATE_CONNECTING l=1).mark_down
2024-04-25T00:21:15.195 INFO:teuthology.orchestra.run.smithi031.stdout:/usr/bin/ceph: stderr
2024-04-25T00:21:13.220+0000 7f4bb17fa700 1 --2- 172.21.15.31:0/3137532828 >> [v2:172.21.15.31:6800/3443312222,v1:172.21.15.31:6801/3443312222] conn(0x7f4b9c039050 0x7f4b9c03b510 unknown :-1 s=START_CONNECT pgs=0 cs=0 l=1 rev1=0 crypto rx=0 tx=0 comp rx=0 tx=0).stop
2024-04-25T00:21:15.195 INFO:teuthology.orchestra.run.smithi031.stdout:/usr/bin/ceph: stderr
2024-04-25T00:21:14.221+0000 7f4bb17fa700 1 -- 172.21.15.31:0/3137532828 <== mon.0 v2:172.21.15.31:3300/0 7 ==== mgrmap(e 11) ==== 46194+0+0 (secure 0 0 0) 0x7f4ba404f230 con 0x7f4bb4108620
2024-04-25T00:21:15.195 INFO:teuthology.orchestra.run.smithi031.stdout:/usr/bin/ceph: stderr
2024-04-25T00:21:14.221+0000 7f4bb17fa700 1 --2- 172.21.15.31:0/3137532828 >> [v2:172.21.15.31:6800/2153348461,v1:172.21.15.31:6801/2153348461] conn(0x7f4b9c03cb10 0x7f4b9c03ef00 unknown :-1 s=NONE pgs=0 cs=0 l=1 rev1=0 crypto rx=0 tx=0 comp rx=0 tx=0).connect
2024-04-25T00:21:15.195 INFO:teuthology.orchestra.run.smithi031.stdout:/usr/bin/ceph: stderr
2024-04-25T00:21:14.221+0000 7f4bb17fa700 1 -- 172.21.15.31:0/3137532828 --> [v2:172.21.15.31:6800/2153348461,v1:172.21.15.31:6801/2153348461] -- command(tid 0: {"prefix": "get_command_descriptions"}) -- 0x7f4b9c03bc20 con 0x7f4b9c03cb10
2024-04-25T00:21:15.195 INFO:teuthology.orchestra.run.smithi031.stdout:/usr/bin/ceph: stderr
2024-04-25T00:21:14.222+0000 7f4bb37fe700 1 --2- 172.21.15.31:0/3137532828 >> [v2:172.21.15.31:6800/2153348461,v1:172.21.15.31:6801/2153348461] conn(0x7f4b9c03cb10 0x7f4b9c03ef00 unknown :-1 s=BANNER_CONNECTING pgs=0 cs=0 l=1 rev1=0 crypto rx=0 tx=0 comp rx=0 tx=0)._handle_peer_banner_payload supported=3 required=0
2024-04-25T00:21:15.196 INFO:teuthology.orchestra.run.smithi031.stdout:/usr/bin/ceph: stderr
2024-04-25T00:21:14.222+0000 7f4bb37fe700 1 --2- 172.21.15.31:0/3137532828 >> [v2:172.21.15.31:6800/2153348461,v1:172.21.15.31:6801/2153348461] conn(0x7f4b9c03cb10 0x7f4b9c03ef00 secure :-1 s=READY pgs=1 cs=0 l=1 rev1=1 crypto rx=0x7f4ba8003a10 tx=0x7f4ba80092b0 comp rx=0 tx=0).ready entity=mgr.14150 client_cookie=0 server_cookie=0 in_seq=0 out_seq=0
2024-04-25T00:21:15.196 INFO:teuthology.orchestra.run.smithi031.stdout:/usr/bin/ceph: stderr
2024-04-25T00:21:14.223+0000 7f4bb17fa700 1 -- 172.21.15.31:0/3137532828 <== mgr.14150 v2:172.21.15.31:6800/2153348461 1 ==== command_reply(tid 0: 0 ) ==== 8+0+7774 (secure 0 0 0) 0x7f4b9c03bc20 con 0x7f4b9c03cb10
2024-04-25T00:21:15.196 INFO:teuthology.orchestra.run.smithi031.stdout:/usr/bin/ceph: stderr
2024-04-25T00:21:14.230+0000 7f4bba9c0700 1 -- 172.21.15.31:0/3137532828 --> [v2:172.21.15.31:6800/2153348461,v1:172.21.15.31:6801/2153348461] -- command(tid 1: {"prefix": "mgr_status"}) -- 0x7f4bb4063890 con 0x7f4b9c03cb10
2024-04-25T00:21:15.196 INFO:teuthology.orchestra.run.smithi031.stdout:/usr/bin/ceph: stderr
2024-04-25T00:21:14.230+0000 7f4bb17fa700 1 -- 172.21.15.31:0/3137532828 <== mgr.14150 v2:172.21.15.31:6800/2153348461 2 ==== command_reply(tid 1: 0 ) ==== 8+0+52 (secure 0 0 0) 0x7f4bb4063890 con 0x7f4b9c03cb10
2024-04-25T00:21:15.196 INFO:teuthology.orchestra.run.smithi031.stdout:/usr/bin/ceph: stderr
2024-04-25T00:21:14.231+0000 7f4bba9c0700 1 -- 172.21.15.31:0/3137532828 >> [v2:172.21.15.31:6800/2153348461,v1:172.21.15.31:6801/2153348461] conn(0x7f4b9c03cb10 msgr2=0x7f4b9c03ef00 secure :-1 s=STATE_CONNECTION_ESTABLISHED l=1).mark_down
2024-04-25T00:21:15.196 INFO:teuthology.orchestra.run.smithi031.stdout:/usr/bin/ceph: stderr
2024-04-25T00:21:14.231+0000 7f4bba9c0700 1 --2- 172.21.15.31:0/3137532828 >> [v2:172.21.15.31:6800/2153348461,v1:172.21.15.31:6801/2153348461] conn(0x7f4b9c03cb10 0x7f4b9c03ef00 secure :-1 s=READY pgs=1 cs=0 l=1 rev1=1 crypto rx=0x7f4ba8003a10 tx=0x7f4ba80092b0 comp rx=0 tx=0).stop
2024-04-25T00:21:15.196 INFO:teuthology.orchestra.run.smithi031.stdout:/usr/bin/ceph: stderr
2024-04-25T00:21:14.231+0000 7f4bba9c0700 1 -- 172.21.15.31:0/3137532828 >> [v2:172.21.15.31:3300/0,v1:172.21.15.31:6789/0] conn(0x7f4bb4108620 msgr2=0x7f4bb419ba00 secure :-1 s=STATE_CONNECTION_ESTABLISHED l=1).mark_down
2024-04-25T00:21:15.196 INFO:teuthology.orchestra.run.smithi031.stdout:/usr/bin/ceph: stderr
2024-04-25T00:21:14.231+0000 7f4bba9c0700 1 --2- 172.21.15.31:0/3137532828 >> [v2:172.21.15.31:3300/0,v1:172.21.15.31:6789/0] conn(0x7f4bb4108620 0x7f4bb419ba00 secure :-1 s=READY pgs=60 cs=0 l=1 rev1=1 crypto rx=0x7f4ba4011a20 tx=0x7f4ba4011b00 comp rx=0 tx=0).stop
2024-04-25T00:21:15.196 INFO:teuthology.orchestra.run.smithi031.stdout:/usr/bin/ceph: stderr
2024-04-25T00:21:14.231+0000 7f4bba9c0700 1 -- 172.21.15.31:0/3137532828 shutdown_connections
2024-04-25T00:21:15.196 INFO:teuthology.orchestra.run.smithi031.stdout:/usr/bin/ceph: stderr
2024-04-25T00:21:14.231+0000 7f4bba9c0700 1 --2- 172.21.15.31:0/3137532828 >> [v2:172.21.15.31:6800/2153348461,v1:172.21.15.31:6801/2153348461] conn(0x7f4b9c03cb10 0x7f4b9c03ef00 unknown :-1 s=CLOSED pgs=1 cs=0 l=1 rev1=1 crypto rx=0 tx=0 comp rx=0 tx=0).stop
2024-04-25T00:21:15.196 INFO:teuthology.orchestra.run.smithi031.stdout:/usr/bin/ceph: stderr
2024-04-25T00:21:14.231+0000 7f4bba9c0700 1 --2- 172.21.15.31:0/3137532828 >> [v2:172.21.15.31:3300/0,v1:172.21.15.31:6789/0] conn(0x7f4bb4108620 0x7f4bb419ba00 unknown :-1 s=CLOSED pgs=60 cs=0 l=1 rev1=1 crypto rx=0 tx=0 comp rx=0 tx=0).stop
2024-04-25T00:21:15.196 INFO:teuthology.orchestra.run.smithi031.stdout:/usr/bin/ceph: stderr
2024-04-25T00:21:14.231+0000 7f4bba9c0700 1 --2- 172.21.15.31:0/3137532828 >> [v2:172.21.15.31:6800/3443312222,v1:172.21.15.31:6801/3443312222] conn(0x7f4b9c039050 0x7f4b9c03b510 unknown :-1 s=CLOSED pgs=0 cs=0 l=1 rev1=0 crypto rx=0 tx=0 comp rx=0 tx=0).stop
2024-04-25T00:21:15.196 INFO:teuthology.orchestra.run.smithi031.stdout:/usr/bin/ceph: stderr
2024-04-25T00:21:14.231+0000 7f4bba9c0700 1 -- 172.21.15.31:0/3137532828 >> 172.21.15.31:0/3137532828 conn(0x7f4bb4101ff0 msgr2=0x7f4bb4102a70 unknown :-1 s=STATE_NONE l=0).mark_down
2024-04-25T00:21:15.197 INFO:teuthology.orchestra.run.smithi031.stdout:/usr/bin/ceph: stderr
2024-04-25T00:21:14.231+0000 7f4bba9c0700 1 -- 172.21.15.31:0/3137532828 shutdown_connections
2024-04-25T00:21:15.197 INFO:teuthology.orchestra.run.smithi031.stdout:/usr/bin/ceph: stderr
2024-04-25T00:21:14.231+0000 7f4bba9c0700 1 -- 172.21.15.31:0/3137532828 wait complete.
2024-04-25T00:21:15.197 INFO:teuthology.orchestra.run.smithi031.stdout:mgr epoch 9 is available
2024-04-25T00:21:15.197 INFO:teuthology.orchestra.run.smithi031.stdout:Generating a dashboard self-signed certificate...
2024-04-25T00:21:16.272 INFO:journalctl@ceph.mon.a.smithi031.stdout:Apr 25 00:21:15 smithi031 ceph-mon[29167]: [25/Apr/2024:00:21:14] ENGINE Serving on http://172.21.15.31:8765
2024-04-25T00:21:16.272 INFO:journalctl@ceph.mon.a.smithi031.stdout:Apr 25 00:21:15 smithi031 ceph-mon[29167]: from='client.14154 -' entity='client.admin' cmd=[{"prefix": "get_command_descriptions"}]: dispatch
2024-04-25T00:21:16.272 INFO:journalctl@ceph.mon.a.smithi031.stdout:Apr 25 00:21:15 smithi031 ceph-mon[29167]: from='client.14154 -' entity='client.admin' cmd=[{"prefix": "mgr_status"}]: dispatch
2024-04-25T00:21:16.272 INFO:journalctl@ceph.mon.a.smithi031.stdout:Apr 25 00:21:15 smithi031 ceph-mon[29167]: [25/Apr/2024:00:21:14] ENGINE Serving on https://172.21.15.31:7150
2024-04-25T00:21:16.272 INFO:journalctl@ceph.mon.a.smithi031.stdout:Apr 25 00:21:15 smithi031 ceph-mon[29167]: [25/Apr/2024:00:21:14] ENGINE Bus STARTED
2024-04-25T00:21:16.272 INFO:journalctl@ceph.mon.a.smithi031.stdout:Apr 25 00:21:15 smithi031 ceph-mon[29167]: from='mgr.14150 172.21.15.31:0/2039828930' entity='mgr.x'
2024-04-25T00:21:16.586 INFO:teuthology.orchestra.run.smithi031.stdout:/usr/bin/ceph: stdout Self-signed certificate created
2024-04-25T00:21:16.587 INFO:teuthology.orchestra.run.smithi031.stdout:/usr/bin/ceph: stderr
2024-04-25T00:21:15.613+0000 7fa924fbd700 1 Processor -- start
2024-04-25T00:21:16.587 INFO:teuthology.orchestra.run.smithi031.stdout:/usr/bin/ceph: stderr
2024-04-25T00:21:15.613+0000 7fa924fbd700 1 -- start start
2024-04-25T00:21:16.587 INFO:teuthology.orchestra.run.smithi031.stdout:/usr/bin/ceph: stderr
2024-04-25T00:21:15.613+0000 7fa924fbd700 1 --2- >> [v2:172.21.15.31:3300/0,v1:172.21.15.31:6789/0] conn(0x7fa9201085e0 0x7fa92010a9d0 unknown :-1 s=NONE pgs=0 cs=0 l=0 rev1=0 crypto rx=0 tx=0 comp rx=0 tx=0).connect
2024-04-25T00:21:16.587 INFO:teuthology.orchestra.run.smithi031.stdout:/usr/bin/ceph: stderr
2024-04-25T00:21:15.613+0000 7fa924fbd700 1 -- --> [v2:172.21.15.31:3300/0,v1:172.21.15.31:6789/0] -- mon_getmap magic: 0 -- 0x7fa92007be50 con 0x7fa9201085e0
2024-04-25T00:21:16.587 INFO:teuthology.orchestra.run.smithi031.stdout:/usr/bin/ceph: stderr
2024-04-25T00:21:15.613+0000 7fa91e59c700 1 --2- >> [v2:172.21.15.31:3300/0,v1:172.21.15.31:6789/0] conn(0x7fa9201085e0 0x7fa92010a9d0 unknown :-1 s=BANNER_CONNECTING pgs=0 cs=0 l=0 rev1=0 crypto rx=0 tx=0 comp rx=0 tx=0)._handle_peer_banner_payload supported=3 required=0
2024-04-25T00:21:16.587 INFO:teuthology.orchestra.run.smithi031.stdout:/usr/bin/ceph: stderr
2024-04-25T00:21:15.613+0000 7fa91e59c700 1 --2- >> [v2:172.21.15.31:3300/0,v1:172.21.15.31:6789/0] conn(0x7fa9201085e0 0x7fa92010a9d0 unknown :-1 s=HELLO_CONNECTING pgs=0 cs=0 l=0 rev1=1 crypto rx=0 tx=0 comp rx=0 tx=0).handle_hello peer v2:172.21.15.31:3300/0 says I am v2:172.21.15.31:46852/0 (socket says 172.21.15.31:46852)
2024-04-25T00:21:16.587 INFO:teuthology.orchestra.run.smithi031.stdout:/usr/bin/ceph: stderr
2024-04-25T00:21:15.613+0000 7fa91e59c700 1 -- 172.21.15.31:0/133961752 learned_addr learned my addr 172.21.15.31:0/133961752 (peer_addr_for_me v2:172.21.15.31:0/0)
2024-04-25T00:21:16.587 INFO:teuthology.orchestra.run.smithi031.stdout:/usr/bin/ceph: stderr
2024-04-25T00:21:15.614+0000 7fa91e59c700 1 -- 172.21.15.31:0/133961752 --> [v2:172.21.15.31:3300/0,v1:172.21.15.31:6789/0] -- mon_subscribe({config=0+,monmap=0+}) -- 0x7fa92010af10 con 0x7fa9201085e0
2024-04-25T00:21:16.587 INFO:teuthology.orchestra.run.smithi031.stdout:/usr/bin/ceph: stderr
2024-04-25T00:21:15.614+0000 7fa91e59c700 1 --2- 172.21.15.31:0/133961752 >> [v2:172.21.15.31:3300/0,v1:172.21.15.31:6789/0] conn(0x7fa9201085e0 0x7fa92010a9d0 secure :-1 s=READY pgs=68 cs=0 l=1 rev1=1 crypto rx=0x7fa9100098a0 tx=0x7fa910009bb0 comp rx=0 tx=0).ready entity=mon.0 client_cookie=bd81954316d97f97 server_cookie=0 in_seq=0 out_seq=0
2024-04-25T00:21:16.587 INFO:teuthology.orchestra.run.smithi031.stdout:/usr/bin/ceph: stderr
2024-04-25T00:21:15.614+0000 7fa91d59a700 1 -- 172.21.15.31:0/133961752 <== mon.0 v2:172.21.15.31:3300/0 1 ==== mon_map magic: 0 ==== 205+0+0 (secure 0 0 0) 0x7fa910004160 con 0x7fa9201085e0
2024-04-25T00:21:16.587 INFO:teuthology.orchestra.run.smithi031.stdout:/usr/bin/ceph: stderr
2024-04-25T00:21:15.614+0000 7fa91d59a700 1 -- 172.21.15.31:0/133961752 <== mon.0 v2:172.21.15.31:3300/0 2 ==== config(26 keys) ==== 1102+0+0 (secure 0 0 0) 0x7fa910004300 con 0x7fa9201085e0
2024-04-25T00:21:16.588 INFO:teuthology.orchestra.run.smithi031.stdout:/usr/bin/ceph: stderr
2024-04-25T00:21:15.614+0000 7fa91d59a700 1 -- 172.21.15.31:0/133961752 <== mon.0 v2:172.21.15.31:3300/0 3 ==== mon_map magic: 0 ==== 205+0+0 (secure 0 0 0) 0x7fa910011a50 con 0x7fa9201085e0
2024-04-25T00:21:16.588 INFO:teuthology.orchestra.run.smithi031.stdout:/usr/bin/ceph: stderr
2024-04-25T00:21:15.615+0000 7fa924fbd700 1 -- 172.21.15.31:0/133961752 >> [v2:172.21.15.31:3300/0,v1:172.21.15.31:6789/0] conn(0x7fa9201085e0 msgr2=0x7fa92010a9d0 secure :-1 s=STATE_CONNECTION_ESTABLISHED l=1).mark_down
2024-04-25T00:21:16.588 INFO:teuthology.orchestra.run.smithi031.stdout:/usr/bin/ceph: stderr
2024-04-25T00:21:15.615+0000 7fa924fbd700 1 --2- 172.21.15.31:0/133961752 >> [v2:172.21.15.31:3300/0,v1:172.21.15.31:6789/0] conn(0x7fa9201085e0 0x7fa92010a9d0 secure :-1 s=READY pgs=68 cs=0 l=1 rev1=1 crypto rx=0x7fa9100098a0 tx=0x7fa910009bb0 comp rx=0 tx=0).stop
2024-04-25T00:21:16.588 INFO:teuthology.orchestra.run.smithi031.stdout:/usr/bin/ceph: stderr
2024-04-25T00:21:15.615+0000 7fa924fbd700 1 -- 172.21.15.31:0/133961752 shutdown_connections
2024-04-25T00:21:16.588 INFO:teuthology.orchestra.run.smithi031.stdout:/usr/bin/ceph: stderr
2024-04-25T00:21:15.615+0000 7fa924fbd700 1 --2- 172.21.15.31:0/133961752 >> [v2:172.21.15.31:3300/0,v1:172.21.15.31:6789/0] conn(0x7fa9201085e0 0x7fa92010a9d0 unknown :-1 s=CLOSED pgs=68 cs=0 l=1 rev1=1 crypto rx=0 tx=0 comp rx=0 tx=0).stop
2024-04-25T00:21:16.588 INFO:teuthology.orchestra.run.smithi031.stdout:/usr/bin/ceph: stderr
2024-04-25T00:21:15.615+0000 7fa924fbd700 1 -- 172.21.15.31:0/133961752 >> 172.21.15.31:0/133961752 conn(0x7fa920102010 msgr2=0x7fa920104450 unknown :-1 s=STATE_NONE l=0).mark_down
2024-04-25T00:21:16.588 INFO:teuthology.orchestra.run.smithi031.stdout:/usr/bin/ceph: stderr
2024-04-25T00:21:15.615+0000 7fa924fbd700 1 -- 172.21.15.31:0/133961752 shutdown_connections
2024-04-25T00:21:16.588 INFO:teuthology.orchestra.run.smithi031.stdout:/usr/bin/ceph: stderr
2024-04-25T00:21:15.615+0000 7fa924fbd700 1 -- 172.21.15.31:0/133961752 wait complete.
2024-04-25T00:21:16.588 INFO:teuthology.orchestra.run.smithi031.stdout:/usr/bin/ceph: stderr
2024-04-25T00:21:15.616+0000 7fa924fbd700 1 Processor -- start
2024-04-25T00:21:16.588 INFO:teuthology.orchestra.run.smithi031.stdout:/usr/bin/ceph: stderr
2024-04-25T00:21:15.616+0000 7fa924fbd700 1 -- start start
2024-04-25T00:21:16.588 INFO:teuthology.orchestra.run.smithi031.stdout:/usr/bin/ceph: stderr
2024-04-25T00:21:15.616+0000 7fa924fbd700 1 --2- >> [v2:172.21.15.31:3300/0,v1:172.21.15.31:6789/0] conn(0x7fa9201085e0 0x7fa920107e60 unknown :-1 s=NONE pgs=0 cs=0 l=1 rev1=0 crypto rx=0 tx=0 comp rx=0 tx=0).connect
2024-04-25T00:21:16.588 INFO:teuthology.orchestra.run.smithi031.stdout:/usr/bin/ceph: stderr
2024-04-25T00:21:15.616+0000 7fa924fbd700 1 -- --> [v2:172.21.15.31:3300/0,v1:172.21.15.31:6789/0] -- mon_getmap magic: 0 -- 0x7fa92010bf20 con 0x7fa9201085e0
2024-04-25T00:21:16.588 INFO:teuthology.orchestra.run.smithi031.stdout:/usr/bin/ceph: stderr
2024-04-25T00:21:15.616+0000 7fa91e59c700 1 --2- >> [v2:172.21.15.31:3300/0,v1:172.21.15.31:6789/0] conn(0x7fa9201085e0 0x7fa920107e60 unknown :-1 s=BANNER_CONNECTING pgs=0 cs=0 l=1 rev1=0 crypto rx=0 tx=0 comp rx=0 tx=0)._handle_peer_banner_payload supported=3 required=0
2024-04-25T00:21:16.588 INFO:teuthology.orchestra.run.smithi031.stdout:/usr/bin/ceph: stderr
2024-04-25T00:21:15.616+0000 7fa91e59c700 1 --2- >> [v2:172.21.15.31:3300/0,v1:172.21.15.31:6789/0] conn(0x7fa9201085e0 0x7fa920107e60 unknown :-1 s=HELLO_CONNECTING pgs=0 cs=0 l=1 rev1=1 crypto rx=0 tx=0 comp rx=0 tx=0).handle_hello peer v2:172.21.15.31:3300/0 says I am v2:172.21.15.31:46860/0 (socket says 172.21.15.31:46860)
2024-04-25T00:21:16.589 INFO:teuthology.orchestra.run.smithi031.stdout:/usr/bin/ceph: stderr
2024-04-25T00:21:15.616+0000 7fa91e59c700 1 -- 172.21.15.31:0/532874892 learned_addr learned my addr 172.21.15.31:0/532874892 (peer_addr_for_me v2:172.21.15.31:0/0)
2024-04-25T00:21:16.589 INFO:teuthology.orchestra.run.smithi031.stdout:/usr/bin/ceph: stderr
2024-04-25T00:21:15.616+0000 7fa91e59c700 1 -- 172.21.15.31:0/532874892 --> [v2:172.21.15.31:3300/0,v1:172.21.15.31:6789/0] -- mon_subscribe({config=0+,monmap=0+}) -- 0x7fa9201083a0 con 0x7fa9201085e0
2024-04-25T00:21:16.590 INFO:teuthology.orchestra.run.smithi031.stdout:/usr/bin/ceph: stderr
2024-04-25T00:21:15.617+0000 7fa91e59c700 1 --2- 172.21.15.31:0/532874892 >> [v2:172.21.15.31:3300/0,v1:172.21.15.31:6789/0] conn(0x7fa9201085e0 0x7fa920107e60 secure :-1 s=READY pgs=69 cs=0 l=1 rev1=1 crypto rx=0x7fa910011a20 tx=0x7fa910011b00 comp rx=0 tx=0).ready entity=mon.0 client_cookie=0 server_cookie=0 in_seq=0 out_seq=0
2024-04-25T00:21:16.590 INFO:teuthology.orchestra.run.smithi031.stdout:/usr/bin/ceph: stderr
2024-04-25T00:21:15.617+0000 7fa90f7fe700 1 -- 172.21.15.31:0/532874892 <== mon.0 v2:172.21.15.31:3300/0 1 ==== mon_map magic: 0 ==== 205+0+0 (secure 0 0 0) 0x7fa910003b70 con 0x7fa9201085e0
2024-04-25T00:21:16.590 INFO:teuthology.orchestra.run.smithi031.stdout:/usr/bin/ceph: stderr
2024-04-25T00:21:15.617+0000 7fa90f7fe700 1 -- 172.21.15.31:0/532874892 <== mon.0 v2:172.21.15.31:3300/0 2 ==== config(26 keys) ==== 1102+0+0 (secure 0 0 0) 0x7fa91001a8e0 con 0x7fa9201085e0
2024-04-25T00:21:16.590 INFO:teuthology.orchestra.run.smithi031.stdout:/usr/bin/ceph: stderr
2024-04-25T00:21:15.617+0000 7fa924fbd700 1 -- 172.21.15.31:0/532874892 --> [v2:172.21.15.31:3300/0,v1:172.21.15.31:6789/0] -- mon_subscribe({mgrmap=0+}) -- 0x7fa920106590 con 0x7fa9201085e0
2024-04-25T00:21:16.590 INFO:teuthology.orchestra.run.smithi031.stdout:/usr/bin/ceph: stderr
2024-04-25T00:21:15.617+0000 7fa90f7fe700 1 -- 172.21.15.31:0/532874892 <== mon.0 v2:172.21.15.31:3300/0 3 ==== mon_map magic: 0 ==== 205+0+0 (secure 0 0 0) 0x7fa910024990 con 0x7fa9201085e0
2024-04-25T00:21:16.590 INFO:teuthology.orchestra.run.smithi031.stdout:/usr/bin/ceph: stderr
2024-04-25T00:21:15.617+0000 7fa924fbd700 1 -- 172.21.15.31:0/532874892 --> [v2:172.21.15.31:3300/0,v1:172.21.15.31:6789/0] -- mon_subscribe({osdmap=0}) -- 0x7fa920106ad0 con 0x7fa9201085e0
2024-04-25T00:21:16.590 INFO:teuthology.orchestra.run.smithi031.stdout:/usr/bin/ceph: stderr
2024-04-25T00:21:15.618+0000 7fa90f7fe700 1 -- 172.21.15.31:0/532874892 <== mon.0 v2:172.21.15.31:3300/0 4 ==== mgrmap(e 11) ==== 46194+0+0 (secure 0 0 0) 0x7fa910022020 con 0x7fa9201085e0
2024-04-25T00:21:16.590 INFO:teuthology.orchestra.run.smithi031.stdout:/usr/bin/ceph: stderr
2024-04-25T00:21:15.618+0000 7fa90f7fe700 1 --2- 172.21.15.31:0/532874892 >> [v2:172.21.15.31:6800/2153348461,v1:172.21.15.31:6801/2153348461] conn(0x7fa908038f40 0x7fa90803b400 unknown :-1 s=NONE pgs=0 cs=0 l=1 rev1=0 crypto rx=0 tx=0 comp rx=0 tx=0).connect
2024-04-25T00:21:16.590 INFO:teuthology.orchestra.run.smithi031.stdout:/usr/bin/ceph: stderr
2024-04-25T00:21:15.618+0000 7fa90f7fe700 1 -- 172.21.15.31:0/532874892 <== mon.0 v2:172.21.15.31:3300/0 5 ==== osd_map(3..3 src has 1..3) ==== 1155+0+0 (secure 0 0 0) 0x7fa91004d6f0 con 0x7fa9201085e0
2024-04-25T00:21:16.590 INFO:teuthology.orchestra.run.smithi031.stdout:/usr/bin/ceph: stderr
2024-04-25T00:21:15.618+0000 7fa924fbd700 1 -- 172.21.15.31:0/532874892 --> [v2:172.21.15.31:3300/0,v1:172.21.15.31:6789/0] -- mon_command({"prefix": "get_command_descriptions"} v 0) -- 0x7fa920063890 con 0x7fa9201085e0
2024-04-25T00:21:16.590 INFO:teuthology.orchestra.run.smithi031.stdout:/usr/bin/ceph: stderr
2024-04-25T00:21:15.618+0000 7fa91dd9b700 1 --2- 172.21.15.31:0/532874892 >> [v2:172.21.15.31:6800/2153348461,v1:172.21.15.31:6801/2153348461] conn(0x7fa908038f40 0x7fa90803b400 unknown :-1 s=BANNER_CONNECTING pgs=0 cs=0 l=1 rev1=0 crypto rx=0 tx=0 comp rx=0 tx=0)._handle_peer_banner_payload supported=3 required=0
2024-04-25T00:21:16.590 INFO:teuthology.orchestra.run.smithi031.stdout:/usr/bin/ceph: stderr
2024-04-25T00:21:15.619+0000 7fa91dd9b700 1 --2- 172.21.15.31:0/532874892 >> [v2:172.21.15.31:6800/2153348461,v1:172.21.15.31:6801/2153348461] conn(0x7fa908038f40 0x7fa90803b400 secure :-1 s=READY pgs=7 cs=0 l=1 rev1=1 crypto rx=0x7fa914006fd0 tx=0x7fa914006e40 comp rx=0 tx=0).ready entity=mgr.14150 client_cookie=0 server_cookie=0 in_seq=0 out_seq=0
2024-04-25T00:21:16.591 INFO:teuthology.orchestra.run.smithi031.stdout:/usr/bin/ceph: stderr
2024-04-25T00:21:15.623+0000 7fa90f7fe700 1 -- 172.21.15.31:0/532874892 <== mon.0 v2:172.21.15.31:3300/0 6 ==== mon_command_ack([{"prefix": "get_command_descriptions"}]=0 v0) ==== 72+0+186147 (secure 0 0 0) 0x7fa91000b3e0 con 0x7fa9201085e0
2024-04-25T00:21:16.591 INFO:teuthology.orchestra.run.smithi031.stdout:/usr/bin/ceph: stderr
2024-04-25T00:21:15.830+0000 7fa90f7fe700 1 -- 172.21.15.31:0/532874892 <== mon.0 v2:172.21.15.31:3300/0 7 ==== mgrmap(e 12) ==== 46300+0+0 (secure 0 0 0) 0x7fa91002dc90 con 0x7fa9201085e0
2024-04-25T00:21:16.591 INFO:teuthology.orchestra.run.smithi031.stdout:/usr/bin/ceph: stderr
2024-04-25T00:21:15.838+0000 7fa924fbd700 1 -- 172.21.15.31:0/532874892 --> [v2:172.21.15.31:6800/2153348461,v1:172.21.15.31:6801/2153348461] -- mgr_command(tid 0: {"prefix": "dashboard create-self-signed-cert", "target": ["mon-mgr", ""]}) -- 0x7fa9201073b0 con 0x7fa908038f40
2024-04-25T00:21:16.591 INFO:teuthology.orchestra.run.smithi031.stdout:/usr/bin/ceph: stderr
2024-04-25T00:21:15.988+0000 7fa90f7fe700 1 -- 172.21.15.31:0/532874892 <== mgr.14150 v2:172.21.15.31:6800/2153348461 1 ==== mgr_command_reply(tid 0: 0 ) ==== 8+0+32 (secure 0 0 0) 0x7fa9201073b0 con 0x7fa908038f40
2024-04-25T00:21:16.591 INFO:teuthology.orchestra.run.smithi031.stdout:/usr/bin/ceph: stderr
2024-04-25T00:21:15.990+0000 7fa924fbd700 1 -- 172.21.15.31:0/532874892 >> [v2:172.21.15.31:6800/2153348461,v1:172.21.15.31:6801/2153348461] conn(0x7fa908038f40 msgr2=0x7fa90803b400 secure :-1 s=STATE_CONNECTION_ESTABLISHED l=1).mark_down
2024-04-25T00:21:16.591 INFO:teuthology.orchestra.run.smithi031.stdout:/usr/bin/ceph: stderr
2024-04-25T00:21:15.990+0000 7fa924fbd700 1 --2- 172.21.15.31:0/532874892 >> [v2:172.21.15.31:6800/2153348461,v1:172.21.15.31:6801/2153348461] conn(0x7fa908038f40 0x7fa90803b400 secure :-1 s=READY pgs=7 cs=0 l=1 rev1=1 crypto rx=0x7fa914006fd0 tx=0x7fa914006e40 comp rx=0 tx=0).stop
2024-04-25T00:21:16.591 INFO:teuthology.orchestra.run.smithi031.stdout:/usr/bin/ceph: stderr
2024-04-25T00:21:15.990+0000 7fa924fbd700 1 -- 172.21.15.31:0/532874892 >> [v2:172.21.15.31:3300/0,v1:172.21.15.31:6789/0] conn(0x7fa9201085e0 msgr2=0x7fa920107e60 secure :-1 s=STATE_CONNECTION_ESTABLISHED l=1).mark_down
2024-04-25T00:21:16.591 INFO:teuthology.orchestra.run.smithi031.stdout:/usr/bin/ceph: stderr
2024-04-25T00:21:15.990+0000 7fa924fbd700 1 --2- 172.21.15.31:0/532874892 >> [v2:172.21.15.31:3300/0,v1:172.21.15.31:6789/0] conn(0x7fa9201085e0 0x7fa920107e60 secure :-1 s=READY pgs=69 cs=0 l=1 rev1=1 crypto rx=0x7fa910011a20 tx=0x7fa910011b00 comp rx=0 tx=0).stop
2024-04-25T00:21:16.591 INFO:teuthology.orchestra.run.smithi031.stdout:/usr/bin/ceph: stderr
2024-04-25T00:21:15.990+0000 7fa924fbd700 1 -- 172.21.15.31:0/532874892 shutdown_connections
2024-04-25T00:21:16.591 INFO:teuthology.orchestra.run.smithi031.stdout:/usr/bin/ceph: stderr
2024-04-25T00:21:15.990+0000 7fa924fbd700 1 --2- 172.21.15.31:0/532874892 >> [v2:172.21.15.31:6800/2153348461,v1:172.21.15.31:6801/2153348461] conn(0x7fa908038f40 0x7fa90803b400 unknown :-1 s=CLOSED pgs=7 cs=0 l=1 rev1=1 crypto rx=0 tx=0 comp rx=0 tx=0).stop
2024-04-25T00:21:16.591 INFO:teuthology.orchestra.run.smithi031.stdout:/usr/bin/ceph: stderr
2024-04-25T00:21:15.990+0000 7fa924fbd700 1 --2- 172.21.15.31:0/532874892 >> [v2:172.21.15.31:3300/0,v1:172.21.15.31:6789/0] conn(0x7fa9201085e0 0x7fa920107e60 unknown :-1 s=CLOSED pgs=69 cs=0 l=1 rev1=1 crypto rx=0 tx=0 comp rx=0 tx=0).stop
2024-04-25T00:21:16.591 INFO:teuthology.orchestra.run.smithi031.stdout:/usr/bin/ceph: stderr
2024-04-25T00:21:15.990+0000 7fa924fbd700 1 -- 172.21.15.31:0/532874892 >> 172.21.15.31:0/532874892 conn(0x7fa920102010 msgr2=0x7fa920102b00 unknown :-1 s=STATE_NONE l=0).mark_down
2024-04-25T00:21:16.591 INFO:teuthology.orchestra.run.smithi031.stdout:/usr/bin/ceph: stderr
2024-04-25T00:21:15.990+0000 7fa924fbd700 1 -- 172.21.15.31:0/532874892 shutdown_connections
2024-04-25T00:21:16.591 INFO:teuthology.orchestra.run.smithi031.stdout:/usr/bin/ceph: stderr
2024-04-25T00:21:15.990+0000 7fa924fbd700 1 -- 172.21.15.31:0/532874892 wait complete.
2024-04-25T00:21:16.591 INFO:teuthology.orchestra.run.smithi031.stdout:Creating initial admin user...
2024-04-25T00:21:17.215 INFO:journalctl@ceph.mon.a.smithi031.stdout:Apr 25 00:21:16 smithi031 ceph-mon[29167]: mgrmap e12: x(active, since 2s)
2024-04-25T00:21:17.215 INFO:journalctl@ceph.mon.a.smithi031.stdout:Apr 25 00:21:16 smithi031 ceph-mon[29167]: from='client.14162 -' entity='client.admin' cmd=[{"prefix": "dashboard create-self-signed-cert", "target": ["mon-mgr", ""]}]: dispatch
2024-04-25T00:21:17.215 INFO:journalctl@ceph.mon.a.smithi031.stdout:Apr 25 00:21:16 smithi031 ceph-mon[29167]: from='mgr.14150 172.21.15.31:0/2039828930' entity='mgr.x'
2024-04-25T00:21:17.215 INFO:journalctl@ceph.mon.a.smithi031.stdout:Apr 25 00:21:16 smithi031 ceph-mon[29167]: from='mgr.14150 172.21.15.31:0/2039828930' entity='mgr.x'
2024-04-25T00:21:17.215 INFO:journalctl@ceph.mon.a.smithi031.stdout:Apr 25 00:21:16 smithi031 ceph-mon[29167]: from='mgr.14150 172.21.15.31:0/2039828930' entity='mgr.x'
2024-04-25T00:21:18.316 INFO:teuthology.orchestra.run.smithi031.stdout:/usr/bin/ceph: stdout {"username": "admin", "password": "$2b$12$obcdv1vsAvjxsrwB257GUOCD5K0mn9WuW0ZAR5eje8YQaD.NfVkTS", "roles": ["administrator"], "name": null, "email": null, "lastUpdate": 1714004477, "enabled": true, "pwdExpirationDate": null, "pwdUpdateRequired": true}
2024-04-25T00:21:18.316 INFO:teuthology.orchestra.run.smithi031.stdout:/usr/bin/ceph: stderr
2024-04-25T00:21:17.058+0000 7f66aef8d700 1 Processor -- start
2024-04-25T00:21:18.316 INFO:teuthology.orchestra.run.smithi031.stdout:/usr/bin/ceph: stderr
2024-04-25T00:21:17.058+0000 7f66aef8d700 1 -- start start
2024-04-25T00:21:18.316 INFO:teuthology.orchestra.run.smithi031.stdout:/usr/bin/ceph: stderr
2024-04-25T00:21:17.058+0000 7f66aef8d700 1 --2- >> [v2:172.21.15.31:3300/0,v1:172.21.15.31:6789/0] conn(0x7f66a8105e40 0x7f66a8106260 unknown :-1 s=NONE pgs=0 cs=0 l=0 rev1=0 crypto rx=0 tx=0 comp rx=0 tx=0).connect
2024-04-25T00:21:18.316 INFO:teuthology.orchestra.run.smithi031.stdout:/usr/bin/ceph: stderr
2024-04-25T00:21:17.058+0000 7f66aef8d700 1 -- --> [v2:172.21.15.31:3300/0,v1:172.21.15.31:6789/0] -- mon_getmap magic: 0 -- 0x7f66a8106830 con 0x7f66a8105e40
2024-04-25T00:21:18.316 INFO:teuthology.orchestra.run.smithi031.stdout:/usr/bin/ceph: stderr
2024-04-25T00:21:17.058+0000 7f66acd29700 1 --2- >> [v2:172.21.15.31:3300/0,v1:172.21.15.31:6789/0] conn(0x7f66a8105e40 0x7f66a8106260 unknown :-1 s=BANNER_CONNECTING pgs=0 cs=0 l=0 rev1=0 crypto rx=0 tx=0 comp rx=0 tx=0)._handle_peer_banner_payload supported=3 required=0
2024-04-25T00:21:18.316 INFO:teuthology.orchestra.run.smithi031.stdout:/usr/bin/ceph: stderr
2024-04-25T00:21:17.058+0000 7f66acd29700 1 --2- >> [v2:172.21.15.31:3300/0,v1:172.21.15.31:6789/0] conn(0x7f66a8105e40 0x7f66a8106260 unknown :-1 s=HELLO_CONNECTING pgs=0 cs=0 l=0 rev1=1 crypto rx=0 tx=0 comp rx=0 tx=0).handle_hello peer v2:172.21.15.31:3300/0 says I am v2:172.21.15.31:46870/0 (socket says 172.21.15.31:46870)
2024-04-25T00:21:18.316 INFO:teuthology.orchestra.run.smithi031.stdout:/usr/bin/ceph: stderr
2024-04-25T00:21:17.058+0000 7f66acd29700 1 -- 172.21.15.31:0/1324855627 learned_addr learned my addr 172.21.15.31:0/1324855627 (peer_addr_for_me v2:172.21.15.31:0/0)
2024-04-25T00:21:18.316 INFO:teuthology.orchestra.run.smithi031.stdout:/usr/bin/ceph: stderr
2024-04-25T00:21:17.058+0000 7f66acd29700 1 -- 172.21.15.31:0/1324855627 --> [v2:172.21.15.31:3300/0,v1:172.21.15.31:6789/0] -- mon_subscribe({config=0+,monmap=0+}) -- 0x7f66a8108dd0 con 0x7f66a8105e40
2024-04-25T00:21:18.316 INFO:teuthology.orchestra.run.smithi031.stdout:/usr/bin/ceph: stderr
2024-04-25T00:21:17.059+0000 7f66acd29700 1 --2- 172.21.15.31:0/1324855627 >> [v2:172.21.15.31:3300/0,v1:172.21.15.31:6789/0] conn(0x7f66a8105e40 0x7f66a8106260 secure :-1 s=READY pgs=70 cs=0 l=1 rev1=1 crypto rx=0x7f669c0098a0 tx=0x7f669c009bb0 comp rx=0 tx=0).ready entity=mon.0 client_cookie=ec5a0fefe8342ff3 server_cookie=0 in_seq=0 out_seq=0
2024-04-25T00:21:18.316 INFO:teuthology.orchestra.run.smithi031.stdout:/usr/bin/ceph: stderr
2024-04-25T00:21:17.059+0000 7f66a77fe700 1 -- 172.21.15.31:0/1324855627 <== mon.0 v2:172.21.15.31:3300/0 1 ==== mon_map magic: 0 ==== 205+0+0 (secure 0 0 0) 0x7f669c004160 con 0x7f66a8105e40
2024-04-25T00:21:18.317 INFO:teuthology.orchestra.run.smithi031.stdout:/usr/bin/ceph: stderr
2024-04-25T00:21:17.059+0000 7f66a77fe700 1 -- 172.21.15.31:0/1324855627 <== mon.0 v2:172.21.15.31:3300/0 2 ==== config(26 keys) ==== 1102+0+0 (secure 0 0 0) 0x7f669c004300 con 0x7f66a8105e40
2024-04-25T00:21:18.317 INFO:teuthology.orchestra.run.smithi031.stdout:/usr/bin/ceph: stderr
2024-04-25T00:21:17.059+0000 7f66a77fe700 1 -- 172.21.15.31:0/1324855627 <== mon.0 v2:172.21.15.31:3300/0 3 ==== mon_map magic: 0 ==== 205+0+0 (secure 0 0 0) 0x7f669c011a50 con 0x7f66a8105e40
2024-04-25T00:21:18.317 INFO:teuthology.orchestra.run.smithi031.stdout:/usr/bin/ceph: stderr
2024-04-25T00:21:17.060+0000 7f66aef8d700 1 -- 172.21.15.31:0/1324855627 >> [v2:172.21.15.31:3300/0,v1:172.21.15.31:6789/0] conn(0x7f66a8105e40 msgr2=0x7f66a8106260 secure :-1 s=STATE_CONNECTION_ESTABLISHED l=1).mark_down
2024-04-25T00:21:18.317 INFO:teuthology.orchestra.run.smithi031.stdout:/usr/bin/ceph: stderr
2024-04-25T00:21:17.060+0000 7f66aef8d700 1 --2- 172.21.15.31:0/1324855627 >> [v2:172.21.15.31:3300/0,v1:172.21.15.31:6789/0] conn(0x7f66a8105e40 0x7f66a8106260 secure :-1 s=READY pgs=70 cs=0 l=1 rev1=1 crypto rx=0x7f669c0098a0 tx=0x7f669c009bb0 comp rx=0 tx=0).stop
2024-04-25T00:21:18.317 INFO:teuthology.orchestra.run.smithi031.stdout:/usr/bin/ceph: stderr
2024-04-25T00:21:17.060+0000 7f66aef8d700 1 -- 172.21.15.31:0/1324855627 shutdown_connections
2024-04-25T00:21:18.317 INFO:teuthology.orchestra.run.smithi031.stdout:/usr/bin/ceph: stderr
2024-04-25T00:21:17.060+0000 7f66aef8d700 1 --2- 172.21.15.31:0/1324855627 >> [v2:172.21.15.31:3300/0,v1:172.21.15.31:6789/0] conn(0x7f66a8105e40 0x7f66a8106260 unknown :-1 s=CLOSED pgs=70 cs=0 l=1 rev1=1 crypto rx=0 tx=0 comp rx=0 tx=0).stop
2024-04-25T00:21:18.317 INFO:teuthology.orchestra.run.smithi031.stdout:/usr/bin/ceph: stderr
2024-04-25T00:21:17.060+0000 7f66aef8d700 1 -- 172.21.15.31:0/1324855627 >> 172.21.15.31:0/1324855627 conn(0x7f66a8101790 msgr2=0x7f66a8103bb0 unknown :-1 s=STATE_NONE l=0).mark_down
2024-04-25T00:21:18.317 INFO:teuthology.orchestra.run.smithi031.stdout:/usr/bin/ceph: stderr
2024-04-25T00:21:17.060+0000 7f66aef8d700 1 -- 172.21.15.31:0/1324855627 shutdown_connections
2024-04-25T00:21:18.317 INFO:teuthology.orchestra.run.smithi031.stdout:/usr/bin/ceph: stderr
2024-04-25T00:21:17.060+0000 7f66aef8d700 1 -- 172.21.15.31:0/1324855627 wait complete.
2024-04-25T00:21:18.317 INFO:teuthology.orchestra.run.smithi031.stdout:/usr/bin/ceph: stderr
2024-04-25T00:21:17.060+0000 7f66aef8d700 1 Processor -- start
2024-04-25T00:21:18.317 INFO:teuthology.orchestra.run.smithi031.stdout:/usr/bin/ceph: stderr
2024-04-25T00:21:17.060+0000 7f66aef8d700 1 -- start start
2024-04-25T00:21:18.317 INFO:teuthology.orchestra.run.smithi031.stdout:/usr/bin/ceph: stderr
2024-04-25T00:21:17.061+0000 7f66aef8d700 1 --2- >> [v2:172.21.15.31:3300/0,v1:172.21.15.31:6789/0] conn(0x7f66a8105e40 0x7f66a819ba90 unknown :-1 s=NONE pgs=0 cs=0 l=1 rev1=0 crypto rx=0 tx=0 comp rx=0 tx=0).connect
2024-04-25T00:21:18.317 INFO:teuthology.orchestra.run.smithi031.stdout:/usr/bin/ceph: stderr
2024-04-25T00:21:17.061+0000 7f66aef8d700 1 -- --> [v2:172.21.15.31:3300/0,v1:172.21.15.31:6789/0] -- mon_getmap magic: 0 -- 0x7f66a810c180 con 0x7f66a8105e40
2024-04-25T00:21:18.317 INFO:teuthology.orchestra.run.smithi031.stdout:/usr/bin/ceph: stderr
2024-04-25T00:21:17.061+0000 7f66acd29700 1 --2- >> [v2:172.21.15.31:3300/0,v1:172.21.15.31:6789/0] conn(0x7f66a8105e40 0x7f66a819ba90 unknown :-1 s=BANNER_CONNECTING pgs=0 cs=0 l=1 rev1=0 crypto rx=0 tx=0 comp rx=0 tx=0)._handle_peer_banner_payload supported=3 required=0
2024-04-25T00:21:18.317 INFO:teuthology.orchestra.run.smithi031.stdout:/usr/bin/ceph: stderr
2024-04-25T00:21:17.061+0000 7f66acd29700 1 --2- >> [v2:172.21.15.31:3300/0,v1:172.21.15.31:6789/0] conn(0x7f66a8105e40 0x7f66a819ba90 unknown :-1 s=HELLO_CONNECTING pgs=0 cs=0 l=1 rev1=1 crypto rx=0 tx=0 comp rx=0 tx=0).handle_hello peer v2:172.21.15.31:3300/0 says I am v2:172.21.15.31:46872/0 (socket says 172.21.15.31:46872)
2024-04-25T00:21:18.318 INFO:teuthology.orchestra.run.smithi031.stdout:/usr/bin/ceph: stderr
2024-04-25T00:21:17.061+0000 7f66acd29700 1 -- 172.21.15.31:0/2315778885 learned_addr learned my addr 172.21.15.31:0/2315778885 (peer_addr_for_me v2:172.21.15.31:0/0)
2024-04-25T00:21:18.318 INFO:teuthology.orchestra.run.smithi031.stdout:/usr/bin/ceph: stderr
2024-04-25T00:21:17.061+0000 7f66acd29700 1 -- 172.21.15.31:0/2315778885 --> [v2:172.21.15.31:3300/0,v1:172.21.15.31:6789/0] -- mon_subscribe({config=0+,monmap=0+}) -- 0x7f66a819bfd0 con 0x7f66a8105e40
2024-04-25T00:21:18.318 INFO:teuthology.orchestra.run.smithi031.stdout:/usr/bin/ceph: stderr
2024-04-25T00:21:17.061+0000 7f66acd29700 1 --2- 172.21.15.31:0/2315778885 >> [v2:172.21.15.31:3300/0,v1:172.21.15.31:6789/0] conn(0x7f66a8105e40 0x7f66a819ba90 secure :-1 s=READY pgs=71 cs=0 l=1 rev1=1 crypto rx=0x7f669c006b20 tx=0x7f669c011ad0 comp rx=0 tx=0).ready entity=mon.0 client_cookie=0 server_cookie=0 in_seq=0 out_seq=0
2024-04-25T00:21:18.318 INFO:teuthology.orchestra.run.smithi031.stdout:/usr/bin/ceph: stderr
2024-04-25T00:21:17.061+0000 7f66a5ffb700 1 -- 172.21.15.31:0/2315778885 <== mon.0 v2:172.21.15.31:3300/0 1 ==== mon_map magic: 0 ==== 205+0+0 (secure 0 0 0) 0x7f669c0039e0 con 0x7f66a8105e40
2024-04-25T00:21:18.318 INFO:teuthology.orchestra.run.smithi031.stdout:/usr/bin/ceph: stderr
2024-04-25T00:21:17.061+0000 7f66a5ffb700 1 -- 172.21.15.31:0/2315778885 <== mon.0 v2:172.21.15.31:3300/0 2 ==== config(26 keys) ==== 1102+0+0 (secure 0 0 0) 0x7f669c01a8e0 con 0x7f66a8105e40
2024-04-25T00:21:18.318 INFO:teuthology.orchestra.run.smithi031.stdout:/usr/bin/ceph: stderr
2024-04-25T00:21:17.061+0000 7f66aef8d700 1 -- 172.21.15.31:0/2315778885 --> [v2:172.21.15.31:3300/0,v1:172.21.15.31:6789/0] -- mon_subscribe({mgrmap=0+}) -- 0x7f66a819c260 con 0x7f66a8105e40
2024-04-25T00:21:18.318 INFO:teuthology.orchestra.run.smithi031.stdout:/usr/bin/ceph: stderr
2024-04-25T00:21:17.061+0000 7f66a5ffb700 1 -- 172.21.15.31:0/2315778885 <== mon.0 v2:172.21.15.31:3300/0 3 ==== mon_map magic: 0 ==== 205+0+0 (secure 0 0 0) 0x7f669c0247e0 con 0x7f66a8105e40
2024-04-25T00:21:18.318 INFO:teuthology.orchestra.run.smithi031.stdout:/usr/bin/ceph: stderr
2024-04-25T00:21:17.062+0000 7f66aef8d700 1 -- 172.21.15.31:0/2315778885 --> [v2:172.21.15.31:3300/0,v1:172.21.15.31:6789/0] -- mon_subscribe({osdmap=0}) -- 0x7f66a819ef50 con 0x7f66a8105e40
2024-04-25T00:21:18.318 INFO:teuthology.orchestra.run.smithi031.stdout:/usr/bin/ceph: stderr
2024-04-25T00:21:17.062+0000 7f66a5ffb700 1 -- 172.21.15.31:0/2315778885 <== mon.0 v2:172.21.15.31:3300/0 4 ==== mgrmap(e 12) ==== 46300+0+0 (secure 0 0 0) 0x7f669c022020 con 0x7f66a8105e40
2024-04-25T00:21:18.318 INFO:teuthology.orchestra.run.smithi031.stdout:/usr/bin/ceph: stderr
2024-04-25T00:21:17.063+0000 7f66a5ffb700 1 --2- 172.21.15.31:0/2315778885 >> [v2:172.21.15.31:6800/2153348461,v1:172.21.15.31:6801/2153348461] conn(0x7f66980390a0 0x7f669803b560 unknown :-1 s=NONE pgs=0 cs=0 l=1 rev1=0 crypto rx=0 tx=0 comp rx=0 tx=0).connect
2024-04-25T00:21:18.318 INFO:teuthology.orchestra.run.smithi031.stdout:/usr/bin/ceph: stderr
2024-04-25T00:21:17.063+0000 7f66a5ffb700 1 -- 172.21.15.31:0/2315778885 <== mon.0 v2:172.21.15.31:3300/0 5 ==== osd_map(3..3 src has 1..3) ==== 1155+0+0 (secure 0 0 0) 0x7f669c04d590 con 0x7f66a8105e40
2024-04-25T00:21:18.318 INFO:teuthology.orchestra.run.smithi031.stdout:/usr/bin/ceph: stderr
2024-04-25T00:21:17.063+0000 7f66a7fff700 1 --2- 172.21.15.31:0/2315778885 >> [v2:172.21.15.31:6800/2153348461,v1:172.21.15.31:6801/2153348461] conn(0x7f66980390a0 0x7f669803b560 unknown :-1 s=BANNER_CONNECTING pgs=0 cs=0 l=1 rev1=0 crypto rx=0 tx=0 comp rx=0 tx=0)._handle_peer_banner_payload supported=3 required=0
2024-04-25T00:21:18.318 INFO:teuthology.orchestra.run.smithi031.stdout:/usr/bin/ceph: stderr
2024-04-25T00:21:17.063+0000 7f66aef8d700 1 -- 172.21.15.31:0/2315778885 --> [v2:172.21.15.31:3300/0,v1:172.21.15.31:6789/0] -- mon_command({"prefix": "get_command_descriptions"} v 0) -- 0x7f66a8063890 con 0x7f66a8105e40
2024-04-25T00:21:18.319 INFO:teuthology.orchestra.run.smithi031.stdout:/usr/bin/ceph: stderr
2024-04-25T00:21:17.063+0000 7f66a7fff700 1 --2- 172.21.15.31:0/2315778885 >> [v2:172.21.15.31:6800/2153348461,v1:172.21.15.31:6801/2153348461] conn(0x7f66980390a0 0x7f669803b560 secure :-1 s=READY pgs=8 cs=0 l=1 rev1=1 crypto rx=0x7f6694006fd0 tx=0x7f6694006e40 comp rx=0 tx=0).ready entity=mgr.14150 client_cookie=0 server_cookie=0 in_seq=0 out_seq=0
2024-04-25T00:21:18.319 INFO:teuthology.orchestra.run.smithi031.stdout:/usr/bin/ceph: stderr
2024-04-25T00:21:17.072+0000 7f66a5ffb700 1 -- 172.21.15.31:0/2315778885 <== mon.0 v2:172.21.15.31:3300/0 6 ==== mon_command_ack([{"prefix": "get_command_descriptions"}]=0 v0) ==== 72+0+186147 (secure 0 0 0) 0x7f669c00b3e0 con 0x7f66a8105e40
2024-04-25T00:21:18.319 INFO:teuthology.orchestra.run.smithi031.stdout:/usr/bin/ceph: stderr
2024-04-25T00:21:17.314+0000 7f66aef8d700 1 -- 172.21.15.31:0/2315778885 --> [v2:172.21.15.31:6800/2153348461,v1:172.21.15.31:6801/2153348461] -- mgr_command(tid 0: {"prefix": "dashboard ac-user-create", "username": "admin", "rolename": "administrator", "force_password": true, "pwd_update_required": true, "target": ["mon-mgr", ""]}) -- 0x7f66a819f120 con 0x7f66980390a0
2024-04-25T00:21:18.319 INFO:teuthology.orchestra.run.smithi031.stdout:/usr/bin/ceph: stderr
2024-04-25T00:21:17.561+0000 7f66a5ffb700 1 -- 172.21.15.31:0/2315778885 <== mgr.14150 v2:172.21.15.31:6800/2153348461 1 ==== mgr_command_reply(tid 0: 0 ) ==== 8+0+252 (secure 0 0 0) 0x7f66a819f120 con 0x7f66980390a0
2024-04-25T00:21:18.319 INFO:teuthology.orchestra.run.smithi031.stdout:/usr/bin/ceph: stderr
