2024-04-25T00:20:38.834 INFO:teuthology.orchestra.run.smithi031.stdout:/usr/bin/ceph: stderr
2024-04-25T00:20:37.941+0000 7f229b7fe700 1 -- 172.21.15.31:0/2830722960 <== mon.0 v2:172.21.15.31:3300/0 6 ==== mon_command_ack([{"prefix": "get_command_descriptions"}]=0 v0) ==== 72+0+186147 (secure 0 0 0) 0x7f229c02a020 con 0x7f22a4106480
2024-04-25T00:20:38.835 INFO:teuthology.orchestra.run.smithi031.stdout:/usr/bin/ceph: stderr
2024-04-25T00:20:38.209+0000 7f22a8e76700 1 -- 172.21.15.31:0/2830722960 --> [v2:172.21.15.31:3300/0,v1:172.21.15.31:6789/0] -- mon_command({"prefix": "mgr module enable", "module": "cephadm"} v 0) -- 0x7f22a402dea0 con 0x7f22a4106480
2024-04-25T00:20:38.835 INFO:teuthology.orchestra.run.smithi031.stdout:/usr/bin/ceph: stderr
2024-04-25T00:20:38.260+0000 7f229b7fe700 1 -- 172.21.15.31:0/2830722960 <== mon.0 v2:172.21.15.31:3300/0 7 ==== mon_command_ack([{"prefix": "mgr module enable", "module": "cephadm"}]=0 v5) ==== 86+0+0 (secure 0 0 0) 0x7f229c007310 con 0x7f22a4106480
2024-04-25T00:20:38.835 INFO:teuthology.orchestra.run.smithi031.stdout:/usr/bin/ceph: stderr
2024-04-25T00:20:38.262+0000 7f229b7fe700 1 -- 172.21.15.31:0/2830722960 <== mon.0 v2:172.21.15.31:3300/0 8 ==== mgrmap(e 5) ==== 46287+0+0 (secure 0 0 0) 0x7f229c0129e0 con 0x7f22a4106480
2024-04-25T00:20:38.835 INFO:teuthology.orchestra.run.smithi031.stdout:/usr/bin/ceph: stderr
2024-04-25T00:20:38.263+0000 7f22a8e76700 1 -- 172.21.15.31:0/2830722960 >> [v2:172.21.15.31:6800/1911777180,v1:172.21.15.31:6801/1911777180] conn(0x7f2290039050 msgr2=0x7f229003b510 secure :-1 s=STATE_CONNECTION_ESTABLISHED l=1).mark_down
2024-04-25T00:20:38.835 INFO:teuthology.orchestra.run.smithi031.stdout:/usr/bin/ceph: stderr
2024-04-25T00:20:38.263+0000 7f22a8e76700 1 --2- 172.21.15.31:0/2830722960 >> [v2:172.21.15.31:6800/1911777180,v1:172.21.15.31:6801/1911777180] conn(0x7f2290039050 0x7f229003b510 secure :-1 s=READY pgs=8 cs=0 l=1 rev1=1 crypto rx=0x7f228c006fd0 tx=0x7f228c006e40 comp rx=0 tx=0).stop
2024-04-25T00:20:38.835 INFO:teuthology.orchestra.run.smithi031.stdout:/usr/bin/ceph: stderr
2024-04-25T00:20:38.263+0000 7f22a8e76700 1 -- 172.21.15.31:0/2830722960 >> [v2:172.21.15.31:3300/0,v1:172.21.15.31:6789/0] conn(0x7f22a4106480 msgr2=0x7f22a419dc30 secure :-1 s=STATE_CONNECTION_ESTABLISHED l=1).mark_down
2024-04-25T00:20:38.835 INFO:teuthology.orchestra.run.smithi031.stdout:/usr/bin/ceph: stderr
2024-04-25T00:20:38.263+0000 7f22a8e76700 1 --2- 172.21.15.31:0/2830722960 >> [v2:172.21.15.31:3300/0,v1:172.21.15.31:6789/0] conn(0x7f22a4106480 0x7f22a419dc30 secure :-1 s=READY pgs=21 cs=0 l=1 rev1=1 crypto rx=0x7f229c00b7b0 tx=0x7f229c004670 comp rx=0 tx=0).stop
2024-04-25T00:20:38.835 INFO:teuthology.orchestra.run.smithi031.stdout:/usr/bin/ceph: stderr
2024-04-25T00:20:38.263+0000 7f22a8e76700 1 -- 172.21.15.31:0/2830722960 shutdown_connections
2024-04-25T00:20:38.835 INFO:teuthology.orchestra.run.smithi031.stdout:/usr/bin/ceph: stderr
2024-04-25T00:20:38.263+0000 7f22a8e76700 1 --2- 172.21.15.31:0/2830722960 >> [v2:172.21.15.31:6800/1911777180,v1:172.21.15.31:6801/1911777180] conn(0x7f2290039050 0x7f229003b510 unknown :-1 s=CLOSED pgs=8 cs=0 l=1 rev1=1 crypto rx=0 tx=0 comp rx=0 tx=0).stop
2024-04-25T00:20:38.835 INFO:teuthology.orchestra.run.smithi031.stdout:/usr/bin/ceph: stderr
2024-04-25T00:20:38.264+0000 7f22a8e76700 1 --2- 172.21.15.31:0/2830722960 >> [v2:172.21.15.31:3300/0,v1:172.21.15.31:6789/0] conn(0x7f22a4106480 0x7f22a419dc30 unknown :-1 s=CLOSED pgs=21 cs=0 l=1 rev1=1 crypto rx=0 tx=0 comp rx=0 tx=0).stop
2024-04-25T00:20:38.835 INFO:teuthology.orchestra.run.smithi031.stdout:/usr/bin/ceph: stderr
2024-04-25T00:20:38.264+0000 7f22a8e76700 1 -- 172.21.15.31:0/2830722960 >> 172.21.15.31:0/2830722960 conn(0x7f22a4102020 msgr2=0x7f22a41948a0 unknown :-1 s=STATE_NONE l=0).mark_down
2024-04-25T00:20:38.835 INFO:teuthology.orchestra.run.smithi031.stdout:/usr/bin/ceph: stderr
2024-04-25T00:20:38.264+0000 7f22a8e76700 1 -- 172.21.15.31:0/2830722960 shutdown_connections
2024-04-25T00:20:38.835 INFO:teuthology.orchestra.run.smithi031.stdout:/usr/bin/ceph: stderr
2024-04-25T00:20:38.264+0000 7f22a8e76700 1 -- 172.21.15.31:0/2830722960 wait complete.
2024-04-25T00:20:39.083 INFO:journalctl@ceph.mgr.x.smithi031.stdout:Apr 25 00:20:39 smithi031 ceph-6c091b24-0299-11ef-bc93-c7b262605968-mgr-x[29399]:
2024-04-25T00:20:39.056+0000 7f9ff87e5200 -1 mgr[py] Module progress has missing NOTIFY_TYPES member
2024-04-25T00:20:39.492 INFO:journalctl@ceph.mon.a.smithi031.stdout:Apr 25 00:20:39 smithi031 ceph-mon[29167]: from='client.? 172.21.15.31:0/2830722960' entity='client.admin' cmd='[{"prefix": "mgr module enable", "module": "cephadm"}]': finished
2024-04-25T00:20:39.492 INFO:journalctl@ceph.mon.a.smithi031.stdout:Apr 25 00:20:39 smithi031 ceph-mon[29167]: mgrmap e5: x(active, since 11s)
2024-04-25T00:20:39.493 INFO:journalctl@ceph.mgr.x.smithi031.stdout:Apr 25 00:20:39 smithi031 ceph-6c091b24-0299-11ef-bc93-c7b262605968-mgr-x[29399]:
2024-04-25T00:20:39.147+0000 7f9ff87e5200 -1 mgr[py] Module influx has missing NOTIFY_TYPES member
2024-04-25T00:20:40.164 INFO:teuthology.orchestra.run.smithi031.stdout:/usr/bin/ceph: stdout {
2024-04-25T00:20:40.164 INFO:teuthology.orchestra.run.smithi031.stdout:/usr/bin/ceph: stdout "epoch": 5,
2024-04-25T00:20:40.164 INFO:teuthology.orchestra.run.smithi031.stdout:/usr/bin/ceph: stdout "available": true,
2024-04-25T00:20:40.164 INFO:teuthology.orchestra.run.smithi031.stdout:/usr/bin/ceph: stdout "active_name": "x",
2024-04-25T00:20:40.164 INFO:teuthology.orchestra.run.smithi031.stdout:/usr/bin/ceph: stdout "num_standby": 0
2024-04-25T00:20:40.165 INFO:teuthology.orchestra.run.smithi031.stdout:/usr/bin/ceph: stdout }
2024-04-25T00:20:40.165 INFO:teuthology.orchestra.run.smithi031.stdout:/usr/bin/ceph: stderr
2024-04-25T00:20:39.286+0000 7f2b9c26d700 1 Processor -- start
2024-04-25T00:20:40.165 INFO:teuthology.orchestra.run.smithi031.stdout:/usr/bin/ceph: stderr
2024-04-25T00:20:39.286+0000 7f2b9c26d700 1 -- start start
2024-04-25T00:20:40.165 INFO:teuthology.orchestra.run.smithi031.stdout:/usr/bin/ceph: stderr
2024-04-25T00:20:39.286+0000 7f2b9c26d700 1 --2- >> [v2:172.21.15.31:3300/0,v1:172.21.15.31:6789/0] conn(0x7f2b9407de80 0x7f2b9407c2e0 unknown :-1 s=NONE pgs=0 cs=0 l=0 rev1=0 crypto rx=0 tx=0 comp rx=0 tx=0).connect
2024-04-25T00:20:40.165 INFO:teuthology.orchestra.run.smithi031.stdout:/usr/bin/ceph: stderr
2024-04-25T00:20:39.286+0000 7f2b9c26d700 1 -- --> [v2:172.21.15.31:3300/0,v1:172.21.15.31:6789/0] -- mon_getmap magic: 0 -- 0x7f2b9407c8b0 con 0x7f2b9407de80
2024-04-25T00:20:40.165 INFO:teuthology.orchestra.run.smithi031.stdout:/usr/bin/ceph: stderr
2024-04-25T00:20:39.286+0000 7f2b9a009700 1 --2- >> [v2:172.21.15.31:3300/0,v1:172.21.15.31:6789/0] conn(0x7f2b9407de80 0x7f2b9407c2e0 unknown :-1 s=BANNER_CONNECTING pgs=0 cs=0 l=0 rev1=0 crypto rx=0 tx=0 comp rx=0 tx=0)._handle_peer_banner_payload supported=3 required=0
2024-04-25T00:20:40.165 INFO:teuthology.orchestra.run.smithi031.stdout:/usr/bin/ceph: stderr
2024-04-25T00:20:39.286+0000 7f2b9a009700 1 --2- >> [v2:172.21.15.31:3300/0,v1:172.21.15.31:6789/0] conn(0x7f2b9407de80 0x7f2b9407c2e0 unknown :-1 s=HELLO_CONNECTING pgs=0 cs=0 l=0 rev1=1 crypto rx=0 tx=0 comp rx=0 tx=0).handle_hello peer v2:172.21.15.31:3300/0 says I am v2:172.21.15.31:44922/0 (socket says 172.21.15.31:44922)
2024-04-25T00:20:40.165 INFO:teuthology.orchestra.run.smithi031.stdout:/usr/bin/ceph: stderr
2024-04-25T00:20:39.286+0000 7f2b9a009700 1 -- 172.21.15.31:0/4216052998 learned_addr learned my addr 172.21.15.31:0/4216052998 (peer_addr_for_me v2:172.21.15.31:0/0)
2024-04-25T00:20:40.165 INFO:teuthology.orchestra.run.smithi031.stdout:/usr/bin/ceph: stderr
2024-04-25T00:20:39.286+0000 7f2b9a009700 1 -- 172.21.15.31:0/4216052998 --> [v2:172.21.15.31:3300/0,v1:172.21.15.31:6789/0] -- mon_subscribe({config=0+,monmap=0+}) -- 0x7f2b9407ca30 con 0x7f2b9407de80
2024-04-25T00:20:40.165 INFO:teuthology.orchestra.run.smithi031.stdout:/usr/bin/ceph: stderr
2024-04-25T00:20:39.287+0000 7f2b9a009700 1 --2- 172.21.15.31:0/4216052998 >> [v2:172.21.15.31:3300/0,v1:172.21.15.31:6789/0] conn(0x7f2b9407de80 0x7f2b9407c2e0 secure :-1 s=READY pgs=24 cs=0 l=1 rev1=1 crypto rx=0x7f2b880098a0 tx=0x7f2b88009bb0 comp rx=0 tx=0).ready entity=mon.0 client_cookie=199cc4af9ff746cd server_cookie=0 in_seq=0 out_seq=0
2024-04-25T00:20:40.165 INFO:teuthology.orchestra.run.smithi031.stdout:/usr/bin/ceph: stderr
2024-04-25T00:20:39.287+0000 7f2b99007700 1 -- 172.21.15.31:0/4216052998 <== mon.0 v2:172.21.15.31:3300/0 1 ==== mon_map magic: 0 ==== 205+0+0 (secure 0 0 0) 0x7f2b88004160 con 0x7f2b9407de80
2024-04-25T00:20:40.165 INFO:teuthology.orchestra.run.smithi031.stdout:/usr/bin/ceph: stderr
2024-04-25T00:20:39.287+0000 7f2b99007700 1 -- 172.21.15.31:0/4216052998 <== mon.0 v2:172.21.15.31:3300/0 2 ==== config(26 keys) ==== 1071+0+0 (secure 0 0 0) 0x7f2b88004300 con 0x7f2b9407de80
2024-04-25T00:20:40.165 INFO:teuthology.orchestra.run.smithi031.stdout:/usr/bin/ceph: stderr
2024-04-25T00:20:39.287+0000 7f2b99007700 1 -- 172.21.15.31:0/4216052998 <== mon.0 v2:172.21.15.31:3300/0 3 ==== mon_map magic: 0 ==== 205+0+0 (secure 0 0 0) 0x7f2b88011a80 con 0x7f2b9407de80
2024-04-25T00:20:40.166 INFO:teuthology.orchestra.run.smithi031.stdout:/usr/bin/ceph: stderr
2024-04-25T00:20:39.287+0000 7f2b9c26d700 1 -- 172.21.15.31:0/4216052998 >> [v2:172.21.15.31:3300/0,v1:172.21.15.31:6789/0] conn(0x7f2b9407de80 msgr2=0x7f2b9407c2e0 secure :-1 s=STATE_CONNECTION_ESTABLISHED l=1).mark_down
2024-04-25T00:20:40.166 INFO:teuthology.orchestra.run.smithi031.stdout:/usr/bin/ceph: stderr
2024-04-25T00:20:39.287+0000 7f2b9c26d700 1 --2- 172.21.15.31:0/4216052998 >> [v2:172.21.15.31:3300/0,v1:172.21.15.31:6789/0] conn(0x7f2b9407de80 0x7f2b9407c2e0 secure :-1 s=READY pgs=24 cs=0 l=1 rev1=1 crypto rx=0x7f2b880098a0 tx=0x7f2b88009bb0 comp rx=0 tx=0).stop
2024-04-25T00:20:40.166 INFO:teuthology.orchestra.run.smithi031.stdout:/usr/bin/ceph: stderr
2024-04-25T00:20:39.288+0000 7f2b9c26d700 1 -- 172.21.15.31:0/4216052998 shutdown_connections
2024-04-25T00:20:40.166 INFO:teuthology.orchestra.run.smithi031.stdout:/usr/bin/ceph: stderr
2024-04-25T00:20:39.288+0000 7f2b9c26d700 1 --2- 172.21.15.31:0/4216052998 >> [v2:172.21.15.31:3300/0,v1:172.21.15.31:6789/0] conn(0x7f2b9407de80 0x7f2b9407c2e0 unknown :-1 s=CLOSED pgs=24 cs=0 l=1 rev1=1 crypto rx=0 tx=0 comp rx=0 tx=0).stop
2024-04-25T00:20:40.166 INFO:teuthology.orchestra.run.smithi031.stdout:/usr/bin/ceph: stderr
2024-04-25T00:20:39.288+0000 7f2b9c26d700 1 -- 172.21.15.31:0/4216052998 >> 172.21.15.31:0/4216052998 conn(0x7f2b94103110 msgr2=0x7f2b94105530 unknown :-1 s=STATE_NONE l=0).mark_down
2024-04-25T00:20:40.166 INFO:teuthology.orchestra.run.smithi031.stdout:/usr/bin/ceph: stderr
2024-04-25T00:20:39.288+0000 7f2b9c26d700 1 -- 172.21.15.31:0/4216052998 shutdown_connections
2024-04-25T00:20:40.166 INFO:teuthology.orchestra.run.smithi031.stdout:/usr/bin/ceph: stderr
2024-04-25T00:20:39.288+0000 7f2b9c26d700 1 -- 172.21.15.31:0/4216052998 wait complete.
2024-04-25T00:20:40.166 INFO:teuthology.orchestra.run.smithi031.stdout:/usr/bin/ceph: stderr
2024-04-25T00:20:39.288+0000 7f2b9c26d700 1 Processor -- start
2024-04-25T00:20:40.166 INFO:teuthology.orchestra.run.smithi031.stdout:/usr/bin/ceph: stderr
2024-04-25T00:20:39.288+0000 7f2b9c26d700 1 -- start start
2024-04-25T00:20:40.166 INFO:teuthology.orchestra.run.smithi031.stdout:/usr/bin/ceph: stderr
2024-04-25T00:20:39.288+0000 7f2b9c26d700 1 --2- >> [v2:172.21.15.31:3300/0,v1:172.21.15.31:6789/0] conn(0x7f2b9407de80 0x7f2b941a20b0 unknown :-1 s=NONE pgs=0 cs=0 l=1 rev1=0 crypto rx=0 tx=0 comp rx=0 tx=0).connect
2024-04-25T00:20:40.167 INFO:teuthology.orchestra.run.smithi031.stdout:/usr/bin/ceph: stderr
2024-04-25T00:20:39.289+0000 7f2b9c26d700 1 -- --> [v2:172.21.15.31:3300/0,v1:172.21.15.31:6789/0] -- mon_getmap magic: 0 -- 0x7f2b94109ce0 con 0x7f2b9407de80
2024-04-25T00:20:40.167 INFO:teuthology.orchestra.run.smithi031.stdout:/usr/bin/ceph: stderr
2024-04-25T00:20:39.289+0000 7f2b9a009700 1 --2- >> [v2:172.21.15.31:3300/0,v1:172.21.15.31:6789/0] conn(0x7f2b9407de80 0x7f2b941a20b0 unknown :-1 s=BANNER_CONNECTING pgs=0 cs=0 l=1 rev1=0 crypto rx=0 tx=0 comp rx=0 tx=0)._handle_peer_banner_payload supported=3 required=0
2024-04-25T00:20:40.167 INFO:teuthology.orchestra.run.smithi031.stdout:/usr/bin/ceph: stderr
2024-04-25T00:20:39.289+0000 7f2b9a009700 1 --2- >> [v2:172.21.15.31:3300/0,v1:172.21.15.31:6789/0] conn(0x7f2b9407de80 0x7f2b941a20b0 unknown :-1 s=HELLO_CONNECTING pgs=0 cs=0 l=1 rev1=1 crypto rx=0 tx=0 comp rx=0 tx=0).handle_hello peer v2:172.21.15.31:3300/0 says I am v2:172.21.15.31:44924/0 (socket says 172.21.15.31:44924)
2024-04-25T00:20:40.167 INFO:teuthology.orchestra.run.smithi031.stdout:/usr/bin/ceph: stderr
2024-04-25T00:20:39.289+0000 7f2b9a009700 1 -- 172.21.15.31:0/3604142882 learned_addr learned my addr 172.21.15.31:0/3604142882 (peer_addr_for_me v2:172.21.15.31:0/0)
2024-04-25T00:20:40.167 INFO:teuthology.orchestra.run.smithi031.stdout:/usr/bin/ceph: stderr
2024-04-25T00:20:39.289+0000 7f2b9a009700 1 -- 172.21.15.31:0/3604142882 --> [v2:172.21.15.31:3300/0,v1:172.21.15.31:6789/0] -- mon_subscribe({config=0+,monmap=0+}) -- 0x7f2b941a25f0 con 0x7f2b9407de80
2024-04-25T00:20:40.167 INFO:teuthology.orchestra.run.smithi031.stdout:/usr/bin/ceph: stderr
2024-04-25T00:20:39.289+0000 7f2b9a009700 1 --2- 172.21.15.31:0/3604142882 >> [v2:172.21.15.31:3300/0,v1:172.21.15.31:6789/0] conn(0x7f2b9407de80 0x7f2b941a20b0 secure :-1 s=READY pgs=25 cs=0 l=1 rev1=1 crypto rx=0x7f2b88006af0 tx=0x7f2b88011c40 comp rx=0 tx=0).ready entity=mon.0 client_cookie=0 server_cookie=0 in_seq=0 out_seq=0
2024-04-25T00:20:40.167 INFO:teuthology.orchestra.run.smithi031.stdout:/usr/bin/ceph: stderr
2024-04-25T00:20:39.289+0000 7f2b877fe700 1 -- 172.21.15.31:0/3604142882 <== mon.0 v2:172.21.15.31:3300/0 1 ==== mon_map magic: 0 ==== 205+0+0 (secure 0 0 0) 0x7f2b880039e0 con 0x7f2b9407de80
2024-04-25T00:20:40.167 INFO:teuthology.orchestra.run.smithi031.stdout:/usr/bin/ceph: stderr
2024-04-25T00:20:39.289+0000 7f2b877fe700 1 -- 172.21.15.31:0/3604142882 <== mon.0 v2:172.21.15.31:3300/0 2 ==== config(26 keys) ==== 1071+0+0 (secure 0 0 0) 0x7f2b88003b80 con 0x7f2b9407de80
2024-04-25T00:20:40.168 INFO:teuthology.orchestra.run.smithi031.stdout:/usr/bin/ceph: stderr
2024-04-25T00:20:39.289+0000 7f2b9c26d700 1 -- 172.21.15.31:0/3604142882 --> [v2:172.21.15.31:3300/0,v1:172.21.15.31:6789/0] -- mon_subscribe({mgrmap=0+}) -- 0x7f2b941a2880 con 0x7f2b9407de80
2024-04-25T00:20:40.168 INFO:teuthology.orchestra.run.smithi031.stdout:/usr/bin/ceph: stderr
2024-04-25T00:20:39.289+0000 7f2b877fe700 1 -- 172.21.15.31:0/3604142882 <== mon.0 v2:172.21.15.31:3300/0 3 ==== mon_map magic: 0 ==== 205+0+0 (secure 0 0 0) 0x7f2b880196a0 con 0x7f2b9407de80
2024-04-25T00:20:40.168 INFO:teuthology.orchestra.run.smithi031.stdout:/usr/bin/ceph: stderr
2024-04-25T00:20:39.289+0000 7f2b9c26d700 1 -- 172.21.15.31:0/3604142882 --> [v2:172.21.15.31:3300/0,v1:172.21.15.31:6789/0] -- mon_subscribe({osdmap=0}) -- 0x7f2b941a5570 con 0x7f2b9407de80
2024-04-25T00:20:40.168 INFO:teuthology.orchestra.run.smithi031.stdout:/usr/bin/ceph: stderr
2024-04-25T00:20:39.290+0000 7f2b877fe700 1 -- 172.21.15.31:0/3604142882 <== mon.0 v2:172.21.15.31:3300/0 4 ==== mgrmap(e 5) ==== 46287+0+0 (secure 0 0 0) 0x7f2b8801ab50 con 0x7f2b9407de80
2024-04-25T00:20:40.168 INFO:teuthology.orchestra.run.smithi031.stdout:/usr/bin/ceph: stderr
2024-04-25T00:20:39.290+0000 7f2b9c26d700 1 -- 172.21.15.31:0/3604142882 --> [v2:172.21.15.31:3300/0,v1:172.21.15.31:6789/0] -- mon_command({"prefix": "get_command_descriptions"} v 0) -- 0x7f2b94063890 con 0x7f2b9407de80
2024-04-25T00:20:40.168 INFO:teuthology.orchestra.run.smithi031.stdout:/usr/bin/ceph: stderr
2024-04-25T00:20:39.290+0000 7f2b877fe700 1 --2- 172.21.15.31:0/3604142882 >> [v2:172.21.15.31:6800/1911777180,v1:172.21.15.31:6801/1911777180] conn(0x7f2b80039050 0x7f2b8003b510 unknown :-1 s=NONE pgs=0 cs=0 l=1 rev1=0 crypto rx=0 tx=0 comp rx=0 tx=0).connect
2024-04-25T00:20:40.168 INFO:teuthology.orchestra.run.smithi031.stdout:/usr/bin/ceph: stderr
2024-04-25T00:20:39.291+0000 7f2b877fe700 1 -- 172.21.15.31:0/3604142882 <== mon.0 v2:172.21.15.31:3300/0 5 ==== osd_map(1..1 src has 1..1) ==== 725+0+0 (secure 0 0 0) 0x7f2b8804d510 con 0x7f2b9407de80
2024-04-25T00:20:40.168 INFO:teuthology.orchestra.run.smithi031.stdout:/usr/bin/ceph: stderr
2024-04-25T00:20:39.291+0000 7f2b99808700 1 -- 172.21.15.31:0/3604142882 >> [v2:172.21.15.31:6800/1911777180,v1:172.21.15.31:6801/1911777180] conn(0x7f2b80039050 msgr2=0x7f2b8003b510 unknown :-1 s=STATE_CONNECTING_RE l=1).process reconnect failed to v2:172.21.15.31:6800/1911777180
2024-04-25T00:20:40.168 INFO:teuthology.orchestra.run.smithi031.stdout:/usr/bin/ceph: stderr
2024-04-25T00:20:39.291+0000 7f2b99808700 1 --2- 172.21.15.31:0/3604142882 >> [v2:172.21.15.31:6800/1911777180,v1:172.21.15.31:6801/1911777180] conn(0x7f2b80039050 0x7f2b8003b510 unknown :-1 s=START_CONNECT pgs=0 cs=0 l=1 rev1=0 crypto rx=0 tx=0 comp rx=0 tx=0)._fault waiting 0.200000
2024-04-25T00:20:40.169 INFO:teuthology.orchestra.run.smithi031.stdout:/usr/bin/ceph: stderr
2024-04-25T00:20:39.295+0000 7f2b877fe700 1 -- 172.21.15.31:0/3604142882 <== mon.0 v2:172.21.15.31:3300/0 6 ==== mon_command_ack([{"prefix": "get_command_descriptions"}]=0 v0) ==== 72+0+186147 (secure 0 0 0) 0x7f2b8800b3e0 con 0x7f2b9407de80
2024-04-25T00:20:40.169 INFO:teuthology.orchestra.run.smithi031.stdout:/usr/bin/ceph: stderr
2024-04-25T00:20:39.492+0000 7f2b99808700 1 -- 172.21.15.31:0/3604142882 >> [v2:172.21.15.31:6800/1911777180,v1:172.21.15.31:6801/1911777180] conn(0x7f2b80039050 msgr2=0x7f2b8003b510 unknown :-1 s=STATE_CONNECTING_RE l=1).process reconnect failed to v2:172.21.15.31:6800/1911777180
2024-04-25T00:20:40.169 INFO:teuthology.orchestra.run.smithi031.stdout:/usr/bin/ceph: stderr
2024-04-25T00:20:39.492+0000 7f2b99808700 1 --2- 172.21.15.31:0/3604142882 >> [v2:172.21.15.31:6800/1911777180,v1:172.21.15.31:6801/1911777180] conn(0x7f2b80039050 0x7f2b8003b510 unknown :-1 s=START_CONNECT pgs=0 cs=0 l=1 rev1=0 crypto rx=0 tx=0 comp rx=0 tx=0)._fault waiting 0.400000
2024-04-25T00:20:40.169 INFO:teuthology.orchestra.run.smithi031.stdout:/usr/bin/ceph: stderr
2024-04-25T00:20:39.602+0000 7f2b9c26d700 1 -- 172.21.15.31:0/3604142882 --> [v2:172.21.15.31:3300/0,v1:172.21.15.31:6789/0] -- mon_command({"prefix": "mgr stat"} v 0) -- 0x7f2b941a5740 con 0x7f2b9407de80
2024-04-25T00:20:40.169 INFO:teuthology.orchestra.run.smithi031.stdout:/usr/bin/ceph: stderr
2024-04-25T00:20:39.605+0000 7f2b877fe700 1 -- 172.21.15.31:0/3604142882 <== mon.0 v2:172.21.15.31:3300/0 7 ==== mon_command_ack([{"prefix": "mgr stat"}]=0 v5) ==== 56+0+88 (secure 0 0 0) 0x7f2b941a5740 con 0x7f2b9407de80
2024-04-25T00:20:40.169 INFO:teuthology.orchestra.run.smithi031.stdout:/usr/bin/ceph: stderr
2024-04-25T00:20:39.608+0000 7f2b9c26d700 1 -- 172.21.15.31:0/3604142882 >> [v2:172.21.15.31:6800/1911777180,v1:172.21.15.31:6801/1911777180] conn(0x7f2b80039050 msgr2=0x7f2b8003b510 unknown :-1 s=STATE_CONNECTING l=1).mark_down
2024-04-25T00:20:40.169 INFO:teuthology.orchestra.run.smithi031.stdout:/usr/bin/ceph: stderr
2024-04-25T00:20:39.608+0000 7f2b9c26d700 1 --2- 172.21.15.31:0/3604142882 >> [v2:172.21.15.31:6800/1911777180,v1:172.21.15.31:6801/1911777180] conn(0x7f2b80039050 0x7f2b8003b510 unknown :-1 s=START_CONNECT pgs=0 cs=0 l=1 rev1=0 crypto rx=0 tx=0 comp rx=0 tx=0).stop
2024-04-25T00:20:40.169 INFO:teuthology.orchestra.run.smithi031.stdout:/usr/bin/ceph: stderr
2024-04-25T00:20:39.608+0000 7f2b9c26d700 1 -- 172.21.15.31:0/3604142882 >> [v2:172.21.15.31:3300/0,v1:172.21.15.31:6789/0] conn(0x7f2b9407de80 msgr2=0x7f2b941a20b0 secure :-1 s=STATE_CONNECTION_ESTABLISHED l=1).mark_down
2024-04-25T00:20:40.170 INFO:teuthology.orchestra.run.smithi031.stdout:/usr/bin/ceph: stderr
2024-04-25T00:20:39.608+0000 7f2b9c26d700 1 --2- 172.21.15.31:0/3604142882 >> [v2:172.21.15.31:3300/0,v1:172.21.15.31:6789/0] conn(0x7f2b9407de80 0x7f2b941a20b0 secure :-1 s=READY pgs=25 cs=0 l=1 rev1=1 crypto rx=0x7f2b88006af0 tx=0x7f2b88011c40 comp rx=0 tx=0).stop
2024-04-25T00:20:40.170 INFO:teuthology.orchestra.run.smithi031.stdout:/usr/bin/ceph: stderr
2024-04-25T00:20:39.608+0000 7f2b9c26d700 1 -- 172.21.15.31:0/3604142882 shutdown_connections
2024-04-25T00:20:40.170 INFO:teuthology.orchestra.run.smithi031.stdout:/usr/bin/ceph: stderr
2024-04-25T00:20:39.608+0000 7f2b9c26d700 1 --2- 172.21.15.31:0/3604142882 >> [v2:172.21.15.31:6800/1911777180,v1:172.21.15.31:6801/1911777180] conn(0x7f2b80039050 0x7f2b8003b510 unknown :-1 s=CLOSED pgs=0 cs=0 l=1 rev1=0 crypto rx=0 tx=0 comp rx=0 tx=0).stop
2024-04-25T00:20:40.170 INFO:teuthology.orchestra.run.smithi031.stdout:/usr/bin/ceph: stderr
2024-04-25T00:20:39.608+0000 7f2b9c26d700 1 --2- 172.21.15.31:0/3604142882 >> [v2:172.21.15.31:3300/0,v1:172.21.15.31:6789/0] conn(0x7f2b9407de80 0x7f2b941a20b0 unknown :-1 s=CLOSED pgs=25 cs=0 l=1 rev1=1 crypto rx=0 tx=0 comp rx=0 tx=0).stop
2024-04-25T00:20:40.170 INFO:teuthology.orchestra.run.smithi031.stdout:/usr/bin/ceph: stderr
2024-04-25T00:20:39.608+0000 7f2b9c26d700 1 -- 172.21.15.31:0/3604142882 >> 172.21.15.31:0/3604142882 conn(0x7f2b94103110 msgr2=0x7f2b94105500 unknown :-1 s=STATE_NONE l=0).mark_down
2024-04-25T00:20:40.170 INFO:teuthology.orchestra.run.smithi031.stdout:/usr/bin/ceph: stderr
2024-04-25T00:20:39.608+0000 7f2b9c26d700 1 -- 172.21.15.31:0/3604142882 shutdown_connections
2024-04-25T00:20:40.170 INFO:teuthology.orchestra.run.smithi031.stdout:/usr/bin/ceph: stderr
2024-04-25T00:20:39.608+0000 7f2b9c26d700 1 -- 172.21.15.31:0/3604142882 wait complete.
2024-04-25T00:20:40.170 INFO:teuthology.orchestra.run.smithi031.stdout:Waiting for the mgr to restart...
2024-04-25T00:20:40.170 INFO:teuthology.orchestra.run.smithi031.stdout:Waiting for mgr epoch 5...
2024-04-25T00:20:40.420 INFO:journalctl@ceph.mon.a.smithi031.stdout:Apr 25 00:20:40 smithi031 ceph-mon[29167]: from='client.? 172.21.15.31:0/3604142882' entity='client.admin' cmd=[{"prefix": "mgr stat"}]: dispatch
2024-04-25T00:20:40.755 INFO:journalctl@ceph.mgr.x.smithi031.stdout:Apr 25 00:20:40 smithi031 ceph-6c091b24-0299-11ef-bc93-c7b262605968-mgr-x[29399]:
2024-04-25T00:20:40.420+0000 7f9ff87e5200 -1 mgr[py] Module telegraf has missing NOTIFY_TYPES member
2024-04-25T00:20:40.755 INFO:journalctl@ceph.mgr.x.smithi031.stdout:Apr 25 00:20:40 smithi031 ceph-6c091b24-0299-11ef-bc93-c7b262605968-mgr-x[29399]:
2024-04-25T00:20:40.599+0000 7f9ff87e5200 -1 mgr[py] Module osd_support has missing NOTIFY_TYPES member
2024-04-25T00:20:41.022 INFO:journalctl@ceph.mgr.x.smithi031.stdout:Apr 25 00:20:40 smithi031 ceph-6c091b24-0299-11ef-bc93-c7b262605968-mgr-x[29399]:
2024-04-25T00:20:40.795+0000 7f9ff87e5200 -1 mgr[py] Module iostat has missing NOTIFY_TYPES member
2024-04-25T00:20:41.404 INFO:journalctl@ceph.mgr.x.smithi031.stdout:Apr 25 00:20:41 smithi031 ceph-6c091b24-0299-11ef-bc93-c7b262605968-mgr-x[29399]:
2024-04-25T00:20:41.094+0000 7f9ff87e5200 -1 mgr[py] Module alerts has missing NOTIFY_TYPES member
2024-04-25T00:20:41.404 INFO:journalctl@ceph.mgr.x.smithi031.stdout:Apr 25 00:20:41 smithi031 ceph-6c091b24-0299-11ef-bc93-c7b262605968-mgr-x[29399]:
2024-04-25T00:20:41.189+0000 7f9ff87e5200 -1 mgr[py] Module selftest has missing NOTIFY_TYPES member
2024-04-25T00:20:41.405 INFO:journalctl@ceph.mgr.x.smithi031.stdout:Apr 25 00:20:41 smithi031 ceph-6c091b24-0299-11ef-bc93-c7b262605968-mgr-x[29399]:
2024-04-25T00:20:41.404+0000 7f9ff87e5200 -1 mgr[py] Module pg_autoscaler has missing NOTIFY_TYPES member
2024-04-25T00:20:41.772 INFO:journalctl@ceph.mgr.x.smithi031.stdout:Apr 25 00:20:41 smithi031 ceph-6c091b24-0299-11ef-bc93-c7b262605968-mgr-x[29399]:
2024-04-25T00:20:41.603+0000 7f9ff87e5200 -1 mgr[py] Module test_orchestrator has missing NOTIFY_TYPES member
2024-04-25T00:20:42.522 INFO:journalctl@ceph.mgr.x.smithi031.stdout:Apr 25 00:20:42 smithi031 ceph-6c091b24-0299-11ef-bc93-c7b262605968-mgr-x[29399]:
2024-04-25T00:20:42.228+0000 7f9ff87e5200 -1 mgr[py] Module rook has missing NOTIFY_TYPES member
2024-04-25T00:20:42.973 INFO:journalctl@ceph.mgr.x.smithi031.stdout:Apr 25 00:20:42 smithi031 ceph-6c091b24-0299-11ef-bc93-c7b262605968-mgr-x[29399]:
2024-04-25T00:20:42.666+0000 7f9ff87e5200 -1 mgr[py] Module volumes has missing NOTIFY_TYPES member
2024-04-25T00:20:42.973 INFO:journalctl@ceph.mgr.x.smithi031.stdout:Apr 25 00:20:42 smithi031 ceph-6c091b24-0299-11ef-bc93-c7b262605968-mgr-x[29399]:
2024-04-25T00:20:42.765+0000 7f9ff87e5200 -1 mgr[py] Module crash has missing NOTIFY_TYPES member
2024-04-25T00:20:42.973 INFO:journalctl@ceph.mgr.x.smithi031.stdout:Apr 25 00:20:42 smithi031 ceph-6c091b24-0299-11ef-bc93-c7b262605968-mgr-x[29399]:
2024-04-25T00:20:42.972+0000 7f9ff87e5200 -1 mgr[py] Module rgw has missing NOTIFY_TYPES member
2024-04-25T00:20:43.772 INFO:journalctl@ceph.mgr.x.smithi031.stdout:Apr 25 00:20:43 smithi031 ceph-6c091b24-0299-11ef-bc93-c7b262605968-mgr-x[29399]:
2024-04-25T00:20:43.519+0000 7f9ff87e5200 -1 mgr[py] Module prometheus has missing NOTIFY_TYPES member
2024-04-25T00:20:43.772 INFO:journalctl@ceph.mgr.x.smithi031.stdout:Apr 25 00:20:43 smithi031 ceph-6c091b24-0299-11ef-bc93-c7b262605968-mgr-x[29399]:
2024-04-25T00:20:43.613+0000 7f9ff87e5200 -1 mgr[py] Module devicehealth has missing NOTIFY_TYPES member
2024-04-25T00:20:44.222 INFO:journalctl@ceph.mgr.x.smithi031.stdout:Apr 25 00:20:43 smithi031 ceph-6c091b24-0299-11ef-bc93-c7b262605968-mgr-x[29399]:
2024-04-25T00:20:43.863+0000 7f9ff87e5200 -1 mgr[py] Module telemetry has missing NOTIFY_TYPES member
2024-04-25T00:20:44.222 INFO:journalctl@ceph.mgr.x.smithi031.stdout:Apr 25 00:20:44 smithi031 ceph-6c091b24-0299-11ef-bc93-c7b262605968-mgr-x[29399]:
2024-04-25T00:20:44.002+0000 7f9ff87e5200 -1 mgr[py] Module diskprediction_local has missing NOTIFY_TYPES member
2024-04-25T00:20:44.222 INFO:journalctl@ceph.mgr.x.smithi031.stdout:Apr 25 00:20:44 smithi031 ceph-6c091b24-0299-11ef-bc93-c7b262605968-mgr-x[29399]:
2024-04-25T00:20:44.100+0000 7f9ff87e5200 -1 mgr[py] Module osd_perf_query has missing NOTIFY_TYPES member
2024-04-25T00:20:44.223 INFO:journalctl@ceph.mgr.x.smithi031.stdout:Apr 25 00:20:44 smithi031 ceph-6c091b24-0299-11ef-bc93-c7b262605968-mgr-x[29399]:
2024-04-25T00:20:44.221+0000 7f9ff87e5200 -1 mgr[py] Module rbd_support has missing NOTIFY_TYPES member
2024-04-25T00:20:44.522 INFO:journalctl@ceph.mgr.x.smithi031.stdout:Apr 25 00:20:44 smithi031 ceph-6c091b24-0299-11ef-bc93-c7b262605968-mgr-x[29399]:
2024-04-25T00:20:44.316+0000 7f9ff87e5200 -1 mgr[py] Module zabbix has missing NOTIFY_TYPES member
2024-04-25T00:20:45.433 INFO:journalctl@ceph.mgr.x.smithi031.stdout:Apr 25 00:20:45 smithi031 ceph-6c091b24-0299-11ef-bc93-c7b262605968-mgr-x[29399]:
2024-04-25T00:20:45.158+0000 7f9ff87e5200 -1 mgr[py] Module status has missing NOTIFY_TYPES member
2024-04-25T00:20:45.433 INFO:journalctl@ceph.mgr.x.smithi031.stdout:Apr 25 00:20:45 smithi031 ceph-6c091b24-0299-11ef-bc93-c7b262605968-mgr-x[29399]:
2024-04-25T00:20:45.380+0000 7f9ff87e5200 -1 mgr[py] Module nfs has missing NOTIFY_TYPES member
2024-04-25T00:20:45.772 INFO:journalctl@ceph.mon.a.smithi031.stdout:Apr 25 00:20:45 smithi031 ceph-mon[29167]: Active manager daemon x restarted
2024-04-25T00:20:45.772 INFO:journalctl@ceph.mon.a.smithi031.stdout:Apr 25 00:20:45 smithi031 ceph-mon[29167]: Activating manager daemon x
2024-04-25T00:20:45.772 INFO:journalctl@ceph.mon.a.smithi031.stdout:Apr 25 00:20:45 smithi031 ceph-mon[29167]: osdmap e2: 0 total, 0 up, 0 in
2024-04-25T00:20:45.772 INFO:journalctl@ceph.mon.a.smithi031.stdout:Apr 25 00:20:45 smithi031 ceph-mon[29167]: mgrmap e6: x(active, starting, since 0.00364735s)
2024-04-25T00:20:45.772 INFO:journalctl@ceph.mon.a.smithi031.stdout:Apr 25 00:20:45 smithi031 ceph-mon[29167]: from='mgr.14118 172.21.15.31:0/2096171759' entity='mgr.x' cmd=[{"prefix": "mon metadata", "id": "a"}]: dispatch
2024-04-25T00:20:45.772 INFO:journalctl@ceph.mon.a.smithi031.stdout:Apr 25 00:20:45 smithi031 ceph-mon[29167]: from='mgr.14118 172.21.15.31:0/2096171759' entity='mgr.x' cmd=[{"prefix": "mgr metadata", "who": "x", "id": "x"}]: dispatch
2024-04-25T00:20:45.773 INFO:journalctl@ceph.mon.a.smithi031.stdout:Apr 25 00:20:45 smithi031 ceph-mon[29167]: from='mgr.14118 172.21.15.31:0/2096171759' entity='mgr.x' cmd=[{"prefix": "mds metadata"}]: dispatch
2024-04-25T00:20:45.773 INFO:journalctl@ceph.mon.a.smithi031.stdout:Apr 25 00:20:45 smithi031 ceph-mon[29167]: from='mgr.14118 172.21.15.31:0/2096171759' entity='mgr.x' cmd=[{"prefix": "osd metadata"}]: dispatch
2024-04-25T00:20:45.773 INFO:journalctl@ceph.mon.a.smithi031.stdout:Apr 25 00:20:45 smithi031 ceph-mon[29167]: from='mgr.14118 172.21.15.31:0/2096171759' entity='mgr.x' cmd=[{"prefix": "mon metadata"}]: dispatch
2024-04-25T00:20:45.773 INFO:journalctl@ceph.mon.a.smithi031.stdout:Apr 25 00:20:45 smithi031 ceph-mon[29167]: Manager daemon x is now available
2024-04-25T00:20:45.773 INFO:journalctl@ceph.mon.a.smithi031.stdout:Apr 25 00:20:45 smithi031 ceph-mon[29167]: from='mgr.14118 172.21.15.31:0/2096171759' entity='mgr.x'
2024-04-25T00:20:45.773 INFO:journalctl@ceph.mon.a.smithi031.stdout:Apr 25 00:20:45 smithi031 ceph-mon[29167]: from='mgr.14118 172.21.15.31:0/2096171759' entity='mgr.x'
2024-04-25T00:20:45.773 INFO:journalctl@ceph.mon.a.smithi031.stdout:Apr 25 00:20:45 smithi031 ceph-mon[29167]: from='mgr.14118 172.21.15.31:0/2096171759' entity='mgr.x' cmd=[{"prefix": "config dump", "format": "json"}]: dispatch
2024-04-25T00:20:45.773 INFO:journalctl@ceph.mon.a.smithi031.stdout:Apr 25 00:20:45 smithi031 ceph-mon[29167]: from='mgr.14118 172.21.15.31:0/2096171759' entity='mgr.x' cmd=[{"prefix": "config dump", "format": "json"}]: dispatch
2024-04-25T00:20:45.773 INFO:journalctl@ceph.mon.a.smithi031.stdout:Apr 25 00:20:45 smithi031 ceph-mon[29167]: from='mgr.14118 172.21.15.31:0/2096171759' entity='mgr.x' cmd=[{"prefix":"config rm","who":"mgr","name":"mgr/rbd_support/x/mirror_snapshot_schedule"}]: dispatch
2024-04-25T00:20:46.701 INFO:journalctl@ceph.mon.a.smithi031.stdout:Apr 25 00:20:46 smithi031 ceph-mon[29167]: Found migration_current of "None". Setting to last migration.
2024-04-25T00:20:46.701 INFO:journalctl@ceph.mon.a.smithi031.stdout:Apr 25 00:20:46 smithi031 ceph-mon[29167]: from='mgr.14118 172.21.15.31:0/2096171759' entity='mgr.x' cmd=[{"prefix":"config rm","who":"mgr","name":"mgr/rbd_support/x/trash_purge_schedule"}]: dispatch
2024-04-25T00:20:46.701 INFO:journalctl@ceph.mon.a.smithi031.stdout:Apr 25 00:20:46 smithi031 ceph-mon[29167]: mgrmap e7: x(active, since 1.00584s)
2024-04-25T00:20:46.978 INFO:teuthology.orchestra.run.smithi031.stdout:/usr/bin/ceph: stdout {
2024-04-25T00:20:46.978 INFO:teuthology.orchestra.run.smithi031.stdout:/usr/bin/ceph: stdout "mgrmap_epoch": 7,
2024-04-25T00:20:46.978 INFO:teuthology.orchestra.run.smithi031.stdout:/usr/bin/ceph: stdout "initialized": true
2024-04-25T00:20:46.978 INFO:teuthology.orchestra.run.smithi031.stdout:/usr/bin/ceph: stdout }
2024-04-25T00:20:46.978 INFO:teuthology.orchestra.run.smithi031.stdout:/usr/bin/ceph: stderr
2024-04-25T00:20:40.616+0000 7ff7b59f6700 1 Processor -- start
2024-04-25T00:20:46.979 INFO:teuthology.orchestra.run.smithi031.stdout:/usr/bin/ceph: stderr
2024-04-25T00:20:40.616+0000 7ff7b59f6700 1 -- start start
2024-04-25T00:20:46.979 INFO:teuthology.orchestra.run.smithi031.stdout:/usr/bin/ceph: stderr
2024-04-25T00:20:40.616+0000 7ff7b59f6700 1 --2- >> [v2:172.21.15.31:3300/0,v1:172.21.15.31:6789/0] conn(0x7ff7b0106a50 0x7ff7b0106e70 unknown :-1 s=NONE pgs=0 cs=0 l=0 rev1=0 crypto rx=0 tx=0 comp rx=0 tx=0).connect
2024-04-25T00:20:46.979 INFO:teuthology.orchestra.run.smithi031.stdout:/usr/bin/ceph: stderr
2024-04-25T00:20:40.616+0000 7ff7b59f6700 1 -- --> [v2:172.21.15.31:3300/0,v1:172.21.15.31:6789/0] -- mon_getmap magic: 0 -- 0x7ff7b0107440 con 0x7ff7b0106a50
2024-04-25T00:20:46.979 INFO:teuthology.orchestra.run.smithi031.stdout:/usr/bin/ceph: stderr
2024-04-25T00:20:40.617+0000 7ff7aeffd700 1 --2- >> [v2:172.21.15.31:3300/0,v1:172.21.15.31:6789/0] conn(0x7ff7b0106a50 0x7ff7b0106e70 unknown :-1 s=BANNER_CONNECTING pgs=0 cs=0 l=0 rev1=0 crypto rx=0 tx=0 comp rx=0 tx=0)._handle_peer_banner_payload supported=3 required=0
2024-04-25T00:20:46.979 INFO:teuthology.orchestra.run.smithi031.stdout:/usr/bin/ceph: stderr
2024-04-25T00:20:40.617+0000 7ff7aeffd700 1 --2- >> [v2:172.21.15.31:3300/0,v1:172.21.15.31:6789/0] conn(0x7ff7b0106a50 0x7ff7b0106e70 unknown :-1 s=HELLO_CONNECTING pgs=0 cs=0 l=0 rev1=1 crypto rx=0 tx=0 comp rx=0 tx=0).handle_hello peer v2:172.21.15.31:3300/0 says I am v2:172.21.15.31:44940/0 (socket says 172.21.15.31:44940)
2024-04-25T00:20:46.979 INFO:teuthology.orchestra.run.smithi031.stdout:/usr/bin/ceph: stderr
2024-04-25T00:20:40.617+0000 7ff7aeffd700 1 -- 172.21.15.31:0/3121885039 learned_addr learned my addr 172.21.15.31:0/3121885039 (peer_addr_for_me v2:172.21.15.31:0/0)
2024-04-25T00:20:46.979 INFO:teuthology.orchestra.run.smithi031.stdout:/usr/bin/ceph: stderr
2024-04-25T00:20:40.617+0000 7ff7aeffd700 1 -- 172.21.15.31:0/3121885039 --> [v2:172.21.15.31:3300/0,v1:172.21.15.31:6789/0] -- mon_subscribe({config=0+,monmap=0+}) -- 0x7ff7b0107c50 con 0x7ff7b0106a50
2024-04-25T00:20:46.979 INFO:teuthology.orchestra.run.smithi031.stdout:/usr/bin/ceph: stderr
2024-04-25T00:20:40.617+0000 7ff7aeffd700 1 --2- 172.21.15.31:0/3121885039 >> [v2:172.21.15.31:3300/0,v1:172.21.15.31:6789/0] conn(0x7ff7b0106a50 0x7ff7b0106e70 secure :-1 s=READY pgs=26 cs=0 l=1 rev1=1 crypto rx=0x7ff7a40098a0 tx=0x7ff7a4009bb0 comp rx=0 tx=0).ready entity=mon.0 client_cookie=74ee949262ffaa09 server_cookie=0 in_seq=0 out_seq=0
2024-04-25T00:20:46.979 INFO:teuthology.orchestra.run.smithi031.stdout:/usr/bin/ceph: stderr
2024-04-25T00:20:40.617+0000 7ff7adffb700 1 -- 172.21.15.31:0/3121885039 <== mon.0 v2:172.21.15.31:3300/0 1 ==== mon_map magic: 0 ==== 205+0+0 (secure 0 0 0) 0x7ff7a4004160 con 0x7ff7b0106a50
2024-04-25T00:20:46.979 INFO:teuthology.orchestra.run.smithi031.stdout:/usr/bin/ceph: stderr
2024-04-25T00:20:40.617+0000 7ff7adffb700 1 -- 172.21.15.31:0/3121885039 <== mon.0 v2:172.21.15.31:3300/0 2 ==== config(26 keys) ==== 1071+0+0 (secure 0 0 0) 0x7ff7a4004300 con 0x7ff7b0106a50
2024-04-25T00:20:46.979 INFO:teuthology.orchestra.run.smithi031.stdout:/usr/bin/ceph: stderr
2024-04-25T00:20:40.617+0000 7ff7adffb700 1 -- 172.21.15.31:0/3121885039 <== mon.0 v2:172.21.15.31:3300/0 3 ==== mon_map magic: 0 ==== 205+0+0 (secure 0 0 0) 0x7ff7a4011a80 con 0x7ff7b0106a50
2024-04-25T00:20:46.979 INFO:teuthology.orchestra.run.smithi031.stdout:/usr/bin/ceph: stderr
2024-04-25T00:20:40.618+0000 7ff7b59f6700 1 -- 172.21.15.31:0/3121885039 >> [v2:172.21.15.31:3300/0,v1:172.21.15.31:6789/0] conn(0x7ff7b0106a50 msgr2=0x7ff7b0106e70 secure :-1 s=STATE_CONNECTION_ESTABLISHED l=1).mark_down
2024-04-25T00:20:46.979 INFO:teuthology.orchestra.run.smithi031.stdout:/usr/bin/ceph: stderr
2024-04-25T00:20:40.618+0000 7ff7b59f6700 1 --2- 172.21.15.31:0/3121885039 >> [v2:172.21.15.31:3300/0,v1:172.21.15.31:6789/0] conn(0x7ff7b0106a50 0x7ff7b0106e70 secure :-1 s=READY pgs=26 cs=0 l=1 rev1=1 crypto rx=0x7ff7a40098a0 tx=0x7ff7a4009bb0 comp rx=0 tx=0).stop
2024-04-25T00:20:46.979 INFO:teuthology.orchestra.run.smithi031.stdout:/usr/bin/ceph: stderr
2024-04-25T00:20:40.618+0000 7ff7b59f6700 1 -- 172.21.15.31:0/3121885039 shutdown_connections
2024-04-25T00:20:46.980 INFO:teuthology.orchestra.run.smithi031.stdout:/usr/bin/ceph: stderr
2024-04-25T00:20:40.618+0000 7ff7b59f6700 1 --2- 172.21.15.31:0/3121885039 >> [v2:172.21.15.31:3300/0,v1:172.21.15.31:6789/0] conn(0x7ff7b0106a50 0x7ff7b0106e70 unknown :-1 s=CLOSED pgs=26 cs=0 l=1 rev1=1 crypto rx=0 tx=0 comp rx=0 tx=0).stop
2024-04-25T00:20:46.980 INFO:teuthology.orchestra.run.smithi031.stdout:/usr/bin/ceph: stderr
2024-04-25T00:20:40.618+0000 7ff7b59f6700 1 -- 172.21.15.31:0/3121885039 >> 172.21.15.31:0/3121885039 conn(0x7ff7b0101ff0 msgr2=0x7ff7b0104430 unknown :-1 s=STATE_NONE l=0).mark_down
2024-04-25T00:20:46.980 INFO:teuthology.orchestra.run.smithi031.stdout:/usr/bin/ceph: stderr
2024-04-25T00:20:40.618+0000 7ff7b59f6700 1 -- 172.21.15.31:0/3121885039 shutdown_connections
2024-04-25T00:20:46.980 INFO:teuthology.orchestra.run.smithi031.stdout:/usr/bin/ceph: stderr
2024-04-25T00:20:40.618+0000 7ff7b59f6700 1 -- 172.21.15.31:0/3121885039 wait complete.
2024-04-25T00:20:46.980 INFO:teuthology.orchestra.run.smithi031.stdout:/usr/bin/ceph: stderr
2024-04-25T00:20:40.619+0000 7ff7b59f6700 1 Processor -- start
2024-04-25T00:20:46.980 INFO:teuthology.orchestra.run.smithi031.stdout:/usr/bin/ceph: stderr
2024-04-25T00:20:40.619+0000 7ff7b59f6700 1 -- start start
2024-04-25T00:20:46.980 INFO:teuthology.orchestra.run.smithi031.stdout:/usr/bin/ceph: stderr
2024-04-25T00:20:40.619+0000 7ff7b59f6700 1 --2- >> [v2:172.21.15.31:3300/0,v1:172.21.15.31:6789/0] conn(0x7ff7b0106a50 0x7ff7b0191bc0 unknown :-1 s=NONE pgs=0 cs=0 l=1 rev1=0 crypto rx=0 tx=0 comp rx=0 tx=0).connect
2024-04-25T00:20:46.980 INFO:teuthology.orchestra.run.smithi031.stdout:/usr/bin/ceph: stderr
2024-04-25T00:20:40.619+0000 7ff7b59f6700 1 -- --> [v2:172.21.15.31:3300/0,v1:172.21.15.31:6789/0] -- mon_getmap magic: 0 -- 0x7ff7b010b000 con 0x7ff7b0106a50
2024-04-25T00:20:46.980 INFO:teuthology.orchestra.run.smithi031.stdout:/usr/bin/ceph: stderr
2024-04-25T00:20:40.619+0000 7ff7aeffd700 1 --2- >> [v2:172.21.15.31:3300/0,v1:172.21.15.31:6789/0] conn(0x7ff7b0106a50 0x7ff7b0191bc0 unknown :-1 s=BANNER_CONNECTING pgs=0 cs=0 l=1 rev1=0 crypto rx=0 tx=0 comp rx=0 tx=0)._handle_peer_banner_payload supported=3 required=0
2024-04-25T00:20:46.980 INFO:teuthology.orchestra.run.smithi031.stdout:/usr/bin/ceph: stderr
2024-04-25T00:20:40.619+0000 7ff7aeffd700 1 --2- >> [v2:172.21.15.31:3300/0,v1:172.21.15.31:6789/0] conn(0x7ff7b0106a50 0x7ff7b0191bc0 unknown :-1 s=HELLO_CONNECTING pgs=0 cs=0 l=1 rev1=1 crypto rx=0 tx=0 comp rx=0 tx=0).handle_hello peer v2:172.21.15.31:3300/0 says I am v2:172.21.15.31:44956/0 (socket says 172.21.15.31:44956)
2024-04-25T00:20:46.980 INFO:teuthology.orchestra.run.smithi031.stdout:/usr/bin/ceph: stderr
2024-04-25T00:20:40.619+0000 7ff7aeffd700 1 -- 172.21.15.31:0/2659096361 learned_addr learned my addr 172.21.15.31:0/2659096361 (peer_addr_for_me v2:172.21.15.31:0/0)
2024-04-25T00:20:46.980 INFO:teuthology.orchestra.run.smithi031.stdout:/usr/bin/ceph: stderr
2024-04-25T00:20:40.619+0000 7ff7aeffd700 1 -- 172.21.15.31:0/2659096361 --> [v2:172.21.15.31:3300/0,v1:172.21.15.31:6789/0] -- mon_subscribe({config=0+,monmap=0+}) -- 0x7ff7b0192100 con 0x7ff7b0106a50
2024-04-25T00:20:46.980 INFO:teuthology.orchestra.run.smithi031.stdout:/usr/bin/ceph: stderr
2024-04-25T00:20:40.620+0000 7ff7aeffd700 1 --2- 172.21.15.31:0/2659096361 >> [v2:172.21.15.31:3300/0,v1:172.21.15.31:6789/0] conn(0x7ff7b0106a50 0x7ff7b0191bc0 secure :-1 s=READY pgs=27 cs=0 l=1 rev1=1 crypto rx=0x7ff7a4000c00 tx=0x7ff7a4011b00 comp rx=0 tx=0).ready entity=mon.0 client_cookie=0 server_cookie=0 in_seq=0 out_seq=0
2024-04-25T00:20:46.980 INFO:teuthology.orchestra.run.smithi031.stdout:/usr/bin/ceph: stderr
2024-04-25T00:20:40.620+0000 7ff7b49f4700 1 -- 172.21.15.31:0/2659096361 <== mon.0 v2:172.21.15.31:3300/0 1 ==== mon_map magic: 0 ==== 205+0+0 (secure 0 0 0) 0x7ff7a40039f0 con 0x7ff7b0106a50
2024-04-25T00:20:46.981 INFO:teuthology.orchestra.run.smithi031.stdout:/usr/bin/ceph: stderr
2024-04-25T00:20:40.620+0000 7ff7b49f4700 1 -- 172.21.15.31:0/2659096361 <== mon.0 v2:172.21.15.31:3300/0 2 ==== config(26 keys) ==== 1071+0+0 (secure 0 0 0) 0x7ff7a4003b90 con 0x7ff7b0106a50
2024-04-25T00:20:46.981 INFO:teuthology.orchestra.run.smithi031.stdout:/usr/bin/ceph: stderr
2024-04-25T00:20:40.620+0000 7ff7b59f6700 1 -- 172.21.15.31:0/2659096361 --> [v2:172.21.15.31:3300/0,v1:172.21.15.31:6789/0] -- mon_subscribe({mgrmap=0+}) -- 0x7ff7b01902f0 con 0x7ff7b0106a50
2024-04-25T00:20:46.981 INFO:teuthology.orchestra.run.smithi031.stdout:/usr/bin/ceph: stderr
2024-04-25T00:20:40.620+0000 7ff7b49f4700 1 -- 172.21.15.31:0/2659096361 <== mon.0 v2:172.21.15.31:3300/0 3 ==== mon_map magic: 0 ==== 205+0+0 (secure 0 0 0) 0x7ff7a401a740 con 0x7ff7b0106a50
2024-04-25T00:20:46.981 INFO:teuthology.orchestra.run.smithi031.stdout:/usr/bin/ceph: stderr
2024-04-25T00:20:40.620+0000 7ff7b59f6700 1 -- 172.21.15.31:0/2659096361 --> [v2:172.21.15.31:3300/0,v1:172.21.15.31:6789/0] -- mon_subscribe({osdmap=0}) -- 0x7ff7b0190830 con 0x7ff7b0106a50
2024-04-25T00:20:46.981 INFO:teuthology.orchestra.run.smithi031.stdout:/usr/bin/ceph: stderr
2024-04-25T00:20:40.621+0000 7ff7b49f4700 1 -- 172.21.15.31:0/2659096361 <== mon.0 v2:172.21.15.31:3300/0 4 ==== mgrmap(e 5) ==== 46287+0+0 (secure 0 0 0) 0x7ff7a401aa40 con 0x7ff7b0106a50
2024-04-25T00:20:46.981 INFO:teuthology.orchestra.run.smithi031.stdout:/usr/bin/ceph: stderr
2024-04-25T00:20:40.621+0000 7ff7b49f4700 1 --2- 172.21.15.31:0/2659096361 >> [v2:172.21.15.31:6800/1911777180,v1:172.21.15.31:6801/1911777180] conn(0x7ff798039050 0x7ff79803b510 unknown :-1 s=NONE pgs=0 cs=0 l=1 rev1=0 crypto rx=0 tx=0 comp rx=0 tx=0).connect
2024-04-25T00:20:46.981 INFO:teuthology.orchestra.run.smithi031.stdout:/usr/bin/ceph: stderr
2024-04-25T00:20:40.621+0000 7ff7b49f4700 1 -- 172.21.15.31:0/2659096361 --> [v2:172.21.15.31:6800/1911777180,v1:172.21.15.31:6801/1911777180] -- command(tid 0: {"prefix": "get_command_descriptions"}) -- 0x7ff79803bc20 con 0x7ff798039050
2024-04-25T00:20:46.981 INFO:teuthology.orchestra.run.smithi031.stdout:/usr/bin/ceph: stderr
2024-04-25T00:20:40.621+0000 7ff7b49f4700 1 -- 172.21.15.31:0/2659096361 <== mon.0 v2:172.21.15.31:3300/0 5 ==== osd_map(1..1 src has 1..1) ==== 725+0+0 (secure 0 0 0) 0x7ff7a404d3d0 con 0x7ff7b0106a50
2024-04-25T00:20:46.981 INFO:teuthology.orchestra.run.smithi031.stdout:/usr/bin/ceph: stderr
2024-04-25T00:20:40.621+0000 7ff7ae7fc700 1 -- 172.21.15.31:0/2659096361 >> [v2:172.21.15.31:6800/1911777180,v1:172.21.15.31:6801/1911777180] conn(0x7ff798039050 msgr2=0x7ff79803b510 unknown :-1 s=STATE_CONNECTING_RE l=1).process reconnect failed to v2:172.21.15.31:6800/1911777180
2024-04-25T00:20:46.981 INFO:teuthology.orchestra.run.smithi031.stdout:/usr/bin/ceph: stderr
2024-04-25T00:20:40.621+0000 7ff7ae7fc700 1 --2- 172.21.15.31:0/2659096361 >> [v2:172.21.15.31:6800/1911777180,v1:172.21.15.31:6801/1911777180] conn(0x7ff798039050 0x7ff79803b510 unknown :-1 s=START_CONNECT pgs=0 cs=0 l=1 rev1=0 crypto rx=0 tx=0 comp rx=0 tx=0)._fault waiting 0.200000
2024-04-25T00:20:46.981 INFO:teuthology.orchestra.run.smithi031.stdout:/usr/bin/ceph: stderr
2024-04-25T00:20:40.822+0000 7ff7ae7fc700 1 -- 172.21.15.31:0/2659096361 >> [v2:172.21.15.31:6800/1911777180,v1:172.21.15.31:6801/1911777180] conn(0x7ff798039050 msgr2=0x7ff79803b510 unknown :-1 s=STATE_CONNECTING_RE l=1).process reconnect failed to v2:172.21.15.31:6800/1911777180
2024-04-25T00:20:46.981 INFO:teuthology.orchestra.run.smithi031.stdout:/usr/bin/ceph: stderr
2024-04-25T00:20:40.822+0000 7ff7ae7fc700 1 --2- 172.21.15.31:0/2659096361 >> [v2:172.21.15.31:6800/1911777180,v1:172.21.15.31:6801/1911777180] conn(0x7ff798039050 0x7ff79803b510 unknown :-1 s=START_CONNECT pgs=0 cs=0 l=1 rev1=0 crypto rx=0 tx=0 comp rx=0 tx=0)._fault waiting 0.400000
2024-04-25T00:20:46.981 INFO:teuthology.orchestra.run.smithi031.stdout:/usr/bin/ceph: stderr
2024-04-25T00:20:41.223+0000 7ff7ae7fc700 1 -- 172.21.15.31:0/2659096361 >> [v2:172.21.15.31:6800/1911777180,v1:172.21.15.31:6801/1911777180] conn(0x7ff798039050 msgr2=0x7ff79803b510 unknown :-1 s=STATE_CONNECTING_RE l=1).process reconnect failed to v2:172.21.15.31:6800/1911777180
2024-04-25T00:20:46.981 INFO:teuthology.orchestra.run.smithi031.stdout:/usr/bin/ceph: stderr
2024-04-25T00:20:41.223+0000 7ff7ae7fc700 1 --2- 172.21.15.31:0/2659096361 >> [v2:172.21.15.31:6800/1911777180,v1:172.21.15.31:6801/1911777180] conn(0x7ff798039050 0x7ff79803b510 unknown :-1 s=START_CONNECT pgs=0 cs=0 l=1 rev1=0 crypto rx=0 tx=0 comp rx=0 tx=0)._fault waiting 0.800000
2024-04-25T00:20:46.982 INFO:teuthology.orchestra.run.smithi031.stdout:/usr/bin/ceph: stderr
2024-04-25T00:20:42.024+0000 7ff7ae7fc700 1 -- 172.21.15.31:0/2659096361 >> [v2:172.21.15.31:6800/1911777180,v1:172.21.15.31:6801/1911777180] conn(0x7ff798039050 msgr2=0x7ff79803b510 unknown :-1 s=STATE_CONNECTING_RE l=1).process reconnect failed to v2:172.21.15.31:6800/1911777180
2024-04-25T00:20:46.982 INFO:teuthology.orchestra.run.smithi031.stdout:/usr/bin/ceph: stderr
2024-04-25T00:20:42.024+0000 7ff7ae7fc700 1 --2- 172.21.15.31:0/2659096361 >> [v2:172.21.15.31:6800/1911777180,v1:172.21.15.31:6801/1911777180] conn(0x7ff798039050 0x7ff79803b510 unknown :-1 s=START_CONNECT pgs=0 cs=0 l=1 rev1=0 crypto rx=0 tx=0 comp rx=0 tx=0)._fault waiting 1.600000
2024-04-25T00:20:46.982 INFO:teuthology.orchestra.run.smithi031.stdout:/usr/bin/ceph: stderr
2024-04-25T00:20:43.625+0000 7ff7ae7fc700 1 -- 172.21.15.31:0/2659096361 >> [v2:172.21.15.31:6800/1911777180,v1:172.21.15.31:6801/1911777180] conn(0x7ff798039050 msgr2=0x7ff79803b510 unknown :-1 s=STATE_CONNECTING_RE l=1).process reconnect failed to v2:172.21.15.31:6800/1911777180
2024-04-25T00:20:46.982 INFO:teuthology.orchestra.run.smithi031.stdout:/usr/bin/ceph: stderr
2024-04-25T00:20:43.625+0000 7ff7ae7fc700 1 --2- 172.21.15.31:0/2659096361 >> [v2:172.21.15.31:6800/1911777180,v1:172.21.15.31:6801/1911777180] conn(0x7ff798039050 0x7ff79803b510 unknown :-1 s=START_CONNECT pgs=0 cs=0 l=1 rev1=0 crypto rx=0 tx=0 comp rx=0 tx=0)._fault waiting 3.200000
2024-04-25T00:20:46.982 INFO:teuthology.orchestra.run.smithi031.stdout:/usr/bin/ceph: stderr
2024-04-25T00:20:45.384+0000 7ff7b49f4700 1 -- 172.21.15.31:0/2659096361 <== mon.0 v2:172.21.15.31:3300/0 6 ==== mgrmap(e 6) ==== 46054+0+0 (secure 0 0 0) 0x7ff7a402d910 con 0x7ff7b0106a50
2024-04-25T00:20:46.982 INFO:teuthology.orchestra.run.smithi031.stdout:/usr/bin/ceph: stderr
2024-04-25T00:20:45.384+0000 7ff7b49f4700 1 -- 172.21.15.31:0/2659096361 >> [v2:172.21.15.31:6800/1911777180,v1:172.21.15.31:6801/1911777180] conn(0x7ff798039050 msgr2=0x7ff79803b510 unknown :-1 s=STATE_CONNECTING l=1).mark_down
2024-04-25T00:20:46.982 INFO:teuthology.orchestra.run.smithi031.stdout:/usr/bin/ceph: stderr
2024-04-25T00:20:45.384+0000 7ff7b49f4700 1 --2- 172.21.15.31:0/2659096361 >> [v2:172.21.15.31:6800/1911777180,v1:172.21.15.31:6801/1911777180] conn(0x7ff798039050 0x7ff79803b510 unknown :-1 s=START_CONNECT pgs=0 cs=0 l=1 rev1=0 crypto rx=0 tx=0 comp rx=0 tx=0).stop
2024-04-25T00:20:46.982 INFO:teuthology.orchestra.run.smithi031.stdout:/usr/bin/ceph: stderr
2024-04-25T00:20:46.385+0000 7ff7b49f4700 1 -- 172.21.15.31:0/2659096361 <== mon.0 v2:172.21.15.31:3300/0 7 ==== mgrmap(e 7) ==== 46181+0+0 (secure 0 0 0) 0x7ff7a4029cf0 con 0x7ff7b0106a50
2024-04-25T00:20:46.982 INFO:teuthology.orchestra.run.smithi031.stdout:/usr/bin/ceph: stderr
2024-04-25T00:20:46.385+0000 7ff7b49f4700 1 --2- 172.21.15.31:0/2659096361 >> [v2:172.21.15.31:6800/3443312222,v1:172.21.15.31:6801/3443312222] conn(0x7ff79803c980 0x7ff79803ed70 unknown :-1 s=NONE pgs=0 cs=0 l=1 rev1=0 crypto rx=0 tx=0 comp rx=0 tx=0).connect
2024-04-25T00:20:46.982 INFO:teuthology.orchestra.run.smithi031.stdout:/usr/bin/ceph: stderr
2024-04-25T00:20:46.385+0000 7ff7b49f4700 1 -- 172.21.15.31:0/2659096361 --> [v2:172.21.15.31:6800/3443312222,v1:172.21.15.31:6801/3443312222] -- command(tid 0: {"prefix": "get_command_descriptions"}) -- 0x7ff7a40068a0 con 0x7ff79803c980
2024-04-25T00:20:46.982 INFO:teuthology.orchestra.run.smithi031.stdout:/usr/bin/ceph: stderr
2024-04-25T00:20:46.386+0000 7ff7ae7fc700 1 --2- 172.21.15.31:0/2659096361 >> [v2:172.21.15.31:6800/3443312222,v1:172.21.15.31:6801/3443312222] conn(0x7ff79803c980 0x7ff79803ed70 unknown :-1 s=BANNER_CONNECTING pgs=0 cs=0 l=1 rev1=0 crypto rx=0 tx=0 comp rx=0 tx=0)._handle_peer_banner_payload supported=3 required=0
2024-04-25T00:20:46.982 INFO:teuthology.orchestra.run.smithi031.stdout:/usr/bin/ceph: stderr
2024-04-25T00:20:46.386+0000 7ff7ae7fc700 1 --2- 172.21.15.31:0/2659096361 >> [v2:172.21.15.31:6800/3443312222,v1:172.21.15.31:6801/3443312222] conn(0x7ff79803c980 0x7ff79803ed70 secure :-1 s=READY pgs=2 cs=0 l=1 rev1=1 crypto rx=0x7ff7a0003a10 tx=0x7ff7a0009290 comp rx=0 tx=0).ready entity=mgr.14118 client_cookie=0 server_cookie=0 in_seq=0 out_seq=0
2024-04-25T00:20:46.983 INFO:teuthology.orchestra.run.smithi031.stdout:/usr/bin/ceph: stderr
2024-04-25T00:20:46.387+0000 7ff7b49f4700 1 -- 172.21.15.31:0/2659096361 <== mgr.14118 v2:172.21.15.31:6800/3443312222 1 ==== command_reply(tid 0: 0 ) ==== 8+0+7774 (secure 0 0 0) 0x7ff7a40068a0 con 0x7ff79803c980
2024-04-25T00:20:46.983 INFO:teuthology.orchestra.run.smithi031.stdout:/usr/bin/ceph: stderr
2024-04-25T00:20:46.393+0000 7ff7b59f6700 1 -- 172.21.15.31:0/2659096361 --> [v2:172.21.15.31:6800/3443312222,v1:172.21.15.31:6801/3443312222] -- command(tid 1: {"prefix": "mgr_status"}) -- 0x7ff7b0063890 con 0x7ff79803c980
2024-04-25T00:20:46.983 INFO:teuthology.orchestra.run.smithi031.stdout:/usr/bin/ceph: stderr
2024-04-25T00:20:46.394+0000 7ff7b49f4700 1 -- 172.21.15.31:0/2659096361 <== mgr.14118 v2:172.21.15.31:6800/3443312222 2 ==== command_reply(tid 1: 0 ) ==== 8+0+51 (secure 0 0 0) 0x7ff7b0063890 con 0x7ff79803c980
2024-04-25T00:20:46.983 INFO:teuthology.orchestra.run.smithi031.stdout:/usr/bin/ceph: stderr
2024-04-25T00:20:46.394+0000 7ff7b59f6700 1 -- 172.21.15.31:0/2659096361 >> [v2:172.21.15.31:6800/3443312222,v1:172.21.15.31:6801/3443312222] conn(0x7ff79803c980 msgr2=0x7ff79803ed70 secure :-1 s=STATE_CONNECTION_ESTABLISHED l=1).mark_down
2024-04-25T00:20:46.983 INFO:teuthology.orchestra.run.smithi031.stdout:/usr/bin/ceph: stderr
2024-04-25T00:20:46.394+0000 7ff7b59f6700 1 --2- 172.21.15.31:0/2659096361 >> [v2:172.21.15.31:6800/3443312222,v1:172.21.15.31:6801/3443312222] conn(0x7ff79803c980 0x7ff79803ed70 secure :-1 s=READY pgs=2 cs=0 l=1 rev1=1 crypto rx=0x7ff7a0003a10 tx=0x7ff7a0009290 comp rx=0 tx=0).stop
