2024-04-25T00:21:03.360+0000 7fcb7759e700 1 -- 172.21.15.31:0/3360758743 --> [v2:172.21.15.31:3300/0,v1:172.21.15.31:6789/0] -- mon_command([{prefix=config set, name=mgr/dashboard/ssl_server_port}] v 0) -- 0x7fcb781a1530 con 0x7fcb7807ddd0
2024-04-25T00:21:04.512 INFO:teuthology.orchestra.run.smithi031.stdout:/usr/bin/ceph: stderr
2024-04-25T00:21:03.363+0000 7fcb677fe700 1 -- 172.21.15.31:0/3360758743 <== mon.0 v2:172.21.15.31:3300/0 7 ==== mon_command_ack([{prefix=config set, name=mgr/dashboard/ssl_server_port}]=0 v8)=0 v8) ==== 130+0+0 (secure 0 0 0) 0x7fcb6802c3a0 con 0x7fcb7807ddd0
2024-04-25T00:21:04.512 INFO:teuthology.orchestra.run.smithi031.stdout:/usr/bin/ceph: stderr
2024-04-25T00:21:03.365+0000 7fcb7759e700 1 -- 172.21.15.31:0/3360758743 >> [v2:172.21.15.31:6800/3443312222,v1:172.21.15.31:6801/3443312222] conn(0x7fcb60039050 msgr2=0x7fcb6003b510 secure :-1 s=STATE_CONNECTION_ESTABLISHED l=1).mark_down
2024-04-25T00:21:04.512 INFO:teuthology.orchestra.run.smithi031.stdout:/usr/bin/ceph: stderr
2024-04-25T00:21:03.365+0000 7fcb7759e700 1 --2- 172.21.15.31:0/3360758743 >> [v2:172.21.15.31:6800/3443312222,v1:172.21.15.31:6801/3443312222] conn(0x7fcb60039050 0x7fcb6003b510 secure :-1 s=READY pgs=15 cs=0 l=1 rev1=1 crypto rx=0x7fcb6c006fd0 tx=0x7fcb6c006e40 comp rx=0 tx=0).stop
2024-04-25T00:21:04.512 INFO:teuthology.orchestra.run.smithi031.stdout:/usr/bin/ceph: stderr
2024-04-25T00:21:03.365+0000 7fcb7759e700 1 -- 172.21.15.31:0/3360758743 >> [v2:172.21.15.31:3300/0,v1:172.21.15.31:6789/0] conn(0x7fcb7807ddd0 msgr2=0x7fcb7819da50 secure :-1 s=STATE_CONNECTION_ESTABLISHED l=1).mark_down
2024-04-25T00:21:04.512 INFO:teuthology.orchestra.run.smithi031.stdout:/usr/bin/ceph: stderr
2024-04-25T00:21:03.365+0000 7fcb7759e700 1 --2- 172.21.15.31:0/3360758743 >> [v2:172.21.15.31:3300/0,v1:172.21.15.31:6789/0] conn(0x7fcb7807ddd0 0x7fcb7819da50 secure :-1 s=READY pgs=52 cs=0 l=1 rev1=1 crypto rx=0x7fcb68006b20 tx=0x7fcb68011ad0 comp rx=0 tx=0).stop
2024-04-25T00:21:04.513 INFO:teuthology.orchestra.run.smithi031.stdout:/usr/bin/ceph: stderr
2024-04-25T00:21:03.365+0000 7fcb7759e700 1 -- 172.21.15.31:0/3360758743 shutdown_connections
2024-04-25T00:21:04.513 INFO:teuthology.orchestra.run.smithi031.stdout:/usr/bin/ceph: stderr
2024-04-25T00:21:03.365+0000 7fcb7759e700 1 --2- 172.21.15.31:0/3360758743 >> [v2:172.21.15.31:6800/3443312222,v1:172.21.15.31:6801/3443312222] conn(0x7fcb60039050 0x7fcb6003b510 unknown :-1 s=CLOSED pgs=15 cs=0 l=1 rev1=1 crypto rx=0 tx=0 comp rx=0 tx=0).stop
2024-04-25T00:21:04.513 INFO:teuthology.orchestra.run.smithi031.stdout:/usr/bin/ceph: stderr
2024-04-25T00:21:03.365+0000 7fcb7759e700 1 --2- 172.21.15.31:0/3360758743 >> [v2:172.21.15.31:3300/0,v1:172.21.15.31:6789/0] conn(0x7fcb7807ddd0 0x7fcb7819da50 unknown :-1 s=CLOSED pgs=52 cs=0 l=1 rev1=1 crypto rx=0 tx=0 comp rx=0 tx=0).stop
2024-04-25T00:21:04.513 INFO:teuthology.orchestra.run.smithi031.stdout:/usr/bin/ceph: stderr
2024-04-25T00:21:03.365+0000 7fcb7759e700 1 -- 172.21.15.31:0/3360758743 >> 172.21.15.31:0/3360758743 conn(0x7fcb78102ff0 msgr2=0x7fcb78103a00 unknown :-1 s=STATE_NONE l=0).mark_down
2024-04-25T00:21:04.513 INFO:teuthology.orchestra.run.smithi031.stdout:/usr/bin/ceph: stderr
2024-04-25T00:21:03.365+0000 7fcb7759e700 1 -- 172.21.15.31:0/3360758743 shutdown_connections
2024-04-25T00:21:04.513 INFO:teuthology.orchestra.run.smithi031.stdout:/usr/bin/ceph: stderr
2024-04-25T00:21:03.365+0000 7fcb7759e700 1 -- 172.21.15.31:0/3360758743 wait complete.
2024-04-25T00:21:04.513 INFO:teuthology.orchestra.run.smithi031.stdout:Enabling the dashboard module...
2024-04-25T00:21:06.289 INFO:journalctl@ceph.mon.a.smithi031.stdout:Apr 25 00:21:06 smithi031 ceph-mon[29167]: from='mgr.14118 172.21.15.31:0/2096171759' entity='mgr.x'
2024-04-25T00:21:06.289 INFO:journalctl@ceph.mon.a.smithi031.stdout:Apr 25 00:21:06 smithi031 ceph-mon[29167]: from='client.? 172.21.15.31:0/1715123237' entity='client.admin' cmd=[{"prefix": "mgr module enable", "module": "dashboard"}]: dispatch
2024-04-25T00:21:06.289 INFO:journalctl@ceph.mgr.x.smithi031.stdout:Apr 25 00:21:06 smithi031 ceph-6c091b24-0299-11ef-bc93-c7b262605968-mgr-x[29399]: ignoring --setuser ceph since I am not root
2024-04-25T00:21:06.289 INFO:journalctl@ceph.mgr.x.smithi031.stdout:Apr 25 00:21:06 smithi031 ceph-6c091b24-0299-11ef-bc93-c7b262605968-mgr-x[29399]: ignoring --setgroup ceph since I am not root
2024-04-25T00:21:06.289 INFO:journalctl@ceph.mgr.x.smithi031.stdout:Apr 25 00:21:06 smithi031 ceph-6c091b24-0299-11ef-bc93-c7b262605968-mgr-x[29399]:
2024-04-25T00:21:06.221+0000 7feab573d200 -1 mgr[py] Module balancer has missing NOTIFY_TYPES member
2024-04-25T00:21:06.542 INFO:journalctl@ceph.mgr.x.smithi031.stdout:Apr 25 00:21:06 smithi031 ceph-6c091b24-0299-11ef-bc93-c7b262605968-mgr-x[29399]:
2024-04-25T00:21:06.434+0000 7feab573d200 -1 mgr[py] Module orchestrator has missing NOTIFY_TYPES member
2024-04-25T00:21:06.542 INFO:journalctl@ceph.mgr.x.smithi031.stdout:Apr 25 00:21:06 smithi031 ceph-6c091b24-0299-11ef-bc93-c7b262605968-mgr-x[29399]:
2024-04-25T00:21:06.540+0000 7feab573d200 -1 mgr[py] Module snap_schedule has missing NOTIFY_TYPES member
2024-04-25T00:21:06.649 INFO:teuthology.orchestra.run.smithi031.stdout:/usr/bin/ceph: stderr
2024-04-25T00:21:04.932+0000 7f5ca846a700 1 Processor -- start
2024-04-25T00:21:06.649 INFO:teuthology.orchestra.run.smithi031.stdout:/usr/bin/ceph: stderr
2024-04-25T00:21:04.932+0000 7f5ca846a700 1 -- start start
2024-04-25T00:21:06.649 INFO:teuthology.orchestra.run.smithi031.stdout:/usr/bin/ceph: stderr
2024-04-25T00:21:04.933+0000 7f5ca846a700 1 --2- >> [v2:172.21.15.31:3300/0,v1:172.21.15.31:6789/0] conn(0x7f5ca01085f0 0x7f5ca010a9e0 unknown :-1 s=NONE pgs=0 cs=0 l=0 rev1=0 crypto rx=0 tx=0 comp rx=0 tx=0).connect
2024-04-25T00:21:06.649 INFO:teuthology.orchestra.run.smithi031.stdout:/usr/bin/ceph: stderr
2024-04-25T00:21:04.933+0000 7f5ca846a700 1 -- --> [v2:172.21.15.31:3300/0,v1:172.21.15.31:6789/0] -- mon_getmap magic: 0 -- 0x7f5ca007be50 con 0x7f5ca01085f0
2024-04-25T00:21:06.649 INFO:teuthology.orchestra.run.smithi031.stdout:/usr/bin/ceph: stderr
2024-04-25T00:21:04.933+0000 7f5ca6206700 1 --2- >> [v2:172.21.15.31:3300/0,v1:172.21.15.31:6789/0] conn(0x7f5ca01085f0 0x7f5ca010a9e0 unknown :-1 s=BANNER_CONNECTING pgs=0 cs=0 l=0 rev1=0 crypto rx=0 tx=0 comp rx=0 tx=0)._handle_peer_banner_payload supported=3 required=0
2024-04-25T00:21:06.650 INFO:teuthology.orchestra.run.smithi031.stdout:/usr/bin/ceph: stderr
2024-04-25T00:21:04.933+0000 7f5ca6206700 1 --2- >> [v2:172.21.15.31:3300/0,v1:172.21.15.31:6789/0] conn(0x7f5ca01085f0 0x7f5ca010a9e0 unknown :-1 s=HELLO_CONNECTING pgs=0 cs=0 l=0 rev1=1 crypto rx=0 tx=0 comp rx=0 tx=0).handle_hello peer v2:172.21.15.31:3300/0 says I am v2:172.21.15.31:57190/0 (socket says 172.21.15.31:57190)
2024-04-25T00:21:06.650 INFO:teuthology.orchestra.run.smithi031.stdout:/usr/bin/ceph: stderr
2024-04-25T00:21:04.933+0000 7f5ca6206700 1 -- 172.21.15.31:0/2081128600 learned_addr learned my addr 172.21.15.31:0/2081128600 (peer_addr_for_me v2:172.21.15.31:0/0)
2024-04-25T00:21:06.650 INFO:teuthology.orchestra.run.smithi031.stdout:/usr/bin/ceph: stderr
2024-04-25T00:21:04.933+0000 7f5ca6206700 1 -- 172.21.15.31:0/2081128600 --> [v2:172.21.15.31:3300/0,v1:172.21.15.31:6789/0] -- mon_subscribe({config=0+,monmap=0+}) -- 0x7f5ca010af20 con 0x7f5ca01085f0
2024-04-25T00:21:06.650 INFO:teuthology.orchestra.run.smithi031.stdout:/usr/bin/ceph: stderr
2024-04-25T00:21:04.933+0000 7f5ca6206700 1 --2- 172.21.15.31:0/2081128600 >> [v2:172.21.15.31:3300/0,v1:172.21.15.31:6789/0] conn(0x7f5ca01085f0 0x7f5ca010a9e0 secure :-1 s=READY pgs=53 cs=0 l=1 rev1=1 crypto rx=0x7f5c940098a0 tx=0x7f5c94009bb0 comp rx=0 tx=0).ready entity=mon.0 client_cookie=5aa9cc01187b2088 server_cookie=0 in_seq=0 out_seq=0
2024-04-25T00:21:06.650 INFO:teuthology.orchestra.run.smithi031.stdout:/usr/bin/ceph: stderr
2024-04-25T00:21:04.934+0000 7f5ca5204700 1 -- 172.21.15.31:0/2081128600 <== mon.0 v2:172.21.15.31:3300/0 1 ==== mon_map magic: 0 ==== 205+0+0 (secure 0 0 0) 0x7f5c94004160 con 0x7f5ca01085f0
2024-04-25T00:21:06.650 INFO:teuthology.orchestra.run.smithi031.stdout:/usr/bin/ceph: stderr
2024-04-25T00:21:04.934+0000 7f5ca5204700 1 -- 172.21.15.31:0/2081128600 <== mon.0 v2:172.21.15.31:3300/0 2 ==== config(26 keys) ==== 1102+0+0 (secure 0 0 0) 0x7f5c94004300 con 0x7f5ca01085f0
2024-04-25T00:21:06.650 INFO:teuthology.orchestra.run.smithi031.stdout:/usr/bin/ceph: stderr
2024-04-25T00:21:04.934+0000 7f5ca5204700 1 -- 172.21.15.31:0/2081128600 <== mon.0 v2:172.21.15.31:3300/0 3 ==== mon_map magic: 0 ==== 205+0+0 (secure 0 0 0) 0x7f5c94011a50 con 0x7f5ca01085f0
2024-04-25T00:21:06.650 INFO:teuthology.orchestra.run.smithi031.stdout:/usr/bin/ceph: stderr
2024-04-25T00:21:04.934+0000 7f5ca846a700 1 -- 172.21.15.31:0/2081128600 >> [v2:172.21.15.31:3300/0,v1:172.21.15.31:6789/0] conn(0x7f5ca01085f0 msgr2=0x7f5ca010a9e0 secure :-1 s=STATE_CONNECTION_ESTABLISHED l=1).mark_down
2024-04-25T00:21:06.651 INFO:teuthology.orchestra.run.smithi031.stdout:/usr/bin/ceph: stderr
2024-04-25T00:21:04.934+0000 7f5ca846a700 1 --2- 172.21.15.31:0/2081128600 >> [v2:172.21.15.31:3300/0,v1:172.21.15.31:6789/0] conn(0x7f5ca01085f0 0x7f5ca010a9e0 secure :-1 s=READY pgs=53 cs=0 l=1 rev1=1 crypto rx=0x7f5c940098a0 tx=0x7f5c94009bb0 comp rx=0 tx=0).stop
2024-04-25T00:21:06.651 INFO:teuthology.orchestra.run.smithi031.stdout:/usr/bin/ceph: stderr
2024-04-25T00:21:04.934+0000 7f5ca846a700 1 -- 172.21.15.31:0/2081128600 shutdown_connections
2024-04-25T00:21:06.651 INFO:teuthology.orchestra.run.smithi031.stdout:/usr/bin/ceph: stderr
2024-04-25T00:21:04.934+0000 7f5ca846a700 1 --2- 172.21.15.31:0/2081128600 >> [v2:172.21.15.31:3300/0,v1:172.21.15.31:6789/0] conn(0x7f5ca01085f0 0x7f5ca010a9e0 unknown :-1 s=CLOSED pgs=53 cs=0 l=1 rev1=1 crypto rx=0 tx=0 comp rx=0 tx=0).stop
2024-04-25T00:21:06.651 INFO:teuthology.orchestra.run.smithi031.stdout:/usr/bin/ceph: stderr
2024-04-25T00:21:04.934+0000 7f5ca846a700 1 -- 172.21.15.31:0/2081128600 >> 172.21.15.31:0/2081128600 conn(0x7f5ca0102020 msgr2=0x7f5ca0104460 unknown :-1 s=STATE_NONE l=0).mark_down
2024-04-25T00:21:06.651 INFO:teuthology.orchestra.run.smithi031.stdout:/usr/bin/ceph: stderr
2024-04-25T00:21:04.934+0000 7f5ca846a700 1 -- 172.21.15.31:0/2081128600 shutdown_connections
2024-04-25T00:21:06.651 INFO:teuthology.orchestra.run.smithi031.stdout:/usr/bin/ceph: stderr
2024-04-25T00:21:04.934+0000 7f5ca846a700 1 -- 172.21.15.31:0/2081128600 wait complete.
2024-04-25T00:21:06.651 INFO:teuthology.orchestra.run.smithi031.stdout:/usr/bin/ceph: stderr
2024-04-25T00:21:04.935+0000 7f5ca846a700 1 Processor -- start
2024-04-25T00:21:06.651 INFO:teuthology.orchestra.run.smithi031.stdout:/usr/bin/ceph: stderr
2024-04-25T00:21:04.935+0000 7f5ca846a700 1 -- start start
2024-04-25T00:21:06.651 INFO:teuthology.orchestra.run.smithi031.stdout:/usr/bin/ceph: stderr
2024-04-25T00:21:04.935+0000 7f5ca846a700 1 --2- >> [v2:172.21.15.31:3300/0,v1:172.21.15.31:6789/0] conn(0x7f5ca01085f0 0x7f5ca019ba20 unknown :-1 s=NONE pgs=0 cs=0 l=1 rev1=0 crypto rx=0 tx=0 comp rx=0 tx=0).connect
2024-04-25T00:21:06.651 INFO:teuthology.orchestra.run.smithi031.stdout:/usr/bin/ceph: stderr
2024-04-25T00:21:04.935+0000 7f5ca846a700 1 -- --> [v2:172.21.15.31:3300/0,v1:172.21.15.31:6789/0] -- mon_getmap magic: 0 -- 0x7f5ca010bf30 con 0x7f5ca01085f0
2024-04-25T00:21:06.651 INFO:teuthology.orchestra.run.smithi031.stdout:/usr/bin/ceph: stderr
2024-04-25T00:21:04.935+0000 7f5ca6206700 1 --2- >> [v2:172.21.15.31:3300/0,v1:172.21.15.31:6789/0] conn(0x7f5ca01085f0 0x7f5ca019ba20 unknown :-1 s=BANNER_CONNECTING pgs=0 cs=0 l=1 rev1=0 crypto rx=0 tx=0 comp rx=0 tx=0)._handle_peer_banner_payload supported=3 required=0
2024-04-25T00:21:06.652 INFO:teuthology.orchestra.run.smithi031.stdout:/usr/bin/ceph: stderr
2024-04-25T00:21:04.935+0000 7f5ca6206700 1 --2- >> [v2:172.21.15.31:3300/0,v1:172.21.15.31:6789/0] conn(0x7f5ca01085f0 0x7f5ca019ba20 unknown :-1 s=HELLO_CONNECTING pgs=0 cs=0 l=1 rev1=1 crypto rx=0 tx=0 comp rx=0 tx=0).handle_hello peer v2:172.21.15.31:3300/0 says I am v2:172.21.15.31:57196/0 (socket says 172.21.15.31:57196)
2024-04-25T00:21:06.652 INFO:teuthology.orchestra.run.smithi031.stdout:/usr/bin/ceph: stderr
2024-04-25T00:21:04.935+0000 7f5ca6206700 1 -- 172.21.15.31:0/1715123237 learned_addr learned my addr 172.21.15.31:0/1715123237 (peer_addr_for_me v2:172.21.15.31:0/0)
2024-04-25T00:21:06.652 INFO:teuthology.orchestra.run.smithi031.stdout:/usr/bin/ceph: stderr
2024-04-25T00:21:04.936+0000 7f5ca6206700 1 -- 172.21.15.31:0/1715123237 --> [v2:172.21.15.31:3300/0,v1:172.21.15.31:6789/0] -- mon_subscribe({config=0+,monmap=0+}) -- 0x7f5ca019bf60 con 0x7f5ca01085f0
2024-04-25T00:21:06.652 INFO:teuthology.orchestra.run.smithi031.stdout:/usr/bin/ceph: stderr
2024-04-25T00:21:04.936+0000 7f5ca6206700 1 --2- 172.21.15.31:0/1715123237 >> [v2:172.21.15.31:3300/0,v1:172.21.15.31:6789/0] conn(0x7f5ca01085f0 0x7f5ca019ba20 secure :-1 s=READY pgs=54 cs=0 l=1 rev1=1 crypto rx=0x7f5c94006b20 tx=0x7f5c94011ad0 comp rx=0 tx=0).ready entity=mon.0 client_cookie=0 server_cookie=0 in_seq=0 out_seq=0
2024-04-25T00:21:06.652 INFO:teuthology.orchestra.run.smithi031.stdout:/usr/bin/ceph: stderr
2024-04-25T00:21:04.936+0000 7f5c937fe700 1 -- 172.21.15.31:0/1715123237 <== mon.0 v2:172.21.15.31:3300/0 1 ==== mon_map magic: 0 ==== 205+0+0 (secure 0 0 0) 0x7f5c94003b70 con 0x7f5ca01085f0
2024-04-25T00:21:06.652 INFO:teuthology.orchestra.run.smithi031.stdout:/usr/bin/ceph: stderr
2024-04-25T00:21:04.936+0000 7f5c937fe700 1 -- 172.21.15.31:0/1715123237 <== mon.0 v2:172.21.15.31:3300/0 2 ==== config(26 keys) ==== 1102+0+0 (secure 0 0 0) 0x7f5c9401a8e0 con 0x7f5ca01085f0
2024-04-25T00:21:06.652 INFO:teuthology.orchestra.run.smithi031.stdout:/usr/bin/ceph: stderr
2024-04-25T00:21:04.936+0000 7f5ca846a700 1 -- 172.21.15.31:0/1715123237 --> [v2:172.21.15.31:3300/0,v1:172.21.15.31:6789/0] -- mon_subscribe({mgrmap=0+}) -- 0x7f5ca019c1f0 con 0x7f5ca01085f0
2024-04-25T00:21:06.652 INFO:teuthology.orchestra.run.smithi031.stdout:/usr/bin/ceph: stderr
2024-04-25T00:21:04.936+0000 7f5c937fe700 1 -- 172.21.15.31:0/1715123237 <== mon.0 v2:172.21.15.31:3300/0 3 ==== mon_map magic: 0 ==== 205+0+0 (secure 0 0 0) 0x7f5c940249b0 con 0x7f5ca01085f0
2024-04-25T00:21:06.652 INFO:teuthology.orchestra.run.smithi031.stdout:/usr/bin/ceph: stderr
2024-04-25T00:21:04.936+0000 7f5ca846a700 1 -- 172.21.15.31:0/1715123237 --> [v2:172.21.15.31:3300/0,v1:172.21.15.31:6789/0] -- mon_subscribe({osdmap=0}) -- 0x7f5ca019eee0 con 0x7f5ca01085f0
2024-04-25T00:21:06.652 INFO:teuthology.orchestra.run.smithi031.stdout:/usr/bin/ceph: stderr
2024-04-25T00:21:04.937+0000 7f5c937fe700 1 -- 172.21.15.31:0/1715123237 <== mon.0 v2:172.21.15.31:3300/0 4 ==== mgrmap(e 8) ==== 46287+0+0 (secure 0 0 0) 0x7f5c94022020 con 0x7f5ca01085f0
2024-04-25T00:21:06.652 INFO:teuthology.orchestra.run.smithi031.stdout:/usr/bin/ceph: stderr
2024-04-25T00:21:04.937+0000 7f5ca846a700 1 -- 172.21.15.31:0/1715123237 --> [v2:172.21.15.31:3300/0,v1:172.21.15.31:6789/0] -- mon_command({"prefix": "get_command_descriptions"} v 0) -- 0x7f5ca0063890 con 0x7f5ca01085f0
2024-04-25T00:21:06.652 INFO:teuthology.orchestra.run.smithi031.stdout:/usr/bin/ceph: stderr
2024-04-25T00:21:04.937+0000 7f5c937fe700 1 --2- 172.21.15.31:0/1715123237 >> [v2:172.21.15.31:6800/3443312222,v1:172.21.15.31:6801/3443312222] conn(0x7f5c8c0390a0 0x7f5c8c03b560 unknown :-1 s=NONE pgs=0 cs=0 l=1 rev1=0 crypto rx=0 tx=0 comp rx=0 tx=0).connect
2024-04-25T00:21:06.652 INFO:teuthology.orchestra.run.smithi031.stdout:/usr/bin/ceph: stderr
2024-04-25T00:21:04.937+0000 7f5c937fe700 1 -- 172.21.15.31:0/1715123237 <== mon.0 v2:172.21.15.31:3300/0 5 ==== osd_map(2..2 src has 1..2) ==== 940+0+0 (secure 0 0 0) 0x7f5c9404d7a0 con 0x7f5ca01085f0
2024-04-25T00:21:06.652 INFO:teuthology.orchestra.run.smithi031.stdout:/usr/bin/ceph: stderr
2024-04-25T00:21:04.937+0000 7f5ca5a05700 1 --2- 172.21.15.31:0/1715123237 >> [v2:172.21.15.31:6800/3443312222,v1:172.21.15.31:6801/3443312222] conn(0x7f5c8c0390a0 0x7f5c8c03b560 unknown :-1 s=BANNER_CONNECTING pgs=0 cs=0 l=1 rev1=0 crypto rx=0 tx=0 comp rx=0 tx=0)._handle_peer_banner_payload supported=3 required=0
2024-04-25T00:21:06.653 INFO:teuthology.orchestra.run.smithi031.stdout:/usr/bin/ceph: stderr
2024-04-25T00:21:04.938+0000 7f5ca5a05700 1 --2- 172.21.15.31:0/1715123237 >> [v2:172.21.15.31:6800/3443312222,v1:172.21.15.31:6801/3443312222] conn(0x7f5c8c0390a0 0x7f5c8c03b560 secure :-1 s=READY pgs=16 cs=0 l=1 rev1=1 crypto rx=0x7f5c9c006fd0 tx=0x7f5c9c006e40 comp rx=0 tx=0).ready entity=mgr.14118 client_cookie=0 server_cookie=0 in_seq=0 out_seq=0
2024-04-25T00:21:06.653 INFO:teuthology.orchestra.run.smithi031.stdout:/usr/bin/ceph: stderr
2024-04-25T00:21:04.942+0000 7f5c937fe700 1 -- 172.21.15.31:0/1715123237 <== mon.0 v2:172.21.15.31:3300/0 6 ==== mon_command_ack([{"prefix": "get_command_descriptions"}]=0 v0) ==== 72+0+186147 (secure 0 0 0) 0x7f5c9402c3a0 con 0x7f5ca01085f0
2024-04-25T00:21:06.653 INFO:teuthology.orchestra.run.smithi031.stdout:/usr/bin/ceph: stderr
2024-04-25T00:21:05.215+0000 7f5ca846a700 1 -- 172.21.15.31:0/1715123237 --> [v2:172.21.15.31:3300/0,v1:172.21.15.31:6789/0] -- mon_command({"prefix": "mgr module enable", "module": "dashboard"} v 0) -- 0x7f5ca019f490 con 0x7f5ca01085f0
2024-04-25T00:21:06.653 INFO:teuthology.orchestra.run.smithi031.stdout:/usr/bin/ceph: stderr
2024-04-25T00:21:06.035+0000 7f5c937fe700 1 -- 172.21.15.31:0/1715123237 <== mon.0 v2:172.21.15.31:3300/0 7 ==== mon_command_ack([{"prefix": "mgr module enable", "module": "dashboard"}]=0 v9) ==== 88+0+0 (secure 0 0 0) 0x7f5c94017ca0 con 0x7f5ca01085f0
2024-04-25T00:21:06.653 INFO:teuthology.orchestra.run.smithi031.stdout:/usr/bin/ceph: stderr
2024-04-25T00:21:06.037+0000 7f5c937fe700 1 -- 172.21.15.31:0/1715123237 <== mon.0 v2:172.21.15.31:3300/0 8 ==== mgrmap(e 9) ==== 46300+0+0 (secure 0 0 0) 0x7f5c9401a430 con 0x7f5ca01085f0
2024-04-25T00:21:06.653 INFO:teuthology.orchestra.run.smithi031.stdout:/usr/bin/ceph: stderr
2024-04-25T00:21:06.039+0000 7f5ca846a700 1 -- 172.21.15.31:0/1715123237 >> [v2:172.21.15.31:6800/3443312222,v1:172.21.15.31:6801/3443312222] conn(0x7f5c8c0390a0 msgr2=0x7f5c8c03b560 secure :-1 s=STATE_CONNECTION_ESTABLISHED l=1).mark_down
2024-04-25T00:21:06.653 INFO:teuthology.orchestra.run.smithi031.stdout:/usr/bin/ceph: stderr
2024-04-25T00:21:06.039+0000 7f5ca846a700 1 --2- 172.21.15.31:0/1715123237 >> [v2:172.21.15.31:6800/3443312222,v1:172.21.15.31:6801/3443312222] conn(0x7f5c8c0390a0 0x7f5c8c03b560 secure :-1 s=READY pgs=16 cs=0 l=1 rev1=1 crypto rx=0x7f5c9c006fd0 tx=0x7f5c9c006e40 comp rx=0 tx=0).stop
2024-04-25T00:21:06.653 INFO:teuthology.orchestra.run.smithi031.stdout:/usr/bin/ceph: stderr
2024-04-25T00:21:06.039+0000 7f5ca846a700 1 -- 172.21.15.31:0/1715123237 >> [v2:172.21.15.31:3300/0,v1:172.21.15.31:6789/0] conn(0x7f5ca01085f0 msgr2=0x7f5ca019ba20 secure :-1 s=STATE_CONNECTION_ESTABLISHED l=1).mark_down
2024-04-25T00:21:06.653 INFO:teuthology.orchestra.run.smithi031.stdout:/usr/bin/ceph: stderr
2024-04-25T00:21:06.039+0000 7f5ca846a700 1 --2- 172.21.15.31:0/1715123237 >> [v2:172.21.15.31:3300/0,v1:172.21.15.31:6789/0] conn(0x7f5ca01085f0 0x7f5ca019ba20 secure :-1 s=READY pgs=54 cs=0 l=1 rev1=1 crypto rx=0x7f5c94006b20 tx=0x7f5c94011ad0 comp rx=0 tx=0).stop
2024-04-25T00:21:06.653 INFO:teuthology.orchestra.run.smithi031.stdout:/usr/bin/ceph: stderr
2024-04-25T00:21:06.039+0000 7f5ca846a700 1 -- 172.21.15.31:0/1715123237 shutdown_connections
2024-04-25T00:21:06.653 INFO:teuthology.orchestra.run.smithi031.stdout:/usr/bin/ceph: stderr
2024-04-25T00:21:06.039+0000 7f5ca846a700 1 --2- 172.21.15.31:0/1715123237 >> [v2:172.21.15.31:6800/3443312222,v1:172.21.15.31:6801/3443312222] conn(0x7f5c8c0390a0 0x7f5c8c03b560 unknown :-1 s=CLOSED pgs=16 cs=0 l=1 rev1=1 crypto rx=0 tx=0 comp rx=0 tx=0).stop
2024-04-25T00:21:06.653 INFO:teuthology.orchestra.run.smithi031.stdout:/usr/bin/ceph: stderr
2024-04-25T00:21:06.039+0000 7f5ca846a700 1 --2- 172.21.15.31:0/1715123237 >> [v2:172.21.15.31:3300/0,v1:172.21.15.31:6789/0] conn(0x7f5ca01085f0 0x7f5ca019ba20 unknown :-1 s=CLOSED pgs=54 cs=0 l=1 rev1=1 crypto rx=0 tx=0 comp rx=0 tx=0).stop
2024-04-25T00:21:06.653 INFO:teuthology.orchestra.run.smithi031.stdout:/usr/bin/ceph: stderr
2024-04-25T00:21:06.039+0000 7f5ca846a700 1 -- 172.21.15.31:0/1715123237 >> 172.21.15.31:0/1715123237 conn(0x7f5ca0102020 msgr2=0x7f5ca0102a40 unknown :-1 s=STATE_NONE l=0).mark_down
2024-04-25T00:21:06.653 INFO:teuthology.orchestra.run.smithi031.stdout:/usr/bin/ceph: stderr
2024-04-25T00:21:06.039+0000 7f5ca846a700 1 -- 172.21.15.31:0/1715123237 shutdown_connections
2024-04-25T00:21:06.654 INFO:teuthology.orchestra.run.smithi031.stdout:/usr/bin/ceph: stderr
2024-04-25T00:21:06.039+0000 7f5ca846a700 1 -- 172.21.15.31:0/1715123237 wait complete.
2024-04-25T00:21:07.272 INFO:journalctl@ceph.mon.a.smithi031.stdout:Apr 25 00:21:07 smithi031 ceph-mon[29167]: from='client.? 172.21.15.31:0/1715123237' entity='client.admin' cmd='[{"prefix": "mgr module enable", "module": "dashboard"}]': finished
2024-04-25T00:21:07.272 INFO:journalctl@ceph.mon.a.smithi031.stdout:Apr 25 00:21:07 smithi031 ceph-mon[29167]: mgrmap e9: x(active, since 20s)
2024-04-25T00:21:07.272 INFO:journalctl@ceph.mgr.x.smithi031.stdout:Apr 25 00:21:06 smithi031 ceph-6c091b24-0299-11ef-bc93-c7b262605968-mgr-x[29399]:
2024-04-25T00:21:06.873+0000 7feab573d200 -1 mgr[py] Module progress has missing NOTIFY_TYPES member
2024-04-25T00:21:07.272 INFO:journalctl@ceph.mgr.x.smithi031.stdout:Apr 25 00:21:06 smithi031 ceph-6c091b24-0299-11ef-bc93-c7b262605968-mgr-x[29399]:
2024-04-25T00:21:06.965+0000 7feab573d200 -1 mgr[py] Module influx has missing NOTIFY_TYPES member
2024-04-25T00:21:08.007 INFO:teuthology.orchestra.run.smithi031.stdout:/usr/bin/ceph: stdout {
2024-04-25T00:21:08.014 INFO:teuthology.orchestra.run.smithi031.stdout:/usr/bin/ceph: stdout "epoch": 9,
2024-04-25T00:21:08.014 INFO:teuthology.orchestra.run.smithi031.stdout:/usr/bin/ceph: stdout "available": true,
2024-04-25T00:21:08.014 INFO:teuthology.orchestra.run.smithi031.stdout:/usr/bin/ceph: stdout "active_name": "x",
2024-04-25T00:21:08.014 INFO:teuthology.orchestra.run.smithi031.stdout:/usr/bin/ceph: stdout "num_standby": 0
2024-04-25T00:21:08.014 INFO:teuthology.orchestra.run.smithi031.stdout:/usr/bin/ceph: stdout }
2024-04-25T00:21:08.014 INFO:teuthology.orchestra.run.smithi031.stdout:/usr/bin/ceph: stderr
2024-04-25T00:21:07.088+0000 7f39dc35d700 1 Processor -- start
2024-04-25T00:21:08.014 INFO:teuthology.orchestra.run.smithi031.stdout:/usr/bin/ceph: stderr
2024-04-25T00:21:07.088+0000 7f39dc35d700 1 -- start start
2024-04-25T00:21:08.014 INFO:teuthology.orchestra.run.smithi031.stdout:/usr/bin/ceph: stderr
2024-04-25T00:21:07.088+0000 7f39dc35d700 1 --2- >> [v2:172.21.15.31:3300/0,v1:172.21.15.31:6789/0] conn(0x7f39d4105e10 0x7f39d4106230 unknown :-1 s=NONE pgs=0 cs=0 l=0 rev1=0 crypto rx=0 tx=0 comp rx=0 tx=0).connect
2024-04-25T00:21:08.014 INFO:teuthology.orchestra.run.smithi031.stdout:/usr/bin/ceph: stderr
2024-04-25T00:21:07.088+0000 7f39dc35d700 1 -- --> [v2:172.21.15.31:3300/0,v1:172.21.15.31:6789/0] -- mon_getmap magic: 0 -- 0x7f39d4106800 con 0x7f39d4105e10
2024-04-25T00:21:08.014 INFO:teuthology.orchestra.run.smithi031.stdout:/usr/bin/ceph: stderr
2024-04-25T00:21:07.089+0000 7f39da0f9700 1 --2- >> [v2:172.21.15.31:3300/0,v1:172.21.15.31:6789/0] conn(0x7f39d4105e10 0x7f39d4106230 unknown :-1 s=BANNER_CONNECTING pgs=0 cs=0 l=0 rev1=0 crypto rx=0 tx=0 comp rx=0 tx=0)._handle_peer_banner_payload supported=3 required=0
2024-04-25T00:21:08.015 INFO:teuthology.orchestra.run.smithi031.stdout:/usr/bin/ceph: stderr
2024-04-25T00:21:07.089+0000 7f39da0f9700 1 --2- >> [v2:172.21.15.31:3300/0,v1:172.21.15.31:6789/0] conn(0x7f39d4105e10 0x7f39d4106230 unknown :-1 s=HELLO_CONNECTING pgs=0 cs=0 l=0 rev1=1 crypto rx=0 tx=0 comp rx=0 tx=0).handle_hello peer v2:172.21.15.31:3300/0 says I am v2:172.21.15.31:57218/0 (socket says 172.21.15.31:57218)
2024-04-25T00:21:08.015 INFO:teuthology.orchestra.run.smithi031.stdout:/usr/bin/ceph: stderr
2024-04-25T00:21:07.089+0000 7f39da0f9700 1 -- 172.21.15.31:0/2545519475 learned_addr learned my addr 172.21.15.31:0/2545519475 (peer_addr_for_me v2:172.21.15.31:0/0)
2024-04-25T00:21:08.015 INFO:teuthology.orchestra.run.smithi031.stdout:/usr/bin/ceph: stderr
2024-04-25T00:21:07.089+0000 7f39da0f9700 1 -- 172.21.15.31:0/2545519475 --> [v2:172.21.15.31:3300/0,v1:172.21.15.31:6789/0] -- mon_subscribe({config=0+,monmap=0+}) -- 0x7f39d4106980 con 0x7f39d4105e10
2024-04-25T00:21:08.015 INFO:teuthology.orchestra.run.smithi031.stdout:/usr/bin/ceph: stderr
2024-04-25T00:21:07.089+0000 7f39da0f9700 1 --2- 172.21.15.31:0/2545519475 >> [v2:172.21.15.31:3300/0,v1:172.21.15.31:6789/0] conn(0x7f39d4105e10 0x7f39d4106230 secure :-1 s=READY pgs=57 cs=0 l=1 rev1=1 crypto rx=0x7f39c40098a0 tx=0x7f39c4009bb0 comp rx=0 tx=0).ready entity=mon.0 client_cookie=cc504f1027af6cb0 server_cookie=0 in_seq=0 out_seq=0
2024-04-25T00:21:08.015 INFO:teuthology.orchestra.run.smithi031.stdout:/usr/bin/ceph: stderr
2024-04-25T00:21:07.089+0000 7f39d90f7700 1 -- 172.21.15.31:0/2545519475 <== mon.0 v2:172.21.15.31:3300/0 1 ==== mon_map magic: 0 ==== 205+0+0 (secure 0 0 0) 0x7f39c4004160 con 0x7f39d4105e10
2024-04-25T00:21:08.015 INFO:teuthology.orchestra.run.smithi031.stdout:/usr/bin/ceph: stderr
2024-04-25T00:21:07.090+0000 7f39d90f7700 1 -- 172.21.15.31:0/2545519475 <== mon.0 v2:172.21.15.31:3300/0 2 ==== config(26 keys) ==== 1102+0+0 (secure 0 0 0) 0x7f39c4004300 con 0x7f39d4105e10
2024-04-25T00:21:08.015 INFO:teuthology.orchestra.run.smithi031.stdout:/usr/bin/ceph: stderr
2024-04-25T00:21:07.090+0000 7f39d90f7700 1 -- 172.21.15.31:0/2545519475 <== mon.0 v2:172.21.15.31:3300/0 3 ==== mon_map magic: 0 ==== 205+0+0 (secure 0 0 0) 0x7f39c4011a50 con 0x7f39d4105e10
2024-04-25T00:21:08.015 INFO:teuthology.orchestra.run.smithi031.stdout:/usr/bin/ceph: stderr
2024-04-25T00:21:07.090+0000 7f39dc35d700 1 -- 172.21.15.31:0/2545519475 >> [v2:172.21.15.31:3300/0,v1:172.21.15.31:6789/0] conn(0x7f39d4105e10 msgr2=0x7f39d4106230 secure :-1 s=STATE_CONNECTION_ESTABLISHED l=1).mark_down
2024-04-25T00:21:08.015 INFO:teuthology.orchestra.run.smithi031.stdout:/usr/bin/ceph: stderr
2024-04-25T00:21:07.090+0000 7f39dc35d700 1 --2- 172.21.15.31:0/2545519475 >> [v2:172.21.15.31:3300/0,v1:172.21.15.31:6789/0] conn(0x7f39d4105e10 0x7f39d4106230 secure :-1 s=READY pgs=57 cs=0 l=1 rev1=1 crypto rx=0x7f39c40098a0 tx=0x7f39c4009bb0 comp rx=0 tx=0).stop
2024-04-25T00:21:08.015 INFO:teuthology.orchestra.run.smithi031.stdout:/usr/bin/ceph: stderr
2024-04-25T00:21:07.090+0000 7f39dc35d700 1 -- 172.21.15.31:0/2545519475 shutdown_connections
2024-04-25T00:21:08.015 INFO:teuthology.orchestra.run.smithi031.stdout:/usr/bin/ceph: stderr
2024-04-25T00:21:07.090+0000 7f39dc35d700 1 --2- 172.21.15.31:0/2545519475 >> [v2:172.21.15.31:3300/0,v1:172.21.15.31:6789/0] conn(0x7f39d4105e10 0x7f39d4106230 unknown :-1 s=CLOSED pgs=57 cs=0 l=1 rev1=1 crypto rx=0 tx=0 comp rx=0 tx=0).stop
2024-04-25T00:21:08.015 INFO:teuthology.orchestra.run.smithi031.stdout:/usr/bin/ceph: stderr
2024-04-25T00:21:07.090+0000 7f39dc35d700 1 -- 172.21.15.31:0/2545519475 >> 172.21.15.31:0/2545519475 conn(0x7f39d4101790 msgr2=0x7f39d4103bb0 unknown :-1 s=STATE_NONE l=0).mark_down
2024-04-25T00:21:08.015 INFO:teuthology.orchestra.run.smithi031.stdout:/usr/bin/ceph: stderr
2024-04-25T00:21:07.090+0000 7f39dc35d700 1 -- 172.21.15.31:0/2545519475 shutdown_connections
2024-04-25T00:21:08.015 INFO:teuthology.orchestra.run.smithi031.stdout:/usr/bin/ceph: stderr
2024-04-25T00:21:07.090+0000 7f39dc35d700 1 -- 172.21.15.31:0/2545519475 wait complete.
2024-04-25T00:21:08.015 INFO:teuthology.orchestra.run.smithi031.stdout:/usr/bin/ceph: stderr
2024-04-25T00:21:07.091+0000 7f39dc35d700 1 Processor -- start
2024-04-25T00:21:08.016 INFO:teuthology.orchestra.run.smithi031.stdout:/usr/bin/ceph: stderr
2024-04-25T00:21:07.091+0000 7f39dc35d700 1 -- start start
2024-04-25T00:21:08.016 INFO:teuthology.orchestra.run.smithi031.stdout:/usr/bin/ceph: stderr
2024-04-25T00:21:07.091+0000 7f39dc35d700 1 --2- >> [v2:172.21.15.31:3300/0,v1:172.21.15.31:6789/0] conn(0x7f39d4105e10 0x7f39d4108710 unknown :-1 s=NONE pgs=0 cs=0 l=1 rev1=0 crypto rx=0 tx=0 comp rx=0 tx=0).connect
2024-04-25T00:21:08.016 INFO:teuthology.orchestra.run.smithi031.stdout:/usr/bin/ceph: stderr
2024-04-25T00:21:07.091+0000 7f39dc35d700 1 -- --> [v2:172.21.15.31:3300/0,v1:172.21.15.31:6789/0] -- mon_getmap magic: 0 -- 0x7f39d410c0c0 con 0x7f39d4105e10
2024-04-25T00:21:08.016 INFO:teuthology.orchestra.run.smithi031.stdout:/usr/bin/ceph: stderr
2024-04-25T00:21:07.091+0000 7f39da0f9700 1 --2- >> [v2:172.21.15.31:3300/0,v1:172.21.15.31:6789/0] conn(0x7f39d4105e10 0x7f39d4108710 unknown :-1 s=BANNER_CONNECTING pgs=0 cs=0 l=1 rev1=0 crypto rx=0 tx=0 comp rx=0 tx=0)._handle_peer_banner_payload supported=3 required=0
2024-04-25T00:21:08.016 INFO:teuthology.orchestra.run.smithi031.stdout:/usr/bin/ceph: stderr
2024-04-25T00:21:07.091+0000 7f39da0f9700 1 --2- >> [v2:172.21.15.31:3300/0,v1:172.21.15.31:6789/0] conn(0x7f39d4105e10 0x7f39d4108710 unknown :-1 s=HELLO_CONNECTING pgs=0 cs=0 l=1 rev1=1 crypto rx=0 tx=0 comp rx=0 tx=0).handle_hello peer v2:172.21.15.31:3300/0 says I am v2:172.21.15.31:57220/0 (socket says 172.21.15.31:57220)
2024-04-25T00:21:08.016 INFO:teuthology.orchestra.run.smithi031.stdout:/usr/bin/ceph: stderr
2024-04-25T00:21:07.091+0000 7f39da0f9700 1 -- 172.21.15.31:0/3232078010 learned_addr learned my addr 172.21.15.31:0/3232078010 (peer_addr_for_me v2:172.21.15.31:0/0)
2024-04-25T00:21:08.016 INFO:teuthology.orchestra.run.smithi031.stdout:/usr/bin/ceph: stderr
2024-04-25T00:21:07.091+0000 7f39da0f9700 1 -- 172.21.15.31:0/3232078010 --> [v2:172.21.15.31:3300/0,v1:172.21.15.31:6789/0] -- mon_subscribe({config=0+,monmap=0+}) -- 0x7f39d4108c50 con 0x7f39d4105e10
2024-04-25T00:21:08.016 INFO:teuthology.orchestra.run.smithi031.stdout:/usr/bin/ceph: stderr
2024-04-25T00:21:07.092+0000 7f39da0f9700 1 --2- 172.21.15.31:0/3232078010 >> [v2:172.21.15.31:3300/0,v1:172.21.15.31:6789/0] conn(0x7f39d4105e10 0x7f39d4108710 secure :-1 s=READY pgs=58 cs=0 l=1 rev1=1 crypto rx=0x7f39c4006b20 tx=0x7f39c4011ad0 comp rx=0 tx=0).ready entity=mon.0 client_cookie=0 server_cookie=0 in_seq=0 out_seq=0
2024-04-25T00:21:08.016 INFO:teuthology.orchestra.run.smithi031.stdout:/usr/bin/ceph: stderr
2024-04-25T00:21:07.092+0000 7f39cb7fe700 1 -- 172.21.15.31:0/3232078010 <== mon.0 v2:172.21.15.31:3300/0 1 ==== mon_map magic: 0 ==== 205+0+0 (secure 0 0 0) 0x7f39c40039e0 con 0x7f39d4105e10
2024-04-25T00:21:08.016 INFO:teuthology.orchestra.run.smithi031.stdout:/usr/bin/ceph: stderr
2024-04-25T00:21:07.092+0000 7f39cb7fe700 1 -- 172.21.15.31:0/3232078010 <== mon.0 v2:172.21.15.31:3300/0 2 ==== config(26 keys) ==== 1102+0+0 (secure 0 0 0) 0x7f39c401a8e0 con 0x7f39d4105e10
2024-04-25T00:21:08.016 INFO:teuthology.orchestra.run.smithi031.stdout:/usr/bin/ceph: stderr
2024-04-25T00:21:07.092+0000 7f39dc35d700 1 -- 172.21.15.31:0/3232078010 --> [v2:172.21.15.31:3300/0,v1:172.21.15.31:6789/0] -- mon_subscribe({mgrmap=0+}) -- 0x7f39d4106e40 con 0x7f39d4105e10
2024-04-25T00:21:08.016 INFO:teuthology.orchestra.run.smithi031.stdout:/usr/bin/ceph: stderr
2024-04-25T00:21:07.092+0000 7f39cb7fe700 1 -- 172.21.15.31:0/3232078010 <== mon.0 v2:172.21.15.31:3300/0 3 ==== mon_map magic: 0 ==== 205+0+0 (secure 0 0 0) 0x7f39c40247e0 con 0x7f39d4105e10
2024-04-25T00:21:08.016 INFO:teuthology.orchestra.run.smithi031.stdout:/usr/bin/ceph: stderr
2024-04-25T00:21:07.092+0000 7f39dc35d700 1 -- 172.21.15.31:0/3232078010 --> [v2:172.21.15.31:3300/0,v1:172.21.15.31:6789/0] -- mon_subscribe({osdmap=0}) -- 0x7f39d4107380 con 0x7f39d4105e10
2024-04-25T00:21:08.016 INFO:teuthology.orchestra.run.smithi031.stdout:/usr/bin/ceph: stderr
2024-04-25T00:21:07.093+0000 7f39cb7fe700 1 -- 172.21.15.31:0/3232078010 <== mon.0 v2:172.21.15.31:3300/0 4 ==== mgrmap(e 9) ==== 46300+0+0 (secure 0 0 0) 0x7f39c4022020 con 0x7f39d4105e10
2024-04-25T00:21:08.017 INFO:teuthology.orchestra.run.smithi031.stdout:/usr/bin/ceph: stderr
2024-04-25T00:21:07.093+0000 7f39dc35d700 1 -- 172.21.15.31:0/3232078010 --> [v2:172.21.15.31:3300/0,v1:172.21.15.31:6789/0] -- mon_command({"prefix": "get_command_descriptions"} v 0) -- 0x7f39d4063890 con 0x7f39d4105e10
2024-04-25T00:21:08.017 INFO:teuthology.orchestra.run.smithi031.stdout:/usr/bin/ceph: stderr
2024-04-25T00:21:07.093+0000 7f39cb7fe700 1 --2- 172.21.15.31:0/3232078010 >> [v2:172.21.15.31:6800/3443312222,v1:172.21.15.31:6801/3443312222] conn(0x7f39c00390f0 0x7f39c003b5b0 unknown :-1 s=NONE pgs=0 cs=0 l=1 rev1=0 crypto rx=0 tx=0 comp rx=0 tx=0).connect
2024-04-25T00:21:08.017 INFO:teuthology.orchestra.run.smithi031.stdout:/usr/bin/ceph: stderr
2024-04-25T00:21:07.093+0000 7f39cb7fe700 1 -- 172.21.15.31:0/3232078010 <== mon.0 v2:172.21.15.31:3300/0 5 ==== osd_map(2..2 src has 1..2) ==== 940+0+0 (secure 0 0 0) 0x7f39c404d4a0 con 0x7f39d4105e10
2024-04-25T00:21:08.017 INFO:teuthology.orchestra.run.smithi031.stdout:/usr/bin/ceph: stderr
2024-04-25T00:21:07.093+0000 7f39d98f8700 1 -- 172.21.15.31:0/3232078010 >> [v2:172.21.15.31:6800/3443312222,v1:172.21.15.31:6801/3443312222] conn(0x7f39c00390f0 msgr2=0x7f39c003b5b0 unknown :-1 s=STATE_CONNECTING_RE l=1).process reconnect failed to v2:172.21.15.31:6800/3443312222
2024-04-25T00:21:08.017 INFO:teuthology.orchestra.run.smithi031.stdout:/usr/bin/ceph: stderr
2024-04-25T00:21:07.093+0000 7f39d98f8700 1 --2- 172.21.15.31:0/3232078010 >> [v2:172.21.15.31:6800/3443312222,v1:172.21.15.31:6801/3443312222] conn(0x7f39c00390f0 0x7f39c003b5b0 unknown :-1 s=START_CONNECT pgs=0 cs=0 l=1 rev1=0 crypto rx=0 tx=0 comp rx=0 tx=0)._fault waiting 0.200000
2024-04-25T00:21:08.017 INFO:teuthology.orchestra.run.smithi031.stdout:/usr/bin/ceph: stderr
2024-04-25T00:21:07.098+0000 7f39cb7fe700 1 -- 172.21.15.31:0/3232078010 <== mon.0 v2:172.21.15.31:3300/0 6 ==== mon_command_ack([{"prefix": "get_command_descriptions"}]=0 v0) ==== 72+0+186147 (secure 0 0 0) 0x7f39c400b3e0 con 0x7f39d4105e10
2024-04-25T00:21:08.017 INFO:teuthology.orchestra.run.smithi031.stdout:/usr/bin/ceph: stderr
2024-04-25T00:21:07.294+0000 7f39d98f8700 1 -- 172.21.15.31:0/3232078010 >> [v2:172.21.15.31:6800/3443312222,v1:172.21.15.31:6801/3443312222] conn(0x7f39c00390f0 msgr2=0x7f39c003b5b0 unknown :-1 s=STATE_CONNECTING_RE l=1).process reconnect failed to v2:172.21.15.31:6800/3443312222
2024-04-25T00:21:08.017 INFO:teuthology.orchestra.run.smithi031.stdout:/usr/bin/ceph: stderr
2024-04-25T00:21:07.294+0000 7f39d98f8700 1 --2- 172.21.15.31:0/3232078010 >> [v2:172.21.15.31:6800/3443312222,v1:172.21.15.31:6801/3443312222] conn(0x7f39c00390f0 0x7f39c003b5b0 unknown :-1 s=START_CONNECT pgs=0 cs=0 l=1 rev1=0 crypto rx=0 tx=0 comp rx=0 tx=0)._fault waiting 0.400000
2024-04-25T00:21:08.017 INFO:teuthology.orchestra.run.smithi031.stdout:/usr/bin/ceph: stderr
2024-04-25T00:21:07.386+0000 7f39dc35d700 1 -- 172.21.15.31:0/3232078010 --> [v2:172.21.15.31:3300/0,v1:172.21.15.31:6789/0] -- mon_command({"prefix": "mgr stat"} v 0) -- 0x7f39d41a1ad0 con 0x7f39d4105e10
2024-04-25T00:21:08.017 INFO:teuthology.orchestra.run.smithi031.stdout:/usr/bin/ceph: stderr
2024-04-25T00:21:07.387+0000 7f39cb7fe700 1 -- 172.21.15.31:0/3232078010 <== mon.0 v2:172.21.15.31:3300/0 7 ==== mon_command_ack([{"prefix": "mgr stat"}]=0 v9) ==== 56+0+88 (secure 0 0 0) 0x7f39c4020c10 con 0x7f39d4105e10
2024-04-25T00:21:08.017 INFO:teuthology.orchestra.run.smithi031.stdout:/usr/bin/ceph: stderr
2024-04-25T00:21:07.391+0000 7f39dc35d700 1 -- 172.21.15.31:0/3232078010 >> [v2:172.21.15.31:6800/3443312222,v1:172.21.15.31:6801/3443312222] conn(0x7f39c00390f0 msgr2=0x7f39c003b5b0 unknown :-1 s=STATE_CONNECTING l=1).mark_down
2024-04-25T00:21:08.017 INFO:teuthology.orchestra.run.smithi031.stdout:/usr/bin/ceph: stderr
2024-04-25T00:21:07.391+0000 7f39dc35d700 1 --2- 172.21.15.31:0/3232078010 >> [v2:172.21.15.31:6800/3443312222,v1:172.21.15.31:6801/3443312222] conn(0x7f39c00390f0 0x7f39c003b5b0 unknown :-1 s=START_CONNECT pgs=0 cs=0 l=1 rev1=0 crypto rx=0 tx=0 comp rx=0 tx=0).stop
2024-04-25T00:21:08.017 INFO:teuthology.orchestra.run.smithi031.stdout:/usr/bin/ceph: stderr
2024-04-25T00:21:07.391+0000 7f39dc35d700 1 -- 172.21.15.31:0/3232078010 >> [v2:172.21.15.31:3300/0,v1:172.21.15.31:6789/0] conn(0x7f39d4105e10 msgr2=0x7f39d4108710 secure :-1 s=STATE_CONNECTION_ESTABLISHED l=1).mark_down
2024-04-25T00:21:08.017 INFO:teuthology.orchestra.run.smithi031.stdout:/usr/bin/ceph: stderr
2024-04-25T00:21:07.391+0000 7f39dc35d700 1 --2- 172.21.15.31:0/3232078010 >> [v2:172.21.15.31:3300/0,v1:172.21.15.31:6789/0] conn(0x7f39d4105e10 0x7f39d4108710 secure :-1 s=READY pgs=58 cs=0 l=1 rev1=1 crypto rx=0x7f39c4006b20 tx=0x7f39c4011ad0 comp rx=0 tx=0).stop
2024-04-25T00:21:08.018 INFO:teuthology.orchestra.run.smithi031.stdout:/usr/bin/ceph: stderr
2024-04-25T00:21:07.391+0000 7f39dc35d700 1 -- 172.21.15.31:0/3232078010 shutdown_connections
2024-04-25T00:21:08.018 INFO:teuthology.orchestra.run.smithi031.stdout:/usr/bin/ceph: stderr
2024-04-25T00:21:07.391+0000 7f39dc35d700 1 --2- 172.21.15.31:0/3232078010 >> [v2:172.21.15.31:6800/3443312222,v1:172.21.15.31:6801/3443312222] conn(0x7f39c00390f0 0x7f39c003b5b0 unknown :-1 s=CLOSED pgs=0 cs=0 l=1 rev1=0 crypto rx=0 tx=0 comp rx=0 tx=0).stop
2024-04-25T00:21:08.018 INFO:teuthology.orchestra.run.smithi031.stdout:/usr/bin/ceph: stderr
2024-04-25T00:21:07.391+0000 7f39dc35d700 1 --2- 172.21.15.31:0/3232078010 >> [v2:172.21.15.31:3300/0,v1:172.21.15.31:6789/0] conn(0x7f39d4105e10 0x7f39d4108710 secure :-1 s=CLOSED pgs=58 cs=0 l=1 rev1=1 crypto rx=0x7f39c4006b20 tx=0x7f39c4011ad0 comp rx=0 tx=0).stop
2024-04-25T00:21:08.018 INFO:teuthology.orchestra.run.smithi031.stdout:/usr/bin/ceph: stderr
2024-04-25T00:21:07.391+0000 7f39dc35d700 1 -- 172.21.15.31:0/3232078010 >> 172.21.15.31:0/3232078010 conn(0x7f39d4101790 msgr2=0x7f39d4102210 unknown :-1 s=STATE_NONE l=0).mark_down
2024-04-25T00:21:08.018 INFO:teuthology.orchestra.run.smithi031.stdout:/usr/bin/ceph: stderr
2024-04-25T00:21:07.392+0000 7f39dc35d700 1 -- 172.21.15.31:0/3232078010 shutdown_connections
2024-04-25T00:21:08.018 INFO:teuthology.orchestra.run.smithi031.stdout:/usr/bin/ceph: stderr
2024-04-25T00:21:07.392+0000 7f39dc35d700 1 -- 172.21.15.31:0/3232078010 wait complete.
2024-04-25T00:21:08.018 INFO:teuthology.orchestra.run.smithi031.stdout:Waiting for the mgr to restart...
2024-04-25T00:21:08.018 INFO:teuthology.orchestra.run.smithi031.stdout:Waiting for mgr epoch 9...
2024-04-25T00:21:08.272 INFO:journalctl@ceph.mon.a.smithi031.stdout:Apr 25 00:21:08 smithi031 ceph-mon[29167]: from='client.? 172.21.15.31:0/3232078010' entity='client.admin' cmd=[{"prefix": "mgr stat"}]: dispatch
2024-04-25T00:21:08.272 INFO:journalctl@ceph.mgr.x.smithi031.stdout:Apr 25 00:21:08 smithi031 ceph-6c091b24-0299-11ef-bc93-c7b262605968-mgr-x[29399]:
2024-04-25T00:21:08.243+0000 7feab573d200 -1 mgr[py] Module telegraf has missing NOTIFY_TYPES member
2024-04-25T00:21:08.606 INFO:journalctl@ceph.mgr.x.smithi031.stdout:Apr 25 00:21:08 smithi031 ceph-6c091b24-0299-11ef-bc93-c7b262605968-mgr-x[29399]:
2024-04-25T00:21:08.426+0000 7feab573d200 -1 mgr[py] Module osd_support has missing NOTIFY_TYPES member
2024-04-25T00:21:08.606 INFO:journalctl@ceph.mgr.x.smithi031.stdout:Apr 25 00:21:08 smithi031 ceph-6c091b24-0299-11ef-bc93-c7b262605968-mgr-x[29399]:
2024-04-25T00:21:08.604+0000 7feab573d200 -1 mgr[py] Module iostat has missing NOTIFY_TYPES member
2024-04-25T00:21:09.212 INFO:journalctl@ceph.mgr.x.smithi031.stdout:Apr 25 00:21:08 smithi031 ceph-6c091b24-0299-11ef-bc93-c7b262605968-mgr-x[29399]:
2024-04-25T00:21:08.904+0000 7feab573d200 -1 mgr[py] Module alerts has missing NOTIFY_TYPES member
2024-04-25T00:21:09.212 INFO:journalctl@ceph.mgr.x.smithi031.stdout:Apr 25 00:21:09 smithi031 ceph-6c091b24-0299-11ef-bc93-c7b262605968-mgr-x[29399]:
2024-04-25T00:21:09.001+0000 7feab573d200 -1 mgr[py] Module selftest has missing NOTIFY_TYPES member
2024-04-25T00:21:09.213 INFO:journalctl@ceph.mgr.x.smithi031.stdout:Apr 25 00:21:09 smithi031 ceph-6c091b24-0299-11ef-bc93-c7b262605968-mgr-x[29399]:
2024-04-25T00:21:09.211+0000 7feab573d200 -1 mgr[py] Module pg_autoscaler has missing NOTIFY_TYPES member
2024-04-25T00:21:09.522 INFO:journalctl@ceph.mgr.x.smithi031.stdout:Apr 25 00:21:09 smithi031 ceph-6c091b24-0299-11ef-bc93-c7b262605968-mgr-x[29399]:
2024-04-25T00:21:09.411+0000 7feab573d200 -1 mgr[py] Module test_orchestrator has missing NOTIFY_TYPES member
2024-04-25T00:21:10.272 INFO:journalctl@ceph.mgr.x.smithi031.stdout:Apr 25 00:21:10 smithi031 ceph-6c091b24-0299-11ef-bc93-c7b262605968-mgr-x[29399]:
2024-04-25T00:21:10.039+0000 7feab573d200 -1 mgr[py] Module rook has missing NOTIFY_TYPES member
2024-04-25T00:21:10.772 INFO:journalctl@ceph.mgr.x.smithi031.stdout:Apr 25 00:21:10 smithi031 ceph-6c091b24-0299-11ef-bc93-c7b262605968-mgr-x[29399]:
2024-04-25T00:21:10.479+0000 7feab573d200 -1 mgr[py] Module volumes has missing NOTIFY_TYPES member
2024-04-25T00:21:10.772 INFO:journalctl@ceph.mgr.x.smithi031.stdout:Apr 25 00:21:10 smithi031 ceph-6c091b24-0299-11ef-bc93-c7b262605968-mgr-x[29399]:
2024-04-25T00:21:10.579+0000 7feab573d200 -1 mgr[py] Module crash has missing NOTIFY_TYPES member
2024-04-25T00:21:11.272 INFO:journalctl@ceph.mgr.x.smithi031.stdout:Apr 25 00:21:10 smithi031 ceph-6c091b24-0299-11ef-bc93-c7b262605968-mgr-x[29399]:
2024-04-25T00:21:10.792+0000 7feab573d200 -1 mgr[py] Module rgw has missing NOTIFY_TYPES member
2024-04-25T00:21:11.692 INFO:journalctl@ceph.mgr.x.smithi031.stdout:Apr 25 00:21:11 smithi031 ceph-6c091b24-0299-11ef-bc93-c7b262605968-mgr-x[29399]:
2024-04-25T00:21:11.338+0000 7feab573d200 -1 mgr[py] Module prometheus has missing NOTIFY_TYPES member
2024-04-25T00:21:11.693 INFO:journalctl@ceph.mgr.x.smithi031.stdout:Apr 25 00:21:11 smithi031 ceph-6c091b24-0299-11ef-bc93-c7b262605968-mgr-x[29399]:
2024-04-25T00:21:11.438+0000 7feab573d200 -1 mgr[py] Module devicehealth has missing NOTIFY_TYPES member
2024-04-25T00:21:12.022 INFO:journalctl@ceph.mgr.x.smithi031.stdout:Apr 25 00:21:11 smithi031 ceph-6c091b24-0299-11ef-bc93-c7b262605968-mgr-x[29399]:
2024-04-25T00:21:11.692+0000 7feab573d200 -1 mgr[py] Module telemetry has missing NOTIFY_TYPES member
2024-04-25T00:21:12.022 INFO:journalctl@ceph.mgr.x.smithi031.stdout:Apr 25 00:21:11 smithi031 ceph-6c091b24-0299-11ef-bc93-c7b262605968-mgr-x[29399]:
2024-04-25T00:21:11.831+0000 7feab573d200 -1 mgr[py] Module diskprediction_local has missing NOTIFY_TYPES member
2024-04-25T00:21:12.022 INFO:journalctl@ceph.mgr.x.smithi031.stdout:Apr 25 00:21:11 smithi031 ceph-6c091b24-0299-11ef-bc93-c7b262605968-mgr-x[29399]:
2024-04-25T00:21:11.930+0000 7feab573d200 -1 mgr[py] Module osd_perf_query has missing NOTIFY_TYPES member
2024-04-25T00:21:12.522 INFO:journalctl@ceph.mgr.x.smithi031.stdout:Apr 25 00:21:12 smithi031 ceph-6c091b24-0299-11ef-bc93-c7b262605968-mgr-x[29399]:
2024-04-25T00:21:12.051+0000 7feab573d200 -1 mgr[py] Module rbd_support has missing NOTIFY_TYPES member
2024-04-25T00:21:12.522 INFO:journalctl@ceph.mgr.x.smithi031.stdout:Apr 25 00:21:12 smithi031 ceph-6c091b24-0299-11ef-bc93-c7b262605968-mgr-x[29399]:
2024-04-25T00:21:12.147+0000 7feab573d200 -1 mgr[py] Module zabbix has missing NOTIFY_TYPES member
2024-04-25T00:21:13.270 INFO:journalctl@ceph.mgr.x.smithi031.stdout:Apr 25 00:21:12 smithi031 ceph-6c091b24-0299-11ef-bc93-c7b262605968-mgr-x[29399]:
2024-04-25T00:21:12.992+0000 7feab573d200 -1 mgr[py] Module status has missing NOTIFY_TYPES member
2024-04-25T00:21:13.270 INFO:journalctl@ceph.mgr.x.smithi031.stdout:Apr 25 00:21:13 smithi031 ceph-6c091b24-0299-11ef-bc93-c7b262605968-mgr-x[29399]:
2024-04-25T00:21:13.216+0000 7feab573d200 -1 mgr[py] Module nfs has missing NOTIFY_TYPES member
2024-04-25T00:21:13.522 INFO:journalctl@ceph.mon.a.smithi031.stdout:Apr 25 00:21:13 smithi031 ceph-mon[29167]: Active manager daemon x restarted
2024-04-25T00:21:13.522 INFO:journalctl@ceph.mon.a.smithi031.stdout:Apr 25 00:21:13 smithi031 ceph-mon[29167]: Activating manager daemon x
2024-04-25T00:21:13.522 INFO:journalctl@ceph.mon.a.smithi031.stdout:Apr 25 00:21:13 smithi031 ceph-mon[29167]: osdmap e3: 0 total, 0 up, 0 in
2024-04-25T00:21:13.522 INFO:journalctl@ceph.mon.a.smithi031.stdout:Apr 25 00:21:13 smithi031 ceph-mon[29167]: mgrmap e10: x(active, starting, since 0.00342257s)
2024-04-25T00:21:13.522 INFO:journalctl@ceph.mon.a.smithi031.stdout:Apr 25 00:21:13 smithi031 ceph-mon[29167]: from='mgr.14150 172.21.15.31:0/2039828930' entity='mgr.x' cmd=[{"prefix": "mon metadata", "id": "a"}]: dispatch
2024-04-25T00:21:13.522 INFO:journalctl@ceph.mon.a.smithi031.stdout:Apr 25 00:21:13 smithi031 ceph-mon[29167]: from='mgr.14150 172.21.15.31:0/2039828930' entity='mgr.x' cmd=[{"prefix": "mgr metadata", "who": "x", "id": "x"}]: dispatch
2024-04-25T00:21:13.523 INFO:journalctl@ceph.mon.a.smithi031.stdout:Apr 25 00:21:13 smithi031 ceph-mon[29167]: from='mgr.14150 172.21.15.31:0/2039828930' entity='mgr.x' cmd=[{"prefix": "mds metadata"}]: dispatch
2024-04-25T00:21:13.523 INFO:journalctl@ceph.mon.a.smithi031.stdout:Apr 25 00:21:13 smithi031 ceph-mon[29167]: from='mgr.14150 172.21.15.31:0/2039828930' entity='mgr.x' cmd=[{"prefix": "osd metadata"}]: dispatch
2024-04-25T00:21:13.523 INFO:journalctl@ceph.mon.a.smithi031.stdout:Apr 25 00:21:13 smithi031 ceph-mon[29167]: from='mgr.14150 172.21.15.31:0/2039828930' entity='mgr.x' cmd=[{"prefix": "mon metadata"}]: dispatch
2024-04-25T00:21:13.523 INFO:journalctl@ceph.mon.a.smithi031.stdout:Apr 25 00:21:13 smithi031 ceph-mon[29167]: Manager daemon x is now available
2024-04-25T00:21:13.523 INFO:journalctl@ceph.mon.a.smithi031.stdout:Apr 25 00:21:13 smithi031 ceph-mon[29167]: from='mgr.14150 172.21.15.31:0/2039828930' entity='mgr.x' cmd=[{"prefix": "config dump", "format": "json"}]: dispatch
2024-04-25T00:21:13.523 INFO:journalctl@ceph.mon.a.smithi031.stdout:Apr 25 00:21:13 smithi031 ceph-mon[29167]: from='mgr.14150 172.21.15.31:0/2039828930' entity='mgr.x' cmd=[{"prefix":"config rm","who":"mgr","name":"mgr/rbd_support/x/mirror_snapshot_schedule"}]: dispatch
2024-04-25T00:21:14.450 INFO:journalctl@ceph.mon.a.smithi031.stdout:Apr 25 00:21:14 smithi031 ceph-mon[29167]: from='mgr.14150 172.21.15.31:0/2039828930' entity='mgr.x' cmd=[{"prefix":"config rm","who":"mgr","name":"mgr/rbd_support/x/trash_purge_schedule"}]: dispatch
2024-04-25T00:21:14.450 INFO:journalctl@ceph.mon.a.smithi031.stdout:Apr 25 00:21:14 smithi031 ceph-mon[29167]: [25/Apr/2024:00:21:14] ENGINE Bus STARTING
2024-04-25T00:21:14.450 INFO:journalctl@ceph.mon.a.smithi031.stdout:Apr 25 00:21:14 smithi031 ceph-mon[29167]: mgrmap e11: x(active, since 1.00581s)
2024-04-25T00:21:15.191 INFO:teuthology.orchestra.run.smithi031.stdout:/usr/bin/ceph: stdout {
2024-04-25T00:21:15.191 INFO:teuthology.orchestra.run.smithi031.stdout:/usr/bin/ceph: stdout "mgrmap_epoch": 11,
2024-04-25T00:21:15.191 INFO:teuthology.orchestra.run.smithi031.stdout:/usr/bin/ceph: stdout "initialized": true
2024-04-25T00:21:15.191 INFO:teuthology.orchestra.run.smithi031.stdout:/usr/bin/ceph: stdout }
2024-04-25T00:21:15.191 INFO:teuthology.orchestra.run.smithi031.stdout:/usr/bin/ceph: stderr
2024-04-25T00:21:08.426+0000 7f4bba9c0700 1 Processor -- start
2024-04-25T00:21:15.191 INFO:teuthology.orchestra.run.smithi031.stdout:/usr/bin/ceph: stderr
2024-04-25T00:21:08.426+0000 7f4bba9c0700 1 -- start start
2024-04-25T00:21:15.191 INFO:teuthology.orchestra.run.smithi031.stdout:/usr/bin/ceph: stderr
2024-04-25T00:21:08.426+0000 7f4bba9c0700 1 --2- >> [v2:172.21.15.31:3300/0,v1:172.21.15.31:6789/0] conn(0x7f4bb4108620 0x7f4bb410aa10 unknown :-1 s=NONE pgs=0 cs=0 l=0 rev1=0 crypto rx=0 tx=0 comp rx=0 tx=0).connect
2024-04-25T00:21:15.191 INFO:teuthology.orchestra.run.smithi031.stdout:/usr/bin/ceph: stderr
2024-04-25T00:21:08.426+0000 7f4bba9c0700 1 -- --> [v2:172.21.15.31:3300/0,v1:172.21.15.31:6789/0] -- mon_getmap magic: 0 -- 0x7f4bb407bdf0 con 0x7f4bb4108620
2024-04-25T00:21:15.192 INFO:teuthology.orchestra.run.smithi031.stdout:/usr/bin/ceph: stderr
2024-04-25T00:21:08.426+0000 7f4bb3fff700 1 --2- >> [v2:172.21.15.31:3300/0,v1:172.21.15.31:6789/0] conn(0x7f4bb4108620 0x7f4bb410aa10 unknown :-1 s=BANNER_CONNECTING pgs=0 cs=0 l=0 rev1=0 crypto rx=0 tx=0 comp rx=0 tx=0)._handle_peer_banner_payload supported=3 required=0
2024-04-25T00:21:15.192 INFO:teuthology.orchestra.run.smithi031.stdout:/usr/bin/ceph: stderr
2024-04-25T00:21:08.426+0000 7f4bb3fff700 1 --2- >> [v2:172.21.15.31:3300/0,v1:172.21.15.31:6789/0] conn(0x7f4bb4108620 0x7f4bb410aa10 unknown :-1 s=HELLO_CONNECTING pgs=0 cs=0 l=0 rev1=1 crypto rx=0 tx=0 comp rx=0 tx=0).handle_hello peer v2:172.21.15.31:3300/0 says I am v2:172.21.15.31:57228/0 (socket says 172.21.15.31:57228)
2024-04-25T00:21:15.192 INFO:teuthology.orchestra.run.smithi031.stdout:/usr/bin/ceph: stderr
2024-04-25T00:21:08.426+0000 7f4bb3fff700 1 -- 172.21.15.31:0/1931841095 learned_addr learned my addr 172.21.15.31:0/1931841095 (peer_addr_for_me v2:172.21.15.31:0/0)
2024-04-25T00:21:15.192 INFO:teuthology.orchestra.run.smithi031.stdout:/usr/bin/ceph: stderr
2024-04-25T00:21:08.426+0000 7f4bb3fff700 1 -- 172.21.15.31:0/1931841095 --> [v2:172.21.15.31:3300/0,v1:172.21.15.31:6789/0] -- mon_subscribe({config=0+,monmap=0+}) -- 0x7f4bb410af50 con 0x7f4bb4108620
2024-04-25T00:21:15.192 INFO:teuthology.orchestra.run.smithi031.stdout:/usr/bin/ceph: stderr
2024-04-25T00:21:08.426+0000 7f4bb3fff700 1 --2- 172.21.15.31:0/1931841095 >> [v2:172.21.15.31:3300/0,v1:172.21.15.31:6789/0] conn(0x7f4bb4108620 0x7f4bb410aa10 secure :-1 s=READY pgs=59 cs=0 l=1 rev1=1 crypto rx=0x7f4ba40098a0 tx=0x7f4ba4009bb0 comp rx=0 tx=0).ready entity=mon.0 client_cookie=b17e3606e45ff9 server_cookie=0 in_seq=0 out_seq=0
2024-04-25T00:21:15.192 INFO:teuthology.orchestra.run.smithi031.stdout:/usr/bin/ceph: stderr
